2025-04-21 02:00:43.087 7 DEBUG oslo_service.service [-] ml2_type_vxlan.vni_ranges = [] log_opt_values /var/lib/kolla/venv/lib/python3.6/site-packages/oslo_config/cfg.py:2611
2025-04-21 02:00:43.087 7 DEBUG oslo_service.service [-] ml2_type_vxlan.vxlan_group = None log_opt_values /var/lib/kolla/venv/lib/python3.6/site-packages/oslo_config/cfg.py:2611
2025-04-21 02:00:43.087 7 DEBUG oslo_service.service [-] database.backend = sqlalchemy log_opt_values /var/lib/kolla/venv/lib/python3.6/site-packages/oslo_config/cfg.py:2611
2025-04-21 02:00:43.087 7 DEBUG oslo_service.service [-] database.connection = **** log_opt_values /var/lib/kolla/venv/lib/python3.6/site-packages/oslo_config/cfg.py:2611
2025-04-21 02:00:43.087 7 DEBUG oslo_service.service [-] database.connection_debug = 0 log_opt_values /var/lib/kolla/venv/lib/python3.6/site-packages/oslo_config/cfg.py:2611
2025-04-21 02:00:43.087 7 DEBUG oslo_service.service [-] database.connection_parameters = log_opt_values /var/lib/kolla/venv/lib/python3.6/site-packages/oslo_config/cfg.py:2611
2025-04-21 02:00:43.087 7 DEBUG oslo_service.service [-] database.connection_recycle_time = 10 log_opt_values /var/lib/kolla/venv/lib/python3.6/site-packages/oslo_config/cfg.py:2611
2025-04-21 02:00:43.088 7 DEBUG oslo_service.service [-] database.connection_trace = False log_opt_values /var/lib/kolla/venv/lib/python3.6/site-packages/oslo_config/cfg.py:2611
2025-04-21 02:00:43.088 7 DEBUG oslo_service.service [-] database.db_inc_retry_interval = True log_opt_values /var/lib/kolla/venv/lib/python3.6/site-packages/oslo_config/cfg.py:2611
2025-04-21 02:00:43.088 7 DEBUG oslo_service.service [-] database.db_max_retries = 20 log_opt_values /var/lib/kolla/venv/lib/python3.6/site-packages/oslo_config/cfg.py:2611
2025-04-21 02:00:43.088 7 DEBUG oslo_service.service [-] database.db_max_retry_interval = 10 log_opt_values /var/lib/kolla/venv/lib/python3.6/site-packages/oslo_config/cfg.py:2611
2025-04-21 02:00:43.088 7 DEBUG oslo_service.service [-] database.db_retry_interval = 1 log_opt_values /var/lib/kolla/venv/lib/python3.6/site-packages/oslo_config/cfg.py:2611
2025-04-21 02:00:43.088 7 DEBUG oslo_service.service [-] database.max_overflow = 50 log_opt_values /var/lib/kolla/venv/lib/python3.6/site-packages/oslo_config/cfg.py:2611
2025-04-21 02:00:43.088 7 DEBUG oslo_service.service [-] database.max_pool_size = 1 log_opt_values /var/lib/kolla/venv/lib/python3.6/site-packages/oslo_config/cfg.py:2611
2025-04-21 02:00:43.088 7 DEBUG oslo_service.service [-] database.max_retries = -1 log_opt_values /var/lib/kolla/venv/lib/python3.6/site-packages/oslo_config/cfg.py:2611
2025-04-21 02:00:43.088 7 DEBUG oslo_service.service [-] database.mysql_enable_ndb = False log_opt_values /var/lib/kolla/venv/lib/python3.6/site-packages/oslo_config/cfg.py:2611
2025-04-21 02:00:43.088 7 DEBUG oslo_service.service [-] database.mysql_sql_mode = TRADITIONAL log_opt_values /var/lib/kolla/venv/lib/python3.6/site-packages/oslo_config/cfg.py:2611
2025-04-21 02:00:43.088 7 DEBUG oslo_service.service [-] database.pool_timeout = None log_opt_values /var/lib/kolla/venv/lib/python3.6/site-packages/oslo_config/cfg.py:2611
2025-04-21 02:00:43.088 7 DEBUG oslo_service.service [-] database.retry_interval = 10 log_opt_values /var/lib/kolla/venv/lib/python3.6/site-packages/oslo_config/cfg.py:2611
2025-04-21 02:00:43.088 7 DEBUG oslo_service.service [-] database.slave_connection = **** log_opt_values /var/lib/kolla/venv/lib/python3.6/site-packages/oslo_config/cfg.py:2611
2025-04-21 02:00:43.088 7 DEBUG oslo_service.service [-] database.sqlite_synchronous = True log_opt_values /var/lib/kolla/venv/lib/python3.6/site-packages/oslo_config/cfg.py:2611
2025-04-21 02:00:43.088 7 DEBUG oslo_service.service [-] database.use_db_reconnect = False log_opt_values /var/lib/kolla/venv/lib/python3.6/site-packages/oslo_config/cfg.py:2611
2025-04-21 02:00:43.088 7 DEBUG oslo_service.service [-] ******************************************************************************** log_opt_values /var/lib/kolla/venv/lib/python3.6/site-packages/oslo_config/cfg.py:2613
2025-04-21 02:00:43.093 25 DEBUG neutron.services.l3_router.l3_router_plugin [-] neutron.services.l3_router.l3_router_plugin.L3RouterPlugin method start_rpc_listeners called with arguments () {} wrapper /var/lib/kolla/venv/lib/python3.6/site-packages/oslo_log/helpers.py:66
2025-04-21 02:00:44.651 22 DEBUG neutron.wsgi [-] (22) accepted ('10.0.0.19', 55212) server /var/lib/kolla/venv/lib/python3.6/site-packages/eventlet/wsgi.py:1004
2025-04-21 02:00:44.659 22 INFO neutron.wsgi [-] 10.0.0.19 "GET / HTTP/1.1" status: 200 len: 227 time: 0.0057163
2025-04-21 02:00:48.795 23 DEBUG neutron.api.rpc.handlers.dhcp_rpc [req-85587ce2-6472-4a8e-8a23-c2ec95e03269 - - - - -] get_active_networks_info from cn-jenkins-deploy-platform-ansible-os-3145-1 get_active_networks_info /var/lib/kolla/venv/lib/python3.6/site-packages/neutron/api/rpc/handlers/dhcp_rpc.py:159
2025-04-21 02:00:48.821 26 DEBUG neutron_lib.callbacks.manager [req-0f8fb775-536d-4bfe-b1c8-fd1dc554decc - - - - -] Publish callbacks ['neutron.services.segments.db._update_segment_host_mapping_for_agent-8784068155507', 'neutron.services.l3_router.l3_router_plugin.DVRResourceOperationHandler.create_fip_agent_gw_ports-7985155'] for agent (82647e28-1eee-4e8c-940e-18b5d989b7bf), after_create _notify_loop /var/lib/kolla/venv/lib/python3.6/site-packages/neutron_lib/callbacks/manager.py:177
2025-04-21 02:00:48.831 23 DEBUG neutron.scheduler.dhcp_agent_scheduler [req-85587ce2-6472-4a8e-8a23-c2ec95e03269 - - - - -] No non-hosted networks auto_schedule_networks /var/lib/kolla/venv/lib/python3.6/site-packages/neutron/scheduler/dhcp_agent_scheduler.py:60
2025-04-21 02:01:09.364 28 DEBUG neutron_lib.callbacks.manager [req-b52a7843-854c-4799-a842-5347cf381600 - - - - -] Publish callbacks ['neutron.services.segments.db._update_segment_host_mapping_for_agent-8784068155507', 'neutron.services.l3_router.l3_router_plugin.DVRResourceOperationHandler.create_fip_agent_gw_ports-7985155'] for agent (2647ddaf-7027-4469-ad8d-19eccf89846f), after_create _notify_loop /var/lib/kolla/venv/lib/python3.6/site-packages/neutron_lib/callbacks/manager.py:177
2025-04-21 02:01:14.704 22 DEBUG neutron.wsgi [-] (22) accepted ('10.0.0.19', 57826) server /var/lib/kolla/venv/lib/python3.6/site-packages/eventlet/wsgi.py:1004
2025-04-21 02:01:14.707 22 INFO neutron.wsgi [-] 10.0.0.19 "GET / HTTP/1.1" status: 200 len: 227 time: 0.0029075
2025-04-21 02:01:18.802 27 DEBUG neutron_lib.callbacks.manager [req-5afea65f-4c5a-4dc7-8d3d-25ebcfb4be68 - - - - -] Publish callbacks ['neutron.services.segments.db._update_segment_host_mapping_for_agent-8784068155507', 'neutron.plugins.ml2.plugin.Ml2Plugin._retry_binding_revived_agents-845781'] for agent (82647e28-1eee-4e8c-940e-18b5d989b7bf), after_update _notify_loop /var/lib/kolla/venv/lib/python3.6/site-packages/neutron_lib/callbacks/manager.py:177
2025-04-21 02:01:24.060 29 DEBUG neutron.db.agents_db [req-9407a604-9038-4e00-93c6-d0e07d3f0847 - - - - -] Agent healthcheck: found 2 active agents agent_health_check /var/lib/kolla/venv/lib/python3.6/site-packages/neutron/db/agents_db.py:318
2025-04-21 02:01:39.333 23 DEBUG neutron_lib.callbacks.manager [req-b52a7843-854c-4799-a842-5347cf381600 - - - - -] Publish callbacks ['neutron.services.segments.db._update_segment_host_mapping_for_agent-8784068155507', 'neutron.plugins.ml2.plugin.Ml2Plugin._retry_binding_revived_agents-845781'] for agent (2647ddaf-7027-4469-ad8d-19eccf89846f), after_update _notify_loop /var/lib/kolla/venv/lib/python3.6/site-packages/neutron_lib/callbacks/manager.py:177
2025-04-21 02:01:44.752 22 DEBUG neutron.wsgi [-] (22) accepted ('10.0.0.19', 45000) server /var/lib/kolla/venv/lib/python3.6/site-packages/eventlet/wsgi.py:1004
2025-04-21 02:01:44.756 22 INFO neutron.wsgi [-] 10.0.0.19 "GET / HTTP/1.1" status: 200 len: 227 time: 0.0026445
2025-04-21 02:01:48.805 24 DEBUG neutron_lib.callbacks.manager [req-095ca0af-5f7e-4a7e-80ea-b3aa2f0283da - - - - -] Publish callbacks ['neutron.services.segments.db._update_segment_host_mapping_for_agent-8784068155507', 'neutron.plugins.ml2.plugin.Ml2Plugin._retry_binding_revived_agents-845781'] for agent (82647e28-1eee-4e8c-940e-18b5d989b7bf), after_update _notify_loop /var/lib/kolla/venv/lib/python3.6/site-packages/neutron_lib/callbacks/manager.py:177
2025-04-21 02:02:01.049 29 DEBUG neutron.db.agents_db [req-9407a604-9038-4e00-93c6-d0e07d3f0847 - - - - -] Agent healthcheck: found 2 active agents agent_health_check /var/lib/kolla/venv/lib/python3.6/site-packages/neutron/db/agents_db.py:318
2025-04-21 02:02:09.349 25 DEBUG neutron_lib.callbacks.manager [req-b52a7843-854c-4799-a842-5347cf381600 - - - - -] Publish callbacks ['neutron.services.segments.db._update_segment_host_mapping_for_agent-8784068155507', 'neutron.plugins.ml2.plugin.Ml2Plugin._retry_binding_revived_agents-845781'] for agent (2647ddaf-7027-4469-ad8d-19eccf89846f), after_update _notify_loop /var/lib/kolla/venv/lib/python3.6/site-packages/neutron_lib/callbacks/manager.py:177
2025-04-21 02:02:14.800 22 DEBUG neutron.wsgi [-] (22) accepted ('10.0.0.19', 59776) server /var/lib/kolla/venv/lib/python3.6/site-packages/eventlet/wsgi.py:1004
2025-04-21 02:02:14.804 22 INFO neutron.wsgi [-] 10.0.0.19 "GET / HTTP/1.1" status: 200 len: 227 time: 0.0026908
2025-04-21 02:02:18.798 26 DEBUG neutron_lib.callbacks.manager [req-99943901-f6d7-4515-aa19-fe27348027d7 - - - - -] Publish callbacks ['neutron.services.segments.db._update_segment_host_mapping_for_agent-8784068155507', 'neutron.plugins.ml2.plugin.Ml2Plugin._retry_binding_revived_agents-845781'] for agent (82647e28-1eee-4e8c-940e-18b5d989b7bf), after_update _notify_loop /var/lib/kolla/venv/lib/python3.6/site-packages/neutron_lib/callbacks/manager.py:177
2025-04-21 02:02:38.049 29 DEBUG neutron.db.agents_db [req-9407a604-9038-4e00-93c6-d0e07d3f0847 - - - - -] Agent healthcheck: found 2 active agents agent_health_check /var/lib/kolla/venv/lib/python3.6/site-packages/neutron/db/agents_db.py:318
2025-04-21 02:02:39.337 28 DEBUG neutron_lib.callbacks.manager [req-b52a7843-854c-4799-a842-5347cf381600 - - - - -] Publish callbacks ['neutron.services.segments.db._update_segment_host_mapping_for_agent-8784068155507', 'neutron.plugins.ml2.plugin.Ml2Plugin._retry_binding_revived_agents-845781'] for agent (2647ddaf-7027-4469-ad8d-19eccf89846f), after_update _notify_loop /var/lib/kolla/venv/lib/python3.6/site-packages/neutron_lib/callbacks/manager.py:177
2025-04-21 02:02:44.851 22 DEBUG neutron.wsgi [-] (22) accepted ('10.0.0.19', 41528) server /var/lib/kolla/venv/lib/python3.6/site-packages/eventlet/wsgi.py:1004
2025-04-21 02:02:44.855 22 INFO neutron.wsgi [-] 10.0.0.19 "GET / HTTP/1.1" status: 200 len: 227 time: 0.0032101
2025-04-21 02:02:48.785 27 DEBUG neutron_lib.callbacks.manager [req-24206705-b093-4d69-85db-e03b8618cf5f - - - - -] Publish callbacks ['neutron.services.segments.db._update_segment_host_mapping_for_agent-8784068155507', 'neutron.plugins.ml2.plugin.Ml2Plugin._retry_binding_revived_agents-845781'] for agent (82647e28-1eee-4e8c-940e-18b5d989b7bf), after_update _notify_loop /var/lib/kolla/venv/lib/python3.6/site-packages/neutron_lib/callbacks/manager.py:177
2025-04-21 02:03:09.339 23 DEBUG neutron_lib.callbacks.manager [req-b52a7843-854c-4799-a842-5347cf381600 - - - - -] Publish callbacks ['neutron.services.segments.db._update_segment_host_mapping_for_agent-8784068155507', 'neutron.plugins.ml2.plugin.Ml2Plugin._retry_binding_revived_agents-845781'] for agent (2647ddaf-7027-4469-ad8d-19eccf89846f), after_update _notify_loop /var/lib/kolla/venv/lib/python3.6/site-packages/neutron_lib/callbacks/manager.py:177
2025-04-21 02:03:14.903 22 DEBUG neutron.wsgi [-] (22) accepted ('10.0.0.19', 37636) server /var/lib/kolla/venv/lib/python3.6/site-packages/eventlet/wsgi.py:1004
2025-04-21 02:03:14.909 22 INFO neutron.wsgi [-] 10.0.0.19 "GET / HTTP/1.1" status: 200 len: 227 time: 0.0042615
2025-04-21 02:03:15.046 29 DEBUG neutron.db.agents_db [req-9407a604-9038-4e00-93c6-d0e07d3f0847 - - - - -] Agent healthcheck: found 2 active agents agent_health_check /var/lib/kolla/venv/lib/python3.6/site-packages/neutron/db/agents_db.py:318
2025-04-21 02:03:18.783 24 DEBUG neutron_lib.callbacks.manager [req-fbb0766b-a907-4dcd-b918-a4b0f632b955 - - - - -] Publish callbacks ['neutron.services.segments.db._update_segment_host_mapping_for_agent-8784068155507', 'neutron.plugins.ml2.plugin.Ml2Plugin._retry_binding_revived_agents-845781'] for agent (82647e28-1eee-4e8c-940e-18b5d989b7bf), after_update _notify_loop /var/lib/kolla/venv/lib/python3.6/site-packages/neutron_lib/callbacks/manager.py:177
2025-04-21 02:03:39.340 25 DEBUG neutron_lib.callbacks.manager [req-b52a7843-854c-4799-a842-5347cf381600 - - - - -] Publish callbacks ['neutron.services.segments.db._update_segment_host_mapping_for_agent-8784068155507', 'neutron.plugins.ml2.plugin.Ml2Plugin._retry_binding_revived_agents-845781'] for agent (2647ddaf-7027-4469-ad8d-19eccf89846f), after_update _notify_loop /var/lib/kolla/venv/lib/python3.6/site-packages/neutron_lib/callbacks/manager.py:177
2025-04-21 02:03:44.959 22 DEBUG neutron.wsgi [-] (22) accepted ('10.0.0.19', 36860) server /var/lib/kolla/venv/lib/python3.6/site-packages/eventlet/wsgi.py:1004
2025-04-21 02:03:44.962 22 INFO neutron.wsgi [-] 10.0.0.19 "GET / HTTP/1.1" status: 200 len: 227 time: 0.0028498
2025-04-21 02:03:48.781 26 DEBUG neutron_lib.callbacks.manager [req-00ac9c75-699b-4b41-ba24-fc9322c3462c - - - - -] Publish callbacks ['neutron.services.segments.db._update_segment_host_mapping_for_agent-8784068155507', 'neutron.plugins.ml2.plugin.Ml2Plugin._retry_binding_revived_agents-845781'] for agent (82647e28-1eee-4e8c-940e-18b5d989b7bf), after_update _notify_loop /var/lib/kolla/venv/lib/python3.6/site-packages/neutron_lib/callbacks/manager.py:177
2025-04-21 02:03:52.046 29 DEBUG neutron.db.agents_db [req-9407a604-9038-4e00-93c6-d0e07d3f0847 - - - - -] Agent healthcheck: found 2 active agents agent_health_check /var/lib/kolla/venv/lib/python3.6/site-packages/neutron/db/agents_db.py:318
2025-04-21 02:04:09.343 28 DEBUG neutron_lib.callbacks.manager [req-b52a7843-854c-4799-a842-5347cf381600 - - - - -] Publish callbacks ['neutron.services.segments.db._update_segment_host_mapping_for_agent-8784068155507', 'neutron.plugins.ml2.plugin.Ml2Plugin._retry_binding_revived_agents-845781'] for agent (2647ddaf-7027-4469-ad8d-19eccf89846f), after_update _notify_loop /var/lib/kolla/venv/lib/python3.6/site-packages/neutron_lib/callbacks/manager.py:177
2025-04-21 02:04:15.010 22 DEBUG neutron.wsgi [-] (22) accepted ('10.0.0.19', 46954) server /var/lib/kolla/venv/lib/python3.6/site-packages/eventlet/wsgi.py:1004
2025-04-21 02:04:15.015 22 INFO neutron.wsgi [-] 10.0.0.19 "GET / HTTP/1.1" status: 200 len: 227 time: 0.0038698
2025-04-21 02:04:18.781 27 DEBUG neutron_lib.callbacks.manager [req-ed514b46-d6c8-449f-9f5d-0ed894b854af - - - - -] Publish callbacks ['neutron.services.segments.db._update_segment_host_mapping_for_agent-8784068155507', 'neutron.plugins.ml2.plugin.Ml2Plugin._retry_binding_revived_agents-845781'] for agent (82647e28-1eee-4e8c-940e-18b5d989b7bf), after_update _notify_loop /var/lib/kolla/venv/lib/python3.6/site-packages/neutron_lib/callbacks/manager.py:177
2025-04-21 02:04:29.044 29 DEBUG neutron.db.agents_db [req-9407a604-9038-4e00-93c6-d0e07d3f0847 - - - - -] Agent healthcheck: found 2 active agents agent_health_check /var/lib/kolla/venv/lib/python3.6/site-packages/neutron/db/agents_db.py:318
2025-04-21 02:04:39.345 23 DEBUG neutron_lib.callbacks.manager [req-b52a7843-854c-4799-a842-5347cf381600 - - - - -] Publish callbacks ['neutron.services.segments.db._update_segment_host_mapping_for_agent-8784068155507', 'neutron.plugins.ml2.plugin.Ml2Plugin._retry_binding_revived_agents-845781'] for agent (2647ddaf-7027-4469-ad8d-19eccf89846f), after_update _notify_loop /var/lib/kolla/venv/lib/python3.6/site-packages/neutron_lib/callbacks/manager.py:177
2025-04-21 02:04:45.060 22 DEBUG neutron.wsgi [-] (22) accepted ('10.0.0.19', 58496) server /var/lib/kolla/venv/lib/python3.6/site-packages/eventlet/wsgi.py:1004
2025-04-21 02:04:45.064 22 INFO neutron.wsgi [-] 10.0.0.19 "GET / HTTP/1.1" status: 200 len: 227 time: 0.0030475
2025-04-21 02:04:48.780 24 DEBUG neutron_lib.callbacks.manager [req-dd1be6e1-9293-4495-9aa4-96917c5fe179 - - - - -] Publish callbacks ['neutron.services.segments.db._update_segment_host_mapping_for_agent-8784068155507', 'neutron.plugins.ml2.plugin.Ml2Plugin._retry_binding_revived_agents-845781'] for agent (82647e28-1eee-4e8c-940e-18b5d989b7bf), after_update _notify_loop /var/lib/kolla/venv/lib/python3.6/site-packages/neutron_lib/callbacks/manager.py:177
2025-04-21 02:05:06.040 29 DEBUG neutron.db.agents_db [req-9407a604-9038-4e00-93c6-d0e07d3f0847 - - - - -] Agent healthcheck: found 2 active agents agent_health_check /var/lib/kolla/venv/lib/python3.6/site-packages/neutron/db/agents_db.py:318
2025-04-21 02:05:09.350 25 DEBUG neutron_lib.callbacks.manager [req-b52a7843-854c-4799-a842-5347cf381600 - - - - -] Publish callbacks ['neutron.services.segments.db._update_segment_host_mapping_for_agent-8784068155507', 'neutron.plugins.ml2.plugin.Ml2Plugin._retry_binding_revived_agents-845781'] for agent (2647ddaf-7027-4469-ad8d-19eccf89846f), after_update _notify_loop /var/lib/kolla/venv/lib/python3.6/site-packages/neutron_lib/callbacks/manager.py:177
2025-04-21 02:05:15.110 22 DEBUG neutron.wsgi [-] (22) accepted ('10.0.0.19', 47168) server /var/lib/kolla/venv/lib/python3.6/site-packages/eventlet/wsgi.py:1004
2025-04-21 02:05:15.116 22 INFO neutron.wsgi [-] 10.0.0.19 "GET / HTTP/1.1" status: 200 len: 227 time: 0.0049841
2025-04-21 02:05:18.827 26 DEBUG neutron_lib.callbacks.manager [req-2614ba82-af04-4cc9-a3d1-51665c9d5f03 - - - - -] Publish callbacks ['neutron.services.segments.db._update_segment_host_mapping_for_agent-8784068155507', 'neutron.plugins.ml2.plugin.Ml2Plugin._retry_binding_revived_agents-845781'] for agent (82647e28-1eee-4e8c-940e-18b5d989b7bf), after_update _notify_loop /var/lib/kolla/venv/lib/python3.6/site-packages/neutron_lib/callbacks/manager.py:177
2025-04-21 02:05:39.351 28 DEBUG neutron_lib.callbacks.manager [req-b52a7843-854c-4799-a842-5347cf381600 - - - - -] Publish callbacks ['neutron.services.segments.db._update_segment_host_mapping_for_agent-8784068155507', 'neutron.plugins.ml2.plugin.Ml2Plugin._retry_binding_revived_agents-845781'] for agent (2647ddaf-7027-4469-ad8d-19eccf89846f), after_update _notify_loop /var/lib/kolla/venv/lib/python3.6/site-packages/neutron_lib/callbacks/manager.py:177
2025-04-21 02:05:43.040 29 DEBUG neutron.db.agents_db [req-9407a604-9038-4e00-93c6-d0e07d3f0847 - - - - -] Agent healthcheck: found 2 active agents agent_health_check /var/lib/kolla/venv/lib/python3.6/site-packages/neutron/db/agents_db.py:318
2025-04-21 02:05:45.160 22 DEBUG neutron.wsgi [-] (22) accepted ('10.0.0.19', 38908) server /var/lib/kolla/venv/lib/python3.6/site-packages/eventlet/wsgi.py:1004
2025-04-21 02:05:45.164 22 INFO neutron.wsgi [-] 10.0.0.19 "GET / HTTP/1.1" status: 200 len: 227 time: 0.0032091
2025-04-21 02:05:48.775 27 DEBUG neutron_lib.callbacks.manager [req-76acbc83-3626-4c16-9194-a5202afbc3be - - - - -] Publish callbacks ['neutron.services.segments.db._update_segment_host_mapping_for_agent-8784068155507', 'neutron.plugins.ml2.plugin.Ml2Plugin._retry_binding_revived_agents-845781'] for agent (82647e28-1eee-4e8c-940e-18b5d989b7bf), after_update _notify_loop /var/lib/kolla/venv/lib/python3.6/site-packages/neutron_lib/callbacks/manager.py:177
2025-04-21 02:06:09.353 23 DEBUG neutron_lib.callbacks.manager [req-b52a7843-854c-4799-a842-5347cf381600 - - - - -] Publish callbacks ['neutron.services.segments.db._update_segment_host_mapping_for_agent-8784068155507', 'neutron.plugins.ml2.plugin.Ml2Plugin._retry_binding_revived_agents-845781'] for agent (2647ddaf-7027-4469-ad8d-19eccf89846f), after_update _notify_loop /var/lib/kolla/venv/lib/python3.6/site-packages/neutron_lib/callbacks/manager.py:177
2025-04-21 02:06:15.212 22 DEBUG neutron.wsgi [-] (22) accepted ('10.0.0.19', 53046) server /var/lib/kolla/venv/lib/python3.6/site-packages/eventlet/wsgi.py:1004
2025-04-21 02:06:15.216 22 INFO neutron.wsgi [-] 10.0.0.19 "GET / HTTP/1.1" status: 200 len: 227 time: 0.0026760
2025-04-21 02:06:18.773 24 DEBUG neutron_lib.callbacks.manager [req-a4f3b73f-bfcb-4fbb-af30-1254aae85a12 - - - - -] Publish callbacks ['neutron.services.segments.db._update_segment_host_mapping_for_agent-8784068155507', 'neutron.plugins.ml2.plugin.Ml2Plugin._retry_binding_revived_agents-845781'] for agent (82647e28-1eee-4e8c-940e-18b5d989b7bf), after_update _notify_loop /var/lib/kolla/venv/lib/python3.6/site-packages/neutron_lib/callbacks/manager.py:177
2025-04-21 02:06:20.038 29 DEBUG neutron.db.agents_db [req-9407a604-9038-4e00-93c6-d0e07d3f0847 - - - - -] Agent healthcheck: found 2 active agents agent_health_check /var/lib/kolla/venv/lib/python3.6/site-packages/neutron/db/agents_db.py:318
2025-04-21 02:06:39.355 25 DEBUG neutron_lib.callbacks.manager [req-b52a7843-854c-4799-a842-5347cf381600 - - - - -] Publish callbacks ['neutron.services.segments.db._update_segment_host_mapping_for_agent-8784068155507', 'neutron.plugins.ml2.plugin.Ml2Plugin._retry_binding_revived_agents-845781'] for agent (2647ddaf-7027-4469-ad8d-19eccf89846f), after_update _notify_loop /var/lib/kolla/venv/lib/python3.6/site-packages/neutron_lib/callbacks/manager.py:177
2025-04-21 02:06:45.266 22 DEBUG neutron.wsgi [-] (22) accepted ('10.0.0.19', 38464) server /var/lib/kolla/venv/lib/python3.6/site-packages/eventlet/wsgi.py:1004
2025-04-21 02:06:45.270 22 INFO neutron.wsgi [-] 10.0.0.19 "GET / HTTP/1.1" status: 200 len: 227 time: 0.0025690
2025-04-21 02:06:48.770 26 DEBUG neutron_lib.callbacks.manager [req-8b63a896-63ad-4564-8049-4dfea65d5542 - - - - -] Publish callbacks ['neutron.services.segments.db._update_segment_host_mapping_for_agent-8784068155507', 'neutron.plugins.ml2.plugin.Ml2Plugin._retry_binding_revived_agents-845781'] for agent (82647e28-1eee-4e8c-940e-18b5d989b7bf), after_update _notify_loop /var/lib/kolla/venv/lib/python3.6/site-packages/neutron_lib/callbacks/manager.py:177
2025-04-21 02:06:57.039 29 DEBUG neutron.db.agents_db [req-9407a604-9038-4e00-93c6-d0e07d3f0847 - - - - -] Agent healthcheck: found 2 active agents agent_health_check /var/lib/kolla/venv/lib/python3.6/site-packages/neutron/db/agents_db.py:318
2025-04-21 02:07:09.361 28 DEBUG neutron_lib.callbacks.manager [req-b52a7843-854c-4799-a842-5347cf381600 - - - - -] Publish callbacks ['neutron.services.segments.db._update_segment_host_mapping_for_agent-8784068155507', 'neutron.plugins.ml2.plugin.Ml2Plugin._retry_binding_revived_agents-845781'] for agent (2647ddaf-7027-4469-ad8d-19eccf89846f), after_update _notify_loop /var/lib/kolla/venv/lib/python3.6/site-packages/neutron_lib/callbacks/manager.py:177
2025-04-21 02:07:15.320 22 DEBUG neutron.wsgi [-] (22) accepted ('10.0.0.19', 54534) server /var/lib/kolla/venv/lib/python3.6/site-packages/eventlet/wsgi.py:1004
2025-04-21 02:07:15.324 22 INFO neutron.wsgi [-] 10.0.0.19 "GET / HTTP/1.1" status: 200 len: 227 time: 0.0026958
2025-04-21 02:07:18.781 27 DEBUG neutron_lib.callbacks.manager [req-a1730830-4f07-4e49-a665-a42d1442f3dd - - - - -] Publish callbacks ['neutron.services.segments.db._update_segment_host_mapping_for_agent-8784068155507', 'neutron.plugins.ml2.plugin.Ml2Plugin._retry_binding_revived_agents-845781'] for agent (82647e28-1eee-4e8c-940e-18b5d989b7bf), after_update _notify_loop /var/lib/kolla/venv/lib/python3.6/site-packages/neutron_lib/callbacks/manager.py:177
2025-04-21 02:07:34.038 29 DEBUG neutron.db.agents_db [req-9407a604-9038-4e00-93c6-d0e07d3f0847 - - - - -] Agent healthcheck: found 2 active agents agent_health_check /var/lib/kolla/venv/lib/python3.6/site-packages/neutron/db/agents_db.py:318
2025-04-21 02:07:39.354 23 DEBUG neutron_lib.callbacks.manager [req-b52a7843-854c-4799-a842-5347cf381600 - - - - -] Publish callbacks ['neutron.services.segments.db._update_segment_host_mapping_for_agent-8784068155507', 'neutron.plugins.ml2.plugin.Ml2Plugin._retry_binding_revived_agents-845781'] for agent (2647ddaf-7027-4469-ad8d-19eccf89846f), after_update _notify_loop /var/lib/kolla/venv/lib/python3.6/site-packages/neutron_lib/callbacks/manager.py:177
2025-04-21 02:07:45.372 22 DEBUG neutron.wsgi [-] (22) accepted ('10.0.0.19', 39304) server /var/lib/kolla/venv/lib/python3.6/site-packages/eventlet/wsgi.py:1004
2025-04-21 02:07:45.377 22 INFO neutron.wsgi [-] 10.0.0.19 "GET / HTTP/1.1" status: 200 len: 227 time: 0.0046895
2025-04-21 02:07:48.771 24 DEBUG neutron_lib.callbacks.manager [req-d414f5b5-44e6-4174-a1ef-d1dd45000129 - - - - -] Publish callbacks ['neutron.services.segments.db._update_segment_host_mapping_for_agent-8784068155507', 'neutron.plugins.ml2.plugin.Ml2Plugin._retry_binding_revived_agents-845781'] for agent (82647e28-1eee-4e8c-940e-18b5d989b7bf), after_update _notify_loop /var/lib/kolla/venv/lib/python3.6/site-packages/neutron_lib/callbacks/manager.py:177
2025-04-21 02:08:09.360 25 DEBUG neutron_lib.callbacks.manager [req-b52a7843-854c-4799-a842-5347cf381600 - - - - -] Publish callbacks ['neutron.services.segments.db._update_segment_host_mapping_for_agent-8784068155507', 'neutron.plugins.ml2.plugin.Ml2Plugin._retry_binding_revived_agents-845781'] for agent (2647ddaf-7027-4469-ad8d-19eccf89846f), after_update _notify_loop /var/lib/kolla/venv/lib/python3.6/site-packages/neutron_lib/callbacks/manager.py:177
2025-04-21 02:08:11.036 29 DEBUG neutron.db.agents_db [req-9407a604-9038-4e00-93c6-d0e07d3f0847 - - - - -] Agent healthcheck: found 2 active agents agent_health_check /var/lib/kolla/venv/lib/python3.6/site-packages/neutron/db/agents_db.py:318
2025-04-21 02:08:15.429 22 DEBUG neutron.wsgi [-] (22) accepted ('10.0.0.19', 60766) server /var/lib/kolla/venv/lib/python3.6/site-packages/eventlet/wsgi.py:1004
2025-04-21 02:08:15.433 22 INFO neutron.wsgi [-] 10.0.0.19 "GET / HTTP/1.1" status: 200 len: 227 time: 0.0026410
2025-04-21 02:08:18.769 26 DEBUG neutron_lib.callbacks.manager [req-378cd5f2-7703-4006-98f7-7717aff56a1d - - - - -] Publish callbacks ['neutron.services.segments.db._update_segment_host_mapping_for_agent-8784068155507', 'neutron.plugins.ml2.plugin.Ml2Plugin._retry_binding_revived_agents-845781'] for agent (82647e28-1eee-4e8c-940e-18b5d989b7bf), after_update _notify_loop /var/lib/kolla/venv/lib/python3.6/site-packages/neutron_lib/callbacks/manager.py:177
2025-04-21 02:08:39.365 28 DEBUG neutron_lib.callbacks.manager [req-b52a7843-854c-4799-a842-5347cf381600 - - - - -] Publish callbacks ['neutron.services.segments.db._update_segment_host_mapping_for_agent-8784068155507', 'neutron.plugins.ml2.plugin.Ml2Plugin._retry_binding_revived_agents-845781'] for agent (2647ddaf-7027-4469-ad8d-19eccf89846f), after_update _notify_loop /var/lib/kolla/venv/lib/python3.6/site-packages/neutron_lib/callbacks/manager.py:177
2025-04-21 02:08:45.495 22 DEBUG neutron.wsgi [-] (22) accepted ('10.0.0.19', 57878) server /var/lib/kolla/venv/lib/python3.6/site-packages/eventlet/wsgi.py:1004
2025-04-21 02:08:45.499 22 INFO neutron.wsgi [-] 10.0.0.19 "GET / HTTP/1.1" status: 200 len: 227 time: 0.0034668
2025-04-21 02:08:48.035 29 DEBUG neutron.db.agents_db [req-9407a604-9038-4e00-93c6-d0e07d3f0847 - - - - -] Agent healthcheck: found 2 active agents agent_health_check /var/lib/kolla/venv/lib/python3.6/site-packages/neutron/db/agents_db.py:318
2025-04-21 02:08:48.768 27 DEBUG neutron_lib.callbacks.manager [req-c9fcb090-5880-4e31-a9d4-b1e23bfd83ff - - - - -] Publish callbacks ['neutron.services.segments.db._update_segment_host_mapping_for_agent-8784068155507', 'neutron.plugins.ml2.plugin.Ml2Plugin._retry_binding_revived_agents-845781'] for agent (82647e28-1eee-4e8c-940e-18b5d989b7bf), after_update _notify_loop /var/lib/kolla/venv/lib/python3.6/site-packages/neutron_lib/callbacks/manager.py:177
2025-04-21 02:09:09.362 23 DEBUG neutron_lib.callbacks.manager [req-b52a7843-854c-4799-a842-5347cf381600 - - - - -] Publish callbacks ['neutron.services.segments.db._update_segment_host_mapping_for_agent-8784068155507', 'neutron.plugins.ml2.plugin.Ml2Plugin._retry_binding_revived_agents-845781'] for agent (2647ddaf-7027-4469-ad8d-19eccf89846f), after_update _notify_loop /var/lib/kolla/venv/lib/python3.6/site-packages/neutron_lib/callbacks/manager.py:177
2025-04-21 02:09:15.543 22 DEBUG neutron.wsgi [-] (22) accepted ('10.0.0.19', 46574) server /var/lib/kolla/venv/lib/python3.6/site-packages/eventlet/wsgi.py:1004
2025-04-21 02:09:15.548 22 INFO neutron.wsgi [-] 10.0.0.19 "GET / HTTP/1.1" status: 200 len: 227 time: 0.0025063
2025-04-21 02:09:18.770 24 DEBUG neutron_lib.callbacks.manager [req-0a4ac7af-e7d1-460c-99de-97b764d1bfa4 - - - - -] Publish callbacks ['neutron.services.segments.db._update_segment_host_mapping_for_agent-8784068155507', 'neutron.plugins.ml2.plugin.Ml2Plugin._retry_binding_revived_agents-845781'] for agent (82647e28-1eee-4e8c-940e-18b5d989b7bf), after_update _notify_loop /var/lib/kolla/venv/lib/python3.6/site-packages/neutron_lib/callbacks/manager.py:177
2025-04-21 02:09:25.033 29 DEBUG neutron.db.agents_db [req-9407a604-9038-4e00-93c6-d0e07d3f0847 - - - - -] Agent healthcheck: found 2 active agents agent_health_check /var/lib/kolla/venv/lib/python3.6/site-packages/neutron/db/agents_db.py:318
2025-04-21 02:09:39.367 25 DEBUG neutron_lib.callbacks.manager [req-b52a7843-854c-4799-a842-5347cf381600 - - - - -] Publish callbacks ['neutron.services.segments.db._update_segment_host_mapping_for_agent-8784068155507', 'neutron.plugins.ml2.plugin.Ml2Plugin._retry_binding_revived_agents-845781'] for agent (2647ddaf-7027-4469-ad8d-19eccf89846f), after_update _notify_loop /var/lib/kolla/venv/lib/python3.6/site-packages/neutron_lib/callbacks/manager.py:177
2025-04-21 02:09:45.597 22 DEBUG neutron.wsgi [-] (22) accepted ('10.0.0.19', 44088) server /var/lib/kolla/venv/lib/python3.6/site-packages/eventlet/wsgi.py:1004
2025-04-21 02:09:45.601 22 INFO neutron.wsgi [-] 10.0.0.19 "GET / HTTP/1.1" status: 200 len: 227 time: 0.0034437
2025-04-21 02:09:48.767 26 DEBUG neutron_lib.callbacks.manager [req-5751c35e-5d95-44f8-8736-ae69c5952215 - - - - -] Publish callbacks ['neutron.services.segments.db._update_segment_host_mapping_for_agent-8784068155507', 'neutron.plugins.ml2.plugin.Ml2Plugin._retry_binding_revived_agents-845781'] for agent (82647e28-1eee-4e8c-940e-18b5d989b7bf), after_update _notify_loop /var/lib/kolla/venv/lib/python3.6/site-packages/neutron_lib/callbacks/manager.py:177
2025-04-21 02:10:02.032 29 DEBUG neutron.db.agents_db [req-9407a604-9038-4e00-93c6-d0e07d3f0847 - - - - -] Agent healthcheck: found 2 active agents agent_health_check /var/lib/kolla/venv/lib/python3.6/site-packages/neutron/db/agents_db.py:318
2025-04-21 02:10:09.370 28 DEBUG neutron_lib.callbacks.manager [req-b52a7843-854c-4799-a842-5347cf381600 - - - - -] Publish callbacks ['neutron.services.segments.db._update_segment_host_mapping_for_agent-8784068155507', 'neutron.plugins.ml2.plugin.Ml2Plugin._retry_binding_revived_agents-845781'] for agent (2647ddaf-7027-4469-ad8d-19eccf89846f), after_update _notify_loop /var/lib/kolla/venv/lib/python3.6/site-packages/neutron_lib/callbacks/manager.py:177
2025-04-21 02:10:15.659 22 DEBUG neutron.wsgi [-] (22) accepted ('10.0.0.19', 57612) server /var/lib/kolla/venv/lib/python3.6/site-packages/eventlet/wsgi.py:1004
2025-04-21 02:10:15.663 22 INFO neutron.wsgi [-] 10.0.0.19 "GET / HTTP/1.1" status: 200 len: 227 time: 0.0030267
2025-04-21 02:10:18.767 27 DEBUG neutron_lib.callbacks.manager [req-3525de23-a89e-4a07-a304-ce9956a4770b - - - - -] Publish callbacks ['neutron.services.segments.db._update_segment_host_mapping_for_agent-8784068155507', 'neutron.plugins.ml2.plugin.Ml2Plugin._retry_binding_revived_agents-845781'] for agent (82647e28-1eee-4e8c-940e-18b5d989b7bf), after_update _notify_loop /var/lib/kolla/venv/lib/python3.6/site-packages/neutron_lib/callbacks/manager.py:177
2025-04-21 02:10:20.368 7 INFO oslo_service.service [-] Caught SIGTERM, stopping children
2025-04-21 02:10:20.369 7 DEBUG oslo_concurrency.lockutils [-] Acquired lock "singleton_lock" lock /var/lib/kolla/venv/lib/python3.6/site-packages/oslo_concurrency/lockutils.py:294
2025-04-21 02:10:20.369 7 DEBUG oslo_concurrency.lockutils [-] Releasing lock "singleton_lock" lock /var/lib/kolla/venv/lib/python3.6/site-packages/oslo_concurrency/lockutils.py:312
2025-04-21 02:10:20.369 7 DEBUG oslo_service.service [-] Stop services. stop /var/lib/kolla/venv/lib/python3.6/site-packages/oslo_service/service.py:695
2025-04-21 02:10:20.370 7 DEBUG neutron.service [-] calling RpcWorker stop() stop /var/lib/kolla/venv/lib/python3.6/site-packages/neutron/service.py:138
2025-04-21 02:10:20.370 7 DEBUG neutron.service [-] calling RpcWorker stop() stop /var/lib/kolla/venv/lib/python3.6/site-packages/neutron/service.py:138
2025-04-21 02:10:20.370 7 DEBUG oslo_service.service [-] Killing children. stop /var/lib/kolla/venv/lib/python3.6/site-packages/oslo_service/service.py:700
2025-04-21 02:10:20.370 7 INFO oslo_service.service [-] Waiting on 8 children to exit
2025-04-21 02:10:20.371 24 DEBUG neutron.service [-] calling RpcWorker stop() stop /var/lib/kolla/venv/lib/python3.6/site-packages/neutron/service.py:138
2025-04-21 02:10:20.371 29 DEBUG neutron.service [-] calling RpcWorker stop() stop /var/lib/kolla/venv/lib/python3.6/site-packages/neutron/service.py:138
2025-04-21 02:10:20.371 22 INFO neutron.wsgi [-] (22) wsgi exited, is_accepting=True
2025-04-21 02:10:20.372 22 DEBUG oslo_concurrency.lockutils [req-76ecdc94-fc95-42d0-b516-d828f1f44e73 - - - - -] Acquired lock "singleton_lock" lock /var/lib/kolla/venv/lib/python3.6/site-packages/oslo_concurrency/lockutils.py:294
2025-04-21 02:10:20.372 22 DEBUG oslo_concurrency.lockutils [req-76ecdc94-fc95-42d0-b516-d828f1f44e73 - - - - -] Releasing lock "singleton_lock" lock /var/lib/kolla/venv/lib/python3.6/site-packages/oslo_concurrency/lockutils.py:312
2025-04-21 02:10:20.371 29 DEBUG neutron.service [-] calling stop on stop /var/lib/kolla/venv/lib/python3.6/site-packages/neutron/service.py:141
2025-04-21 02:10:20.373 25 DEBUG neutron.service [-] calling RpcWorker stop() stop /var/lib/kolla/venv/lib/python3.6/site-packages/neutron/service.py:138
2025-04-21 02:10:20.371 24 DEBUG neutron.service [-] calling stop on stop /var/lib/kolla/venv/lib/python3.6/site-packages/neutron/service.py:141
2025-04-21 02:10:20.374 25 DEBUG neutron.service [-] calling stop on stop /var/lib/kolla/venv/lib/python3.6/site-packages/neutron/service.py:141
2025-04-21 02:10:20.381 26 DEBUG neutron.service [-] calling RpcWorker stop() stop /var/lib/kolla/venv/lib/python3.6/site-packages/neutron/service.py:138
2025-04-21 02:10:20.381 28 DEBUG neutron.service [-] calling RpcWorker stop() stop /var/lib/kolla/venv/lib/python3.6/site-packages/neutron/service.py:138
2025-04-21 02:10:20.381 26 DEBUG neutron.service [-] calling stop on stop /var/lib/kolla/venv/lib/python3.6/site-packages/neutron/service.py:141
2025-04-21 02:10:20.382 28 DEBUG neutron.service [-] calling stop on stop /var/lib/kolla/venv/lib/python3.6/site-packages/neutron/service.py:141
2025-04-21 02:10:20.385 7 INFO oslo_service.service [-] Child 22 exited with status 0
2025-04-21 02:10:20.385 27 DEBUG neutron.service [-] calling RpcWorker stop() stop /var/lib/kolla/venv/lib/python3.6/site-packages/neutron/service.py:138
2025-04-21 02:10:20.386 23 DEBUG neutron.service [-] calling RpcWorker stop() stop /var/lib/kolla/venv/lib/python3.6/site-packages/neutron/service.py:138
2025-04-21 02:10:20.387 23 DEBUG neutron.service [-] calling stop on stop /var/lib/kolla/venv/lib/python3.6/site-packages/neutron/service.py:141
2025-04-21 02:10:20.385 27 DEBUG neutron.service [-] calling stop on stop /var/lib/kolla/venv/lib/python3.6/site-packages/neutron/service.py:141
2025-04-21 02:10:20.815 27 DEBUG oslo_concurrency.lockutils [req-76ecdc94-fc95-42d0-b516-d828f1f44e73 - - - - -] Acquired lock "singleton_lock" lock /var/lib/kolla/venv/lib/python3.6/site-packages/oslo_concurrency/lockutils.py:294
2025-04-21 02:10:20.816 27 DEBUG oslo_concurrency.lockutils [req-76ecdc94-fc95-42d0-b516-d828f1f44e73 - - - - -] Releasing lock "singleton_lock" lock /var/lib/kolla/venv/lib/python3.6/site-packages/oslo_concurrency/lockutils.py:312
2025-04-21 02:10:20.816 27 DEBUG neutron.service [req-76ecdc94-fc95-42d0-b516-d828f1f44e73 - - - - -] calling RpcWorker wait() _wait /var/lib/kolla/venv/lib/python3.6/site-packages/neutron/service.py:128
2025-04-21 02:10:20.816 27 DEBUG neutron.service [req-76ecdc94-fc95-42d0-b516-d828f1f44e73 - - - - -] calling wait on _wait /var/lib/kolla/venv/lib/python3.6/site-packages/neutron/service.py:131
2025-04-21 02:10:20.823 27 WARNING amqp [req-76ecdc94-fc95-42d0-b516-d828f1f44e73 - - - - -] Received method (60, 30) during closing channel 1. This method will be ignored
2025-04-21 02:10:20.824 27 DEBUG neutron.service [req-76ecdc94-fc95-42d0-b516-d828f1f44e73 - - - - -] returning from RpcWorker wait() _wait /var/lib/kolla/venv/lib/python3.6/site-packages/neutron/service.py:135
2025-04-21 02:10:20.831 7 INFO oslo_service.service [-] Child 27 exited with status 0
2025-04-21 02:10:21.966 26 DEBUG oslo_concurrency.lockutils [req-76ecdc94-fc95-42d0-b516-d828f1f44e73 - - - - -] Acquired lock "singleton_lock" lock /var/lib/kolla/venv/lib/python3.6/site-packages/oslo_concurrency/lockutils.py:294
2025-04-21 02:10:21.966 26 DEBUG oslo_concurrency.lockutils [req-76ecdc94-fc95-42d0-b516-d828f1f44e73 - - - - -] Releasing lock "singleton_lock" lock /var/lib/kolla/venv/lib/python3.6/site-packages/oslo_concurrency/lockutils.py:312
2025-04-21 02:10:21.967 26 DEBUG neutron.service [req-76ecdc94-fc95-42d0-b516-d828f1f44e73 - - - - -] calling RpcWorker wait() _wait /var/lib/kolla/venv/lib/python3.6/site-packages/neutron/service.py:128
2025-04-21 02:10:21.967 26 DEBUG neutron.service [req-76ecdc94-fc95-42d0-b516-d828f1f44e73 - - - - -] calling wait on _wait /var/lib/kolla/venv/lib/python3.6/site-packages/neutron/service.py:131
2025-04-21 02:10:22.107 26 WARNING amqp [req-76ecdc94-fc95-42d0-b516-d828f1f44e73 - - - - -] Received method (60, 30) during closing channel 1. This method will be ignored
2025-04-21 02:10:22.107 26 DEBUG neutron.service [req-76ecdc94-fc95-42d0-b516-d828f1f44e73 - - - - -] returning from RpcWorker wait() _wait /var/lib/kolla/venv/lib/python3.6/site-packages/neutron/service.py:135
2025-04-21 02:10:22.114 7 INFO oslo_service.service [-] Child 26 exited with status 0
2025-04-21 02:10:22.563 28 DEBUG oslo_concurrency.lockutils [req-76ecdc94-fc95-42d0-b516-d828f1f44e73 - - - - -] Acquired lock "singleton_lock" lock /var/lib/kolla/venv/lib/python3.6/site-packages/oslo_concurrency/lockutils.py:294
2025-04-21 02:10:22.564 28 DEBUG oslo_concurrency.lockutils [req-76ecdc94-fc95-42d0-b516-d828f1f44e73 - - - - -] Releasing lock "singleton_lock" lock /var/lib/kolla/venv/lib/python3.6/site-packages/oslo_concurrency/lockutils.py:312
2025-04-21 02:10:22.564 28 DEBUG neutron.service [req-76ecdc94-fc95-42d0-b516-d828f1f44e73 - - - - -] calling RpcWorker wait() _wait /var/lib/kolla/venv/lib/python3.6/site-packages/neutron/service.py:128
2025-04-21 02:10:22.564 28 DEBUG neutron.service [req-76ecdc94-fc95-42d0-b516-d828f1f44e73 - - - - -] calling wait on _wait /var/lib/kolla/venv/lib/python3.6/site-packages/neutron/service.py:131
2025-04-21 02:10:22.571 28 WARNING amqp [req-76ecdc94-fc95-42d0-b516-d828f1f44e73 - - - - -] Received method (60, 30) during closing channel 1. This method will be ignored
2025-04-21 02:10:22.572 28 DEBUG neutron.service [req-76ecdc94-fc95-42d0-b516-d828f1f44e73 - - - - -] returning from RpcWorker wait() _wait /var/lib/kolla/venv/lib/python3.6/site-packages/neutron/service.py:135
2025-04-21 02:10:22.579 7 INFO oslo_service.service [-] Child 28 exited with status 0
2025-04-21 02:10:23.035 23 DEBUG neutron.service [-] calling stop on stop /var/lib/kolla/venv/lib/python3.6/site-packages/neutron/service.py:141
2025-04-21 02:10:23.042 24 DEBUG neutron.service [-] calling stop on stop /var/lib/kolla/venv/lib/python3.6/site-packages/neutron/service.py:141
2025-04-21 02:10:23.055 23 DEBUG neutron.service [-] calling stop on stop /var/lib/kolla/venv/lib/python3.6/site-packages/neutron/service.py:141
2025-04-21 02:10:23.072 29 DEBUG oslo_concurrency.lockutils [req-76ecdc94-fc95-42d0-b516-d828f1f44e73 - - - - -] Acquired lock "singleton_lock" lock /var/lib/kolla/venv/lib/python3.6/site-packages/oslo_concurrency/lockutils.py:294
2025-04-21 02:10:23.073 29 DEBUG oslo_concurrency.lockutils [req-76ecdc94-fc95-42d0-b516-d828f1f44e73 - - - - -] Releasing lock "singleton_lock" lock /var/lib/kolla/venv/lib/python3.6/site-packages/oslo_concurrency/lockutils.py:312
2025-04-21 02:10:23.073 29 DEBUG neutron.service [req-76ecdc94-fc95-42d0-b516-d828f1f44e73 - - - - -] calling RpcWorker wait() _wait /var/lib/kolla/venv/lib/python3.6/site-packages/neutron/service.py:128
2025-04-21 02:10:23.074 29 DEBUG neutron.service [req-76ecdc94-fc95-42d0-b516-d828f1f44e73 - - - - -] calling wait on _wait /var/lib/kolla/venv/lib/python3.6/site-packages/neutron/service.py:131
2025-04-21 02:10:23.076 25 DEBUG neutron.service [-] calling stop on stop /var/lib/kolla/venv/lib/python3.6/site-packages/neutron/service.py:141
2025-04-21 02:10:23.076 24 DEBUG neutron.service [-] calling stop on stop /var/lib/kolla/venv/lib/python3.6/site-packages/neutron/service.py:141
2025-04-21 02:10:23.080 29 WARNING amqp [req-76ecdc94-fc95-42d0-b516-d828f1f44e73 - - - - -] Received method (60, 30) during closing channel 1. This method will be ignored
2025-04-21 02:10:23.081 29 DEBUG neutron.service [req-76ecdc94-fc95-42d0-b516-d828f1f44e73 - - - - -] returning from RpcWorker wait() _wait /var/lib/kolla/venv/lib/python3.6/site-packages/neutron/service.py:135
2025-04-21 02:10:23.087 7 INFO oslo_service.service [-] Child 29 exited with status 0
2025-04-21 02:10:23.087 24 DEBUG neutron.service [-] calling stop on stop /var/lib/kolla/venv/lib/python3.6/site-packages/neutron/service.py:141
2025-04-21 02:10:23.089 23 DEBUG neutron.service [-] calling stop on stop /var/lib/kolla/venv/lib/python3.6/site-packages/neutron/service.py:141
2025-04-21 02:10:23.091 25 DEBUG neutron.service [-] calling stop on stop /var/lib/kolla/venv/lib/python3.6/site-packages/neutron/service.py:141
2025-04-21 02:10:23.101 23 DEBUG oslo_concurrency.lockutils [req-76ecdc94-fc95-42d0-b516-d828f1f44e73 - - - - -] Acquired lock "singleton_lock" lock /var/lib/kolla/venv/lib/python3.6/site-packages/oslo_concurrency/lockutils.py:294
2025-04-21 02:10:23.101 23 DEBUG oslo_concurrency.lockutils [req-76ecdc94-fc95-42d0-b516-d828f1f44e73 - - - - -] Releasing lock "singleton_lock" lock /var/lib/kolla/venv/lib/python3.6/site-packages/oslo_concurrency/lockutils.py:312
2025-04-21 02:10:23.101 23 DEBUG neutron.service [req-76ecdc94-fc95-42d0-b516-d828f1f44e73 - - - - -] calling RpcWorker wait() _wait /var/lib/kolla/venv/lib/python3.6/site-packages/neutron/service.py:128
2025-04-21 02:10:23.101 23 DEBUG neutron.service [req-76ecdc94-fc95-42d0-b516-d828f1f44e73 - - - - -] calling wait on _wait /var/lib/kolla/venv/lib/python3.6/site-packages/neutron/service.py:131
2025-04-21 02:10:23.105 25 DEBUG neutron.service [-] calling stop on stop /var/lib/kolla/venv/lib/python3.6/site-packages/neutron/service.py:141
2025-04-21 02:10:23.108 23 WARNING amqp [req-76ecdc94-fc95-42d0-b516-d828f1f44e73 - - - - -] Received method (60, 30) during closing channel 1. This method will be ignored
2025-04-21 02:10:23.109 23 DEBUG neutron.service [req-76ecdc94-fc95-42d0-b516-d828f1f44e73 - - - - -] calling wait on _wait /var/lib/kolla/venv/lib/python3.6/site-packages/neutron/service.py:131
2025-04-21 02:10:23.114 23 WARNING amqp [req-76ecdc94-fc95-42d0-b516-d828f1f44e73 - - - - -] Received method (60, 30) during closing channel 1. This method will be ignored
2025-04-21 02:10:23.115 24 DEBUG oslo_concurrency.lockutils [req-76ecdc94-fc95-42d0-b516-d828f1f44e73 - - - - -] Acquired lock "singleton_lock" lock /var/lib/kolla/venv/lib/python3.6/site-packages/oslo_concurrency/lockutils.py:294
2025-04-21 02:10:23.116 24 DEBUG oslo_concurrency.lockutils [req-76ecdc94-fc95-42d0-b516-d828f1f44e73 - - - - -] Releasing lock "singleton_lock" lock /var/lib/kolla/venv/lib/python3.6/site-packages/oslo_concurrency/lockutils.py:312
2025-04-21 02:10:23.116 24 DEBUG neutron.service [req-76ecdc94-fc95-42d0-b516-d828f1f44e73 - - - - -] calling RpcWorker wait() _wait /var/lib/kolla/venv/lib/python3.6/site-packages/neutron/service.py:128
2025-04-21 02:10:23.116 24 DEBUG neutron.service [req-76ecdc94-fc95-42d0-b516-d828f1f44e73 - - - - -] calling wait on _wait /var/lib/kolla/venv/lib/python3.6/site-packages/neutron/service.py:131
2025-04-21 02:10:23.119 25 DEBUG oslo_concurrency.lockutils [req-76ecdc94-fc95-42d0-b516-d828f1f44e73 - - - - -] Acquired lock "singleton_lock" lock /var/lib/kolla/venv/lib/python3.6/site-packages/oslo_concurrency/lockutils.py:294
2025-04-21 02:10:23.119 23 DEBUG neutron.service [req-76ecdc94-fc95-42d0-b516-d828f1f44e73 - - - - -] calling wait on _wait /var/lib/kolla/venv/lib/python3.6/site-packages/neutron/service.py:131
2025-04-21 02:10:23.119 25 DEBUG oslo_concurrency.lockutils [req-76ecdc94-fc95-42d0-b516-d828f1f44e73 - - - - -] Releasing lock "singleton_lock" lock /var/lib/kolla/venv/lib/python3.6/site-packages/oslo_concurrency/lockutils.py:312
2025-04-21 02:10:23.121 25 DEBUG neutron.service [req-76ecdc94-fc95-42d0-b516-d828f1f44e73 - - - - -] calling RpcWorker wait() _wait /var/lib/kolla/venv/lib/python3.6/site-packages/neutron/service.py:128
2025-04-21 02:10:23.122 25 DEBUG neutron.service [req-76ecdc94-fc95-42d0-b516-d828f1f44e73 - - - - -] calling wait on _wait /var/lib/kolla/venv/lib/python3.6/site-packages/neutron/service.py:131
2025-04-21 02:10:23.122 24 WARNING amqp [req-76ecdc94-fc95-42d0-b516-d828f1f44e73 - - - - -] Received method (60, 30) during closing channel 1. This method will be ignored
2025-04-21 02:10:23.124 24 DEBUG neutron.service [req-76ecdc94-fc95-42d0-b516-d828f1f44e73 - - - - -] calling wait on _wait /var/lib/kolla/venv/lib/python3.6/site-packages/neutron/service.py:131
2025-04-21 02:10:23.126 23 WARNING amqp [req-76ecdc94-fc95-42d0-b516-d828f1f44e73 - - - - -] Received method (60, 30) during closing channel 1. This method will be ignored
2025-04-21 02:10:23.127 23 DEBUG neutron.service [req-76ecdc94-fc95-42d0-b516-d828f1f44e73 - - - - -] calling wait on _wait /var/lib/kolla/venv/lib/python3.6/site-packages/neutron/service.py:131
2025-04-21 02:10:23.128 25 WARNING amqp [req-76ecdc94-fc95-42d0-b516-d828f1f44e73 - - - - -] Received method (60, 30) during closing channel 1. This method will be ignored
2025-04-21 02:10:23.131 24 WARNING amqp [req-76ecdc94-fc95-42d0-b516-d828f1f44e73 - - - - -] Received method (60, 30) during closing channel 1. This method will be ignored
2025-04-21 02:10:23.131 25 DEBUG neutron.service [req-76ecdc94-fc95-42d0-b516-d828f1f44e73 - - - - -] calling wait on _wait /var/lib/kolla/venv/lib/python3.6/site-packages/neutron/service.py:131
2025-04-21 02:10:23.133 24 DEBUG neutron.service [req-76ecdc94-fc95-42d0-b516-d828f1f44e73 - - - - -] calling wait on _wait /var/lib/kolla/venv/lib/python3.6/site-packages/neutron/service.py:131
2025-04-21 02:10:23.135 23 WARNING amqp [req-76ecdc94-fc95-42d0-b516-d828f1f44e73 - - - - -] Received method (60, 30) during closing channel 1. This method will be ignored
2025-04-21 02:10:23.137 25 WARNING amqp [req-76ecdc94-fc95-42d0-b516-d828f1f44e73 - - - - -] Received method (60, 30) during closing channel 1. This method will be ignored
2025-04-21 02:10:23.140 24 WARNING amqp [req-76ecdc94-fc95-42d0-b516-d828f1f44e73 - - - - -] Received method (60, 30) during closing channel 1. This method will be ignored
2025-04-21 02:10:23.139 25 DEBUG neutron.service [req-76ecdc94-fc95-42d0-b516-d828f1f44e73 - - - - -] calling wait on _wait /var/lib/kolla/venv/lib/python3.6/site-packages/neutron/service.py:131
2025-04-21 02:10:23.141 24 DEBUG neutron.service [req-76ecdc94-fc95-42d0-b516-d828f1f44e73 - - - - -] calling wait on _wait /var/lib/kolla/venv/lib/python3.6/site-packages/neutron/service.py:131
2025-04-21 02:10:23.143 23 DEBUG neutron.service [req-76ecdc94-fc95-42d0-b516-d828f1f44e73 - - - - -] returning from RpcWorker wait() _wait /var/lib/kolla/venv/lib/python3.6/site-packages/neutron/service.py:135
2025-04-21 02:10:23.146 25 WARNING amqp [req-76ecdc94-fc95-42d0-b516-d828f1f44e73 - - - - -] Received method (60, 30) during closing channel 1. This method will be ignored
2025-04-21 02:10:23.147 25 DEBUG neutron.service [req-76ecdc94-fc95-42d0-b516-d828f1f44e73 - - - - -] calling wait on _wait /var/lib/kolla/venv/lib/python3.6/site-packages/neutron/service.py:131
2025-04-21 02:10:23.150 7 INFO oslo_service.service [-] Child 23 exited with status 0
2025-04-21 02:10:23.150 24 WARNING amqp [req-76ecdc94-fc95-42d0-b516-d828f1f44e73 - - - - -] Received method (60, 30) during closing channel 1. This method will be ignored
2025-04-21 02:10:23.157 24 DEBUG neutron.service [req-76ecdc94-fc95-42d0-b516-d828f1f44e73 - - - - -] returning from RpcWorker wait() _wait /var/lib/kolla/venv/lib/python3.6/site-packages/neutron/service.py:135
2025-04-21 02:10:23.158 25 WARNING amqp [req-76ecdc94-fc95-42d0-b516-d828f1f44e73 - - - - -] Received method (60, 30) during closing channel 1. This method will be ignored
2025-04-21 02:10:23.164 7 INFO oslo_service.service [-] Child 24 exited with status 0
2025-04-21 02:10:23.166 25 DEBUG neutron.service [req-76ecdc94-fc95-42d0-b516-d828f1f44e73 - - - - -] returning from RpcWorker wait() _wait /var/lib/kolla/venv/lib/python3.6/site-packages/neutron/service.py:135
2025-04-21 02:10:23.171 7 INFO oslo_service.service [-] Child 25 exited with status 0
2025-04-21 02:10:23.172 7 INFO oslo_service.service [-] Wait called after thread killed. Cleaning up.
