2025-04-17 00:43:17.954 130769 DEBUG oslo_service.service [req-71ad0a25-37e2-465b-aa6d-304c24e025a2 - - - - -] cyborg.connect_retries = None log_opt_values /usr/lib/python3/dist-packages/oslo_config/cfg.py:2609
2025-04-17 00:43:17.954 130769 DEBUG oslo_service.service [req-71ad0a25-37e2-465b-aa6d-304c24e025a2 - - - - -] cyborg.connect_retry_delay = None log_opt_values /usr/lib/python3/dist-packages/oslo_config/cfg.py:2609
2025-04-17 00:43:17.954 130769 DEBUG oslo_service.service [req-71ad0a25-37e2-465b-aa6d-304c24e025a2 - - - - -] cyborg.endpoint_override = None log_opt_values /usr/lib/python3/dist-packages/oslo_config/cfg.py:2609
2025-04-17 00:43:17.954 130769 DEBUG oslo_service.service [req-71ad0a25-37e2-465b-aa6d-304c24e025a2 - - - - -] cyborg.insecure = False log_opt_values /usr/lib/python3/dist-packages/oslo_config/cfg.py:2609
2025-04-17 00:43:17.954 131090 DEBUG nova.service [req-1ed5d899-f031-4755-9bcd-23af75645437 - - - - -] Creating RPC server for service conductor start /usr/lib/python3/dist-packages/nova/service.py:182
2025-04-17 00:43:17.954 130769 DEBUG oslo_service.service [req-71ad0a25-37e2-465b-aa6d-304c24e025a2 - - - - -] cyborg.keyfile = None log_opt_values /usr/lib/python3/dist-packages/oslo_config/cfg.py:2609
2025-04-17 00:43:17.955 130769 DEBUG oslo_service.service [req-71ad0a25-37e2-465b-aa6d-304c24e025a2 - - - - -] cyborg.max_version = None log_opt_values /usr/lib/python3/dist-packages/oslo_config/cfg.py:2609
2025-04-17 00:43:17.955 130769 DEBUG oslo_service.service [req-71ad0a25-37e2-465b-aa6d-304c24e025a2 - - - - -] cyborg.min_version = None log_opt_values /usr/lib/python3/dist-packages/oslo_config/cfg.py:2609
2025-04-17 00:43:17.955 130769 DEBUG oslo_service.service [req-71ad0a25-37e2-465b-aa6d-304c24e025a2 - - - - -] cyborg.region_name = None log_opt_values /usr/lib/python3/dist-packages/oslo_config/cfg.py:2609
2025-04-17 00:43:17.955 130769 DEBUG oslo_service.service [req-71ad0a25-37e2-465b-aa6d-304c24e025a2 - - - - -] cyborg.service_name = None log_opt_values /usr/lib/python3/dist-packages/oslo_config/cfg.py:2609
2025-04-17 00:43:17.955 130769 DEBUG oslo_service.service [req-71ad0a25-37e2-465b-aa6d-304c24e025a2 - - - - -] cyborg.service_type = accelerator log_opt_values /usr/lib/python3/dist-packages/oslo_config/cfg.py:2609
2025-04-17 00:43:17.956 130769 DEBUG oslo_service.service [req-71ad0a25-37e2-465b-aa6d-304c24e025a2 - - - - -] cyborg.split_loggers = False log_opt_values /usr/lib/python3/dist-packages/oslo_config/cfg.py:2609
2025-04-17 00:43:17.956 130769 DEBUG oslo_service.service [req-71ad0a25-37e2-465b-aa6d-304c24e025a2 - - - - -] cyborg.status_code_retries = None log_opt_values /usr/lib/python3/dist-packages/oslo_config/cfg.py:2609
2025-04-17 00:43:17.956 130769 DEBUG oslo_service.service [req-71ad0a25-37e2-465b-aa6d-304c24e025a2 - - - - -] cyborg.status_code_retry_delay = None log_opt_values /usr/lib/python3/dist-packages/oslo_config/cfg.py:2609
2025-04-17 00:43:17.957 130769 DEBUG oslo_service.service [req-71ad0a25-37e2-465b-aa6d-304c24e025a2 - - - - -] cyborg.timeout = None log_opt_values /usr/lib/python3/dist-packages/oslo_config/cfg.py:2609
2025-04-17 00:43:17.957 130769 DEBUG oslo_service.service [req-71ad0a25-37e2-465b-aa6d-304c24e025a2 - - - - -] cyborg.valid_interfaces = ['internal', 'public'] log_opt_values /usr/lib/python3/dist-packages/oslo_config/cfg.py:2609
2025-04-17 00:43:17.957 130769 DEBUG oslo_service.service [req-71ad0a25-37e2-465b-aa6d-304c24e025a2 - - - - -] cyborg.version = None log_opt_values /usr/lib/python3/dist-packages/oslo_config/cfg.py:2609
2025-04-17 00:43:17.957 130769 DEBUG oslo_service.service [req-71ad0a25-37e2-465b-aa6d-304c24e025a2 - - - - -] database.backend = sqlalchemy log_opt_values /usr/lib/python3/dist-packages/oslo_config/cfg.py:2609
2025-04-17 00:43:17.958 130769 DEBUG oslo_service.service [req-71ad0a25-37e2-465b-aa6d-304c24e025a2 - - - - -] database.connection = **** log_opt_values /usr/lib/python3/dist-packages/oslo_config/cfg.py:2609
2025-04-17 00:43:17.958 130769 DEBUG oslo_service.service [req-71ad0a25-37e2-465b-aa6d-304c24e025a2 - - - - -] database.connection_debug = 0 log_opt_values /usr/lib/python3/dist-packages/oslo_config/cfg.py:2609
2025-04-17 00:43:17.958 130769 DEBUG oslo_service.service [req-71ad0a25-37e2-465b-aa6d-304c24e025a2 - - - - -] database.connection_parameters = log_opt_values /usr/lib/python3/dist-packages/oslo_config/cfg.py:2609
2025-04-17 00:43:17.958 130769 DEBUG oslo_service.service [req-71ad0a25-37e2-465b-aa6d-304c24e025a2 - - - - -] database.connection_recycle_time = 3600 log_opt_values /usr/lib/python3/dist-packages/oslo_config/cfg.py:2609
2025-04-17 00:43:17.958 130769 DEBUG oslo_service.service [req-71ad0a25-37e2-465b-aa6d-304c24e025a2 - - - - -] database.connection_trace = False log_opt_values /usr/lib/python3/dist-packages/oslo_config/cfg.py:2609
2025-04-17 00:43:17.959 130769 DEBUG oslo_service.service [req-71ad0a25-37e2-465b-aa6d-304c24e025a2 - - - - -] database.db_inc_retry_interval = True log_opt_values /usr/lib/python3/dist-packages/oslo_config/cfg.py:2609
2025-04-17 00:43:17.959 130769 DEBUG oslo_service.service [req-71ad0a25-37e2-465b-aa6d-304c24e025a2 - - - - -] database.db_max_retries = 20 log_opt_values /usr/lib/python3/dist-packages/oslo_config/cfg.py:2609
2025-04-17 00:43:17.959 130769 DEBUG oslo_service.service [req-71ad0a25-37e2-465b-aa6d-304c24e025a2 - - - - -] database.db_max_retry_interval = 10 log_opt_values /usr/lib/python3/dist-packages/oslo_config/cfg.py:2609
2025-04-17 00:43:17.959 130769 DEBUG oslo_service.service [req-71ad0a25-37e2-465b-aa6d-304c24e025a2 - - - - -] database.db_retry_interval = 1 log_opt_values /usr/lib/python3/dist-packages/oslo_config/cfg.py:2609
2025-04-17 00:43:17.959 130769 DEBUG oslo_service.service [req-71ad0a25-37e2-465b-aa6d-304c24e025a2 - - - - -] database.max_overflow = 50 log_opt_values /usr/lib/python3/dist-packages/oslo_config/cfg.py:2609
2025-04-17 00:43:17.959 130769 DEBUG oslo_service.service [req-71ad0a25-37e2-465b-aa6d-304c24e025a2 - - - - -] database.max_pool_size = 4 log_opt_values /usr/lib/python3/dist-packages/oslo_config/cfg.py:2609
2025-04-17 00:43:17.960 130769 DEBUG oslo_service.service [req-71ad0a25-37e2-465b-aa6d-304c24e025a2 - - - - -] database.max_retries = 10 log_opt_values /usr/lib/python3/dist-packages/oslo_config/cfg.py:2609
2025-04-17 00:43:17.960 130769 DEBUG oslo_service.service [req-71ad0a25-37e2-465b-aa6d-304c24e025a2 - - - - -] database.mysql_enable_ndb = False log_opt_values /usr/lib/python3/dist-packages/oslo_config/cfg.py:2609
2025-04-17 00:43:17.960 130769 DEBUG oslo_service.service [req-71ad0a25-37e2-465b-aa6d-304c24e025a2 - - - - -] database.mysql_sql_mode = TRADITIONAL log_opt_values /usr/lib/python3/dist-packages/oslo_config/cfg.py:2609
2025-04-17 00:43:17.960 130769 DEBUG oslo_service.service [req-71ad0a25-37e2-465b-aa6d-304c24e025a2 - - - - -] database.pool_timeout = None log_opt_values /usr/lib/python3/dist-packages/oslo_config/cfg.py:2609
2025-04-17 00:43:17.960 130769 DEBUG oslo_service.service [req-71ad0a25-37e2-465b-aa6d-304c24e025a2 - - - - -] database.retry_interval = 10 log_opt_values /usr/lib/python3/dist-packages/oslo_config/cfg.py:2609
2025-04-17 00:43:17.961 130769 DEBUG oslo_service.service [req-71ad0a25-37e2-465b-aa6d-304c24e025a2 - - - - -] database.slave_connection = **** log_opt_values /usr/lib/python3/dist-packages/oslo_config/cfg.py:2609
2025-04-17 00:43:17.961 130769 DEBUG oslo_service.service [req-71ad0a25-37e2-465b-aa6d-304c24e025a2 - - - - -] database.sqlite_synchronous = True log_opt_values /usr/lib/python3/dist-packages/oslo_config/cfg.py:2609
2025-04-17 00:43:17.961 130769 DEBUG oslo_service.service [req-71ad0a25-37e2-465b-aa6d-304c24e025a2 - - - - -] database.use_db_reconnect = False log_opt_values /usr/lib/python3/dist-packages/oslo_config/cfg.py:2609
2025-04-17 00:43:17.961 130769 DEBUG oslo_service.service [req-71ad0a25-37e2-465b-aa6d-304c24e025a2 - - - - -] api_database.backend = sqlalchemy log_opt_values /usr/lib/python3/dist-packages/oslo_config/cfg.py:2609
2025-04-17 00:43:17.961 130769 DEBUG oslo_service.service [req-71ad0a25-37e2-465b-aa6d-304c24e025a2 - - - - -] api_database.connection = **** log_opt_values /usr/lib/python3/dist-packages/oslo_config/cfg.py:2609
2025-04-17 00:43:17.962 130769 DEBUG oslo_service.service [req-71ad0a25-37e2-465b-aa6d-304c24e025a2 - - - - -] api_database.connection_debug = 0 log_opt_values /usr/lib/python3/dist-packages/oslo_config/cfg.py:2609
2025-04-17 00:43:17.962 130769 DEBUG oslo_service.service [req-71ad0a25-37e2-465b-aa6d-304c24e025a2 - - - - -] api_database.connection_parameters = log_opt_values /usr/lib/python3/dist-packages/oslo_config/cfg.py:2609
2025-04-17 00:43:17.962 130769 DEBUG oslo_service.service [req-71ad0a25-37e2-465b-aa6d-304c24e025a2 - - - - -] api_database.connection_recycle_time = 3600 log_opt_values /usr/lib/python3/dist-packages/oslo_config/cfg.py:2609
2025-04-17 00:43:17.962 130769 DEBUG oslo_service.service [req-71ad0a25-37e2-465b-aa6d-304c24e025a2 - - - - -] api_database.connection_trace = False log_opt_values /usr/lib/python3/dist-packages/oslo_config/cfg.py:2609
2025-04-17 00:43:17.962 130769 DEBUG oslo_service.service [req-71ad0a25-37e2-465b-aa6d-304c24e025a2 - - - - -] api_database.db_inc_retry_interval = True log_opt_values /usr/lib/python3/dist-packages/oslo_config/cfg.py:2609
2025-04-17 00:43:17.963 130769 DEBUG oslo_service.service [req-71ad0a25-37e2-465b-aa6d-304c24e025a2 - - - - -] api_database.db_max_retries = 20 log_opt_values /usr/lib/python3/dist-packages/oslo_config/cfg.py:2609
2025-04-17 00:43:17.962 131089 DEBUG oslo_messaging._drivers.amqpdriver [-] Listener is running poll /usr/lib/python3/dist-packages/oslo_messaging/_drivers/amqpdriver.py:343
2025-04-17 00:43:17.963 130769 DEBUG oslo_service.service [req-71ad0a25-37e2-465b-aa6d-304c24e025a2 - - - - -] api_database.db_max_retry_interval = 10 log_opt_values /usr/lib/python3/dist-packages/oslo_config/cfg.py:2609
2025-04-17 00:43:17.963 131089 DEBUG oslo_messaging._drivers.amqpdriver [-] AMQPListener connection consume poll /usr/lib/python3/dist-packages/oslo_messaging/_drivers/amqpdriver.py:357
2025-04-17 00:43:17.963 130769 DEBUG oslo_service.service [req-71ad0a25-37e2-465b-aa6d-304c24e025a2 - - - - -] api_database.db_retry_interval = 1 log_opt_values /usr/lib/python3/dist-packages/oslo_config/cfg.py:2609
2025-04-17 00:43:17.963 130769 DEBUG oslo_service.service [req-71ad0a25-37e2-465b-aa6d-304c24e025a2 - - - - -] api_database.max_overflow = 50 log_opt_values /usr/lib/python3/dist-packages/oslo_config/cfg.py:2609
2025-04-17 00:43:17.963 130769 DEBUG oslo_service.service [req-71ad0a25-37e2-465b-aa6d-304c24e025a2 - - - - -] api_database.max_pool_size = 4 log_opt_values /usr/lib/python3/dist-packages/oslo_config/cfg.py:2609
2025-04-17 00:43:17.964 130769 DEBUG oslo_service.service [req-71ad0a25-37e2-465b-aa6d-304c24e025a2 - - - - -] api_database.max_retries = 10 log_opt_values /usr/lib/python3/dist-packages/oslo_config/cfg.py:2609
2025-04-17 00:43:17.964 130769 DEBUG oslo_service.service [req-71ad0a25-37e2-465b-aa6d-304c24e025a2 - - - - -] api_database.mysql_enable_ndb = False log_opt_values /usr/lib/python3/dist-packages/oslo_config/cfg.py:2609
2025-04-17 00:43:17.963 131089 DEBUG nova.service [req-1e0ab52d-83ad-413f-b82f-a901b807efcb - - - - -] Join ServiceGroup membership for this service conductor start /usr/lib/python3/dist-packages/nova/service.py:199
2025-04-17 00:43:17.964 130769 DEBUG oslo_service.service [req-71ad0a25-37e2-465b-aa6d-304c24e025a2 - - - - -] api_database.mysql_sql_mode = TRADITIONAL log_opt_values /usr/lib/python3/dist-packages/oslo_config/cfg.py:2609
2025-04-17 00:43:17.964 131089 DEBUG nova.servicegroup.drivers.db [req-1e0ab52d-83ad-413f-b82f-a901b807efcb - - - - -] DB_Driver: join new ServiceGroup member juju-4bb83e-0-lxd-7 to the conductor group, service = join /usr/lib/python3/dist-packages/nova/servicegroup/drivers/db.py:44
2025-04-17 00:43:17.964 130769 DEBUG oslo_service.service [req-71ad0a25-37e2-465b-aa6d-304c24e025a2 - - - - -] api_database.pool_timeout = None log_opt_values /usr/lib/python3/dist-packages/oslo_config/cfg.py:2609
2025-04-17 00:43:17.964 130769 DEBUG oslo_service.service [req-71ad0a25-37e2-465b-aa6d-304c24e025a2 - - - - -] api_database.retry_interval = 10 log_opt_values /usr/lib/python3/dist-packages/oslo_config/cfg.py:2609
2025-04-17 00:43:17.964 130769 DEBUG oslo_service.service [req-71ad0a25-37e2-465b-aa6d-304c24e025a2 - - - - -] api_database.slave_connection = **** log_opt_values /usr/lib/python3/dist-packages/oslo_config/cfg.py:2609
2025-04-17 00:43:17.965 130769 DEBUG oslo_service.service [req-71ad0a25-37e2-465b-aa6d-304c24e025a2 - - - - -] api_database.sqlite_synchronous = True log_opt_values /usr/lib/python3/dist-packages/oslo_config/cfg.py:2609
2025-04-17 00:43:17.965 130769 DEBUG oslo_service.service [req-71ad0a25-37e2-465b-aa6d-304c24e025a2 - - - - -] devices.enabled_mdev_types = [] log_opt_values /usr/lib/python3/dist-packages/oslo_config/cfg.py:2609
2025-04-17 00:43:17.965 131089 DEBUG oslo_messaging._drivers.amqpdriver [-] received message msg_id: ac07fce98f4649ffa4575c343f97e395 reply to reply_ce1f946ed80a478cbf464eb5721c9342 __call__ /usr/lib/python3/dist-packages/oslo_messaging/_drivers/amqpdriver.py:320
2025-04-17 00:43:17.965 130769 DEBUG oslo_service.service [req-71ad0a25-37e2-465b-aa6d-304c24e025a2 - - - - -] ephemeral_storage_encryption.cipher = aes-xts-plain64 log_opt_values /usr/lib/python3/dist-packages/oslo_config/cfg.py:2609
2025-04-17 00:43:17.966 130769 DEBUG oslo_service.service [req-71ad0a25-37e2-465b-aa6d-304c24e025a2 - - - - -] ephemeral_storage_encryption.enabled = False log_opt_values /usr/lib/python3/dist-packages/oslo_config/cfg.py:2609
2025-04-17 00:43:17.966 130769 DEBUG oslo_service.service [req-71ad0a25-37e2-465b-aa6d-304c24e025a2 - - - - -] ephemeral_storage_encryption.key_size = 512 log_opt_values /usr/lib/python3/dist-packages/oslo_config/cfg.py:2609
2025-04-17 00:43:17.966 130769 WARNING oslo_config.cfg [req-71ad0a25-37e2-465b-aa6d-304c24e025a2 - - - - -] Deprecated: Option "api_servers" from group "glance" is deprecated for removal ( Support for image service configuration via standard keystoneauth1 Adapter options was added in the 17.0.0 Queens release. The api_servers option was retained temporarily to allow consumers time to cut over to a real load balancing solution. ). Its value may be silently ignored in the future.
2025-04-17 00:43:17.967 130769 DEBUG oslo_service.service [req-71ad0a25-37e2-465b-aa6d-304c24e025a2 - - - - -] glance.api_servers = ['http://252.242.140.84:9292'] log_opt_values /usr/lib/python3/dist-packages/oslo_config/cfg.py:2609
2025-04-17 00:43:17.967 130769 DEBUG oslo_service.service [req-71ad0a25-37e2-465b-aa6d-304c24e025a2 - - - - -] glance.cafile = None log_opt_values /usr/lib/python3/dist-packages/oslo_config/cfg.py:2609
2025-04-17 00:43:17.967 130769 DEBUG oslo_service.service [req-71ad0a25-37e2-465b-aa6d-304c24e025a2 - - - - -] glance.certfile = None log_opt_values /usr/lib/python3/dist-packages/oslo_config/cfg.py:2609
2025-04-17 00:43:17.967 130769 DEBUG oslo_service.service [req-71ad0a25-37e2-465b-aa6d-304c24e025a2 - - - - -] glance.collect_timing = False log_opt_values /usr/lib/python3/dist-packages/oslo_config/cfg.py:2609
2025-04-17 00:43:17.967 130769 DEBUG oslo_service.service [req-71ad0a25-37e2-465b-aa6d-304c24e025a2 - - - - -] glance.connect_retries = None log_opt_values /usr/lib/python3/dist-packages/oslo_config/cfg.py:2609
2025-04-17 00:43:17.967 131089 DEBUG oslo_messaging._drivers.amqpdriver [-] AMQPListener connection timeout poll /usr/lib/python3/dist-packages/oslo_messaging/_drivers/amqpdriver.py:360
2025-04-17 00:43:17.967 130769 DEBUG oslo_service.service [req-71ad0a25-37e2-465b-aa6d-304c24e025a2 - - - - -] glance.connect_retry_delay = None log_opt_values /usr/lib/python3/dist-packages/oslo_config/cfg.py:2609
2025-04-17 00:43:17.968 131089 DEBUG oslo_messaging._drivers.amqpdriver [-] Listener is running poll /usr/lib/python3/dist-packages/oslo_messaging/_drivers/amqpdriver.py:343
2025-04-17 00:43:17.968 130769 DEBUG oslo_service.service [req-71ad0a25-37e2-465b-aa6d-304c24e025a2 - - - - -] glance.debug = False log_opt_values /usr/lib/python3/dist-packages/oslo_config/cfg.py:2609
2025-04-17 00:43:17.968 131089 DEBUG oslo_messaging._drivers.amqpdriver [-] Poll the incoming message with unique_id: 9b534ecaa47f4db29bb59ffb56bf8ae3 poll /usr/lib/python3/dist-packages/oslo_messaging/_drivers/amqpdriver.py:346
2025-04-17 00:43:17.968 130769 DEBUG oslo_service.service [req-71ad0a25-37e2-465b-aa6d-304c24e025a2 - - - - -] glance.default_trusted_certificate_ids = [] log_opt_values /usr/lib/python3/dist-packages/oslo_config/cfg.py:2609
2025-04-17 00:43:17.968 130769 DEBUG oslo_service.service [req-71ad0a25-37e2-465b-aa6d-304c24e025a2 - - - - -] glance.enable_certificate_validation = False log_opt_values /usr/lib/python3/dist-packages/oslo_config/cfg.py:2609
2025-04-17 00:43:17.968 130769 DEBUG oslo_service.service [req-71ad0a25-37e2-465b-aa6d-304c24e025a2 - - - - -] glance.enable_rbd_download = False log_opt_values /usr/lib/python3/dist-packages/oslo_config/cfg.py:2609
2025-04-17 00:43:17.968 131089 DEBUG oslo_messaging._drivers.amqpdriver [-] Listener is running poll /usr/lib/python3/dist-packages/oslo_messaging/_drivers/amqpdriver.py:343
2025-04-17 00:43:17.968 130769 DEBUG oslo_service.service [req-71ad0a25-37e2-465b-aa6d-304c24e025a2 - - - - -] glance.endpoint_override = None log_opt_values /usr/lib/python3/dist-packages/oslo_config/cfg.py:2609
2025-04-17 00:43:17.968 131089 DEBUG oslo_messaging._drivers.amqpdriver [-] AMQPListener connection consume poll /usr/lib/python3/dist-packages/oslo_messaging/_drivers/amqpdriver.py:357
2025-04-17 00:43:17.969 130769 DEBUG oslo_service.service [req-71ad0a25-37e2-465b-aa6d-304c24e025a2 - - - - -] glance.insecure = False log_opt_values /usr/lib/python3/dist-packages/oslo_config/cfg.py:2609
2025-04-17 00:43:17.969 130769 DEBUG oslo_service.service [req-71ad0a25-37e2-465b-aa6d-304c24e025a2 - - - - -] glance.keyfile = None log_opt_values /usr/lib/python3/dist-packages/oslo_config/cfg.py:2609
2025-04-17 00:43:17.969 130769 DEBUG oslo_service.service [req-71ad0a25-37e2-465b-aa6d-304c24e025a2 - - - - -] glance.max_version = None log_opt_values /usr/lib/python3/dist-packages/oslo_config/cfg.py:2609
2025-04-17 00:43:17.969 130769 DEBUG oslo_service.service [req-71ad0a25-37e2-465b-aa6d-304c24e025a2 - - - - -] glance.min_version = None log_opt_values /usr/lib/python3/dist-packages/oslo_config/cfg.py:2609
2025-04-17 00:43:17.969 130769 DEBUG oslo_service.service [req-71ad0a25-37e2-465b-aa6d-304c24e025a2 - - - - -] glance.num_retries = 3 log_opt_values /usr/lib/python3/dist-packages/oslo_config/cfg.py:2609
2025-04-17 00:43:17.969 130769 DEBUG oslo_service.service [req-71ad0a25-37e2-465b-aa6d-304c24e025a2 - - - - -] glance.rbd_ceph_conf = log_opt_values /usr/lib/python3/dist-packages/oslo_config/cfg.py:2609
2025-04-17 00:43:17.970 130769 DEBUG oslo_service.service [req-71ad0a25-37e2-465b-aa6d-304c24e025a2 - - - - -] glance.rbd_connect_timeout = 5 log_opt_values /usr/lib/python3/dist-packages/oslo_config/cfg.py:2609
2025-04-17 00:43:17.970 130769 DEBUG oslo_service.service [req-71ad0a25-37e2-465b-aa6d-304c24e025a2 - - - - -] glance.rbd_pool = log_opt_values /usr/lib/python3/dist-packages/oslo_config/cfg.py:2609
2025-04-17 00:43:17.970 130769 DEBUG oslo_service.service [req-71ad0a25-37e2-465b-aa6d-304c24e025a2 - - - - -] glance.rbd_user = log_opt_values /usr/lib/python3/dist-packages/oslo_config/cfg.py:2609
2025-04-17 00:43:17.970 130769 DEBUG oslo_service.service [req-71ad0a25-37e2-465b-aa6d-304c24e025a2 - - - - -] glance.region_name = None log_opt_values /usr/lib/python3/dist-packages/oslo_config/cfg.py:2609
2025-04-17 00:43:17.970 130769 DEBUG oslo_service.service [req-71ad0a25-37e2-465b-aa6d-304c24e025a2 - - - - -] glance.service_name = None log_opt_values /usr/lib/python3/dist-packages/oslo_config/cfg.py:2609
2025-04-17 00:43:17.970 130769 DEBUG oslo_service.service [req-71ad0a25-37e2-465b-aa6d-304c24e025a2 - - - - -] glance.service_type = image log_opt_values /usr/lib/python3/dist-packages/oslo_config/cfg.py:2609
2025-04-17 00:43:17.971 130769 DEBUG oslo_service.service [req-71ad0a25-37e2-465b-aa6d-304c24e025a2 - - - - -] glance.split_loggers = False log_opt_values /usr/lib/python3/dist-packages/oslo_config/cfg.py:2609
2025-04-17 00:43:17.971 130769 DEBUG oslo_service.service [req-71ad0a25-37e2-465b-aa6d-304c24e025a2 - - - - -] glance.status_code_retries = None log_opt_values /usr/lib/python3/dist-packages/oslo_config/cfg.py:2609
2025-04-17 00:43:17.971 130769 DEBUG oslo_service.service [req-71ad0a25-37e2-465b-aa6d-304c24e025a2 - - - - -] glance.status_code_retry_delay = None log_opt_values /usr/lib/python3/dist-packages/oslo_config/cfg.py:2609
2025-04-17 00:43:17.971 130769 DEBUG oslo_service.service [req-71ad0a25-37e2-465b-aa6d-304c24e025a2 - - - - -] glance.timeout = None log_opt_values /usr/lib/python3/dist-packages/oslo_config/cfg.py:2609
2025-04-17 00:43:17.971 130769 DEBUG oslo_service.service [req-71ad0a25-37e2-465b-aa6d-304c24e025a2 - - - - -] glance.valid_interfaces = ['internal', 'public'] log_opt_values /usr/lib/python3/dist-packages/oslo_config/cfg.py:2609
2025-04-17 00:43:17.972 130769 DEBUG oslo_service.service [req-71ad0a25-37e2-465b-aa6d-304c24e025a2 - - - - -] glance.verify_glance_signatures = False log_opt_values /usr/lib/python3/dist-packages/oslo_config/cfg.py:2609
2025-04-17 00:43:17.972 130769 DEBUG oslo_service.service [req-71ad0a25-37e2-465b-aa6d-304c24e025a2 - - - - -] glance.version = None log_opt_values /usr/lib/python3/dist-packages/oslo_config/cfg.py:2609
2025-04-17 00:43:17.972 130769 DEBUG oslo_service.service [req-71ad0a25-37e2-465b-aa6d-304c24e025a2 - - - - -] guestfs.debug = False log_opt_values /usr/lib/python3/dist-packages/oslo_config/cfg.py:2609
2025-04-17 00:43:17.972 130769 DEBUG oslo_service.service [req-71ad0a25-37e2-465b-aa6d-304c24e025a2 - - - - -] hyperv.config_drive_cdrom = False log_opt_values /usr/lib/python3/dist-packages/oslo_config/cfg.py:2609
2025-04-17 00:43:17.972 130769 DEBUG oslo_service.service [req-71ad0a25-37e2-465b-aa6d-304c24e025a2 - - - - -] hyperv.config_drive_inject_password = False log_opt_values /usr/lib/python3/dist-packages/oslo_config/cfg.py:2609
2025-04-17 00:43:17.972 130769 DEBUG oslo_service.service [req-71ad0a25-37e2-465b-aa6d-304c24e025a2 - - - - -] hyperv.dynamic_memory_ratio = 1.0 log_opt_values /usr/lib/python3/dist-packages/oslo_config/cfg.py:2609
2025-04-17 00:43:17.973 130769 DEBUG oslo_service.service [req-71ad0a25-37e2-465b-aa6d-304c24e025a2 - - - - -] hyperv.enable_instance_metrics_collection = False log_opt_values /usr/lib/python3/dist-packages/oslo_config/cfg.py:2609
2025-04-17 00:43:17.973 130769 DEBUG oslo_service.service [req-71ad0a25-37e2-465b-aa6d-304c24e025a2 - - - - -] hyperv.enable_remotefx = False log_opt_values /usr/lib/python3/dist-packages/oslo_config/cfg.py:2609
2025-04-17 00:43:17.973 130769 DEBUG oslo_service.service [req-71ad0a25-37e2-465b-aa6d-304c24e025a2 - - - - -] hyperv.instances_path_share = log_opt_values /usr/lib/python3/dist-packages/oslo_config/cfg.py:2609
2025-04-17 00:43:17.973 130769 DEBUG oslo_service.service [req-71ad0a25-37e2-465b-aa6d-304c24e025a2 - - - - -] hyperv.iscsi_initiator_list = [] log_opt_values /usr/lib/python3/dist-packages/oslo_config/cfg.py:2609
2025-04-17 00:43:17.987 130769 DEBUG oslo_service.service [req-71ad0a25-37e2-465b-aa6d-304c24e025a2 - - - - -] hyperv.limit_cpu_features = False log_opt_values /usr/lib/python3/dist-packages/oslo_config/cfg.py:2609
2025-04-17 00:43:17.987 131090 DEBUG oslo_messaging._drivers.amqpdriver [-] Listener is running poll /usr/lib/python3/dist-packages/oslo_messaging/_drivers/amqpdriver.py:343
2025-04-17 00:43:17.988 130769 DEBUG oslo_service.service [req-71ad0a25-37e2-465b-aa6d-304c24e025a2 - - - - -] hyperv.mounted_disk_query_retry_count = 10 log_opt_values /usr/lib/python3/dist-packages/oslo_config/cfg.py:2609
2025-04-17 00:43:17.988 131090 DEBUG oslo_messaging._drivers.amqpdriver [-] AMQPListener connection consume poll /usr/lib/python3/dist-packages/oslo_messaging/_drivers/amqpdriver.py:357
2025-04-17 00:43:17.988 130769 DEBUG oslo_service.service [req-71ad0a25-37e2-465b-aa6d-304c24e025a2 - - - - -] hyperv.mounted_disk_query_retry_interval = 5 log_opt_values /usr/lib/python3/dist-packages/oslo_config/cfg.py:2609
2025-04-17 00:43:17.989 130769 DEBUG oslo_service.service [req-71ad0a25-37e2-465b-aa6d-304c24e025a2 - - - - -] hyperv.power_state_check_timeframe = 60 log_opt_values /usr/lib/python3/dist-packages/oslo_config/cfg.py:2609
2025-04-17 00:43:17.989 130769 DEBUG oslo_service.service [req-71ad0a25-37e2-465b-aa6d-304c24e025a2 - - - - -] hyperv.power_state_event_polling_interval = 2 log_opt_values /usr/lib/python3/dist-packages/oslo_config/cfg.py:2609
2025-04-17 00:43:17.989 130769 DEBUG oslo_service.service [req-71ad0a25-37e2-465b-aa6d-304c24e025a2 - - - - -] hyperv.qemu_img_cmd = qemu-img.exe log_opt_values /usr/lib/python3/dist-packages/oslo_config/cfg.py:2609
2025-04-17 00:43:17.989 131091 DEBUG oslo_messaging._drivers.amqpdriver [-] Listener is running poll /usr/lib/python3/dist-packages/oslo_messaging/_drivers/amqpdriver.py:343
2025-04-17 00:43:17.989 130769 DEBUG oslo_service.service [req-71ad0a25-37e2-465b-aa6d-304c24e025a2 - - - - -] hyperv.use_multipath_io = False log_opt_values /usr/lib/python3/dist-packages/oslo_config/cfg.py:2609
2025-04-17 00:43:17.989 131091 DEBUG oslo_messaging._drivers.amqpdriver [-] AMQPListener connection consume poll /usr/lib/python3/dist-packages/oslo_messaging/_drivers/amqpdriver.py:357
2025-04-17 00:43:17.989 130769 DEBUG oslo_service.service [req-71ad0a25-37e2-465b-aa6d-304c24e025a2 - - - - -] hyperv.volume_attach_retry_count = 10 log_opt_values /usr/lib/python3/dist-packages/oslo_config/cfg.py:2609
2025-04-17 00:43:17.990 130769 DEBUG oslo_service.service [req-71ad0a25-37e2-465b-aa6d-304c24e025a2 - - - - -] hyperv.volume_attach_retry_interval = 5 log_opt_values /usr/lib/python3/dist-packages/oslo_config/cfg.py:2609
2025-04-17 00:43:17.990 130769 DEBUG oslo_service.service [req-71ad0a25-37e2-465b-aa6d-304c24e025a2 - - - - -] hyperv.vswitch_name = None log_opt_values /usr/lib/python3/dist-packages/oslo_config/cfg.py:2609
2025-04-17 00:43:17.989 131090 DEBUG nova.service [req-1ed5d899-f031-4755-9bcd-23af75645437 - - - - -] Join ServiceGroup membership for this service conductor start /usr/lib/python3/dist-packages/nova/service.py:199
2025-04-17 00:43:17.990 130769 DEBUG oslo_service.service [req-71ad0a25-37e2-465b-aa6d-304c24e025a2 - - - - -] hyperv.wait_soft_reboot_seconds = 60 log_opt_values /usr/lib/python3/dist-packages/oslo_config/cfg.py:2609
2025-04-17 00:43:17.990 131090 DEBUG nova.servicegroup.drivers.db [req-1ed5d899-f031-4755-9bcd-23af75645437 - - - - -] DB_Driver: join new ServiceGroup member juju-4bb83e-0-lxd-7 to the conductor group, service = join /usr/lib/python3/dist-packages/nova/servicegroup/drivers/db.py:44
2025-04-17 00:43:17.990 130769 DEBUG oslo_service.service [req-71ad0a25-37e2-465b-aa6d-304c24e025a2 - - - - -] mks.enabled = False log_opt_values /usr/lib/python3/dist-packages/oslo_config/cfg.py:2609
2025-04-17 00:43:17.990 131091 DEBUG nova.service [req-05e759f0-fd00-4027-b6e0-132d76728f68 - - - - -] Join ServiceGroup membership for this service conductor start /usr/lib/python3/dist-packages/nova/service.py:199
2025-04-17 00:43:17.991 130769 DEBUG oslo_service.service [req-71ad0a25-37e2-465b-aa6d-304c24e025a2 - - - - -] mks.mksproxy_base_url = http://127.0.0.1:6090/ log_opt_values /usr/lib/python3/dist-packages/oslo_config/cfg.py:2609
2025-04-17 00:43:17.992 130769 DEBUG oslo_service.service [req-71ad0a25-37e2-465b-aa6d-304c24e025a2 - - - - -] image_cache.manager_interval = 2400 log_opt_values /usr/lib/python3/dist-packages/oslo_config/cfg.py:2609
2025-04-17 00:43:17.992 130769 DEBUG oslo_service.service [req-71ad0a25-37e2-465b-aa6d-304c24e025a2 - - - - -] image_cache.precache_concurrency = 1 log_opt_values /usr/lib/python3/dist-packages/oslo_config/cfg.py:2609
2025-04-17 00:43:17.992 130769 DEBUG oslo_service.service [req-71ad0a25-37e2-465b-aa6d-304c24e025a2 - - - - -] image_cache.remove_unused_base_images = True log_opt_values /usr/lib/python3/dist-packages/oslo_config/cfg.py:2609
2025-04-17 00:43:17.993 131090 DEBUG oslo_messaging._drivers.amqpdriver [-] AMQPListener connection timeout poll /usr/lib/python3/dist-packages/oslo_messaging/_drivers/amqpdriver.py:360
2025-04-17 00:43:17.993 130769 DEBUG oslo_service.service [req-71ad0a25-37e2-465b-aa6d-304c24e025a2 - - - - -] image_cache.remove_unused_original_minimum_age_seconds = 86400 log_opt_values /usr/lib/python3/dist-packages/oslo_config/cfg.py:2609
2025-04-17 00:43:17.993 131090 DEBUG oslo_messaging._drivers.amqpdriver [-] Listener is running poll /usr/lib/python3/dist-packages/oslo_messaging/_drivers/amqpdriver.py:343
2025-04-17 00:43:17.993 131090 DEBUG oslo_messaging._drivers.amqpdriver [-] AMQPListener connection consume poll /usr/lib/python3/dist-packages/oslo_messaging/_drivers/amqpdriver.py:357
2025-04-17 00:43:17.993 130769 DEBUG oslo_service.service [req-71ad0a25-37e2-465b-aa6d-304c24e025a2 - - - - -] image_cache.remove_unused_resized_minimum_age_seconds = 3600 log_opt_values /usr/lib/python3/dist-packages/oslo_config/cfg.py:2609
2025-04-17 00:43:17.994 130769 DEBUG oslo_service.service [req-71ad0a25-37e2-465b-aa6d-304c24e025a2 - - - - -] image_cache.subdirectory_name = _base log_opt_values /usr/lib/python3/dist-packages/oslo_config/cfg.py:2609
2025-04-17 00:43:17.994 130769 DEBUG oslo_service.service [req-71ad0a25-37e2-465b-aa6d-304c24e025a2 - - - - -] ironic.api_max_retries = 60 log_opt_values /usr/lib/python3/dist-packages/oslo_config/cfg.py:2609
2025-04-17 00:43:17.994 130769 DEBUG oslo_service.service [req-71ad0a25-37e2-465b-aa6d-304c24e025a2 - - - - -] ironic.api_retry_interval = 2 log_opt_values /usr/lib/python3/dist-packages/oslo_config/cfg.py:2609
2025-04-17 00:43:17.991 131091 DEBUG nova.servicegroup.drivers.db [req-05e759f0-fd00-4027-b6e0-132d76728f68 - - - - -] DB_Driver: join new ServiceGroup member juju-4bb83e-0-lxd-7 to the conductor group, service = join /usr/lib/python3/dist-packages/nova/servicegroup/drivers/db.py:44
2025-04-17 00:43:17.994 130769 DEBUG oslo_service.service [req-71ad0a25-37e2-465b-aa6d-304c24e025a2 - - - - -] ironic.auth_section = None log_opt_values /usr/lib/python3/dist-packages/oslo_config/cfg.py:2609
2025-04-17 00:43:17.995 130769 DEBUG oslo_service.service [req-71ad0a25-37e2-465b-aa6d-304c24e025a2 - - - - -] ironic.auth_type = None log_opt_values /usr/lib/python3/dist-packages/oslo_config/cfg.py:2609
2025-04-17 00:43:17.995 130769 DEBUG oslo_service.service [req-71ad0a25-37e2-465b-aa6d-304c24e025a2 - - - - -] ironic.cafile = None log_opt_values /usr/lib/python3/dist-packages/oslo_config/cfg.py:2609
2025-04-17 00:43:17.995 130769 DEBUG oslo_service.service [req-71ad0a25-37e2-465b-aa6d-304c24e025a2 - - - - -] ironic.certfile = None log_opt_values /usr/lib/python3/dist-packages/oslo_config/cfg.py:2609
2025-04-17 00:43:17.996 130769 DEBUG oslo_service.service [req-71ad0a25-37e2-465b-aa6d-304c24e025a2 - - - - -] ironic.collect_timing = False log_opt_values /usr/lib/python3/dist-packages/oslo_config/cfg.py:2609
2025-04-17 00:43:17.996 130769 DEBUG oslo_service.service [req-71ad0a25-37e2-465b-aa6d-304c24e025a2 - - - - -] ironic.connect_retries = None log_opt_values /usr/lib/python3/dist-packages/oslo_config/cfg.py:2609
2025-04-17 00:43:17.996 130769 DEBUG oslo_service.service [req-71ad0a25-37e2-465b-aa6d-304c24e025a2 - - - - -] ironic.connect_retry_delay = None log_opt_values /usr/lib/python3/dist-packages/oslo_config/cfg.py:2609
2025-04-17 00:43:17.996 131092 DEBUG nova.service [req-49778e16-7bed-41c2-92ca-771f4ea45277 - - - - -] Creating RPC server for service conductor start /usr/lib/python3/dist-packages/nova/service.py:182
2025-04-17 00:43:17.996 130769 DEBUG oslo_service.service [req-71ad0a25-37e2-465b-aa6d-304c24e025a2 - - - - -] ironic.endpoint_override = None log_opt_values /usr/lib/python3/dist-packages/oslo_config/cfg.py:2609
2025-04-17 00:43:17.997 130769 DEBUG oslo_service.service [req-71ad0a25-37e2-465b-aa6d-304c24e025a2 - - - - -] ironic.insecure = False log_opt_values /usr/lib/python3/dist-packages/oslo_config/cfg.py:2609
2025-04-17 00:43:17.997 130769 DEBUG oslo_service.service [req-71ad0a25-37e2-465b-aa6d-304c24e025a2 - - - - -] ironic.keyfile = None log_opt_values /usr/lib/python3/dist-packages/oslo_config/cfg.py:2609
2025-04-17 00:43:17.997 130769 DEBUG oslo_service.service [req-71ad0a25-37e2-465b-aa6d-304c24e025a2 - - - - -] ironic.max_version = None log_opt_values /usr/lib/python3/dist-packages/oslo_config/cfg.py:2609
2025-04-17 00:43:17.997 130769 DEBUG oslo_service.service [req-71ad0a25-37e2-465b-aa6d-304c24e025a2 - - - - -] ironic.min_version = None log_opt_values /usr/lib/python3/dist-packages/oslo_config/cfg.py:2609
2025-04-17 00:43:17.997 130769 DEBUG oslo_service.service [req-71ad0a25-37e2-465b-aa6d-304c24e025a2 - - - - -] ironic.partition_key = None log_opt_values /usr/lib/python3/dist-packages/oslo_config/cfg.py:2609
2025-04-17 00:43:17.998 130769 DEBUG oslo_service.service [req-71ad0a25-37e2-465b-aa6d-304c24e025a2 - - - - -] ironic.peer_list = [] log_opt_values /usr/lib/python3/dist-packages/oslo_config/cfg.py:2609
2025-04-17 00:43:17.998 130769 DEBUG oslo_service.service [req-71ad0a25-37e2-465b-aa6d-304c24e025a2 - - - - -] ironic.region_name = None log_opt_values /usr/lib/python3/dist-packages/oslo_config/cfg.py:2609
2025-04-17 00:43:17.998 130769 DEBUG oslo_service.service [req-71ad0a25-37e2-465b-aa6d-304c24e025a2 - - - - -] ironic.serial_console_state_timeout = 10 log_opt_values /usr/lib/python3/dist-packages/oslo_config/cfg.py:2609
2025-04-17 00:43:17.998 130769 DEBUG oslo_service.service [req-71ad0a25-37e2-465b-aa6d-304c24e025a2 - - - - -] ironic.service_name = None log_opt_values /usr/lib/python3/dist-packages/oslo_config/cfg.py:2609
2025-04-17 00:43:17.999 130769 DEBUG oslo_service.service [req-71ad0a25-37e2-465b-aa6d-304c24e025a2 - - - - -] ironic.service_type = baremetal log_opt_values /usr/lib/python3/dist-packages/oslo_config/cfg.py:2609
2025-04-17 00:43:17.999 130769 DEBUG oslo_service.service [req-71ad0a25-37e2-465b-aa6d-304c24e025a2 - - - - -] ironic.split_loggers = False log_opt_values /usr/lib/python3/dist-packages/oslo_config/cfg.py:2609
2025-04-17 00:43:17.999 131089 DEBUG oslo_messaging._drivers.amqpdriver [req-a6ecf082-1e73-408c-9c68-fc41d251883f - - - - -] sending reply msg_id: ac07fce98f4649ffa4575c343f97e395 reply queue: reply_ce1f946ed80a478cbf464eb5721c9342 time elapsed: 0.03312887899983252s _send_reply /usr/lib/python3/dist-packages/oslo_messaging/_drivers/amqpdriver.py:118
2025-04-17 00:43:17.999 130769 DEBUG oslo_service.service [req-71ad0a25-37e2-465b-aa6d-304c24e025a2 - - - - -] ironic.status_code_retries = None log_opt_values /usr/lib/python3/dist-packages/oslo_config/cfg.py:2609
2025-04-17 00:43:17.999 130769 DEBUG oslo_service.service [req-71ad0a25-37e2-465b-aa6d-304c24e025a2 - - - - -] ironic.status_code_retry_delay = None log_opt_values /usr/lib/python3/dist-packages/oslo_config/cfg.py:2609
2025-04-17 00:43:17.999 130769 DEBUG oslo_service.service [req-71ad0a25-37e2-465b-aa6d-304c24e025a2 - - - - -] ironic.timeout = None log_opt_values /usr/lib/python3/dist-packages/oslo_config/cfg.py:2609
2025-04-17 00:43:18.000 130769 DEBUG oslo_service.service [req-71ad0a25-37e2-465b-aa6d-304c24e025a2 - - - - -] ironic.valid_interfaces = ['internal', 'public'] log_opt_values /usr/lib/python3/dist-packages/oslo_config/cfg.py:2609
2025-04-17 00:43:18.000 130769 DEBUG oslo_service.service [req-71ad0a25-37e2-465b-aa6d-304c24e025a2 - - - - -] ironic.version = None log_opt_values /usr/lib/python3/dist-packages/oslo_config/cfg.py:2609
2025-04-17 00:43:18.000 130769 DEBUG oslo_service.service [req-71ad0a25-37e2-465b-aa6d-304c24e025a2 - - - - -] key_manager.backend = barbican log_opt_values /usr/lib/python3/dist-packages/oslo_config/cfg.py:2609
2025-04-17 00:43:18.000 130769 DEBUG oslo_service.service [req-71ad0a25-37e2-465b-aa6d-304c24e025a2 - - - - -] key_manager.fixed_key = **** log_opt_values /usr/lib/python3/dist-packages/oslo_config/cfg.py:2609
2025-04-17 00:43:18.000 130769 DEBUG oslo_service.service [req-71ad0a25-37e2-465b-aa6d-304c24e025a2 - - - - -] barbican.auth_endpoint = http://localhost/identity/v3 log_opt_values /usr/lib/python3/dist-packages/oslo_config/cfg.py:2609
2025-04-17 00:43:18.001 130769 DEBUG oslo_service.service [req-71ad0a25-37e2-465b-aa6d-304c24e025a2 - - - - -] barbican.barbican_api_version = None log_opt_values /usr/lib/python3/dist-packages/oslo_config/cfg.py:2609
2025-04-17 00:43:18.001 130769 DEBUG oslo_service.service [req-71ad0a25-37e2-465b-aa6d-304c24e025a2 - - - - -] barbican.barbican_endpoint = None log_opt_values /usr/lib/python3/dist-packages/oslo_config/cfg.py:2609
2025-04-17 00:43:18.001 130769 DEBUG oslo_service.service [req-71ad0a25-37e2-465b-aa6d-304c24e025a2 - - - - -] barbican.barbican_endpoint_type = public log_opt_values /usr/lib/python3/dist-packages/oslo_config/cfg.py:2609
2025-04-17 00:43:18.001 130769 DEBUG oslo_service.service [req-71ad0a25-37e2-465b-aa6d-304c24e025a2 - - - - -] barbican.barbican_region_name = None log_opt_values /usr/lib/python3/dist-packages/oslo_config/cfg.py:2609
2025-04-17 00:43:18.001 130769 DEBUG oslo_service.service [req-71ad0a25-37e2-465b-aa6d-304c24e025a2 - - - - -] barbican.cafile = None log_opt_values /usr/lib/python3/dist-packages/oslo_config/cfg.py:2609
2025-04-17 00:43:18.002 130769 DEBUG oslo_service.service [req-71ad0a25-37e2-465b-aa6d-304c24e025a2 - - - - -] barbican.certfile = None log_opt_values /usr/lib/python3/dist-packages/oslo_config/cfg.py:2609
2025-04-17 00:43:18.002 130769 DEBUG oslo_service.service [req-71ad0a25-37e2-465b-aa6d-304c24e025a2 - - - - -] barbican.collect_timing = False log_opt_values /usr/lib/python3/dist-packages/oslo_config/cfg.py:2609
2025-04-17 00:43:18.002 130769 DEBUG oslo_service.service [req-71ad0a25-37e2-465b-aa6d-304c24e025a2 - - - - -] barbican.insecure = False log_opt_values /usr/lib/python3/dist-packages/oslo_config/cfg.py:2609
2025-04-17 00:43:18.002 130769 DEBUG oslo_service.service [req-71ad0a25-37e2-465b-aa6d-304c24e025a2 - - - - -] barbican.keyfile = None log_opt_values /usr/lib/python3/dist-packages/oslo_config/cfg.py:2609
2025-04-17 00:43:18.002 130769 DEBUG oslo_service.service [req-71ad0a25-37e2-465b-aa6d-304c24e025a2 - - - - -] barbican.number_of_retries = 60 log_opt_values /usr/lib/python3/dist-packages/oslo_config/cfg.py:2609
2025-04-17 00:43:18.002 131091 DEBUG oslo_messaging._drivers.amqpdriver [-] AMQPListener connection timeout poll /usr/lib/python3/dist-packages/oslo_messaging/_drivers/amqpdriver.py:360
2025-04-17 00:43:18.003 130769 DEBUG oslo_service.service [req-71ad0a25-37e2-465b-aa6d-304c24e025a2 - - - - -] barbican.retry_delay = 1 log_opt_values /usr/lib/python3/dist-packages/oslo_config/cfg.py:2609
2025-04-17 00:43:18.003 131091 DEBUG oslo_messaging._drivers.amqpdriver [-] Listener is running poll /usr/lib/python3/dist-packages/oslo_messaging/_drivers/amqpdriver.py:343
2025-04-17 00:43:18.003 131091 DEBUG oslo_messaging._drivers.amqpdriver [-] AMQPListener connection consume poll /usr/lib/python3/dist-packages/oslo_messaging/_drivers/amqpdriver.py:357
2025-04-17 00:43:18.003 130769 DEBUG oslo_service.service [req-71ad0a25-37e2-465b-aa6d-304c24e025a2 - - - - -] barbican.send_service_user_token = False log_opt_values /usr/lib/python3/dist-packages/oslo_config/cfg.py:2609
2025-04-17 00:43:18.004 130769 DEBUG oslo_service.service [req-71ad0a25-37e2-465b-aa6d-304c24e025a2 - - - - -] barbican.split_loggers = False log_opt_values /usr/lib/python3/dist-packages/oslo_config/cfg.py:2609
2025-04-17 00:43:18.004 130769 DEBUG oslo_service.service [req-71ad0a25-37e2-465b-aa6d-304c24e025a2 - - - - -] barbican.timeout = None log_opt_values /usr/lib/python3/dist-packages/oslo_config/cfg.py:2609
2025-04-17 00:43:18.004 130769 DEBUG oslo_service.service [req-71ad0a25-37e2-465b-aa6d-304c24e025a2 - - - - -] barbican.verify_ssl = True log_opt_values /usr/lib/python3/dist-packages/oslo_config/cfg.py:2609
2025-04-17 00:43:18.004 130769 DEBUG oslo_service.service [req-71ad0a25-37e2-465b-aa6d-304c24e025a2 - - - - -] barbican.verify_ssl_path = None log_opt_values /usr/lib/python3/dist-packages/oslo_config/cfg.py:2609
2025-04-17 00:43:18.005 130769 DEBUG oslo_service.service [req-71ad0a25-37e2-465b-aa6d-304c24e025a2 - - - - -] barbican_service_user.auth_section = None log_opt_values /usr/lib/python3/dist-packages/oslo_config/cfg.py:2609
2025-04-17 00:43:18.005 130769 DEBUG oslo_service.service [req-71ad0a25-37e2-465b-aa6d-304c24e025a2 - - - - -] barbican_service_user.auth_type = None log_opt_values /usr/lib/python3/dist-packages/oslo_config/cfg.py:2609
2025-04-17 00:43:18.005 130769 DEBUG oslo_service.service [req-71ad0a25-37e2-465b-aa6d-304c24e025a2 - - - - -] barbican_service_user.cafile = None log_opt_values /usr/lib/python3/dist-packages/oslo_config/cfg.py:2609
2025-04-17 00:43:18.005 130769 DEBUG oslo_service.service [req-71ad0a25-37e2-465b-aa6d-304c24e025a2 - - - - -] barbican_service_user.certfile = None log_opt_values /usr/lib/python3/dist-packages/oslo_config/cfg.py:2609
2025-04-17 00:43:18.005 130769 DEBUG oslo_service.service [req-71ad0a25-37e2-465b-aa6d-304c24e025a2 - - - - -] barbican_service_user.collect_timing = False log_opt_values /usr/lib/python3/dist-packages/oslo_config/cfg.py:2609
2025-04-17 00:43:18.006 130769 DEBUG oslo_service.service [req-71ad0a25-37e2-465b-aa6d-304c24e025a2 - - - - -] barbican_service_user.insecure = False log_opt_values /usr/lib/python3/dist-packages/oslo_config/cfg.py:2609
2025-04-17 00:43:18.006 130769 DEBUG oslo_service.service [req-71ad0a25-37e2-465b-aa6d-304c24e025a2 - - - - -] barbican_service_user.keyfile = None log_opt_values /usr/lib/python3/dist-packages/oslo_config/cfg.py:2609
2025-04-17 00:43:18.006 130769 DEBUG oslo_service.service [req-71ad0a25-37e2-465b-aa6d-304c24e025a2 - - - - -] barbican_service_user.split_loggers = False log_opt_values /usr/lib/python3/dist-packages/oslo_config/cfg.py:2609
2025-04-17 00:43:18.006 130769 DEBUG oslo_service.service [req-71ad0a25-37e2-465b-aa6d-304c24e025a2 - - - - -] barbican_service_user.timeout = None log_opt_values /usr/lib/python3/dist-packages/oslo_config/cfg.py:2609
2025-04-17 00:43:18.006 130769 DEBUG oslo_service.service [req-71ad0a25-37e2-465b-aa6d-304c24e025a2 - - - - -] vault.approle_role_id = None log_opt_values /usr/lib/python3/dist-packages/oslo_config/cfg.py:2609
2025-04-17 00:43:18.007 130769 DEBUG oslo_service.service [req-71ad0a25-37e2-465b-aa6d-304c24e025a2 - - - - -] vault.approle_secret_id = None log_opt_values /usr/lib/python3/dist-packages/oslo_config/cfg.py:2609
2025-04-17 00:43:18.007 130769 DEBUG oslo_service.service [req-71ad0a25-37e2-465b-aa6d-304c24e025a2 - - - - -] vault.cafile = None log_opt_values /usr/lib/python3/dist-packages/oslo_config/cfg.py:2609
2025-04-17 00:43:18.008 130769 DEBUG oslo_service.service [req-71ad0a25-37e2-465b-aa6d-304c24e025a2 - - - - -] vault.certfile = None log_opt_values /usr/lib/python3/dist-packages/oslo_config/cfg.py:2609
2025-04-17 00:43:18.008 131089 DEBUG oslo_messaging._drivers.amqpdriver [-] received message msg_id: 8eca6126e1a24f178c3a729e2528ebd5 reply to reply_ce1f946ed80a478cbf464eb5721c9342 __call__ /usr/lib/python3/dist-packages/oslo_messaging/_drivers/amqpdriver.py:320
2025-04-17 00:43:18.009 130769 DEBUG oslo_service.service [req-71ad0a25-37e2-465b-aa6d-304c24e025a2 - - - - -] vault.collect_timing = False log_opt_values /usr/lib/python3/dist-packages/oslo_config/cfg.py:2609
2025-04-17 00:43:18.009 130769 DEBUG oslo_service.service [req-71ad0a25-37e2-465b-aa6d-304c24e025a2 - - - - -] vault.insecure = False log_opt_values /usr/lib/python3/dist-packages/oslo_config/cfg.py:2609
2025-04-17 00:43:18.009 131089 DEBUG oslo_messaging._drivers.amqpdriver [-] Listener is running poll /usr/lib/python3/dist-packages/oslo_messaging/_drivers/amqpdriver.py:343
2025-04-17 00:43:18.009 130769 DEBUG oslo_service.service [req-71ad0a25-37e2-465b-aa6d-304c24e025a2 - - - - -] vault.keyfile = None log_opt_values /usr/lib/python3/dist-packages/oslo_config/cfg.py:2609
2025-04-17 00:43:18.009 131089 DEBUG oslo_messaging._drivers.amqpdriver [-] Poll the incoming message with unique_id: 07f2b1f71894484097f1716509432b82 poll /usr/lib/python3/dist-packages/oslo_messaging/_drivers/amqpdriver.py:346
2025-04-17 00:43:18.010 130769 DEBUG oslo_service.service [req-71ad0a25-37e2-465b-aa6d-304c24e025a2 - - - - -] vault.kv_mountpoint = secret log_opt_values /usr/lib/python3/dist-packages/oslo_config/cfg.py:2609
2025-04-17 00:43:18.010 130769 DEBUG oslo_service.service [req-71ad0a25-37e2-465b-aa6d-304c24e025a2 - - - - -] vault.kv_version = 2 log_opt_values /usr/lib/python3/dist-packages/oslo_config/cfg.py:2609
2025-04-17 00:43:18.010 131089 DEBUG oslo_messaging._drivers.amqpdriver [-] Listener is running poll /usr/lib/python3/dist-packages/oslo_messaging/_drivers/amqpdriver.py:343
2025-04-17 00:43:18.010 130769 DEBUG oslo_service.service [req-71ad0a25-37e2-465b-aa6d-304c24e025a2 - - - - -] vault.namespace = None log_opt_values /usr/lib/python3/dist-packages/oslo_config/cfg.py:2609
2025-04-17 00:43:18.011 130769 DEBUG oslo_service.service [req-71ad0a25-37e2-465b-aa6d-304c24e025a2 - - - - -] vault.root_token_id = None log_opt_values /usr/lib/python3/dist-packages/oslo_config/cfg.py:2609
2025-04-17 00:43:18.011 131089 DEBUG oslo_messaging._drivers.amqpdriver [-] AMQPListener connection consume poll /usr/lib/python3/dist-packages/oslo_messaging/_drivers/amqpdriver.py:357
2025-04-17 00:43:18.011 130769 DEBUG oslo_service.service [req-71ad0a25-37e2-465b-aa6d-304c24e025a2 - - - - -] vault.split_loggers = False log_opt_values /usr/lib/python3/dist-packages/oslo_config/cfg.py:2609
2025-04-17 00:43:18.011 130769 DEBUG oslo_service.service [req-71ad0a25-37e2-465b-aa6d-304c24e025a2 - - - - -] vault.ssl_ca_crt_file = None log_opt_values /usr/lib/python3/dist-packages/oslo_config/cfg.py:2609
2025-04-17 00:43:18.011 130769 DEBUG oslo_service.service [req-71ad0a25-37e2-465b-aa6d-304c24e025a2 - - - - -] vault.timeout = None log_opt_values /usr/lib/python3/dist-packages/oslo_config/cfg.py:2609
2025-04-17 00:43:18.012 130769 DEBUG oslo_service.service [req-71ad0a25-37e2-465b-aa6d-304c24e025a2 - - - - -] vault.use_ssl = False log_opt_values /usr/lib/python3/dist-packages/oslo_config/cfg.py:2609
2025-04-17 00:43:18.012 130769 DEBUG oslo_service.service [req-71ad0a25-37e2-465b-aa6d-304c24e025a2 - - - - -] vault.vault_url = http://127.0.0.1:8200 log_opt_values /usr/lib/python3/dist-packages/oslo_config/cfg.py:2609
2025-04-17 00:43:18.012 130769 DEBUG oslo_service.service [req-71ad0a25-37e2-465b-aa6d-304c24e025a2 - - - - -] keystone.cafile = None log_opt_values /usr/lib/python3/dist-packages/oslo_config/cfg.py:2609
2025-04-17 00:43:18.012 130769 DEBUG oslo_service.service [req-71ad0a25-37e2-465b-aa6d-304c24e025a2 - - - - -] keystone.certfile = None log_opt_values /usr/lib/python3/dist-packages/oslo_config/cfg.py:2609
2025-04-17 00:43:18.013 130769 DEBUG oslo_service.service [req-71ad0a25-37e2-465b-aa6d-304c24e025a2 - - - - -] keystone.collect_timing = False log_opt_values /usr/lib/python3/dist-packages/oslo_config/cfg.py:2609
2025-04-17 00:43:18.013 130769 DEBUG oslo_service.service [req-71ad0a25-37e2-465b-aa6d-304c24e025a2 - - - - -] keystone.connect_retries = None log_opt_values /usr/lib/python3/dist-packages/oslo_config/cfg.py:2609
2025-04-17 00:43:18.013 130769 DEBUG oslo_service.service [req-71ad0a25-37e2-465b-aa6d-304c24e025a2 - - - - -] keystone.connect_retry_delay = None log_opt_values /usr/lib/python3/dist-packages/oslo_config/cfg.py:2609
2025-04-17 00:43:18.013 130769 DEBUG oslo_service.service [req-71ad0a25-37e2-465b-aa6d-304c24e025a2 - - - - -] keystone.endpoint_override = None log_opt_values /usr/lib/python3/dist-packages/oslo_config/cfg.py:2609
2025-04-17 00:43:18.014 130769 DEBUG oslo_service.service [req-71ad0a25-37e2-465b-aa6d-304c24e025a2 - - - - -] keystone.insecure = False log_opt_values /usr/lib/python3/dist-packages/oslo_config/cfg.py:2609
2025-04-17 00:43:18.014 130769 DEBUG oslo_service.service [req-71ad0a25-37e2-465b-aa6d-304c24e025a2 - - - - -] keystone.keyfile = None log_opt_values /usr/lib/python3/dist-packages/oslo_config/cfg.py:2609
2025-04-17 00:43:18.014 130769 DEBUG oslo_service.service [req-71ad0a25-37e2-465b-aa6d-304c24e025a2 - - - - -] keystone.max_version = None log_opt_values /usr/lib/python3/dist-packages/oslo_config/cfg.py:2609
2025-04-17 00:43:18.014 130769 DEBUG oslo_service.service [req-71ad0a25-37e2-465b-aa6d-304c24e025a2 - - - - -] keystone.min_version = None log_opt_values /usr/lib/python3/dist-packages/oslo_config/cfg.py:2609
2025-04-17 00:43:18.014 130769 DEBUG oslo_service.service [req-71ad0a25-37e2-465b-aa6d-304c24e025a2 - - - - -] keystone.region_name = None log_opt_values /usr/lib/python3/dist-packages/oslo_config/cfg.py:2609
2025-04-17 00:43:18.015 130769 DEBUG oslo_service.service [req-71ad0a25-37e2-465b-aa6d-304c24e025a2 - - - - -] keystone.service_name = None log_opt_values /usr/lib/python3/dist-packages/oslo_config/cfg.py:2609
2025-04-17 00:43:18.015 130769 DEBUG oslo_service.service [req-71ad0a25-37e2-465b-aa6d-304c24e025a2 - - - - -] keystone.service_type = identity log_opt_values /usr/lib/python3/dist-packages/oslo_config/cfg.py:2609
2025-04-17 00:43:18.015 130769 DEBUG oslo_service.service [req-71ad0a25-37e2-465b-aa6d-304c24e025a2 - - - - -] keystone.split_loggers = False log_opt_values /usr/lib/python3/dist-packages/oslo_config/cfg.py:2609
