2025-04-17 00:43:18.015 130769 DEBUG oslo_service.service [req-71ad0a25-37e2-465b-aa6d-304c24e025a2 - - - - -] keystone.status_code_retries = None log_opt_values /usr/lib/python3/dist-packages/oslo_config/cfg.py:2609
2025-04-17 00:43:18.015 130769 DEBUG oslo_service.service [req-71ad0a25-37e2-465b-aa6d-304c24e025a2 - - - - -] keystone.status_code_retry_delay = None log_opt_values /usr/lib/python3/dist-packages/oslo_config/cfg.py:2609
2025-04-17 00:43:18.016 130769 DEBUG oslo_service.service [req-71ad0a25-37e2-465b-aa6d-304c24e025a2 - - - - -] keystone.timeout = None log_opt_values /usr/lib/python3/dist-packages/oslo_config/cfg.py:2609
2025-04-17 00:43:18.016 130769 DEBUG oslo_service.service [req-71ad0a25-37e2-465b-aa6d-304c24e025a2 - - - - -] keystone.valid_interfaces = ['internal', 'public'] log_opt_values /usr/lib/python3/dist-packages/oslo_config/cfg.py:2609
2025-04-17 00:43:18.016 130769 DEBUG oslo_service.service [req-71ad0a25-37e2-465b-aa6d-304c24e025a2 - - - - -] keystone.version = None log_opt_values /usr/lib/python3/dist-packages/oslo_config/cfg.py:2609
2025-04-17 00:43:18.016 130769 DEBUG oslo_service.service [req-71ad0a25-37e2-465b-aa6d-304c24e025a2 - - - - -] libvirt.connection_uri = log_opt_values /usr/lib/python3/dist-packages/oslo_config/cfg.py:2609
2025-04-17 00:43:18.017 131089 DEBUG oslo_messaging._drivers.amqpdriver [-] AMQPListener connection timeout poll /usr/lib/python3/dist-packages/oslo_messaging/_drivers/amqpdriver.py:360
2025-04-17 00:43:18.017 130769 DEBUG oslo_service.service [req-71ad0a25-37e2-465b-aa6d-304c24e025a2 - - - - -] libvirt.cpu_mode = None log_opt_values /usr/lib/python3/dist-packages/oslo_config/cfg.py:2609
2025-04-17 00:43:18.017 131089 DEBUG oslo_messaging._drivers.amqpdriver [-] Listener is running poll /usr/lib/python3/dist-packages/oslo_messaging/_drivers/amqpdriver.py:343
2025-04-17 00:43:18.017 131089 DEBUG oslo_messaging._drivers.amqpdriver [-] AMQPListener connection consume poll /usr/lib/python3/dist-packages/oslo_messaging/_drivers/amqpdriver.py:357
2025-04-17 00:43:18.017 130769 DEBUG oslo_service.service [req-71ad0a25-37e2-465b-aa6d-304c24e025a2 - - - - -] libvirt.cpu_model_extra_flags = [] log_opt_values /usr/lib/python3/dist-packages/oslo_config/cfg.py:2609
2025-04-17 00:43:18.018 130769 DEBUG oslo_service.service [req-71ad0a25-37e2-465b-aa6d-304c24e025a2 - - - - -] libvirt.cpu_models = [] log_opt_values /usr/lib/python3/dist-packages/oslo_config/cfg.py:2609
2025-04-17 00:43:18.018 130769 DEBUG oslo_service.service [req-71ad0a25-37e2-465b-aa6d-304c24e025a2 - - - - -] libvirt.device_detach_attempts = 8 log_opt_values /usr/lib/python3/dist-packages/oslo_config/cfg.py:2609
2025-04-17 00:43:18.018 130769 DEBUG oslo_service.service [req-71ad0a25-37e2-465b-aa6d-304c24e025a2 - - - - -] libvirt.device_detach_timeout = 20 log_opt_values /usr/lib/python3/dist-packages/oslo_config/cfg.py:2609
2025-04-17 00:43:18.018 130769 DEBUG oslo_service.service [req-71ad0a25-37e2-465b-aa6d-304c24e025a2 - - - - -] libvirt.disk_cachemodes = [] log_opt_values /usr/lib/python3/dist-packages/oslo_config/cfg.py:2609
2025-04-17 00:43:18.018 130769 DEBUG oslo_service.service [req-71ad0a25-37e2-465b-aa6d-304c24e025a2 - - - - -] libvirt.disk_prefix = None log_opt_values /usr/lib/python3/dist-packages/oslo_config/cfg.py:2609
2025-04-17 00:43:18.019 130769 DEBUG oslo_service.service [req-71ad0a25-37e2-465b-aa6d-304c24e025a2 - - - - -] libvirt.enabled_perf_events = [] log_opt_values /usr/lib/python3/dist-packages/oslo_config/cfg.py:2609
2025-04-17 00:43:18.019 130769 DEBUG oslo_service.service [req-71ad0a25-37e2-465b-aa6d-304c24e025a2 - - - - -] libvirt.file_backed_memory = 0 log_opt_values /usr/lib/python3/dist-packages/oslo_config/cfg.py:2609
2025-04-17 00:43:18.020 130769 DEBUG oslo_service.service [req-71ad0a25-37e2-465b-aa6d-304c24e025a2 - - - - -] libvirt.gid_maps = [] log_opt_values /usr/lib/python3/dist-packages/oslo_config/cfg.py:2609
2025-04-17 00:43:18.020 130769 DEBUG oslo_service.service [req-71ad0a25-37e2-465b-aa6d-304c24e025a2 - - - - -] libvirt.hw_disk_discard = None log_opt_values /usr/lib/python3/dist-packages/oslo_config/cfg.py:2609
2025-04-17 00:43:18.020 130769 DEBUG oslo_service.service [req-71ad0a25-37e2-465b-aa6d-304c24e025a2 - - - - -] libvirt.hw_machine_type = None log_opt_values /usr/lib/python3/dist-packages/oslo_config/cfg.py:2609
2025-04-17 00:43:18.020 130769 DEBUG oslo_service.service [req-71ad0a25-37e2-465b-aa6d-304c24e025a2 - - - - -] libvirt.images_rbd_ceph_conf = log_opt_values /usr/lib/python3/dist-packages/oslo_config/cfg.py:2609
2025-04-17 00:43:18.021 130769 DEBUG oslo_service.service [req-71ad0a25-37e2-465b-aa6d-304c24e025a2 - - - - -] libvirt.images_rbd_glance_copy_poll_interval = 15 log_opt_values /usr/lib/python3/dist-packages/oslo_config/cfg.py:2609
2025-04-17 00:43:18.021 130769 DEBUG oslo_service.service [req-71ad0a25-37e2-465b-aa6d-304c24e025a2 - - - - -] libvirt.images_rbd_glance_copy_timeout = 600 log_opt_values /usr/lib/python3/dist-packages/oslo_config/cfg.py:2609
2025-04-17 00:43:18.021 130769 DEBUG oslo_service.service [req-71ad0a25-37e2-465b-aa6d-304c24e025a2 - - - - -] libvirt.images_rbd_glance_store_name = log_opt_values /usr/lib/python3/dist-packages/oslo_config/cfg.py:2609
2025-04-17 00:43:18.021 130769 DEBUG oslo_service.service [req-71ad0a25-37e2-465b-aa6d-304c24e025a2 - - - - -] libvirt.images_rbd_pool = rbd log_opt_values /usr/lib/python3/dist-packages/oslo_config/cfg.py:2609
2025-04-17 00:43:18.022 130769 DEBUG oslo_service.service [req-71ad0a25-37e2-465b-aa6d-304c24e025a2 - - - - -] libvirt.images_type = default log_opt_values /usr/lib/python3/dist-packages/oslo_config/cfg.py:2609
2025-04-17 00:43:18.023 130769 DEBUG oslo_service.service [req-71ad0a25-37e2-465b-aa6d-304c24e025a2 - - - - -] libvirt.images_volume_group = None log_opt_values /usr/lib/python3/dist-packages/oslo_config/cfg.py:2609
2025-04-17 00:43:18.023 130769 DEBUG oslo_service.service [req-71ad0a25-37e2-465b-aa6d-304c24e025a2 - - - - -] libvirt.inject_key = False log_opt_values /usr/lib/python3/dist-packages/oslo_config/cfg.py:2609
2025-04-17 00:43:18.023 130769 DEBUG oslo_service.service [req-71ad0a25-37e2-465b-aa6d-304c24e025a2 - - - - -] libvirt.inject_partition = -2 log_opt_values /usr/lib/python3/dist-packages/oslo_config/cfg.py:2609
2025-04-17 00:43:18.024 130769 DEBUG oslo_service.service [req-71ad0a25-37e2-465b-aa6d-304c24e025a2 - - - - -] libvirt.inject_password = False log_opt_values /usr/lib/python3/dist-packages/oslo_config/cfg.py:2609
2025-04-17 00:43:18.024 130769 DEBUG oslo_service.service [req-71ad0a25-37e2-465b-aa6d-304c24e025a2 - - - - -] libvirt.iscsi_iface = None log_opt_values /usr/lib/python3/dist-packages/oslo_config/cfg.py:2609
2025-04-17 00:43:18.024 130769 DEBUG oslo_service.service [req-71ad0a25-37e2-465b-aa6d-304c24e025a2 - - - - -] libvirt.iser_use_multipath = False log_opt_values /usr/lib/python3/dist-packages/oslo_config/cfg.py:2609
2025-04-17 00:43:18.025 130769 DEBUG oslo_service.service [req-71ad0a25-37e2-465b-aa6d-304c24e025a2 - - - - -] libvirt.live_migration_bandwidth = 0 log_opt_values /usr/lib/python3/dist-packages/oslo_config/cfg.py:2609
2025-04-17 00:43:18.025 130769 DEBUG oslo_service.service [req-71ad0a25-37e2-465b-aa6d-304c24e025a2 - - - - -] libvirt.live_migration_completion_timeout = 800 log_opt_values /usr/lib/python3/dist-packages/oslo_config/cfg.py:2609
2025-04-17 00:43:18.026 130769 DEBUG oslo_service.service [req-71ad0a25-37e2-465b-aa6d-304c24e025a2 - - - - -] libvirt.live_migration_downtime = 500 log_opt_values /usr/lib/python3/dist-packages/oslo_config/cfg.py:2609
2025-04-17 00:43:18.026 130769 DEBUG oslo_service.service [req-71ad0a25-37e2-465b-aa6d-304c24e025a2 - - - - -] libvirt.live_migration_downtime_delay = 75 log_opt_values /usr/lib/python3/dist-packages/oslo_config/cfg.py:2609
2025-04-17 00:43:18.026 130769 DEBUG oslo_service.service [req-71ad0a25-37e2-465b-aa6d-304c24e025a2 - - - - -] libvirt.live_migration_downtime_steps = 10 log_opt_values /usr/lib/python3/dist-packages/oslo_config/cfg.py:2609
2025-04-17 00:43:18.027 130769 DEBUG oslo_service.service [req-71ad0a25-37e2-465b-aa6d-304c24e025a2 - - - - -] libvirt.live_migration_inbound_addr = None log_opt_values /usr/lib/python3/dist-packages/oslo_config/cfg.py:2609
2025-04-17 00:43:18.027 130769 DEBUG oslo_service.service [req-71ad0a25-37e2-465b-aa6d-304c24e025a2 - - - - -] libvirt.live_migration_permit_auto_converge = False log_opt_values /usr/lib/python3/dist-packages/oslo_config/cfg.py:2609
2025-04-17 00:43:18.028 130769 DEBUG oslo_service.service [req-71ad0a25-37e2-465b-aa6d-304c24e025a2 - - - - -] libvirt.live_migration_permit_post_copy = False log_opt_values /usr/lib/python3/dist-packages/oslo_config/cfg.py:2609
2025-04-17 00:43:18.028 130769 DEBUG oslo_service.service [req-71ad0a25-37e2-465b-aa6d-304c24e025a2 - - - - -] libvirt.live_migration_scheme = None log_opt_values /usr/lib/python3/dist-packages/oslo_config/cfg.py:2609
2025-04-17 00:43:18.028 130769 DEBUG oslo_service.service [req-71ad0a25-37e2-465b-aa6d-304c24e025a2 - - - - -] libvirt.live_migration_timeout_action = abort log_opt_values /usr/lib/python3/dist-packages/oslo_config/cfg.py:2609
2025-04-17 00:43:18.029 130769 DEBUG oslo_service.service [req-71ad0a25-37e2-465b-aa6d-304c24e025a2 - - - - -] libvirt.live_migration_tunnelled = False log_opt_values /usr/lib/python3/dist-packages/oslo_config/cfg.py:2609
2025-04-17 00:43:18.029 130769 DEBUG oslo_service.service [req-71ad0a25-37e2-465b-aa6d-304c24e025a2 - - - - -] libvirt.live_migration_uri = None log_opt_values /usr/lib/python3/dist-packages/oslo_config/cfg.py:2609
2025-04-17 00:43:18.029 130769 DEBUG oslo_service.service [req-71ad0a25-37e2-465b-aa6d-304c24e025a2 - - - - -] libvirt.live_migration_with_native_tls = False log_opt_values /usr/lib/python3/dist-packages/oslo_config/cfg.py:2609
2025-04-17 00:43:18.030 130769 DEBUG oslo_service.service [req-71ad0a25-37e2-465b-aa6d-304c24e025a2 - - - - -] libvirt.max_queues = None log_opt_values /usr/lib/python3/dist-packages/oslo_config/cfg.py:2609
2025-04-17 00:43:18.030 130769 DEBUG oslo_service.service [req-71ad0a25-37e2-465b-aa6d-304c24e025a2 - - - - -] libvirt.mem_stats_period_seconds = 10 log_opt_values /usr/lib/python3/dist-packages/oslo_config/cfg.py:2609
2025-04-17 00:43:18.030 130769 DEBUG oslo_service.service [req-71ad0a25-37e2-465b-aa6d-304c24e025a2 - - - - -] libvirt.nfs_mount_options = None log_opt_values /usr/lib/python3/dist-packages/oslo_config/cfg.py:2609
2025-04-17 00:43:18.031 130769 DEBUG oslo_service.service [req-71ad0a25-37e2-465b-aa6d-304c24e025a2 - - - - -] libvirt.nfs_mount_point_base = /var/lib/nova/mnt log_opt_values /usr/lib/python3/dist-packages/oslo_config/cfg.py:2609
2025-04-17 00:43:18.031 130769 DEBUG oslo_service.service [req-71ad0a25-37e2-465b-aa6d-304c24e025a2 - - - - -] libvirt.num_aoe_discover_tries = 3 log_opt_values /usr/lib/python3/dist-packages/oslo_config/cfg.py:2609
2025-04-17 00:43:18.032 130769 DEBUG oslo_service.service [req-71ad0a25-37e2-465b-aa6d-304c24e025a2 - - - - -] libvirt.num_iser_scan_tries = 5 log_opt_values /usr/lib/python3/dist-packages/oslo_config/cfg.py:2609
2025-04-17 00:43:18.032 130769 DEBUG oslo_service.service [req-71ad0a25-37e2-465b-aa6d-304c24e025a2 - - - - -] libvirt.num_memory_encrypted_guests = None log_opt_values /usr/lib/python3/dist-packages/oslo_config/cfg.py:2609
2025-04-17 00:43:18.032 130769 DEBUG oslo_service.service [req-71ad0a25-37e2-465b-aa6d-304c24e025a2 - - - - -] libvirt.num_nvme_discover_tries = 5 log_opt_values /usr/lib/python3/dist-packages/oslo_config/cfg.py:2609
2025-04-17 00:43:18.032 131092 DEBUG oslo_messaging._drivers.amqpdriver [-] Listener is running poll /usr/lib/python3/dist-packages/oslo_messaging/_drivers/amqpdriver.py:343
2025-04-17 00:43:18.033 130769 DEBUG oslo_service.service [req-71ad0a25-37e2-465b-aa6d-304c24e025a2 - - - - -] libvirt.num_pcie_ports = 0 log_opt_values /usr/lib/python3/dist-packages/oslo_config/cfg.py:2609
2025-04-17 00:43:18.033 131092 DEBUG oslo_messaging._drivers.amqpdriver [-] AMQPListener connection consume poll /usr/lib/python3/dist-packages/oslo_messaging/_drivers/amqpdriver.py:357
2025-04-17 00:43:18.033 130769 DEBUG oslo_service.service [req-71ad0a25-37e2-465b-aa6d-304c24e025a2 - - - - -] libvirt.num_volume_scan_tries = 5 log_opt_values /usr/lib/python3/dist-packages/oslo_config/cfg.py:2609
2025-04-17 00:43:18.034 130769 DEBUG oslo_service.service [req-71ad0a25-37e2-465b-aa6d-304c24e025a2 - - - - -] libvirt.pmem_namespaces = [] log_opt_values /usr/lib/python3/dist-packages/oslo_config/cfg.py:2609
2025-04-17 00:43:18.034 130769 DEBUG oslo_service.service [req-71ad0a25-37e2-465b-aa6d-304c24e025a2 - - - - -] libvirt.quobyte_client_cfg = None log_opt_values /usr/lib/python3/dist-packages/oslo_config/cfg.py:2609
2025-04-17 00:43:18.034 131089 DEBUG oslo_messaging._drivers.amqpdriver [req-04fcf93c-927c-4827-bf26-fdd399161a43 - - - - -] sending reply msg_id: 8eca6126e1a24f178c3a729e2528ebd5 reply queue: reply_ce1f946ed80a478cbf464eb5721c9342 time elapsed: 0.024860701000307017s _send_reply /usr/lib/python3/dist-packages/oslo_messaging/_drivers/amqpdriver.py:118
2025-04-17 00:43:18.034 131092 DEBUG nova.service [req-49778e16-7bed-41c2-92ca-771f4ea45277 - - - - -] Join ServiceGroup membership for this service conductor start /usr/lib/python3/dist-packages/nova/service.py:199
2025-04-17 00:43:18.034 130769 DEBUG oslo_service.service [req-71ad0a25-37e2-465b-aa6d-304c24e025a2 - - - - -] libvirt.quobyte_mount_point_base = /var/lib/nova/mnt log_opt_values /usr/lib/python3/dist-packages/oslo_config/cfg.py:2609
2025-04-17 00:43:18.035 131092 DEBUG nova.servicegroup.drivers.db [req-49778e16-7bed-41c2-92ca-771f4ea45277 - - - - -] DB_Driver: join new ServiceGroup member juju-4bb83e-0-lxd-7 to the conductor group, service = join /usr/lib/python3/dist-packages/nova/servicegroup/drivers/db.py:44
2025-04-17 00:43:18.035 130769 DEBUG oslo_service.service [req-71ad0a25-37e2-465b-aa6d-304c24e025a2 - - - - -] libvirt.rbd_connect_timeout = 5 log_opt_values /usr/lib/python3/dist-packages/oslo_config/cfg.py:2609
2025-04-17 00:43:18.035 130769 DEBUG oslo_service.service [req-71ad0a25-37e2-465b-aa6d-304c24e025a2 - - - - -] libvirt.rbd_destroy_volume_retries = 12 log_opt_values /usr/lib/python3/dist-packages/oslo_config/cfg.py:2609
2025-04-17 00:43:18.035 130769 DEBUG oslo_service.service [req-71ad0a25-37e2-465b-aa6d-304c24e025a2 - - - - -] libvirt.rbd_destroy_volume_retry_interval = 5 log_opt_values /usr/lib/python3/dist-packages/oslo_config/cfg.py:2609
2025-04-17 00:43:18.036 130769 DEBUG oslo_service.service [req-71ad0a25-37e2-465b-aa6d-304c24e025a2 - - - - -] libvirt.rbd_secret_uuid = None log_opt_values /usr/lib/python3/dist-packages/oslo_config/cfg.py:2609
2025-04-17 00:43:18.036 130769 DEBUG oslo_service.service [req-71ad0a25-37e2-465b-aa6d-304c24e025a2 - - - - -] libvirt.rbd_user = None log_opt_values /usr/lib/python3/dist-packages/oslo_config/cfg.py:2609
2025-04-17 00:43:18.036 130769 DEBUG oslo_service.service [req-71ad0a25-37e2-465b-aa6d-304c24e025a2 - - - - -] libvirt.realtime_scheduler_priority = 1 log_opt_values /usr/lib/python3/dist-packages/oslo_config/cfg.py:2609
2025-04-17 00:43:18.037 130769 DEBUG oslo_service.service [req-71ad0a25-37e2-465b-aa6d-304c24e025a2 - - - - -] libvirt.remote_filesystem_transport = ssh log_opt_values /usr/lib/python3/dist-packages/oslo_config/cfg.py:2609
2025-04-17 00:43:18.037 130769 DEBUG oslo_service.service [req-71ad0a25-37e2-465b-aa6d-304c24e025a2 - - - - -] libvirt.rescue_image_id = None log_opt_values /usr/lib/python3/dist-packages/oslo_config/cfg.py:2609
2025-04-17 00:43:18.038 130769 DEBUG oslo_service.service [req-71ad0a25-37e2-465b-aa6d-304c24e025a2 - - - - -] libvirt.rescue_kernel_id = None log_opt_values /usr/lib/python3/dist-packages/oslo_config/cfg.py:2609
2025-04-17 00:43:18.038 130769 DEBUG oslo_service.service [req-71ad0a25-37e2-465b-aa6d-304c24e025a2 - - - - -] libvirt.rescue_ramdisk_id = None log_opt_values /usr/lib/python3/dist-packages/oslo_config/cfg.py:2609
2025-04-17 00:43:18.038 130769 DEBUG oslo_service.service [req-71ad0a25-37e2-465b-aa6d-304c24e025a2 - - - - -] libvirt.rng_dev_path = /dev/urandom log_opt_values /usr/lib/python3/dist-packages/oslo_config/cfg.py:2609
2025-04-17 00:43:18.038 130769 DEBUG oslo_service.service [req-71ad0a25-37e2-465b-aa6d-304c24e025a2 - - - - -] libvirt.rx_queue_size = None log_opt_values /usr/lib/python3/dist-packages/oslo_config/cfg.py:2609
2025-04-17 00:43:18.039 130769 DEBUG oslo_service.service [req-71ad0a25-37e2-465b-aa6d-304c24e025a2 - - - - -] libvirt.smbfs_mount_options = log_opt_values /usr/lib/python3/dist-packages/oslo_config/cfg.py:2609
2025-04-17 00:43:18.039 130769 DEBUG oslo_service.service [req-71ad0a25-37e2-465b-aa6d-304c24e025a2 - - - - -] libvirt.smbfs_mount_point_base = /var/lib/nova/mnt log_opt_values /usr/lib/python3/dist-packages/oslo_config/cfg.py:2609
2025-04-17 00:43:18.039 130769 DEBUG oslo_service.service [req-71ad0a25-37e2-465b-aa6d-304c24e025a2 - - - - -] libvirt.snapshot_compression = False log_opt_values /usr/lib/python3/dist-packages/oslo_config/cfg.py:2609
2025-04-17 00:43:18.039 131092 DEBUG oslo_messaging._drivers.amqpdriver [-] AMQPListener connection timeout poll /usr/lib/python3/dist-packages/oslo_messaging/_drivers/amqpdriver.py:360
2025-04-17 00:43:18.040 130769 DEBUG oslo_service.service [req-71ad0a25-37e2-465b-aa6d-304c24e025a2 - - - - -] libvirt.snapshot_image_format = None log_opt_values /usr/lib/python3/dist-packages/oslo_config/cfg.py:2609
2025-04-17 00:43:18.040 131092 DEBUG oslo_messaging._drivers.amqpdriver [-] Listener is running poll /usr/lib/python3/dist-packages/oslo_messaging/_drivers/amqpdriver.py:343
2025-04-17 00:43:18.040 131092 DEBUG oslo_messaging._drivers.amqpdriver [-] AMQPListener connection consume poll /usr/lib/python3/dist-packages/oslo_messaging/_drivers/amqpdriver.py:357
2025-04-17 00:43:18.040 130769 DEBUG oslo_service.service [req-71ad0a25-37e2-465b-aa6d-304c24e025a2 - - - - -] libvirt.snapshots_directory = /var/lib/nova/instances/snapshots log_opt_values /usr/lib/python3/dist-packages/oslo_config/cfg.py:2609
2025-04-17 00:43:18.041 130769 DEBUG oslo_service.service [req-71ad0a25-37e2-465b-aa6d-304c24e025a2 - - - - -] libvirt.sparse_logical_volumes = False log_opt_values /usr/lib/python3/dist-packages/oslo_config/cfg.py:2609
2025-04-17 00:43:18.041 130769 DEBUG oslo_service.service [req-71ad0a25-37e2-465b-aa6d-304c24e025a2 - - - - -] libvirt.swtpm_enabled = False log_opt_values /usr/lib/python3/dist-packages/oslo_config/cfg.py:2609
2025-04-17 00:43:18.041 130769 DEBUG oslo_service.service [req-71ad0a25-37e2-465b-aa6d-304c24e025a2 - - - - -] libvirt.swtpm_group = tss log_opt_values /usr/lib/python3/dist-packages/oslo_config/cfg.py:2609
2025-04-17 00:43:18.041 131090 DEBUG oslo_messaging._drivers.amqpdriver [-] received message msg_id: 3be289a15cda4456a36312be75dcc7d2 reply to reply_ce1f946ed80a478cbf464eb5721c9342 __call__ /usr/lib/python3/dist-packages/oslo_messaging/_drivers/amqpdriver.py:320
2025-04-17 00:43:18.041 130769 DEBUG oslo_service.service [req-71ad0a25-37e2-465b-aa6d-304c24e025a2 - - - - -] libvirt.swtpm_user = tss log_opt_values /usr/lib/python3/dist-packages/oslo_config/cfg.py:2609
2025-04-17 00:43:18.042 131090 DEBUG oslo_messaging._drivers.amqpdriver [-] Listener is running poll /usr/lib/python3/dist-packages/oslo_messaging/_drivers/amqpdriver.py:343
2025-04-17 00:43:18.042 130769 DEBUG oslo_service.service [req-71ad0a25-37e2-465b-aa6d-304c24e025a2 - - - - -] libvirt.sysinfo_serial = unique log_opt_values /usr/lib/python3/dist-packages/oslo_config/cfg.py:2609
2025-04-17 00:43:18.042 131090 DEBUG oslo_messaging._drivers.amqpdriver [-] Poll the incoming message with unique_id: 49b49332ed82408f99a2e58a5da8fc4d poll /usr/lib/python3/dist-packages/oslo_messaging/_drivers/amqpdriver.py:346
2025-04-17 00:43:18.042 130769 DEBUG oslo_service.service [req-71ad0a25-37e2-465b-aa6d-304c24e025a2 - - - - -] libvirt.tx_queue_size = None log_opt_values /usr/lib/python3/dist-packages/oslo_config/cfg.py:2609
2025-04-17 00:43:18.042 131090 DEBUG oslo_messaging._drivers.amqpdriver [-] Listener is running poll /usr/lib/python3/dist-packages/oslo_messaging/_drivers/amqpdriver.py:343
2025-04-17 00:43:18.042 130769 DEBUG oslo_service.service [req-71ad0a25-37e2-465b-aa6d-304c24e025a2 - - - - -] libvirt.uid_maps = [] log_opt_values /usr/lib/python3/dist-packages/oslo_config/cfg.py:2609
2025-04-17 00:43:18.042 131090 DEBUG oslo_messaging._drivers.amqpdriver [-] AMQPListener connection consume poll /usr/lib/python3/dist-packages/oslo_messaging/_drivers/amqpdriver.py:357
2025-04-17 00:43:18.043 130769 DEBUG oslo_service.service [req-71ad0a25-37e2-465b-aa6d-304c24e025a2 - - - - -] libvirt.use_virtio_for_bridges = True log_opt_values /usr/lib/python3/dist-packages/oslo_config/cfg.py:2609
2025-04-17 00:43:18.043 130769 DEBUG oslo_service.service [req-71ad0a25-37e2-465b-aa6d-304c24e025a2 - - - - -] libvirt.virt_type = kvm log_opt_values /usr/lib/python3/dist-packages/oslo_config/cfg.py:2609
2025-04-17 00:43:18.043 130769 DEBUG oslo_service.service [req-71ad0a25-37e2-465b-aa6d-304c24e025a2 - - - - -] libvirt.volume_clear = zero log_opt_values /usr/lib/python3/dist-packages/oslo_config/cfg.py:2609
2025-04-17 00:43:18.043 130769 DEBUG oslo_service.service [req-71ad0a25-37e2-465b-aa6d-304c24e025a2 - - - - -] libvirt.volume_clear_size = 0 log_opt_values /usr/lib/python3/dist-packages/oslo_config/cfg.py:2609
2025-04-17 00:43:18.043 130769 DEBUG oslo_service.service [req-71ad0a25-37e2-465b-aa6d-304c24e025a2 - - - - -] libvirt.volume_use_multipath = False log_opt_values /usr/lib/python3/dist-packages/oslo_config/cfg.py:2609
2025-04-17 00:43:18.044 130769 DEBUG oslo_service.service [req-71ad0a25-37e2-465b-aa6d-304c24e025a2 - - - - -] libvirt.vzstorage_cache_path = None log_opt_values /usr/lib/python3/dist-packages/oslo_config/cfg.py:2609
2025-04-17 00:43:18.044 130769 DEBUG oslo_service.service [req-71ad0a25-37e2-465b-aa6d-304c24e025a2 - - - - -] libvirt.vzstorage_log_path = /var/log/vstorage/%(cluster_name)s/nova.log.gz log_opt_values /usr/lib/python3/dist-packages/oslo_config/cfg.py:2609
2025-04-17 00:43:18.044 130769 DEBUG oslo_service.service [req-71ad0a25-37e2-465b-aa6d-304c24e025a2 - - - - -] libvirt.vzstorage_mount_group = qemu log_opt_values /usr/lib/python3/dist-packages/oslo_config/cfg.py:2609
2025-04-17 00:43:18.045 130769 DEBUG oslo_service.service [req-71ad0a25-37e2-465b-aa6d-304c24e025a2 - - - - -] libvirt.vzstorage_mount_opts = [] log_opt_values /usr/lib/python3/dist-packages/oslo_config/cfg.py:2609
2025-04-17 00:43:18.045 130769 DEBUG oslo_service.service [req-71ad0a25-37e2-465b-aa6d-304c24e025a2 - - - - -] libvirt.vzstorage_mount_perms = 0770 log_opt_values /usr/lib/python3/dist-packages/oslo_config/cfg.py:2609
2025-04-17 00:43:18.045 130769 DEBUG oslo_service.service [req-71ad0a25-37e2-465b-aa6d-304c24e025a2 - - - - -] libvirt.vzstorage_mount_point_base = /var/lib/nova/mnt log_opt_values /usr/lib/python3/dist-packages/oslo_config/cfg.py:2609
2025-04-17 00:43:18.045 130769 DEBUG oslo_service.service [req-71ad0a25-37e2-465b-aa6d-304c24e025a2 - - - - -] libvirt.vzstorage_mount_user = stack log_opt_values /usr/lib/python3/dist-packages/oslo_config/cfg.py:2609
2025-04-17 00:43:18.045 130769 DEBUG oslo_service.service [req-71ad0a25-37e2-465b-aa6d-304c24e025a2 - - - - -] libvirt.wait_soft_reboot_seconds = 120 log_opt_values /usr/lib/python3/dist-packages/oslo_config/cfg.py:2609
2025-04-17 00:43:18.046 130769 DEBUG oslo_service.service [req-71ad0a25-37e2-465b-aa6d-304c24e025a2 - - - - -] neutron.auth_section = None log_opt_values /usr/lib/python3/dist-packages/oslo_config/cfg.py:2609
2025-04-17 00:43:18.046 130769 DEBUG oslo_service.service [req-71ad0a25-37e2-465b-aa6d-304c24e025a2 - - - - -] neutron.auth_type = password log_opt_values /usr/lib/python3/dist-packages/oslo_config/cfg.py:2609
2025-04-17 00:43:18.046 130769 DEBUG oslo_service.service [req-71ad0a25-37e2-465b-aa6d-304c24e025a2 - - - - -] neutron.cafile = None log_opt_values /usr/lib/python3/dist-packages/oslo_config/cfg.py:2609
2025-04-17 00:43:18.046 131090 DEBUG oslo_messaging._drivers.amqpdriver [-] AMQPListener connection timeout poll /usr/lib/python3/dist-packages/oslo_messaging/_drivers/amqpdriver.py:360
2025-04-17 00:43:18.046 130769 DEBUG oslo_service.service [req-71ad0a25-37e2-465b-aa6d-304c24e025a2 - - - - -] neutron.certfile = None log_opt_values /usr/lib/python3/dist-packages/oslo_config/cfg.py:2609
2025-04-17 00:43:18.046 131090 DEBUG oslo_messaging._drivers.amqpdriver [-] Listener is running poll /usr/lib/python3/dist-packages/oslo_messaging/_drivers/amqpdriver.py:343
2025-04-17 00:43:18.047 131090 DEBUG oslo_messaging._drivers.amqpdriver [-] AMQPListener connection consume poll /usr/lib/python3/dist-packages/oslo_messaging/_drivers/amqpdriver.py:357
2025-04-17 00:43:18.047 130769 DEBUG oslo_service.service [req-71ad0a25-37e2-465b-aa6d-304c24e025a2 - - - - -] neutron.collect_timing = False log_opt_values /usr/lib/python3/dist-packages/oslo_config/cfg.py:2609
2025-04-17 00:43:18.047 130769 DEBUG oslo_service.service [req-71ad0a25-37e2-465b-aa6d-304c24e025a2 - - - - -] neutron.connect_retries = None log_opt_values /usr/lib/python3/dist-packages/oslo_config/cfg.py:2609
2025-04-17 00:43:18.047 130769 DEBUG oslo_service.service [req-71ad0a25-37e2-465b-aa6d-304c24e025a2 - - - - -] neutron.connect_retry_delay = None log_opt_values /usr/lib/python3/dist-packages/oslo_config/cfg.py:2609
2025-04-17 00:43:18.047 130769 DEBUG oslo_service.service [req-71ad0a25-37e2-465b-aa6d-304c24e025a2 - - - - -] neutron.default_floating_pool = nova log_opt_values /usr/lib/python3/dist-packages/oslo_config/cfg.py:2609
2025-04-17 00:43:18.048 130769 DEBUG oslo_service.service [req-71ad0a25-37e2-465b-aa6d-304c24e025a2 - - - - -] neutron.endpoint_override = None log_opt_values /usr/lib/python3/dist-packages/oslo_config/cfg.py:2609
2025-04-17 00:43:18.048 130769 DEBUG oslo_service.service [req-71ad0a25-37e2-465b-aa6d-304c24e025a2 - - - - -] neutron.extension_sync_interval = 600 log_opt_values /usr/lib/python3/dist-packages/oslo_config/cfg.py:2609
2025-04-17 00:43:18.048 130769 DEBUG oslo_service.service [req-71ad0a25-37e2-465b-aa6d-304c24e025a2 - - - - -] neutron.http_retries = 3 log_opt_values /usr/lib/python3/dist-packages/oslo_config/cfg.py:2609
2025-04-17 00:43:18.048 130769 DEBUG oslo_service.service [req-71ad0a25-37e2-465b-aa6d-304c24e025a2 - - - - -] neutron.insecure = False log_opt_values /usr/lib/python3/dist-packages/oslo_config/cfg.py:2609
2025-04-17 00:43:18.048 130769 DEBUG oslo_service.service [req-71ad0a25-37e2-465b-aa6d-304c24e025a2 - - - - -] neutron.keyfile = None log_opt_values /usr/lib/python3/dist-packages/oslo_config/cfg.py:2609
2025-04-17 00:43:18.049 130769 DEBUG oslo_service.service [req-71ad0a25-37e2-465b-aa6d-304c24e025a2 - - - - -] neutron.max_version = None log_opt_values /usr/lib/python3/dist-packages/oslo_config/cfg.py:2609
2025-04-17 00:43:18.049 130769 DEBUG oslo_service.service [req-71ad0a25-37e2-465b-aa6d-304c24e025a2 - - - - -] neutron.metadata_proxy_shared_secret = **** log_opt_values /usr/lib/python3/dist-packages/oslo_config/cfg.py:2609
2025-04-17 00:43:18.049 130769 DEBUG oslo_service.service [req-71ad0a25-37e2-465b-aa6d-304c24e025a2 - - - - -] neutron.min_version = None log_opt_values /usr/lib/python3/dist-packages/oslo_config/cfg.py:2609
2025-04-17 00:43:18.049 130769 DEBUG oslo_service.service [req-71ad0a25-37e2-465b-aa6d-304c24e025a2 - - - - -] neutron.ovs_bridge = br-int log_opt_values /usr/lib/python3/dist-packages/oslo_config/cfg.py:2609
2025-04-17 00:43:18.050 130769 DEBUG oslo_service.service [req-71ad0a25-37e2-465b-aa6d-304c24e025a2 - - - - -] neutron.physnets = [] log_opt_values /usr/lib/python3/dist-packages/oslo_config/cfg.py:2609
2025-04-17 00:43:18.050 130769 DEBUG oslo_service.service [req-71ad0a25-37e2-465b-aa6d-304c24e025a2 - - - - -] neutron.region_name = RegionOne log_opt_values /usr/lib/python3/dist-packages/oslo_config/cfg.py:2609
2025-04-17 00:43:18.051 130769 DEBUG oslo_service.service [req-71ad0a25-37e2-465b-aa6d-304c24e025a2 - - - - -] neutron.service_metadata_proxy = True log_opt_values /usr/lib/python3/dist-packages/oslo_config/cfg.py:2609
2025-04-17 00:43:18.051 130769 DEBUG oslo_service.service [req-71ad0a25-37e2-465b-aa6d-304c24e025a2 - - - - -] neutron.service_name = None log_opt_values /usr/lib/python3/dist-packages/oslo_config/cfg.py:2609
2025-04-17 00:43:18.051 130769 DEBUG oslo_service.service [req-71ad0a25-37e2-465b-aa6d-304c24e025a2 - - - - -] neutron.service_type = network log_opt_values /usr/lib/python3/dist-packages/oslo_config/cfg.py:2609
2025-04-17 00:43:18.051 130769 DEBUG oslo_service.service [req-71ad0a25-37e2-465b-aa6d-304c24e025a2 - - - - -] neutron.split_loggers = False log_opt_values /usr/lib/python3/dist-packages/oslo_config/cfg.py:2609
2025-04-17 00:43:18.051 130769 DEBUG oslo_service.service [req-71ad0a25-37e2-465b-aa6d-304c24e025a2 - - - - -] neutron.status_code_retries = None log_opt_values /usr/lib/python3/dist-packages/oslo_config/cfg.py:2609
2025-04-17 00:43:18.052 130769 DEBUG oslo_service.service [req-71ad0a25-37e2-465b-aa6d-304c24e025a2 - - - - -] neutron.status_code_retry_delay = None log_opt_values /usr/lib/python3/dist-packages/oslo_config/cfg.py:2609
2025-04-17 00:43:18.052 130769 DEBUG oslo_service.service [req-71ad0a25-37e2-465b-aa6d-304c24e025a2 - - - - -] neutron.timeout = None log_opt_values /usr/lib/python3/dist-packages/oslo_config/cfg.py:2609
2025-04-17 00:43:18.052 130769 DEBUG oslo_service.service [req-71ad0a25-37e2-465b-aa6d-304c24e025a2 - - - - -] neutron.valid_interfaces = ['internal', 'public'] log_opt_values /usr/lib/python3/dist-packages/oslo_config/cfg.py:2609
2025-04-17 00:43:18.052 130769 DEBUG oslo_service.service [req-71ad0a25-37e2-465b-aa6d-304c24e025a2 - - - - -] neutron.version = None log_opt_values /usr/lib/python3/dist-packages/oslo_config/cfg.py:2609
2025-04-17 00:43:18.053 130769 DEBUG oslo_service.service [req-71ad0a25-37e2-465b-aa6d-304c24e025a2 - - - - -] notifications.bdms_in_notifications = False log_opt_values /usr/lib/python3/dist-packages/oslo_config/cfg.py:2609
2025-04-17 00:43:18.053 130769 DEBUG oslo_service.service [req-71ad0a25-37e2-465b-aa6d-304c24e025a2 - - - - -] notifications.default_level = INFO log_opt_values /usr/lib/python3/dist-packages/oslo_config/cfg.py:2609
2025-04-17 00:43:18.053 130769 DEBUG oslo_service.service [req-71ad0a25-37e2-465b-aa6d-304c24e025a2 - - - - -] notifications.notification_format = unversioned log_opt_values /usr/lib/python3/dist-packages/oslo_config/cfg.py:2609
2025-04-17 00:43:18.053 130769 DEBUG oslo_service.service [req-71ad0a25-37e2-465b-aa6d-304c24e025a2 - - - - -] notifications.notify_on_state_change = None log_opt_values /usr/lib/python3/dist-packages/oslo_config/cfg.py:2609
2025-04-17 00:43:18.053 130769 DEBUG oslo_service.service [req-71ad0a25-37e2-465b-aa6d-304c24e025a2 - - - - -] notifications.versioned_notifications_topics = ['versioned_notifications'] log_opt_values /usr/lib/python3/dist-packages/oslo_config/cfg.py:2609
2025-04-17 00:43:18.054 130769 DEBUG oslo_service.service [req-71ad0a25-37e2-465b-aa6d-304c24e025a2 - - - - -] pci.alias = [] log_opt_values /usr/lib/python3/dist-packages/oslo_config/cfg.py:2609
2025-04-17 00:43:18.054 130769 DEBUG oslo_service.service [req-71ad0a25-37e2-465b-aa6d-304c24e025a2 - - - - -] pci.passthrough_whitelist = [] log_opt_values /usr/lib/python3/dist-packages/oslo_config/cfg.py:2609
2025-04-17 00:43:18.054 130769 DEBUG oslo_service.service [req-71ad0a25-37e2-465b-aa6d-304c24e025a2 - - - - -] placement.auth_section = None log_opt_values /usr/lib/python3/dist-packages/oslo_config/cfg.py:2609
2025-04-17 00:43:18.054 130769 DEBUG oslo_service.service [req-71ad0a25-37e2-465b-aa6d-304c24e025a2 - - - - -] placement.auth_type = password log_opt_values /usr/lib/python3/dist-packages/oslo_config/cfg.py:2609
2025-04-17 00:43:18.054 130769 DEBUG oslo_service.service [req-71ad0a25-37e2-465b-aa6d-304c24e025a2 - - - - -] placement.auth_url = http://252.242.147.243:35357 log_opt_values /usr/lib/python3/dist-packages/oslo_config/cfg.py:2609
2025-04-17 00:43:18.055 130769 DEBUG oslo_service.service [req-71ad0a25-37e2-465b-aa6d-304c24e025a2 - - - - -] placement.cafile = None log_opt_values /usr/lib/python3/dist-packages/oslo_config/cfg.py:2609
2025-04-17 00:43:18.055 130769 DEBUG oslo_service.service [req-71ad0a25-37e2-465b-aa6d-304c24e025a2 - - - - -] placement.certfile = None log_opt_values /usr/lib/python3/dist-packages/oslo_config/cfg.py:2609
2025-04-17 00:43:18.055 130769 DEBUG oslo_service.service [req-71ad0a25-37e2-465b-aa6d-304c24e025a2 - - - - -] placement.collect_timing = False log_opt_values /usr/lib/python3/dist-packages/oslo_config/cfg.py:2609
2025-04-17 00:43:18.054 131090 DEBUG oslo_messaging.rpc.server [req-04fcf93c-927c-4827-bf26-fdd399161a43 - - - - -] Expected exception during message handling () _process_incoming /usr/lib/python3/dist-packages/oslo_messaging/rpc/server.py:171
2025-04-17 00:43:18.055 130769 DEBUG oslo_service.service [req-71ad0a25-37e2-465b-aa6d-304c24e025a2 - - - - -] placement.connect_retries = None log_opt_values /usr/lib/python3/dist-packages/oslo_config/cfg.py:2609
2025-04-17 00:43:18.055 130769 DEBUG oslo_service.service [req-71ad0a25-37e2-465b-aa6d-304c24e025a2 - - - - -] placement.connect_retry_delay = None log_opt_values /usr/lib/python3/dist-packages/oslo_config/cfg.py:2609
2025-04-17 00:43:18.055 130769 DEBUG oslo_service.service [req-71ad0a25-37e2-465b-aa6d-304c24e025a2 - - - - -] placement.default_domain_id = None log_opt_values /usr/lib/python3/dist-packages/oslo_config/cfg.py:2609
2025-04-17 00:43:18.056 130769 DEBUG oslo_service.service [req-71ad0a25-37e2-465b-aa6d-304c24e025a2 - - - - -] placement.default_domain_name = None log_opt_values /usr/lib/python3/dist-packages/oslo_config/cfg.py:2609
2025-04-17 00:43:18.056 130769 DEBUG oslo_service.service [req-71ad0a25-37e2-465b-aa6d-304c24e025a2 - - - - -] placement.domain_id = None log_opt_values /usr/lib/python3/dist-packages/oslo_config/cfg.py:2609
2025-04-17 00:43:18.056 130769 DEBUG oslo_service.service [req-71ad0a25-37e2-465b-aa6d-304c24e025a2 - - - - -] placement.domain_name = None log_opt_values /usr/lib/python3/dist-packages/oslo_config/cfg.py:2609
2025-04-17 00:43:18.056 130769 DEBUG oslo_service.service [req-71ad0a25-37e2-465b-aa6d-304c24e025a2 - - - - -] placement.endpoint_override = None log_opt_values /usr/lib/python3/dist-packages/oslo_config/cfg.py:2609
2025-04-17 00:43:18.056 130769 DEBUG oslo_service.service [req-71ad0a25-37e2-465b-aa6d-304c24e025a2 - - - - -] placement.insecure = False log_opt_values /usr/lib/python3/dist-packages/oslo_config/cfg.py:2609
2025-04-17 00:43:18.057 130769 DEBUG oslo_service.service [req-71ad0a25-37e2-465b-aa6d-304c24e025a2 - - - - -] placement.keyfile = None log_opt_values /usr/lib/python3/dist-packages/oslo_config/cfg.py:2609
2025-04-17 00:43:18.057 130769 DEBUG oslo_service.service [req-71ad0a25-37e2-465b-aa6d-304c24e025a2 - - - - -] placement.max_version = None log_opt_values /usr/lib/python3/dist-packages/oslo_config/cfg.py:2609
2025-04-17 00:43:18.057 130769 DEBUG oslo_service.service [req-71ad0a25-37e2-465b-aa6d-304c24e025a2 - - - - -] placement.min_version = None log_opt_values /usr/lib/python3/dist-packages/oslo_config/cfg.py:2609
2025-04-17 00:43:18.057 130769 DEBUG oslo_service.service [req-71ad0a25-37e2-465b-aa6d-304c24e025a2 - - - - -] placement.password = **** log_opt_values /usr/lib/python3/dist-packages/oslo_config/cfg.py:2609
2025-04-17 00:43:18.058 130769 DEBUG oslo_service.service [req-71ad0a25-37e2-465b-aa6d-304c24e025a2 - - - - -] placement.project_domain_id = None log_opt_values /usr/lib/python3/dist-packages/oslo_config/cfg.py:2609
2025-04-17 00:43:18.058 130769 DEBUG oslo_service.service [req-71ad0a25-37e2-465b-aa6d-304c24e025a2 - - - - -] placement.project_domain_name = service_domain log_opt_values /usr/lib/python3/dist-packages/oslo_config/cfg.py:2609
2025-04-17 00:43:18.058 130769 DEBUG oslo_service.service [req-71ad0a25-37e2-465b-aa6d-304c24e025a2 - - - - -] placement.project_id = None log_opt_values /usr/lib/python3/dist-packages/oslo_config/cfg.py:2609
2025-04-17 00:43:18.058 130769 DEBUG oslo_service.service [req-71ad0a25-37e2-465b-aa6d-304c24e025a2 - - - - -] placement.project_name = services log_opt_values /usr/lib/python3/dist-packages/oslo_config/cfg.py:2609
2025-04-17 00:43:18.059 130769 DEBUG oslo_service.service [req-71ad0a25-37e2-465b-aa6d-304c24e025a2 - - - - -] placement.region_name = RegionOne log_opt_values /usr/lib/python3/dist-packages/oslo_config/cfg.py:2609
2025-04-17 00:43:18.059 130769 DEBUG oslo_service.service [req-71ad0a25-37e2-465b-aa6d-304c24e025a2 - - - - -] placement.service_name = None log_opt_values /usr/lib/python3/dist-packages/oslo_config/cfg.py:2609
2025-04-17 00:43:18.059 130769 DEBUG oslo_service.service [req-71ad0a25-37e2-465b-aa6d-304c24e025a2 - - - - -] placement.service_type = placement log_opt_values /usr/lib/python3/dist-packages/oslo_config/cfg.py:2609
2025-04-17 00:43:18.059 130769 DEBUG oslo_service.service [req-71ad0a25-37e2-465b-aa6d-304c24e025a2 - - - - -] placement.split_loggers = False log_opt_values /usr/lib/python3/dist-packages/oslo_config/cfg.py:2609
2025-04-17 00:43:18.059 130769 DEBUG oslo_service.service [req-71ad0a25-37e2-465b-aa6d-304c24e025a2 - - - - -] placement.status_code_retries = None log_opt_values /usr/lib/python3/dist-packages/oslo_config/cfg.py:2609
2025-04-17 00:43:18.059 130769 DEBUG oslo_service.service [req-71ad0a25-37e2-465b-aa6d-304c24e025a2 - - - - -] placement.status_code_retry_delay = None log_opt_values /usr/lib/python3/dist-packages/oslo_config/cfg.py:2609
2025-04-17 00:43:18.060 130769 DEBUG oslo_service.service [req-71ad0a25-37e2-465b-aa6d-304c24e025a2 - - - - -] placement.system_scope = None log_opt_values /usr/lib/python3/dist-packages/oslo_config/cfg.py:2609
2025-04-17 00:43:18.060 130769 DEBUG oslo_service.service [req-71ad0a25-37e2-465b-aa6d-304c24e025a2 - - - - -] placement.timeout = None log_opt_values /usr/lib/python3/dist-packages/oslo_config/cfg.py:2609
2025-04-17 00:43:18.060 130769 DEBUG oslo_service.service [req-71ad0a25-37e2-465b-aa6d-304c24e025a2 - - - - -] placement.trust_id = None log_opt_values /usr/lib/python3/dist-packages/oslo_config/cfg.py:2609
2025-04-17 00:43:18.060 130769 DEBUG oslo_service.service [req-71ad0a25-37e2-465b-aa6d-304c24e025a2 - - - - -] placement.user_domain_id = None log_opt_values /usr/lib/python3/dist-packages/oslo_config/cfg.py:2609
2025-04-17 00:43:18.061 130769 DEBUG oslo_service.service [req-71ad0a25-37e2-465b-aa6d-304c24e025a2 - - - - -] placement.user_domain_name = service_domain log_opt_values /usr/lib/python3/dist-packages/oslo_config/cfg.py:2609
2025-04-17 00:43:18.061 130769 DEBUG oslo_service.service [req-71ad0a25-37e2-465b-aa6d-304c24e025a2 - - - - -] placement.user_id = None log_opt_values /usr/lib/python3/dist-packages/oslo_config/cfg.py:2609
2025-04-17 00:43:18.061 130769 DEBUG oslo_service.service [req-71ad0a25-37e2-465b-aa6d-304c24e025a2 - - - - -] placement.username = nova log_opt_values /usr/lib/python3/dist-packages/oslo_config/cfg.py:2609
2025-04-17 00:43:18.061 130769 DEBUG oslo_service.service [req-71ad0a25-37e2-465b-aa6d-304c24e025a2 - - - - -] placement.valid_interfaces = ['internal', 'public'] log_opt_values /usr/lib/python3/dist-packages/oslo_config/cfg.py:2609
2025-04-17 00:43:18.062 130769 DEBUG oslo_service.service [req-71ad0a25-37e2-465b-aa6d-304c24e025a2 - - - - -] placement.version = None log_opt_values /usr/lib/python3/dist-packages/oslo_config/cfg.py:2609
2025-04-17 00:43:18.062 130769 DEBUG oslo_service.service [req-71ad0a25-37e2-465b-aa6d-304c24e025a2 - - - - -] powervm.disk_driver = localdisk log_opt_values /usr/lib/python3/dist-packages/oslo_config/cfg.py:2609
2025-04-17 00:43:18.062 131090 DEBUG oslo_messaging._drivers.amqpdriver [req-04fcf93c-927c-4827-bf26-fdd399161a43 - - - - -] sending reply msg_id: 3be289a15cda4456a36312be75dcc7d2 reply queue: reply_ce1f946ed80a478cbf464eb5721c9342 time elapsed: 0.01998043499997948s _send_reply /usr/lib/python3/dist-packages/oslo_messaging/_drivers/amqpdriver.py:118
2025-04-17 00:43:18.062 130769 DEBUG oslo_service.service [req-71ad0a25-37e2-465b-aa6d-304c24e025a2 - - - - -] powervm.proc_units_factor = 0.1 log_opt_values /usr/lib/python3/dist-packages/oslo_config/cfg.py:2609
2025-04-17 00:43:18.062 130769 DEBUG oslo_service.service [req-71ad0a25-37e2-465b-aa6d-304c24e025a2 - - - - -] powervm.volume_group_name = log_opt_values /usr/lib/python3/dist-packages/oslo_config/cfg.py:2609
2025-04-17 00:43:18.062 130769 DEBUG oslo_service.service [req-71ad0a25-37e2-465b-aa6d-304c24e025a2 - - - - -] quota.cores = 20 log_opt_values /usr/lib/python3/dist-packages/oslo_config/cfg.py:2609
2025-04-17 00:43:18.063 130769 DEBUG oslo_service.service [req-71ad0a25-37e2-465b-aa6d-304c24e025a2 - - - - -] quota.count_usage_from_placement = False log_opt_values /usr/lib/python3/dist-packages/oslo_config/cfg.py:2609
2025-04-17 00:43:18.063 130769 DEBUG oslo_service.service [req-71ad0a25-37e2-465b-aa6d-304c24e025a2 - - - - -] quota.driver = nova.quota.DbQuotaDriver log_opt_values /usr/lib/python3/dist-packages/oslo_config/cfg.py:2609
2025-04-17 00:43:18.063 130769 DEBUG oslo_service.service [req-71ad0a25-37e2-465b-aa6d-304c24e025a2 - - - - -] quota.injected_file_content_bytes = 10240 log_opt_values /usr/lib/python3/dist-packages/oslo_config/cfg.py:2609
2025-04-17 00:43:18.063 130769 DEBUG oslo_service.service [req-71ad0a25-37e2-465b-aa6d-304c24e025a2 - - - - -] quota.injected_file_path_length = 255 log_opt_values /usr/lib/python3/dist-packages/oslo_config/cfg.py:2609
2025-04-17 00:43:18.063 130769 DEBUG oslo_service.service [req-71ad0a25-37e2-465b-aa6d-304c24e025a2 - - - - -] quota.injected_files = 5 log_opt_values /usr/lib/python3/dist-packages/oslo_config/cfg.py:2609
2025-04-17 00:43:18.064 130769 DEBUG oslo_service.service [req-71ad0a25-37e2-465b-aa6d-304c24e025a2 - - - - -] quota.instances = 10 log_opt_values /usr/lib/python3/dist-packages/oslo_config/cfg.py:2609
2025-04-17 00:43:18.064 130769 DEBUG oslo_service.service [req-71ad0a25-37e2-465b-aa6d-304c24e025a2 - - - - -] quota.key_pairs = 100 log_opt_values /usr/lib/python3/dist-packages/oslo_config/cfg.py:2609
2025-04-17 00:43:18.064 130769 DEBUG oslo_service.service [req-71ad0a25-37e2-465b-aa6d-304c24e025a2 - - - - -] quota.metadata_items = 128 log_opt_values /usr/lib/python3/dist-packages/oslo_config/cfg.py:2609
2025-04-17 00:43:18.064 130769 DEBUG oslo_service.service [req-71ad0a25-37e2-465b-aa6d-304c24e025a2 - - - - -] quota.ram = 51200 log_opt_values /usr/lib/python3/dist-packages/oslo_config/cfg.py:2609
2025-04-17 00:43:18.064 130769 DEBUG oslo_service.service [req-71ad0a25-37e2-465b-aa6d-304c24e025a2 - - - - -] quota.recheck_quota = True log_opt_values /usr/lib/python3/dist-packages/oslo_config/cfg.py:2609
2025-04-17 00:43:18.064 130769 DEBUG oslo_service.service [req-71ad0a25-37e2-465b-aa6d-304c24e025a2 - - - - -] quota.server_group_members = 10 log_opt_values /usr/lib/python3/dist-packages/oslo_config/cfg.py:2609
2025-04-17 00:43:18.065 130769 DEBUG oslo_service.service [req-71ad0a25-37e2-465b-aa6d-304c24e025a2 - - - - -] quota.server_groups = 10 log_opt_values /usr/lib/python3/dist-packages/oslo_config/cfg.py:2609
2025-04-17 00:43:18.065 130769 DEBUG oslo_service.service [req-71ad0a25-37e2-465b-aa6d-304c24e025a2 - - - - -] rdp.enabled = False log_opt_values /usr/lib/python3/dist-packages/oslo_config/cfg.py:2609
2025-04-17 00:43:18.065 130769 DEBUG oslo_service.service [req-71ad0a25-37e2-465b-aa6d-304c24e025a2 - - - - -] rdp.html5_proxy_base_url = http://127.0.0.1:6083/ log_opt_values /usr/lib/python3/dist-packages/oslo_config/cfg.py:2609
2025-04-17 00:43:18.066 130769 DEBUG oslo_service.service [req-71ad0a25-37e2-465b-aa6d-304c24e025a2 - - - - -] scheduler.discover_hosts_in_cells_interval = 30 log_opt_values /usr/lib/python3/dist-packages/oslo_config/cfg.py:2609
2025-04-17 00:43:18.066 130769 DEBUG oslo_service.service [req-71ad0a25-37e2-465b-aa6d-304c24e025a2 - - - - -] scheduler.enable_isolated_aggregate_filtering = False log_opt_values /usr/lib/python3/dist-packages/oslo_config/cfg.py:2609
2025-04-17 00:43:18.066 130769 DEBUG oslo_service.service [req-71ad0a25-37e2-465b-aa6d-304c24e025a2 - - - - -] scheduler.image_metadata_prefilter = False log_opt_values /usr/lib/python3/dist-packages/oslo_config/cfg.py:2609
2025-04-17 00:43:18.066 130769 DEBUG oslo_service.service [req-71ad0a25-37e2-465b-aa6d-304c24e025a2 - - - - -] scheduler.limit_tenants_to_placement_aggregate = False log_opt_values /usr/lib/python3/dist-packages/oslo_config/cfg.py:2609
2025-04-17 00:43:18.067 130769 DEBUG oslo_service.service [req-71ad0a25-37e2-465b-aa6d-304c24e025a2 - - - - -] scheduler.max_attempts = 3 log_opt_values /usr/lib/python3/dist-packages/oslo_config/cfg.py:2609
2025-04-17 00:43:18.067 130769 DEBUG oslo_service.service [req-71ad0a25-37e2-465b-aa6d-304c24e025a2 - - - - -] scheduler.max_placement_results = 1000 log_opt_values /usr/lib/python3/dist-packages/oslo_config/cfg.py:2609
2025-04-17 00:43:18.067 130769 DEBUG oslo_service.service [req-71ad0a25-37e2-465b-aa6d-304c24e025a2 - - - - -] scheduler.placement_aggregate_required_for_tenants = False log_opt_values /usr/lib/python3/dist-packages/oslo_config/cfg.py:2609
2025-04-17 00:43:18.067 130769 DEBUG oslo_service.service [req-71ad0a25-37e2-465b-aa6d-304c24e025a2 - - - - -] scheduler.query_placement_for_availability_zone = True log_opt_values /usr/lib/python3/dist-packages/oslo_config/cfg.py:2609
2025-04-17 00:43:18.067 130769 DEBUG oslo_service.service [req-71ad0a25-37e2-465b-aa6d-304c24e025a2 - - - - -] scheduler.query_placement_for_image_type_support = False log_opt_values /usr/lib/python3/dist-packages/oslo_config/cfg.py:2609
2025-04-17 00:43:18.068 130769 DEBUG oslo_service.service [req-71ad0a25-37e2-465b-aa6d-304c24e025a2 - - - - -] scheduler.query_placement_for_routed_network_aggregates = False log_opt_values /usr/lib/python3/dist-packages/oslo_config/cfg.py:2609
2025-04-17 00:43:18.068 130769 DEBUG oslo_service.service [req-71ad0a25-37e2-465b-aa6d-304c24e025a2 - - - - -] scheduler.workers = 4 log_opt_values /usr/lib/python3/dist-packages/oslo_config/cfg.py:2609
2025-04-17 00:43:18.068 131091 DEBUG oslo_messaging._drivers.amqpdriver [-] received message msg_id: 67acaf0d1b9144dd8df4a72cf36fc216 reply to reply_ce1f946ed80a478cbf464eb5721c9342 __call__ /usr/lib/python3/dist-packages/oslo_messaging/_drivers/amqpdriver.py:320
2025-04-17 00:43:18.068 130769 DEBUG oslo_service.service [req-71ad0a25-37e2-465b-aa6d-304c24e025a2 - - - - -] filter_scheduler.aggregate_image_properties_isolation_namespace = None log_opt_values /usr/lib/python3/dist-packages/oslo_config/cfg.py:2609
2025-04-17 00:43:18.068 131091 DEBUG oslo_messaging._drivers.amqpdriver [-] Listener is running poll /usr/lib/python3/dist-packages/oslo_messaging/_drivers/amqpdriver.py:343
2025-04-17 00:43:18.068 130769 DEBUG oslo_service.service [req-71ad0a25-37e2-465b-aa6d-304c24e025a2 - - - - -] filter_scheduler.aggregate_image_properties_isolation_separator = . log_opt_values /usr/lib/python3/dist-packages/oslo_config/cfg.py:2609
2025-04-17 00:43:18.068 131091 DEBUG oslo_messaging._drivers.amqpdriver [-] Poll the incoming message with unique_id: 65e3094beef54051b17ac5a9fc18cf8f poll /usr/lib/python3/dist-packages/oslo_messaging/_drivers/amqpdriver.py:346
2025-04-17 00:43:18.068 130769 DEBUG oslo_service.service [req-71ad0a25-37e2-465b-aa6d-304c24e025a2 - - - - -] filter_scheduler.available_filters = ['nova.scheduler.filters.all_filters'] log_opt_values /usr/lib/python3/dist-packages/oslo_config/cfg.py:2609
2025-04-17 00:43:18.069 130769 DEBUG oslo_service.service [req-71ad0a25-37e2-465b-aa6d-304c24e025a2 - - - - -] filter_scheduler.build_failure_weight_multiplier = 0.0 log_opt_values /usr/lib/python3/dist-packages/oslo_config/cfg.py:2609
2025-04-17 00:43:18.069 131091 DEBUG oslo_messaging._drivers.amqpdriver [-] Listener is running poll /usr/lib/python3/dist-packages/oslo_messaging/_drivers/amqpdriver.py:343
2025-04-17 00:43:18.069 131091 DEBUG oslo_messaging._drivers.amqpdriver [-] AMQPListener connection consume poll /usr/lib/python3/dist-packages/oslo_messaging/_drivers/amqpdriver.py:357
2025-04-17 00:43:18.069 130769 DEBUG oslo_service.service [req-71ad0a25-37e2-465b-aa6d-304c24e025a2 - - - - -] filter_scheduler.cpu_weight_multiplier = 1.0 log_opt_values /usr/lib/python3/dist-packages/oslo_config/cfg.py:2609
2025-04-17 00:43:18.069 130769 DEBUG oslo_service.service [req-71ad0a25-37e2-465b-aa6d-304c24e025a2 - - - - -] filter_scheduler.cross_cell_move_weight_multiplier = 1000000.0 log_opt_values /usr/lib/python3/dist-packages/oslo_config/cfg.py:2609
2025-04-17 00:43:18.069 130769 DEBUG oslo_service.service [req-71ad0a25-37e2-465b-aa6d-304c24e025a2 - - - - -] filter_scheduler.disk_weight_multiplier = 1.0 log_opt_values /usr/lib/python3/dist-packages/oslo_config/cfg.py:2609
2025-04-17 00:43:18.069 130769 DEBUG oslo_service.service [req-71ad0a25-37e2-465b-aa6d-304c24e025a2 - - - - -] filter_scheduler.enabled_filters = ['AvailabilityZoneFilter', 'ComputeFilter', 'ComputeCapabilitiesFilter', 'ImagePropertiesFilter', 'ServerGroupAntiAffinityFilter', 'ServerGroupAffinityFilter', 'DifferentHostFilter', 'SameHostFilter'] log_opt_values /usr/lib/python3/dist-packages/oslo_config/cfg.py:2609
2025-04-17 00:43:18.070 130769 DEBUG oslo_service.service [req-71ad0a25-37e2-465b-aa6d-304c24e025a2 - - - - -] filter_scheduler.host_subset_size = 1 log_opt_values /usr/lib/python3/dist-packages/oslo_config/cfg.py:2609
2025-04-17 00:43:18.070 130769 DEBUG oslo_service.service [req-71ad0a25-37e2-465b-aa6d-304c24e025a2 - - - - -] filter_scheduler.image_properties_default_architecture = None log_opt_values /usr/lib/python3/dist-packages/oslo_config/cfg.py:2609
