2025-04-14 02:19:32.792 7 DEBUG oslo_service.service [-] ml2_type_gre.tunnel_id_ranges = [] log_opt_values /var/lib/kolla/venv/lib/python3.6/site-packages/oslo_config/cfg.py:2611
2025-04-14 02:19:32.792 7 DEBUG oslo_service.service [-] ml2_type_vlan.network_vlan_ranges = [] log_opt_values /var/lib/kolla/venv/lib/python3.6/site-packages/oslo_config/cfg.py:2611
2025-04-14 02:19:32.792 7 DEBUG oslo_service.service [-] ml2_type_vxlan.vni_ranges = [] log_opt_values /var/lib/kolla/venv/lib/python3.6/site-packages/oslo_config/cfg.py:2611
2025-04-14 02:19:32.794 7 DEBUG oslo_service.service [-] ml2_type_vxlan.vxlan_group = None log_opt_values /var/lib/kolla/venv/lib/python3.6/site-packages/oslo_config/cfg.py:2611
2025-04-14 02:19:32.794 7 DEBUG oslo_service.service [-] database.backend = sqlalchemy log_opt_values /var/lib/kolla/venv/lib/python3.6/site-packages/oslo_config/cfg.py:2611
2025-04-14 02:19:32.794 7 DEBUG oslo_service.service [-] database.connection = **** log_opt_values /var/lib/kolla/venv/lib/python3.6/site-packages/oslo_config/cfg.py:2611
2025-04-14 02:19:32.794 7 DEBUG oslo_service.service [-] database.connection_debug = 0 log_opt_values /var/lib/kolla/venv/lib/python3.6/site-packages/oslo_config/cfg.py:2611
2025-04-14 02:19:32.794 7 DEBUG oslo_service.service [-] database.connection_parameters = log_opt_values /var/lib/kolla/venv/lib/python3.6/site-packages/oslo_config/cfg.py:2611
2025-04-14 02:19:32.794 7 DEBUG oslo_service.service [-] database.connection_recycle_time = 10 log_opt_values /var/lib/kolla/venv/lib/python3.6/site-packages/oslo_config/cfg.py:2611
2025-04-14 02:19:32.794 7 DEBUG oslo_service.service [-] database.connection_trace = False log_opt_values /var/lib/kolla/venv/lib/python3.6/site-packages/oslo_config/cfg.py:2611
2025-04-14 02:19:32.794 7 DEBUG oslo_service.service [-] database.db_inc_retry_interval = True log_opt_values /var/lib/kolla/venv/lib/python3.6/site-packages/oslo_config/cfg.py:2611
2025-04-14 02:19:32.794 7 DEBUG oslo_service.service [-] database.db_max_retries = 20 log_opt_values /var/lib/kolla/venv/lib/python3.6/site-packages/oslo_config/cfg.py:2611
2025-04-14 02:19:32.795 7 DEBUG oslo_service.service [-] database.db_max_retry_interval = 10 log_opt_values /var/lib/kolla/venv/lib/python3.6/site-packages/oslo_config/cfg.py:2611
2025-04-14 02:19:32.795 7 DEBUG oslo_service.service [-] database.db_retry_interval = 1 log_opt_values /var/lib/kolla/venv/lib/python3.6/site-packages/oslo_config/cfg.py:2611
2025-04-14 02:19:32.795 7 DEBUG oslo_service.service [-] database.max_overflow = 50 log_opt_values /var/lib/kolla/venv/lib/python3.6/site-packages/oslo_config/cfg.py:2611
2025-04-14 02:19:32.795 7 DEBUG oslo_service.service [-] database.max_pool_size = 1 log_opt_values /var/lib/kolla/venv/lib/python3.6/site-packages/oslo_config/cfg.py:2611
2025-04-14 02:19:32.795 7 DEBUG oslo_service.service [-] database.max_retries = -1 log_opt_values /var/lib/kolla/venv/lib/python3.6/site-packages/oslo_config/cfg.py:2611
2025-04-14 02:19:32.795 7 DEBUG oslo_service.service [-] database.mysql_enable_ndb = False log_opt_values /var/lib/kolla/venv/lib/python3.6/site-packages/oslo_config/cfg.py:2611
2025-04-14 02:19:32.795 7 DEBUG oslo_service.service [-] database.mysql_sql_mode = TRADITIONAL log_opt_values /var/lib/kolla/venv/lib/python3.6/site-packages/oslo_config/cfg.py:2611
2025-04-14 02:19:32.795 7 DEBUG oslo_service.service [-] database.pool_timeout = None log_opt_values /var/lib/kolla/venv/lib/python3.6/site-packages/oslo_config/cfg.py:2611
2025-04-14 02:19:32.795 7 DEBUG oslo_service.service [-] database.retry_interval = 10 log_opt_values /var/lib/kolla/venv/lib/python3.6/site-packages/oslo_config/cfg.py:2611
2025-04-14 02:19:32.795 7 DEBUG oslo_service.service [-] database.slave_connection = **** log_opt_values /var/lib/kolla/venv/lib/python3.6/site-packages/oslo_config/cfg.py:2611
2025-04-14 02:19:32.795 7 DEBUG oslo_service.service [-] database.sqlite_synchronous = True log_opt_values /var/lib/kolla/venv/lib/python3.6/site-packages/oslo_config/cfg.py:2611
2025-04-14 02:19:32.795 7 DEBUG oslo_service.service [-] database.use_db_reconnect = False log_opt_values /var/lib/kolla/venv/lib/python3.6/site-packages/oslo_config/cfg.py:2611
2025-04-14 02:19:32.795 7 DEBUG oslo_service.service [-] ******************************************************************************** log_opt_values /var/lib/kolla/venv/lib/python3.6/site-packages/oslo_config/cfg.py:2613
2025-04-14 02:19:34.077 22 DEBUG neutron.wsgi [-] (22) accepted ('10.0.0.254', 38028) server /var/lib/kolla/venv/lib/python3.6/site-packages/eventlet/wsgi.py:1004
2025-04-14 02:19:34.084 22 INFO neutron.wsgi [-] 10.0.0.254 "GET / HTTP/1.1" status: 200 len: 228 time: 0.0055952
2025-04-14 02:19:37.654 24 DEBUG neutron.api.rpc.handlers.dhcp_rpc [req-8ddb0250-2162-423a-9f6e-ab850bb4e004 - - - - -] get_active_networks_info from cn-jenkins-deploy-platform-ansible-os-3089-1 get_active_networks_info /var/lib/kolla/venv/lib/python3.6/site-packages/neutron/api/rpc/handlers/dhcp_rpc.py:159
2025-04-14 02:19:37.676 26 DEBUG neutron_lib.callbacks.manager [req-6031a58d-6fd6-4477-85e5-9618acea6631 - - - - -] Publish callbacks ['neutron.services.segments.db._update_segment_host_mapping_for_agent-8775745317747', 'neutron.services.l3_router.l3_router_plugin.DVRResourceOperationHandler.create_fip_agent_gw_ports--9223372036854052860'] for agent (c73653b6-5ad8-432a-9299-756cfd218532), after_create _notify_loop /var/lib/kolla/venv/lib/python3.6/site-packages/neutron_lib/callbacks/manager.py:177
2025-04-14 02:19:37.704 24 DEBUG neutron.scheduler.dhcp_agent_scheduler [req-8ddb0250-2162-423a-9f6e-ab850bb4e004 - - - - -] No non-hosted networks auto_schedule_networks /var/lib/kolla/venv/lib/python3.6/site-packages/neutron/scheduler/dhcp_agent_scheduler.py:60
2025-04-14 02:20:00.211 27 DEBUG neutron_lib.callbacks.manager [req-ebe785ce-a2ec-474b-b7a8-1423e22bc23d - - - - -] Publish callbacks ['neutron.services.segments.db._update_segment_host_mapping_for_agent-8775745317747', 'neutron.services.l3_router.l3_router_plugin.DVRResourceOperationHandler.create_fip_agent_gw_ports--9223372036854052860'] for agent (e877ddca-b004-4f49-afec-7b3032202666), after_create _notify_loop /var/lib/kolla/venv/lib/python3.6/site-packages/neutron_lib/callbacks/manager.py:177
2025-04-14 02:20:04.136 22 DEBUG neutron.wsgi [-] (22) accepted ('10.0.0.254', 34932) server /var/lib/kolla/venv/lib/python3.6/site-packages/eventlet/wsgi.py:1004
2025-04-14 02:20:04.140 22 INFO neutron.wsgi [-] 10.0.0.254 "GET / HTTP/1.1" status: 200 len: 228 time: 0.0031908
2025-04-14 02:20:07.664 28 DEBUG neutron_lib.callbacks.manager [req-4ba9382f-bb4f-4757-b616-f86ed69d4940 - - - - -] Publish callbacks ['neutron.services.segments.db._update_segment_host_mapping_for_agent-8775745317747', 'neutron.plugins.ml2.plugin.Ml2Plugin._retry_binding_revived_agents--9223372036853342320'] for agent (c73653b6-5ad8-432a-9299-756cfd218532), after_update _notify_loop /var/lib/kolla/venv/lib/python3.6/site-packages/neutron_lib/callbacks/manager.py:177
2025-04-14 02:20:22.708 29 DEBUG neutron.db.agents_db [req-ae742a8a-a8f2-445b-bdc9-2ab74fb163db - - - - -] Agent healthcheck: found 2 active agents agent_health_check /var/lib/kolla/venv/lib/python3.6/site-packages/neutron/db/agents_db.py:318
2025-04-14 02:20:30.186 24 DEBUG neutron_lib.callbacks.manager [req-ebe785ce-a2ec-474b-b7a8-1423e22bc23d - - - - -] Publish callbacks ['neutron.services.segments.db._update_segment_host_mapping_for_agent-8775745317747', 'neutron.plugins.ml2.plugin.Ml2Plugin._retry_binding_revived_agents--9223372036853342320'] for agent (e877ddca-b004-4f49-afec-7b3032202666), after_update _notify_loop /var/lib/kolla/venv/lib/python3.6/site-packages/neutron_lib/callbacks/manager.py:177
2025-04-14 02:20:34.186 22 DEBUG neutron.wsgi [-] (22) accepted ('10.0.0.254', 34118) server /var/lib/kolla/venv/lib/python3.6/site-packages/eventlet/wsgi.py:1004
2025-04-14 02:20:34.190 22 INFO neutron.wsgi [-] 10.0.0.254 "GET / HTTP/1.1" status: 200 len: 228 time: 0.0035737
2025-04-14 02:20:37.665 23 DEBUG neutron_lib.callbacks.manager [req-62b55a70-c01c-40b0-9d79-6d1270143b28 - - - - -] Publish callbacks ['neutron.services.segments.db._update_segment_host_mapping_for_agent-8775745317747', 'neutron.plugins.ml2.plugin.Ml2Plugin._retry_binding_revived_agents--9223372036853342320'] for agent (c73653b6-5ad8-432a-9299-756cfd218532), after_update _notify_loop /var/lib/kolla/venv/lib/python3.6/site-packages/neutron_lib/callbacks/manager.py:177
2025-04-14 02:20:59.695 29 DEBUG neutron.db.agents_db [req-ae742a8a-a8f2-445b-bdc9-2ab74fb163db - - - - -] Agent healthcheck: found 2 active agents agent_health_check /var/lib/kolla/venv/lib/python3.6/site-packages/neutron/db/agents_db.py:318
2025-04-14 02:21:00.212 25 DEBUG neutron_lib.callbacks.manager [req-ebe785ce-a2ec-474b-b7a8-1423e22bc23d - - - - -] Publish callbacks ['neutron.services.segments.db._update_segment_host_mapping_for_agent-8775745317747', 'neutron.plugins.ml2.plugin.Ml2Plugin._retry_binding_revived_agents--9223372036853342320'] for agent (e877ddca-b004-4f49-afec-7b3032202666), after_update _notify_loop /var/lib/kolla/venv/lib/python3.6/site-packages/neutron_lib/callbacks/manager.py:177
2025-04-14 02:21:04.237 22 DEBUG neutron.wsgi [-] (22) accepted ('10.0.0.254', 33042) server /var/lib/kolla/venv/lib/python3.6/site-packages/eventlet/wsgi.py:1004
2025-04-14 02:21:04.240 22 INFO neutron.wsgi [-] 10.0.0.254 "GET / HTTP/1.1" status: 200 len: 228 time: 0.0026560
2025-04-14 02:21:07.651 26 DEBUG neutron_lib.callbacks.manager [req-9b407a70-67da-4c63-9bce-779265f3ef79 - - - - -] Publish callbacks ['neutron.services.segments.db._update_segment_host_mapping_for_agent-8775745317747', 'neutron.plugins.ml2.plugin.Ml2Plugin._retry_binding_revived_agents--9223372036853342320'] for agent (c73653b6-5ad8-432a-9299-756cfd218532), after_update _notify_loop /var/lib/kolla/venv/lib/python3.6/site-packages/neutron_lib/callbacks/manager.py:177
2025-04-14 02:21:30.186 27 DEBUG neutron_lib.callbacks.manager [req-ebe785ce-a2ec-474b-b7a8-1423e22bc23d - - - - -] Publish callbacks ['neutron.services.segments.db._update_segment_host_mapping_for_agent-8775745317747', 'neutron.plugins.ml2.plugin.Ml2Plugin._retry_binding_revived_agents--9223372036853342320'] for agent (e877ddca-b004-4f49-afec-7b3032202666), after_update _notify_loop /var/lib/kolla/venv/lib/python3.6/site-packages/neutron_lib/callbacks/manager.py:177
2025-04-14 02:21:34.284 22 DEBUG neutron.wsgi [-] (22) accepted ('10.0.0.254', 57216) server /var/lib/kolla/venv/lib/python3.6/site-packages/eventlet/wsgi.py:1004
2025-04-14 02:21:34.287 22 INFO neutron.wsgi [-] 10.0.0.254 "GET / HTTP/1.1" status: 200 len: 228 time: 0.0026066
2025-04-14 02:21:36.704 29 DEBUG neutron.db.agents_db [req-ae742a8a-a8f2-445b-bdc9-2ab74fb163db - - - - -] Agent healthcheck: found 2 active agents agent_health_check /var/lib/kolla/venv/lib/python3.6/site-packages/neutron/db/agents_db.py:318
2025-04-14 02:21:37.647 28 DEBUG neutron_lib.callbacks.manager [req-e950ed5f-0df1-41d0-80db-0ab982a4dd24 - - - - -] Publish callbacks ['neutron.services.segments.db._update_segment_host_mapping_for_agent-8775745317747', 'neutron.plugins.ml2.plugin.Ml2Plugin._retry_binding_revived_agents--9223372036853342320'] for agent (c73653b6-5ad8-432a-9299-756cfd218532), after_update _notify_loop /var/lib/kolla/venv/lib/python3.6/site-packages/neutron_lib/callbacks/manager.py:177
2025-04-14 02:22:00.186 24 DEBUG neutron_lib.callbacks.manager [req-ebe785ce-a2ec-474b-b7a8-1423e22bc23d - - - - -] Publish callbacks ['neutron.services.segments.db._update_segment_host_mapping_for_agent-8775745317747', 'neutron.plugins.ml2.plugin.Ml2Plugin._retry_binding_revived_agents--9223372036853342320'] for agent (e877ddca-b004-4f49-afec-7b3032202666), after_update _notify_loop /var/lib/kolla/venv/lib/python3.6/site-packages/neutron_lib/callbacks/manager.py:177
2025-04-14 02:22:04.346 22 DEBUG neutron.wsgi [-] (22) accepted ('10.0.0.254', 50136) server /var/lib/kolla/venv/lib/python3.6/site-packages/eventlet/wsgi.py:1004
2025-04-14 02:22:04.350 22 INFO neutron.wsgi [-] 10.0.0.254 "GET / HTTP/1.1" status: 200 len: 228 time: 0.0033293
2025-04-14 02:22:07.652 23 DEBUG neutron_lib.callbacks.manager [req-7a12dcb4-d91a-4ab5-ad00-78de9853331d - - - - -] Publish callbacks ['neutron.services.segments.db._update_segment_host_mapping_for_agent-8775745317747', 'neutron.plugins.ml2.plugin.Ml2Plugin._retry_binding_revived_agents--9223372036853342320'] for agent (c73653b6-5ad8-432a-9299-756cfd218532), after_update _notify_loop /var/lib/kolla/venv/lib/python3.6/site-packages/neutron_lib/callbacks/manager.py:177
2025-04-14 02:22:13.714 29 DEBUG neutron.db.agents_db [req-ae742a8a-a8f2-445b-bdc9-2ab74fb163db - - - - -] Agent healthcheck: found 2 active agents agent_health_check /var/lib/kolla/venv/lib/python3.6/site-packages/neutron/db/agents_db.py:318
2025-04-14 02:22:30.189 25 DEBUG neutron_lib.callbacks.manager [req-ebe785ce-a2ec-474b-b7a8-1423e22bc23d - - - - -] Publish callbacks ['neutron.services.segments.db._update_segment_host_mapping_for_agent-8775745317747', 'neutron.plugins.ml2.plugin.Ml2Plugin._retry_binding_revived_agents--9223372036853342320'] for agent (e877ddca-b004-4f49-afec-7b3032202666), after_update _notify_loop /var/lib/kolla/venv/lib/python3.6/site-packages/neutron_lib/callbacks/manager.py:177
2025-04-14 02:22:34.397 22 DEBUG neutron.wsgi [-] (22) accepted ('10.0.0.254', 53756) server /var/lib/kolla/venv/lib/python3.6/site-packages/eventlet/wsgi.py:1004
2025-04-14 02:22:34.401 22 INFO neutron.wsgi [-] 10.0.0.254 "GET / HTTP/1.1" status: 200 len: 228 time: 0.0029674
2025-04-14 02:22:37.647 26 DEBUG neutron_lib.callbacks.manager [req-2de575c8-c480-4486-bca2-6d8db1fabdf0 - - - - -] Publish callbacks ['neutron.services.segments.db._update_segment_host_mapping_for_agent-8775745317747', 'neutron.plugins.ml2.plugin.Ml2Plugin._retry_binding_revived_agents--9223372036853342320'] for agent (c73653b6-5ad8-432a-9299-756cfd218532), after_update _notify_loop /var/lib/kolla/venv/lib/python3.6/site-packages/neutron_lib/callbacks/manager.py:177
2025-04-14 02:22:50.713 29 DEBUG neutron.db.agents_db [req-ae742a8a-a8f2-445b-bdc9-2ab74fb163db - - - - -] Agent healthcheck: found 2 active agents agent_health_check /var/lib/kolla/venv/lib/python3.6/site-packages/neutron/db/agents_db.py:318
2025-04-14 02:23:00.192 27 DEBUG neutron_lib.callbacks.manager [req-ebe785ce-a2ec-474b-b7a8-1423e22bc23d - - - - -] Publish callbacks ['neutron.services.segments.db._update_segment_host_mapping_for_agent-8775745317747', 'neutron.plugins.ml2.plugin.Ml2Plugin._retry_binding_revived_agents--9223372036853342320'] for agent (e877ddca-b004-4f49-afec-7b3032202666), after_update _notify_loop /var/lib/kolla/venv/lib/python3.6/site-packages/neutron_lib/callbacks/manager.py:177
2025-04-14 02:23:04.447 22 DEBUG neutron.wsgi [-] (22) accepted ('10.0.0.254', 43666) server /var/lib/kolla/venv/lib/python3.6/site-packages/eventlet/wsgi.py:1004
2025-04-14 02:23:04.451 22 INFO neutron.wsgi [-] 10.0.0.254 "GET / HTTP/1.1" status: 200 len: 228 time: 0.0028489
2025-04-14 02:23:07.646 28 DEBUG neutron_lib.callbacks.manager [req-8fa40e8a-c851-4535-8267-f21915149ba6 - - - - -] Publish callbacks ['neutron.services.segments.db._update_segment_host_mapping_for_agent-8775745317747', 'neutron.plugins.ml2.plugin.Ml2Plugin._retry_binding_revived_agents--9223372036853342320'] for agent (c73653b6-5ad8-432a-9299-756cfd218532), after_update _notify_loop /var/lib/kolla/venv/lib/python3.6/site-packages/neutron_lib/callbacks/manager.py:177
2025-04-14 02:23:27.713 29 DEBUG neutron.db.agents_db [req-ae742a8a-a8f2-445b-bdc9-2ab74fb163db - - - - -] Agent healthcheck: found 2 active agents agent_health_check /var/lib/kolla/venv/lib/python3.6/site-packages/neutron/db/agents_db.py:318
2025-04-14 02:23:30.198 24 DEBUG neutron_lib.callbacks.manager [req-ebe785ce-a2ec-474b-b7a8-1423e22bc23d - - - - -] Publish callbacks ['neutron.services.segments.db._update_segment_host_mapping_for_agent-8775745317747', 'neutron.plugins.ml2.plugin.Ml2Plugin._retry_binding_revived_agents--9223372036853342320'] for agent (e877ddca-b004-4f49-afec-7b3032202666), after_update _notify_loop /var/lib/kolla/venv/lib/python3.6/site-packages/neutron_lib/callbacks/manager.py:177
2025-04-14 02:23:34.498 22 DEBUG neutron.wsgi [-] (22) accepted ('10.0.0.254', 43636) server /var/lib/kolla/venv/lib/python3.6/site-packages/eventlet/wsgi.py:1004
2025-04-14 02:23:34.503 22 INFO neutron.wsgi [-] 10.0.0.254 "GET / HTTP/1.1" status: 200 len: 228 time: 0.0038004
2025-04-14 02:23:37.645 23 DEBUG neutron_lib.callbacks.manager [req-a68b9bcd-c938-4385-87de-1da66267e2d3 - - - - -] Publish callbacks ['neutron.services.segments.db._update_segment_host_mapping_for_agent-8775745317747', 'neutron.plugins.ml2.plugin.Ml2Plugin._retry_binding_revived_agents--9223372036853342320'] for agent (c73653b6-5ad8-432a-9299-756cfd218532), after_update _notify_loop /var/lib/kolla/venv/lib/python3.6/site-packages/neutron_lib/callbacks/manager.py:177
2025-04-14 02:24:00.196 25 DEBUG neutron_lib.callbacks.manager [req-ebe785ce-a2ec-474b-b7a8-1423e22bc23d - - - - -] Publish callbacks ['neutron.services.segments.db._update_segment_host_mapping_for_agent-8775745317747', 'neutron.plugins.ml2.plugin.Ml2Plugin._retry_binding_revived_agents--9223372036853342320'] for agent (e877ddca-b004-4f49-afec-7b3032202666), after_update _notify_loop /var/lib/kolla/venv/lib/python3.6/site-packages/neutron_lib/callbacks/manager.py:177
2025-04-14 02:24:04.554 22 DEBUG neutron.wsgi [-] (22) accepted ('10.0.0.254', 48564) server /var/lib/kolla/venv/lib/python3.6/site-packages/eventlet/wsgi.py:1004
2025-04-14 02:24:04.560 22 INFO neutron.wsgi [-] 10.0.0.254 "GET / HTTP/1.1" status: 200 len: 228 time: 0.0052078
2025-04-14 02:24:04.712 29 DEBUG neutron.db.agents_db [req-ae742a8a-a8f2-445b-bdc9-2ab74fb163db - - - - -] Agent healthcheck: found 2 active agents agent_health_check /var/lib/kolla/venv/lib/python3.6/site-packages/neutron/db/agents_db.py:318
2025-04-14 02:24:07.646 26 DEBUG neutron_lib.callbacks.manager [req-50f049ae-b7bd-49a0-81b9-45178a62fb77 - - - - -] Publish callbacks ['neutron.services.segments.db._update_segment_host_mapping_for_agent-8775745317747', 'neutron.plugins.ml2.plugin.Ml2Plugin._retry_binding_revived_agents--9223372036853342320'] for agent (c73653b6-5ad8-432a-9299-756cfd218532), after_update _notify_loop /var/lib/kolla/venv/lib/python3.6/site-packages/neutron_lib/callbacks/manager.py:177
2025-04-14 02:24:30.200 27 DEBUG neutron_lib.callbacks.manager [req-ebe785ce-a2ec-474b-b7a8-1423e22bc23d - - - - -] Publish callbacks ['neutron.services.segments.db._update_segment_host_mapping_for_agent-8775745317747', 'neutron.plugins.ml2.plugin.Ml2Plugin._retry_binding_revived_agents--9223372036853342320'] for agent (e877ddca-b004-4f49-afec-7b3032202666), after_update _notify_loop /var/lib/kolla/venv/lib/python3.6/site-packages/neutron_lib/callbacks/manager.py:177
2025-04-14 02:24:34.609 22 DEBUG neutron.wsgi [-] (22) accepted ('10.0.0.254', 49646) server /var/lib/kolla/venv/lib/python3.6/site-packages/eventlet/wsgi.py:1004
2025-04-14 02:24:34.613 22 INFO neutron.wsgi [-] 10.0.0.254 "GET / HTTP/1.1" status: 200 len: 228 time: 0.0030119
2025-04-14 02:24:37.642 28 DEBUG neutron_lib.callbacks.manager [req-059d53d7-93de-4616-97a0-82d4c3c5fafc - - - - -] Publish callbacks ['neutron.services.segments.db._update_segment_host_mapping_for_agent-8775745317747', 'neutron.plugins.ml2.plugin.Ml2Plugin._retry_binding_revived_agents--9223372036853342320'] for agent (c73653b6-5ad8-432a-9299-756cfd218532), after_update _notify_loop /var/lib/kolla/venv/lib/python3.6/site-packages/neutron_lib/callbacks/manager.py:177
2025-04-14 02:24:41.709 29 DEBUG neutron.db.agents_db [req-ae742a8a-a8f2-445b-bdc9-2ab74fb163db - - - - -] Agent healthcheck: found 2 active agents agent_health_check /var/lib/kolla/venv/lib/python3.6/site-packages/neutron/db/agents_db.py:318
2025-04-14 02:25:00.206 24 DEBUG neutron_lib.callbacks.manager [req-ebe785ce-a2ec-474b-b7a8-1423e22bc23d - - - - -] Publish callbacks ['neutron.services.segments.db._update_segment_host_mapping_for_agent-8775745317747', 'neutron.plugins.ml2.plugin.Ml2Plugin._retry_binding_revived_agents--9223372036853342320'] for agent (e877ddca-b004-4f49-afec-7b3032202666), after_update _notify_loop /var/lib/kolla/venv/lib/python3.6/site-packages/neutron_lib/callbacks/manager.py:177
2025-04-14 02:25:04.671 22 DEBUG neutron.wsgi [-] (22) accepted ('10.0.0.254', 36312) server /var/lib/kolla/venv/lib/python3.6/site-packages/eventlet/wsgi.py:1004
2025-04-14 02:25:04.675 22 INFO neutron.wsgi [-] 10.0.0.254 "GET / HTTP/1.1" status: 200 len: 228 time: 0.0028007
2025-04-14 02:25:07.649 23 DEBUG neutron_lib.callbacks.manager [req-606908ee-0f38-4147-99cb-d617c9d3f53d - - - - -] Publish callbacks ['neutron.services.segments.db._update_segment_host_mapping_for_agent-8775745317747', 'neutron.plugins.ml2.plugin.Ml2Plugin._retry_binding_revived_agents--9223372036853342320'] for agent (c73653b6-5ad8-432a-9299-756cfd218532), after_update _notify_loop /var/lib/kolla/venv/lib/python3.6/site-packages/neutron_lib/callbacks/manager.py:177
2025-04-14 02:25:18.707 29 DEBUG neutron.db.agents_db [req-ae742a8a-a8f2-445b-bdc9-2ab74fb163db - - - - -] Agent healthcheck: found 2 active agents agent_health_check /var/lib/kolla/venv/lib/python3.6/site-packages/neutron/db/agents_db.py:318
2025-04-14 02:25:30.269 25 DEBUG neutron_lib.callbacks.manager [req-ebe785ce-a2ec-474b-b7a8-1423e22bc23d - - - - -] Publish callbacks ['neutron.services.segments.db._update_segment_host_mapping_for_agent-8775745317747', 'neutron.plugins.ml2.plugin.Ml2Plugin._retry_binding_revived_agents--9223372036853342320'] for agent (e877ddca-b004-4f49-afec-7b3032202666), after_update _notify_loop /var/lib/kolla/venv/lib/python3.6/site-packages/neutron_lib/callbacks/manager.py:177
2025-04-14 02:25:34.737 22 DEBUG neutron.wsgi [-] (22) accepted ('10.0.0.254', 54942) server /var/lib/kolla/venv/lib/python3.6/site-packages/eventlet/wsgi.py:1004
2025-04-14 02:25:34.741 22 INFO neutron.wsgi [-] 10.0.0.254 "GET / HTTP/1.1" status: 200 len: 228 time: 0.0031948
2025-04-14 02:25:37.646 26 DEBUG neutron_lib.callbacks.manager [req-9e727242-7c33-45ef-abf4-25ce43591fec - - - - -] Publish callbacks ['neutron.services.segments.db._update_segment_host_mapping_for_agent-8775745317747', 'neutron.plugins.ml2.plugin.Ml2Plugin._retry_binding_revived_agents--9223372036853342320'] for agent (c73653b6-5ad8-432a-9299-756cfd218532), after_update _notify_loop /var/lib/kolla/venv/lib/python3.6/site-packages/neutron_lib/callbacks/manager.py:177
2025-04-14 02:25:55.704 29 DEBUG neutron.db.agents_db [req-ae742a8a-a8f2-445b-bdc9-2ab74fb163db - - - - -] Agent healthcheck: found 2 active agents agent_health_check /var/lib/kolla/venv/lib/python3.6/site-packages/neutron/db/agents_db.py:318
2025-04-14 02:26:00.215 27 DEBUG neutron_lib.callbacks.manager [req-ebe785ce-a2ec-474b-b7a8-1423e22bc23d - - - - -] Publish callbacks ['neutron.services.segments.db._update_segment_host_mapping_for_agent-8775745317747', 'neutron.plugins.ml2.plugin.Ml2Plugin._retry_binding_revived_agents--9223372036853342320'] for agent (e877ddca-b004-4f49-afec-7b3032202666), after_update _notify_loop /var/lib/kolla/venv/lib/python3.6/site-packages/neutron_lib/callbacks/manager.py:177
2025-04-14 02:26:04.793 22 DEBUG neutron.wsgi [-] (22) accepted ('10.0.0.254', 59596) server /var/lib/kolla/venv/lib/python3.6/site-packages/eventlet/wsgi.py:1004
2025-04-14 02:26:04.802 22 INFO neutron.wsgi [-] 10.0.0.254 "GET / HTTP/1.1" status: 200 len: 228 time: 0.0054951
2025-04-14 02:26:07.643 28 DEBUG neutron_lib.callbacks.manager [req-3f659fc8-58f2-4e52-b30d-f9d21872c05c - - - - -] Publish callbacks ['neutron.services.segments.db._update_segment_host_mapping_for_agent-8775745317747', 'neutron.plugins.ml2.plugin.Ml2Plugin._retry_binding_revived_agents--9223372036853342320'] for agent (c73653b6-5ad8-432a-9299-756cfd218532), after_update _notify_loop /var/lib/kolla/venv/lib/python3.6/site-packages/neutron_lib/callbacks/manager.py:177
2025-04-14 02:26:30.215 24 DEBUG neutron_lib.callbacks.manager [req-ebe785ce-a2ec-474b-b7a8-1423e22bc23d - - - - -] Publish callbacks ['neutron.services.segments.db._update_segment_host_mapping_for_agent-8775745317747', 'neutron.plugins.ml2.plugin.Ml2Plugin._retry_binding_revived_agents--9223372036853342320'] for agent (e877ddca-b004-4f49-afec-7b3032202666), after_update _notify_loop /var/lib/kolla/venv/lib/python3.6/site-packages/neutron_lib/callbacks/manager.py:177
2025-04-14 02:26:32.708 29 DEBUG neutron.db.agents_db [req-ae742a8a-a8f2-445b-bdc9-2ab74fb163db - - - - -] Agent healthcheck: found 2 active agents agent_health_check /var/lib/kolla/venv/lib/python3.6/site-packages/neutron/db/agents_db.py:318
2025-04-14 02:26:34.849 22 DEBUG neutron.wsgi [-] (22) accepted ('10.0.0.254', 33736) server /var/lib/kolla/venv/lib/python3.6/site-packages/eventlet/wsgi.py:1004
2025-04-14 02:26:34.853 22 INFO neutron.wsgi [-] 10.0.0.254 "GET / HTTP/1.1" status: 200 len: 228 time: 0.0031343
2025-04-14 02:26:37.641 23 DEBUG neutron_lib.callbacks.manager [req-737cb0cc-0a4c-4661-83ed-73f0a8be8561 - - - - -] Publish callbacks ['neutron.services.segments.db._update_segment_host_mapping_for_agent-8775745317747', 'neutron.plugins.ml2.plugin.Ml2Plugin._retry_binding_revived_agents--9223372036853342320'] for agent (c73653b6-5ad8-432a-9299-756cfd218532), after_update _notify_loop /var/lib/kolla/venv/lib/python3.6/site-packages/neutron_lib/callbacks/manager.py:177
2025-04-14 02:27:00.220 25 DEBUG neutron_lib.callbacks.manager [req-ebe785ce-a2ec-474b-b7a8-1423e22bc23d - - - - -] Publish callbacks ['neutron.services.segments.db._update_segment_host_mapping_for_agent-8775745317747', 'neutron.plugins.ml2.plugin.Ml2Plugin._retry_binding_revived_agents--9223372036853342320'] for agent (e877ddca-b004-4f49-afec-7b3032202666), after_update _notify_loop /var/lib/kolla/venv/lib/python3.6/site-packages/neutron_lib/callbacks/manager.py:177
2025-04-14 02:27:04.950 22 DEBUG neutron.wsgi [-] (22) accepted ('10.0.0.254', 40158) server /var/lib/kolla/venv/lib/python3.6/site-packages/eventlet/wsgi.py:1004
2025-04-14 02:27:04.956 22 INFO neutron.wsgi [-] 10.0.0.254 "GET / HTTP/1.1" status: 200 len: 228 time: 0.0038083
2025-04-14 02:27:07.643 26 DEBUG neutron_lib.callbacks.manager [req-926cdc81-d992-44ec-a3fa-e98b1aa84b8c - - - - -] Publish callbacks ['neutron.services.segments.db._update_segment_host_mapping_for_agent-8775745317747', 'neutron.plugins.ml2.plugin.Ml2Plugin._retry_binding_revived_agents--9223372036853342320'] for agent (c73653b6-5ad8-432a-9299-756cfd218532), after_update _notify_loop /var/lib/kolla/venv/lib/python3.6/site-packages/neutron_lib/callbacks/manager.py:177
2025-04-14 02:27:09.707 29 DEBUG neutron.db.agents_db [req-ae742a8a-a8f2-445b-bdc9-2ab74fb163db - - - - -] Agent healthcheck: found 2 active agents agent_health_check /var/lib/kolla/venv/lib/python3.6/site-packages/neutron/db/agents_db.py:318
2025-04-14 02:27:30.221 27 DEBUG neutron_lib.callbacks.manager [req-ebe785ce-a2ec-474b-b7a8-1423e22bc23d - - - - -] Publish callbacks ['neutron.services.segments.db._update_segment_host_mapping_for_agent-8775745317747', 'neutron.plugins.ml2.plugin.Ml2Plugin._retry_binding_revived_agents--9223372036853342320'] for agent (e877ddca-b004-4f49-afec-7b3032202666), after_update _notify_loop /var/lib/kolla/venv/lib/python3.6/site-packages/neutron_lib/callbacks/manager.py:177
2025-04-14 02:27:35.024 22 DEBUG neutron.wsgi [-] (22) accepted ('10.0.0.254', 35976) server /var/lib/kolla/venv/lib/python3.6/site-packages/eventlet/wsgi.py:1004
2025-04-14 02:27:35.028 22 INFO neutron.wsgi [-] 10.0.0.254 "GET / HTTP/1.1" status: 200 len: 228 time: 0.0030873
2025-04-14 02:27:37.640 28 DEBUG neutron_lib.callbacks.manager [req-0cc22376-b357-4298-8548-90f3290e032d - - - - -] Publish callbacks ['neutron.services.segments.db._update_segment_host_mapping_for_agent-8775745317747', 'neutron.plugins.ml2.plugin.Ml2Plugin._retry_binding_revived_agents--9223372036853342320'] for agent (c73653b6-5ad8-432a-9299-756cfd218532), after_update _notify_loop /var/lib/kolla/venv/lib/python3.6/site-packages/neutron_lib/callbacks/manager.py:177
2025-04-14 02:27:46.708 29 DEBUG neutron.db.agents_db [req-ae742a8a-a8f2-445b-bdc9-2ab74fb163db - - - - -] Agent healthcheck: found 2 active agents agent_health_check /var/lib/kolla/venv/lib/python3.6/site-packages/neutron/db/agents_db.py:318
2025-04-14 02:28:00.225 24 DEBUG neutron_lib.callbacks.manager [req-ebe785ce-a2ec-474b-b7a8-1423e22bc23d - - - - -] Publish callbacks ['neutron.services.segments.db._update_segment_host_mapping_for_agent-8775745317747', 'neutron.plugins.ml2.plugin.Ml2Plugin._retry_binding_revived_agents--9223372036853342320'] for agent (e877ddca-b004-4f49-afec-7b3032202666), after_update _notify_loop /var/lib/kolla/venv/lib/python3.6/site-packages/neutron_lib/callbacks/manager.py:177
2025-04-14 02:28:05.086 22 DEBUG neutron.wsgi [-] (22) accepted ('10.0.0.254', 49154) server /var/lib/kolla/venv/lib/python3.6/site-packages/eventlet/wsgi.py:1004
2025-04-14 02:28:05.089 22 INFO neutron.wsgi [-] 10.0.0.254 "GET / HTTP/1.1" status: 200 len: 228 time: 0.0028214
2025-04-14 02:28:07.638 23 DEBUG neutron_lib.callbacks.manager [req-c2e227ba-52b6-45ce-9c97-2ce69636c73a - - - - -] Publish callbacks ['neutron.services.segments.db._update_segment_host_mapping_for_agent-8775745317747', 'neutron.plugins.ml2.plugin.Ml2Plugin._retry_binding_revived_agents--9223372036853342320'] for agent (c73653b6-5ad8-432a-9299-756cfd218532), after_update _notify_loop /var/lib/kolla/venv/lib/python3.6/site-packages/neutron_lib/callbacks/manager.py:177
2025-04-14 02:28:23.707 29 DEBUG neutron.db.agents_db [req-ae742a8a-a8f2-445b-bdc9-2ab74fb163db - - - - -] Agent healthcheck: found 2 active agents agent_health_check /var/lib/kolla/venv/lib/python3.6/site-packages/neutron/db/agents_db.py:318
2025-04-14 02:28:30.231 25 DEBUG neutron_lib.callbacks.manager [req-ebe785ce-a2ec-474b-b7a8-1423e22bc23d - - - - -] Publish callbacks ['neutron.services.segments.db._update_segment_host_mapping_for_agent-8775745317747', 'neutron.plugins.ml2.plugin.Ml2Plugin._retry_binding_revived_agents--9223372036853342320'] for agent (e877ddca-b004-4f49-afec-7b3032202666), after_update _notify_loop /var/lib/kolla/venv/lib/python3.6/site-packages/neutron_lib/callbacks/manager.py:177
2025-04-14 02:28:35.173 22 DEBUG neutron.wsgi [-] (22) accepted ('10.0.0.254', 56582) server /var/lib/kolla/venv/lib/python3.6/site-packages/eventlet/wsgi.py:1004
2025-04-14 02:28:35.177 22 INFO neutron.wsgi [-] 10.0.0.254 "GET / HTTP/1.1" status: 200 len: 228 time: 0.0027382
2025-04-14 02:28:37.635 26 DEBUG neutron_lib.callbacks.manager [req-bf5f11fd-3ac0-4799-b717-662065764915 - - - - -] Publish callbacks ['neutron.services.segments.db._update_segment_host_mapping_for_agent-8775745317747', 'neutron.plugins.ml2.plugin.Ml2Plugin._retry_binding_revived_agents--9223372036853342320'] for agent (c73653b6-5ad8-432a-9299-756cfd218532), after_update _notify_loop /var/lib/kolla/venv/lib/python3.6/site-packages/neutron_lib/callbacks/manager.py:177
2025-04-14 02:29:00.231 27 DEBUG neutron_lib.callbacks.manager [req-ebe785ce-a2ec-474b-b7a8-1423e22bc23d - - - - -] Publish callbacks ['neutron.services.segments.db._update_segment_host_mapping_for_agent-8775745317747', 'neutron.plugins.ml2.plugin.Ml2Plugin._retry_binding_revived_agents--9223372036853342320'] for agent (e877ddca-b004-4f49-afec-7b3032202666), after_update _notify_loop /var/lib/kolla/venv/lib/python3.6/site-packages/neutron_lib/callbacks/manager.py:177
2025-04-14 02:29:00.705 29 DEBUG neutron.db.agents_db [req-ae742a8a-a8f2-445b-bdc9-2ab74fb163db - - - - -] Agent healthcheck: found 2 active agents agent_health_check /var/lib/kolla/venv/lib/python3.6/site-packages/neutron/db/agents_db.py:318
2025-04-14 02:29:05.230 22 DEBUG neutron.wsgi [-] (22) accepted ('10.0.0.254', 40526) server /var/lib/kolla/venv/lib/python3.6/site-packages/eventlet/wsgi.py:1004
2025-04-14 02:29:05.235 22 INFO neutron.wsgi [-] 10.0.0.254 "GET / HTTP/1.1" status: 200 len: 228 time: 0.0033534
2025-04-14 02:29:07.631 28 DEBUG neutron_lib.callbacks.manager [req-ac20751e-5d36-4921-93b1-b1d7d30a714c - - - - -] Publish callbacks ['neutron.services.segments.db._update_segment_host_mapping_for_agent-8775745317747', 'neutron.plugins.ml2.plugin.Ml2Plugin._retry_binding_revived_agents--9223372036853342320'] for agent (c73653b6-5ad8-432a-9299-756cfd218532), after_update _notify_loop /var/lib/kolla/venv/lib/python3.6/site-packages/neutron_lib/callbacks/manager.py:177
2025-04-14 02:29:30.232 24 DEBUG neutron_lib.callbacks.manager [req-ebe785ce-a2ec-474b-b7a8-1423e22bc23d - - - - -] Publish callbacks ['neutron.services.segments.db._update_segment_host_mapping_for_agent-8775745317747', 'neutron.plugins.ml2.plugin.Ml2Plugin._retry_binding_revived_agents--9223372036853342320'] for agent (e877ddca-b004-4f49-afec-7b3032202666), after_update _notify_loop /var/lib/kolla/venv/lib/python3.6/site-packages/neutron_lib/callbacks/manager.py:177
2025-04-14 02:29:35.284 22 DEBUG neutron.wsgi [-] (22) accepted ('10.0.0.254', 49672) server /var/lib/kolla/venv/lib/python3.6/site-packages/eventlet/wsgi.py:1004
2025-04-14 02:29:35.288 22 INFO neutron.wsgi [-] 10.0.0.254 "GET / HTTP/1.1" status: 200 len: 228 time: 0.0028827
2025-04-14 02:29:37.628 23 DEBUG neutron_lib.callbacks.manager [req-945d3473-9ba5-4231-9799-7d6d5bf1dabd - - - - -] Publish callbacks ['neutron.services.segments.db._update_segment_host_mapping_for_agent-8775745317747', 'neutron.plugins.ml2.plugin.Ml2Plugin._retry_binding_revived_agents--9223372036853342320'] for agent (c73653b6-5ad8-432a-9299-756cfd218532), after_update _notify_loop /var/lib/kolla/venv/lib/python3.6/site-packages/neutron_lib/callbacks/manager.py:177
2025-04-14 02:29:37.705 29 DEBUG neutron.db.agents_db [req-ae742a8a-a8f2-445b-bdc9-2ab74fb163db - - - - -] Agent healthcheck: found 2 active agents agent_health_check /var/lib/kolla/venv/lib/python3.6/site-packages/neutron/db/agents_db.py:318
2025-04-14 02:30:00.235 25 DEBUG neutron_lib.callbacks.manager [req-ebe785ce-a2ec-474b-b7a8-1423e22bc23d - - - - -] Publish callbacks ['neutron.services.segments.db._update_segment_host_mapping_for_agent-8775745317747', 'neutron.plugins.ml2.plugin.Ml2Plugin._retry_binding_revived_agents--9223372036853342320'] for agent (e877ddca-b004-4f49-afec-7b3032202666), after_update _notify_loop /var/lib/kolla/venv/lib/python3.6/site-packages/neutron_lib/callbacks/manager.py:177
2025-04-14 02:30:05.336 22 DEBUG neutron.wsgi [-] (22) accepted ('10.0.0.254', 36836) server /var/lib/kolla/venv/lib/python3.6/site-packages/eventlet/wsgi.py:1004
2025-04-14 02:30:05.339 22 INFO neutron.wsgi [-] 10.0.0.254 "GET / HTTP/1.1" status: 200 len: 228 time: 0.0024650
2025-04-14 02:30:07.625 26 DEBUG neutron_lib.callbacks.manager [req-39dc55fe-e2a1-4e26-802a-87883f8630e1 - - - - -] Publish callbacks ['neutron.services.segments.db._update_segment_host_mapping_for_agent-8775745317747', 'neutron.plugins.ml2.plugin.Ml2Plugin._retry_binding_revived_agents--9223372036853342320'] for agent (c73653b6-5ad8-432a-9299-756cfd218532), after_update _notify_loop /var/lib/kolla/venv/lib/python3.6/site-packages/neutron_lib/callbacks/manager.py:177
2025-04-14 02:30:14.704 29 DEBUG neutron.db.agents_db [req-ae742a8a-a8f2-445b-bdc9-2ab74fb163db - - - - -] Agent healthcheck: found 2 active agents agent_health_check /var/lib/kolla/venv/lib/python3.6/site-packages/neutron/db/agents_db.py:318
2025-04-14 02:30:30.270 27 DEBUG neutron_lib.callbacks.manager [req-ebe785ce-a2ec-474b-b7a8-1423e22bc23d - - - - -] Publish callbacks ['neutron.services.segments.db._update_segment_host_mapping_for_agent-8775745317747', 'neutron.plugins.ml2.plugin.Ml2Plugin._retry_binding_revived_agents--9223372036853342320'] for agent (e877ddca-b004-4f49-afec-7b3032202666), after_update _notify_loop /var/lib/kolla/venv/lib/python3.6/site-packages/neutron_lib/callbacks/manager.py:177
2025-04-14 02:30:35.390 22 DEBUG neutron.wsgi [-] (22) accepted ('10.0.0.254', 43728) server /var/lib/kolla/venv/lib/python3.6/site-packages/eventlet/wsgi.py:1004
2025-04-14 02:30:35.394 22 INFO neutron.wsgi [-] 10.0.0.254 "GET / HTTP/1.1" status: 200 len: 228 time: 0.0028987
2025-04-14 02:30:37.628 28 DEBUG neutron_lib.callbacks.manager [req-ecc66d87-ed6c-471e-8f6e-0cd1f7c232b0 - - - - -] Publish callbacks ['neutron.services.segments.db._update_segment_host_mapping_for_agent-8775745317747', 'neutron.plugins.ml2.plugin.Ml2Plugin._retry_binding_revived_agents--9223372036853342320'] for agent (c73653b6-5ad8-432a-9299-756cfd218532), after_update _notify_loop /var/lib/kolla/venv/lib/python3.6/site-packages/neutron_lib/callbacks/manager.py:177
2025-04-14 02:30:51.700 29 DEBUG neutron.db.agents_db [req-ae742a8a-a8f2-445b-bdc9-2ab74fb163db - - - - -] Agent healthcheck: found 2 active agents agent_health_check /var/lib/kolla/venv/lib/python3.6/site-packages/neutron/db/agents_db.py:318
2025-04-14 02:31:00.243 24 DEBUG neutron_lib.callbacks.manager [req-ebe785ce-a2ec-474b-b7a8-1423e22bc23d - - - - -] Publish callbacks ['neutron.services.segments.db._update_segment_host_mapping_for_agent-8775745317747', 'neutron.plugins.ml2.plugin.Ml2Plugin._retry_binding_revived_agents--9223372036853342320'] for agent (e877ddca-b004-4f49-afec-7b3032202666), after_update _notify_loop /var/lib/kolla/venv/lib/python3.6/site-packages/neutron_lib/callbacks/manager.py:177
2025-04-14 02:31:05.442 22 DEBUG neutron.wsgi [-] (22) accepted ('10.0.0.254', 55324) server /var/lib/kolla/venv/lib/python3.6/site-packages/eventlet/wsgi.py:1004
2025-04-14 02:31:05.446 22 INFO neutron.wsgi [-] 10.0.0.254 "GET / HTTP/1.1" status: 200 len: 228 time: 0.0027866
2025-04-14 02:31:07.635 23 DEBUG neutron_lib.callbacks.manager [req-89ca9285-5a95-4b6e-96b1-13400240eb1d - - - - -] Publish callbacks ['neutron.services.segments.db._update_segment_host_mapping_for_agent-8775745317747', 'neutron.plugins.ml2.plugin.Ml2Plugin._retry_binding_revived_agents--9223372036853342320'] for agent (c73653b6-5ad8-432a-9299-756cfd218532), after_update _notify_loop /var/lib/kolla/venv/lib/python3.6/site-packages/neutron_lib/callbacks/manager.py:177
2025-04-14 02:31:28.699 29 DEBUG neutron.db.agents_db [req-ae742a8a-a8f2-445b-bdc9-2ab74fb163db - - - - -] Agent healthcheck: found 2 active agents agent_health_check /var/lib/kolla/venv/lib/python3.6/site-packages/neutron/db/agents_db.py:318
2025-04-14 02:31:30.243 25 DEBUG neutron_lib.callbacks.manager [req-ebe785ce-a2ec-474b-b7a8-1423e22bc23d - - - - -] Publish callbacks ['neutron.services.segments.db._update_segment_host_mapping_for_agent-8775745317747', 'neutron.plugins.ml2.plugin.Ml2Plugin._retry_binding_revived_agents--9223372036853342320'] for agent (e877ddca-b004-4f49-afec-7b3032202666), after_update _notify_loop /var/lib/kolla/venv/lib/python3.6/site-packages/neutron_lib/callbacks/manager.py:177
2025-04-14 02:31:35.499 22 DEBUG neutron.wsgi [-] (22) accepted ('10.0.0.254', 48614) server /var/lib/kolla/venv/lib/python3.6/site-packages/eventlet/wsgi.py:1004
2025-04-14 02:31:35.504 22 INFO neutron.wsgi [-] 10.0.0.254 "GET / HTTP/1.1" status: 200 len: 228 time: 0.0040927
2025-04-14 02:31:37.624 26 DEBUG neutron_lib.callbacks.manager [req-2dd2dc8d-baae-4e1d-8092-6acec446b0ca - - - - -] Publish callbacks ['neutron.services.segments.db._update_segment_host_mapping_for_agent-8775745317747', 'neutron.plugins.ml2.plugin.Ml2Plugin._retry_binding_revived_agents--9223372036853342320'] for agent (c73653b6-5ad8-432a-9299-756cfd218532), after_update _notify_loop /var/lib/kolla/venv/lib/python3.6/site-packages/neutron_lib/callbacks/manager.py:177
2025-04-14 02:32:00.258 27 DEBUG neutron_lib.callbacks.manager [req-ebe785ce-a2ec-474b-b7a8-1423e22bc23d - - - - -] Publish callbacks ['neutron.services.segments.db._update_segment_host_mapping_for_agent-8775745317747', 'neutron.plugins.ml2.plugin.Ml2Plugin._retry_binding_revived_agents--9223372036853342320'] for agent (e877ddca-b004-4f49-afec-7b3032202666), after_update _notify_loop /var/lib/kolla/venv/lib/python3.6/site-packages/neutron_lib/callbacks/manager.py:177
2025-04-14 02:32:05.698 29 DEBUG neutron.db.agents_db [req-ae742a8a-a8f2-445b-bdc9-2ab74fb163db - - - - -] Agent healthcheck: found 2 active agents agent_health_check /var/lib/kolla/venv/lib/python3.6/site-packages/neutron/db/agents_db.py:318
2025-04-14 02:32:06.248 22 DEBUG neutron.wsgi [-] (22) accepted ('10.0.0.254', 45270) server /var/lib/kolla/venv/lib/python3.6/site-packages/eventlet/wsgi.py:1004
2025-04-14 02:32:06.253 22 INFO neutron.wsgi [-] 10.0.0.254 "GET / HTTP/1.1" status: 200 len: 228 time: 0.0029027
2025-04-14 02:32:07.624 28 DEBUG neutron_lib.callbacks.manager [req-3b74a33d-163d-4755-acef-17d28bd5228e - - - - -] Publish callbacks ['neutron.services.segments.db._update_segment_host_mapping_for_agent-8775745317747', 'neutron.plugins.ml2.plugin.Ml2Plugin._retry_binding_revived_agents--9223372036853342320'] for agent (c73653b6-5ad8-432a-9299-756cfd218532), after_update _notify_loop /var/lib/kolla/venv/lib/python3.6/site-packages/neutron_lib/callbacks/manager.py:177
2025-04-14 02:32:30.249 24 DEBUG neutron_lib.callbacks.manager [req-ebe785ce-a2ec-474b-b7a8-1423e22bc23d - - - - -] Publish callbacks ['neutron.services.segments.db._update_segment_host_mapping_for_agent-8775745317747', 'neutron.plugins.ml2.plugin.Ml2Plugin._retry_binding_revived_agents--9223372036853342320'] for agent (e877ddca-b004-4f49-afec-7b3032202666), after_update _notify_loop /var/lib/kolla/venv/lib/python3.6/site-packages/neutron_lib/callbacks/manager.py:177
2025-04-14 02:32:31.193 7 INFO oslo_service.service [-] Caught SIGTERM, stopping children
2025-04-14 02:32:31.194 7 DEBUG oslo_concurrency.lockutils [-] Acquired lock "singleton_lock" lock /var/lib/kolla/venv/lib/python3.6/site-packages/oslo_concurrency/lockutils.py:294
2025-04-14 02:32:31.194 7 DEBUG oslo_concurrency.lockutils [-] Releasing lock "singleton_lock" lock /var/lib/kolla/venv/lib/python3.6/site-packages/oslo_concurrency/lockutils.py:312
2025-04-14 02:32:31.194 7 DEBUG oslo_service.service [-] Stop services. stop /var/lib/kolla/venv/lib/python3.6/site-packages/oslo_service/service.py:695
2025-04-14 02:32:31.194 7 DEBUG neutron.service [-] calling RpcWorker stop() stop /var/lib/kolla/venv/lib/python3.6/site-packages/neutron/service.py:138
2025-04-14 02:32:31.194 7 DEBUG neutron.service [-] calling RpcWorker stop() stop /var/lib/kolla/venv/lib/python3.6/site-packages/neutron/service.py:138
2025-04-14 02:32:31.195 7 DEBUG oslo_service.service [-] Killing children. stop /var/lib/kolla/venv/lib/python3.6/site-packages/oslo_service/service.py:700
2025-04-14 02:32:31.195 7 INFO oslo_service.service [-] Waiting on 8 children to exit
2025-04-14 02:32:31.195 22 INFO neutron.wsgi [-] (22) wsgi exited, is_accepting=True
2025-04-14 02:32:31.195 26 DEBUG neutron.service [-] calling RpcWorker stop() stop /var/lib/kolla/venv/lib/python3.6/site-packages/neutron/service.py:138
2025-04-14 02:32:31.195 23 DEBUG neutron.service [-] calling RpcWorker stop() stop /var/lib/kolla/venv/lib/python3.6/site-packages/neutron/service.py:138
2025-04-14 02:32:31.195 25 DEBUG neutron.service [-] calling RpcWorker stop() stop /var/lib/kolla/venv/lib/python3.6/site-packages/neutron/service.py:138
2025-04-14 02:32:31.196 22 DEBUG oslo_concurrency.lockutils [req-4efe4c17-ebcd-4fc5-a553-60cce46dee8b - - - - -] Acquired lock "singleton_lock" lock /var/lib/kolla/venv/lib/python3.6/site-packages/oslo_concurrency/lockutils.py:294
2025-04-14 02:32:31.197 22 DEBUG oslo_concurrency.lockutils [req-4efe4c17-ebcd-4fc5-a553-60cce46dee8b - - - - -] Releasing lock "singleton_lock" lock /var/lib/kolla/venv/lib/python3.6/site-packages/oslo_concurrency/lockutils.py:312
2025-04-14 02:32:31.196 25 DEBUG neutron.service [-] calling stop on stop /var/lib/kolla/venv/lib/python3.6/site-packages/neutron/service.py:141
2025-04-14 02:32:31.196 23 DEBUG neutron.service [-] calling stop on stop /var/lib/kolla/venv/lib/python3.6/site-packages/neutron/service.py:141
2025-04-14 02:32:31.196 26 DEBUG neutron.service [-] calling stop on stop /var/lib/kolla/venv/lib/python3.6/site-packages/neutron/service.py:141
2025-04-14 02:32:31.200 7 INFO oslo_service.service [-] Child 22 exited with status 0
2025-04-14 02:32:31.201 28 DEBUG neutron.service [-] calling RpcWorker stop() stop /var/lib/kolla/venv/lib/python3.6/site-packages/neutron/service.py:138
2025-04-14 02:32:31.201 28 DEBUG neutron.service [-] calling stop on stop /var/lib/kolla/venv/lib/python3.6/site-packages/neutron/service.py:141
2025-04-14 02:32:31.204 29 DEBUG neutron.service [-] calling RpcWorker stop() stop /var/lib/kolla/venv/lib/python3.6/site-packages/neutron/service.py:138
2025-04-14 02:32:31.204 24 DEBUG neutron.service [-] calling RpcWorker stop() stop /var/lib/kolla/venv/lib/python3.6/site-packages/neutron/service.py:138
2025-04-14 02:32:31.204 24 DEBUG neutron.service [-] calling stop on stop /var/lib/kolla/venv/lib/python3.6/site-packages/neutron/service.py:141
2025-04-14 02:32:31.204 29 DEBUG neutron.service [-] calling stop on stop /var/lib/kolla/venv/lib/python3.6/site-packages/neutron/service.py:141
2025-04-14 02:32:31.212 27 DEBUG neutron.service [-] calling RpcWorker stop() stop /var/lib/kolla/venv/lib/python3.6/site-packages/neutron/service.py:138
2025-04-14 02:32:31.213 27 DEBUG neutron.service [-] calling stop on stop /var/lib/kolla/venv/lib/python3.6/site-packages/neutron/service.py:141
2025-04-14 02:32:35.821 28 DEBUG oslo_concurrency.lockutils [req-4efe4c17-ebcd-4fc5-a553-60cce46dee8b - - - - -] Acquired lock "singleton_lock" lock /var/lib/kolla/venv/lib/python3.6/site-packages/oslo_concurrency/lockutils.py:294
2025-04-14 02:32:35.822 28 DEBUG oslo_concurrency.lockutils [req-4efe4c17-ebcd-4fc5-a553-60cce46dee8b - - - - -] Releasing lock "singleton_lock" lock /var/lib/kolla/venv/lib/python3.6/site-packages/oslo_concurrency/lockutils.py:312
2025-04-14 02:32:35.822 28 DEBUG neutron.service [req-4efe4c17-ebcd-4fc5-a553-60cce46dee8b - - - - -] calling RpcWorker wait() _wait /var/lib/kolla/venv/lib/python3.6/site-packages/neutron/service.py:128
2025-04-14 02:32:35.822 28 DEBUG neutron.service [req-4efe4c17-ebcd-4fc5-a553-60cce46dee8b - - - - -] calling wait on _wait /var/lib/kolla/venv/lib/python3.6/site-packages/neutron/service.py:131
2025-04-14 02:32:35.829 28 WARNING amqp [req-4efe4c17-ebcd-4fc5-a553-60cce46dee8b - - - - -] Received method (60, 30) during closing channel 1. This method will be ignored
2025-04-14 02:32:35.830 28 DEBUG neutron.service [req-4efe4c17-ebcd-4fc5-a553-60cce46dee8b - - - - -] returning from RpcWorker wait() _wait /var/lib/kolla/venv/lib/python3.6/site-packages/neutron/service.py:135
2025-04-14 02:32:35.836 7 INFO oslo_service.service [-] Child 28 exited with status 0
2025-04-14 02:32:37.630 23 DEBUG neutron_lib.callbacks.manager [req-74c88c45-a976-4142-a07e-372d9aad5c62 - - - - -] Publish callbacks ['neutron.services.segments.db._update_segment_host_mapping_for_agent-8775745317747', 'neutron.plugins.ml2.plugin.Ml2Plugin._retry_binding_revived_agents--9223372036853342320'] for agent (c73653b6-5ad8-432a-9299-756cfd218532), after_update _notify_loop /var/lib/kolla/venv/lib/python3.6/site-packages/neutron_lib/callbacks/manager.py:177
2025-04-14 02:32:37.696 23 DEBUG neutron.service [-] calling stop on stop /var/lib/kolla/venv/lib/python3.6/site-packages/neutron/service.py:141
2025-04-14 02:32:37.696 24 DEBUG neutron.service [-] calling stop on stop /var/lib/kolla/venv/lib/python3.6/site-packages/neutron/service.py:141
2025-04-14 02:32:37.702 26 DEBUG oslo_concurrency.lockutils [req-4efe4c17-ebcd-4fc5-a553-60cce46dee8b - - - - -] Acquired lock "singleton_lock" lock /var/lib/kolla/venv/lib/python3.6/site-packages/oslo_concurrency/lockutils.py:294
2025-04-14 02:32:37.702 26 DEBUG oslo_concurrency.lockutils [req-4efe4c17-ebcd-4fc5-a553-60cce46dee8b - - - - -] Releasing lock "singleton_lock" lock /var/lib/kolla/venv/lib/python3.6/site-packages/oslo_concurrency/lockutils.py:312
2025-04-14 02:32:37.702 26 DEBUG neutron.service [req-4efe4c17-ebcd-4fc5-a553-60cce46dee8b - - - - -] calling RpcWorker wait() _wait /var/lib/kolla/venv/lib/python3.6/site-packages/neutron/service.py:128
2025-04-14 02:32:37.702 26 DEBUG neutron.service [req-4efe4c17-ebcd-4fc5-a553-60cce46dee8b - - - - -] calling wait on _wait /var/lib/kolla/venv/lib/python3.6/site-packages/neutron/service.py:131
2025-04-14 02:32:37.704 25 DEBUG neutron.service [-] calling stop on stop /var/lib/kolla/venv/lib/python3.6/site-packages/neutron/service.py:141
2025-04-14 02:32:37.708 27 DEBUG oslo_concurrency.lockutils [req-4efe4c17-ebcd-4fc5-a553-60cce46dee8b - - - - -] Acquired lock "singleton_lock" lock /var/lib/kolla/venv/lib/python3.6/site-packages/oslo_concurrency/lockutils.py:294
2025-04-14 02:32:37.708 27 DEBUG oslo_concurrency.lockutils [req-4efe4c17-ebcd-4fc5-a553-60cce46dee8b - - - - -] Releasing lock "singleton_lock" lock /var/lib/kolla/venv/lib/python3.6/site-packages/oslo_concurrency/lockutils.py:312
2025-04-14 02:32:37.708 27 DEBUG neutron.service [req-4efe4c17-ebcd-4fc5-a553-60cce46dee8b - - - - -] calling RpcWorker wait() _wait /var/lib/kolla/venv/lib/python3.6/site-packages/neutron/service.py:128
2025-04-14 02:32:37.708 27 DEBUG neutron.service [req-4efe4c17-ebcd-4fc5-a553-60cce46dee8b - - - - -] calling wait on _wait /var/lib/kolla/venv/lib/python3.6/site-packages/neutron/service.py:131
2025-04-14 02:32:37.710 26 WARNING amqp [req-4efe4c17-ebcd-4fc5-a553-60cce46dee8b - - - - -] Received method (60, 30) during closing channel 1. This method will be ignored
2025-04-14 02:32:37.711 26 DEBUG neutron.service [req-4efe4c17-ebcd-4fc5-a553-60cce46dee8b - - - - -] returning from RpcWorker wait() _wait /var/lib/kolla/venv/lib/python3.6/site-packages/neutron/service.py:135
