2025-04-10 00:33:25.615 120952 DEBUG oslo_service.service [req-65371f75-9f4d-45e9-bc1e-ba54a7869dcd - - - - -] cache.expiration_time = 600 log_opt_values /usr/lib/python3/dist-packages/oslo_config/cfg.py:2609
2025-04-10 00:33:25.616 120952 DEBUG oslo_service.service [req-65371f75-9f4d-45e9-bc1e-ba54a7869dcd - - - - -] cache.memcache_dead_retry = 300 log_opt_values /usr/lib/python3/dist-packages/oslo_config/cfg.py:2609
2025-04-10 00:33:25.616 120952 DEBUG oslo_service.service [req-65371f75-9f4d-45e9-bc1e-ba54a7869dcd - - - - -] cache.memcache_pool_connection_get_timeout = 10 log_opt_values /usr/lib/python3/dist-packages/oslo_config/cfg.py:2609
2025-04-10 00:33:25.616 120952 DEBUG oslo_service.service [req-65371f75-9f4d-45e9-bc1e-ba54a7869dcd - - - - -] cache.memcache_pool_flush_on_reconnect = False log_opt_values /usr/lib/python3/dist-packages/oslo_config/cfg.py:2609
2025-04-10 00:33:25.616 120952 DEBUG oslo_service.service [req-65371f75-9f4d-45e9-bc1e-ba54a7869dcd - - - - -] cache.memcache_pool_maxsize = 10 log_opt_values /usr/lib/python3/dist-packages/oslo_config/cfg.py:2609
2025-04-10 00:33:25.616 120952 DEBUG oslo_service.service [req-65371f75-9f4d-45e9-bc1e-ba54a7869dcd - - - - -] cache.memcache_pool_unused_timeout = 60 log_opt_values /usr/lib/python3/dist-packages/oslo_config/cfg.py:2609
2025-04-10 00:33:25.617 120952 DEBUG oslo_service.service [req-65371f75-9f4d-45e9-bc1e-ba54a7869dcd - - - - -] cache.memcache_servers = ['localhost:11211'] log_opt_values /usr/lib/python3/dist-packages/oslo_config/cfg.py:2609
2025-04-10 00:33:25.617 120952 DEBUG oslo_service.service [req-65371f75-9f4d-45e9-bc1e-ba54a7869dcd - - - - -] cache.memcache_socket_timeout = 1.0 log_opt_values /usr/lib/python3/dist-packages/oslo_config/cfg.py:2609
2025-04-10 00:33:25.617 120952 DEBUG oslo_service.service [req-65371f75-9f4d-45e9-bc1e-ba54a7869dcd - - - - -] cache.proxies = [] log_opt_values /usr/lib/python3/dist-packages/oslo_config/cfg.py:2609
2025-04-10 00:33:25.617 120952 DEBUG oslo_service.service [req-65371f75-9f4d-45e9-bc1e-ba54a7869dcd - - - - -] cache.tls_allowed_ciphers = None log_opt_values /usr/lib/python3/dist-packages/oslo_config/cfg.py:2609
2025-04-10 00:33:25.617 120952 DEBUG oslo_service.service [req-65371f75-9f4d-45e9-bc1e-ba54a7869dcd - - - - -] cache.tls_cafile = None log_opt_values /usr/lib/python3/dist-packages/oslo_config/cfg.py:2609
2025-04-10 00:33:25.618 120952 DEBUG oslo_service.service [req-65371f75-9f4d-45e9-bc1e-ba54a7869dcd - - - - -] cache.tls_certfile = None log_opt_values /usr/lib/python3/dist-packages/oslo_config/cfg.py:2609
2025-04-10 00:33:25.618 120952 DEBUG oslo_service.service [req-65371f75-9f4d-45e9-bc1e-ba54a7869dcd - - - - -] cache.tls_enabled = False log_opt_values /usr/lib/python3/dist-packages/oslo_config/cfg.py:2609
2025-04-10 00:33:25.618 120952 DEBUG oslo_service.service [req-65371f75-9f4d-45e9-bc1e-ba54a7869dcd - - - - -] cache.tls_keyfile = None log_opt_values /usr/lib/python3/dist-packages/oslo_config/cfg.py:2609
2025-04-10 00:33:25.618 120952 DEBUG oslo_service.service [req-65371f75-9f4d-45e9-bc1e-ba54a7869dcd - - - - -] cinder.auth_section = None log_opt_values /usr/lib/python3/dist-packages/oslo_config/cfg.py:2609
2025-04-10 00:33:25.618 121802 DEBUG nova.service [req-337f14ed-14c1-4a9d-bc9e-5e5827a60124 - - - - -] Creating RPC server for service scheduler start /usr/lib/python3/dist-packages/nova/service.py:182
2025-04-10 00:33:25.618 120952 DEBUG oslo_service.service [req-65371f75-9f4d-45e9-bc1e-ba54a7869dcd - - - - -] cinder.auth_type = None log_opt_values /usr/lib/python3/dist-packages/oslo_config/cfg.py:2609
2025-04-10 00:33:25.619 120952 DEBUG oslo_service.service [req-65371f75-9f4d-45e9-bc1e-ba54a7869dcd - - - - -] cinder.cafile = None log_opt_values /usr/lib/python3/dist-packages/oslo_config/cfg.py:2609
2025-04-10 00:33:25.618 121801 DEBUG oslo_messaging._drivers.amqpdriver [-] Listener is running poll /usr/lib/python3/dist-packages/oslo_messaging/_drivers/amqpdriver.py:343
2025-04-10 00:33:25.619 120952 DEBUG oslo_service.service [req-65371f75-9f4d-45e9-bc1e-ba54a7869dcd - - - - -] cinder.catalog_info = volumev3::publicURL log_opt_values /usr/lib/python3/dist-packages/oslo_config/cfg.py:2609
2025-04-10 00:33:25.619 121801 DEBUG oslo_messaging._drivers.amqpdriver [-] AMQPListener connection consume poll /usr/lib/python3/dist-packages/oslo_messaging/_drivers/amqpdriver.py:357
2025-04-10 00:33:25.619 120952 DEBUG oslo_service.service [req-65371f75-9f4d-45e9-bc1e-ba54a7869dcd - - - - -] cinder.certfile = None log_opt_values /usr/lib/python3/dist-packages/oslo_config/cfg.py:2609
2025-04-10 00:33:25.619 120952 DEBUG oslo_service.service [req-65371f75-9f4d-45e9-bc1e-ba54a7869dcd - - - - -] cinder.collect_timing = False log_opt_values /usr/lib/python3/dist-packages/oslo_config/cfg.py:2609
2025-04-10 00:33:25.618 121800 DEBUG oslo_messaging._drivers.amqpdriver [-] Listener is running poll /usr/lib/python3/dist-packages/oslo_messaging/_drivers/amqpdriver.py:343
2025-04-10 00:33:25.619 120952 DEBUG oslo_service.service [req-65371f75-9f4d-45e9-bc1e-ba54a7869dcd - - - - -] cinder.cross_az_attach = True log_opt_values /usr/lib/python3/dist-packages/oslo_config/cfg.py:2609
2025-04-10 00:33:25.619 121800 DEBUG oslo_messaging._drivers.amqpdriver [-] AMQPListener connection consume poll /usr/lib/python3/dist-packages/oslo_messaging/_drivers/amqpdriver.py:357
2025-04-10 00:33:25.619 120952 DEBUG oslo_service.service [req-65371f75-9f4d-45e9-bc1e-ba54a7869dcd - - - - -] cinder.debug = False log_opt_values /usr/lib/python3/dist-packages/oslo_config/cfg.py:2609
2025-04-10 00:33:25.620 120952 DEBUG oslo_service.service [req-65371f75-9f4d-45e9-bc1e-ba54a7869dcd - - - - -] cinder.endpoint_template = None log_opt_values /usr/lib/python3/dist-packages/oslo_config/cfg.py:2609
2025-04-10 00:33:25.620 120952 DEBUG oslo_service.service [req-65371f75-9f4d-45e9-bc1e-ba54a7869dcd - - - - -] cinder.http_retries = 3 log_opt_values /usr/lib/python3/dist-packages/oslo_config/cfg.py:2609
2025-04-10 00:33:25.620 120952 DEBUG oslo_service.service [req-65371f75-9f4d-45e9-bc1e-ba54a7869dcd - - - - -] cinder.insecure = False log_opt_values /usr/lib/python3/dist-packages/oslo_config/cfg.py:2609
2025-04-10 00:33:25.620 120952 DEBUG oslo_service.service [req-65371f75-9f4d-45e9-bc1e-ba54a7869dcd - - - - -] cinder.keyfile = None log_opt_values /usr/lib/python3/dist-packages/oslo_config/cfg.py:2609
2025-04-10 00:33:25.620 120952 DEBUG oslo_service.service [req-65371f75-9f4d-45e9-bc1e-ba54a7869dcd - - - - -] cinder.os_region_name = None log_opt_values /usr/lib/python3/dist-packages/oslo_config/cfg.py:2609
2025-04-10 00:33:25.620 120952 DEBUG oslo_service.service [req-65371f75-9f4d-45e9-bc1e-ba54a7869dcd - - - - -] cinder.split_loggers = False log_opt_values /usr/lib/python3/dist-packages/oslo_config/cfg.py:2609
2025-04-10 00:33:25.620 121801 DEBUG nova.service [req-3ea25146-9724-4874-b47b-fe4bbb6b031f - - - - -] Join ServiceGroup membership for this service scheduler start /usr/lib/python3/dist-packages/nova/service.py:199
2025-04-10 00:33:25.621 120952 DEBUG oslo_service.service [req-65371f75-9f4d-45e9-bc1e-ba54a7869dcd - - - - -] cinder.timeout = None log_opt_values /usr/lib/python3/dist-packages/oslo_config/cfg.py:2609
2025-04-10 00:33:25.621 121801 DEBUG nova.servicegroup.drivers.db [req-3ea25146-9724-4874-b47b-fe4bbb6b031f - - - - -] DB_Driver: join new ServiceGroup member juju-7b022b-0-lxd-7 to the scheduler group, service = join /usr/lib/python3/dist-packages/nova/servicegroup/drivers/db.py:44
2025-04-10 00:33:25.621 120952 DEBUG oslo_service.service [req-65371f75-9f4d-45e9-bc1e-ba54a7869dcd - - - - -] compute.consecutive_build_service_disable_threshold = 10 log_opt_values /usr/lib/python3/dist-packages/oslo_config/cfg.py:2609
2025-04-10 00:33:25.621 120952 DEBUG oslo_service.service [req-65371f75-9f4d-45e9-bc1e-ba54a7869dcd - - - - -] compute.cpu_dedicated_set = None log_opt_values /usr/lib/python3/dist-packages/oslo_config/cfg.py:2609
2025-04-10 00:33:25.621 120952 DEBUG oslo_service.service [req-65371f75-9f4d-45e9-bc1e-ba54a7869dcd - - - - -] compute.cpu_shared_set = None log_opt_values /usr/lib/python3/dist-packages/oslo_config/cfg.py:2609
2025-04-10 00:33:25.621 120952 DEBUG oslo_service.service [req-65371f75-9f4d-45e9-bc1e-ba54a7869dcd - - - - -] compute.image_type_exclude_list = [] log_opt_values /usr/lib/python3/dist-packages/oslo_config/cfg.py:2609
2025-04-10 00:33:25.621 121800 DEBUG nova.service [req-893cec1a-e354-45ed-852b-37dfac222e9d - - - - -] Join ServiceGroup membership for this service scheduler start /usr/lib/python3/dist-packages/nova/service.py:199
2025-04-10 00:33:25.622 120952 DEBUG oslo_service.service [req-65371f75-9f4d-45e9-bc1e-ba54a7869dcd - - - - -] compute.live_migration_wait_for_vif_plug = True log_opt_values /usr/lib/python3/dist-packages/oslo_config/cfg.py:2609
2025-04-10 00:33:25.622 120952 DEBUG oslo_service.service [req-65371f75-9f4d-45e9-bc1e-ba54a7869dcd - - - - -] compute.max_concurrent_disk_ops = 0 log_opt_values /usr/lib/python3/dist-packages/oslo_config/cfg.py:2609
2025-04-10 00:33:25.622 121800 DEBUG nova.servicegroup.drivers.db [req-893cec1a-e354-45ed-852b-37dfac222e9d - - - - -] DB_Driver: join new ServiceGroup member juju-7b022b-0-lxd-7 to the scheduler group, service = join /usr/lib/python3/dist-packages/nova/servicegroup/drivers/db.py:44
2025-04-10 00:33:25.622 120952 DEBUG oslo_service.service [req-65371f75-9f4d-45e9-bc1e-ba54a7869dcd - - - - -] compute.max_disk_devices_to_attach = -1 log_opt_values /usr/lib/python3/dist-packages/oslo_config/cfg.py:2609
2025-04-10 00:33:25.622 120952 DEBUG oslo_service.service [req-65371f75-9f4d-45e9-bc1e-ba54a7869dcd - - - - -] compute.packing_host_numa_cells_allocation_strategy = True log_opt_values /usr/lib/python3/dist-packages/oslo_config/cfg.py:2609
2025-04-10 00:33:25.622 120952 DEBUG oslo_service.service [req-65371f75-9f4d-45e9-bc1e-ba54a7869dcd - - - - -] compute.provider_config_location = /etc/nova/provider_config/ log_opt_values /usr/lib/python3/dist-packages/oslo_config/cfg.py:2609
2025-04-10 00:33:25.623 120952 DEBUG oslo_service.service [req-65371f75-9f4d-45e9-bc1e-ba54a7869dcd - - - - -] compute.resource_provider_association_refresh = 300 log_opt_values /usr/lib/python3/dist-packages/oslo_config/cfg.py:2609
2025-04-10 00:33:25.623 120952 DEBUG oslo_service.service [req-65371f75-9f4d-45e9-bc1e-ba54a7869dcd - - - - -] compute.shutdown_retry_interval = 10 log_opt_values /usr/lib/python3/dist-packages/oslo_config/cfg.py:2609
2025-04-10 00:33:25.623 120952 DEBUG oslo_service.service [req-65371f75-9f4d-45e9-bc1e-ba54a7869dcd - - - - -] compute.vmdk_allowed_types = ['streamOptimized', 'monolithicSparse'] log_opt_values /usr/lib/python3/dist-packages/oslo_config/cfg.py:2609
2025-04-10 00:33:25.623 120952 DEBUG oslo_service.service [req-65371f75-9f4d-45e9-bc1e-ba54a7869dcd - - - - -] conductor.workers = 4 log_opt_values /usr/lib/python3/dist-packages/oslo_config/cfg.py:2609
2025-04-10 00:33:25.623 120952 DEBUG oslo_service.service [req-65371f75-9f4d-45e9-bc1e-ba54a7869dcd - - - - -] console.allowed_origins = [] log_opt_values /usr/lib/python3/dist-packages/oslo_config/cfg.py:2609
2025-04-10 00:33:25.623 120952 DEBUG oslo_service.service [req-65371f75-9f4d-45e9-bc1e-ba54a7869dcd - - - - -] console.ssl_ciphers = None log_opt_values /usr/lib/python3/dist-packages/oslo_config/cfg.py:2609
2025-04-10 00:33:25.624 120952 DEBUG oslo_service.service [req-65371f75-9f4d-45e9-bc1e-ba54a7869dcd - - - - -] console.ssl_minimum_version = default log_opt_values /usr/lib/python3/dist-packages/oslo_config/cfg.py:2609
2025-04-10 00:33:25.624 120952 DEBUG oslo_service.service [req-65371f75-9f4d-45e9-bc1e-ba54a7869dcd - - - - -] consoleauth.token_ttl = 600 log_opt_values /usr/lib/python3/dist-packages/oslo_config/cfg.py:2609
2025-04-10 00:33:25.624 120952 DEBUG oslo_service.service [req-65371f75-9f4d-45e9-bc1e-ba54a7869dcd - - - - -] cyborg.cafile = None log_opt_values /usr/lib/python3/dist-packages/oslo_config/cfg.py:2609
2025-04-10 00:33:25.624 120952 DEBUG oslo_service.service [req-65371f75-9f4d-45e9-bc1e-ba54a7869dcd - - - - -] cyborg.certfile = None log_opt_values /usr/lib/python3/dist-packages/oslo_config/cfg.py:2609
2025-04-10 00:33:25.624 120952 DEBUG oslo_service.service [req-65371f75-9f4d-45e9-bc1e-ba54a7869dcd - - - - -] cyborg.collect_timing = False log_opt_values /usr/lib/python3/dist-packages/oslo_config/cfg.py:2609
2025-04-10 00:33:25.625 121801 DEBUG oslo_messaging._drivers.amqpdriver [-] AMQPListener connection timeout poll /usr/lib/python3/dist-packages/oslo_messaging/_drivers/amqpdriver.py:360
2025-04-10 00:33:25.625 120952 DEBUG oslo_service.service [req-65371f75-9f4d-45e9-bc1e-ba54a7869dcd - - - - -] cyborg.connect_retries = None log_opt_values /usr/lib/python3/dist-packages/oslo_config/cfg.py:2609
2025-04-10 00:33:25.625 121801 DEBUG oslo_messaging._drivers.amqpdriver [-] Listener is running poll /usr/lib/python3/dist-packages/oslo_messaging/_drivers/amqpdriver.py:343
2025-04-10 00:33:25.625 120952 DEBUG oslo_service.service [req-65371f75-9f4d-45e9-bc1e-ba54a7869dcd - - - - -] cyborg.connect_retry_delay = None log_opt_values /usr/lib/python3/dist-packages/oslo_config/cfg.py:2609
2025-04-10 00:33:25.625 121801 DEBUG oslo_messaging._drivers.amqpdriver [-] AMQPListener connection consume poll /usr/lib/python3/dist-packages/oslo_messaging/_drivers/amqpdriver.py:357
2025-04-10 00:33:25.625 120952 DEBUG oslo_service.service [req-65371f75-9f4d-45e9-bc1e-ba54a7869dcd - - - - -] cyborg.endpoint_override = None log_opt_values /usr/lib/python3/dist-packages/oslo_config/cfg.py:2609
2025-04-10 00:33:25.625 121800 DEBUG oslo_messaging._drivers.amqpdriver [-] AMQPListener connection timeout poll /usr/lib/python3/dist-packages/oslo_messaging/_drivers/amqpdriver.py:360
2025-04-10 00:33:25.625 120952 DEBUG oslo_service.service [req-65371f75-9f4d-45e9-bc1e-ba54a7869dcd - - - - -] cyborg.insecure = False log_opt_values /usr/lib/python3/dist-packages/oslo_config/cfg.py:2609
2025-04-10 00:33:25.625 121800 DEBUG oslo_messaging._drivers.amqpdriver [-] Listener is running poll /usr/lib/python3/dist-packages/oslo_messaging/_drivers/amqpdriver.py:343
2025-04-10 00:33:25.625 121800 DEBUG oslo_messaging._drivers.amqpdriver [-] AMQPListener connection consume poll /usr/lib/python3/dist-packages/oslo_messaging/_drivers/amqpdriver.py:357
2025-04-10 00:33:25.625 120952 DEBUG oslo_service.service [req-65371f75-9f4d-45e9-bc1e-ba54a7869dcd - - - - -] cyborg.keyfile = None log_opt_values /usr/lib/python3/dist-packages/oslo_config/cfg.py:2609
2025-04-10 00:33:25.625 120952 DEBUG oslo_service.service [req-65371f75-9f4d-45e9-bc1e-ba54a7869dcd - - - - -] cyborg.max_version = None log_opt_values /usr/lib/python3/dist-packages/oslo_config/cfg.py:2609
2025-04-10 00:33:25.626 120952 DEBUG oslo_service.service [req-65371f75-9f4d-45e9-bc1e-ba54a7869dcd - - - - -] cyborg.min_version = None log_opt_values /usr/lib/python3/dist-packages/oslo_config/cfg.py:2609
2025-04-10 00:33:25.626 120952 DEBUG oslo_service.service [req-65371f75-9f4d-45e9-bc1e-ba54a7869dcd - - - - -] cyborg.region_name = None log_opt_values /usr/lib/python3/dist-packages/oslo_config/cfg.py:2609
2025-04-10 00:33:25.626 120952 DEBUG oslo_service.service [req-65371f75-9f4d-45e9-bc1e-ba54a7869dcd - - - - -] cyborg.service_name = None log_opt_values /usr/lib/python3/dist-packages/oslo_config/cfg.py:2609
2025-04-10 00:33:25.626 120952 DEBUG oslo_service.service [req-65371f75-9f4d-45e9-bc1e-ba54a7869dcd - - - - -] cyborg.service_type = accelerator log_opt_values /usr/lib/python3/dist-packages/oslo_config/cfg.py:2609
2025-04-10 00:33:25.626 120952 DEBUG oslo_service.service [req-65371f75-9f4d-45e9-bc1e-ba54a7869dcd - - - - -] cyborg.split_loggers = False log_opt_values /usr/lib/python3/dist-packages/oslo_config/cfg.py:2609
2025-04-10 00:33:25.627 120952 DEBUG oslo_service.service [req-65371f75-9f4d-45e9-bc1e-ba54a7869dcd - - - - -] cyborg.status_code_retries = None log_opt_values /usr/lib/python3/dist-packages/oslo_config/cfg.py:2609
2025-04-10 00:33:25.627 120952 DEBUG oslo_service.service [req-65371f75-9f4d-45e9-bc1e-ba54a7869dcd - - - - -] cyborg.status_code_retry_delay = None log_opt_values /usr/lib/python3/dist-packages/oslo_config/cfg.py:2609
2025-04-10 00:33:25.627 120952 DEBUG oslo_service.service [req-65371f75-9f4d-45e9-bc1e-ba54a7869dcd - - - - -] cyborg.timeout = None log_opt_values /usr/lib/python3/dist-packages/oslo_config/cfg.py:2609
2025-04-10 00:33:25.627 120952 DEBUG oslo_service.service [req-65371f75-9f4d-45e9-bc1e-ba54a7869dcd - - - - -] cyborg.valid_interfaces = ['internal', 'public'] log_opt_values /usr/lib/python3/dist-packages/oslo_config/cfg.py:2609
2025-04-10 00:33:25.628 120952 DEBUG oslo_service.service [req-65371f75-9f4d-45e9-bc1e-ba54a7869dcd - - - - -] cyborg.version = None log_opt_values /usr/lib/python3/dist-packages/oslo_config/cfg.py:2609
2025-04-10 00:33:25.628 120952 DEBUG oslo_service.service [req-65371f75-9f4d-45e9-bc1e-ba54a7869dcd - - - - -] database.backend = sqlalchemy log_opt_values /usr/lib/python3/dist-packages/oslo_config/cfg.py:2609
2025-04-10 00:33:25.628 120952 DEBUG oslo_service.service [req-65371f75-9f4d-45e9-bc1e-ba54a7869dcd - - - - -] database.connection = **** log_opt_values /usr/lib/python3/dist-packages/oslo_config/cfg.py:2609
2025-04-10 00:33:25.628 120952 DEBUG oslo_service.service [req-65371f75-9f4d-45e9-bc1e-ba54a7869dcd - - - - -] database.connection_debug = 0 log_opt_values /usr/lib/python3/dist-packages/oslo_config/cfg.py:2609
2025-04-10 00:33:25.628 120952 DEBUG oslo_service.service [req-65371f75-9f4d-45e9-bc1e-ba54a7869dcd - - - - -] database.connection_parameters = log_opt_values /usr/lib/python3/dist-packages/oslo_config/cfg.py:2609
2025-04-10 00:33:25.628 120952 DEBUG oslo_service.service [req-65371f75-9f4d-45e9-bc1e-ba54a7869dcd - - - - -] database.connection_recycle_time = 3600 log_opt_values /usr/lib/python3/dist-packages/oslo_config/cfg.py:2609
2025-04-10 00:33:25.629 120952 DEBUG oslo_service.service [req-65371f75-9f4d-45e9-bc1e-ba54a7869dcd - - - - -] database.connection_trace = False log_opt_values /usr/lib/python3/dist-packages/oslo_config/cfg.py:2609
2025-04-10 00:33:25.628 121799 DEBUG oslo_messaging._drivers.amqpdriver [-] Listener is running poll /usr/lib/python3/dist-packages/oslo_messaging/_drivers/amqpdriver.py:343
2025-04-10 00:33:25.629 120952 DEBUG oslo_service.service [req-65371f75-9f4d-45e9-bc1e-ba54a7869dcd - - - - -] database.db_inc_retry_interval = True log_opt_values /usr/lib/python3/dist-packages/oslo_config/cfg.py:2609
2025-04-10 00:33:25.629 121799 DEBUG oslo_messaging._drivers.amqpdriver [-] AMQPListener connection consume poll /usr/lib/python3/dist-packages/oslo_messaging/_drivers/amqpdriver.py:357
2025-04-10 00:33:25.629 120952 DEBUG oslo_service.service [req-65371f75-9f4d-45e9-bc1e-ba54a7869dcd - - - - -] database.db_max_retries = 20 log_opt_values /usr/lib/python3/dist-packages/oslo_config/cfg.py:2609
2025-04-10 00:33:25.629 120952 DEBUG oslo_service.service [req-65371f75-9f4d-45e9-bc1e-ba54a7869dcd - - - - -] database.db_max_retry_interval = 10 log_opt_values /usr/lib/python3/dist-packages/oslo_config/cfg.py:2609
2025-04-10 00:33:25.630 120952 DEBUG oslo_service.service [req-65371f75-9f4d-45e9-bc1e-ba54a7869dcd - - - - -] database.db_retry_interval = 1 log_opt_values /usr/lib/python3/dist-packages/oslo_config/cfg.py:2609
2025-04-10 00:33:25.630 121799 DEBUG nova.service [req-0e794b46-52ed-4b06-b6ed-81447dfa039d - - - - -] Join ServiceGroup membership for this service scheduler start /usr/lib/python3/dist-packages/nova/service.py:199
2025-04-10 00:33:25.630 120952 DEBUG oslo_service.service [req-65371f75-9f4d-45e9-bc1e-ba54a7869dcd - - - - -] database.max_overflow = 50 log_opt_values /usr/lib/python3/dist-packages/oslo_config/cfg.py:2609
2025-04-10 00:33:25.630 121799 DEBUG nova.servicegroup.drivers.db [req-0e794b46-52ed-4b06-b6ed-81447dfa039d - - - - -] DB_Driver: join new ServiceGroup member juju-7b022b-0-lxd-7 to the scheduler group, service = join /usr/lib/python3/dist-packages/nova/servicegroup/drivers/db.py:44
2025-04-10 00:33:25.631 120952 DEBUG oslo_service.service [req-65371f75-9f4d-45e9-bc1e-ba54a7869dcd - - - - -] database.max_pool_size = 4 log_opt_values /usr/lib/python3/dist-packages/oslo_config/cfg.py:2609
2025-04-10 00:33:25.648 121802 DEBUG oslo_messaging._drivers.amqpdriver [-] Listener is running poll /usr/lib/python3/dist-packages/oslo_messaging/_drivers/amqpdriver.py:343
2025-04-10 00:33:25.668 120952 DEBUG oslo_service.service [req-65371f75-9f4d-45e9-bc1e-ba54a7869dcd - - - - -] database.max_retries = 10 log_opt_values /usr/lib/python3/dist-packages/oslo_config/cfg.py:2609
2025-04-10 00:33:25.668 121799 DEBUG oslo_messaging._drivers.amqpdriver [-] AMQPListener connection timeout poll /usr/lib/python3/dist-packages/oslo_messaging/_drivers/amqpdriver.py:360
2025-04-10 00:33:25.668 120952 DEBUG oslo_service.service [req-65371f75-9f4d-45e9-bc1e-ba54a7869dcd - - - - -] database.mysql_enable_ndb = False log_opt_values /usr/lib/python3/dist-packages/oslo_config/cfg.py:2609
2025-04-10 00:33:25.668 121799 DEBUG oslo_messaging._drivers.amqpdriver [-] Listener is running poll /usr/lib/python3/dist-packages/oslo_messaging/_drivers/amqpdriver.py:343
2025-04-10 00:33:25.669 121799 DEBUG oslo_messaging._drivers.amqpdriver [-] AMQPListener connection consume poll /usr/lib/python3/dist-packages/oslo_messaging/_drivers/amqpdriver.py:357
2025-04-10 00:33:25.669 120952 DEBUG oslo_service.service [req-65371f75-9f4d-45e9-bc1e-ba54a7869dcd - - - - -] database.mysql_sql_mode = TRADITIONAL log_opt_values /usr/lib/python3/dist-packages/oslo_config/cfg.py:2609
2025-04-10 00:33:25.668 121802 DEBUG oslo_messaging._drivers.amqpdriver [-] AMQPListener connection consume poll /usr/lib/python3/dist-packages/oslo_messaging/_drivers/amqpdriver.py:357
2025-04-10 00:33:25.669 120952 DEBUG oslo_service.service [req-65371f75-9f4d-45e9-bc1e-ba54a7869dcd - - - - -] database.pool_timeout = None log_opt_values /usr/lib/python3/dist-packages/oslo_config/cfg.py:2609
2025-04-10 00:33:25.669 120952 DEBUG oslo_service.service [req-65371f75-9f4d-45e9-bc1e-ba54a7869dcd - - - - -] database.retry_interval = 10 log_opt_values /usr/lib/python3/dist-packages/oslo_config/cfg.py:2609
2025-04-10 00:33:25.670 121802 DEBUG nova.service [req-337f14ed-14c1-4a9d-bc9e-5e5827a60124 - - - - -] Join ServiceGroup membership for this service scheduler start /usr/lib/python3/dist-packages/nova/service.py:199
2025-04-10 00:33:25.670 120952 DEBUG oslo_service.service [req-65371f75-9f4d-45e9-bc1e-ba54a7869dcd - - - - -] database.slave_connection = **** log_opt_values /usr/lib/python3/dist-packages/oslo_config/cfg.py:2609
2025-04-10 00:33:25.670 121802 DEBUG nova.servicegroup.drivers.db [req-337f14ed-14c1-4a9d-bc9e-5e5827a60124 - - - - -] DB_Driver: join new ServiceGroup member juju-7b022b-0-lxd-7 to the scheduler group, service = join /usr/lib/python3/dist-packages/nova/servicegroup/drivers/db.py:44
2025-04-10 00:33:25.670 120952 DEBUG oslo_service.service [req-65371f75-9f4d-45e9-bc1e-ba54a7869dcd - - - - -] database.sqlite_synchronous = True log_opt_values /usr/lib/python3/dist-packages/oslo_config/cfg.py:2609
2025-04-10 00:33:25.671 120952 DEBUG oslo_service.service [req-65371f75-9f4d-45e9-bc1e-ba54a7869dcd - - - - -] database.use_db_reconnect = False log_opt_values /usr/lib/python3/dist-packages/oslo_config/cfg.py:2609
2025-04-10 00:33:25.671 120952 DEBUG oslo_service.service [req-65371f75-9f4d-45e9-bc1e-ba54a7869dcd - - - - -] api_database.backend = sqlalchemy log_opt_values /usr/lib/python3/dist-packages/oslo_config/cfg.py:2609
2025-04-10 00:33:25.671 120952 DEBUG oslo_service.service [req-65371f75-9f4d-45e9-bc1e-ba54a7869dcd - - - - -] api_database.connection = **** log_opt_values /usr/lib/python3/dist-packages/oslo_config/cfg.py:2609
2025-04-10 00:33:25.671 120952 DEBUG oslo_service.service [req-65371f75-9f4d-45e9-bc1e-ba54a7869dcd - - - - -] api_database.connection_debug = 0 log_opt_values /usr/lib/python3/dist-packages/oslo_config/cfg.py:2609
2025-04-10 00:33:25.672 120952 DEBUG oslo_service.service [req-65371f75-9f4d-45e9-bc1e-ba54a7869dcd - - - - -] api_database.connection_parameters = log_opt_values /usr/lib/python3/dist-packages/oslo_config/cfg.py:2609
2025-04-10 00:33:25.672 120952 DEBUG oslo_service.service [req-65371f75-9f4d-45e9-bc1e-ba54a7869dcd - - - - -] api_database.connection_recycle_time = 3600 log_opt_values /usr/lib/python3/dist-packages/oslo_config/cfg.py:2609
2025-04-10 00:33:25.672 120952 DEBUG oslo_service.service [req-65371f75-9f4d-45e9-bc1e-ba54a7869dcd - - - - -] api_database.connection_trace = False log_opt_values /usr/lib/python3/dist-packages/oslo_config/cfg.py:2609
2025-04-10 00:33:25.672 120952 DEBUG oslo_service.service [req-65371f75-9f4d-45e9-bc1e-ba54a7869dcd - - - - -] api_database.db_inc_retry_interval = True log_opt_values /usr/lib/python3/dist-packages/oslo_config/cfg.py:2609
2025-04-10 00:33:25.672 120952 DEBUG oslo_service.service [req-65371f75-9f4d-45e9-bc1e-ba54a7869dcd - - - - -] api_database.db_max_retries = 20 log_opt_values /usr/lib/python3/dist-packages/oslo_config/cfg.py:2609
2025-04-10 00:33:25.673 120952 DEBUG oslo_service.service [req-65371f75-9f4d-45e9-bc1e-ba54a7869dcd - - - - -] api_database.db_max_retry_interval = 10 log_opt_values /usr/lib/python3/dist-packages/oslo_config/cfg.py:2609
2025-04-10 00:33:25.673 120952 DEBUG oslo_service.service [req-65371f75-9f4d-45e9-bc1e-ba54a7869dcd - - - - -] api_database.db_retry_interval = 1 log_opt_values /usr/lib/python3/dist-packages/oslo_config/cfg.py:2609
2025-04-10 00:33:25.673 120952 DEBUG oslo_service.service [req-65371f75-9f4d-45e9-bc1e-ba54a7869dcd - - - - -] api_database.max_overflow = 50 log_opt_values /usr/lib/python3/dist-packages/oslo_config/cfg.py:2609
2025-04-10 00:33:25.673 120952 DEBUG oslo_service.service [req-65371f75-9f4d-45e9-bc1e-ba54a7869dcd - - - - -] api_database.max_pool_size = 4 log_opt_values /usr/lib/python3/dist-packages/oslo_config/cfg.py:2609
2025-04-10 00:33:25.673 120952 DEBUG oslo_service.service [req-65371f75-9f4d-45e9-bc1e-ba54a7869dcd - - - - -] api_database.max_retries = 10 log_opt_values /usr/lib/python3/dist-packages/oslo_config/cfg.py:2609
2025-04-10 00:33:25.673 121802 DEBUG oslo_messaging._drivers.amqpdriver [-] AMQPListener connection timeout poll /usr/lib/python3/dist-packages/oslo_messaging/_drivers/amqpdriver.py:360
2025-04-10 00:33:25.673 120952 DEBUG oslo_service.service [req-65371f75-9f4d-45e9-bc1e-ba54a7869dcd - - - - -] api_database.mysql_enable_ndb = False log_opt_values /usr/lib/python3/dist-packages/oslo_config/cfg.py:2609
2025-04-10 00:33:25.673 121802 DEBUG oslo_messaging._drivers.amqpdriver [-] Listener is running poll /usr/lib/python3/dist-packages/oslo_messaging/_drivers/amqpdriver.py:343
2025-04-10 00:33:25.674 121802 DEBUG oslo_messaging._drivers.amqpdriver [-] AMQPListener connection consume poll /usr/lib/python3/dist-packages/oslo_messaging/_drivers/amqpdriver.py:357
2025-04-10 00:33:25.674 120952 DEBUG oslo_service.service [req-65371f75-9f4d-45e9-bc1e-ba54a7869dcd - - - - -] api_database.mysql_sql_mode = TRADITIONAL log_opt_values /usr/lib/python3/dist-packages/oslo_config/cfg.py:2609
2025-04-10 00:33:25.674 120952 DEBUG oslo_service.service [req-65371f75-9f4d-45e9-bc1e-ba54a7869dcd - - - - -] api_database.pool_timeout = None log_opt_values /usr/lib/python3/dist-packages/oslo_config/cfg.py:2609
2025-04-10 00:33:25.674 120952 DEBUG oslo_service.service [req-65371f75-9f4d-45e9-bc1e-ba54a7869dcd - - - - -] api_database.retry_interval = 10 log_opt_values /usr/lib/python3/dist-packages/oslo_config/cfg.py:2609
2025-04-10 00:33:25.674 120952 DEBUG oslo_service.service [req-65371f75-9f4d-45e9-bc1e-ba54a7869dcd - - - - -] api_database.slave_connection = **** log_opt_values /usr/lib/python3/dist-packages/oslo_config/cfg.py:2609
2025-04-10 00:33:25.674 120952 DEBUG oslo_service.service [req-65371f75-9f4d-45e9-bc1e-ba54a7869dcd - - - - -] api_database.sqlite_synchronous = True log_opt_values /usr/lib/python3/dist-packages/oslo_config/cfg.py:2609
2025-04-10 00:33:25.674 120952 DEBUG oslo_service.service [req-65371f75-9f4d-45e9-bc1e-ba54a7869dcd - - - - -] devices.enabled_mdev_types = [] log_opt_values /usr/lib/python3/dist-packages/oslo_config/cfg.py:2609
2025-04-10 00:33:25.674 120952 DEBUG oslo_service.service [req-65371f75-9f4d-45e9-bc1e-ba54a7869dcd - - - - -] ephemeral_storage_encryption.cipher = aes-xts-plain64 log_opt_values /usr/lib/python3/dist-packages/oslo_config/cfg.py:2609
2025-04-10 00:33:25.675 120952 DEBUG oslo_service.service [req-65371f75-9f4d-45e9-bc1e-ba54a7869dcd - - - - -] ephemeral_storage_encryption.enabled = False log_opt_values /usr/lib/python3/dist-packages/oslo_config/cfg.py:2609
2025-04-10 00:33:25.675 120952 DEBUG oslo_service.service [req-65371f75-9f4d-45e9-bc1e-ba54a7869dcd - - - - -] ephemeral_storage_encryption.key_size = 512 log_opt_values /usr/lib/python3/dist-packages/oslo_config/cfg.py:2609
2025-04-10 00:33:25.675 120952 WARNING oslo_config.cfg [req-65371f75-9f4d-45e9-bc1e-ba54a7869dcd - - - - -] Deprecated: Option "api_servers" from group "glance" is deprecated for removal ( Support for image service configuration via standard keystoneauth1 Adapter options was added in the 17.0.0 Queens release. The api_servers option was retained temporarily to allow consumers time to cut over to a real load balancing solution. ). Its value may be silently ignored in the future.
2025-04-10 00:33:25.675 120952 DEBUG oslo_service.service [req-65371f75-9f4d-45e9-bc1e-ba54a7869dcd - - - - -] glance.api_servers = ['http://252.57.38.4:9292'] log_opt_values /usr/lib/python3/dist-packages/oslo_config/cfg.py:2609
2025-04-10 00:33:25.675 120952 DEBUG oslo_service.service [req-65371f75-9f4d-45e9-bc1e-ba54a7869dcd - - - - -] glance.cafile = None log_opt_values /usr/lib/python3/dist-packages/oslo_config/cfg.py:2609
2025-04-10 00:33:25.676 120952 DEBUG oslo_service.service [req-65371f75-9f4d-45e9-bc1e-ba54a7869dcd - - - - -] glance.certfile = None log_opt_values /usr/lib/python3/dist-packages/oslo_config/cfg.py:2609
2025-04-10 00:33:25.676 120952 DEBUG oslo_service.service [req-65371f75-9f4d-45e9-bc1e-ba54a7869dcd - - - - -] glance.collect_timing = False log_opt_values /usr/lib/python3/dist-packages/oslo_config/cfg.py:2609
2025-04-10 00:33:25.676 120952 DEBUG oslo_service.service [req-65371f75-9f4d-45e9-bc1e-ba54a7869dcd - - - - -] glance.connect_retries = None log_opt_values /usr/lib/python3/dist-packages/oslo_config/cfg.py:2609
2025-04-10 00:33:25.676 120952 DEBUG oslo_service.service [req-65371f75-9f4d-45e9-bc1e-ba54a7869dcd - - - - -] glance.connect_retry_delay = None log_opt_values /usr/lib/python3/dist-packages/oslo_config/cfg.py:2609
2025-04-10 00:33:25.676 120952 DEBUG oslo_service.service [req-65371f75-9f4d-45e9-bc1e-ba54a7869dcd - - - - -] glance.debug = False log_opt_values /usr/lib/python3/dist-packages/oslo_config/cfg.py:2609
2025-04-10 00:33:25.676 120952 DEBUG oslo_service.service [req-65371f75-9f4d-45e9-bc1e-ba54a7869dcd - - - - -] glance.default_trusted_certificate_ids = [] log_opt_values /usr/lib/python3/dist-packages/oslo_config/cfg.py:2609
2025-04-10 00:33:25.677 120952 DEBUG oslo_service.service [req-65371f75-9f4d-45e9-bc1e-ba54a7869dcd - - - - -] glance.enable_certificate_validation = False log_opt_values /usr/lib/python3/dist-packages/oslo_config/cfg.py:2609
2025-04-10 00:33:25.677 120952 DEBUG oslo_service.service [req-65371f75-9f4d-45e9-bc1e-ba54a7869dcd - - - - -] glance.enable_rbd_download = False log_opt_values /usr/lib/python3/dist-packages/oslo_config/cfg.py:2609
2025-04-10 00:33:25.677 120952 DEBUG oslo_service.service [req-65371f75-9f4d-45e9-bc1e-ba54a7869dcd - - - - -] glance.endpoint_override = None log_opt_values /usr/lib/python3/dist-packages/oslo_config/cfg.py:2609
2025-04-10 00:33:25.677 120952 DEBUG oslo_service.service [req-65371f75-9f4d-45e9-bc1e-ba54a7869dcd - - - - -] glance.insecure = False log_opt_values /usr/lib/python3/dist-packages/oslo_config/cfg.py:2609
2025-04-10 00:33:25.677 120952 DEBUG oslo_service.service [req-65371f75-9f4d-45e9-bc1e-ba54a7869dcd - - - - -] glance.keyfile = None log_opt_values /usr/lib/python3/dist-packages/oslo_config/cfg.py:2609
2025-04-10 00:33:25.677 120952 DEBUG oslo_service.service [req-65371f75-9f4d-45e9-bc1e-ba54a7869dcd - - - - -] glance.max_version = None log_opt_values /usr/lib/python3/dist-packages/oslo_config/cfg.py:2609
2025-04-10 00:33:25.678 120952 DEBUG oslo_service.service [req-65371f75-9f4d-45e9-bc1e-ba54a7869dcd - - - - -] glance.min_version = None log_opt_values /usr/lib/python3/dist-packages/oslo_config/cfg.py:2609
2025-04-10 00:33:25.678 120952 DEBUG oslo_service.service [req-65371f75-9f4d-45e9-bc1e-ba54a7869dcd - - - - -] glance.num_retries = 3 log_opt_values /usr/lib/python3/dist-packages/oslo_config/cfg.py:2609
2025-04-10 00:33:25.678 120952 DEBUG oslo_service.service [req-65371f75-9f4d-45e9-bc1e-ba54a7869dcd - - - - -] glance.rbd_ceph_conf = log_opt_values /usr/lib/python3/dist-packages/oslo_config/cfg.py:2609
2025-04-10 00:33:25.678 120952 DEBUG oslo_service.service [req-65371f75-9f4d-45e9-bc1e-ba54a7869dcd - - - - -] glance.rbd_connect_timeout = 5 log_opt_values /usr/lib/python3/dist-packages/oslo_config/cfg.py:2609
2025-04-10 00:33:25.678 120952 DEBUG oslo_service.service [req-65371f75-9f4d-45e9-bc1e-ba54a7869dcd - - - - -] glance.rbd_pool = log_opt_values /usr/lib/python3/dist-packages/oslo_config/cfg.py:2609
2025-04-10 00:33:25.678 120952 DEBUG oslo_service.service [req-65371f75-9f4d-45e9-bc1e-ba54a7869dcd - - - - -] glance.rbd_user = log_opt_values /usr/lib/python3/dist-packages/oslo_config/cfg.py:2609
2025-04-10 00:33:25.678 120952 DEBUG oslo_service.service [req-65371f75-9f4d-45e9-bc1e-ba54a7869dcd - - - - -] glance.region_name = None log_opt_values /usr/lib/python3/dist-packages/oslo_config/cfg.py:2609
2025-04-10 00:33:25.679 120952 DEBUG oslo_service.service [req-65371f75-9f4d-45e9-bc1e-ba54a7869dcd - - - - -] glance.service_name = None log_opt_values /usr/lib/python3/dist-packages/oslo_config/cfg.py:2609
2025-04-10 00:33:25.679 120952 DEBUG oslo_service.service [req-65371f75-9f4d-45e9-bc1e-ba54a7869dcd - - - - -] glance.service_type = image log_opt_values /usr/lib/python3/dist-packages/oslo_config/cfg.py:2609
2025-04-10 00:33:25.679 120952 DEBUG oslo_service.service [req-65371f75-9f4d-45e9-bc1e-ba54a7869dcd - - - - -] glance.split_loggers = False log_opt_values /usr/lib/python3/dist-packages/oslo_config/cfg.py:2609
2025-04-10 00:33:25.679 120952 DEBUG oslo_service.service [req-65371f75-9f4d-45e9-bc1e-ba54a7869dcd - - - - -] glance.status_code_retries = None log_opt_values /usr/lib/python3/dist-packages/oslo_config/cfg.py:2609
2025-04-10 00:33:25.679 120952 DEBUG oslo_service.service [req-65371f75-9f4d-45e9-bc1e-ba54a7869dcd - - - - -] glance.status_code_retry_delay = None log_opt_values /usr/lib/python3/dist-packages/oslo_config/cfg.py:2609
2025-04-10 00:33:25.680 120952 DEBUG oslo_service.service [req-65371f75-9f4d-45e9-bc1e-ba54a7869dcd - - - - -] glance.timeout = None log_opt_values /usr/lib/python3/dist-packages/oslo_config/cfg.py:2609
2025-04-10 00:33:25.680 120952 DEBUG oslo_service.service [req-65371f75-9f4d-45e9-bc1e-ba54a7869dcd - - - - -] glance.valid_interfaces = ['internal', 'public'] log_opt_values /usr/lib/python3/dist-packages/oslo_config/cfg.py:2609
2025-04-10 00:33:25.680 120952 DEBUG oslo_service.service [req-65371f75-9f4d-45e9-bc1e-ba54a7869dcd - - - - -] glance.verify_glance_signatures = False log_opt_values /usr/lib/python3/dist-packages/oslo_config/cfg.py:2609
2025-04-10 00:33:25.680 120952 DEBUG oslo_service.service [req-65371f75-9f4d-45e9-bc1e-ba54a7869dcd - - - - -] glance.version = None log_opt_values /usr/lib/python3/dist-packages/oslo_config/cfg.py:2609
2025-04-10 00:33:25.681 120952 DEBUG oslo_service.service [req-65371f75-9f4d-45e9-bc1e-ba54a7869dcd - - - - -] guestfs.debug = False log_opt_values /usr/lib/python3/dist-packages/oslo_config/cfg.py:2609
2025-04-10 00:33:25.681 120952 DEBUG oslo_service.service [req-65371f75-9f4d-45e9-bc1e-ba54a7869dcd - - - - -] hyperv.config_drive_cdrom = False log_opt_values /usr/lib/python3/dist-packages/oslo_config/cfg.py:2609
2025-04-10 00:33:25.681 120952 DEBUG oslo_service.service [req-65371f75-9f4d-45e9-bc1e-ba54a7869dcd - - - - -] hyperv.config_drive_inject_password = False log_opt_values /usr/lib/python3/dist-packages/oslo_config/cfg.py:2609
2025-04-10 00:33:25.681 120952 DEBUG oslo_service.service [req-65371f75-9f4d-45e9-bc1e-ba54a7869dcd - - - - -] hyperv.dynamic_memory_ratio = 1.0 log_opt_values /usr/lib/python3/dist-packages/oslo_config/cfg.py:2609
2025-04-10 00:33:25.681 120952 DEBUG oslo_service.service [req-65371f75-9f4d-45e9-bc1e-ba54a7869dcd - - - - -] hyperv.enable_instance_metrics_collection = False log_opt_values /usr/lib/python3/dist-packages/oslo_config/cfg.py:2609
2025-04-10 00:33:25.681 120952 DEBUG oslo_service.service [req-65371f75-9f4d-45e9-bc1e-ba54a7869dcd - - - - -] hyperv.enable_remotefx = False log_opt_values /usr/lib/python3/dist-packages/oslo_config/cfg.py:2609
2025-04-10 00:33:25.682 120952 DEBUG oslo_service.service [req-65371f75-9f4d-45e9-bc1e-ba54a7869dcd - - - - -] hyperv.instances_path_share = log_opt_values /usr/lib/python3/dist-packages/oslo_config/cfg.py:2609
2025-04-10 00:33:25.682 120952 DEBUG oslo_service.service [req-65371f75-9f4d-45e9-bc1e-ba54a7869dcd - - - - -] hyperv.iscsi_initiator_list = [] log_opt_values /usr/lib/python3/dist-packages/oslo_config/cfg.py:2609
2025-04-10 00:33:25.682 120952 DEBUG oslo_service.service [req-65371f75-9f4d-45e9-bc1e-ba54a7869dcd - - - - -] hyperv.limit_cpu_features = False log_opt_values /usr/lib/python3/dist-packages/oslo_config/cfg.py:2609
2025-04-10 00:33:25.682 120952 DEBUG oslo_service.service [req-65371f75-9f4d-45e9-bc1e-ba54a7869dcd - - - - -] hyperv.mounted_disk_query_retry_count = 10 log_opt_values /usr/lib/python3/dist-packages/oslo_config/cfg.py:2609
2025-04-10 00:33:25.682 120952 DEBUG oslo_service.service [req-65371f75-9f4d-45e9-bc1e-ba54a7869dcd - - - - -] hyperv.mounted_disk_query_retry_interval = 5 log_opt_values /usr/lib/python3/dist-packages/oslo_config/cfg.py:2609
2025-04-10 00:33:25.683 120952 DEBUG oslo_service.service [req-65371f75-9f4d-45e9-bc1e-ba54a7869dcd - - - - -] hyperv.power_state_check_timeframe = 60 log_opt_values /usr/lib/python3/dist-packages/oslo_config/cfg.py:2609
2025-04-10 00:33:25.683 120952 DEBUG oslo_service.service [req-65371f75-9f4d-45e9-bc1e-ba54a7869dcd - - - - -] hyperv.power_state_event_polling_interval = 2 log_opt_values /usr/lib/python3/dist-packages/oslo_config/cfg.py:2609
2025-04-10 00:33:25.683 120952 DEBUG oslo_service.service [req-65371f75-9f4d-45e9-bc1e-ba54a7869dcd - - - - -] hyperv.qemu_img_cmd = qemu-img.exe log_opt_values /usr/lib/python3/dist-packages/oslo_config/cfg.py:2609
2025-04-10 00:33:25.683 120952 DEBUG oslo_service.service [req-65371f75-9f4d-45e9-bc1e-ba54a7869dcd - - - - -] hyperv.use_multipath_io = False log_opt_values /usr/lib/python3/dist-packages/oslo_config/cfg.py:2609
2025-04-10 00:33:25.683 120952 DEBUG oslo_service.service [req-65371f75-9f4d-45e9-bc1e-ba54a7869dcd - - - - -] hyperv.volume_attach_retry_count = 10 log_opt_values /usr/lib/python3/dist-packages/oslo_config/cfg.py:2609
2025-04-10 00:33:25.683 120952 DEBUG oslo_service.service [req-65371f75-9f4d-45e9-bc1e-ba54a7869dcd - - - - -] hyperv.volume_attach_retry_interval = 5 log_opt_values /usr/lib/python3/dist-packages/oslo_config/cfg.py:2609
2025-04-10 00:33:25.684 120952 DEBUG oslo_service.service [req-65371f75-9f4d-45e9-bc1e-ba54a7869dcd - - - - -] hyperv.vswitch_name = None log_opt_values /usr/lib/python3/dist-packages/oslo_config/cfg.py:2609
2025-04-10 00:33:25.684 120952 DEBUG oslo_service.service [req-65371f75-9f4d-45e9-bc1e-ba54a7869dcd - - - - -] hyperv.wait_soft_reboot_seconds = 60 log_opt_values /usr/lib/python3/dist-packages/oslo_config/cfg.py:2609
2025-04-10 00:33:25.684 120952 DEBUG oslo_service.service [req-65371f75-9f4d-45e9-bc1e-ba54a7869dcd - - - - -] mks.enabled = False log_opt_values /usr/lib/python3/dist-packages/oslo_config/cfg.py:2609
2025-04-10 00:33:25.684 120952 DEBUG oslo_service.service [req-65371f75-9f4d-45e9-bc1e-ba54a7869dcd - - - - -] mks.mksproxy_base_url = http://127.0.0.1:6090/ log_opt_values /usr/lib/python3/dist-packages/oslo_config/cfg.py:2609
2025-04-10 00:33:25.685 120952 DEBUG oslo_service.service [req-65371f75-9f4d-45e9-bc1e-ba54a7869dcd - - - - -] image_cache.manager_interval = 2400 log_opt_values /usr/lib/python3/dist-packages/oslo_config/cfg.py:2609
2025-04-10 00:33:25.685 120952 DEBUG oslo_service.service [req-65371f75-9f4d-45e9-bc1e-ba54a7869dcd - - - - -] image_cache.precache_concurrency = 1 log_opt_values /usr/lib/python3/dist-packages/oslo_config/cfg.py:2609
2025-04-10 00:33:25.685 120952 DEBUG oslo_service.service [req-65371f75-9f4d-45e9-bc1e-ba54a7869dcd - - - - -] image_cache.remove_unused_base_images = True log_opt_values /usr/lib/python3/dist-packages/oslo_config/cfg.py:2609
2025-04-10 00:33:25.685 120952 DEBUG oslo_service.service [req-65371f75-9f4d-45e9-bc1e-ba54a7869dcd - - - - -] image_cache.remove_unused_original_minimum_age_seconds = 86400 log_opt_values /usr/lib/python3/dist-packages/oslo_config/cfg.py:2609
2025-04-10 00:33:25.685 120952 DEBUG oslo_service.service [req-65371f75-9f4d-45e9-bc1e-ba54a7869dcd - - - - -] image_cache.remove_unused_resized_minimum_age_seconds = 3600 log_opt_values /usr/lib/python3/dist-packages/oslo_config/cfg.py:2609
2025-04-10 00:33:25.686 120952 DEBUG oslo_service.service [req-65371f75-9f4d-45e9-bc1e-ba54a7869dcd - - - - -] image_cache.subdirectory_name = _base log_opt_values /usr/lib/python3/dist-packages/oslo_config/cfg.py:2609
2025-04-10 00:33:25.686 120952 DEBUG oslo_service.service [req-65371f75-9f4d-45e9-bc1e-ba54a7869dcd - - - - -] ironic.api_max_retries = 60 log_opt_values /usr/lib/python3/dist-packages/oslo_config/cfg.py:2609
2025-04-10 00:33:25.686 120952 DEBUG oslo_service.service [req-65371f75-9f4d-45e9-bc1e-ba54a7869dcd - - - - -] ironic.api_retry_interval = 2 log_opt_values /usr/lib/python3/dist-packages/oslo_config/cfg.py:2609
2025-04-10 00:33:25.686 120952 DEBUG oslo_service.service [req-65371f75-9f4d-45e9-bc1e-ba54a7869dcd - - - - -] ironic.auth_section = None log_opt_values /usr/lib/python3/dist-packages/oslo_config/cfg.py:2609
2025-04-10 00:33:25.686 120952 DEBUG oslo_service.service [req-65371f75-9f4d-45e9-bc1e-ba54a7869dcd - - - - -] ironic.auth_type = None log_opt_values /usr/lib/python3/dist-packages/oslo_config/cfg.py:2609
2025-04-10 00:33:25.686 120952 DEBUG oslo_service.service [req-65371f75-9f4d-45e9-bc1e-ba54a7869dcd - - - - -] ironic.cafile = None log_opt_values /usr/lib/python3/dist-packages/oslo_config/cfg.py:2609
2025-04-10 00:33:25.687 120952 DEBUG oslo_service.service [req-65371f75-9f4d-45e9-bc1e-ba54a7869dcd - - - - -] ironic.certfile = None log_opt_values /usr/lib/python3/dist-packages/oslo_config/cfg.py:2609
2025-04-10 00:33:25.687 120952 DEBUG oslo_service.service [req-65371f75-9f4d-45e9-bc1e-ba54a7869dcd - - - - -] ironic.collect_timing = False log_opt_values /usr/lib/python3/dist-packages/oslo_config/cfg.py:2609
2025-04-10 00:33:25.687 120952 DEBUG oslo_service.service [req-65371f75-9f4d-45e9-bc1e-ba54a7869dcd - - - - -] ironic.connect_retries = None log_opt_values /usr/lib/python3/dist-packages/oslo_config/cfg.py:2609
2025-04-10 00:33:25.687 120952 DEBUG oslo_service.service [req-65371f75-9f4d-45e9-bc1e-ba54a7869dcd - - - - -] ironic.connect_retry_delay = None log_opt_values /usr/lib/python3/dist-packages/oslo_config/cfg.py:2609
2025-04-10 00:33:25.687 120952 DEBUG oslo_service.service [req-65371f75-9f4d-45e9-bc1e-ba54a7869dcd - - - - -] ironic.endpoint_override = None log_opt_values /usr/lib/python3/dist-packages/oslo_config/cfg.py:2609
2025-04-10 00:33:25.687 120952 DEBUG oslo_service.service [req-65371f75-9f4d-45e9-bc1e-ba54a7869dcd - - - - -] ironic.insecure = False log_opt_values /usr/lib/python3/dist-packages/oslo_config/cfg.py:2609
2025-04-10 00:33:25.688 120952 DEBUG oslo_service.service [req-65371f75-9f4d-45e9-bc1e-ba54a7869dcd - - - - -] ironic.keyfile = None log_opt_values /usr/lib/python3/dist-packages/oslo_config/cfg.py:2609
2025-04-10 00:33:25.688 120952 DEBUG oslo_service.service [req-65371f75-9f4d-45e9-bc1e-ba54a7869dcd - - - - -] ironic.max_version = None log_opt_values /usr/lib/python3/dist-packages/oslo_config/cfg.py:2609
2025-04-10 00:33:25.688 120952 DEBUG oslo_service.service [req-65371f75-9f4d-45e9-bc1e-ba54a7869dcd - - - - -] ironic.min_version = None log_opt_values /usr/lib/python3/dist-packages/oslo_config/cfg.py:2609
2025-04-10 00:33:25.688 120952 DEBUG oslo_service.service [req-65371f75-9f4d-45e9-bc1e-ba54a7869dcd - - - - -] ironic.partition_key = None log_opt_values /usr/lib/python3/dist-packages/oslo_config/cfg.py:2609
2025-04-10 00:33:25.688 120952 DEBUG oslo_service.service [req-65371f75-9f4d-45e9-bc1e-ba54a7869dcd - - - - -] ironic.peer_list = [] log_opt_values /usr/lib/python3/dist-packages/oslo_config/cfg.py:2609
2025-04-10 00:33:25.688 120952 DEBUG oslo_service.service [req-65371f75-9f4d-45e9-bc1e-ba54a7869dcd - - - - -] ironic.region_name = None log_opt_values /usr/lib/python3/dist-packages/oslo_config/cfg.py:2609
2025-04-10 00:33:25.689 120952 DEBUG oslo_service.service [req-65371f75-9f4d-45e9-bc1e-ba54a7869dcd - - - - -] ironic.serial_console_state_timeout = 10 log_opt_values /usr/lib/python3/dist-packages/oslo_config/cfg.py:2609
2025-04-10 00:33:25.689 120952 DEBUG oslo_service.service [req-65371f75-9f4d-45e9-bc1e-ba54a7869dcd - - - - -] ironic.service_name = None log_opt_values /usr/lib/python3/dist-packages/oslo_config/cfg.py:2609
2025-04-10 00:33:25.689 120952 DEBUG oslo_service.service [req-65371f75-9f4d-45e9-bc1e-ba54a7869dcd - - - - -] ironic.service_type = baremetal log_opt_values /usr/lib/python3/dist-packages/oslo_config/cfg.py:2609
2025-04-10 00:33:25.689 120952 DEBUG oslo_service.service [req-65371f75-9f4d-45e9-bc1e-ba54a7869dcd - - - - -] ironic.split_loggers = False log_opt_values /usr/lib/python3/dist-packages/oslo_config/cfg.py:2609
2025-04-10 00:33:25.689 120952 DEBUG oslo_service.service [req-65371f75-9f4d-45e9-bc1e-ba54a7869dcd - - - - -] ironic.status_code_retries = None log_opt_values /usr/lib/python3/dist-packages/oslo_config/cfg.py:2609
2025-04-10 00:33:25.689 120952 DEBUG oslo_service.service [req-65371f75-9f4d-45e9-bc1e-ba54a7869dcd - - - - -] ironic.status_code_retry_delay = None log_opt_values /usr/lib/python3/dist-packages/oslo_config/cfg.py:2609
2025-04-10 00:33:25.690 120952 DEBUG oslo_service.service [req-65371f75-9f4d-45e9-bc1e-ba54a7869dcd - - - - -] ironic.timeout = None log_opt_values /usr/lib/python3/dist-packages/oslo_config/cfg.py:2609
2025-04-10 00:33:25.690 120952 DEBUG oslo_service.service [req-65371f75-9f4d-45e9-bc1e-ba54a7869dcd - - - - -] ironic.valid_interfaces = ['internal', 'public'] log_opt_values /usr/lib/python3/dist-packages/oslo_config/cfg.py:2609
2025-04-10 00:33:25.690 120952 DEBUG oslo_service.service [req-65371f75-9f4d-45e9-bc1e-ba54a7869dcd - - - - -] ironic.version = None log_opt_values /usr/lib/python3/dist-packages/oslo_config/cfg.py:2609
2025-04-10 00:33:25.690 120952 DEBUG oslo_service.service [req-65371f75-9f4d-45e9-bc1e-ba54a7869dcd - - - - -] key_manager.backend = barbican log_opt_values /usr/lib/python3/dist-packages/oslo_config/cfg.py:2609
2025-04-10 00:33:25.690 120952 DEBUG oslo_service.service [req-65371f75-9f4d-45e9-bc1e-ba54a7869dcd - - - - -] key_manager.fixed_key = **** log_opt_values /usr/lib/python3/dist-packages/oslo_config/cfg.py:2609
2025-04-10 00:33:25.691 120952 DEBUG oslo_service.service [req-65371f75-9f4d-45e9-bc1e-ba54a7869dcd - - - - -] barbican.auth_endpoint = http://localhost/identity/v3 log_opt_values /usr/lib/python3/dist-packages/oslo_config/cfg.py:2609
2025-04-10 00:33:25.691 120952 DEBUG oslo_service.service [req-65371f75-9f4d-45e9-bc1e-ba54a7869dcd - - - - -] barbican.barbican_api_version = None log_opt_values /usr/lib/python3/dist-packages/oslo_config/cfg.py:2609
2025-04-10 00:33:25.691 120952 DEBUG oslo_service.service [req-65371f75-9f4d-45e9-bc1e-ba54a7869dcd - - - - -] barbican.barbican_endpoint = None log_opt_values /usr/lib/python3/dist-packages/oslo_config/cfg.py:2609
2025-04-10 00:33:25.691 120952 DEBUG oslo_service.service [req-65371f75-9f4d-45e9-bc1e-ba54a7869dcd - - - - -] barbican.barbican_endpoint_type = public log_opt_values /usr/lib/python3/dist-packages/oslo_config/cfg.py:2609
2025-04-10 00:33:25.691 120952 DEBUG oslo_service.service [req-65371f75-9f4d-45e9-bc1e-ba54a7869dcd - - - - -] barbican.barbican_region_name = None log_opt_values /usr/lib/python3/dist-packages/oslo_config/cfg.py:2609
2025-04-10 00:33:25.692 120952 DEBUG oslo_service.service [req-65371f75-9f4d-45e9-bc1e-ba54a7869dcd - - - - -] barbican.cafile = None log_opt_values /usr/lib/python3/dist-packages/oslo_config/cfg.py:2609
2025-04-10 00:33:25.692 120952 DEBUG oslo_service.service [req-65371f75-9f4d-45e9-bc1e-ba54a7869dcd - - - - -] barbican.certfile = None log_opt_values /usr/lib/python3/dist-packages/oslo_config/cfg.py:2609
2025-04-10 00:33:25.692 120952 DEBUG oslo_service.service [req-65371f75-9f4d-45e9-bc1e-ba54a7869dcd - - - - -] barbican.collect_timing = False log_opt_values /usr/lib/python3/dist-packages/oslo_config/cfg.py:2609
2025-04-10 00:33:25.692 120952 DEBUG oslo_service.service [req-65371f75-9f4d-45e9-bc1e-ba54a7869dcd - - - - -] barbican.insecure = False log_opt_values /usr/lib/python3/dist-packages/oslo_config/cfg.py:2609
2025-04-10 00:33:25.692 120952 DEBUG oslo_service.service [req-65371f75-9f4d-45e9-bc1e-ba54a7869dcd - - - - -] barbican.keyfile = None log_opt_values /usr/lib/python3/dist-packages/oslo_config/cfg.py:2609
2025-04-10 00:33:25.692 120952 DEBUG oslo_service.service [req-65371f75-9f4d-45e9-bc1e-ba54a7869dcd - - - - -] barbican.number_of_retries = 60 log_opt_values /usr/lib/python3/dist-packages/oslo_config/cfg.py:2609
