2025-04-10 00:33:55.683 131687 DEBUG oslo_service.service [req-6d51e360-e4a2-4da6-9638-6c30ba709189 - - - - -] vcpu_pin_set = None log_opt_values /usr/lib/python3/dist-packages/oslo_config/cfg.py:2602
2025-04-10 00:33:55.683 131687 DEBUG oslo_service.service [req-6d51e360-e4a2-4da6-9638-6c30ba709189 - - - - -] vif_plugging_is_fatal = True log_opt_values /usr/lib/python3/dist-packages/oslo_config/cfg.py:2602
2025-04-10 00:33:55.683 131687 DEBUG oslo_service.service [req-6d51e360-e4a2-4da6-9638-6c30ba709189 - - - - -] vif_plugging_timeout = 300 log_opt_values /usr/lib/python3/dist-packages/oslo_config/cfg.py:2602
2025-04-10 00:33:55.683 131687 DEBUG oslo_service.service [req-6d51e360-e4a2-4da6-9638-6c30ba709189 - - - - -] virt_mkfs = [] log_opt_values /usr/lib/python3/dist-packages/oslo_config/cfg.py:2602
2025-04-10 00:33:55.684 131687 DEBUG oslo_service.service [req-6d51e360-e4a2-4da6-9638-6c30ba709189 - - - - -] volume_usage_poll_interval = 0 log_opt_values /usr/lib/python3/dist-packages/oslo_config/cfg.py:2602
2025-04-10 00:33:55.684 131687 DEBUG oslo_service.service [req-6d51e360-e4a2-4da6-9638-6c30ba709189 - - - - -] watch_log_file = False log_opt_values /usr/lib/python3/dist-packages/oslo_config/cfg.py:2602
2025-04-10 00:33:55.684 131687 DEBUG oslo_service.service [req-6d51e360-e4a2-4da6-9638-6c30ba709189 - - - - -] web = /usr/share/spice-html5 log_opt_values /usr/lib/python3/dist-packages/oslo_config/cfg.py:2602
2025-04-10 00:33:55.685 131687 DEBUG oslo_service.service [req-6d51e360-e4a2-4da6-9638-6c30ba709189 - - - - -] oslo_concurrency.disable_process_locking = False log_opt_values /usr/lib/python3/dist-packages/oslo_config/cfg.py:2609
2025-04-10 00:33:55.685 131687 DEBUG oslo_service.service [req-6d51e360-e4a2-4da6-9638-6c30ba709189 - - - - -] oslo_concurrency.lock_path = /var/lock/nova log_opt_values /usr/lib/python3/dist-packages/oslo_config/cfg.py:2609
2025-04-10 00:33:55.686 131687 WARNING oslo_config.cfg [req-6d51e360-e4a2-4da6-9638-6c30ba709189 - - - - -] Deprecated: Option "auth_strategy" from group "api" is deprecated for removal ( The only non-default choice, ``noauth2``, is for internal development and testing purposes only and should not be used in deployments. This option and its middleware, NoAuthMiddleware[V2_18], will be removed in a future release. ). Its value may be silently ignored in the future.
2025-04-10 00:33:55.687 131687 DEBUG oslo_service.service [req-6d51e360-e4a2-4da6-9638-6c30ba709189 - - - - -] api.auth_strategy = keystone log_opt_values /usr/lib/python3/dist-packages/oslo_config/cfg.py:2609
2025-04-10 00:33:55.687 131687 DEBUG oslo_service.service [req-6d51e360-e4a2-4da6-9638-6c30ba709189 - - - - -] api.compute_link_prefix = None log_opt_values /usr/lib/python3/dist-packages/oslo_config/cfg.py:2609
2025-04-10 00:33:55.687 131687 DEBUG oslo_service.service [req-6d51e360-e4a2-4da6-9638-6c30ba709189 - - - - -] api.config_drive_skip_versions = 1.0 2007-01-19 2007-03-01 2007-08-29 2007-10-10 2007-12-15 2008-02-01 2008-09-01 log_opt_values /usr/lib/python3/dist-packages/oslo_config/cfg.py:2609
2025-04-10 00:33:55.687 131687 DEBUG oslo_service.service [req-6d51e360-e4a2-4da6-9638-6c30ba709189 - - - - -] api.dhcp_domain = novalocal log_opt_values /usr/lib/python3/dist-packages/oslo_config/cfg.py:2609
2025-04-10 00:33:55.688 131687 DEBUG oslo_service.service [req-6d51e360-e4a2-4da6-9638-6c30ba709189 - - - - -] api.enable_instance_password = True log_opt_values /usr/lib/python3/dist-packages/oslo_config/cfg.py:2609
2025-04-10 00:33:55.689 131687 DEBUG oslo_service.service [req-6d51e360-e4a2-4da6-9638-6c30ba709189 - - - - -] api.glance_link_prefix = None log_opt_values /usr/lib/python3/dist-packages/oslo_config/cfg.py:2609
2025-04-10 00:33:55.689 131687 DEBUG oslo_service.service [req-6d51e360-e4a2-4da6-9638-6c30ba709189 - - - - -] api.instance_list_cells_batch_fixed_size = 100 log_opt_values /usr/lib/python3/dist-packages/oslo_config/cfg.py:2609
2025-04-10 00:33:55.689 131687 DEBUG oslo_service.service [req-6d51e360-e4a2-4da6-9638-6c30ba709189 - - - - -] api.instance_list_cells_batch_strategy = distributed log_opt_values /usr/lib/python3/dist-packages/oslo_config/cfg.py:2609
2025-04-10 00:33:55.690 131687 DEBUG oslo_service.service [req-6d51e360-e4a2-4da6-9638-6c30ba709189 - - - - -] api.instance_list_per_project_cells = False log_opt_values /usr/lib/python3/dist-packages/oslo_config/cfg.py:2609
2025-04-10 00:33:55.692 132080 DEBUG nova.service [req-3e8357f9-bd56-4e05-8c02-afa9666c98cf - - - - -] Creating RPC server for service scheduler start /usr/lib/python3/dist-packages/nova/service.py:182
2025-04-10 00:33:55.692 131687 DEBUG oslo_service.service [req-6d51e360-e4a2-4da6-9638-6c30ba709189 - - - - -] api.list_records_by_skipping_down_cells = True log_opt_values /usr/lib/python3/dist-packages/oslo_config/cfg.py:2609
2025-04-10 00:33:55.693 132077 DEBUG oslo_messaging._drivers.amqpdriver [-] Listener is running poll /usr/lib/python3/dist-packages/oslo_messaging/_drivers/amqpdriver.py:343
2025-04-10 00:33:55.693 131687 DEBUG oslo_service.service [req-6d51e360-e4a2-4da6-9638-6c30ba709189 - - - - -] api.local_metadata_per_cell = False log_opt_values /usr/lib/python3/dist-packages/oslo_config/cfg.py:2609
2025-04-10 00:33:55.694 132077 DEBUG oslo_messaging._drivers.amqpdriver [-] AMQPListener connection consume poll /usr/lib/python3/dist-packages/oslo_messaging/_drivers/amqpdriver.py:357
2025-04-10 00:33:55.694 131687 DEBUG oslo_service.service [req-6d51e360-e4a2-4da6-9638-6c30ba709189 - - - - -] api.max_limit = 1000 log_opt_values /usr/lib/python3/dist-packages/oslo_config/cfg.py:2609
2025-04-10 00:33:55.694 131687 DEBUG oslo_service.service [req-6d51e360-e4a2-4da6-9638-6c30ba709189 - - - - -] api.metadata_cache_expiration = 15 log_opt_values /usr/lib/python3/dist-packages/oslo_config/cfg.py:2609
2025-04-10 00:33:55.694 132077 DEBUG nova.service [req-db74105e-baec-4924-b076-b344e968047a - - - - -] Join ServiceGroup membership for this service scheduler start /usr/lib/python3/dist-packages/nova/service.py:199
2025-04-10 00:33:55.694 131687 DEBUG oslo_service.service [req-6d51e360-e4a2-4da6-9638-6c30ba709189 - - - - -] api.neutron_default_tenant_id = default log_opt_values /usr/lib/python3/dist-packages/oslo_config/cfg.py:2609
2025-04-10 00:33:55.694 132077 DEBUG nova.servicegroup.drivers.db [req-db74105e-baec-4924-b076-b344e968047a - - - - -] DB_Driver: join new ServiceGroup member juju-7b022b-0-lxd-7 to the scheduler group, service = join /usr/lib/python3/dist-packages/nova/servicegroup/drivers/db.py:44
2025-04-10 00:33:55.695 131687 DEBUG oslo_service.service [req-6d51e360-e4a2-4da6-9638-6c30ba709189 - - - - -] api.use_forwarded_for = False log_opt_values /usr/lib/python3/dist-packages/oslo_config/cfg.py:2609
2025-04-10 00:33:55.695 131687 DEBUG oslo_service.service [req-6d51e360-e4a2-4da6-9638-6c30ba709189 - - - - -] api.use_neutron_default_nets = False log_opt_values /usr/lib/python3/dist-packages/oslo_config/cfg.py:2609
2025-04-10 00:33:55.695 132078 DEBUG oslo_messaging._drivers.amqpdriver [-] Listener is running poll /usr/lib/python3/dist-packages/oslo_messaging/_drivers/amqpdriver.py:343
2025-04-10 00:33:55.695 132078 DEBUG oslo_messaging._drivers.amqpdriver [-] AMQPListener connection consume poll /usr/lib/python3/dist-packages/oslo_messaging/_drivers/amqpdriver.py:357
2025-04-10 00:33:55.695 131687 DEBUG oslo_service.service [req-6d51e360-e4a2-4da6-9638-6c30ba709189 - - - - -] api.vendordata_dynamic_connect_timeout = 5 log_opt_values /usr/lib/python3/dist-packages/oslo_config/cfg.py:2609
2025-04-10 00:33:55.696 131687 DEBUG oslo_service.service [req-6d51e360-e4a2-4da6-9638-6c30ba709189 - - - - -] api.vendordata_dynamic_failure_fatal = False log_opt_values /usr/lib/python3/dist-packages/oslo_config/cfg.py:2609
2025-04-10 00:33:55.696 131687 DEBUG oslo_service.service [req-6d51e360-e4a2-4da6-9638-6c30ba709189 - - - - -] api.vendordata_dynamic_read_timeout = 5 log_opt_values /usr/lib/python3/dist-packages/oslo_config/cfg.py:2609
2025-04-10 00:33:55.696 131687 DEBUG oslo_service.service [req-6d51e360-e4a2-4da6-9638-6c30ba709189 - - - - -] api.vendordata_dynamic_ssl_certfile = log_opt_values /usr/lib/python3/dist-packages/oslo_config/cfg.py:2609
2025-04-10 00:33:55.697 132077 DEBUG oslo_messaging._drivers.amqpdriver [-] AMQPListener connection timeout poll /usr/lib/python3/dist-packages/oslo_messaging/_drivers/amqpdriver.py:360
2025-04-10 00:33:55.697 132077 DEBUG oslo_messaging._drivers.amqpdriver [-] Listener is running poll /usr/lib/python3/dist-packages/oslo_messaging/_drivers/amqpdriver.py:343
2025-04-10 00:33:55.697 132077 DEBUG oslo_messaging._drivers.amqpdriver [-] AMQPListener connection consume poll /usr/lib/python3/dist-packages/oslo_messaging/_drivers/amqpdriver.py:357
2025-04-10 00:33:55.697 131687 DEBUG oslo_service.service [req-6d51e360-e4a2-4da6-9638-6c30ba709189 - - - - -] api.vendordata_dynamic_targets = [] log_opt_values /usr/lib/python3/dist-packages/oslo_config/cfg.py:2609
2025-04-10 00:33:55.697 131687 DEBUG oslo_service.service [req-6d51e360-e4a2-4da6-9638-6c30ba709189 - - - - -] api.vendordata_jsonfile_path = None log_opt_values /usr/lib/python3/dist-packages/oslo_config/cfg.py:2609
2025-04-10 00:33:55.697 132078 DEBUG nova.service [req-1d306e97-e696-4213-811a-edb91891d531 - - - - -] Join ServiceGroup membership for this service scheduler start /usr/lib/python3/dist-packages/nova/service.py:199
2025-04-10 00:33:55.697 131687 DEBUG oslo_service.service [req-6d51e360-e4a2-4da6-9638-6c30ba709189 - - - - -] api.vendordata_providers = ['StaticJSON'] log_opt_values /usr/lib/python3/dist-packages/oslo_config/cfg.py:2609
2025-04-10 00:33:55.697 132078 DEBUG nova.servicegroup.drivers.db [req-1d306e97-e696-4213-811a-edb91891d531 - - - - -] DB_Driver: join new ServiceGroup member juju-7b022b-0-lxd-7 to the scheduler group, service = join /usr/lib/python3/dist-packages/nova/servicegroup/drivers/db.py:44
2025-04-10 00:33:55.697 131687 DEBUG oslo_service.service [req-6d51e360-e4a2-4da6-9638-6c30ba709189 - - - - -] cache.backend = dogpile.cache.null log_opt_values /usr/lib/python3/dist-packages/oslo_config/cfg.py:2609
2025-04-10 00:33:55.698 131687 DEBUG oslo_service.service [req-6d51e360-e4a2-4da6-9638-6c30ba709189 - - - - -] cache.backend_argument = **** log_opt_values /usr/lib/python3/dist-packages/oslo_config/cfg.py:2609
2025-04-10 00:33:55.698 131687 DEBUG oslo_service.service [req-6d51e360-e4a2-4da6-9638-6c30ba709189 - - - - -] cache.config_prefix = cache.oslo log_opt_values /usr/lib/python3/dist-packages/oslo_config/cfg.py:2609
2025-04-10 00:33:55.698 131687 DEBUG oslo_service.service [req-6d51e360-e4a2-4da6-9638-6c30ba709189 - - - - -] cache.debug_cache_backend = False log_opt_values /usr/lib/python3/dist-packages/oslo_config/cfg.py:2609
2025-04-10 00:33:55.698 131687 DEBUG oslo_service.service [req-6d51e360-e4a2-4da6-9638-6c30ba709189 - - - - -] cache.enabled = False log_opt_values /usr/lib/python3/dist-packages/oslo_config/cfg.py:2609
2025-04-10 00:33:55.699 131687 DEBUG oslo_service.service [req-6d51e360-e4a2-4da6-9638-6c30ba709189 - - - - -] cache.expiration_time = 600 log_opt_values /usr/lib/python3/dist-packages/oslo_config/cfg.py:2609
2025-04-10 00:33:55.699 131687 DEBUG oslo_service.service [req-6d51e360-e4a2-4da6-9638-6c30ba709189 - - - - -] cache.memcache_dead_retry = 300 log_opt_values /usr/lib/python3/dist-packages/oslo_config/cfg.py:2609
2025-04-10 00:33:55.699 131687 DEBUG oslo_service.service [req-6d51e360-e4a2-4da6-9638-6c30ba709189 - - - - -] cache.memcache_pool_connection_get_timeout = 10 log_opt_values /usr/lib/python3/dist-packages/oslo_config/cfg.py:2609
2025-04-10 00:33:55.699 132078 DEBUG oslo_messaging._drivers.amqpdriver [-] AMQPListener connection timeout poll /usr/lib/python3/dist-packages/oslo_messaging/_drivers/amqpdriver.py:360
2025-04-10 00:33:55.699 131687 DEBUG oslo_service.service [req-6d51e360-e4a2-4da6-9638-6c30ba709189 - - - - -] cache.memcache_pool_flush_on_reconnect = False log_opt_values /usr/lib/python3/dist-packages/oslo_config/cfg.py:2609
2025-04-10 00:33:55.699 132078 DEBUG oslo_messaging._drivers.amqpdriver [-] Listener is running poll /usr/lib/python3/dist-packages/oslo_messaging/_drivers/amqpdriver.py:343
2025-04-10 00:33:55.699 132078 DEBUG oslo_messaging._drivers.amqpdriver [-] AMQPListener connection consume poll /usr/lib/python3/dist-packages/oslo_messaging/_drivers/amqpdriver.py:357
2025-04-10 00:33:55.699 131687 DEBUG oslo_service.service [req-6d51e360-e4a2-4da6-9638-6c30ba709189 - - - - -] cache.memcache_pool_maxsize = 10 log_opt_values /usr/lib/python3/dist-packages/oslo_config/cfg.py:2609
2025-04-10 00:33:55.699 131687 DEBUG oslo_service.service [req-6d51e360-e4a2-4da6-9638-6c30ba709189 - - - - -] cache.memcache_pool_unused_timeout = 60 log_opt_values /usr/lib/python3/dist-packages/oslo_config/cfg.py:2609
2025-04-10 00:33:55.700 131687 DEBUG oslo_service.service [req-6d51e360-e4a2-4da6-9638-6c30ba709189 - - - - -] cache.memcache_servers = ['localhost:11211'] log_opt_values /usr/lib/python3/dist-packages/oslo_config/cfg.py:2609
2025-04-10 00:33:55.700 131687 DEBUG oslo_service.service [req-6d51e360-e4a2-4da6-9638-6c30ba709189 - - - - -] cache.memcache_socket_timeout = 1.0 log_opt_values /usr/lib/python3/dist-packages/oslo_config/cfg.py:2609
2025-04-10 00:33:55.701 131687 DEBUG oslo_service.service [req-6d51e360-e4a2-4da6-9638-6c30ba709189 - - - - -] cache.proxies = [] log_opt_values /usr/lib/python3/dist-packages/oslo_config/cfg.py:2609
2025-04-10 00:33:55.701 131687 DEBUG oslo_service.service [req-6d51e360-e4a2-4da6-9638-6c30ba709189 - - - - -] cache.tls_allowed_ciphers = None log_opt_values /usr/lib/python3/dist-packages/oslo_config/cfg.py:2609
2025-04-10 00:33:55.701 131687 DEBUG oslo_service.service [req-6d51e360-e4a2-4da6-9638-6c30ba709189 - - - - -] cache.tls_cafile = None log_opt_values /usr/lib/python3/dist-packages/oslo_config/cfg.py:2609
2025-04-10 00:33:55.701 131687 DEBUG oslo_service.service [req-6d51e360-e4a2-4da6-9638-6c30ba709189 - - - - -] cache.tls_certfile = None log_opt_values /usr/lib/python3/dist-packages/oslo_config/cfg.py:2609
2025-04-10 00:33:55.701 131687 DEBUG oslo_service.service [req-6d51e360-e4a2-4da6-9638-6c30ba709189 - - - - -] cache.tls_enabled = False log_opt_values /usr/lib/python3/dist-packages/oslo_config/cfg.py:2609
2025-04-10 00:33:55.702 131687 DEBUG oslo_service.service [req-6d51e360-e4a2-4da6-9638-6c30ba709189 - - - - -] cache.tls_keyfile = None log_opt_values /usr/lib/python3/dist-packages/oslo_config/cfg.py:2609
2025-04-10 00:33:55.702 131687 DEBUG oslo_service.service [req-6d51e360-e4a2-4da6-9638-6c30ba709189 - - - - -] cinder.auth_section = None log_opt_values /usr/lib/python3/dist-packages/oslo_config/cfg.py:2609
2025-04-10 00:33:55.702 131687 DEBUG oslo_service.service [req-6d51e360-e4a2-4da6-9638-6c30ba709189 - - - - -] cinder.auth_type = None log_opt_values /usr/lib/python3/dist-packages/oslo_config/cfg.py:2609
2025-04-10 00:33:55.702 131687 DEBUG oslo_service.service [req-6d51e360-e4a2-4da6-9638-6c30ba709189 - - - - -] cinder.cafile = None log_opt_values /usr/lib/python3/dist-packages/oslo_config/cfg.py:2609
2025-04-10 00:33:55.703 131687 DEBUG oslo_service.service [req-6d51e360-e4a2-4da6-9638-6c30ba709189 - - - - -] cinder.catalog_info = volumev3::publicURL log_opt_values /usr/lib/python3/dist-packages/oslo_config/cfg.py:2609
2025-04-10 00:33:55.703 131687 DEBUG oslo_service.service [req-6d51e360-e4a2-4da6-9638-6c30ba709189 - - - - -] cinder.certfile = None log_opt_values /usr/lib/python3/dist-packages/oslo_config/cfg.py:2609
2025-04-10 00:33:55.703 131687 DEBUG oslo_service.service [req-6d51e360-e4a2-4da6-9638-6c30ba709189 - - - - -] cinder.collect_timing = False log_opt_values /usr/lib/python3/dist-packages/oslo_config/cfg.py:2609
2025-04-10 00:33:55.703 131687 DEBUG oslo_service.service [req-6d51e360-e4a2-4da6-9638-6c30ba709189 - - - - -] cinder.cross_az_attach = True log_opt_values /usr/lib/python3/dist-packages/oslo_config/cfg.py:2609
2025-04-10 00:33:55.704 131687 DEBUG oslo_service.service [req-6d51e360-e4a2-4da6-9638-6c30ba709189 - - - - -] cinder.debug = False log_opt_values /usr/lib/python3/dist-packages/oslo_config/cfg.py:2609
2025-04-10 00:33:55.704 131687 DEBUG oslo_service.service [req-6d51e360-e4a2-4da6-9638-6c30ba709189 - - - - -] cinder.endpoint_template = None log_opt_values /usr/lib/python3/dist-packages/oslo_config/cfg.py:2609
2025-04-10 00:33:55.705 131687 DEBUG oslo_service.service [req-6d51e360-e4a2-4da6-9638-6c30ba709189 - - - - -] cinder.http_retries = 3 log_opt_values /usr/lib/python3/dist-packages/oslo_config/cfg.py:2609
2025-04-10 00:33:55.705 131687 DEBUG oslo_service.service [req-6d51e360-e4a2-4da6-9638-6c30ba709189 - - - - -] cinder.insecure = False log_opt_values /usr/lib/python3/dist-packages/oslo_config/cfg.py:2609
2025-04-10 00:33:55.705 131687 DEBUG oslo_service.service [req-6d51e360-e4a2-4da6-9638-6c30ba709189 - - - - -] cinder.keyfile = None log_opt_values /usr/lib/python3/dist-packages/oslo_config/cfg.py:2609
2025-04-10 00:33:55.705 131687 DEBUG oslo_service.service [req-6d51e360-e4a2-4da6-9638-6c30ba709189 - - - - -] cinder.os_region_name = None log_opt_values /usr/lib/python3/dist-packages/oslo_config/cfg.py:2609
2025-04-10 00:33:55.705 131687 DEBUG oslo_service.service [req-6d51e360-e4a2-4da6-9638-6c30ba709189 - - - - -] cinder.split_loggers = False log_opt_values /usr/lib/python3/dist-packages/oslo_config/cfg.py:2609
2025-04-10 00:33:55.706 131687 DEBUG oslo_service.service [req-6d51e360-e4a2-4da6-9638-6c30ba709189 - - - - -] cinder.timeout = None log_opt_values /usr/lib/python3/dist-packages/oslo_config/cfg.py:2609
2025-04-10 00:33:55.706 131687 DEBUG oslo_service.service [req-6d51e360-e4a2-4da6-9638-6c30ba709189 - - - - -] compute.consecutive_build_service_disable_threshold = 10 log_opt_values /usr/lib/python3/dist-packages/oslo_config/cfg.py:2609
2025-04-10 00:33:55.707 131687 DEBUG oslo_service.service [req-6d51e360-e4a2-4da6-9638-6c30ba709189 - - - - -] compute.cpu_dedicated_set = None log_opt_values /usr/lib/python3/dist-packages/oslo_config/cfg.py:2609
2025-04-10 00:33:55.708 131687 DEBUG oslo_service.service [req-6d51e360-e4a2-4da6-9638-6c30ba709189 - - - - -] compute.cpu_shared_set = None log_opt_values /usr/lib/python3/dist-packages/oslo_config/cfg.py:2609
2025-04-10 00:33:55.709 131687 DEBUG oslo_service.service [req-6d51e360-e4a2-4da6-9638-6c30ba709189 - - - - -] compute.image_type_exclude_list = [] log_opt_values /usr/lib/python3/dist-packages/oslo_config/cfg.py:2609
2025-04-10 00:33:55.710 131687 DEBUG oslo_service.service [req-6d51e360-e4a2-4da6-9638-6c30ba709189 - - - - -] compute.live_migration_wait_for_vif_plug = True log_opt_values /usr/lib/python3/dist-packages/oslo_config/cfg.py:2609
2025-04-10 00:33:55.710 131687 DEBUG oslo_service.service [req-6d51e360-e4a2-4da6-9638-6c30ba709189 - - - - -] compute.max_concurrent_disk_ops = 0 log_opt_values /usr/lib/python3/dist-packages/oslo_config/cfg.py:2609
2025-04-10 00:33:55.710 132079 DEBUG oslo_messaging._drivers.amqpdriver [-] Listener is running poll /usr/lib/python3/dist-packages/oslo_messaging/_drivers/amqpdriver.py:343
2025-04-10 00:33:55.710 131687 DEBUG oslo_service.service [req-6d51e360-e4a2-4da6-9638-6c30ba709189 - - - - -] compute.max_disk_devices_to_attach = -1 log_opt_values /usr/lib/python3/dist-packages/oslo_config/cfg.py:2609
2025-04-10 00:33:55.710 132079 DEBUG oslo_messaging._drivers.amqpdriver [-] AMQPListener connection consume poll /usr/lib/python3/dist-packages/oslo_messaging/_drivers/amqpdriver.py:357
2025-04-10 00:33:55.710 131687 DEBUG oslo_service.service [req-6d51e360-e4a2-4da6-9638-6c30ba709189 - - - - -] compute.packing_host_numa_cells_allocation_strategy = True log_opt_values /usr/lib/python3/dist-packages/oslo_config/cfg.py:2609
2025-04-10 00:33:55.710 131687 DEBUG oslo_service.service [req-6d51e360-e4a2-4da6-9638-6c30ba709189 - - - - -] compute.provider_config_location = /etc/nova/provider_config/ log_opt_values /usr/lib/python3/dist-packages/oslo_config/cfg.py:2609
2025-04-10 00:33:55.711 131687 DEBUG oslo_service.service [req-6d51e360-e4a2-4da6-9638-6c30ba709189 - - - - -] compute.resource_provider_association_refresh = 300 log_opt_values /usr/lib/python3/dist-packages/oslo_config/cfg.py:2609
2025-04-10 00:33:55.711 131687 DEBUG oslo_service.service [req-6d51e360-e4a2-4da6-9638-6c30ba709189 - - - - -] compute.shutdown_retry_interval = 10 log_opt_values /usr/lib/python3/dist-packages/oslo_config/cfg.py:2609
2025-04-10 00:33:55.711 131687 DEBUG oslo_service.service [req-6d51e360-e4a2-4da6-9638-6c30ba709189 - - - - -] compute.vmdk_allowed_types = ['streamOptimized', 'monolithicSparse'] log_opt_values /usr/lib/python3/dist-packages/oslo_config/cfg.py:2609
2025-04-10 00:33:55.711 131687 DEBUG oslo_service.service [req-6d51e360-e4a2-4da6-9638-6c30ba709189 - - - - -] conductor.workers = 4 log_opt_values /usr/lib/python3/dist-packages/oslo_config/cfg.py:2609
2025-04-10 00:33:55.711 131687 DEBUG oslo_service.service [req-6d51e360-e4a2-4da6-9638-6c30ba709189 - - - - -] console.allowed_origins = [] log_opt_values /usr/lib/python3/dist-packages/oslo_config/cfg.py:2609
2025-04-10 00:33:55.712 131687 DEBUG oslo_service.service [req-6d51e360-e4a2-4da6-9638-6c30ba709189 - - - - -] console.ssl_ciphers = None log_opt_values /usr/lib/python3/dist-packages/oslo_config/cfg.py:2609
2025-04-10 00:33:55.712 131687 DEBUG oslo_service.service [req-6d51e360-e4a2-4da6-9638-6c30ba709189 - - - - -] console.ssl_minimum_version = default log_opt_values /usr/lib/python3/dist-packages/oslo_config/cfg.py:2609
2025-04-10 00:33:55.712 131687 DEBUG oslo_service.service [req-6d51e360-e4a2-4da6-9638-6c30ba709189 - - - - -] consoleauth.token_ttl = 600 log_opt_values /usr/lib/python3/dist-packages/oslo_config/cfg.py:2609
2025-04-10 00:33:55.712 131687 DEBUG oslo_service.service [req-6d51e360-e4a2-4da6-9638-6c30ba709189 - - - - -] cyborg.cafile = None log_opt_values /usr/lib/python3/dist-packages/oslo_config/cfg.py:2609
2025-04-10 00:33:55.712 131687 DEBUG oslo_service.service [req-6d51e360-e4a2-4da6-9638-6c30ba709189 - - - - -] cyborg.certfile = None log_opt_values /usr/lib/python3/dist-packages/oslo_config/cfg.py:2609
2025-04-10 00:33:55.714 131687 DEBUG oslo_service.service [req-6d51e360-e4a2-4da6-9638-6c30ba709189 - - - - -] cyborg.collect_timing = False log_opt_values /usr/lib/python3/dist-packages/oslo_config/cfg.py:2609
2025-04-10 00:33:55.714 131687 DEBUG oslo_service.service [req-6d51e360-e4a2-4da6-9638-6c30ba709189 - - - - -] cyborg.connect_retries = None log_opt_values /usr/lib/python3/dist-packages/oslo_config/cfg.py:2609
2025-04-10 00:33:55.712 132079 DEBUG nova.service [req-aa81bcf0-f2a1-465f-8eb6-a4406572ee60 - - - - -] Join ServiceGroup membership for this service scheduler start /usr/lib/python3/dist-packages/nova/service.py:199
2025-04-10 00:33:55.714 132079 DEBUG nova.servicegroup.drivers.db [req-aa81bcf0-f2a1-465f-8eb6-a4406572ee60 - - - - -] DB_Driver: join new ServiceGroup member juju-7b022b-0-lxd-7 to the scheduler group, service = join /usr/lib/python3/dist-packages/nova/servicegroup/drivers/db.py:44
2025-04-10 00:33:55.715 132079 DEBUG oslo_messaging._drivers.amqpdriver [-] AMQPListener connection timeout poll /usr/lib/python3/dist-packages/oslo_messaging/_drivers/amqpdriver.py:360
2025-04-10 00:33:55.715 132079 DEBUG oslo_messaging._drivers.amqpdriver [-] Listener is running poll /usr/lib/python3/dist-packages/oslo_messaging/_drivers/amqpdriver.py:343
2025-04-10 00:33:55.715 132079 DEBUG oslo_messaging._drivers.amqpdriver [-] AMQPListener connection consume poll /usr/lib/python3/dist-packages/oslo_messaging/_drivers/amqpdriver.py:357
2025-04-10 00:33:55.714 131687 DEBUG oslo_service.service [req-6d51e360-e4a2-4da6-9638-6c30ba709189 - - - - -] cyborg.connect_retry_delay = None log_opt_values /usr/lib/python3/dist-packages/oslo_config/cfg.py:2609
2025-04-10 00:33:55.716 131687 DEBUG oslo_service.service [req-6d51e360-e4a2-4da6-9638-6c30ba709189 - - - - -] cyborg.endpoint_override = None log_opt_values /usr/lib/python3/dist-packages/oslo_config/cfg.py:2609
2025-04-10 00:33:55.716 131687 DEBUG oslo_service.service [req-6d51e360-e4a2-4da6-9638-6c30ba709189 - - - - -] cyborg.insecure = False log_opt_values /usr/lib/python3/dist-packages/oslo_config/cfg.py:2609
2025-04-10 00:33:55.716 131687 DEBUG oslo_service.service [req-6d51e360-e4a2-4da6-9638-6c30ba709189 - - - - -] cyborg.keyfile = None log_opt_values /usr/lib/python3/dist-packages/oslo_config/cfg.py:2609
2025-04-10 00:33:55.717 131687 DEBUG oslo_service.service [req-6d51e360-e4a2-4da6-9638-6c30ba709189 - - - - -] cyborg.max_version = None log_opt_values /usr/lib/python3/dist-packages/oslo_config/cfg.py:2609
2025-04-10 00:33:55.717 131687 DEBUG oslo_service.service [req-6d51e360-e4a2-4da6-9638-6c30ba709189 - - - - -] cyborg.min_version = None log_opt_values /usr/lib/python3/dist-packages/oslo_config/cfg.py:2609
2025-04-10 00:33:55.717 131687 DEBUG oslo_service.service [req-6d51e360-e4a2-4da6-9638-6c30ba709189 - - - - -] cyborg.region_name = None log_opt_values /usr/lib/python3/dist-packages/oslo_config/cfg.py:2609
2025-04-10 00:33:55.717 131687 DEBUG oslo_service.service [req-6d51e360-e4a2-4da6-9638-6c30ba709189 - - - - -] cyborg.service_name = None log_opt_values /usr/lib/python3/dist-packages/oslo_config/cfg.py:2609
2025-04-10 00:33:55.718 131687 DEBUG oslo_service.service [req-6d51e360-e4a2-4da6-9638-6c30ba709189 - - - - -] cyborg.service_type = accelerator log_opt_values /usr/lib/python3/dist-packages/oslo_config/cfg.py:2609
2025-04-10 00:33:55.718 131687 DEBUG oslo_service.service [req-6d51e360-e4a2-4da6-9638-6c30ba709189 - - - - -] cyborg.split_loggers = False log_opt_values /usr/lib/python3/dist-packages/oslo_config/cfg.py:2609
2025-04-10 00:33:55.718 131687 DEBUG oslo_service.service [req-6d51e360-e4a2-4da6-9638-6c30ba709189 - - - - -] cyborg.status_code_retries = None log_opt_values /usr/lib/python3/dist-packages/oslo_config/cfg.py:2609
2025-04-10 00:33:55.718 131687 DEBUG oslo_service.service [req-6d51e360-e4a2-4da6-9638-6c30ba709189 - - - - -] cyborg.status_code_retry_delay = None log_opt_values /usr/lib/python3/dist-packages/oslo_config/cfg.py:2609
2025-04-10 00:33:55.718 131687 DEBUG oslo_service.service [req-6d51e360-e4a2-4da6-9638-6c30ba709189 - - - - -] cyborg.timeout = None log_opt_values /usr/lib/python3/dist-packages/oslo_config/cfg.py:2609
2025-04-10 00:33:55.718 131687 DEBUG oslo_service.service [req-6d51e360-e4a2-4da6-9638-6c30ba709189 - - - - -] cyborg.valid_interfaces = ['internal', 'public'] log_opt_values /usr/lib/python3/dist-packages/oslo_config/cfg.py:2609
2025-04-10 00:33:55.719 131687 DEBUG oslo_service.service [req-6d51e360-e4a2-4da6-9638-6c30ba709189 - - - - -] cyborg.version = None log_opt_values /usr/lib/python3/dist-packages/oslo_config/cfg.py:2609
2025-04-10 00:33:55.719 132080 DEBUG oslo_messaging._drivers.amqpdriver [-] Listener is running poll /usr/lib/python3/dist-packages/oslo_messaging/_drivers/amqpdriver.py:343
2025-04-10 00:33:55.720 131687 DEBUG oslo_service.service [req-6d51e360-e4a2-4da6-9638-6c30ba709189 - - - - -] database.backend = sqlalchemy log_opt_values /usr/lib/python3/dist-packages/oslo_config/cfg.py:2609
2025-04-10 00:33:55.720 132080 DEBUG oslo_messaging._drivers.amqpdriver [-] AMQPListener connection consume poll /usr/lib/python3/dist-packages/oslo_messaging/_drivers/amqpdriver.py:357
2025-04-10 00:33:55.720 131687 DEBUG oslo_service.service [req-6d51e360-e4a2-4da6-9638-6c30ba709189 - - - - -] database.connection = **** log_opt_values /usr/lib/python3/dist-packages/oslo_config/cfg.py:2609
2025-04-10 00:33:55.720 131687 DEBUG oslo_service.service [req-6d51e360-e4a2-4da6-9638-6c30ba709189 - - - - -] database.connection_debug = 0 log_opt_values /usr/lib/python3/dist-packages/oslo_config/cfg.py:2609
2025-04-10 00:33:55.720 131687 DEBUG oslo_service.service [req-6d51e360-e4a2-4da6-9638-6c30ba709189 - - - - -] database.connection_parameters = log_opt_values /usr/lib/python3/dist-packages/oslo_config/cfg.py:2609
2025-04-10 00:33:55.720 131687 DEBUG oslo_service.service [req-6d51e360-e4a2-4da6-9638-6c30ba709189 - - - - -] database.connection_recycle_time = 3600 log_opt_values /usr/lib/python3/dist-packages/oslo_config/cfg.py:2609
2025-04-10 00:33:55.721 131687 DEBUG oslo_service.service [req-6d51e360-e4a2-4da6-9638-6c30ba709189 - - - - -] database.connection_trace = False log_opt_values /usr/lib/python3/dist-packages/oslo_config/cfg.py:2609
2025-04-10 00:33:55.721 131687 DEBUG oslo_service.service [req-6d51e360-e4a2-4da6-9638-6c30ba709189 - - - - -] database.db_inc_retry_interval = True log_opt_values /usr/lib/python3/dist-packages/oslo_config/cfg.py:2609
2025-04-10 00:33:55.720 132080 DEBUG nova.service [req-3e8357f9-bd56-4e05-8c02-afa9666c98cf - - - - -] Join ServiceGroup membership for this service scheduler start /usr/lib/python3/dist-packages/nova/service.py:199
2025-04-10 00:33:55.721 131687 DEBUG oslo_service.service [req-6d51e360-e4a2-4da6-9638-6c30ba709189 - - - - -] database.db_max_retries = 20 log_opt_values /usr/lib/python3/dist-packages/oslo_config/cfg.py:2609
2025-04-10 00:33:55.721 131687 DEBUG oslo_service.service [req-6d51e360-e4a2-4da6-9638-6c30ba709189 - - - - -] database.db_max_retry_interval = 10 log_opt_values /usr/lib/python3/dist-packages/oslo_config/cfg.py:2609
2025-04-10 00:33:55.721 132080 DEBUG nova.servicegroup.drivers.db [req-3e8357f9-bd56-4e05-8c02-afa9666c98cf - - - - -] DB_Driver: join new ServiceGroup member juju-7b022b-0-lxd-7 to the scheduler group, service = join /usr/lib/python3/dist-packages/nova/servicegroup/drivers/db.py:44
2025-04-10 00:33:55.722 131687 DEBUG oslo_service.service [req-6d51e360-e4a2-4da6-9638-6c30ba709189 - - - - -] database.db_retry_interval = 1 log_opt_values /usr/lib/python3/dist-packages/oslo_config/cfg.py:2609
2025-04-10 00:33:55.722 131687 DEBUG oslo_service.service [req-6d51e360-e4a2-4da6-9638-6c30ba709189 - - - - -] database.max_overflow = 50 log_opt_values /usr/lib/python3/dist-packages/oslo_config/cfg.py:2609
2025-04-10 00:33:55.722 131687 DEBUG oslo_service.service [req-6d51e360-e4a2-4da6-9638-6c30ba709189 - - - - -] database.max_pool_size = 4 log_opt_values /usr/lib/python3/dist-packages/oslo_config/cfg.py:2609
2025-04-10 00:33:55.722 131687 DEBUG oslo_service.service [req-6d51e360-e4a2-4da6-9638-6c30ba709189 - - - - -] database.max_retries = 10 log_opt_values /usr/lib/python3/dist-packages/oslo_config/cfg.py:2609
2025-04-10 00:33:55.722 131687 DEBUG oslo_service.service [req-6d51e360-e4a2-4da6-9638-6c30ba709189 - - - - -] database.mysql_enable_ndb = False log_opt_values /usr/lib/python3/dist-packages/oslo_config/cfg.py:2609
2025-04-10 00:33:55.723 131687 DEBUG oslo_service.service [req-6d51e360-e4a2-4da6-9638-6c30ba709189 - - - - -] database.mysql_sql_mode = TRADITIONAL log_opt_values /usr/lib/python3/dist-packages/oslo_config/cfg.py:2609
2025-04-10 00:33:55.723 131687 DEBUG oslo_service.service [req-6d51e360-e4a2-4da6-9638-6c30ba709189 - - - - -] database.pool_timeout = None log_opt_values /usr/lib/python3/dist-packages/oslo_config/cfg.py:2609
2025-04-10 00:33:55.723 131687 DEBUG oslo_service.service [req-6d51e360-e4a2-4da6-9638-6c30ba709189 - - - - -] database.retry_interval = 10 log_opt_values /usr/lib/python3/dist-packages/oslo_config/cfg.py:2609
2025-04-10 00:33:55.723 131687 DEBUG oslo_service.service [req-6d51e360-e4a2-4da6-9638-6c30ba709189 - - - - -] database.slave_connection = **** log_opt_values /usr/lib/python3/dist-packages/oslo_config/cfg.py:2609
2025-04-10 00:33:55.723 131687 DEBUG oslo_service.service [req-6d51e360-e4a2-4da6-9638-6c30ba709189 - - - - -] database.sqlite_synchronous = True log_opt_values /usr/lib/python3/dist-packages/oslo_config/cfg.py:2609
2025-04-10 00:33:55.723 131687 DEBUG oslo_service.service [req-6d51e360-e4a2-4da6-9638-6c30ba709189 - - - - -] database.use_db_reconnect = False log_opt_values /usr/lib/python3/dist-packages/oslo_config/cfg.py:2609
2025-04-10 00:33:55.724 131687 DEBUG oslo_service.service [req-6d51e360-e4a2-4da6-9638-6c30ba709189 - - - - -] api_database.backend = sqlalchemy log_opt_values /usr/lib/python3/dist-packages/oslo_config/cfg.py:2609
2025-04-10 00:33:55.724 131687 DEBUG oslo_service.service [req-6d51e360-e4a2-4da6-9638-6c30ba709189 - - - - -] api_database.connection = **** log_opt_values /usr/lib/python3/dist-packages/oslo_config/cfg.py:2609
2025-04-10 00:33:55.724 131687 DEBUG oslo_service.service [req-6d51e360-e4a2-4da6-9638-6c30ba709189 - - - - -] api_database.connection_debug = 0 log_opt_values /usr/lib/python3/dist-packages/oslo_config/cfg.py:2609
2025-04-10 00:33:55.724 131687 DEBUG oslo_service.service [req-6d51e360-e4a2-4da6-9638-6c30ba709189 - - - - -] api_database.connection_parameters = log_opt_values /usr/lib/python3/dist-packages/oslo_config/cfg.py:2609
2025-04-10 00:33:55.724 131687 DEBUG oslo_service.service [req-6d51e360-e4a2-4da6-9638-6c30ba709189 - - - - -] api_database.connection_recycle_time = 3600 log_opt_values /usr/lib/python3/dist-packages/oslo_config/cfg.py:2609
2025-04-10 00:33:55.724 132080 DEBUG oslo_messaging._drivers.amqpdriver [-] AMQPListener connection timeout poll /usr/lib/python3/dist-packages/oslo_messaging/_drivers/amqpdriver.py:360
2025-04-10 00:33:55.725 131687 DEBUG oslo_service.service [req-6d51e360-e4a2-4da6-9638-6c30ba709189 - - - - -] api_database.connection_trace = False log_opt_values /usr/lib/python3/dist-packages/oslo_config/cfg.py:2609
2025-04-10 00:33:55.725 132080 DEBUG oslo_messaging._drivers.amqpdriver [-] Listener is running poll /usr/lib/python3/dist-packages/oslo_messaging/_drivers/amqpdriver.py:343
2025-04-10 00:33:55.725 131687 DEBUG oslo_service.service [req-6d51e360-e4a2-4da6-9638-6c30ba709189 - - - - -] api_database.db_inc_retry_interval = True log_opt_values /usr/lib/python3/dist-packages/oslo_config/cfg.py:2609
2025-04-10 00:33:55.725 132080 DEBUG oslo_messaging._drivers.amqpdriver [-] AMQPListener connection consume poll /usr/lib/python3/dist-packages/oslo_messaging/_drivers/amqpdriver.py:357
2025-04-10 00:33:55.725 131687 DEBUG oslo_service.service [req-6d51e360-e4a2-4da6-9638-6c30ba709189 - - - - -] api_database.db_max_retries = 20 log_opt_values /usr/lib/python3/dist-packages/oslo_config/cfg.py:2609
2025-04-10 00:33:55.725 131687 DEBUG oslo_service.service [req-6d51e360-e4a2-4da6-9638-6c30ba709189 - - - - -] api_database.db_max_retry_interval = 10 log_opt_values /usr/lib/python3/dist-packages/oslo_config/cfg.py:2609
2025-04-10 00:33:55.726 131687 DEBUG oslo_service.service [req-6d51e360-e4a2-4da6-9638-6c30ba709189 - - - - -] api_database.db_retry_interval = 1 log_opt_values /usr/lib/python3/dist-packages/oslo_config/cfg.py:2609
2025-04-10 00:33:55.726 131687 DEBUG oslo_service.service [req-6d51e360-e4a2-4da6-9638-6c30ba709189 - - - - -] api_database.max_overflow = 50 log_opt_values /usr/lib/python3/dist-packages/oslo_config/cfg.py:2609
2025-04-10 00:33:55.726 131687 DEBUG oslo_service.service [req-6d51e360-e4a2-4da6-9638-6c30ba709189 - - - - -] api_database.max_pool_size = 4 log_opt_values /usr/lib/python3/dist-packages/oslo_config/cfg.py:2609
2025-04-10 00:33:55.727 131687 DEBUG oslo_service.service [req-6d51e360-e4a2-4da6-9638-6c30ba709189 - - - - -] api_database.max_retries = 10 log_opt_values /usr/lib/python3/dist-packages/oslo_config/cfg.py:2609
2025-04-10 00:33:55.727 131687 DEBUG oslo_service.service [req-6d51e360-e4a2-4da6-9638-6c30ba709189 - - - - -] api_database.mysql_enable_ndb = False log_opt_values /usr/lib/python3/dist-packages/oslo_config/cfg.py:2609
2025-04-10 00:33:55.727 131687 DEBUG oslo_service.service [req-6d51e360-e4a2-4da6-9638-6c30ba709189 - - - - -] api_database.mysql_sql_mode = TRADITIONAL log_opt_values /usr/lib/python3/dist-packages/oslo_config/cfg.py:2609
2025-04-10 00:33:55.727 131687 DEBUG oslo_service.service [req-6d51e360-e4a2-4da6-9638-6c30ba709189 - - - - -] api_database.pool_timeout = None log_opt_values /usr/lib/python3/dist-packages/oslo_config/cfg.py:2609
2025-04-10 00:33:55.727 131687 DEBUG oslo_service.service [req-6d51e360-e4a2-4da6-9638-6c30ba709189 - - - - -] api_database.retry_interval = 10 log_opt_values /usr/lib/python3/dist-packages/oslo_config/cfg.py:2609
2025-04-10 00:33:55.727 131687 DEBUG oslo_service.service [req-6d51e360-e4a2-4da6-9638-6c30ba709189 - - - - -] api_database.slave_connection = **** log_opt_values /usr/lib/python3/dist-packages/oslo_config/cfg.py:2609
2025-04-10 00:33:55.728 131687 DEBUG oslo_service.service [req-6d51e360-e4a2-4da6-9638-6c30ba709189 - - - - -] api_database.sqlite_synchronous = True log_opt_values /usr/lib/python3/dist-packages/oslo_config/cfg.py:2609
2025-04-10 00:33:55.728 131687 DEBUG oslo_service.service [req-6d51e360-e4a2-4da6-9638-6c30ba709189 - - - - -] devices.enabled_mdev_types = [] log_opt_values /usr/lib/python3/dist-packages/oslo_config/cfg.py:2609
2025-04-10 00:33:55.728 131687 DEBUG oslo_service.service [req-6d51e360-e4a2-4da6-9638-6c30ba709189 - - - - -] ephemeral_storage_encryption.cipher = aes-xts-plain64 log_opt_values /usr/lib/python3/dist-packages/oslo_config/cfg.py:2609
2025-04-10 00:33:55.728 131687 DEBUG oslo_service.service [req-6d51e360-e4a2-4da6-9638-6c30ba709189 - - - - -] ephemeral_storage_encryption.enabled = False log_opt_values /usr/lib/python3/dist-packages/oslo_config/cfg.py:2609
2025-04-10 00:33:55.728 131687 DEBUG oslo_service.service [req-6d51e360-e4a2-4da6-9638-6c30ba709189 - - - - -] ephemeral_storage_encryption.key_size = 512 log_opt_values /usr/lib/python3/dist-packages/oslo_config/cfg.py:2609
2025-04-10 00:33:55.729 131687 WARNING oslo_config.cfg [req-6d51e360-e4a2-4da6-9638-6c30ba709189 - - - - -] Deprecated: Option "api_servers" from group "glance" is deprecated for removal ( Support for image service configuration via standard keystoneauth1 Adapter options was added in the 17.0.0 Queens release. The api_servers option was retained temporarily to allow consumers time to cut over to a real load balancing solution. ). Its value may be silently ignored in the future.
2025-04-10 00:33:55.730 131687 DEBUG oslo_service.service [req-6d51e360-e4a2-4da6-9638-6c30ba709189 - - - - -] glance.api_servers = ['http://252.57.38.4:9292'] log_opt_values /usr/lib/python3/dist-packages/oslo_config/cfg.py:2609
2025-04-10 00:33:55.730 131687 DEBUG oslo_service.service [req-6d51e360-e4a2-4da6-9638-6c30ba709189 - - - - -] glance.cafile = None log_opt_values /usr/lib/python3/dist-packages/oslo_config/cfg.py:2609
2025-04-10 00:33:55.730 131687 DEBUG oslo_service.service [req-6d51e360-e4a2-4da6-9638-6c30ba709189 - - - - -] glance.certfile = None log_opt_values /usr/lib/python3/dist-packages/oslo_config/cfg.py:2609
2025-04-10 00:33:55.730 131687 DEBUG oslo_service.service [req-6d51e360-e4a2-4da6-9638-6c30ba709189 - - - - -] glance.collect_timing = False log_opt_values /usr/lib/python3/dist-packages/oslo_config/cfg.py:2609
2025-04-10 00:33:55.730 131687 DEBUG oslo_service.service [req-6d51e360-e4a2-4da6-9638-6c30ba709189 - - - - -] glance.connect_retries = None log_opt_values /usr/lib/python3/dist-packages/oslo_config/cfg.py:2609
2025-04-10 00:33:55.731 131687 DEBUG oslo_service.service [req-6d51e360-e4a2-4da6-9638-6c30ba709189 - - - - -] glance.connect_retry_delay = None log_opt_values /usr/lib/python3/dist-packages/oslo_config/cfg.py:2609
2025-04-10 00:33:55.731 131687 DEBUG oslo_service.service [req-6d51e360-e4a2-4da6-9638-6c30ba709189 - - - - -] glance.debug = False log_opt_values /usr/lib/python3/dist-packages/oslo_config/cfg.py:2609
2025-04-10 00:33:55.731 131687 DEBUG oslo_service.service [req-6d51e360-e4a2-4da6-9638-6c30ba709189 - - - - -] glance.default_trusted_certificate_ids = [] log_opt_values /usr/lib/python3/dist-packages/oslo_config/cfg.py:2609
2025-04-10 00:33:55.731 131687 DEBUG oslo_service.service [req-6d51e360-e4a2-4da6-9638-6c30ba709189 - - - - -] glance.enable_certificate_validation = False log_opt_values /usr/lib/python3/dist-packages/oslo_config/cfg.py:2609
2025-04-10 00:33:55.731 131687 DEBUG oslo_service.service [req-6d51e360-e4a2-4da6-9638-6c30ba709189 - - - - -] glance.enable_rbd_download = False log_opt_values /usr/lib/python3/dist-packages/oslo_config/cfg.py:2609
2025-04-10 00:33:55.731 131687 DEBUG oslo_service.service [req-6d51e360-e4a2-4da6-9638-6c30ba709189 - - - - -] glance.endpoint_override = None log_opt_values /usr/lib/python3/dist-packages/oslo_config/cfg.py:2609
2025-04-10 00:33:55.732 131687 DEBUG oslo_service.service [req-6d51e360-e4a2-4da6-9638-6c30ba709189 - - - - -] glance.insecure = False log_opt_values /usr/lib/python3/dist-packages/oslo_config/cfg.py:2609
2025-04-10 00:33:55.732 131687 DEBUG oslo_service.service [req-6d51e360-e4a2-4da6-9638-6c30ba709189 - - - - -] glance.keyfile = None log_opt_values /usr/lib/python3/dist-packages/oslo_config/cfg.py:2609
2025-04-10 00:33:55.733 131687 DEBUG oslo_service.service [req-6d51e360-e4a2-4da6-9638-6c30ba709189 - - - - -] glance.max_version = None log_opt_values /usr/lib/python3/dist-packages/oslo_config/cfg.py:2609
2025-04-10 00:33:55.733 131687 DEBUG oslo_service.service [req-6d51e360-e4a2-4da6-9638-6c30ba709189 - - - - -] glance.min_version = None log_opt_values /usr/lib/python3/dist-packages/oslo_config/cfg.py:2609
2025-04-10 00:33:55.733 131687 DEBUG oslo_service.service [req-6d51e360-e4a2-4da6-9638-6c30ba709189 - - - - -] glance.num_retries = 3 log_opt_values /usr/lib/python3/dist-packages/oslo_config/cfg.py:2609
2025-04-10 00:33:55.733 131687 DEBUG oslo_service.service [req-6d51e360-e4a2-4da6-9638-6c30ba709189 - - - - -] glance.rbd_ceph_conf = log_opt_values /usr/lib/python3/dist-packages/oslo_config/cfg.py:2609
2025-04-10 00:33:55.733 131687 DEBUG oslo_service.service [req-6d51e360-e4a2-4da6-9638-6c30ba709189 - - - - -] glance.rbd_connect_timeout = 5 log_opt_values /usr/lib/python3/dist-packages/oslo_config/cfg.py:2609
2025-04-10 00:33:55.733 131687 DEBUG oslo_service.service [req-6d51e360-e4a2-4da6-9638-6c30ba709189 - - - - -] glance.rbd_pool = log_opt_values /usr/lib/python3/dist-packages/oslo_config/cfg.py:2609
2025-04-10 00:33:55.734 131687 DEBUG oslo_service.service [req-6d51e360-e4a2-4da6-9638-6c30ba709189 - - - - -] glance.rbd_user = log_opt_values /usr/lib/python3/dist-packages/oslo_config/cfg.py:2609
2025-04-10 00:33:55.734 131687 DEBUG oslo_service.service [req-6d51e360-e4a2-4da6-9638-6c30ba709189 - - - - -] glance.region_name = None log_opt_values /usr/lib/python3/dist-packages/oslo_config/cfg.py:2609
2025-04-10 00:33:55.734 131687 DEBUG oslo_service.service [req-6d51e360-e4a2-4da6-9638-6c30ba709189 - - - - -] glance.service_name = None log_opt_values /usr/lib/python3/dist-packages/oslo_config/cfg.py:2609
2025-04-10 00:33:55.734 131687 DEBUG oslo_service.service [req-6d51e360-e4a2-4da6-9638-6c30ba709189 - - - - -] glance.service_type = image log_opt_values /usr/lib/python3/dist-packages/oslo_config/cfg.py:2609
2025-04-10 00:33:55.734 131687 DEBUG oslo_service.service [req-6d51e360-e4a2-4da6-9638-6c30ba709189 - - - - -] glance.split_loggers = False log_opt_values /usr/lib/python3/dist-packages/oslo_config/cfg.py:2609
2025-04-10 00:33:55.734 131687 DEBUG oslo_service.service [req-6d51e360-e4a2-4da6-9638-6c30ba709189 - - - - -] glance.status_code_retries = None log_opt_values /usr/lib/python3/dist-packages/oslo_config/cfg.py:2609
2025-04-10 00:33:55.735 131687 DEBUG oslo_service.service [req-6d51e360-e4a2-4da6-9638-6c30ba709189 - - - - -] glance.status_code_retry_delay = None log_opt_values /usr/lib/python3/dist-packages/oslo_config/cfg.py:2609
2025-04-10 00:33:55.735 131687 DEBUG oslo_service.service [req-6d51e360-e4a2-4da6-9638-6c30ba709189 - - - - -] glance.timeout = None log_opt_values /usr/lib/python3/dist-packages/oslo_config/cfg.py:2609
2025-04-10 00:33:55.735 131687 DEBUG oslo_service.service [req-6d51e360-e4a2-4da6-9638-6c30ba709189 - - - - -] glance.valid_interfaces = ['internal', 'public'] log_opt_values /usr/lib/python3/dist-packages/oslo_config/cfg.py:2609
2025-04-10 00:33:55.735 131687 DEBUG oslo_service.service [req-6d51e360-e4a2-4da6-9638-6c30ba709189 - - - - -] glance.verify_glance_signatures = False log_opt_values /usr/lib/python3/dist-packages/oslo_config/cfg.py:2609
2025-04-10 00:33:55.735 131687 DEBUG oslo_service.service [req-6d51e360-e4a2-4da6-9638-6c30ba709189 - - - - -] glance.version = None log_opt_values /usr/lib/python3/dist-packages/oslo_config/cfg.py:2609
2025-04-10 00:33:55.735 131687 DEBUG oslo_service.service [req-6d51e360-e4a2-4da6-9638-6c30ba709189 - - - - -] guestfs.debug = False log_opt_values /usr/lib/python3/dist-packages/oslo_config/cfg.py:2609
2025-04-10 00:33:55.736 131687 DEBUG oslo_service.service [req-6d51e360-e4a2-4da6-9638-6c30ba709189 - - - - -] hyperv.config_drive_cdrom = False log_opt_values /usr/lib/python3/dist-packages/oslo_config/cfg.py:2609
2025-04-10 00:33:55.736 131687 DEBUG oslo_service.service [req-6d51e360-e4a2-4da6-9638-6c30ba709189 - - - - -] hyperv.config_drive_inject_password = False log_opt_values /usr/lib/python3/dist-packages/oslo_config/cfg.py:2609
2025-04-10 00:33:55.736 131687 DEBUG oslo_service.service [req-6d51e360-e4a2-4da6-9638-6c30ba709189 - - - - -] hyperv.dynamic_memory_ratio = 1.0 log_opt_values /usr/lib/python3/dist-packages/oslo_config/cfg.py:2609
2025-04-10 00:33:55.736 131687 DEBUG oslo_service.service [req-6d51e360-e4a2-4da6-9638-6c30ba709189 - - - - -] hyperv.enable_instance_metrics_collection = False log_opt_values /usr/lib/python3/dist-packages/oslo_config/cfg.py:2609
2025-04-10 00:33:55.736 131687 DEBUG oslo_service.service [req-6d51e360-e4a2-4da6-9638-6c30ba709189 - - - - -] hyperv.enable_remotefx = False log_opt_values /usr/lib/python3/dist-packages/oslo_config/cfg.py:2609
2025-04-10 00:33:55.737 131687 DEBUG oslo_service.service [req-6d51e360-e4a2-4da6-9638-6c30ba709189 - - - - -] hyperv.instances_path_share = log_opt_values /usr/lib/python3/dist-packages/oslo_config/cfg.py:2609
2025-04-10 00:33:55.737 131687 DEBUG oslo_service.service [req-6d51e360-e4a2-4da6-9638-6c30ba709189 - - - - -] hyperv.iscsi_initiator_list = [] log_opt_values /usr/lib/python3/dist-packages/oslo_config/cfg.py:2609
2025-04-10 00:33:55.737 131687 DEBUG oslo_service.service [req-6d51e360-e4a2-4da6-9638-6c30ba709189 - - - - -] hyperv.limit_cpu_features = False log_opt_values /usr/lib/python3/dist-packages/oslo_config/cfg.py:2609
2025-04-10 00:33:55.737 131687 DEBUG oslo_service.service [req-6d51e360-e4a2-4da6-9638-6c30ba709189 - - - - -] hyperv.mounted_disk_query_retry_count = 10 log_opt_values /usr/lib/python3/dist-packages/oslo_config/cfg.py:2609
2025-04-10 00:33:55.737 131687 DEBUG oslo_service.service [req-6d51e360-e4a2-4da6-9638-6c30ba709189 - - - - -] hyperv.mounted_disk_query_retry_interval = 5 log_opt_values /usr/lib/python3/dist-packages/oslo_config/cfg.py:2609
2025-04-10 00:33:55.737 131687 DEBUG oslo_service.service [req-6d51e360-e4a2-4da6-9638-6c30ba709189 - - - - -] hyperv.power_state_check_timeframe = 60 log_opt_values /usr/lib/python3/dist-packages/oslo_config/cfg.py:2609
2025-04-10 00:33:55.737 131687 DEBUG oslo_service.service [req-6d51e360-e4a2-4da6-9638-6c30ba709189 - - - - -] hyperv.power_state_event_polling_interval = 2 log_opt_values /usr/lib/python3/dist-packages/oslo_config/cfg.py:2609
2025-04-10 00:33:55.738 131687 DEBUG oslo_service.service [req-6d51e360-e4a2-4da6-9638-6c30ba709189 - - - - -] hyperv.qemu_img_cmd = qemu-img.exe log_opt_values /usr/lib/python3/dist-packages/oslo_config/cfg.py:2609
2025-04-10 00:33:55.738 131687 DEBUG oslo_service.service [req-6d51e360-e4a2-4da6-9638-6c30ba709189 - - - - -] hyperv.use_multipath_io = False log_opt_values /usr/lib/python3/dist-packages/oslo_config/cfg.py:2609
2025-04-10 00:33:55.738 131687 DEBUG oslo_service.service [req-6d51e360-e4a2-4da6-9638-6c30ba709189 - - - - -] hyperv.volume_attach_retry_count = 10 log_opt_values /usr/lib/python3/dist-packages/oslo_config/cfg.py:2609
2025-04-10 00:33:55.738 131687 DEBUG oslo_service.service [req-6d51e360-e4a2-4da6-9638-6c30ba709189 - - - - -] hyperv.volume_attach_retry_interval = 5 log_opt_values /usr/lib/python3/dist-packages/oslo_config/cfg.py:2609
2025-04-10 00:33:55.738 131687 DEBUG oslo_service.service [req-6d51e360-e4a2-4da6-9638-6c30ba709189 - - - - -] hyperv.vswitch_name = None log_opt_values /usr/lib/python3/dist-packages/oslo_config/cfg.py:2609
2025-04-10 00:33:55.738 131687 DEBUG oslo_service.service [req-6d51e360-e4a2-4da6-9638-6c30ba709189 - - - - -] hyperv.wait_soft_reboot_seconds = 60 log_opt_values /usr/lib/python3/dist-packages/oslo_config/cfg.py:2609
2025-04-10 00:33:55.739 131687 DEBUG oslo_service.service [req-6d51e360-e4a2-4da6-9638-6c30ba709189 - - - - -] mks.enabled = False log_opt_values /usr/lib/python3/dist-packages/oslo_config/cfg.py:2609
2025-04-10 00:33:55.739 131687 DEBUG oslo_service.service [req-6d51e360-e4a2-4da6-9638-6c30ba709189 - - - - -] mks.mksproxy_base_url = http://127.0.0.1:6090/ log_opt_values /usr/lib/python3/dist-packages/oslo_config/cfg.py:2609
2025-04-10 00:33:55.740 131687 DEBUG oslo_service.service [req-6d51e360-e4a2-4da6-9638-6c30ba709189 - - - - -] image_cache.manager_interval = 2400 log_opt_values /usr/lib/python3/dist-packages/oslo_config/cfg.py:2609
2025-04-10 00:33:55.740 131687 DEBUG oslo_service.service [req-6d51e360-e4a2-4da6-9638-6c30ba709189 - - - - -] image_cache.precache_concurrency = 1 log_opt_values /usr/lib/python3/dist-packages/oslo_config/cfg.py:2609
2025-04-10 00:33:55.740 131687 DEBUG oslo_service.service [req-6d51e360-e4a2-4da6-9638-6c30ba709189 - - - - -] image_cache.remove_unused_base_images = True log_opt_values /usr/lib/python3/dist-packages/oslo_config/cfg.py:2609
2025-04-10 00:33:55.740 131687 DEBUG oslo_service.service [req-6d51e360-e4a2-4da6-9638-6c30ba709189 - - - - -] image_cache.remove_unused_original_minimum_age_seconds = 86400 log_opt_values /usr/lib/python3/dist-packages/oslo_config/cfg.py:2609
