2025-04-10 00:33:26.627 121800 DEBUG oslo_messaging._drivers.amqpdriver [-] AMQPListener connection timeout poll /usr/lib/python3/dist-packages/oslo_messaging/_drivers/amqpdriver.py:360
2025-04-10 00:33:26.627 121800 DEBUG oslo_messaging._drivers.amqpdriver [-] Listener is running poll /usr/lib/python3/dist-packages/oslo_messaging/_drivers/amqpdriver.py:343
2025-04-10 00:33:26.627 121800 DEBUG oslo_messaging._drivers.amqpdriver [-] AMQPListener connection consume poll /usr/lib/python3/dist-packages/oslo_messaging/_drivers/amqpdriver.py:357
2025-04-10 00:33:26.670 121799 DEBUG oslo_messaging._drivers.amqpdriver [-] AMQPListener connection timeout poll /usr/lib/python3/dist-packages/oslo_messaging/_drivers/amqpdriver.py:360
2025-04-10 00:33:26.671 121799 DEBUG oslo_messaging._drivers.amqpdriver [-] Listener is running poll /usr/lib/python3/dist-packages/oslo_messaging/_drivers/amqpdriver.py:343
2025-04-10 00:33:26.671 121799 DEBUG oslo_messaging._drivers.amqpdriver [-] AMQPListener connection consume poll /usr/lib/python3/dist-packages/oslo_messaging/_drivers/amqpdriver.py:357
2025-04-10 00:33:26.675 121802 DEBUG oslo_messaging._drivers.amqpdriver [-] AMQPListener connection timeout poll /usr/lib/python3/dist-packages/oslo_messaging/_drivers/amqpdriver.py:360
2025-04-10 00:33:26.675 121802 DEBUG oslo_messaging._drivers.amqpdriver [-] Listener is running poll /usr/lib/python3/dist-packages/oslo_messaging/_drivers/amqpdriver.py:343
2025-04-10 00:33:26.675 121802 DEBUG oslo_messaging._drivers.amqpdriver [-] AMQPListener connection consume poll /usr/lib/python3/dist-packages/oslo_messaging/_drivers/amqpdriver.py:357
2025-04-10 00:33:28.628 121801 DEBUG oslo_messaging._drivers.amqpdriver [-] AMQPListener connection timeout poll /usr/lib/python3/dist-packages/oslo_messaging/_drivers/amqpdriver.py:360
2025-04-10 00:33:28.628 121800 DEBUG oslo_messaging._drivers.amqpdriver [-] AMQPListener connection timeout poll /usr/lib/python3/dist-packages/oslo_messaging/_drivers/amqpdriver.py:360
2025-04-10 00:33:28.628 121801 DEBUG oslo_messaging._drivers.amqpdriver [-] Listener is running poll /usr/lib/python3/dist-packages/oslo_messaging/_drivers/amqpdriver.py:343
2025-04-10 00:33:28.628 121800 DEBUG oslo_messaging._drivers.amqpdriver [-] Listener is running poll /usr/lib/python3/dist-packages/oslo_messaging/_drivers/amqpdriver.py:343
2025-04-10 00:33:28.628 121801 DEBUG oslo_messaging._drivers.amqpdriver [-] AMQPListener connection consume poll /usr/lib/python3/dist-packages/oslo_messaging/_drivers/amqpdriver.py:357
2025-04-10 00:33:28.628 121800 DEBUG oslo_messaging._drivers.amqpdriver [-] AMQPListener connection consume poll /usr/lib/python3/dist-packages/oslo_messaging/_drivers/amqpdriver.py:357
2025-04-10 00:33:28.672 121799 DEBUG oslo_messaging._drivers.amqpdriver [-] AMQPListener connection timeout poll /usr/lib/python3/dist-packages/oslo_messaging/_drivers/amqpdriver.py:360
2025-04-10 00:33:28.672 121799 DEBUG oslo_messaging._drivers.amqpdriver [-] Listener is running poll /usr/lib/python3/dist-packages/oslo_messaging/_drivers/amqpdriver.py:343
2025-04-10 00:33:28.672 121799 DEBUG oslo_messaging._drivers.amqpdriver [-] AMQPListener connection consume poll /usr/lib/python3/dist-packages/oslo_messaging/_drivers/amqpdriver.py:357
2025-04-10 00:33:28.678 121802 DEBUG oslo_messaging._drivers.amqpdriver [-] AMQPListener connection timeout poll /usr/lib/python3/dist-packages/oslo_messaging/_drivers/amqpdriver.py:360
2025-04-10 00:33:28.678 121802 DEBUG oslo_messaging._drivers.amqpdriver [-] Listener is running poll /usr/lib/python3/dist-packages/oslo_messaging/_drivers/amqpdriver.py:343
2025-04-10 00:33:28.678 121802 DEBUG oslo_messaging._drivers.amqpdriver [-] AMQPListener connection consume poll /usr/lib/python3/dist-packages/oslo_messaging/_drivers/amqpdriver.py:357
2025-04-10 00:33:32.630 121800 DEBUG oslo_messaging._drivers.amqpdriver [-] AMQPListener connection timeout poll /usr/lib/python3/dist-packages/oslo_messaging/_drivers/amqpdriver.py:360
2025-04-10 00:33:32.630 121800 DEBUG oslo_messaging._drivers.amqpdriver [-] Listener is running poll /usr/lib/python3/dist-packages/oslo_messaging/_drivers/amqpdriver.py:343
2025-04-10 00:33:32.630 121801 DEBUG oslo_messaging._drivers.amqpdriver [-] AMQPListener connection timeout poll /usr/lib/python3/dist-packages/oslo_messaging/_drivers/amqpdriver.py:360
2025-04-10 00:33:32.630 121800 DEBUG oslo_messaging._drivers.amqpdriver [-] AMQPListener connection consume poll /usr/lib/python3/dist-packages/oslo_messaging/_drivers/amqpdriver.py:357
2025-04-10 00:33:32.631 121801 DEBUG oslo_messaging._drivers.amqpdriver [-] Listener is running poll /usr/lib/python3/dist-packages/oslo_messaging/_drivers/amqpdriver.py:343
2025-04-10 00:33:32.631 121801 DEBUG oslo_messaging._drivers.amqpdriver [-] AMQPListener connection consume poll /usr/lib/python3/dist-packages/oslo_messaging/_drivers/amqpdriver.py:357
2025-04-10 00:33:32.676 121799 DEBUG oslo_messaging._drivers.amqpdriver [-] AMQPListener connection timeout poll /usr/lib/python3/dist-packages/oslo_messaging/_drivers/amqpdriver.py:360
2025-04-10 00:33:32.676 121799 DEBUG oslo_messaging._drivers.amqpdriver [-] Listener is running poll /usr/lib/python3/dist-packages/oslo_messaging/_drivers/amqpdriver.py:343
2025-04-10 00:33:32.676 121799 DEBUG oslo_messaging._drivers.amqpdriver [-] AMQPListener connection consume poll /usr/lib/python3/dist-packages/oslo_messaging/_drivers/amqpdriver.py:357
2025-04-10 00:33:32.681 121802 DEBUG oslo_messaging._drivers.amqpdriver [-] AMQPListener connection timeout poll /usr/lib/python3/dist-packages/oslo_messaging/_drivers/amqpdriver.py:360
2025-04-10 00:33:32.681 121802 DEBUG oslo_messaging._drivers.amqpdriver [-] Listener is running poll /usr/lib/python3/dist-packages/oslo_messaging/_drivers/amqpdriver.py:343
2025-04-10 00:33:32.681 121802 DEBUG oslo_messaging._drivers.amqpdriver [-] AMQPListener connection consume poll /usr/lib/python3/dist-packages/oslo_messaging/_drivers/amqpdriver.py:357
2025-04-10 00:33:40.636 121801 DEBUG oslo_messaging._drivers.amqpdriver [-] AMQPListener connection timeout poll /usr/lib/python3/dist-packages/oslo_messaging/_drivers/amqpdriver.py:360
2025-04-10 00:33:40.636 121800 DEBUG oslo_messaging._drivers.amqpdriver [-] AMQPListener connection timeout poll /usr/lib/python3/dist-packages/oslo_messaging/_drivers/amqpdriver.py:360
2025-04-10 00:33:40.636 121801 DEBUG oslo_messaging._drivers.amqpdriver [-] Listener is running poll /usr/lib/python3/dist-packages/oslo_messaging/_drivers/amqpdriver.py:343
2025-04-10 00:33:40.636 121800 DEBUG oslo_messaging._drivers.amqpdriver [-] Listener is running poll /usr/lib/python3/dist-packages/oslo_messaging/_drivers/amqpdriver.py:343
2025-04-10 00:33:40.636 121801 DEBUG oslo_messaging._drivers.amqpdriver [-] AMQPListener connection consume poll /usr/lib/python3/dist-packages/oslo_messaging/_drivers/amqpdriver.py:357
2025-04-10 00:33:40.636 121800 DEBUG oslo_messaging._drivers.amqpdriver [-] AMQPListener connection consume poll /usr/lib/python3/dist-packages/oslo_messaging/_drivers/amqpdriver.py:357
2025-04-10 00:33:40.677 121799 DEBUG oslo_messaging._drivers.amqpdriver [-] AMQPListener connection timeout poll /usr/lib/python3/dist-packages/oslo_messaging/_drivers/amqpdriver.py:360
2025-04-10 00:33:40.678 121799 DEBUG oslo_messaging._drivers.amqpdriver [-] Listener is running poll /usr/lib/python3/dist-packages/oslo_messaging/_drivers/amqpdriver.py:343
2025-04-10 00:33:40.678 121799 DEBUG oslo_messaging._drivers.amqpdriver [-] AMQPListener connection consume poll /usr/lib/python3/dist-packages/oslo_messaging/_drivers/amqpdriver.py:357
2025-04-10 00:33:40.682 121802 DEBUG oslo_messaging._drivers.amqpdriver [-] AMQPListener connection timeout poll /usr/lib/python3/dist-packages/oslo_messaging/_drivers/amqpdriver.py:360
2025-04-10 00:33:40.683 121802 DEBUG oslo_messaging._drivers.amqpdriver [-] Listener is running poll /usr/lib/python3/dist-packages/oslo_messaging/_drivers/amqpdriver.py:343
2025-04-10 00:33:40.683 121802 DEBUG oslo_messaging._drivers.amqpdriver [-] AMQPListener connection consume poll /usr/lib/python3/dist-packages/oslo_messaging/_drivers/amqpdriver.py:357
2025-04-10 00:33:53.047 120952 INFO oslo_service.service [req-65371f75-9f4d-45e9-bc1e-ba54a7869dcd - - - - -] Caught SIGTERM, stopping children
2025-04-10 00:33:53.047 120952 DEBUG oslo_concurrency.lockutils [req-65371f75-9f4d-45e9-bc1e-ba54a7869dcd - - - - -] Acquired lock "singleton_lock" lock /usr/lib/python3/dist-packages/oslo_concurrency/lockutils.py:294
2025-04-10 00:33:53.048 120952 DEBUG oslo_concurrency.lockutils [req-65371f75-9f4d-45e9-bc1e-ba54a7869dcd - - - - -] Releasing lock "singleton_lock" lock /usr/lib/python3/dist-packages/oslo_concurrency/lockutils.py:312
2025-04-10 00:33:53.048 120952 DEBUG oslo_service.service [req-65371f75-9f4d-45e9-bc1e-ba54a7869dcd - - - - -] Stop services. stop /usr/lib/python3/dist-packages/oslo_service/service.py:695
2025-04-10 00:33:53.048 120952 DEBUG oslo_service.service [req-65371f75-9f4d-45e9-bc1e-ba54a7869dcd - - - - -] Killing children. stop /usr/lib/python3/dist-packages/oslo_service/service.py:700
2025-04-10 00:33:53.063 120952 INFO oslo_service.service [req-65371f75-9f4d-45e9-bc1e-ba54a7869dcd - - - - -] Waiting on 4 children to exit
2025-04-10 00:33:53.063 120952 INFO oslo_service.service [req-65371f75-9f4d-45e9-bc1e-ba54a7869dcd - - - - -] Child 121799 killed by signal 15
2025-04-10 00:33:53.064 120952 INFO oslo_service.service [req-65371f75-9f4d-45e9-bc1e-ba54a7869dcd - - - - -] Child 121800 killed by signal 15
2025-04-10 00:33:53.064 120952 INFO oslo_service.service [req-65371f75-9f4d-45e9-bc1e-ba54a7869dcd - - - - -] Child 121802 killed by signal 15
2025-04-10 00:33:53.065 120952 INFO oslo_service.service [req-65371f75-9f4d-45e9-bc1e-ba54a7869dcd - - - - -] Child 121801 killed by signal 15
2025-04-10 00:33:54.730 131687 DEBUG oslo_db.sqlalchemy.engines [req-53210bac-212d-44a1-835e-ea545b0bf8a5 - - - - -] MySQL server mode set to STRICT_TRANS_TABLES,STRICT_ALL_TABLES,NO_ZERO_IN_DATE,NO_ZERO_DATE,ERROR_FOR_DIVISION_BY_ZERO,TRADITIONAL,NO_ENGINE_SUBSTITUTION _check_effective_sql_mode /usr/lib/python3/dist-packages/oslo_db/sqlalchemy/engines.py:314
2025-04-10 00:33:54.762 131687 DEBUG nova.scheduler.host_manager [req-53210bac-212d-44a1-835e-ea545b0bf8a5 - - - - -] Found 1 cells: 45ecc8f2-57a6-477b-80fe-f171c0ec61b5 refresh_cells_caches /usr/lib/python3/dist-packages/nova/scheduler/host_manager.py:730
2025-04-10 00:33:54.763 131687 DEBUG nova.scheduler.host_manager [req-53210bac-212d-44a1-835e-ea545b0bf8a5 - - - - -] Found 0 disabled cells: refresh_cells_caches /usr/lib/python3/dist-packages/nova/scheduler/host_manager.py:742
2025-04-10 00:33:54.767 131687 WARNING nova.scheduler.filters.availability_zone_filter [req-53210bac-212d-44a1-835e-ea545b0bf8a5 - - - - -] The 'AvailabilityZoneFilter' is deprecated since the 24.0.0 (Xena) release. Since the 18.0.0 (Rocky) release, nova has supported mapping AZs to placement aggregates. The feature is enabled by the 'query_placement_for_availability_zone' config option and is now enabled by default. As such, the 'AvailabilityZoneFilter' is no longer required. Nova is currently configured to use both placement and the AvailabilityZoneFilter for AZ enforcement.
2025-04-10 00:33:54.850 131687 DEBUG nova.scheduler.host_manager [req-53210bac-212d-44a1-835e-ea545b0bf8a5 - - - - -] START:_async_init_instance_info _async_init_instance_info /usr/lib/python3/dist-packages/nova/scheduler/host_manager.py:411
2025-04-10 00:33:54.852 131687 DEBUG oslo_concurrency.lockutils [req-61fbcb9f-83c0-49e1-9659-449cca570773 - - - - -] Lock "45ecc8f2-57a6-477b-80fe-f171c0ec61b5" acquired by "nova.context.set_target_cell..get_or_set_cached_cell_and_set_connections" :: waited 0.000s inner /usr/lib/python3/dist-packages/oslo_concurrency/lockutils.py:386
2025-04-10 00:33:54.854 131687 DEBUG oslo_concurrency.lockutils [req-61fbcb9f-83c0-49e1-9659-449cca570773 - - - - -] Lock "45ecc8f2-57a6-477b-80fe-f171c0ec61b5" "released" by "nova.context.set_target_cell..get_or_set_cached_cell_and_set_connections" :: held 0.001s inner /usr/lib/python3/dist-packages/oslo_concurrency/lockutils.py:400
2025-04-10 00:33:54.859 131687 DEBUG oslo_db.sqlalchemy.engines [req-61fbcb9f-83c0-49e1-9659-449cca570773 - - - - -] MySQL server mode set to STRICT_TRANS_TABLES,STRICT_ALL_TABLES,NO_ZERO_IN_DATE,NO_ZERO_DATE,ERROR_FOR_DIVISION_BY_ZERO,TRADITIONAL,NO_ENGINE_SUBSTITUTION _check_effective_sql_mode /usr/lib/python3/dist-packages/oslo_db/sqlalchemy/engines.py:314
2025-04-10 00:33:54.892 131687 DEBUG nova.scheduler.host_manager [req-61fbcb9f-83c0-49e1-9659-449cca570773 - - - - -] Total number of compute nodes: 1 _async_init_instance_info /usr/lib/python3/dist-packages/nova/scheduler/host_manager.py:424
2025-04-10 00:33:54.893 131687 DEBUG oslo_concurrency.lockutils [req-61fbcb9f-83c0-49e1-9659-449cca570773 - - - - -] Lock "45ecc8f2-57a6-477b-80fe-f171c0ec61b5" acquired by "nova.context.set_target_cell..get_or_set_cached_cell_and_set_connections" :: waited 0.000s inner /usr/lib/python3/dist-packages/oslo_concurrency/lockutils.py:386
2025-04-10 00:33:54.893 131687 DEBUG oslo_concurrency.lockutils [req-61fbcb9f-83c0-49e1-9659-449cca570773 - - - - -] Lock "45ecc8f2-57a6-477b-80fe-f171c0ec61b5" "released" by "nova.context.set_target_cell..get_or_set_cached_cell_and_set_connections" :: held 0.000s inner /usr/lib/python3/dist-packages/oslo_concurrency/lockutils.py:400
2025-04-10 00:33:54.972 131687 DEBUG nova.scheduler.host_manager [req-61fbcb9f-83c0-49e1-9659-449cca570773 - - - - -] Adding 0 instances for hosts 10-20 _async_init_instance_info /usr/lib/python3/dist-packages/nova/scheduler/host_manager.py:443
2025-04-10 00:33:54.972 131687 DEBUG nova.scheduler.host_manager [req-61fbcb9f-83c0-49e1-9659-449cca570773 - - - - -] END:_async_init_instance_info _async_init_instance_info /usr/lib/python3/dist-packages/nova/scheduler/host_manager.py:454
2025-04-10 00:33:55.603 131687 DEBUG nova.context [req-53210bac-212d-44a1-835e-ea545b0bf8a5 - - - - -] Found 2 cells: 00000000-0000-0000-0000-000000000000(cell0),45ecc8f2-57a6-477b-80fe-f171c0ec61b5(cell1) load_cells /usr/lib/python3/dist-packages/nova/context.py:464
2025-04-10 00:33:55.603 131687 DEBUG oslo_concurrency.lockutils [req-6d51e360-e4a2-4da6-9638-6c30ba709189 - - - - -] Lock "00000000-0000-0000-0000-000000000000" acquired by "nova.context.set_target_cell..get_or_set_cached_cell_and_set_connections" :: waited 0.000s inner /usr/lib/python3/dist-packages/oslo_concurrency/lockutils.py:386
2025-04-10 00:33:55.604 131687 DEBUG oslo_concurrency.lockutils [req-6d51e360-e4a2-4da6-9638-6c30ba709189 - - - - -] Lock "00000000-0000-0000-0000-000000000000" "released" by "nova.context.set_target_cell..get_or_set_cached_cell_and_set_connections" :: held 0.001s inner /usr/lib/python3/dist-packages/oslo_concurrency/lockutils.py:400
2025-04-10 00:33:55.604 131687 DEBUG oslo_concurrency.lockutils [req-6d51e360-e4a2-4da6-9638-6c30ba709189 - - - - -] Lock "45ecc8f2-57a6-477b-80fe-f171c0ec61b5" acquired by "nova.context.set_target_cell..get_or_set_cached_cell_and_set_connections" :: waited 0.000s inner /usr/lib/python3/dist-packages/oslo_concurrency/lockutils.py:386
2025-04-10 00:33:55.605 131687 DEBUG oslo_concurrency.lockutils [req-6d51e360-e4a2-4da6-9638-6c30ba709189 - - - - -] Lock "45ecc8f2-57a6-477b-80fe-f171c0ec61b5" "released" by "nova.context.set_target_cell..get_or_set_cached_cell_and_set_connections" :: held 0.000s inner /usr/lib/python3/dist-packages/oslo_concurrency/lockutils.py:400
2025-04-10 00:33:55.613 131687 DEBUG oslo_db.sqlalchemy.engines [req-6d51e360-e4a2-4da6-9638-6c30ba709189 - - - - -] MySQL server mode set to STRICT_TRANS_TABLES,STRICT_ALL_TABLES,NO_ZERO_IN_DATE,NO_ZERO_DATE,ERROR_FOR_DIVISION_BY_ZERO,TRADITIONAL,NO_ENGINE_SUBSTITUTION _check_effective_sql_mode /usr/lib/python3/dist-packages/oslo_db/sqlalchemy/engines.py:314
2025-04-10 00:33:55.623 131687 DEBUG oslo_concurrency.lockutils [req-6d51e360-e4a2-4da6-9638-6c30ba709189 - - - - -] Acquired lock "singleton_lock" lock /usr/lib/python3/dist-packages/oslo_concurrency/lockutils.py:294
2025-04-10 00:33:55.623 131687 DEBUG oslo_concurrency.lockutils [req-6d51e360-e4a2-4da6-9638-6c30ba709189 - - - - -] Releasing lock "singleton_lock" lock /usr/lib/python3/dist-packages/oslo_concurrency/lockutils.py:312
2025-04-10 00:33:55.624 131687 INFO oslo_service.service [req-6d51e360-e4a2-4da6-9638-6c30ba709189 - - - - -] Starting 4 workers
2025-04-10 00:33:55.628 131687 DEBUG oslo_service.service [req-6d51e360-e4a2-4da6-9638-6c30ba709189 - - - - -] Started child 132077 _start_child /usr/lib/python3/dist-packages/oslo_service/service.py:575
2025-04-10 00:33:55.632 132077 INFO nova.service [-] Starting scheduler node (version 25.2.1)
2025-04-10 00:33:55.633 131687 DEBUG oslo_service.service [req-6d51e360-e4a2-4da6-9638-6c30ba709189 - - - - -] Started child 132078 _start_child /usr/lib/python3/dist-packages/oslo_service/service.py:575
2025-04-10 00:33:55.638 132078 INFO nova.service [-] Starting scheduler node (version 25.2.1)
2025-04-10 00:33:55.639 131687 DEBUG oslo_service.service [req-6d51e360-e4a2-4da6-9638-6c30ba709189 - - - - -] Started child 132079 _start_child /usr/lib/python3/dist-packages/oslo_service/service.py:575
2025-04-10 00:33:55.643 132077 DEBUG oslo_db.sqlalchemy.engines [req-db74105e-baec-4924-b076-b344e968047a - - - - -] MySQL server mode set to STRICT_TRANS_TABLES,STRICT_ALL_TABLES,NO_ZERO_IN_DATE,NO_ZERO_DATE,ERROR_FOR_DIVISION_BY_ZERO,TRADITIONAL,NO_ENGINE_SUBSTITUTION _check_effective_sql_mode /usr/lib/python3/dist-packages/oslo_db/sqlalchemy/engines.py:314
2025-04-10 00:33:55.644 132079 INFO nova.service [-] Starting scheduler node (version 25.2.1)
2025-04-10 00:33:55.646 131687 DEBUG oslo_service.service [req-6d51e360-e4a2-4da6-9638-6c30ba709189 - - - - -] Started child 132080 _start_child /usr/lib/python3/dist-packages/oslo_service/service.py:575
2025-04-10 00:33:55.649 132078 DEBUG oslo_db.sqlalchemy.engines [req-1d306e97-e696-4213-811a-edb91891d531 - - - - -] MySQL server mode set to STRICT_TRANS_TABLES,STRICT_ALL_TABLES,NO_ZERO_IN_DATE,NO_ZERO_DATE,ERROR_FOR_DIVISION_BY_ZERO,TRADITIONAL,NO_ENGINE_SUBSTITUTION _check_effective_sql_mode /usr/lib/python3/dist-packages/oslo_db/sqlalchemy/engines.py:314
2025-04-10 00:33:55.649 131687 DEBUG oslo_service.service [req-6d51e360-e4a2-4da6-9638-6c30ba709189 - - - - -] Full set of CONF: wait /usr/lib/python3/dist-packages/oslo_service/service.py:649
2025-04-10 00:33:55.649 131687 DEBUG oslo_service.service [req-6d51e360-e4a2-4da6-9638-6c30ba709189 - - - - -] ******************************************************************************** log_opt_values /usr/lib/python3/dist-packages/oslo_config/cfg.py:2589
2025-04-10 00:33:55.650 131687 DEBUG oslo_service.service [req-6d51e360-e4a2-4da6-9638-6c30ba709189 - - - - -] Configuration options gathered from: log_opt_values /usr/lib/python3/dist-packages/oslo_config/cfg.py:2590
2025-04-10 00:33:55.650 131687 DEBUG oslo_service.service [req-6d51e360-e4a2-4da6-9638-6c30ba709189 - - - - -] command line args: ['--config-file=/etc/nova/nova.conf', '--log-file=/var/log/nova/nova-scheduler.log'] log_opt_values /usr/lib/python3/dist-packages/oslo_config/cfg.py:2591
2025-04-10 00:33:55.650 131687 DEBUG oslo_service.service [req-6d51e360-e4a2-4da6-9638-6c30ba709189 - - - - -] config files: ['/etc/nova/nova.conf'] log_opt_values /usr/lib/python3/dist-packages/oslo_config/cfg.py:2592
2025-04-10 00:33:55.651 131687 DEBUG oslo_service.service [req-6d51e360-e4a2-4da6-9638-6c30ba709189 - - - - -] ================================================================================ log_opt_values /usr/lib/python3/dist-packages/oslo_config/cfg.py:2594
2025-04-10 00:33:55.651 132080 INFO nova.service [-] Starting scheduler node (version 25.2.1)
2025-04-10 00:33:55.651 131687 DEBUG oslo_service.service [req-6d51e360-e4a2-4da6-9638-6c30ba709189 - - - - -] allow_resize_to_same_host = False log_opt_values /usr/lib/python3/dist-packages/oslo_config/cfg.py:2602
2025-04-10 00:33:55.652 131687 DEBUG oslo_service.service [req-6d51e360-e4a2-4da6-9638-6c30ba709189 - - - - -] arq_binding_timeout = 300 log_opt_values /usr/lib/python3/dist-packages/oslo_config/cfg.py:2602
2025-04-10 00:33:55.652 131687 DEBUG oslo_service.service [req-6d51e360-e4a2-4da6-9638-6c30ba709189 - - - - -] block_device_allocate_retries = 60 log_opt_values /usr/lib/python3/dist-packages/oslo_config/cfg.py:2602
2025-04-10 00:33:55.652 131687 DEBUG oslo_service.service [req-6d51e360-e4a2-4da6-9638-6c30ba709189 - - - - -] block_device_allocate_retries_interval = 3 log_opt_values /usr/lib/python3/dist-packages/oslo_config/cfg.py:2602
2025-04-10 00:33:55.652 131687 DEBUG oslo_service.service [req-6d51e360-e4a2-4da6-9638-6c30ba709189 - - - - -] cert = self.pem log_opt_values /usr/lib/python3/dist-packages/oslo_config/cfg.py:2602
2025-04-10 00:33:55.653 131687 DEBUG oslo_service.service [req-6d51e360-e4a2-4da6-9638-6c30ba709189 - - - - -] compute_driver = libvirt.LibvirtDriver log_opt_values /usr/lib/python3/dist-packages/oslo_config/cfg.py:2602
2025-04-10 00:33:55.653 131687 DEBUG oslo_service.service [req-6d51e360-e4a2-4da6-9638-6c30ba709189 - - - - -] compute_monitors = [] log_opt_values /usr/lib/python3/dist-packages/oslo_config/cfg.py:2602
2025-04-10 00:33:55.653 131687 DEBUG oslo_service.service [req-6d51e360-e4a2-4da6-9638-6c30ba709189 - - - - -] config_dir = [] log_opt_values /usr/lib/python3/dist-packages/oslo_config/cfg.py:2602
2025-04-10 00:33:55.653 131687 DEBUG oslo_service.service [req-6d51e360-e4a2-4da6-9638-6c30ba709189 - - - - -] config_drive_format = iso9660 log_opt_values /usr/lib/python3/dist-packages/oslo_config/cfg.py:2602
2025-04-10 00:33:55.653 131687 DEBUG oslo_service.service [req-6d51e360-e4a2-4da6-9638-6c30ba709189 - - - - -] config_file = ['/etc/nova/nova.conf'] log_opt_values /usr/lib/python3/dist-packages/oslo_config/cfg.py:2602
2025-04-10 00:33:55.654 131687 DEBUG oslo_service.service [req-6d51e360-e4a2-4da6-9638-6c30ba709189 - - - - -] config_source = [] log_opt_values /usr/lib/python3/dist-packages/oslo_config/cfg.py:2602
2025-04-10 00:33:55.654 131687 DEBUG oslo_service.service [req-6d51e360-e4a2-4da6-9638-6c30ba709189 - - - - -] console_host = juju-7b022b-0-lxd-7 log_opt_values /usr/lib/python3/dist-packages/oslo_config/cfg.py:2602
2025-04-10 00:33:55.654 131687 DEBUG oslo_service.service [req-6d51e360-e4a2-4da6-9638-6c30ba709189 - - - - -] control_exchange = nova log_opt_values /usr/lib/python3/dist-packages/oslo_config/cfg.py:2602
2025-04-10 00:33:55.654 131687 DEBUG oslo_service.service [req-6d51e360-e4a2-4da6-9638-6c30ba709189 - - - - -] cpu_allocation_ratio = 2.0 log_opt_values /usr/lib/python3/dist-packages/oslo_config/cfg.py:2602
2025-04-10 00:33:55.654 131687 DEBUG oslo_service.service [req-6d51e360-e4a2-4da6-9638-6c30ba709189 - - - - -] daemon = False log_opt_values /usr/lib/python3/dist-packages/oslo_config/cfg.py:2602
2025-04-10 00:33:55.655 131687 DEBUG oslo_service.service [req-6d51e360-e4a2-4da6-9638-6c30ba709189 - - - - -] debug = True log_opt_values /usr/lib/python3/dist-packages/oslo_config/cfg.py:2602
2025-04-10 00:33:55.655 131687 DEBUG oslo_service.service [req-6d51e360-e4a2-4da6-9638-6c30ba709189 - - - - -] default_access_ip_network_name = None log_opt_values /usr/lib/python3/dist-packages/oslo_config/cfg.py:2602
2025-04-10 00:33:55.655 131687 DEBUG oslo_service.service [req-6d51e360-e4a2-4da6-9638-6c30ba709189 - - - - -] default_availability_zone = nova log_opt_values /usr/lib/python3/dist-packages/oslo_config/cfg.py:2602
2025-04-10 00:33:55.656 131687 DEBUG oslo_service.service [req-6d51e360-e4a2-4da6-9638-6c30ba709189 - - - - -] default_ephemeral_format = None log_opt_values /usr/lib/python3/dist-packages/oslo_config/cfg.py:2602
2025-04-10 00:33:55.656 131687 DEBUG oslo_service.service [req-6d51e360-e4a2-4da6-9638-6c30ba709189 - - - - -] default_log_levels = ['amqp=WARN', 'amqplib=WARN', 'boto=WARN', 'qpid=WARN', 'sqlalchemy=WARN', 'suds=INFO', 'oslo.messaging=INFO', 'oslo_messaging=DEBUG', 'iso8601=WARN', 'requests.packages.urllib3.connectionpool=WARN', 'urllib3.connectionpool=WARN', 'websocket=WARN', 'requests.packages.urllib3.util.retry=WARN', 'urllib3.util.retry=WARN', 'keystonemiddleware=WARN', 'routes.middleware=WARN', 'stevedore=WARN', 'taskflow=WARN', 'keystoneauth=WARN', 'oslo.cache=INFO', 'dogpile.core.dogpile=INFO', 'glanceclient=WARN', 'oslo.privsep.daemon=INFO'] log_opt_values /usr/lib/python3/dist-packages/oslo_config/cfg.py:2602
2025-04-10 00:33:55.656 131687 DEBUG oslo_service.service [req-6d51e360-e4a2-4da6-9638-6c30ba709189 - - - - -] default_schedule_zone = None log_opt_values /usr/lib/python3/dist-packages/oslo_config/cfg.py:2602
2025-04-10 00:33:55.656 131687 DEBUG oslo_service.service [req-6d51e360-e4a2-4da6-9638-6c30ba709189 - - - - -] disk_allocation_ratio = 1.0 log_opt_values /usr/lib/python3/dist-packages/oslo_config/cfg.py:2602
2025-04-10 00:33:55.656 131687 DEBUG oslo_service.service [req-6d51e360-e4a2-4da6-9638-6c30ba709189 - - - - -] enable_new_services = True log_opt_values /usr/lib/python3/dist-packages/oslo_config/cfg.py:2602
2025-04-10 00:33:55.657 131687 DEBUG oslo_service.service [req-6d51e360-e4a2-4da6-9638-6c30ba709189 - - - - -] enabled_apis = ['osapi_compute', 'metadata'] log_opt_values /usr/lib/python3/dist-packages/oslo_config/cfg.py:2602
2025-04-10 00:33:55.657 131687 DEBUG oslo_service.service [req-6d51e360-e4a2-4da6-9638-6c30ba709189 - - - - -] enabled_ssl_apis = [] log_opt_values /usr/lib/python3/dist-packages/oslo_config/cfg.py:2602
2025-04-10 00:33:55.657 131687 DEBUG oslo_service.service [req-6d51e360-e4a2-4da6-9638-6c30ba709189 - - - - -] fatal_deprecations = False log_opt_values /usr/lib/python3/dist-packages/oslo_config/cfg.py:2602
2025-04-10 00:33:55.657 131687 DEBUG oslo_service.service [req-6d51e360-e4a2-4da6-9638-6c30ba709189 - - - - -] flat_injected = False log_opt_values /usr/lib/python3/dist-packages/oslo_config/cfg.py:2602
2025-04-10 00:33:55.657 131687 DEBUG oslo_service.service [req-6d51e360-e4a2-4da6-9638-6c30ba709189 - - - - -] force_config_drive = False log_opt_values /usr/lib/python3/dist-packages/oslo_config/cfg.py:2602
2025-04-10 00:33:55.658 131687 DEBUG oslo_service.service [req-6d51e360-e4a2-4da6-9638-6c30ba709189 - - - - -] force_raw_images = True log_opt_values /usr/lib/python3/dist-packages/oslo_config/cfg.py:2602
2025-04-10 00:33:55.658 131687 DEBUG oslo_service.service [req-6d51e360-e4a2-4da6-9638-6c30ba709189 - - - - -] graceful_shutdown_timeout = 60 log_opt_values /usr/lib/python3/dist-packages/oslo_config/cfg.py:2602
2025-04-10 00:33:55.658 131687 DEBUG oslo_service.service [req-6d51e360-e4a2-4da6-9638-6c30ba709189 - - - - -] heal_instance_info_cache_interval = 60 log_opt_values /usr/lib/python3/dist-packages/oslo_config/cfg.py:2602
2025-04-10 00:33:55.658 131687 DEBUG oslo_service.service [req-6d51e360-e4a2-4da6-9638-6c30ba709189 - - - - -] host = juju-7b022b-0-lxd-7 log_opt_values /usr/lib/python3/dist-packages/oslo_config/cfg.py:2602
2025-04-10 00:33:55.659 132079 DEBUG oslo_db.sqlalchemy.engines [req-aa81bcf0-f2a1-465f-8eb6-a4406572ee60 - - - - -] MySQL server mode set to STRICT_TRANS_TABLES,STRICT_ALL_TABLES,NO_ZERO_IN_DATE,NO_ZERO_DATE,ERROR_FOR_DIVISION_BY_ZERO,TRADITIONAL,NO_ENGINE_SUBSTITUTION _check_effective_sql_mode /usr/lib/python3/dist-packages/oslo_db/sqlalchemy/engines.py:314
2025-04-10 00:33:55.659 131687 DEBUG oslo_service.service [req-6d51e360-e4a2-4da6-9638-6c30ba709189 - - - - -] initial_cpu_allocation_ratio = 16.0 log_opt_values /usr/lib/python3/dist-packages/oslo_config/cfg.py:2602
2025-04-10 00:33:55.659 131687 DEBUG oslo_service.service [req-6d51e360-e4a2-4da6-9638-6c30ba709189 - - - - -] initial_disk_allocation_ratio = 1.0 log_opt_values /usr/lib/python3/dist-packages/oslo_config/cfg.py:2602
2025-04-10 00:33:55.660 131687 DEBUG oslo_service.service [req-6d51e360-e4a2-4da6-9638-6c30ba709189 - - - - -] initial_ram_allocation_ratio = 1.5 log_opt_values /usr/lib/python3/dist-packages/oslo_config/cfg.py:2602
2025-04-10 00:33:55.660 131687 DEBUG oslo_service.service [req-6d51e360-e4a2-4da6-9638-6c30ba709189 - - - - -] injected_network_template = /usr/lib/python3/dist-packages/nova/virt/interfaces.template log_opt_values /usr/lib/python3/dist-packages/oslo_config/cfg.py:2602
2025-04-10 00:33:55.660 131687 DEBUG oslo_service.service [req-6d51e360-e4a2-4da6-9638-6c30ba709189 - - - - -] instance_build_timeout = 0 log_opt_values /usr/lib/python3/dist-packages/oslo_config/cfg.py:2602
2025-04-10 00:33:55.660 131687 DEBUG oslo_service.service [req-6d51e360-e4a2-4da6-9638-6c30ba709189 - - - - -] instance_delete_interval = 300 log_opt_values /usr/lib/python3/dist-packages/oslo_config/cfg.py:2602
2025-04-10 00:33:55.661 131687 DEBUG oslo_service.service [req-6d51e360-e4a2-4da6-9638-6c30ba709189 - - - - -] instance_format = [instance: %(uuid)s] log_opt_values /usr/lib/python3/dist-packages/oslo_config/cfg.py:2602
2025-04-10 00:33:55.661 131687 DEBUG oslo_service.service [req-6d51e360-e4a2-4da6-9638-6c30ba709189 - - - - -] instance_name_template = instance-%08x log_opt_values /usr/lib/python3/dist-packages/oslo_config/cfg.py:2602
2025-04-10 00:33:55.661 131687 DEBUG oslo_service.service [req-6d51e360-e4a2-4da6-9638-6c30ba709189 - - - - -] instance_usage_audit = False log_opt_values /usr/lib/python3/dist-packages/oslo_config/cfg.py:2602
2025-04-10 00:33:55.662 131687 DEBUG oslo_service.service [req-6d51e360-e4a2-4da6-9638-6c30ba709189 - - - - -] instance_usage_audit_period = month log_opt_values /usr/lib/python3/dist-packages/oslo_config/cfg.py:2602
2025-04-10 00:33:55.662 131687 DEBUG oslo_service.service [req-6d51e360-e4a2-4da6-9638-6c30ba709189 - - - - -] instance_uuid_format = [instance: %(uuid)s] log_opt_values /usr/lib/python3/dist-packages/oslo_config/cfg.py:2602
2025-04-10 00:33:55.662 132077 DEBUG nova.service [req-db74105e-baec-4924-b076-b344e968047a - - - - -] Creating RPC server for service scheduler start /usr/lib/python3/dist-packages/nova/service.py:182
2025-04-10 00:33:55.662 131687 DEBUG oslo_service.service [req-6d51e360-e4a2-4da6-9638-6c30ba709189 - - - - -] instances_path = /var/lib/nova/instances log_opt_values /usr/lib/python3/dist-packages/oslo_config/cfg.py:2602
2025-04-10 00:33:55.662 131687 DEBUG oslo_service.service [req-6d51e360-e4a2-4da6-9638-6c30ba709189 - - - - -] internal_service_availability_zone = internal log_opt_values /usr/lib/python3/dist-packages/oslo_config/cfg.py:2602
2025-04-10 00:33:55.663 131687 DEBUG oslo_service.service [req-6d51e360-e4a2-4da6-9638-6c30ba709189 - - - - -] key = None log_opt_values /usr/lib/python3/dist-packages/oslo_config/cfg.py:2602
2025-04-10 00:33:55.663 131687 DEBUG oslo_service.service [req-6d51e360-e4a2-4da6-9638-6c30ba709189 - - - - -] live_migration_retry_count = 30 log_opt_values /usr/lib/python3/dist-packages/oslo_config/cfg.py:2602
2025-04-10 00:33:55.663 131687 DEBUG oslo_service.service [req-6d51e360-e4a2-4da6-9638-6c30ba709189 - - - - -] log_config_append = None log_opt_values /usr/lib/python3/dist-packages/oslo_config/cfg.py:2602
2025-04-10 00:33:55.663 131687 DEBUG oslo_service.service [req-6d51e360-e4a2-4da6-9638-6c30ba709189 - - - - -] log_date_format = %Y-%m-%d %H:%M:%S log_opt_values /usr/lib/python3/dist-packages/oslo_config/cfg.py:2602
2025-04-10 00:33:55.663 131687 DEBUG oslo_service.service [req-6d51e360-e4a2-4da6-9638-6c30ba709189 - - - - -] log_dir = /var/log/nova log_opt_values /usr/lib/python3/dist-packages/oslo_config/cfg.py:2602
2025-04-10 00:33:55.664 131687 DEBUG oslo_service.service [req-6d51e360-e4a2-4da6-9638-6c30ba709189 - - - - -] log_file = /var/log/nova/nova-scheduler.log log_opt_values /usr/lib/python3/dist-packages/oslo_config/cfg.py:2602
2025-04-10 00:33:55.664 131687 DEBUG oslo_service.service [req-6d51e360-e4a2-4da6-9638-6c30ba709189 - - - - -] log_options = True log_opt_values /usr/lib/python3/dist-packages/oslo_config/cfg.py:2602
2025-04-10 00:33:55.664 131687 DEBUG oslo_service.service [req-6d51e360-e4a2-4da6-9638-6c30ba709189 - - - - -] log_rotate_interval = 1 log_opt_values /usr/lib/python3/dist-packages/oslo_config/cfg.py:2602
2025-04-10 00:33:55.664 131687 DEBUG oslo_service.service [req-6d51e360-e4a2-4da6-9638-6c30ba709189 - - - - -] log_rotate_interval_type = days log_opt_values /usr/lib/python3/dist-packages/oslo_config/cfg.py:2602
2025-04-10 00:33:55.664 131687 DEBUG oslo_service.service [req-6d51e360-e4a2-4da6-9638-6c30ba709189 - - - - -] log_rotation_type = none log_opt_values /usr/lib/python3/dist-packages/oslo_config/cfg.py:2602
2025-04-10 00:33:55.665 131687 DEBUG oslo_service.service [req-6d51e360-e4a2-4da6-9638-6c30ba709189 - - - - -] logging_context_format_string = %(asctime)s.%(msecs)03d %(process)d %(levelname)s %(name)s [%(request_id)s %(user_identity)s] %(instance)s%(message)s log_opt_values /usr/lib/python3/dist-packages/oslo_config/cfg.py:2602
2025-04-10 00:33:55.665 131687 DEBUG oslo_service.service [req-6d51e360-e4a2-4da6-9638-6c30ba709189 - - - - -] logging_debug_format_suffix = %(funcName)s %(pathname)s:%(lineno)d log_opt_values /usr/lib/python3/dist-packages/oslo_config/cfg.py:2602
2025-04-10 00:33:55.665 131687 DEBUG oslo_service.service [req-6d51e360-e4a2-4da6-9638-6c30ba709189 - - - - -] logging_default_format_string = %(asctime)s.%(msecs)03d %(process)d %(levelname)s %(name)s [-] %(instance)s%(message)s log_opt_values /usr/lib/python3/dist-packages/oslo_config/cfg.py:2602
2025-04-10 00:33:55.665 131687 DEBUG oslo_service.service [req-6d51e360-e4a2-4da6-9638-6c30ba709189 - - - - -] logging_exception_prefix = %(asctime)s.%(msecs)03d %(process)d ERROR %(name)s %(instance)s log_opt_values /usr/lib/python3/dist-packages/oslo_config/cfg.py:2602
2025-04-10 00:33:55.666 131687 DEBUG oslo_service.service [req-6d51e360-e4a2-4da6-9638-6c30ba709189 - - - - -] logging_user_identity_format = %(user)s %(project)s %(domain)s %(user_domain)s %(project_domain)s log_opt_values /usr/lib/python3/dist-packages/oslo_config/cfg.py:2602
2025-04-10 00:33:55.666 131687 DEBUG oslo_service.service [req-6d51e360-e4a2-4da6-9638-6c30ba709189 - - - - -] long_rpc_timeout = 1800 log_opt_values /usr/lib/python3/dist-packages/oslo_config/cfg.py:2602
2025-04-10 00:33:55.666 131687 DEBUG oslo_service.service [req-6d51e360-e4a2-4da6-9638-6c30ba709189 - - - - -] max_concurrent_builds = 10 log_opt_values /usr/lib/python3/dist-packages/oslo_config/cfg.py:2602
2025-04-10 00:33:55.666 131687 DEBUG oslo_service.service [req-6d51e360-e4a2-4da6-9638-6c30ba709189 - - - - -] max_concurrent_live_migrations = 1 log_opt_values /usr/lib/python3/dist-packages/oslo_config/cfg.py:2602
2025-04-10 00:33:55.666 131687 DEBUG oslo_service.service [req-6d51e360-e4a2-4da6-9638-6c30ba709189 - - - - -] max_concurrent_snapshots = 5 log_opt_values /usr/lib/python3/dist-packages/oslo_config/cfg.py:2602
2025-04-10 00:33:55.666 132080 DEBUG oslo_db.sqlalchemy.engines [req-3e8357f9-bd56-4e05-8c02-afa9666c98cf - - - - -] MySQL server mode set to STRICT_TRANS_TABLES,STRICT_ALL_TABLES,NO_ZERO_IN_DATE,NO_ZERO_DATE,ERROR_FOR_DIVISION_BY_ZERO,TRADITIONAL,NO_ENGINE_SUBSTITUTION _check_effective_sql_mode /usr/lib/python3/dist-packages/oslo_db/sqlalchemy/engines.py:314
2025-04-10 00:33:55.667 131687 DEBUG oslo_service.service [req-6d51e360-e4a2-4da6-9638-6c30ba709189 - - - - -] max_local_block_devices = 3 log_opt_values /usr/lib/python3/dist-packages/oslo_config/cfg.py:2602
2025-04-10 00:33:55.667 131687 DEBUG oslo_service.service [req-6d51e360-e4a2-4da6-9638-6c30ba709189 - - - - -] max_logfile_count = 30 log_opt_values /usr/lib/python3/dist-packages/oslo_config/cfg.py:2602
2025-04-10 00:33:55.667 131687 DEBUG oslo_service.service [req-6d51e360-e4a2-4da6-9638-6c30ba709189 - - - - -] max_logfile_size_mb = 200 log_opt_values /usr/lib/python3/dist-packages/oslo_config/cfg.py:2602
2025-04-10 00:33:55.667 131687 DEBUG oslo_service.service [req-6d51e360-e4a2-4da6-9638-6c30ba709189 - - - - -] maximum_instance_delete_attempts = 5 log_opt_values /usr/lib/python3/dist-packages/oslo_config/cfg.py:2602
2025-04-10 00:33:55.667 131687 DEBUG oslo_service.service [req-6d51e360-e4a2-4da6-9638-6c30ba709189 - - - - -] metadata_listen = 0.0.0.0 log_opt_values /usr/lib/python3/dist-packages/oslo_config/cfg.py:2602
2025-04-10 00:33:55.667 131687 DEBUG oslo_service.service [req-6d51e360-e4a2-4da6-9638-6c30ba709189 - - - - -] metadata_listen_port = 8765 log_opt_values /usr/lib/python3/dist-packages/oslo_config/cfg.py:2602
2025-04-10 00:33:55.668 131687 DEBUG oslo_service.service [req-6d51e360-e4a2-4da6-9638-6c30ba709189 - - - - -] metadata_workers = None log_opt_values /usr/lib/python3/dist-packages/oslo_config/cfg.py:2602
2025-04-10 00:33:55.668 131687 DEBUG oslo_service.service [req-6d51e360-e4a2-4da6-9638-6c30ba709189 - - - - -] migrate_max_retries = -1 log_opt_values /usr/lib/python3/dist-packages/oslo_config/cfg.py:2602
2025-04-10 00:33:55.668 131687 DEBUG oslo_service.service [req-6d51e360-e4a2-4da6-9638-6c30ba709189 - - - - -] mkisofs_cmd = genisoimage log_opt_values /usr/lib/python3/dist-packages/oslo_config/cfg.py:2602
2025-04-10 00:33:55.668 131687 DEBUG oslo_service.service [req-6d51e360-e4a2-4da6-9638-6c30ba709189 - - - - -] my_block_storage_ip = 252.57.236.45 log_opt_values /usr/lib/python3/dist-packages/oslo_config/cfg.py:2602
2025-04-10 00:33:55.669 131687 DEBUG oslo_service.service [req-6d51e360-e4a2-4da6-9638-6c30ba709189 - - - - -] my_ip = 252.57.236.45 log_opt_values /usr/lib/python3/dist-packages/oslo_config/cfg.py:2602
2025-04-10 00:33:55.669 131687 DEBUG oslo_service.service [req-6d51e360-e4a2-4da6-9638-6c30ba709189 - - - - -] network_allocate_retries = 0 log_opt_values /usr/lib/python3/dist-packages/oslo_config/cfg.py:2602
2025-04-10 00:33:55.669 132078 DEBUG nova.service [req-1d306e97-e696-4213-811a-edb91891d531 - - - - -] Creating RPC server for service scheduler start /usr/lib/python3/dist-packages/nova/service.py:182
2025-04-10 00:33:55.669 131687 DEBUG oslo_service.service [req-6d51e360-e4a2-4da6-9638-6c30ba709189 - - - - -] non_inheritable_image_properties = ['cache_in_nova', 'bittorrent'] log_opt_values /usr/lib/python3/dist-packages/oslo_config/cfg.py:2602
2025-04-10 00:33:55.670 131687 DEBUG oslo_service.service [req-6d51e360-e4a2-4da6-9638-6c30ba709189 - - - - -] osapi_compute_listen = 0.0.0.0 log_opt_values /usr/lib/python3/dist-packages/oslo_config/cfg.py:2602
2025-04-10 00:33:55.670 131687 DEBUG oslo_service.service [req-6d51e360-e4a2-4da6-9638-6c30ba709189 - - - - -] osapi_compute_listen_port = 8764 log_opt_values /usr/lib/python3/dist-packages/oslo_config/cfg.py:2602
2025-04-10 00:33:55.670 131687 DEBUG oslo_service.service [req-6d51e360-e4a2-4da6-9638-6c30ba709189 - - - - -] osapi_compute_unique_server_name_scope = log_opt_values /usr/lib/python3/dist-packages/oslo_config/cfg.py:2602
2025-04-10 00:33:55.671 131687 DEBUG oslo_service.service [req-6d51e360-e4a2-4da6-9638-6c30ba709189 - - - - -] osapi_compute_workers = 4 log_opt_values /usr/lib/python3/dist-packages/oslo_config/cfg.py:2602
2025-04-10 00:33:55.671 131687 DEBUG oslo_service.service [req-6d51e360-e4a2-4da6-9638-6c30ba709189 - - - - -] password_length = 12 log_opt_values /usr/lib/python3/dist-packages/oslo_config/cfg.py:2602
2025-04-10 00:33:55.671 131687 DEBUG oslo_service.service [req-6d51e360-e4a2-4da6-9638-6c30ba709189 - - - - -] periodic_enable = True log_opt_values /usr/lib/python3/dist-packages/oslo_config/cfg.py:2602
2025-04-10 00:33:55.671 131687 DEBUG oslo_service.service [req-6d51e360-e4a2-4da6-9638-6c30ba709189 - - - - -] periodic_fuzzy_delay = 60 log_opt_values /usr/lib/python3/dist-packages/oslo_config/cfg.py:2602
2025-04-10 00:33:55.671 131687 DEBUG oslo_service.service [req-6d51e360-e4a2-4da6-9638-6c30ba709189 - - - - -] pointer_model = usbtablet log_opt_values /usr/lib/python3/dist-packages/oslo_config/cfg.py:2602
2025-04-10 00:33:55.671 131687 DEBUG oslo_service.service [req-6d51e360-e4a2-4da6-9638-6c30ba709189 - - - - -] preallocate_images = none log_opt_values /usr/lib/python3/dist-packages/oslo_config/cfg.py:2602
2025-04-10 00:33:55.672 131687 DEBUG oslo_service.service [req-6d51e360-e4a2-4da6-9638-6c30ba709189 - - - - -] publish_errors = False log_opt_values /usr/lib/python3/dist-packages/oslo_config/cfg.py:2602
2025-04-10 00:33:55.672 131687 DEBUG oslo_service.service [req-6d51e360-e4a2-4da6-9638-6c30ba709189 - - - - -] pybasedir = /usr/lib/python3/dist-packages log_opt_values /usr/lib/python3/dist-packages/oslo_config/cfg.py:2602
2025-04-10 00:33:55.672 131687 DEBUG oslo_service.service [req-6d51e360-e4a2-4da6-9638-6c30ba709189 - - - - -] ram_allocation_ratio = 0.98 log_opt_values /usr/lib/python3/dist-packages/oslo_config/cfg.py:2602
2025-04-10 00:33:55.672 131687 DEBUG oslo_service.service [req-6d51e360-e4a2-4da6-9638-6c30ba709189 - - - - -] rate_limit_burst = 0 log_opt_values /usr/lib/python3/dist-packages/oslo_config/cfg.py:2602
2025-04-10 00:33:55.673 131687 DEBUG oslo_service.service [req-6d51e360-e4a2-4da6-9638-6c30ba709189 - - - - -] rate_limit_except_level = CRITICAL log_opt_values /usr/lib/python3/dist-packages/oslo_config/cfg.py:2602
2025-04-10 00:33:55.673 131687 DEBUG oslo_service.service [req-6d51e360-e4a2-4da6-9638-6c30ba709189 - - - - -] rate_limit_interval = 0 log_opt_values /usr/lib/python3/dist-packages/oslo_config/cfg.py:2602
2025-04-10 00:33:55.673 131687 DEBUG oslo_service.service [req-6d51e360-e4a2-4da6-9638-6c30ba709189 - - - - -] reboot_timeout = 0 log_opt_values /usr/lib/python3/dist-packages/oslo_config/cfg.py:2602
2025-04-10 00:33:55.673 131687 DEBUG oslo_service.service [req-6d51e360-e4a2-4da6-9638-6c30ba709189 - - - - -] reclaim_instance_interval = 0 log_opt_values /usr/lib/python3/dist-packages/oslo_config/cfg.py:2602
2025-04-10 00:33:55.674 131687 DEBUG oslo_service.service [req-6d51e360-e4a2-4da6-9638-6c30ba709189 - - - - -] record = None log_opt_values /usr/lib/python3/dist-packages/oslo_config/cfg.py:2602
2025-04-10 00:33:55.674 131687 DEBUG oslo_service.service [req-6d51e360-e4a2-4da6-9638-6c30ba709189 - - - - -] report_interval = 10 log_opt_values /usr/lib/python3/dist-packages/oslo_config/cfg.py:2602
2025-04-10 00:33:55.674 131687 DEBUG oslo_service.service [req-6d51e360-e4a2-4da6-9638-6c30ba709189 - - - - -] rescue_timeout = 0 log_opt_values /usr/lib/python3/dist-packages/oslo_config/cfg.py:2602
2025-04-10 00:33:55.674 131687 DEBUG oslo_service.service [req-6d51e360-e4a2-4da6-9638-6c30ba709189 - - - - -] reserved_host_cpus = 0 log_opt_values /usr/lib/python3/dist-packages/oslo_config/cfg.py:2602
2025-04-10 00:33:55.674 131687 DEBUG oslo_service.service [req-6d51e360-e4a2-4da6-9638-6c30ba709189 - - - - -] reserved_host_disk_mb = 0 log_opt_values /usr/lib/python3/dist-packages/oslo_config/cfg.py:2602
2025-04-10 00:33:55.675 131687 DEBUG oslo_service.service [req-6d51e360-e4a2-4da6-9638-6c30ba709189 - - - - -] reserved_host_memory_mb = 512 log_opt_values /usr/lib/python3/dist-packages/oslo_config/cfg.py:2602
2025-04-10 00:33:55.675 131687 DEBUG oslo_service.service [req-6d51e360-e4a2-4da6-9638-6c30ba709189 - - - - -] reserved_huge_pages = None log_opt_values /usr/lib/python3/dist-packages/oslo_config/cfg.py:2602
2025-04-10 00:33:55.675 131687 DEBUG oslo_service.service [req-6d51e360-e4a2-4da6-9638-6c30ba709189 - - - - -] resize_confirm_window = 0 log_opt_values /usr/lib/python3/dist-packages/oslo_config/cfg.py:2602
2025-04-10 00:33:55.675 131687 DEBUG oslo_service.service [req-6d51e360-e4a2-4da6-9638-6c30ba709189 - - - - -] resize_fs_using_block_device = False log_opt_values /usr/lib/python3/dist-packages/oslo_config/cfg.py:2602
2025-04-10 00:33:55.675 131687 DEBUG oslo_service.service [req-6d51e360-e4a2-4da6-9638-6c30ba709189 - - - - -] resume_guests_state_on_host_boot = False log_opt_values /usr/lib/python3/dist-packages/oslo_config/cfg.py:2602
2025-04-10 00:33:55.676 131687 DEBUG oslo_service.service [req-6d51e360-e4a2-4da6-9638-6c30ba709189 - - - - -] rootwrap_config = /etc/nova/rootwrap.conf log_opt_values /usr/lib/python3/dist-packages/oslo_config/cfg.py:2602
2025-04-10 00:33:55.676 131687 DEBUG oslo_service.service [req-6d51e360-e4a2-4da6-9638-6c30ba709189 - - - - -] run_external_periodic_tasks = True log_opt_values /usr/lib/python3/dist-packages/oslo_config/cfg.py:2602
2025-04-10 00:33:55.676 131687 DEBUG oslo_service.service [req-6d51e360-e4a2-4da6-9638-6c30ba709189 - - - - -] running_deleted_instance_action = reap log_opt_values /usr/lib/python3/dist-packages/oslo_config/cfg.py:2602
2025-04-10 00:33:55.677 131687 DEBUG oslo_service.service [req-6d51e360-e4a2-4da6-9638-6c30ba709189 - - - - -] running_deleted_instance_poll_interval = 1800 log_opt_values /usr/lib/python3/dist-packages/oslo_config/cfg.py:2602
2025-04-10 00:33:55.677 131687 DEBUG oslo_service.service [req-6d51e360-e4a2-4da6-9638-6c30ba709189 - - - - -] running_deleted_instance_timeout = 0 log_opt_values /usr/lib/python3/dist-packages/oslo_config/cfg.py:2602
2025-04-10 00:33:55.677 131687 DEBUG oslo_service.service [req-6d51e360-e4a2-4da6-9638-6c30ba709189 - - - - -] scheduler_instance_sync_interval = 120 log_opt_values /usr/lib/python3/dist-packages/oslo_config/cfg.py:2602
2025-04-10 00:33:55.677 132079 DEBUG nova.service [req-aa81bcf0-f2a1-465f-8eb6-a4406572ee60 - - - - -] Creating RPC server for service scheduler start /usr/lib/python3/dist-packages/nova/service.py:182
2025-04-10 00:33:55.677 131687 DEBUG oslo_service.service [req-6d51e360-e4a2-4da6-9638-6c30ba709189 - - - - -] service_down_time = 60 log_opt_values /usr/lib/python3/dist-packages/oslo_config/cfg.py:2602
2025-04-10 00:33:55.677 131687 DEBUG oslo_service.service [req-6d51e360-e4a2-4da6-9638-6c30ba709189 - - - - -] servicegroup_driver = db log_opt_values /usr/lib/python3/dist-packages/oslo_config/cfg.py:2602
2025-04-10 00:33:55.678 131687 DEBUG oslo_service.service [req-6d51e360-e4a2-4da6-9638-6c30ba709189 - - - - -] shelved_offload_time = 0 log_opt_values /usr/lib/python3/dist-packages/oslo_config/cfg.py:2602
2025-04-10 00:33:55.678 131687 DEBUG oslo_service.service [req-6d51e360-e4a2-4da6-9638-6c30ba709189 - - - - -] shelved_poll_interval = 3600 log_opt_values /usr/lib/python3/dist-packages/oslo_config/cfg.py:2602
2025-04-10 00:33:55.678 131687 DEBUG oslo_service.service [req-6d51e360-e4a2-4da6-9638-6c30ba709189 - - - - -] shutdown_timeout = 60 log_opt_values /usr/lib/python3/dist-packages/oslo_config/cfg.py:2602
2025-04-10 00:33:55.678 131687 DEBUG oslo_service.service [req-6d51e360-e4a2-4da6-9638-6c30ba709189 - - - - -] source_is_ipv6 = False log_opt_values /usr/lib/python3/dist-packages/oslo_config/cfg.py:2602
2025-04-10 00:33:55.678 131687 DEBUG oslo_service.service [req-6d51e360-e4a2-4da6-9638-6c30ba709189 - - - - -] ssl_only = False log_opt_values /usr/lib/python3/dist-packages/oslo_config/cfg.py:2602
2025-04-10 00:33:55.679 131687 DEBUG oslo_service.service [req-6d51e360-e4a2-4da6-9638-6c30ba709189 - - - - -] state_path = /var/lib/nova log_opt_values /usr/lib/python3/dist-packages/oslo_config/cfg.py:2602
2025-04-10 00:33:55.679 131687 DEBUG oslo_service.service [req-6d51e360-e4a2-4da6-9638-6c30ba709189 - - - - -] sync_power_state_interval = 600 log_opt_values /usr/lib/python3/dist-packages/oslo_config/cfg.py:2602
2025-04-10 00:33:55.679 131687 DEBUG oslo_service.service [req-6d51e360-e4a2-4da6-9638-6c30ba709189 - - - - -] sync_power_state_pool_size = 1000 log_opt_values /usr/lib/python3/dist-packages/oslo_config/cfg.py:2602
2025-04-10 00:33:55.679 131687 DEBUG oslo_service.service [req-6d51e360-e4a2-4da6-9638-6c30ba709189 - - - - -] syslog_log_facility = LOG_USER log_opt_values /usr/lib/python3/dist-packages/oslo_config/cfg.py:2602
2025-04-10 00:33:55.680 131687 DEBUG oslo_service.service [req-6d51e360-e4a2-4da6-9638-6c30ba709189 - - - - -] tempdir = None log_opt_values /usr/lib/python3/dist-packages/oslo_config/cfg.py:2602
2025-04-10 00:33:55.680 131687 DEBUG oslo_service.service [req-6d51e360-e4a2-4da6-9638-6c30ba709189 - - - - -] timeout_nbd = 10 log_opt_values /usr/lib/python3/dist-packages/oslo_config/cfg.py:2602
2025-04-10 00:33:55.680 131687 DEBUG oslo_service.service [req-6d51e360-e4a2-4da6-9638-6c30ba709189 - - - - -] transport_url = **** log_opt_values /usr/lib/python3/dist-packages/oslo_config/cfg.py:2602
2025-04-10 00:33:55.680 131687 DEBUG oslo_service.service [req-6d51e360-e4a2-4da6-9638-6c30ba709189 - - - - -] update_resources_interval = 0 log_opt_values /usr/lib/python3/dist-packages/oslo_config/cfg.py:2602
2025-04-10 00:33:55.681 131687 DEBUG oslo_service.service [req-6d51e360-e4a2-4da6-9638-6c30ba709189 - - - - -] use_cow_images = True log_opt_values /usr/lib/python3/dist-packages/oslo_config/cfg.py:2602
2025-04-10 00:33:55.681 131687 DEBUG oslo_service.service [req-6d51e360-e4a2-4da6-9638-6c30ba709189 - - - - -] use_eventlog = False log_opt_values /usr/lib/python3/dist-packages/oslo_config/cfg.py:2602
2025-04-10 00:33:55.681 131687 DEBUG oslo_service.service [req-6d51e360-e4a2-4da6-9638-6c30ba709189 - - - - -] use_journal = False log_opt_values /usr/lib/python3/dist-packages/oslo_config/cfg.py:2602
2025-04-10 00:33:55.682 131687 DEBUG oslo_service.service [req-6d51e360-e4a2-4da6-9638-6c30ba709189 - - - - -] use_json = False log_opt_values /usr/lib/python3/dist-packages/oslo_config/cfg.py:2602
2025-04-10 00:33:55.682 131687 DEBUG oslo_service.service [req-6d51e360-e4a2-4da6-9638-6c30ba709189 - - - - -] use_rootwrap_daemon = False log_opt_values /usr/lib/python3/dist-packages/oslo_config/cfg.py:2602
2025-04-10 00:33:55.682 131687 DEBUG oslo_service.service [req-6d51e360-e4a2-4da6-9638-6c30ba709189 - - - - -] use_stderr = False log_opt_values /usr/lib/python3/dist-packages/oslo_config/cfg.py:2602
2025-04-10 00:33:55.682 131687 DEBUG oslo_service.service [req-6d51e360-e4a2-4da6-9638-6c30ba709189 - - - - -] use_syslog = False log_opt_values /usr/lib/python3/dist-packages/oslo_config/cfg.py:2602
