2025-04-10 00:32:12.214 115326 DEBUG oslo_service.service [req-e1414bfe-9812-4a21-80df-837ae1e174c8 - - - - -] ephemeral_storage_encryption.key_size = 512 log_opt_values /usr/lib/python3/dist-packages/oslo_config/cfg.py:2609
2025-04-10 00:32:12.214 115326 WARNING oslo_config.cfg [req-e1414bfe-9812-4a21-80df-837ae1e174c8 - - - - -] Deprecated: Option "api_servers" from group "glance" is deprecated for removal ( Support for image service configuration via standard keystoneauth1 Adapter options was added in the 17.0.0 Queens release. The api_servers option was retained temporarily to allow consumers time to cut over to a real load balancing solution. ). Its value may be silently ignored in the future.
2025-04-10 00:32:12.215 115326 DEBUG oslo_service.service [req-e1414bfe-9812-4a21-80df-837ae1e174c8 - - - - -] glance.api_servers = ['http://252.57.38.4:9292'] log_opt_values /usr/lib/python3/dist-packages/oslo_config/cfg.py:2609
2025-04-10 00:32:12.215 115326 DEBUG oslo_service.service [req-e1414bfe-9812-4a21-80df-837ae1e174c8 - - - - -] glance.cafile = None log_opt_values /usr/lib/python3/dist-packages/oslo_config/cfg.py:2609
2025-04-10 00:32:12.215 115326 DEBUG oslo_service.service [req-e1414bfe-9812-4a21-80df-837ae1e174c8 - - - - -] glance.certfile = None log_opt_values /usr/lib/python3/dist-packages/oslo_config/cfg.py:2609
2025-04-10 00:32:12.215 115326 DEBUG oslo_service.service [req-e1414bfe-9812-4a21-80df-837ae1e174c8 - - - - -] glance.collect_timing = False log_opt_values /usr/lib/python3/dist-packages/oslo_config/cfg.py:2609
2025-04-10 00:32:12.215 115326 DEBUG oslo_service.service [req-e1414bfe-9812-4a21-80df-837ae1e174c8 - - - - -] glance.connect_retries = None log_opt_values /usr/lib/python3/dist-packages/oslo_config/cfg.py:2609
2025-04-10 00:32:12.216 115326 DEBUG oslo_service.service [req-e1414bfe-9812-4a21-80df-837ae1e174c8 - - - - -] glance.connect_retry_delay = None log_opt_values /usr/lib/python3/dist-packages/oslo_config/cfg.py:2609
2025-04-10 00:32:12.216 115326 DEBUG oslo_service.service [req-e1414bfe-9812-4a21-80df-837ae1e174c8 - - - - -] glance.debug = False log_opt_values /usr/lib/python3/dist-packages/oslo_config/cfg.py:2609
2025-04-10 00:32:12.216 115326 DEBUG oslo_service.service [req-e1414bfe-9812-4a21-80df-837ae1e174c8 - - - - -] glance.default_trusted_certificate_ids = [] log_opt_values /usr/lib/python3/dist-packages/oslo_config/cfg.py:2609
2025-04-10 00:32:12.216 115326 DEBUG oslo_service.service [req-e1414bfe-9812-4a21-80df-837ae1e174c8 - - - - -] glance.enable_certificate_validation = False log_opt_values /usr/lib/python3/dist-packages/oslo_config/cfg.py:2609
2025-04-10 00:32:12.216 115326 DEBUG oslo_service.service [req-e1414bfe-9812-4a21-80df-837ae1e174c8 - - - - -] glance.enable_rbd_download = False log_opt_values /usr/lib/python3/dist-packages/oslo_config/cfg.py:2609
2025-04-10 00:32:12.216 115326 DEBUG oslo_service.service [req-e1414bfe-9812-4a21-80df-837ae1e174c8 - - - - -] glance.endpoint_override = None log_opt_values /usr/lib/python3/dist-packages/oslo_config/cfg.py:2609
2025-04-10 00:32:12.217 115326 DEBUG oslo_service.service [req-e1414bfe-9812-4a21-80df-837ae1e174c8 - - - - -] glance.insecure = False log_opt_values /usr/lib/python3/dist-packages/oslo_config/cfg.py:2609
2025-04-10 00:32:12.217 115326 DEBUG oslo_service.service [req-e1414bfe-9812-4a21-80df-837ae1e174c8 - - - - -] glance.keyfile = None log_opt_values /usr/lib/python3/dist-packages/oslo_config/cfg.py:2609
2025-04-10 00:32:12.217 115326 DEBUG oslo_service.service [req-e1414bfe-9812-4a21-80df-837ae1e174c8 - - - - -] glance.max_version = None log_opt_values /usr/lib/python3/dist-packages/oslo_config/cfg.py:2609
2025-04-10 00:32:12.217 115326 DEBUG oslo_service.service [req-e1414bfe-9812-4a21-80df-837ae1e174c8 - - - - -] glance.min_version = None log_opt_values /usr/lib/python3/dist-packages/oslo_config/cfg.py:2609
2025-04-10 00:32:12.217 115326 DEBUG oslo_service.service [req-e1414bfe-9812-4a21-80df-837ae1e174c8 - - - - -] glance.num_retries = 3 log_opt_values /usr/lib/python3/dist-packages/oslo_config/cfg.py:2609
2025-04-10 00:32:12.217 115326 DEBUG oslo_service.service [req-e1414bfe-9812-4a21-80df-837ae1e174c8 - - - - -] glance.rbd_ceph_conf = log_opt_values /usr/lib/python3/dist-packages/oslo_config/cfg.py:2609
2025-04-10 00:32:12.218 115326 DEBUG oslo_service.service [req-e1414bfe-9812-4a21-80df-837ae1e174c8 - - - - -] glance.rbd_connect_timeout = 5 log_opt_values /usr/lib/python3/dist-packages/oslo_config/cfg.py:2609
2025-04-10 00:32:12.218 115326 DEBUG oslo_service.service [req-e1414bfe-9812-4a21-80df-837ae1e174c8 - - - - -] glance.rbd_pool = log_opt_values /usr/lib/python3/dist-packages/oslo_config/cfg.py:2609
2025-04-10 00:32:12.218 115326 DEBUG oslo_service.service [req-e1414bfe-9812-4a21-80df-837ae1e174c8 - - - - -] glance.rbd_user = log_opt_values /usr/lib/python3/dist-packages/oslo_config/cfg.py:2609
2025-04-10 00:32:12.218 115326 DEBUG oslo_service.service [req-e1414bfe-9812-4a21-80df-837ae1e174c8 - - - - -] glance.region_name = None log_opt_values /usr/lib/python3/dist-packages/oslo_config/cfg.py:2609
2025-04-10 00:32:12.218 115326 DEBUG oslo_service.service [req-e1414bfe-9812-4a21-80df-837ae1e174c8 - - - - -] glance.service_name = None log_opt_values /usr/lib/python3/dist-packages/oslo_config/cfg.py:2609
2025-04-10 00:32:12.218 115326 DEBUG oslo_service.service [req-e1414bfe-9812-4a21-80df-837ae1e174c8 - - - - -] glance.service_type = image log_opt_values /usr/lib/python3/dist-packages/oslo_config/cfg.py:2609
2025-04-10 00:32:12.219 115326 DEBUG oslo_service.service [req-e1414bfe-9812-4a21-80df-837ae1e174c8 - - - - -] glance.split_loggers = False log_opt_values /usr/lib/python3/dist-packages/oslo_config/cfg.py:2609
2025-04-10 00:32:12.219 115326 DEBUG oslo_service.service [req-e1414bfe-9812-4a21-80df-837ae1e174c8 - - - - -] glance.status_code_retries = None log_opt_values /usr/lib/python3/dist-packages/oslo_config/cfg.py:2609
2025-04-10 00:32:12.219 115326 DEBUG oslo_service.service [req-e1414bfe-9812-4a21-80df-837ae1e174c8 - - - - -] glance.status_code_retry_delay = None log_opt_values /usr/lib/python3/dist-packages/oslo_config/cfg.py:2609
2025-04-10 00:32:12.219 115326 DEBUG oslo_service.service [req-e1414bfe-9812-4a21-80df-837ae1e174c8 - - - - -] glance.timeout = None log_opt_values /usr/lib/python3/dist-packages/oslo_config/cfg.py:2609
2025-04-10 00:32:12.219 115326 DEBUG oslo_service.service [req-e1414bfe-9812-4a21-80df-837ae1e174c8 - - - - -] glance.valid_interfaces = ['internal', 'public'] log_opt_values /usr/lib/python3/dist-packages/oslo_config/cfg.py:2609
2025-04-10 00:32:12.219 115326 DEBUG oslo_service.service [req-e1414bfe-9812-4a21-80df-837ae1e174c8 - - - - -] glance.verify_glance_signatures = False log_opt_values /usr/lib/python3/dist-packages/oslo_config/cfg.py:2609
2025-04-10 00:32:12.220 115326 DEBUG oslo_service.service [req-e1414bfe-9812-4a21-80df-837ae1e174c8 - - - - -] glance.version = None log_opt_values /usr/lib/python3/dist-packages/oslo_config/cfg.py:2609
2025-04-10 00:32:12.220 115326 DEBUG oslo_service.service [req-e1414bfe-9812-4a21-80df-837ae1e174c8 - - - - -] guestfs.debug = False log_opt_values /usr/lib/python3/dist-packages/oslo_config/cfg.py:2609
2025-04-10 00:32:12.220 115326 DEBUG oslo_service.service [req-e1414bfe-9812-4a21-80df-837ae1e174c8 - - - - -] hyperv.config_drive_cdrom = False log_opt_values /usr/lib/python3/dist-packages/oslo_config/cfg.py:2609
2025-04-10 00:32:12.220 115326 DEBUG oslo_service.service [req-e1414bfe-9812-4a21-80df-837ae1e174c8 - - - - -] hyperv.config_drive_inject_password = False log_opt_values /usr/lib/python3/dist-packages/oslo_config/cfg.py:2609
2025-04-10 00:32:12.220 116848 DEBUG oslo_messaging._drivers.amqpdriver [-] Listener is running poll /usr/lib/python3/dist-packages/oslo_messaging/_drivers/amqpdriver.py:343
2025-04-10 00:32:12.220 115326 DEBUG oslo_service.service [req-e1414bfe-9812-4a21-80df-837ae1e174c8 - - - - -] hyperv.dynamic_memory_ratio = 1.0 log_opt_values /usr/lib/python3/dist-packages/oslo_config/cfg.py:2609
2025-04-10 00:32:12.220 116848 DEBUG oslo_messaging._drivers.amqpdriver [-] AMQPListener connection consume poll /usr/lib/python3/dist-packages/oslo_messaging/_drivers/amqpdriver.py:357
2025-04-10 00:32:12.220 115326 DEBUG oslo_service.service [req-e1414bfe-9812-4a21-80df-837ae1e174c8 - - - - -] hyperv.enable_instance_metrics_collection = False log_opt_values /usr/lib/python3/dist-packages/oslo_config/cfg.py:2609
2025-04-10 00:32:12.221 115326 DEBUG oslo_service.service [req-e1414bfe-9812-4a21-80df-837ae1e174c8 - - - - -] hyperv.enable_remotefx = False log_opt_values /usr/lib/python3/dist-packages/oslo_config/cfg.py:2609
2025-04-10 00:32:12.221 115326 DEBUG oslo_service.service [req-e1414bfe-9812-4a21-80df-837ae1e174c8 - - - - -] hyperv.instances_path_share = log_opt_values /usr/lib/python3/dist-packages/oslo_config/cfg.py:2609
2025-04-10 00:32:12.221 115326 DEBUG oslo_service.service [req-e1414bfe-9812-4a21-80df-837ae1e174c8 - - - - -] hyperv.iscsi_initiator_list = [] log_opt_values /usr/lib/python3/dist-packages/oslo_config/cfg.py:2609
2025-04-10 00:32:12.221 116848 DEBUG nova.service [req-b0653142-56f4-4b71-b206-c01cc43a7272 - - - - -] Join ServiceGroup membership for this service scheduler start /usr/lib/python3/dist-packages/nova/service.py:199
2025-04-10 00:32:12.221 116844 DEBUG oslo_messaging._drivers.amqpdriver [-] Listener is running poll /usr/lib/python3/dist-packages/oslo_messaging/_drivers/amqpdriver.py:343
2025-04-10 00:32:12.221 115326 DEBUG oslo_service.service [req-e1414bfe-9812-4a21-80df-837ae1e174c8 - - - - -] hyperv.limit_cpu_features = False log_opt_values /usr/lib/python3/dist-packages/oslo_config/cfg.py:2609
2025-04-10 00:32:12.221 116844 DEBUG oslo_messaging._drivers.amqpdriver [-] AMQPListener connection consume poll /usr/lib/python3/dist-packages/oslo_messaging/_drivers/amqpdriver.py:357
2025-04-10 00:32:12.221 116845 DEBUG oslo_messaging._drivers.amqpdriver [-] Listener is running poll /usr/lib/python3/dist-packages/oslo_messaging/_drivers/amqpdriver.py:343
2025-04-10 00:32:12.221 115326 DEBUG oslo_service.service [req-e1414bfe-9812-4a21-80df-837ae1e174c8 - - - - -] hyperv.mounted_disk_query_retry_count = 10 log_opt_values /usr/lib/python3/dist-packages/oslo_config/cfg.py:2609
2025-04-10 00:32:12.221 116848 DEBUG nova.servicegroup.drivers.db [req-b0653142-56f4-4b71-b206-c01cc43a7272 - - - - -] DB_Driver: join new ServiceGroup member juju-7b022b-0-lxd-7 to the scheduler group, service = join /usr/lib/python3/dist-packages/nova/servicegroup/drivers/db.py:44
2025-04-10 00:32:12.222 116845 DEBUG oslo_messaging._drivers.amqpdriver [-] AMQPListener connection consume poll /usr/lib/python3/dist-packages/oslo_messaging/_drivers/amqpdriver.py:357
2025-04-10 00:32:12.222 115326 DEBUG oslo_service.service [req-e1414bfe-9812-4a21-80df-837ae1e174c8 - - - - -] hyperv.mounted_disk_query_retry_interval = 5 log_opt_values /usr/lib/python3/dist-packages/oslo_config/cfg.py:2609
2025-04-10 00:32:12.222 115326 DEBUG oslo_service.service [req-e1414bfe-9812-4a21-80df-837ae1e174c8 - - - - -] hyperv.power_state_check_timeframe = 60 log_opt_values /usr/lib/python3/dist-packages/oslo_config/cfg.py:2609
2025-04-10 00:32:12.222 115326 DEBUG oslo_service.service [req-e1414bfe-9812-4a21-80df-837ae1e174c8 - - - - -] hyperv.power_state_event_polling_interval = 2 log_opt_values /usr/lib/python3/dist-packages/oslo_config/cfg.py:2609
2025-04-10 00:32:12.222 115326 DEBUG oslo_service.service [req-e1414bfe-9812-4a21-80df-837ae1e174c8 - - - - -] hyperv.qemu_img_cmd = qemu-img.exe log_opt_values /usr/lib/python3/dist-packages/oslo_config/cfg.py:2609
2025-04-10 00:32:12.221 116846 DEBUG oslo_messaging._drivers.amqpdriver [-] Listener is running poll /usr/lib/python3/dist-packages/oslo_messaging/_drivers/amqpdriver.py:343
2025-04-10 00:32:12.222 115326 DEBUG oslo_service.service [req-e1414bfe-9812-4a21-80df-837ae1e174c8 - - - - -] hyperv.use_multipath_io = False log_opt_values /usr/lib/python3/dist-packages/oslo_config/cfg.py:2609
2025-04-10 00:32:12.222 116846 DEBUG oslo_messaging._drivers.amqpdriver [-] AMQPListener connection consume poll /usr/lib/python3/dist-packages/oslo_messaging/_drivers/amqpdriver.py:357
2025-04-10 00:32:12.222 116845 DEBUG nova.service [req-97c1e76e-d0c1-4b22-872b-8b48a2b996bb - - - - -] Join ServiceGroup membership for this service scheduler start /usr/lib/python3/dist-packages/nova/service.py:199
2025-04-10 00:32:12.222 115326 DEBUG oslo_service.service [req-e1414bfe-9812-4a21-80df-837ae1e174c8 - - - - -] hyperv.volume_attach_retry_count = 10 log_opt_values /usr/lib/python3/dist-packages/oslo_config/cfg.py:2609
2025-04-10 00:32:12.223 115326 DEBUG oslo_service.service [req-e1414bfe-9812-4a21-80df-837ae1e174c8 - - - - -] hyperv.volume_attach_retry_interval = 5 log_opt_values /usr/lib/python3/dist-packages/oslo_config/cfg.py:2609
2025-04-10 00:32:12.223 115326 DEBUG oslo_service.service [req-e1414bfe-9812-4a21-80df-837ae1e174c8 - - - - -] hyperv.vswitch_name = None log_opt_values /usr/lib/python3/dist-packages/oslo_config/cfg.py:2609
2025-04-10 00:32:12.222 116845 DEBUG nova.servicegroup.drivers.db [req-97c1e76e-d0c1-4b22-872b-8b48a2b996bb - - - - -] DB_Driver: join new ServiceGroup member juju-7b022b-0-lxd-7 to the scheduler group, service = join /usr/lib/python3/dist-packages/nova/servicegroup/drivers/db.py:44
2025-04-10 00:32:12.223 115326 DEBUG oslo_service.service [req-e1414bfe-9812-4a21-80df-837ae1e174c8 - - - - -] hyperv.wait_soft_reboot_seconds = 60 log_opt_values /usr/lib/python3/dist-packages/oslo_config/cfg.py:2609
2025-04-10 00:32:12.223 115326 DEBUG oslo_service.service [req-e1414bfe-9812-4a21-80df-837ae1e174c8 - - - - -] mks.enabled = False log_opt_values /usr/lib/python3/dist-packages/oslo_config/cfg.py:2609
2025-04-10 00:32:12.224 115326 DEBUG oslo_service.service [req-e1414bfe-9812-4a21-80df-837ae1e174c8 - - - - -] mks.mksproxy_base_url = http://127.0.0.1:6090/ log_opt_values /usr/lib/python3/dist-packages/oslo_config/cfg.py:2609
2025-04-10 00:32:12.224 116845 DEBUG oslo_service.periodic_task [req-8a6e15ba-5a20-4251-85cd-5bd9ea6fe1ff - - - - -] Running periodic task SchedulerManager._discover_hosts_in_cells run_periodic_tasks /usr/lib/python3/dist-packages/oslo_service/periodic_task.py:210
2025-04-10 00:32:12.224 115326 DEBUG oslo_service.service [req-e1414bfe-9812-4a21-80df-837ae1e174c8 - - - - -] image_cache.manager_interval = 2400 log_opt_values /usr/lib/python3/dist-packages/oslo_config/cfg.py:2609
2025-04-10 00:32:12.224 115326 DEBUG oslo_service.service [req-e1414bfe-9812-4a21-80df-837ae1e174c8 - - - - -] image_cache.precache_concurrency = 1 log_opt_values /usr/lib/python3/dist-packages/oslo_config/cfg.py:2609
2025-04-10 00:32:12.224 116844 DEBUG nova.service [req-24c38f53-e95a-4b25-a98e-ba76c619bb40 - - - - -] Join ServiceGroup membership for this service scheduler start /usr/lib/python3/dist-packages/nova/service.py:199
2025-04-10 00:32:12.224 115326 DEBUG oslo_service.service [req-e1414bfe-9812-4a21-80df-837ae1e174c8 - - - - -] image_cache.remove_unused_base_images = True log_opt_values /usr/lib/python3/dist-packages/oslo_config/cfg.py:2609
2025-04-10 00:32:12.224 115326 DEBUG oslo_service.service [req-e1414bfe-9812-4a21-80df-837ae1e174c8 - - - - -] image_cache.remove_unused_original_minimum_age_seconds = 86400 log_opt_values /usr/lib/python3/dist-packages/oslo_config/cfg.py:2609
2025-04-10 00:32:12.224 116844 DEBUG nova.servicegroup.drivers.db [req-24c38f53-e95a-4b25-a98e-ba76c619bb40 - - - - -] DB_Driver: join new ServiceGroup member juju-7b022b-0-lxd-7 to the scheduler group, service = join /usr/lib/python3/dist-packages/nova/servicegroup/drivers/db.py:44
2025-04-10 00:32:12.225 116848 DEBUG oslo_messaging._drivers.amqpdriver [-] AMQPListener connection timeout poll /usr/lib/python3/dist-packages/oslo_messaging/_drivers/amqpdriver.py:360
2025-04-10 00:32:12.225 115326 DEBUG oslo_service.service [req-e1414bfe-9812-4a21-80df-837ae1e174c8 - - - - -] image_cache.remove_unused_resized_minimum_age_seconds = 3600 log_opt_values /usr/lib/python3/dist-packages/oslo_config/cfg.py:2609
2025-04-10 00:32:12.225 116848 DEBUG oslo_messaging._drivers.amqpdriver [-] Listener is running poll /usr/lib/python3/dist-packages/oslo_messaging/_drivers/amqpdriver.py:343
2025-04-10 00:32:12.225 115326 DEBUG oslo_service.service [req-e1414bfe-9812-4a21-80df-837ae1e174c8 - - - - -] image_cache.subdirectory_name = _base log_opt_values /usr/lib/python3/dist-packages/oslo_config/cfg.py:2609
2025-04-10 00:32:12.225 115326 DEBUG oslo_service.service [req-e1414bfe-9812-4a21-80df-837ae1e174c8 - - - - -] ironic.api_max_retries = 60 log_opt_values /usr/lib/python3/dist-packages/oslo_config/cfg.py:2609
2025-04-10 00:32:12.225 116848 DEBUG oslo_messaging._drivers.amqpdriver [-] AMQPListener connection consume poll /usr/lib/python3/dist-packages/oslo_messaging/_drivers/amqpdriver.py:357
2025-04-10 00:32:12.225 116846 DEBUG nova.service [req-83a7fd13-7163-4e7e-9f42-e8671e1d6beb - - - - -] Join ServiceGroup membership for this service scheduler start /usr/lib/python3/dist-packages/nova/service.py:199
2025-04-10 00:32:12.225 115326 DEBUG oslo_service.service [req-e1414bfe-9812-4a21-80df-837ae1e174c8 - - - - -] ironic.api_retry_interval = 2 log_opt_values /usr/lib/python3/dist-packages/oslo_config/cfg.py:2609
2025-04-10 00:32:12.225 115326 DEBUG oslo_service.service [req-e1414bfe-9812-4a21-80df-837ae1e174c8 - - - - -] ironic.auth_section = None log_opt_values /usr/lib/python3/dist-packages/oslo_config/cfg.py:2609
2025-04-10 00:32:12.225 116846 DEBUG nova.servicegroup.drivers.db [req-83a7fd13-7163-4e7e-9f42-e8671e1d6beb - - - - -] DB_Driver: join new ServiceGroup member juju-7b022b-0-lxd-7 to the scheduler group, service = join /usr/lib/python3/dist-packages/nova/servicegroup/drivers/db.py:44
2025-04-10 00:32:12.225 115326 DEBUG oslo_service.service [req-e1414bfe-9812-4a21-80df-837ae1e174c8 - - - - -] ironic.auth_type = None log_opt_values /usr/lib/python3/dist-packages/oslo_config/cfg.py:2609
2025-04-10 00:32:12.225 116845 DEBUG oslo_db.sqlalchemy.engines [req-8a6e15ba-5a20-4251-85cd-5bd9ea6fe1ff - - - - -] Parent process 115326 forked (116845) with an open database connection, which is being discarded and recreated. checkout /usr/lib/python3/dist-packages/oslo_db/sqlalchemy/engines.py:413
2025-04-10 00:32:12.226 115326 DEBUG oslo_service.service [req-e1414bfe-9812-4a21-80df-837ae1e174c8 - - - - -] ironic.cafile = None log_opt_values /usr/lib/python3/dist-packages/oslo_config/cfg.py:2609
2025-04-10 00:32:12.226 115326 DEBUG oslo_service.service [req-e1414bfe-9812-4a21-80df-837ae1e174c8 - - - - -] ironic.certfile = None log_opt_values /usr/lib/python3/dist-packages/oslo_config/cfg.py:2609
2025-04-10 00:32:12.226 115326 DEBUG oslo_service.service [req-e1414bfe-9812-4a21-80df-837ae1e174c8 - - - - -] ironic.collect_timing = False log_opt_values /usr/lib/python3/dist-packages/oslo_config/cfg.py:2609
2025-04-10 00:32:12.226 116844 DEBUG oslo_messaging._drivers.amqpdriver [-] AMQPListener connection timeout poll /usr/lib/python3/dist-packages/oslo_messaging/_drivers/amqpdriver.py:360
2025-04-10 00:32:12.226 115326 DEBUG oslo_service.service [req-e1414bfe-9812-4a21-80df-837ae1e174c8 - - - - -] ironic.connect_retries = None log_opt_values /usr/lib/python3/dist-packages/oslo_config/cfg.py:2609
2025-04-10 00:32:12.226 115326 DEBUG oslo_service.service [req-e1414bfe-9812-4a21-80df-837ae1e174c8 - - - - -] ironic.connect_retry_delay = None log_opt_values /usr/lib/python3/dist-packages/oslo_config/cfg.py:2609
2025-04-10 00:32:12.226 116844 DEBUG oslo_messaging._drivers.amqpdriver [-] Listener is running poll /usr/lib/python3/dist-packages/oslo_messaging/_drivers/amqpdriver.py:343
2025-04-10 00:32:12.226 115326 DEBUG oslo_service.service [req-e1414bfe-9812-4a21-80df-837ae1e174c8 - - - - -] ironic.endpoint_override = None log_opt_values /usr/lib/python3/dist-packages/oslo_config/cfg.py:2609
2025-04-10 00:32:12.227 116844 DEBUG oslo_messaging._drivers.amqpdriver [-] AMQPListener connection consume poll /usr/lib/python3/dist-packages/oslo_messaging/_drivers/amqpdriver.py:357
2025-04-10 00:32:12.227 115326 DEBUG oslo_service.service [req-e1414bfe-9812-4a21-80df-837ae1e174c8 - - - - -] ironic.insecure = False log_opt_values /usr/lib/python3/dist-packages/oslo_config/cfg.py:2609
2025-04-10 00:32:12.227 115326 DEBUG oslo_service.service [req-e1414bfe-9812-4a21-80df-837ae1e174c8 - - - - -] ironic.keyfile = None log_opt_values /usr/lib/python3/dist-packages/oslo_config/cfg.py:2609
2025-04-10 00:32:12.227 115326 DEBUG oslo_service.service [req-e1414bfe-9812-4a21-80df-837ae1e174c8 - - - - -] ironic.max_version = None log_opt_values /usr/lib/python3/dist-packages/oslo_config/cfg.py:2609
2025-04-10 00:32:12.227 116846 DEBUG oslo_messaging._drivers.amqpdriver [-] AMQPListener connection timeout poll /usr/lib/python3/dist-packages/oslo_messaging/_drivers/amqpdriver.py:360
2025-04-10 00:32:12.227 115326 DEBUG oslo_service.service [req-e1414bfe-9812-4a21-80df-837ae1e174c8 - - - - -] ironic.min_version = None log_opt_values /usr/lib/python3/dist-packages/oslo_config/cfg.py:2609
2025-04-10 00:32:12.227 116846 DEBUG oslo_messaging._drivers.amqpdriver [-] Listener is running poll /usr/lib/python3/dist-packages/oslo_messaging/_drivers/amqpdriver.py:343
2025-04-10 00:32:12.227 116846 DEBUG oslo_messaging._drivers.amqpdriver [-] AMQPListener connection consume poll /usr/lib/python3/dist-packages/oslo_messaging/_drivers/amqpdriver.py:357
2025-04-10 00:32:12.227 115326 DEBUG oslo_service.service [req-e1414bfe-9812-4a21-80df-837ae1e174c8 - - - - -] ironic.partition_key = None log_opt_values /usr/lib/python3/dist-packages/oslo_config/cfg.py:2609
2025-04-10 00:32:12.227 115326 DEBUG oslo_service.service [req-e1414bfe-9812-4a21-80df-837ae1e174c8 - - - - -] ironic.peer_list = [] log_opt_values /usr/lib/python3/dist-packages/oslo_config/cfg.py:2609
2025-04-10 00:32:12.228 115326 DEBUG oslo_service.service [req-e1414bfe-9812-4a21-80df-837ae1e174c8 - - - - -] ironic.region_name = None log_opt_values /usr/lib/python3/dist-packages/oslo_config/cfg.py:2609
2025-04-10 00:32:12.228 115326 DEBUG oslo_service.service [req-e1414bfe-9812-4a21-80df-837ae1e174c8 - - - - -] ironic.serial_console_state_timeout = 10 log_opt_values /usr/lib/python3/dist-packages/oslo_config/cfg.py:2609
2025-04-10 00:32:12.228 115326 DEBUG oslo_service.service [req-e1414bfe-9812-4a21-80df-837ae1e174c8 - - - - -] ironic.service_name = None log_opt_values /usr/lib/python3/dist-packages/oslo_config/cfg.py:2609
2025-04-10 00:32:12.228 115326 DEBUG oslo_service.service [req-e1414bfe-9812-4a21-80df-837ae1e174c8 - - - - -] ironic.service_type = baremetal log_opt_values /usr/lib/python3/dist-packages/oslo_config/cfg.py:2609
2025-04-10 00:32:12.228 116845 DEBUG oslo_messaging._drivers.amqpdriver [-] AMQPListener connection timeout poll /usr/lib/python3/dist-packages/oslo_messaging/_drivers/amqpdriver.py:360
2025-04-10 00:32:12.228 116845 DEBUG oslo_messaging._drivers.amqpdriver [-] Listener is running poll /usr/lib/python3/dist-packages/oslo_messaging/_drivers/amqpdriver.py:343
2025-04-10 00:32:12.228 115326 DEBUG oslo_service.service [req-e1414bfe-9812-4a21-80df-837ae1e174c8 - - - - -] ironic.split_loggers = False log_opt_values /usr/lib/python3/dist-packages/oslo_config/cfg.py:2609
2025-04-10 00:32:12.228 116845 DEBUG oslo_messaging._drivers.amqpdriver [-] AMQPListener connection consume poll /usr/lib/python3/dist-packages/oslo_messaging/_drivers/amqpdriver.py:357
2025-04-10 00:32:12.228 115326 DEBUG oslo_service.service [req-e1414bfe-9812-4a21-80df-837ae1e174c8 - - - - -] ironic.status_code_retries = None log_opt_values /usr/lib/python3/dist-packages/oslo_config/cfg.py:2609
2025-04-10 00:32:12.229 115326 DEBUG oslo_service.service [req-e1414bfe-9812-4a21-80df-837ae1e174c8 - - - - -] ironic.status_code_retry_delay = None log_opt_values /usr/lib/python3/dist-packages/oslo_config/cfg.py:2609
2025-04-10 00:32:12.229 115326 DEBUG oslo_service.service [req-e1414bfe-9812-4a21-80df-837ae1e174c8 - - - - -] ironic.timeout = None log_opt_values /usr/lib/python3/dist-packages/oslo_config/cfg.py:2609
2025-04-10 00:32:12.229 115326 DEBUG oslo_service.service [req-e1414bfe-9812-4a21-80df-837ae1e174c8 - - - - -] ironic.valid_interfaces = ['internal', 'public'] log_opt_values /usr/lib/python3/dist-packages/oslo_config/cfg.py:2609
2025-04-10 00:32:12.229 115326 DEBUG oslo_service.service [req-e1414bfe-9812-4a21-80df-837ae1e174c8 - - - - -] ironic.version = None log_opt_values /usr/lib/python3/dist-packages/oslo_config/cfg.py:2609
2025-04-10 00:32:12.229 115326 DEBUG oslo_service.service [req-e1414bfe-9812-4a21-80df-837ae1e174c8 - - - - -] key_manager.backend = barbican log_opt_values /usr/lib/python3/dist-packages/oslo_config/cfg.py:2609
2025-04-10 00:32:12.229 115326 DEBUG oslo_service.service [req-e1414bfe-9812-4a21-80df-837ae1e174c8 - - - - -] key_manager.fixed_key = **** log_opt_values /usr/lib/python3/dist-packages/oslo_config/cfg.py:2609
2025-04-10 00:32:12.230 115326 DEBUG oslo_service.service [req-e1414bfe-9812-4a21-80df-837ae1e174c8 - - - - -] barbican.auth_endpoint = http://localhost/identity/v3 log_opt_values /usr/lib/python3/dist-packages/oslo_config/cfg.py:2609
2025-04-10 00:32:12.230 115326 DEBUG oslo_service.service [req-e1414bfe-9812-4a21-80df-837ae1e174c8 - - - - -] barbican.barbican_api_version = None log_opt_values /usr/lib/python3/dist-packages/oslo_config/cfg.py:2609
2025-04-10 00:32:12.230 115326 DEBUG oslo_service.service [req-e1414bfe-9812-4a21-80df-837ae1e174c8 - - - - -] barbican.barbican_endpoint = None log_opt_values /usr/lib/python3/dist-packages/oslo_config/cfg.py:2609
2025-04-10 00:32:12.230 115326 DEBUG oslo_service.service [req-e1414bfe-9812-4a21-80df-837ae1e174c8 - - - - -] barbican.barbican_endpoint_type = public log_opt_values /usr/lib/python3/dist-packages/oslo_config/cfg.py:2609
2025-04-10 00:32:12.230 115326 DEBUG oslo_service.service [req-e1414bfe-9812-4a21-80df-837ae1e174c8 - - - - -] barbican.barbican_region_name = None log_opt_values /usr/lib/python3/dist-packages/oslo_config/cfg.py:2609
2025-04-10 00:32:12.230 115326 DEBUG oslo_service.service [req-e1414bfe-9812-4a21-80df-837ae1e174c8 - - - - -] barbican.cafile = None log_opt_values /usr/lib/python3/dist-packages/oslo_config/cfg.py:2609
2025-04-10 00:32:12.231 115326 DEBUG oslo_service.service [req-e1414bfe-9812-4a21-80df-837ae1e174c8 - - - - -] barbican.certfile = None log_opt_values /usr/lib/python3/dist-packages/oslo_config/cfg.py:2609
2025-04-10 00:32:12.231 115326 DEBUG oslo_service.service [req-e1414bfe-9812-4a21-80df-837ae1e174c8 - - - - -] barbican.collect_timing = False log_opt_values /usr/lib/python3/dist-packages/oslo_config/cfg.py:2609
2025-04-10 00:32:12.231 115326 DEBUG oslo_service.service [req-e1414bfe-9812-4a21-80df-837ae1e174c8 - - - - -] barbican.insecure = False log_opt_values /usr/lib/python3/dist-packages/oslo_config/cfg.py:2609
2025-04-10 00:32:12.231 115326 DEBUG oslo_service.service [req-e1414bfe-9812-4a21-80df-837ae1e174c8 - - - - -] barbican.keyfile = None log_opt_values /usr/lib/python3/dist-packages/oslo_config/cfg.py:2609
2025-04-10 00:32:12.231 115326 DEBUG oslo_service.service [req-e1414bfe-9812-4a21-80df-837ae1e174c8 - - - - -] barbican.number_of_retries = 60 log_opt_values /usr/lib/python3/dist-packages/oslo_config/cfg.py:2609
2025-04-10 00:32:12.232 115326 DEBUG oslo_service.service [req-e1414bfe-9812-4a21-80df-837ae1e174c8 - - - - -] barbican.retry_delay = 1 log_opt_values /usr/lib/python3/dist-packages/oslo_config/cfg.py:2609
2025-04-10 00:32:12.232 116845 DEBUG oslo_concurrency.lockutils [req-8a6e15ba-5a20-4251-85cd-5bd9ea6fe1ff - - - - -] Lock "45ecc8f2-57a6-477b-80fe-f171c0ec61b5" acquired by "nova.context.set_target_cell..get_or_set_cached_cell_and_set_connections" :: waited 0.000s inner /usr/lib/python3/dist-packages/oslo_concurrency/lockutils.py:386
2025-04-10 00:32:12.232 115326 DEBUG oslo_service.service [req-e1414bfe-9812-4a21-80df-837ae1e174c8 - - - - -] barbican.send_service_user_token = False log_opt_values /usr/lib/python3/dist-packages/oslo_config/cfg.py:2609
2025-04-10 00:32:12.232 115326 DEBUG oslo_service.service [req-e1414bfe-9812-4a21-80df-837ae1e174c8 - - - - -] barbican.split_loggers = False log_opt_values /usr/lib/python3/dist-packages/oslo_config/cfg.py:2609
2025-04-10 00:32:12.232 115326 DEBUG oslo_service.service [req-e1414bfe-9812-4a21-80df-837ae1e174c8 - - - - -] barbican.timeout = None log_opt_values /usr/lib/python3/dist-packages/oslo_config/cfg.py:2609
2025-04-10 00:32:12.232 115326 DEBUG oslo_service.service [req-e1414bfe-9812-4a21-80df-837ae1e174c8 - - - - -] barbican.verify_ssl = True log_opt_values /usr/lib/python3/dist-packages/oslo_config/cfg.py:2609
2025-04-10 00:32:12.232 115326 DEBUG oslo_service.service [req-e1414bfe-9812-4a21-80df-837ae1e174c8 - - - - -] barbican.verify_ssl_path = None log_opt_values /usr/lib/python3/dist-packages/oslo_config/cfg.py:2609
2025-04-10 00:32:12.233 115326 DEBUG oslo_service.service [req-e1414bfe-9812-4a21-80df-837ae1e174c8 - - - - -] barbican_service_user.auth_section = None log_opt_values /usr/lib/python3/dist-packages/oslo_config/cfg.py:2609
2025-04-10 00:32:12.233 115326 DEBUG oslo_service.service [req-e1414bfe-9812-4a21-80df-837ae1e174c8 - - - - -] barbican_service_user.auth_type = None log_opt_values /usr/lib/python3/dist-packages/oslo_config/cfg.py:2609
2025-04-10 00:32:12.233 115326 DEBUG oslo_service.service [req-e1414bfe-9812-4a21-80df-837ae1e174c8 - - - - -] barbican_service_user.cafile = None log_opt_values /usr/lib/python3/dist-packages/oslo_config/cfg.py:2609
2025-04-10 00:32:12.233 115326 DEBUG oslo_service.service [req-e1414bfe-9812-4a21-80df-837ae1e174c8 - - - - -] barbican_service_user.certfile = None log_opt_values /usr/lib/python3/dist-packages/oslo_config/cfg.py:2609
2025-04-10 00:32:12.233 115326 DEBUG oslo_service.service [req-e1414bfe-9812-4a21-80df-837ae1e174c8 - - - - -] barbican_service_user.collect_timing = False log_opt_values /usr/lib/python3/dist-packages/oslo_config/cfg.py:2609
2025-04-10 00:32:12.233 116845 DEBUG oslo_concurrency.lockutils [req-8a6e15ba-5a20-4251-85cd-5bd9ea6fe1ff - - - - -] Lock "45ecc8f2-57a6-477b-80fe-f171c0ec61b5" "released" by "nova.context.set_target_cell..get_or_set_cached_cell_and_set_connections" :: held 0.001s inner /usr/lib/python3/dist-packages/oslo_concurrency/lockutils.py:400
2025-04-10 00:32:12.233 115326 DEBUG oslo_service.service [req-e1414bfe-9812-4a21-80df-837ae1e174c8 - - - - -] barbican_service_user.insecure = False log_opt_values /usr/lib/python3/dist-packages/oslo_config/cfg.py:2609
2025-04-10 00:32:12.234 115326 DEBUG oslo_service.service [req-e1414bfe-9812-4a21-80df-837ae1e174c8 - - - - -] barbican_service_user.keyfile = None log_opt_values /usr/lib/python3/dist-packages/oslo_config/cfg.py:2609
2025-04-10 00:32:12.234 115326 DEBUG oslo_service.service [req-e1414bfe-9812-4a21-80df-837ae1e174c8 - - - - -] barbican_service_user.split_loggers = False log_opt_values /usr/lib/python3/dist-packages/oslo_config/cfg.py:2609
2025-04-10 00:32:12.234 115326 DEBUG oslo_service.service [req-e1414bfe-9812-4a21-80df-837ae1e174c8 - - - - -] barbican_service_user.timeout = None log_opt_values /usr/lib/python3/dist-packages/oslo_config/cfg.py:2609
2025-04-10 00:32:12.234 115326 DEBUG oslo_service.service [req-e1414bfe-9812-4a21-80df-837ae1e174c8 - - - - -] vault.approle_role_id = None log_opt_values /usr/lib/python3/dist-packages/oslo_config/cfg.py:2609
2025-04-10 00:32:12.234 115326 DEBUG oslo_service.service [req-e1414bfe-9812-4a21-80df-837ae1e174c8 - - - - -] vault.approle_secret_id = None log_opt_values /usr/lib/python3/dist-packages/oslo_config/cfg.py:2609
2025-04-10 00:32:12.234 115326 DEBUG oslo_service.service [req-e1414bfe-9812-4a21-80df-837ae1e174c8 - - - - -] vault.cafile = None log_opt_values /usr/lib/python3/dist-packages/oslo_config/cfg.py:2609
2025-04-10 00:32:12.235 115326 DEBUG oslo_service.service [req-e1414bfe-9812-4a21-80df-837ae1e174c8 - - - - -] vault.certfile = None log_opt_values /usr/lib/python3/dist-packages/oslo_config/cfg.py:2609
2025-04-10 00:32:12.235 115326 DEBUG oslo_service.service [req-e1414bfe-9812-4a21-80df-837ae1e174c8 - - - - -] vault.collect_timing = False log_opt_values /usr/lib/python3/dist-packages/oslo_config/cfg.py:2609
2025-04-10 00:32:12.235 115326 DEBUG oslo_service.service [req-e1414bfe-9812-4a21-80df-837ae1e174c8 - - - - -] vault.insecure = False log_opt_values /usr/lib/python3/dist-packages/oslo_config/cfg.py:2609
2025-04-10 00:32:12.235 115326 DEBUG oslo_service.service [req-e1414bfe-9812-4a21-80df-837ae1e174c8 - - - - -] vault.keyfile = None log_opt_values /usr/lib/python3/dist-packages/oslo_config/cfg.py:2609
2025-04-10 00:32:12.235 115326 DEBUG oslo_service.service [req-e1414bfe-9812-4a21-80df-837ae1e174c8 - - - - -] vault.kv_mountpoint = secret log_opt_values /usr/lib/python3/dist-packages/oslo_config/cfg.py:2609
2025-04-10 00:32:12.235 115326 DEBUG oslo_service.service [req-e1414bfe-9812-4a21-80df-837ae1e174c8 - - - - -] vault.kv_version = 2 log_opt_values /usr/lib/python3/dist-packages/oslo_config/cfg.py:2609
2025-04-10 00:32:12.236 115326 DEBUG oslo_service.service [req-e1414bfe-9812-4a21-80df-837ae1e174c8 - - - - -] vault.namespace = None log_opt_values /usr/lib/python3/dist-packages/oslo_config/cfg.py:2609
2025-04-10 00:32:12.236 115326 DEBUG oslo_service.service [req-e1414bfe-9812-4a21-80df-837ae1e174c8 - - - - -] vault.root_token_id = None log_opt_values /usr/lib/python3/dist-packages/oslo_config/cfg.py:2609
2025-04-10 00:32:12.236 115326 DEBUG oslo_service.service [req-e1414bfe-9812-4a21-80df-837ae1e174c8 - - - - -] vault.split_loggers = False log_opt_values /usr/lib/python3/dist-packages/oslo_config/cfg.py:2609
2025-04-10 00:32:12.236 115326 DEBUG oslo_service.service [req-e1414bfe-9812-4a21-80df-837ae1e174c8 - - - - -] vault.ssl_ca_crt_file = None log_opt_values /usr/lib/python3/dist-packages/oslo_config/cfg.py:2609
2025-04-10 00:32:12.236 115326 DEBUG oslo_service.service [req-e1414bfe-9812-4a21-80df-837ae1e174c8 - - - - -] vault.timeout = None log_opt_values /usr/lib/python3/dist-packages/oslo_config/cfg.py:2609
2025-04-10 00:32:12.236 115326 DEBUG oslo_service.service [req-e1414bfe-9812-4a21-80df-837ae1e174c8 - - - - -] vault.use_ssl = False log_opt_values /usr/lib/python3/dist-packages/oslo_config/cfg.py:2609
2025-04-10 00:32:12.237 115326 DEBUG oslo_service.service [req-e1414bfe-9812-4a21-80df-837ae1e174c8 - - - - -] vault.vault_url = http://127.0.0.1:8200 log_opt_values /usr/lib/python3/dist-packages/oslo_config/cfg.py:2609
2025-04-10 00:32:12.237 115326 DEBUG oslo_service.service [req-e1414bfe-9812-4a21-80df-837ae1e174c8 - - - - -] keystone.cafile = None log_opt_values /usr/lib/python3/dist-packages/oslo_config/cfg.py:2609
2025-04-10 00:32:12.237 115326 DEBUG oslo_service.service [req-e1414bfe-9812-4a21-80df-837ae1e174c8 - - - - -] keystone.certfile = None log_opt_values /usr/lib/python3/dist-packages/oslo_config/cfg.py:2609
2025-04-10 00:32:12.237 115326 DEBUG oslo_service.service [req-e1414bfe-9812-4a21-80df-837ae1e174c8 - - - - -] keystone.collect_timing = False log_opt_values /usr/lib/python3/dist-packages/oslo_config/cfg.py:2609
2025-04-10 00:32:12.237 115326 DEBUG oslo_service.service [req-e1414bfe-9812-4a21-80df-837ae1e174c8 - - - - -] keystone.connect_retries = None log_opt_values /usr/lib/python3/dist-packages/oslo_config/cfg.py:2609
2025-04-10 00:32:12.238 115326 DEBUG oslo_service.service [req-e1414bfe-9812-4a21-80df-837ae1e174c8 - - - - -] keystone.connect_retry_delay = None log_opt_values /usr/lib/python3/dist-packages/oslo_config/cfg.py:2609
2025-04-10 00:32:12.238 115326 DEBUG oslo_service.service [req-e1414bfe-9812-4a21-80df-837ae1e174c8 - - - - -] keystone.endpoint_override = None log_opt_values /usr/lib/python3/dist-packages/oslo_config/cfg.py:2609
2025-04-10 00:32:12.238 115326 DEBUG oslo_service.service [req-e1414bfe-9812-4a21-80df-837ae1e174c8 - - - - -] keystone.insecure = False log_opt_values /usr/lib/python3/dist-packages/oslo_config/cfg.py:2609
2025-04-10 00:32:12.238 115326 DEBUG oslo_service.service [req-e1414bfe-9812-4a21-80df-837ae1e174c8 - - - - -] keystone.keyfile = None log_opt_values /usr/lib/python3/dist-packages/oslo_config/cfg.py:2609
2025-04-10 00:32:12.238 115326 DEBUG oslo_service.service [req-e1414bfe-9812-4a21-80df-837ae1e174c8 - - - - -] keystone.max_version = None log_opt_values /usr/lib/python3/dist-packages/oslo_config/cfg.py:2609
2025-04-10 00:32:12.238 115326 DEBUG oslo_service.service [req-e1414bfe-9812-4a21-80df-837ae1e174c8 - - - - -] keystone.min_version = None log_opt_values /usr/lib/python3/dist-packages/oslo_config/cfg.py:2609
2025-04-10 00:32:12.239 115326 DEBUG oslo_service.service [req-e1414bfe-9812-4a21-80df-837ae1e174c8 - - - - -] keystone.region_name = None log_opt_values /usr/lib/python3/dist-packages/oslo_config/cfg.py:2609
2025-04-10 00:32:12.239 115326 DEBUG oslo_service.service [req-e1414bfe-9812-4a21-80df-837ae1e174c8 - - - - -] keystone.service_name = None log_opt_values /usr/lib/python3/dist-packages/oslo_config/cfg.py:2609
2025-04-10 00:32:12.240 115326 DEBUG oslo_service.service [req-e1414bfe-9812-4a21-80df-837ae1e174c8 - - - - -] keystone.service_type = identity log_opt_values /usr/lib/python3/dist-packages/oslo_config/cfg.py:2609
2025-04-10 00:32:12.240 115326 DEBUG oslo_service.service [req-e1414bfe-9812-4a21-80df-837ae1e174c8 - - - - -] keystone.split_loggers = False log_opt_values /usr/lib/python3/dist-packages/oslo_config/cfg.py:2609
2025-04-10 00:32:12.240 115326 DEBUG oslo_service.service [req-e1414bfe-9812-4a21-80df-837ae1e174c8 - - - - -] keystone.status_code_retries = None log_opt_values /usr/lib/python3/dist-packages/oslo_config/cfg.py:2609
2025-04-10 00:32:12.240 115326 DEBUG oslo_service.service [req-e1414bfe-9812-4a21-80df-837ae1e174c8 - - - - -] keystone.status_code_retry_delay = None log_opt_values /usr/lib/python3/dist-packages/oslo_config/cfg.py:2609
2025-04-10 00:32:12.239 116845 DEBUG oslo_db.sqlalchemy.engines [req-8a6e15ba-5a20-4251-85cd-5bd9ea6fe1ff - - - - -] MySQL server mode set to STRICT_TRANS_TABLES,STRICT_ALL_TABLES,NO_ZERO_IN_DATE,NO_ZERO_DATE,ERROR_FOR_DIVISION_BY_ZERO,TRADITIONAL,NO_ENGINE_SUBSTITUTION _check_effective_sql_mode /usr/lib/python3/dist-packages/oslo_db/sqlalchemy/engines.py:314
2025-04-10 00:32:12.241 115326 DEBUG oslo_service.service [req-e1414bfe-9812-4a21-80df-837ae1e174c8 - - - - -] keystone.timeout = None log_opt_values /usr/lib/python3/dist-packages/oslo_config/cfg.py:2609
2025-04-10 00:32:12.241 115326 DEBUG oslo_service.service [req-e1414bfe-9812-4a21-80df-837ae1e174c8 - - - - -] keystone.valid_interfaces = ['internal', 'public'] log_opt_values /usr/lib/python3/dist-packages/oslo_config/cfg.py:2609
2025-04-10 00:32:12.241 115326 DEBUG oslo_service.service [req-e1414bfe-9812-4a21-80df-837ae1e174c8 - - - - -] keystone.version = None log_opt_values /usr/lib/python3/dist-packages/oslo_config/cfg.py:2609
2025-04-10 00:32:12.242 115326 DEBUG oslo_service.service [req-e1414bfe-9812-4a21-80df-837ae1e174c8 - - - - -] libvirt.connection_uri = log_opt_values /usr/lib/python3/dist-packages/oslo_config/cfg.py:2609
2025-04-10 00:32:12.242 115326 DEBUG oslo_service.service [req-e1414bfe-9812-4a21-80df-837ae1e174c8 - - - - -] libvirt.cpu_mode = None log_opt_values /usr/lib/python3/dist-packages/oslo_config/cfg.py:2609
2025-04-10 00:32:12.242 115326 DEBUG oslo_service.service [req-e1414bfe-9812-4a21-80df-837ae1e174c8 - - - - -] libvirt.cpu_model_extra_flags = [] log_opt_values /usr/lib/python3/dist-packages/oslo_config/cfg.py:2609
2025-04-10 00:32:12.242 115326 DEBUG oslo_service.service [req-e1414bfe-9812-4a21-80df-837ae1e174c8 - - - - -] libvirt.cpu_models = [] log_opt_values /usr/lib/python3/dist-packages/oslo_config/cfg.py:2609
2025-04-10 00:32:12.242 115326 DEBUG oslo_service.service [req-e1414bfe-9812-4a21-80df-837ae1e174c8 - - - - -] libvirt.device_detach_attempts = 8 log_opt_values /usr/lib/python3/dist-packages/oslo_config/cfg.py:2609
2025-04-10 00:32:12.242 115326 DEBUG oslo_service.service [req-e1414bfe-9812-4a21-80df-837ae1e174c8 - - - - -] libvirt.device_detach_timeout = 20 log_opt_values /usr/lib/python3/dist-packages/oslo_config/cfg.py:2609
2025-04-10 00:32:12.243 115326 DEBUG oslo_service.service [req-e1414bfe-9812-4a21-80df-837ae1e174c8 - - - - -] libvirt.disk_cachemodes = [] log_opt_values /usr/lib/python3/dist-packages/oslo_config/cfg.py:2609
2025-04-10 00:32:12.243 115326 DEBUG oslo_service.service [req-e1414bfe-9812-4a21-80df-837ae1e174c8 - - - - -] libvirt.disk_prefix = None log_opt_values /usr/lib/python3/dist-packages/oslo_config/cfg.py:2609
2025-04-10 00:32:12.244 115326 DEBUG oslo_service.service [req-e1414bfe-9812-4a21-80df-837ae1e174c8 - - - - -] libvirt.enabled_perf_events = [] log_opt_values /usr/lib/python3/dist-packages/oslo_config/cfg.py:2609
2025-04-10 00:32:12.244 115326 DEBUG oslo_service.service [req-e1414bfe-9812-4a21-80df-837ae1e174c8 - - - - -] libvirt.file_backed_memory = 0 log_opt_values /usr/lib/python3/dist-packages/oslo_config/cfg.py:2609
2025-04-10 00:32:12.244 115326 DEBUG oslo_service.service [req-e1414bfe-9812-4a21-80df-837ae1e174c8 - - - - -] libvirt.gid_maps = [] log_opt_values /usr/lib/python3/dist-packages/oslo_config/cfg.py:2609
2025-04-10 00:32:12.245 115326 DEBUG oslo_service.service [req-e1414bfe-9812-4a21-80df-837ae1e174c8 - - - - -] libvirt.hw_disk_discard = None log_opt_values /usr/lib/python3/dist-packages/oslo_config/cfg.py:2609
2025-04-10 00:32:12.245 115326 DEBUG oslo_service.service [req-e1414bfe-9812-4a21-80df-837ae1e174c8 - - - - -] libvirt.hw_machine_type = None log_opt_values /usr/lib/python3/dist-packages/oslo_config/cfg.py:2609
2025-04-10 00:32:12.245 115326 DEBUG oslo_service.service [req-e1414bfe-9812-4a21-80df-837ae1e174c8 - - - - -] libvirt.images_rbd_ceph_conf = log_opt_values /usr/lib/python3/dist-packages/oslo_config/cfg.py:2609
2025-04-10 00:32:12.245 115326 DEBUG oslo_service.service [req-e1414bfe-9812-4a21-80df-837ae1e174c8 - - - - -] libvirt.images_rbd_glance_copy_poll_interval = 15 log_opt_values /usr/lib/python3/dist-packages/oslo_config/cfg.py:2609
2025-04-10 00:32:12.245 115326 DEBUG oslo_service.service [req-e1414bfe-9812-4a21-80df-837ae1e174c8 - - - - -] libvirt.images_rbd_glance_copy_timeout = 600 log_opt_values /usr/lib/python3/dist-packages/oslo_config/cfg.py:2609
2025-04-10 00:32:12.245 115326 DEBUG oslo_service.service [req-e1414bfe-9812-4a21-80df-837ae1e174c8 - - - - -] libvirt.images_rbd_glance_store_name = log_opt_values /usr/lib/python3/dist-packages/oslo_config/cfg.py:2609
2025-04-10 00:32:12.246 115326 DEBUG oslo_service.service [req-e1414bfe-9812-4a21-80df-837ae1e174c8 - - - - -] libvirt.images_rbd_pool = rbd log_opt_values /usr/lib/python3/dist-packages/oslo_config/cfg.py:2609
2025-04-10 00:32:12.246 115326 DEBUG oslo_service.service [req-e1414bfe-9812-4a21-80df-837ae1e174c8 - - - - -] libvirt.images_type = default log_opt_values /usr/lib/python3/dist-packages/oslo_config/cfg.py:2609
2025-04-10 00:32:12.246 115326 DEBUG oslo_service.service [req-e1414bfe-9812-4a21-80df-837ae1e174c8 - - - - -] libvirt.images_volume_group = None log_opt_values /usr/lib/python3/dist-packages/oslo_config/cfg.py:2609
2025-04-10 00:32:12.246 115326 DEBUG oslo_service.service [req-e1414bfe-9812-4a21-80df-837ae1e174c8 - - - - -] libvirt.inject_key = False log_opt_values /usr/lib/python3/dist-packages/oslo_config/cfg.py:2609
2025-04-10 00:32:12.246 115326 DEBUG oslo_service.service [req-e1414bfe-9812-4a21-80df-837ae1e174c8 - - - - -] libvirt.inject_partition = -2 log_opt_values /usr/lib/python3/dist-packages/oslo_config/cfg.py:2609
2025-04-10 00:32:12.246 115326 DEBUG oslo_service.service [req-e1414bfe-9812-4a21-80df-837ae1e174c8 - - - - -] libvirt.inject_password = False log_opt_values /usr/lib/python3/dist-packages/oslo_config/cfg.py:2609
2025-04-10 00:32:12.247 115326 DEBUG oslo_service.service [req-e1414bfe-9812-4a21-80df-837ae1e174c8 - - - - -] libvirt.iscsi_iface = None log_opt_values /usr/lib/python3/dist-packages/oslo_config/cfg.py:2609
2025-04-10 00:32:12.247 115326 DEBUG oslo_service.service [req-e1414bfe-9812-4a21-80df-837ae1e174c8 - - - - -] libvirt.iser_use_multipath = False log_opt_values /usr/lib/python3/dist-packages/oslo_config/cfg.py:2609
2025-04-10 00:32:12.247 115326 DEBUG oslo_service.service [req-e1414bfe-9812-4a21-80df-837ae1e174c8 - - - - -] libvirt.live_migration_bandwidth = 0 log_opt_values /usr/lib/python3/dist-packages/oslo_config/cfg.py:2609
2025-04-10 00:32:12.248 115326 DEBUG oslo_service.service [req-e1414bfe-9812-4a21-80df-837ae1e174c8 - - - - -] libvirt.live_migration_completion_timeout = 800 log_opt_values /usr/lib/python3/dist-packages/oslo_config/cfg.py:2609
2025-04-10 00:32:12.248 115326 DEBUG oslo_service.service [req-e1414bfe-9812-4a21-80df-837ae1e174c8 - - - - -] libvirt.live_migration_downtime = 500 log_opt_values /usr/lib/python3/dist-packages/oslo_config/cfg.py:2609
2025-04-10 00:32:12.248 115326 DEBUG oslo_service.service [req-e1414bfe-9812-4a21-80df-837ae1e174c8 - - - - -] libvirt.live_migration_downtime_delay = 75 log_opt_values /usr/lib/python3/dist-packages/oslo_config/cfg.py:2609
2025-04-10 00:32:12.248 115326 DEBUG oslo_service.service [req-e1414bfe-9812-4a21-80df-837ae1e174c8 - - - - -] libvirt.live_migration_downtime_steps = 10 log_opt_values /usr/lib/python3/dist-packages/oslo_config/cfg.py:2609
2025-04-10 00:32:12.249 115326 DEBUG oslo_service.service [req-e1414bfe-9812-4a21-80df-837ae1e174c8 - - - - -] libvirt.live_migration_inbound_addr = None log_opt_values /usr/lib/python3/dist-packages/oslo_config/cfg.py:2609
2025-04-10 00:32:12.249 115326 DEBUG oslo_service.service [req-e1414bfe-9812-4a21-80df-837ae1e174c8 - - - - -] libvirt.live_migration_permit_auto_converge = False log_opt_values /usr/lib/python3/dist-packages/oslo_config/cfg.py:2609
2025-04-10 00:32:12.249 115326 DEBUG oslo_service.service [req-e1414bfe-9812-4a21-80df-837ae1e174c8 - - - - -] libvirt.live_migration_permit_post_copy = False log_opt_values /usr/lib/python3/dist-packages/oslo_config/cfg.py:2609
2025-04-10 00:32:12.249 115326 DEBUG oslo_service.service [req-e1414bfe-9812-4a21-80df-837ae1e174c8 - - - - -] libvirt.live_migration_scheme = None log_opt_values /usr/lib/python3/dist-packages/oslo_config/cfg.py:2609
2025-04-10 00:32:12.250 115326 DEBUG oslo_service.service [req-e1414bfe-9812-4a21-80df-837ae1e174c8 - - - - -] libvirt.live_migration_timeout_action = abort log_opt_values /usr/lib/python3/dist-packages/oslo_config/cfg.py:2609
2025-04-10 00:32:12.250 115326 DEBUG oslo_service.service [req-e1414bfe-9812-4a21-80df-837ae1e174c8 - - - - -] libvirt.live_migration_tunnelled = False log_opt_values /usr/lib/python3/dist-packages/oslo_config/cfg.py:2609
2025-04-10 00:32:12.251 115326 DEBUG oslo_service.service [req-e1414bfe-9812-4a21-80df-837ae1e174c8 - - - - -] libvirt.live_migration_uri = None log_opt_values /usr/lib/python3/dist-packages/oslo_config/cfg.py:2609
2025-04-10 00:32:12.251 115326 DEBUG oslo_service.service [req-e1414bfe-9812-4a21-80df-837ae1e174c8 - - - - -] libvirt.live_migration_with_native_tls = False log_opt_values /usr/lib/python3/dist-packages/oslo_config/cfg.py:2609
2025-04-10 00:32:12.251 115326 DEBUG oslo_service.service [req-e1414bfe-9812-4a21-80df-837ae1e174c8 - - - - -] libvirt.max_queues = None log_opt_values /usr/lib/python3/dist-packages/oslo_config/cfg.py:2609
2025-04-10 00:32:12.251 115326 DEBUG oslo_service.service [req-e1414bfe-9812-4a21-80df-837ae1e174c8 - - - - -] libvirt.mem_stats_period_seconds = 10 log_opt_values /usr/lib/python3/dist-packages/oslo_config/cfg.py:2609
2025-04-10 00:32:12.251 115326 DEBUG oslo_service.service [req-e1414bfe-9812-4a21-80df-837ae1e174c8 - - - - -] libvirt.nfs_mount_options = None log_opt_values /usr/lib/python3/dist-packages/oslo_config/cfg.py:2609
2025-04-10 00:32:12.252 115326 DEBUG oslo_service.service [req-e1414bfe-9812-4a21-80df-837ae1e174c8 - - - - -] libvirt.nfs_mount_point_base = /var/lib/nova/mnt log_opt_values /usr/lib/python3/dist-packages/oslo_config/cfg.py:2609
2025-04-10 00:32:12.252 115326 DEBUG oslo_service.service [req-e1414bfe-9812-4a21-80df-837ae1e174c8 - - - - -] libvirt.num_aoe_discover_tries = 3 log_opt_values /usr/lib/python3/dist-packages/oslo_config/cfg.py:2609
2025-04-10 00:32:12.252 115326 DEBUG oslo_service.service [req-e1414bfe-9812-4a21-80df-837ae1e174c8 - - - - -] libvirt.num_iser_scan_tries = 5 log_opt_values /usr/lib/python3/dist-packages/oslo_config/cfg.py:2609
2025-04-10 00:32:12.252 115326 DEBUG oslo_service.service [req-e1414bfe-9812-4a21-80df-837ae1e174c8 - - - - -] libvirt.num_memory_encrypted_guests = None log_opt_values /usr/lib/python3/dist-packages/oslo_config/cfg.py:2609
2025-04-10 00:32:12.252 115326 DEBUG oslo_service.service [req-e1414bfe-9812-4a21-80df-837ae1e174c8 - - - - -] libvirt.num_nvme_discover_tries = 5 log_opt_values /usr/lib/python3/dist-packages/oslo_config/cfg.py:2609
2025-04-10 00:32:12.253 115326 DEBUG oslo_service.service [req-e1414bfe-9812-4a21-80df-837ae1e174c8 - - - - -] libvirt.num_pcie_ports = 0 log_opt_values /usr/lib/python3/dist-packages/oslo_config/cfg.py:2609
2025-04-10 00:32:12.254 115326 DEBUG oslo_service.service [req-e1414bfe-9812-4a21-80df-837ae1e174c8 - - - - -] libvirt.num_volume_scan_tries = 5 log_opt_values /usr/lib/python3/dist-packages/oslo_config/cfg.py:2609
2025-04-10 00:32:12.254 115326 DEBUG oslo_service.service [req-e1414bfe-9812-4a21-80df-837ae1e174c8 - - - - -] libvirt.pmem_namespaces = [] log_opt_values /usr/lib/python3/dist-packages/oslo_config/cfg.py:2609
2025-04-10 00:32:12.254 115326 DEBUG oslo_service.service [req-e1414bfe-9812-4a21-80df-837ae1e174c8 - - - - -] libvirt.quobyte_client_cfg = None log_opt_values /usr/lib/python3/dist-packages/oslo_config/cfg.py:2609
