2025-04-10 00:33:25.494 120958 DEBUG oslo_service.service [req-3743224c-7458-402a-8ed4-b1064dac0614 - - - - -] compute.vmdk_allowed_types = ['streamOptimized', 'monolithicSparse'] log_opt_values /usr/lib/python3/dist-packages/oslo_config/cfg.py:2609
2025-04-10 00:33:25.495 120958 DEBUG oslo_service.service [req-3743224c-7458-402a-8ed4-b1064dac0614 - - - - -] conductor.workers = 4 log_opt_values /usr/lib/python3/dist-packages/oslo_config/cfg.py:2609
2025-04-10 00:33:25.495 120958 DEBUG oslo_service.service [req-3743224c-7458-402a-8ed4-b1064dac0614 - - - - -] console.allowed_origins = [] log_opt_values /usr/lib/python3/dist-packages/oslo_config/cfg.py:2609
2025-04-10 00:33:25.495 120958 DEBUG oslo_service.service [req-3743224c-7458-402a-8ed4-b1064dac0614 - - - - -] console.ssl_ciphers = None log_opt_values /usr/lib/python3/dist-packages/oslo_config/cfg.py:2609
2025-04-10 00:33:25.495 120958 DEBUG oslo_service.service [req-3743224c-7458-402a-8ed4-b1064dac0614 - - - - -] console.ssl_minimum_version = default log_opt_values /usr/lib/python3/dist-packages/oslo_config/cfg.py:2609
2025-04-10 00:33:25.495 120958 DEBUG oslo_service.service [req-3743224c-7458-402a-8ed4-b1064dac0614 - - - - -] consoleauth.token_ttl = 600 log_opt_values /usr/lib/python3/dist-packages/oslo_config/cfg.py:2609
2025-04-10 00:33:25.496 120958 DEBUG oslo_service.service [req-3743224c-7458-402a-8ed4-b1064dac0614 - - - - -] cyborg.cafile = None log_opt_values /usr/lib/python3/dist-packages/oslo_config/cfg.py:2609
2025-04-10 00:33:25.496 120958 DEBUG oslo_service.service [req-3743224c-7458-402a-8ed4-b1064dac0614 - - - - -] cyborg.certfile = None log_opt_values /usr/lib/python3/dist-packages/oslo_config/cfg.py:2609
2025-04-10 00:33:25.496 120958 DEBUG oslo_service.service [req-3743224c-7458-402a-8ed4-b1064dac0614 - - - - -] cyborg.collect_timing = False log_opt_values /usr/lib/python3/dist-packages/oslo_config/cfg.py:2609
2025-04-10 00:33:25.496 120958 DEBUG oslo_service.service [req-3743224c-7458-402a-8ed4-b1064dac0614 - - - - -] cyborg.connect_retries = None log_opt_values /usr/lib/python3/dist-packages/oslo_config/cfg.py:2609
2025-04-10 00:33:25.497 120958 DEBUG oslo_service.service [req-3743224c-7458-402a-8ed4-b1064dac0614 - - - - -] cyborg.connect_retry_delay = None log_opt_values /usr/lib/python3/dist-packages/oslo_config/cfg.py:2609
2025-04-10 00:33:25.497 120958 DEBUG oslo_service.service [req-3743224c-7458-402a-8ed4-b1064dac0614 - - - - -] cyborg.endpoint_override = None log_opt_values /usr/lib/python3/dist-packages/oslo_config/cfg.py:2609
2025-04-10 00:33:25.497 120958 DEBUG oslo_service.service [req-3743224c-7458-402a-8ed4-b1064dac0614 - - - - -] cyborg.insecure = False log_opt_values /usr/lib/python3/dist-packages/oslo_config/cfg.py:2609
2025-04-10 00:33:25.497 120958 DEBUG oslo_service.service [req-3743224c-7458-402a-8ed4-b1064dac0614 - - - - -] cyborg.keyfile = None log_opt_values /usr/lib/python3/dist-packages/oslo_config/cfg.py:2609
2025-04-10 00:33:25.498 120958 DEBUG oslo_service.service [req-3743224c-7458-402a-8ed4-b1064dac0614 - - - - -] cyborg.max_version = None log_opt_values /usr/lib/python3/dist-packages/oslo_config/cfg.py:2609
2025-04-10 00:33:25.498 120958 DEBUG oslo_service.service [req-3743224c-7458-402a-8ed4-b1064dac0614 - - - - -] cyborg.min_version = None log_opt_values /usr/lib/python3/dist-packages/oslo_config/cfg.py:2609
2025-04-10 00:33:25.498 120958 DEBUG oslo_service.service [req-3743224c-7458-402a-8ed4-b1064dac0614 - - - - -] cyborg.region_name = None log_opt_values /usr/lib/python3/dist-packages/oslo_config/cfg.py:2609
2025-04-10 00:33:25.498 120958 DEBUG oslo_service.service [req-3743224c-7458-402a-8ed4-b1064dac0614 - - - - -] cyborg.service_name = None log_opt_values /usr/lib/python3/dist-packages/oslo_config/cfg.py:2609
2025-04-10 00:33:25.498 120958 DEBUG oslo_service.service [req-3743224c-7458-402a-8ed4-b1064dac0614 - - - - -] cyborg.service_type = accelerator log_opt_values /usr/lib/python3/dist-packages/oslo_config/cfg.py:2609
2025-04-10 00:33:25.499 120958 DEBUG oslo_service.service [req-3743224c-7458-402a-8ed4-b1064dac0614 - - - - -] cyborg.split_loggers = False log_opt_values /usr/lib/python3/dist-packages/oslo_config/cfg.py:2609
2025-04-10 00:33:25.499 120958 DEBUG oslo_service.service [req-3743224c-7458-402a-8ed4-b1064dac0614 - - - - -] cyborg.status_code_retries = None log_opt_values /usr/lib/python3/dist-packages/oslo_config/cfg.py:2609
2025-04-10 00:33:25.499 120958 DEBUG oslo_service.service [req-3743224c-7458-402a-8ed4-b1064dac0614 - - - - -] cyborg.status_code_retry_delay = None log_opt_values /usr/lib/python3/dist-packages/oslo_config/cfg.py:2609
2025-04-10 00:33:25.499 120958 DEBUG oslo_service.service [req-3743224c-7458-402a-8ed4-b1064dac0614 - - - - -] cyborg.timeout = None log_opt_values /usr/lib/python3/dist-packages/oslo_config/cfg.py:2609
2025-04-10 00:33:25.499 120958 DEBUG oslo_service.service [req-3743224c-7458-402a-8ed4-b1064dac0614 - - - - -] cyborg.valid_interfaces = ['internal', 'public'] log_opt_values /usr/lib/python3/dist-packages/oslo_config/cfg.py:2609
2025-04-10 00:33:25.500 120958 DEBUG oslo_service.service [req-3743224c-7458-402a-8ed4-b1064dac0614 - - - - -] cyborg.version = None log_opt_values /usr/lib/python3/dist-packages/oslo_config/cfg.py:2609
2025-04-10 00:33:25.500 120958 DEBUG oslo_service.service [req-3743224c-7458-402a-8ed4-b1064dac0614 - - - - -] database.backend = sqlalchemy log_opt_values /usr/lib/python3/dist-packages/oslo_config/cfg.py:2609
2025-04-10 00:33:25.500 120958 DEBUG oslo_service.service [req-3743224c-7458-402a-8ed4-b1064dac0614 - - - - -] database.connection = **** log_opt_values /usr/lib/python3/dist-packages/oslo_config/cfg.py:2609
2025-04-10 00:33:25.500 120958 DEBUG oslo_service.service [req-3743224c-7458-402a-8ed4-b1064dac0614 - - - - -] database.connection_debug = 0 log_opt_values /usr/lib/python3/dist-packages/oslo_config/cfg.py:2609
2025-04-10 00:33:25.500 120958 DEBUG oslo_service.service [req-3743224c-7458-402a-8ed4-b1064dac0614 - - - - -] database.connection_parameters = log_opt_values /usr/lib/python3/dist-packages/oslo_config/cfg.py:2609
2025-04-10 00:33:25.501 120958 DEBUG oslo_service.service [req-3743224c-7458-402a-8ed4-b1064dac0614 - - - - -] database.connection_recycle_time = 3600 log_opt_values /usr/lib/python3/dist-packages/oslo_config/cfg.py:2609
2025-04-10 00:33:25.501 120958 DEBUG oslo_service.service [req-3743224c-7458-402a-8ed4-b1064dac0614 - - - - -] database.connection_trace = False log_opt_values /usr/lib/python3/dist-packages/oslo_config/cfg.py:2609
2025-04-10 00:33:25.501 120958 DEBUG oslo_service.service [req-3743224c-7458-402a-8ed4-b1064dac0614 - - - - -] database.db_inc_retry_interval = True log_opt_values /usr/lib/python3/dist-packages/oslo_config/cfg.py:2609
2025-04-10 00:33:25.501 120958 DEBUG oslo_service.service [req-3743224c-7458-402a-8ed4-b1064dac0614 - - - - -] database.db_max_retries = 20 log_opt_values /usr/lib/python3/dist-packages/oslo_config/cfg.py:2609
2025-04-10 00:33:25.501 120958 DEBUG oslo_service.service [req-3743224c-7458-402a-8ed4-b1064dac0614 - - - - -] database.db_max_retry_interval = 10 log_opt_values /usr/lib/python3/dist-packages/oslo_config/cfg.py:2609
2025-04-10 00:33:25.501 120958 DEBUG oslo_service.service [req-3743224c-7458-402a-8ed4-b1064dac0614 - - - - -] database.db_retry_interval = 1 log_opt_values /usr/lib/python3/dist-packages/oslo_config/cfg.py:2609
2025-04-10 00:33:25.502 120958 DEBUG oslo_service.service [req-3743224c-7458-402a-8ed4-b1064dac0614 - - - - -] database.max_overflow = 50 log_opt_values /usr/lib/python3/dist-packages/oslo_config/cfg.py:2609
2025-04-10 00:33:25.502 120958 DEBUG oslo_service.service [req-3743224c-7458-402a-8ed4-b1064dac0614 - - - - -] database.max_pool_size = 4 log_opt_values /usr/lib/python3/dist-packages/oslo_config/cfg.py:2609
2025-04-10 00:33:25.502 120958 DEBUG oslo_service.service [req-3743224c-7458-402a-8ed4-b1064dac0614 - - - - -] database.max_retries = 10 log_opt_values /usr/lib/python3/dist-packages/oslo_config/cfg.py:2609
2025-04-10 00:33:25.502 120958 DEBUG oslo_service.service [req-3743224c-7458-402a-8ed4-b1064dac0614 - - - - -] database.mysql_enable_ndb = False log_opt_values /usr/lib/python3/dist-packages/oslo_config/cfg.py:2609
2025-04-10 00:33:25.502 120958 DEBUG oslo_service.service [req-3743224c-7458-402a-8ed4-b1064dac0614 - - - - -] database.mysql_sql_mode = TRADITIONAL log_opt_values /usr/lib/python3/dist-packages/oslo_config/cfg.py:2609
2025-04-10 00:33:25.503 120958 DEBUG oslo_service.service [req-3743224c-7458-402a-8ed4-b1064dac0614 - - - - -] database.pool_timeout = None log_opt_values /usr/lib/python3/dist-packages/oslo_config/cfg.py:2609
2025-04-10 00:33:25.503 120958 DEBUG oslo_service.service [req-3743224c-7458-402a-8ed4-b1064dac0614 - - - - -] database.retry_interval = 10 log_opt_values /usr/lib/python3/dist-packages/oslo_config/cfg.py:2609
2025-04-10 00:33:25.503 120958 DEBUG oslo_service.service [req-3743224c-7458-402a-8ed4-b1064dac0614 - - - - -] database.slave_connection = **** log_opt_values /usr/lib/python3/dist-packages/oslo_config/cfg.py:2609
2025-04-10 00:33:25.503 120958 DEBUG oslo_service.service [req-3743224c-7458-402a-8ed4-b1064dac0614 - - - - -] database.sqlite_synchronous = True log_opt_values /usr/lib/python3/dist-packages/oslo_config/cfg.py:2609
2025-04-10 00:33:25.503 120958 DEBUG oslo_service.service [req-3743224c-7458-402a-8ed4-b1064dac0614 - - - - -] database.use_db_reconnect = False log_opt_values /usr/lib/python3/dist-packages/oslo_config/cfg.py:2609
2025-04-10 00:33:25.503 120958 DEBUG oslo_service.service [req-3743224c-7458-402a-8ed4-b1064dac0614 - - - - -] api_database.backend = sqlalchemy log_opt_values /usr/lib/python3/dist-packages/oslo_config/cfg.py:2609
2025-04-10 00:33:25.504 120958 DEBUG oslo_service.service [req-3743224c-7458-402a-8ed4-b1064dac0614 - - - - -] api_database.connection = **** log_opt_values /usr/lib/python3/dist-packages/oslo_config/cfg.py:2609
2025-04-10 00:33:25.505 120958 DEBUG oslo_service.service [req-3743224c-7458-402a-8ed4-b1064dac0614 - - - - -] api_database.connection_debug = 0 log_opt_values /usr/lib/python3/dist-packages/oslo_config/cfg.py:2609
2025-04-10 00:33:25.505 120958 DEBUG oslo_service.service [req-3743224c-7458-402a-8ed4-b1064dac0614 - - - - -] api_database.connection_parameters = log_opt_values /usr/lib/python3/dist-packages/oslo_config/cfg.py:2609
2025-04-10 00:33:25.505 120958 DEBUG oslo_service.service [req-3743224c-7458-402a-8ed4-b1064dac0614 - - - - -] api_database.connection_recycle_time = 3600 log_opt_values /usr/lib/python3/dist-packages/oslo_config/cfg.py:2609
2025-04-10 00:33:25.506 120958 DEBUG oslo_service.service [req-3743224c-7458-402a-8ed4-b1064dac0614 - - - - -] api_database.connection_trace = False log_opt_values /usr/lib/python3/dist-packages/oslo_config/cfg.py:2609
2025-04-10 00:33:25.507 120958 DEBUG oslo_service.service [req-3743224c-7458-402a-8ed4-b1064dac0614 - - - - -] api_database.db_inc_retry_interval = True log_opt_values /usr/lib/python3/dist-packages/oslo_config/cfg.py:2609
2025-04-10 00:33:25.507 120958 DEBUG oslo_service.service [req-3743224c-7458-402a-8ed4-b1064dac0614 - - - - -] api_database.db_max_retries = 20 log_opt_values /usr/lib/python3/dist-packages/oslo_config/cfg.py:2609
2025-04-10 00:33:25.507 120958 DEBUG oslo_service.service [req-3743224c-7458-402a-8ed4-b1064dac0614 - - - - -] api_database.db_max_retry_interval = 10 log_opt_values /usr/lib/python3/dist-packages/oslo_config/cfg.py:2609
2025-04-10 00:33:25.507 120958 DEBUG oslo_service.service [req-3743224c-7458-402a-8ed4-b1064dac0614 - - - - -] api_database.db_retry_interval = 1 log_opt_values /usr/lib/python3/dist-packages/oslo_config/cfg.py:2609
2025-04-10 00:33:25.508 120958 DEBUG oslo_service.service [req-3743224c-7458-402a-8ed4-b1064dac0614 - - - - -] api_database.max_overflow = 50 log_opt_values /usr/lib/python3/dist-packages/oslo_config/cfg.py:2609
2025-04-10 00:33:25.509 120958 DEBUG oslo_service.service [req-3743224c-7458-402a-8ed4-b1064dac0614 - - - - -] api_database.max_pool_size = 4 log_opt_values /usr/lib/python3/dist-packages/oslo_config/cfg.py:2609
2025-04-10 00:33:25.509 120958 DEBUG oslo_service.service [req-3743224c-7458-402a-8ed4-b1064dac0614 - - - - -] api_database.max_retries = 10 log_opt_values /usr/lib/python3/dist-packages/oslo_config/cfg.py:2609
2025-04-10 00:33:25.510 120958 DEBUG oslo_service.service [req-3743224c-7458-402a-8ed4-b1064dac0614 - - - - -] api_database.mysql_enable_ndb = False log_opt_values /usr/lib/python3/dist-packages/oslo_config/cfg.py:2609
2025-04-10 00:33:25.510 120958 DEBUG oslo_service.service [req-3743224c-7458-402a-8ed4-b1064dac0614 - - - - -] api_database.mysql_sql_mode = TRADITIONAL log_opt_values /usr/lib/python3/dist-packages/oslo_config/cfg.py:2609
2025-04-10 00:33:25.510 120958 DEBUG oslo_service.service [req-3743224c-7458-402a-8ed4-b1064dac0614 - - - - -] api_database.pool_timeout = None log_opt_values /usr/lib/python3/dist-packages/oslo_config/cfg.py:2609
2025-04-10 00:33:25.511 120958 DEBUG oslo_service.service [req-3743224c-7458-402a-8ed4-b1064dac0614 - - - - -] api_database.retry_interval = 10 log_opt_values /usr/lib/python3/dist-packages/oslo_config/cfg.py:2609
2025-04-10 00:33:25.511 120958 DEBUG oslo_service.service [req-3743224c-7458-402a-8ed4-b1064dac0614 - - - - -] api_database.slave_connection = **** log_opt_values /usr/lib/python3/dist-packages/oslo_config/cfg.py:2609
2025-04-10 00:33:25.511 120958 DEBUG oslo_service.service [req-3743224c-7458-402a-8ed4-b1064dac0614 - - - - -] api_database.sqlite_synchronous = True log_opt_values /usr/lib/python3/dist-packages/oslo_config/cfg.py:2609
2025-04-10 00:33:25.511 120958 DEBUG oslo_service.service [req-3743224c-7458-402a-8ed4-b1064dac0614 - - - - -] devices.enabled_mdev_types = [] log_opt_values /usr/lib/python3/dist-packages/oslo_config/cfg.py:2609
2025-04-10 00:33:25.511 120958 DEBUG oslo_service.service [req-3743224c-7458-402a-8ed4-b1064dac0614 - - - - -] ephemeral_storage_encryption.cipher = aes-xts-plain64 log_opt_values /usr/lib/python3/dist-packages/oslo_config/cfg.py:2609
2025-04-10 00:33:25.512 120958 DEBUG oslo_service.service [req-3743224c-7458-402a-8ed4-b1064dac0614 - - - - -] ephemeral_storage_encryption.enabled = False log_opt_values /usr/lib/python3/dist-packages/oslo_config/cfg.py:2609
2025-04-10 00:33:25.512 120958 DEBUG oslo_service.service [req-3743224c-7458-402a-8ed4-b1064dac0614 - - - - -] ephemeral_storage_encryption.key_size = 512 log_opt_values /usr/lib/python3/dist-packages/oslo_config/cfg.py:2609
2025-04-10 00:33:25.512 120958 WARNING oslo_config.cfg [req-3743224c-7458-402a-8ed4-b1064dac0614 - - - - -] Deprecated: Option "api_servers" from group "glance" is deprecated for removal ( Support for image service configuration via standard keystoneauth1 Adapter options was added in the 17.0.0 Queens release. The api_servers option was retained temporarily to allow consumers time to cut over to a real load balancing solution. ). Its value may be silently ignored in the future.
2025-04-10 00:33:25.512 120958 DEBUG oslo_service.service [req-3743224c-7458-402a-8ed4-b1064dac0614 - - - - -] glance.api_servers = ['http://252.57.38.4:9292'] log_opt_values /usr/lib/python3/dist-packages/oslo_config/cfg.py:2609
2025-04-10 00:33:25.513 120958 DEBUG oslo_service.service [req-3743224c-7458-402a-8ed4-b1064dac0614 - - - - -] glance.cafile = None log_opt_values /usr/lib/python3/dist-packages/oslo_config/cfg.py:2609
2025-04-10 00:33:25.513 120958 DEBUG oslo_service.service [req-3743224c-7458-402a-8ed4-b1064dac0614 - - - - -] glance.certfile = None log_opt_values /usr/lib/python3/dist-packages/oslo_config/cfg.py:2609
2025-04-10 00:33:25.515 120958 DEBUG oslo_service.service [req-3743224c-7458-402a-8ed4-b1064dac0614 - - - - -] glance.collect_timing = False log_opt_values /usr/lib/python3/dist-packages/oslo_config/cfg.py:2609
2025-04-10 00:33:25.515 120958 DEBUG oslo_service.service [req-3743224c-7458-402a-8ed4-b1064dac0614 - - - - -] glance.connect_retries = None log_opt_values /usr/lib/python3/dist-packages/oslo_config/cfg.py:2609
2025-04-10 00:33:25.515 120958 DEBUG oslo_service.service [req-3743224c-7458-402a-8ed4-b1064dac0614 - - - - -] glance.connect_retry_delay = None log_opt_values /usr/lib/python3/dist-packages/oslo_config/cfg.py:2609
2025-04-10 00:33:25.515 120958 DEBUG oslo_service.service [req-3743224c-7458-402a-8ed4-b1064dac0614 - - - - -] glance.debug = False log_opt_values /usr/lib/python3/dist-packages/oslo_config/cfg.py:2609
2025-04-10 00:33:25.516 120958 DEBUG oslo_service.service [req-3743224c-7458-402a-8ed4-b1064dac0614 - - - - -] glance.default_trusted_certificate_ids = [] log_opt_values /usr/lib/python3/dist-packages/oslo_config/cfg.py:2609
2025-04-10 00:33:25.516 120958 DEBUG oslo_service.service [req-3743224c-7458-402a-8ed4-b1064dac0614 - - - - -] glance.enable_certificate_validation = False log_opt_values /usr/lib/python3/dist-packages/oslo_config/cfg.py:2609
2025-04-10 00:33:25.516 120958 DEBUG oslo_service.service [req-3743224c-7458-402a-8ed4-b1064dac0614 - - - - -] glance.enable_rbd_download = False log_opt_values /usr/lib/python3/dist-packages/oslo_config/cfg.py:2609
2025-04-10 00:33:25.516 120958 DEBUG oslo_service.service [req-3743224c-7458-402a-8ed4-b1064dac0614 - - - - -] glance.endpoint_override = None log_opt_values /usr/lib/python3/dist-packages/oslo_config/cfg.py:2609
2025-04-10 00:33:25.516 120958 DEBUG oslo_service.service [req-3743224c-7458-402a-8ed4-b1064dac0614 - - - - -] glance.insecure = False log_opt_values /usr/lib/python3/dist-packages/oslo_config/cfg.py:2609
2025-04-10 00:33:25.517 120958 DEBUG oslo_service.service [req-3743224c-7458-402a-8ed4-b1064dac0614 - - - - -] glance.keyfile = None log_opt_values /usr/lib/python3/dist-packages/oslo_config/cfg.py:2609
2025-04-10 00:33:25.517 120958 DEBUG oslo_service.service [req-3743224c-7458-402a-8ed4-b1064dac0614 - - - - -] glance.max_version = None log_opt_values /usr/lib/python3/dist-packages/oslo_config/cfg.py:2609
2025-04-10 00:33:25.517 120958 DEBUG oslo_service.service [req-3743224c-7458-402a-8ed4-b1064dac0614 - - - - -] glance.min_version = None log_opt_values /usr/lib/python3/dist-packages/oslo_config/cfg.py:2609
2025-04-10 00:33:25.517 120958 DEBUG oslo_service.service [req-3743224c-7458-402a-8ed4-b1064dac0614 - - - - -] glance.num_retries = 3 log_opt_values /usr/lib/python3/dist-packages/oslo_config/cfg.py:2609
2025-04-10 00:33:25.517 120958 DEBUG oslo_service.service [req-3743224c-7458-402a-8ed4-b1064dac0614 - - - - -] glance.rbd_ceph_conf = log_opt_values /usr/lib/python3/dist-packages/oslo_config/cfg.py:2609
2025-04-10 00:33:25.517 120958 DEBUG oslo_service.service [req-3743224c-7458-402a-8ed4-b1064dac0614 - - - - -] glance.rbd_connect_timeout = 5 log_opt_values /usr/lib/python3/dist-packages/oslo_config/cfg.py:2609
2025-04-10 00:33:25.518 120958 DEBUG oslo_service.service [req-3743224c-7458-402a-8ed4-b1064dac0614 - - - - -] glance.rbd_pool = log_opt_values /usr/lib/python3/dist-packages/oslo_config/cfg.py:2609
2025-04-10 00:33:25.518 120958 DEBUG oslo_service.service [req-3743224c-7458-402a-8ed4-b1064dac0614 - - - - -] glance.rbd_user = log_opt_values /usr/lib/python3/dist-packages/oslo_config/cfg.py:2609
2025-04-10 00:33:25.518 120958 DEBUG oslo_service.service [req-3743224c-7458-402a-8ed4-b1064dac0614 - - - - -] glance.region_name = None log_opt_values /usr/lib/python3/dist-packages/oslo_config/cfg.py:2609
2025-04-10 00:33:25.518 120958 DEBUG oslo_service.service [req-3743224c-7458-402a-8ed4-b1064dac0614 - - - - -] glance.service_name = None log_opt_values /usr/lib/python3/dist-packages/oslo_config/cfg.py:2609
2025-04-10 00:33:25.518 120958 DEBUG oslo_service.service [req-3743224c-7458-402a-8ed4-b1064dac0614 - - - - -] glance.service_type = image log_opt_values /usr/lib/python3/dist-packages/oslo_config/cfg.py:2609
2025-04-10 00:33:25.518 120958 DEBUG oslo_service.service [req-3743224c-7458-402a-8ed4-b1064dac0614 - - - - -] glance.split_loggers = False log_opt_values /usr/lib/python3/dist-packages/oslo_config/cfg.py:2609
2025-04-10 00:33:25.519 120958 DEBUG oslo_service.service [req-3743224c-7458-402a-8ed4-b1064dac0614 - - - - -] glance.status_code_retries = None log_opt_values /usr/lib/python3/dist-packages/oslo_config/cfg.py:2609
2025-04-10 00:33:25.519 120958 DEBUG oslo_service.service [req-3743224c-7458-402a-8ed4-b1064dac0614 - - - - -] glance.status_code_retry_delay = None log_opt_values /usr/lib/python3/dist-packages/oslo_config/cfg.py:2609
2025-04-10 00:33:25.519 120958 DEBUG oslo_service.service [req-3743224c-7458-402a-8ed4-b1064dac0614 - - - - -] glance.timeout = None log_opt_values /usr/lib/python3/dist-packages/oslo_config/cfg.py:2609
2025-04-10 00:33:25.520 120958 DEBUG oslo_service.service [req-3743224c-7458-402a-8ed4-b1064dac0614 - - - - -] glance.valid_interfaces = ['internal', 'public'] log_opt_values /usr/lib/python3/dist-packages/oslo_config/cfg.py:2609
2025-04-10 00:33:25.520 120958 DEBUG oslo_service.service [req-3743224c-7458-402a-8ed4-b1064dac0614 - - - - -] glance.verify_glance_signatures = False log_opt_values /usr/lib/python3/dist-packages/oslo_config/cfg.py:2609
2025-04-10 00:33:25.521 120958 DEBUG oslo_service.service [req-3743224c-7458-402a-8ed4-b1064dac0614 - - - - -] glance.version = None log_opt_values /usr/lib/python3/dist-packages/oslo_config/cfg.py:2609
2025-04-10 00:33:25.521 120958 DEBUG oslo_service.service [req-3743224c-7458-402a-8ed4-b1064dac0614 - - - - -] guestfs.debug = False log_opt_values /usr/lib/python3/dist-packages/oslo_config/cfg.py:2609
2025-04-10 00:33:25.521 120958 DEBUG oslo_service.service [req-3743224c-7458-402a-8ed4-b1064dac0614 - - - - -] hyperv.config_drive_cdrom = False log_opt_values /usr/lib/python3/dist-packages/oslo_config/cfg.py:2609
2025-04-10 00:33:25.521 120958 DEBUG oslo_service.service [req-3743224c-7458-402a-8ed4-b1064dac0614 - - - - -] hyperv.config_drive_inject_password = False log_opt_values /usr/lib/python3/dist-packages/oslo_config/cfg.py:2609
2025-04-10 00:33:25.522 120958 DEBUG oslo_service.service [req-3743224c-7458-402a-8ed4-b1064dac0614 - - - - -] hyperv.dynamic_memory_ratio = 1.0 log_opt_values /usr/lib/python3/dist-packages/oslo_config/cfg.py:2609
2025-04-10 00:33:25.522 120958 DEBUG oslo_service.service [req-3743224c-7458-402a-8ed4-b1064dac0614 - - - - -] hyperv.enable_instance_metrics_collection = False log_opt_values /usr/lib/python3/dist-packages/oslo_config/cfg.py:2609
2025-04-10 00:33:25.522 120958 DEBUG oslo_service.service [req-3743224c-7458-402a-8ed4-b1064dac0614 - - - - -] hyperv.enable_remotefx = False log_opt_values /usr/lib/python3/dist-packages/oslo_config/cfg.py:2609
2025-04-10 00:33:25.523 121757 DEBUG oslo_messaging._drivers.amqpdriver [-] Listener is running poll /usr/lib/python3/dist-packages/oslo_messaging/_drivers/amqpdriver.py:343
2025-04-10 00:33:25.523 120958 DEBUG oslo_service.service [req-3743224c-7458-402a-8ed4-b1064dac0614 - - - - -] hyperv.instances_path_share = log_opt_values /usr/lib/python3/dist-packages/oslo_config/cfg.py:2609
2025-04-10 00:33:25.524 120958 DEBUG oslo_service.service [req-3743224c-7458-402a-8ed4-b1064dac0614 - - - - -] hyperv.iscsi_initiator_list = [] log_opt_values /usr/lib/python3/dist-packages/oslo_config/cfg.py:2609
2025-04-10 00:33:25.524 120958 DEBUG oslo_service.service [req-3743224c-7458-402a-8ed4-b1064dac0614 - - - - -] hyperv.limit_cpu_features = False log_opt_values /usr/lib/python3/dist-packages/oslo_config/cfg.py:2609
2025-04-10 00:33:25.524 120958 DEBUG oslo_service.service [req-3743224c-7458-402a-8ed4-b1064dac0614 - - - - -] hyperv.mounted_disk_query_retry_count = 10 log_opt_values /usr/lib/python3/dist-packages/oslo_config/cfg.py:2609
2025-04-10 00:33:25.524 120958 DEBUG oslo_service.service [req-3743224c-7458-402a-8ed4-b1064dac0614 - - - - -] hyperv.mounted_disk_query_retry_interval = 5 log_opt_values /usr/lib/python3/dist-packages/oslo_config/cfg.py:2609
2025-04-10 00:33:25.524 121757 DEBUG oslo_messaging._drivers.amqpdriver [-] AMQPListener connection consume poll /usr/lib/python3/dist-packages/oslo_messaging/_drivers/amqpdriver.py:357
2025-04-10 00:33:25.525 120958 DEBUG oslo_service.service [req-3743224c-7458-402a-8ed4-b1064dac0614 - - - - -] hyperv.power_state_check_timeframe = 60 log_opt_values /usr/lib/python3/dist-packages/oslo_config/cfg.py:2609
2025-04-10 00:33:25.525 120958 DEBUG oslo_service.service [req-3743224c-7458-402a-8ed4-b1064dac0614 - - - - -] hyperv.power_state_event_polling_interval = 2 log_opt_values /usr/lib/python3/dist-packages/oslo_config/cfg.py:2609
2025-04-10 00:33:25.526 120958 DEBUG oslo_service.service [req-3743224c-7458-402a-8ed4-b1064dac0614 - - - - -] hyperv.qemu_img_cmd = qemu-img.exe log_opt_values /usr/lib/python3/dist-packages/oslo_config/cfg.py:2609
2025-04-10 00:33:25.526 120958 DEBUG oslo_service.service [req-3743224c-7458-402a-8ed4-b1064dac0614 - - - - -] hyperv.use_multipath_io = False log_opt_values /usr/lib/python3/dist-packages/oslo_config/cfg.py:2609
2025-04-10 00:33:25.526 120958 DEBUG oslo_service.service [req-3743224c-7458-402a-8ed4-b1064dac0614 - - - - -] hyperv.volume_attach_retry_count = 10 log_opt_values /usr/lib/python3/dist-packages/oslo_config/cfg.py:2609
2025-04-10 00:33:25.526 120958 DEBUG oslo_service.service [req-3743224c-7458-402a-8ed4-b1064dac0614 - - - - -] hyperv.volume_attach_retry_interval = 5 log_opt_values /usr/lib/python3/dist-packages/oslo_config/cfg.py:2609
2025-04-10 00:33:25.526 120958 DEBUG oslo_service.service [req-3743224c-7458-402a-8ed4-b1064dac0614 - - - - -] hyperv.vswitch_name = None log_opt_values /usr/lib/python3/dist-packages/oslo_config/cfg.py:2609
2025-04-10 00:33:25.527 121757 DEBUG nova.service [req-71d1feec-efcb-45d5-91b7-49175d66cf65 - - - - -] Join ServiceGroup membership for this service conductor start /usr/lib/python3/dist-packages/nova/service.py:199
2025-04-10 00:33:25.527 121757 DEBUG nova.servicegroup.drivers.db [req-71d1feec-efcb-45d5-91b7-49175d66cf65 - - - - -] DB_Driver: join new ServiceGroup member juju-7b022b-0-lxd-7 to the conductor group, service = <Service: host=juju-7b022b-0-lxd-7, binary=nova-conductor, manager_class_name=nova.conductor.manager.ConductorManager> join /usr/lib/python3/dist-packages/nova/servicegroup/drivers/db.py:44
2025-04-10 00:33:25.527 120958 DEBUG oslo_service.service [req-3743224c-7458-402a-8ed4-b1064dac0614 - - - - -] hyperv.wait_soft_reboot_seconds = 60 log_opt_values /usr/lib/python3/dist-packages/oslo_config/cfg.py:2609
2025-04-10 00:33:25.527 120958 DEBUG oslo_service.service [req-3743224c-7458-402a-8ed4-b1064dac0614 - - - - -] mks.enabled = False log_opt_values /usr/lib/python3/dist-packages/oslo_config/cfg.py:2609
2025-04-10 00:33:25.528 120958 DEBUG oslo_service.service [req-3743224c-7458-402a-8ed4-b1064dac0614 - - - - -] mks.mksproxy_base_url = http://127.0.0.1:6090/ log_opt_values /usr/lib/python3/dist-packages/oslo_config/cfg.py:2609
2025-04-10 00:33:25.528 120958 DEBUG oslo_service.service [req-3743224c-7458-402a-8ed4-b1064dac0614 - - - - -] image_cache.manager_interval = 2400 log_opt_values /usr/lib/python3/dist-packages/oslo_config/cfg.py:2609
2025-04-10 00:33:25.526 121751 DEBUG oslo_messaging._drivers.amqpdriver [-] Listener is running poll /usr/lib/python3/dist-packages/oslo_messaging/_drivers/amqpdriver.py:343
2025-04-10 00:33:25.529 120958 DEBUG oslo_service.service [req-3743224c-7458-402a-8ed4-b1064dac0614 - - - - -] image_cache.precache_concurrency = 1 log_opt_values /usr/lib/python3/dist-packages/oslo_config/cfg.py:2609
2025-04-10 00:33:25.529 121751 DEBUG oslo_messaging._drivers.amqpdriver [-] AMQPListener connection consume poll /usr/lib/python3/dist-packages/oslo_messaging/_drivers/amqpdriver.py:357
2025-04-10 00:33:25.529 120958 DEBUG oslo_service.service [req-3743224c-7458-402a-8ed4-b1064dac0614 - - - - -] image_cache.remove_unused_base_images = True log_opt_values /usr/lib/python3/dist-packages/oslo_config/cfg.py:2609
2025-04-10 00:33:25.529 120958 DEBUG oslo_service.service [req-3743224c-7458-402a-8ed4-b1064dac0614 - - - - -] image_cache.remove_unused_original_minimum_age_seconds = 86400 log_opt_values /usr/lib/python3/dist-packages/oslo_config/cfg.py:2609
2025-04-10 00:33:25.529 120958 DEBUG oslo_service.service [req-3743224c-7458-402a-8ed4-b1064dac0614 - - - - -] image_cache.remove_unused_resized_minimum_age_seconds = 3600 log_opt_values /usr/lib/python3/dist-packages/oslo_config/cfg.py:2609
2025-04-10 00:33:25.529 121751 DEBUG nova.service [req-9a4a31c3-faa6-45a3-a4fd-c9100be5f18d - - - - -] Join ServiceGroup membership for this service conductor start /usr/lib/python3/dist-packages/nova/service.py:199
2025-04-10 00:33:25.529 120958 DEBUG oslo_service.service [req-3743224c-7458-402a-8ed4-b1064dac0614 - - - - -] image_cache.subdirectory_name = _base log_opt_values /usr/lib/python3/dist-packages/oslo_config/cfg.py:2609
2025-04-10 00:33:25.530 121751 DEBUG nova.servicegroup.drivers.db [req-9a4a31c3-faa6-45a3-a4fd-c9100be5f18d - - - - -] DB_Driver: join new ServiceGroup member juju-7b022b-0-lxd-7 to the conductor group, service = <Service: host=juju-7b022b-0-lxd-7, binary=nova-conductor, manager_class_name=nova.conductor.manager.ConductorManager> join /usr/lib/python3/dist-packages/nova/servicegroup/drivers/db.py:44
2025-04-10 00:33:25.530 120958 DEBUG oslo_service.service [req-3743224c-7458-402a-8ed4-b1064dac0614 - - - - -] ironic.api_max_retries = 60 log_opt_values /usr/lib/python3/dist-packages/oslo_config/cfg.py:2609
2025-04-10 00:33:25.530 120958 DEBUG oslo_service.service [req-3743224c-7458-402a-8ed4-b1064dac0614 - - - - -] ironic.api_retry_interval = 2 log_opt_values /usr/lib/python3/dist-packages/oslo_config/cfg.py:2609
2025-04-10 00:33:25.530 120958 DEBUG oslo_service.service [req-3743224c-7458-402a-8ed4-b1064dac0614 - - - - -] ironic.auth_section = None log_opt_values /usr/lib/python3/dist-packages/oslo_config/cfg.py:2609
2025-04-10 00:33:25.530 121757 DEBUG oslo_messaging._drivers.amqpdriver [-] AMQPListener connection timeout poll /usr/lib/python3/dist-packages/oslo_messaging/_drivers/amqpdriver.py:360
2025-04-10 00:33:25.530 120958 DEBUG oslo_service.service [req-3743224c-7458-402a-8ed4-b1064dac0614 - - - - -] ironic.auth_type = None log_opt_values /usr/lib/python3/dist-packages/oslo_config/cfg.py:2609
2025-04-10 00:33:25.530 120958 DEBUG oslo_service.service [req-3743224c-7458-402a-8ed4-b1064dac0614 - - - - -] ironic.cafile = None log_opt_values /usr/lib/python3/dist-packages/oslo_config/cfg.py:2609
2025-04-10 00:33:25.531 120958 DEBUG oslo_service.service [req-3743224c-7458-402a-8ed4-b1064dac0614 - - - - -] ironic.certfile = None log_opt_values /usr/lib/python3/dist-packages/oslo_config/cfg.py:2609
2025-04-10 00:33:25.530 121757 DEBUG oslo_messaging._drivers.amqpdriver [-] Listener is running poll /usr/lib/python3/dist-packages/oslo_messaging/_drivers/amqpdriver.py:343
2025-04-10 00:33:25.531 120958 DEBUG oslo_service.service [req-3743224c-7458-402a-8ed4-b1064dac0614 - - - - -] ironic.collect_timing = False log_opt_values /usr/lib/python3/dist-packages/oslo_config/cfg.py:2609
2025-04-10 00:33:25.531 120958 DEBUG oslo_service.service [req-3743224c-7458-402a-8ed4-b1064dac0614 - - - - -] ironic.connect_retries = None log_opt_values /usr/lib/python3/dist-packages/oslo_config/cfg.py:2609
2025-04-10 00:33:25.531 120958 DEBUG oslo_service.service [req-3743224c-7458-402a-8ed4-b1064dac0614 - - - - -] ironic.connect_retry_delay = None log_opt_values /usr/lib/python3/dist-packages/oslo_config/cfg.py:2609
2025-04-10 00:33:25.531 120958 DEBUG oslo_service.service [req-3743224c-7458-402a-8ed4-b1064dac0614 - - - - -] ironic.endpoint_override = None log_opt_values /usr/lib/python3/dist-packages/oslo_config/cfg.py:2609
2025-04-10 00:33:25.531 121757 DEBUG oslo_messaging._drivers.amqpdriver [-] AMQPListener connection consume poll /usr/lib/python3/dist-packages/oslo_messaging/_drivers/amqpdriver.py:357
2025-04-10 00:33:25.532 120958 DEBUG oslo_service.service [req-3743224c-7458-402a-8ed4-b1064dac0614 - - - - -] ironic.insecure = False log_opt_values /usr/lib/python3/dist-packages/oslo_config/cfg.py:2609
2025-04-10 00:33:25.532 120958 DEBUG oslo_service.service [req-3743224c-7458-402a-8ed4-b1064dac0614 - - - - -] ironic.keyfile = None log_opt_values /usr/lib/python3/dist-packages/oslo_config/cfg.py:2609
2025-04-10 00:33:25.532 120958 DEBUG oslo_service.service [req-3743224c-7458-402a-8ed4-b1064dac0614 - - - - -] ironic.max_version = None log_opt_values /usr/lib/python3/dist-packages/oslo_config/cfg.py:2609
2025-04-10 00:33:25.532 120958 DEBUG oslo_service.service [req-3743224c-7458-402a-8ed4-b1064dac0614 - - - - -] ironic.min_version = None log_opt_values /usr/lib/python3/dist-packages/oslo_config/cfg.py:2609
2025-04-10 00:33:25.532 120958 DEBUG oslo_service.service [req-3743224c-7458-402a-8ed4-b1064dac0614 - - - - -] ironic.partition_key = None log_opt_values /usr/lib/python3/dist-packages/oslo_config/cfg.py:2609
2025-04-10 00:33:25.532 120958 DEBUG oslo_service.service [req-3743224c-7458-402a-8ed4-b1064dac0614 - - - - -] ironic.peer_list = [] log_opt_values /usr/lib/python3/dist-packages/oslo_config/cfg.py:2609
2025-04-10 00:33:25.533 120958 DEBUG oslo_service.service [req-3743224c-7458-402a-8ed4-b1064dac0614 - - - - -] ironic.region_name = None log_opt_values /usr/lib/python3/dist-packages/oslo_config/cfg.py:2609
2025-04-10 00:33:25.533 120958 DEBUG oslo_service.service [req-3743224c-7458-402a-8ed4-b1064dac0614 - - - - -] ironic.serial_console_state_timeout = 10 log_opt_values /usr/lib/python3/dist-packages/oslo_config/cfg.py:2609
2025-04-10 00:33:25.533 120958 DEBUG oslo_service.service [req-3743224c-7458-402a-8ed4-b1064dac0614 - - - - -] ironic.service_name = None log_opt_values /usr/lib/python3/dist-packages/oslo_config/cfg.py:2609
2025-04-10 00:33:25.533 120958 DEBUG oslo_service.service [req-3743224c-7458-402a-8ed4-b1064dac0614 - - - - -] ironic.service_type = baremetal log_opt_values /usr/lib/python3/dist-packages/oslo_config/cfg.py:2609
2025-04-10 00:33:25.534 120958 DEBUG oslo_service.service [req-3743224c-7458-402a-8ed4-b1064dac0614 - - - - -] ironic.split_loggers = False log_opt_values /usr/lib/python3/dist-packages/oslo_config/cfg.py:2609
2025-04-10 00:33:25.533 121752 DEBUG oslo_messaging._drivers.amqpdriver [-] Listener is running poll /usr/lib/python3/dist-packages/oslo_messaging/_drivers/amqpdriver.py:343
2025-04-10 00:33:25.534 120958 DEBUG oslo_service.service [req-3743224c-7458-402a-8ed4-b1064dac0614 - - - - -] ironic.status_code_retries = None log_opt_values /usr/lib/python3/dist-packages/oslo_config/cfg.py:2609
2025-04-10 00:33:25.534 120958 DEBUG oslo_service.service [req-3743224c-7458-402a-8ed4-b1064dac0614 - - - - -] ironic.status_code_retry_delay = None log_opt_values /usr/lib/python3/dist-packages/oslo_config/cfg.py:2609
2025-04-10 00:33:25.534 120958 DEBUG oslo_service.service [req-3743224c-7458-402a-8ed4-b1064dac0614 - - - - -] ironic.timeout = None log_opt_values /usr/lib/python3/dist-packages/oslo_config/cfg.py:2609
2025-04-10 00:33:25.534 120958 DEBUG oslo_service.service [req-3743224c-7458-402a-8ed4-b1064dac0614 - - - - -] ironic.valid_interfaces = ['internal', 'public'] log_opt_values /usr/lib/python3/dist-packages/oslo_config/cfg.py:2609
2025-04-10 00:33:25.535 120958 DEBUG oslo_service.service [req-3743224c-7458-402a-8ed4-b1064dac0614 - - - - -] ironic.version = None log_opt_values /usr/lib/python3/dist-packages/oslo_config/cfg.py:2609
2025-04-10 00:33:25.535 120958 DEBUG oslo_service.service [req-3743224c-7458-402a-8ed4-b1064dac0614 - - - - -] key_manager.backend = barbican log_opt_values /usr/lib/python3/dist-packages/oslo_config/cfg.py:2609
2025-04-10 00:33:25.534 121752 DEBUG oslo_messaging._drivers.amqpdriver [-] AMQPListener connection consume poll /usr/lib/python3/dist-packages/oslo_messaging/_drivers/amqpdriver.py:357
2025-04-10 00:33:25.535 120958 DEBUG oslo_service.service [req-3743224c-7458-402a-8ed4-b1064dac0614 - - - - -] key_manager.fixed_key = **** log_opt_values /usr/lib/python3/dist-packages/oslo_config/cfg.py:2609
2025-04-10 00:33:25.535 120958 DEBUG oslo_service.service [req-3743224c-7458-402a-8ed4-b1064dac0614 - - - - -] barbican.auth_endpoint = http://localhost/identity/v3 log_opt_values /usr/lib/python3/dist-packages/oslo_config/cfg.py:2609
2025-04-10 00:33:25.535 120958 DEBUG oslo_service.service [req-3743224c-7458-402a-8ed4-b1064dac0614 - - - - -] barbican.barbican_api_version = None log_opt_values /usr/lib/python3/dist-packages/oslo_config/cfg.py:2609
2025-04-10 00:33:25.535 120958 DEBUG oslo_service.service [req-3743224c-7458-402a-8ed4-b1064dac0614 - - - - -] barbican.barbican_endpoint = None log_opt_values /usr/lib/python3/dist-packages/oslo_config/cfg.py:2609
2025-04-10 00:33:25.537 120958 DEBUG oslo_service.service [req-3743224c-7458-402a-8ed4-b1064dac0614 - - - - -] barbican.barbican_endpoint_type = public log_opt_values /usr/lib/python3/dist-packages/oslo_config/cfg.py:2609
2025-04-10 00:33:25.537 120958 DEBUG oslo_service.service [req-3743224c-7458-402a-8ed4-b1064dac0614 - - - - -] barbican.barbican_region_name = None log_opt_values /usr/lib/python3/dist-packages/oslo_config/cfg.py:2609
2025-04-10 00:33:25.538 120958 DEBUG oslo_service.service [req-3743224c-7458-402a-8ed4-b1064dac0614 - - - - -] barbican.cafile = None log_opt_values /usr/lib/python3/dist-packages/oslo_config/cfg.py:2609
2025-04-10 00:33:25.538 120958 DEBUG oslo_service.service [req-3743224c-7458-402a-8ed4-b1064dac0614 - - - - -] barbican.certfile = None log_opt_values /usr/lib/python3/dist-packages/oslo_config/cfg.py:2609
2025-04-10 00:33:25.538 120958 DEBUG oslo_service.service [req-3743224c-7458-402a-8ed4-b1064dac0614 - - - - -] barbican.collect_timing = False log_opt_values /usr/lib/python3/dist-packages/oslo_config/cfg.py:2609
2025-04-10 00:33:25.539 120958 DEBUG oslo_service.service [req-3743224c-7458-402a-8ed4-b1064dac0614 - - - - -] barbican.insecure = False log_opt_values /usr/lib/python3/dist-packages/oslo_config/cfg.py:2609
2025-04-10 00:33:25.539 121751 DEBUG oslo_messaging._drivers.amqpdriver [-] AMQPListener connection timeout poll /usr/lib/python3/dist-packages/oslo_messaging/_drivers/amqpdriver.py:360
2025-04-10 00:33:25.539 120958 DEBUG oslo_service.service [req-3743224c-7458-402a-8ed4-b1064dac0614 - - - - -] barbican.keyfile = None log_opt_values /usr/lib/python3/dist-packages/oslo_config/cfg.py:2609
2025-04-10 00:33:25.539 121751 DEBUG oslo_messaging._drivers.amqpdriver [-] Listener is running poll /usr/lib/python3/dist-packages/oslo_messaging/_drivers/amqpdriver.py:343
2025-04-10 00:33:25.539 120958 DEBUG oslo_service.service [req-3743224c-7458-402a-8ed4-b1064dac0614 - - - - -] barbican.number_of_retries = 60 log_opt_values /usr/lib/python3/dist-packages/oslo_config/cfg.py:2609
2025-04-10 00:33:25.539 121751 DEBUG oslo_messaging._drivers.amqpdriver [-] AMQPListener connection consume poll /usr/lib/python3/dist-packages/oslo_messaging/_drivers/amqpdriver.py:357
2025-04-10 00:33:25.539 120958 DEBUG oslo_service.service [req-3743224c-7458-402a-8ed4-b1064dac0614 - - - - -] barbican.retry_delay = 1 log_opt_values /usr/lib/python3/dist-packages/oslo_config/cfg.py:2609
2025-04-10 00:33:25.539 120958 DEBUG oslo_service.service [req-3743224c-7458-402a-8ed4-b1064dac0614 - - - - -] barbican.send_service_user_token = False log_opt_values /usr/lib/python3/dist-packages/oslo_config/cfg.py:2609
2025-04-10 00:33:25.540 120958 DEBUG oslo_service.service [req-3743224c-7458-402a-8ed4-b1064dac0614 - - - - -] barbican.split_loggers = False log_opt_values /usr/lib/python3/dist-packages/oslo_config/cfg.py:2609
2025-04-10 00:33:25.540 120958 DEBUG oslo_service.service [req-3743224c-7458-402a-8ed4-b1064dac0614 - - - - -] barbican.timeout = None log_opt_values /usr/lib/python3/dist-packages/oslo_config/cfg.py:2609
2025-04-10 00:33:25.540 120958 DEBUG oslo_service.service [req-3743224c-7458-402a-8ed4-b1064dac0614 - - - - -] barbican.verify_ssl = True log_opt_values /usr/lib/python3/dist-packages/oslo_config/cfg.py:2609
2025-04-10 00:33:25.540 120958 DEBUG oslo_service.service [req-3743224c-7458-402a-8ed4-b1064dac0614 - - - - -] barbican.verify_ssl_path = None log_opt_values /usr/lib/python3/dist-packages/oslo_config/cfg.py:2609
2025-04-10 00:33:25.540 120958 DEBUG oslo_service.service [req-3743224c-7458-402a-8ed4-b1064dac0614 - - - - -] barbican_service_user.auth_section = None log_opt_values /usr/lib/python3/dist-packages/oslo_config/cfg.py:2609
2025-04-10 00:33:25.541 120958 DEBUG oslo_service.service [req-3743224c-7458-402a-8ed4-b1064dac0614 - - - - -] barbican_service_user.auth_type = None log_opt_values /usr/lib/python3/dist-packages/oslo_config/cfg.py:2609
2025-04-10 00:33:25.541 120958 DEBUG oslo_service.service [req-3743224c-7458-402a-8ed4-b1064dac0614 - - - - -] barbican_service_user.cafile = None log_opt_values /usr/lib/python3/dist-packages/oslo_config/cfg.py:2609
2025-04-10 00:33:25.541 120958 DEBUG oslo_service.service [req-3743224c-7458-402a-8ed4-b1064dac0614 - - - - -] barbican_service_user.certfile = None log_opt_values /usr/lib/python3/dist-packages/oslo_config/cfg.py:2609
2025-04-10 00:33:25.541 120958 DEBUG oslo_service.service [req-3743224c-7458-402a-8ed4-b1064dac0614 - - - - -] barbican_service_user.collect_timing = False log_opt_values /usr/lib/python3/dist-packages/oslo_config/cfg.py:2609
2025-04-10 00:33:25.541 120958 DEBUG oslo_service.service [req-3743224c-7458-402a-8ed4-b1064dac0614 - - - - -] barbican_service_user.insecure = False log_opt_values /usr/lib/python3/dist-packages/oslo_config/cfg.py:2609
2025-04-10 00:33:25.541 120958 DEBUG oslo_service.service [req-3743224c-7458-402a-8ed4-b1064dac0614 - - - - -] barbican_service_user.keyfile = None log_opt_values /usr/lib/python3/dist-packages/oslo_config/cfg.py:2609
2025-04-10 00:33:25.542 120958 DEBUG oslo_service.service [req-3743224c-7458-402a-8ed4-b1064dac0614 - - - - -] barbican_service_user.split_loggers = False log_opt_values /usr/lib/python3/dist-packages/oslo_config/cfg.py:2609
2025-04-10 00:33:25.542 120958 DEBUG oslo_service.service [req-3743224c-7458-402a-8ed4-b1064dac0614 - - - - -] barbican_service_user.timeout = None log_opt_values /usr/lib/python3/dist-packages/oslo_config/cfg.py:2609
2025-04-10 00:33:25.542 121752 DEBUG nova.service [req-ba8168eb-e590-4f1e-9088-d68b39563c6f - - - - -] Join ServiceGroup membership for this service conductor start /usr/lib/python3/dist-packages/nova/service.py:199
2025-04-10 00:33:25.542 120958 DEBUG oslo_service.service [req-3743224c-7458-402a-8ed4-b1064dac0614 - - - - -] vault.approle_role_id = None log_opt_values /usr/lib/python3/dist-packages/oslo_config/cfg.py:2609
2025-04-10 00:33:25.542 121752 DEBUG nova.servicegroup.drivers.db [req-ba8168eb-e590-4f1e-9088-d68b39563c6f - - - - -] DB_Driver: join new ServiceGroup member juju-7b022b-0-lxd-7 to the conductor group, service = <Service: host=juju-7b022b-0-lxd-7, binary=nova-conductor, manager_class_name=nova.conductor.manager.ConductorManager> join /usr/lib/python3/dist-packages/nova/servicegroup/drivers/db.py:44
2025-04-10 00:33:25.542 120958 DEBUG oslo_service.service [req-3743224c-7458-402a-8ed4-b1064dac0614 - - - - -] vault.approle_secret_id = None log_opt_values /usr/lib/python3/dist-packages/oslo_config/cfg.py:2609
2025-04-10 00:33:25.542 120958 DEBUG oslo_service.service [req-3743224c-7458-402a-8ed4-b1064dac0614 - - - - -] vault.cafile = None log_opt_values /usr/lib/python3/dist-packages/oslo_config/cfg.py:2609
2025-04-10 00:33:25.542 120958 DEBUG oslo_service.service [req-3743224c-7458-402a-8ed4-b1064dac0614 - - - - -] vault.certfile = None log_opt_values /usr/lib/python3/dist-packages/oslo_config/cfg.py:2609
2025-04-10 00:33:25.543 120958 DEBUG oslo_service.service [req-3743224c-7458-402a-8ed4-b1064dac0614 - - - - -] vault.collect_timing = False log_opt_values /usr/lib/python3/dist-packages/oslo_config/cfg.py:2609
2025-04-10 00:33:25.543 120958 DEBUG oslo_service.service [req-3743224c-7458-402a-8ed4-b1064dac0614 - - - - -] vault.insecure = False log_opt_values /usr/lib/python3/dist-packages/oslo_config/cfg.py:2609
2025-04-10 00:33:25.543 120958 DEBUG oslo_service.service [req-3743224c-7458-402a-8ed4-b1064dac0614 - - - - -] vault.keyfile = None log_opt_values /usr/lib/python3/dist-packages/oslo_config/cfg.py:2609
2025-04-10 00:33:25.543 120958 DEBUG oslo_service.service [req-3743224c-7458-402a-8ed4-b1064dac0614 - - - - -] vault.kv_mountpoint = secret log_opt_values /usr/lib/python3/dist-packages/oslo_config/cfg.py:2609
2025-04-10 00:33:25.543 120958 DEBUG oslo_service.service [req-3743224c-7458-402a-8ed4-b1064dac0614 - - - - -] vault.kv_version = 2 log_opt_values /usr/lib/python3/dist-packages/oslo_config/cfg.py:2609
2025-04-10 00:33:25.544 120958 DEBUG oslo_service.service [req-3743224c-7458-402a-8ed4-b1064dac0614 - - - - -] vault.namespace = None log_opt_values /usr/lib/python3/dist-packages/oslo_config/cfg.py:2609
2025-04-10 00:33:25.544 120958 DEBUG oslo_service.service [req-3743224c-7458-402a-8ed4-b1064dac0614 - - - - -] vault.root_token_id = None log_opt_values /usr/lib/python3/dist-packages/oslo_config/cfg.py:2609
2025-04-10 00:33:25.544 120958 DEBUG oslo_service.service [req-3743224c-7458-402a-8ed4-b1064dac0614 - - - - -] vault.split_loggers = False log_opt_values /usr/lib/python3/dist-packages/oslo_config/cfg.py:2609
2025-04-10 00:33:25.544 120958 DEBUG oslo_service.service [req-3743224c-7458-402a-8ed4-b1064dac0614 - - - - -] vault.ssl_ca_crt_file = None log_opt_values /usr/lib/python3/dist-packages/oslo_config/cfg.py:2609
2025-04-10 00:33:25.544 120958 DEBUG oslo_service.service [req-3743224c-7458-402a-8ed4-b1064dac0614 - - - - -] vault.timeout = None log_opt_values /usr/lib/python3/dist-packages/oslo_config/cfg.py:2609
2025-04-10 00:33:25.544 121750 DEBUG oslo_messaging._drivers.amqpdriver [-] Listener is running poll /usr/lib/python3/dist-packages/oslo_messaging/_drivers/amqpdriver.py:343
2025-04-10 00:33:25.544 120958 DEBUG oslo_service.service [req-3743224c-7458-402a-8ed4-b1064dac0614 - - - - -] vault.use_ssl = False log_opt_values /usr/lib/python3/dist-packages/oslo_config/cfg.py:2609
2025-04-10 00:33:25.545 121750 DEBUG oslo_messaging._drivers.amqpdriver [-] AMQPListener connection consume poll /usr/lib/python3/dist-packages/oslo_messaging/_drivers/amqpdriver.py:357
2025-04-10 00:33:25.545 120958 DEBUG oslo_service.service [req-3743224c-7458-402a-8ed4-b1064dac0614 - - - - -] vault.vault_url = http://127.0.0.1:8200 log_opt_values /usr/lib/python3/dist-packages/oslo_config/cfg.py:2609
2025-04-10 00:33:25.545 121752 DEBUG oslo_messaging._drivers.amqpdriver [-] AMQPListener connection timeout poll /usr/lib/python3/dist-packages/oslo_messaging/_drivers/amqpdriver.py:360
2025-04-10 00:33:25.545 120958 DEBUG oslo_service.service [req-3743224c-7458-402a-8ed4-b1064dac0614 - - - - -] keystone.cafile = None log_opt_values /usr/lib/python3/dist-packages/oslo_config/cfg.py:2609
2025-04-10 00:33:25.545 120958 DEBUG oslo_service.service [req-3743224c-7458-402a-8ed4-b1064dac0614 - - - - -] keystone.certfile = None log_opt_values /usr/lib/python3/dist-packages/oslo_config/cfg.py:2609
2025-04-10 00:33:25.545 121752 DEBUG oslo_messaging._drivers.amqpdriver [-] Listener is running poll /usr/lib/python3/dist-packages/oslo_messaging/_drivers/amqpdriver.py:343
2025-04-10 00:33:25.545 120958 DEBUG oslo_service.service [req-3743224c-7458-402a-8ed4-b1064dac0614 - - - - -] keystone.collect_timing = False log_opt_values /usr/lib/python3/dist-packages/oslo_config/cfg.py:2609
2025-04-10 00:33:25.545 121752 DEBUG oslo_messaging._drivers.amqpdriver [-] AMQPListener connection consume poll /usr/lib/python3/dist-packages/oslo_messaging/_drivers/amqpdriver.py:357
2025-04-10 00:33:25.545 120958 DEBUG oslo_service.service [req-3743224c-7458-402a-8ed4-b1064dac0614 - - - - -] keystone.connect_retries = None log_opt_values /usr/lib/python3/dist-packages/oslo_config/cfg.py:2609
2025-04-10 00:33:25.546 120958 DEBUG oslo_service.service [req-3743224c-7458-402a-8ed4-b1064dac0614 - - - - -] keystone.connect_retry_delay = None log_opt_values /usr/lib/python3/dist-packages/oslo_config/cfg.py:2609
2025-04-10 00:33:25.546 120958 DEBUG oslo_service.service [req-3743224c-7458-402a-8ed4-b1064dac0614 - - - - -] keystone.endpoint_override = None log_opt_values /usr/lib/python3/dist-packages/oslo_config/cfg.py:2609
2025-04-10 00:33:25.546 120958 DEBUG oslo_service.service [req-3743224c-7458-402a-8ed4-b1064dac0614 - - - - -] keystone.insecure = False log_opt_values /usr/lib/python3/dist-packages/oslo_config/cfg.py:2609
2025-04-10 00:33:25.546 120958 DEBUG oslo_service.service [req-3743224c-7458-402a-8ed4-b1064dac0614 - - - - -] keystone.keyfile = None log_opt_values /usr/lib/python3/dist-packages/oslo_config/cfg.py:2609
2025-04-10 00:33:25.546 120958 DEBUG oslo_service.service [req-3743224c-7458-402a-8ed4-b1064dac0614 - - - - -] keystone.max_version = None log_opt_values /usr/lib/python3/dist-packages/oslo_config/cfg.py:2609
2025-04-10 00:33:25.546 120958 DEBUG oslo_service.service [req-3743224c-7458-402a-8ed4-b1064dac0614 - - - - -] keystone.min_version = None log_opt_values /usr/lib/python3/dist-packages/oslo_config/cfg.py:2609
2025-04-10 00:33:25.546 120958 DEBUG oslo_service.service [req-3743224c-7458-402a-8ed4-b1064dac0614 - - - - -] keystone.region_name = None log_opt_values /usr/lib/python3/dist-packages/oslo_config/cfg.py:2609
2025-04-10 00:33:25.547 120958 DEBUG oslo_service.service [req-3743224c-7458-402a-8ed4-b1064dac0614 - - - - -] keystone.service_name = None log_opt_values /usr/lib/python3/dist-packages/oslo_config/cfg.py:2609
2025-04-10 00:33:25.547 120958 DEBUG oslo_service.service [req-3743224c-7458-402a-8ed4-b1064dac0614 - - - - -] keystone.service_type = identity log_opt_values /usr/lib/python3/dist-packages/oslo_config/cfg.py:2609
2025-04-10 00:33:25.547 120958 DEBUG oslo_service.service [req-3743224c-7458-402a-8ed4-b1064dac0614 - - - - -] keystone.split_loggers = False log_opt_values /usr/lib/python3/dist-packages/oslo_config/cfg.py:2609
