2025-04-10 00:33:56.638 131776 DEBUG oslo_service.service [req-9196a8c7-2dc2-44c6-bd8e-fa4e85afe270 - - - - -] compute.max_concurrent_disk_ops = 0 log_opt_values /usr/lib/python3/dist-packages/oslo_config/cfg.py:2609
2025-04-10 00:33:56.639 131776 DEBUG oslo_service.service [req-9196a8c7-2dc2-44c6-bd8e-fa4e85afe270 - - - - -] compute.max_disk_devices_to_attach = -1 log_opt_values /usr/lib/python3/dist-packages/oslo_config/cfg.py:2609
2025-04-10 00:33:56.639 131776 DEBUG oslo_service.service [req-9196a8c7-2dc2-44c6-bd8e-fa4e85afe270 - - - - -] compute.packing_host_numa_cells_allocation_strategy = True log_opt_values /usr/lib/python3/dist-packages/oslo_config/cfg.py:2609
2025-04-10 00:33:56.639 131776 DEBUG oslo_service.service [req-9196a8c7-2dc2-44c6-bd8e-fa4e85afe270 - - - - -] compute.provider_config_location = /etc/nova/provider_config/ log_opt_values /usr/lib/python3/dist-packages/oslo_config/cfg.py:2609
2025-04-10 00:33:56.639 131776 DEBUG oslo_service.service [req-9196a8c7-2dc2-44c6-bd8e-fa4e85afe270 - - - - -] compute.resource_provider_association_refresh = 300 log_opt_values /usr/lib/python3/dist-packages/oslo_config/cfg.py:2609
2025-04-10 00:33:56.639 131776 DEBUG oslo_service.service [req-9196a8c7-2dc2-44c6-bd8e-fa4e85afe270 - - - - -] compute.shutdown_retry_interval = 10 log_opt_values /usr/lib/python3/dist-packages/oslo_config/cfg.py:2609
2025-04-10 00:33:56.640 131776 DEBUG oslo_service.service [req-9196a8c7-2dc2-44c6-bd8e-fa4e85afe270 - - - - -] compute.vmdk_allowed_types = ['streamOptimized', 'monolithicSparse'] log_opt_values /usr/lib/python3/dist-packages/oslo_config/cfg.py:2609
2025-04-10 00:33:56.640 131776 DEBUG oslo_service.service [req-9196a8c7-2dc2-44c6-bd8e-fa4e85afe270 - - - - -] conductor.workers = 4 log_opt_values /usr/lib/python3/dist-packages/oslo_config/cfg.py:2609
2025-04-10 00:33:56.640 131776 DEBUG oslo_service.service [req-9196a8c7-2dc2-44c6-bd8e-fa4e85afe270 - - - - -] console.allowed_origins = [] log_opt_values /usr/lib/python3/dist-packages/oslo_config/cfg.py:2609
2025-04-10 00:33:56.640 131776 DEBUG oslo_service.service [req-9196a8c7-2dc2-44c6-bd8e-fa4e85afe270 - - - - -] console.ssl_ciphers = None log_opt_values /usr/lib/python3/dist-packages/oslo_config/cfg.py:2609
2025-04-10 00:33:56.641 131776 DEBUG oslo_service.service [req-9196a8c7-2dc2-44c6-bd8e-fa4e85afe270 - - - - -] console.ssl_minimum_version = default log_opt_values /usr/lib/python3/dist-packages/oslo_config/cfg.py:2609
2025-04-10 00:33:56.641 131776 DEBUG oslo_service.service [req-9196a8c7-2dc2-44c6-bd8e-fa4e85afe270 - - - - -] consoleauth.token_ttl = 600 log_opt_values /usr/lib/python3/dist-packages/oslo_config/cfg.py:2609
2025-04-10 00:33:56.641 131776 DEBUG oslo_service.service [req-9196a8c7-2dc2-44c6-bd8e-fa4e85afe270 - - - - -] cyborg.cafile = None log_opt_values /usr/lib/python3/dist-packages/oslo_config/cfg.py:2609
2025-04-10 00:33:56.642 131776 DEBUG oslo_service.service [req-9196a8c7-2dc2-44c6-bd8e-fa4e85afe270 - - - - -] cyborg.certfile = None log_opt_values /usr/lib/python3/dist-packages/oslo_config/cfg.py:2609
2025-04-10 00:33:56.641 132193 DEBUG oslo_messaging._drivers.amqpdriver [-] Listener is running poll /usr/lib/python3/dist-packages/oslo_messaging/_drivers/amqpdriver.py:343
2025-04-10 00:33:56.642 131776 DEBUG oslo_service.service [req-9196a8c7-2dc2-44c6-bd8e-fa4e85afe270 - - - - -] cyborg.collect_timing = False log_opt_values /usr/lib/python3/dist-packages/oslo_config/cfg.py:2609
2025-04-10 00:33:56.642 131776 DEBUG oslo_service.service [req-9196a8c7-2dc2-44c6-bd8e-fa4e85afe270 - - - - -] cyborg.connect_retries = None log_opt_values /usr/lib/python3/dist-packages/oslo_config/cfg.py:2609
2025-04-10 00:33:56.642 132210 DEBUG nova.service [req-76f0790c-5654-4490-a23c-a3128cbf8ca1 - - - - -] Creating RPC server for service conductor start /usr/lib/python3/dist-packages/nova/service.py:182
2025-04-10 00:33:56.642 132193 DEBUG oslo_messaging._drivers.amqpdriver [-] AMQPListener connection consume poll /usr/lib/python3/dist-packages/oslo_messaging/_drivers/amqpdriver.py:357
2025-04-10 00:33:56.642 131776 DEBUG oslo_service.service [req-9196a8c7-2dc2-44c6-bd8e-fa4e85afe270 - - - - -] cyborg.connect_retry_delay = None log_opt_values /usr/lib/python3/dist-packages/oslo_config/cfg.py:2609
2025-04-10 00:33:56.642 131776 DEBUG oslo_service.service [req-9196a8c7-2dc2-44c6-bd8e-fa4e85afe270 - - - - -] cyborg.endpoint_override = None log_opt_values /usr/lib/python3/dist-packages/oslo_config/cfg.py:2609
2025-04-10 00:33:56.642 131776 DEBUG oslo_service.service [req-9196a8c7-2dc2-44c6-bd8e-fa4e85afe270 - - - - -] cyborg.insecure = False log_opt_values /usr/lib/python3/dist-packages/oslo_config/cfg.py:2609
2025-04-10 00:33:56.643 131776 DEBUG oslo_service.service [req-9196a8c7-2dc2-44c6-bd8e-fa4e85afe270 - - - - -] cyborg.keyfile = None log_opt_values /usr/lib/python3/dist-packages/oslo_config/cfg.py:2609
2025-04-10 00:33:56.643 131776 DEBUG oslo_service.service [req-9196a8c7-2dc2-44c6-bd8e-fa4e85afe270 - - - - -] cyborg.max_version = None log_opt_values /usr/lib/python3/dist-packages/oslo_config/cfg.py:2609
2025-04-10 00:33:56.643 131776 DEBUG oslo_service.service [req-9196a8c7-2dc2-44c6-bd8e-fa4e85afe270 - - - - -] cyborg.min_version = None log_opt_values /usr/lib/python3/dist-packages/oslo_config/cfg.py:2609
2025-04-10 00:33:56.643 131776 DEBUG oslo_service.service [req-9196a8c7-2dc2-44c6-bd8e-fa4e85afe270 - - - - -] cyborg.region_name = None log_opt_values /usr/lib/python3/dist-packages/oslo_config/cfg.py:2609
2025-04-10 00:33:56.643 131776 DEBUG oslo_service.service [req-9196a8c7-2dc2-44c6-bd8e-fa4e85afe270 - - - - -] cyborg.service_name = None log_opt_values /usr/lib/python3/dist-packages/oslo_config/cfg.py:2609
2025-04-10 00:33:56.643 131776 DEBUG oslo_service.service [req-9196a8c7-2dc2-44c6-bd8e-fa4e85afe270 - - - - -] cyborg.service_type = accelerator log_opt_values /usr/lib/python3/dist-packages/oslo_config/cfg.py:2609
2025-04-10 00:33:56.644 131776 DEBUG oslo_service.service [req-9196a8c7-2dc2-44c6-bd8e-fa4e85afe270 - - - - -] cyborg.split_loggers = False log_opt_values /usr/lib/python3/dist-packages/oslo_config/cfg.py:2609
2025-04-10 00:33:56.644 131776 DEBUG oslo_service.service [req-9196a8c7-2dc2-44c6-bd8e-fa4e85afe270 - - - - -] cyborg.status_code_retries = None log_opt_values /usr/lib/python3/dist-packages/oslo_config/cfg.py:2609
2025-04-10 00:33:56.644 131776 DEBUG oslo_service.service [req-9196a8c7-2dc2-44c6-bd8e-fa4e85afe270 - - - - -] cyborg.status_code_retry_delay = None log_opt_values /usr/lib/python3/dist-packages/oslo_config/cfg.py:2609
2025-04-10 00:33:56.644 131776 DEBUG oslo_service.service [req-9196a8c7-2dc2-44c6-bd8e-fa4e85afe270 - - - - -] cyborg.timeout = None log_opt_values /usr/lib/python3/dist-packages/oslo_config/cfg.py:2609
2025-04-10 00:33:56.644 131776 DEBUG oslo_service.service [req-9196a8c7-2dc2-44c6-bd8e-fa4e85afe270 - - - - -] cyborg.valid_interfaces = ['internal', 'public'] log_opt_values /usr/lib/python3/dist-packages/oslo_config/cfg.py:2609
2025-04-10 00:33:56.645 131776 DEBUG oslo_service.service [req-9196a8c7-2dc2-44c6-bd8e-fa4e85afe270 - - - - -] cyborg.version = None log_opt_values /usr/lib/python3/dist-packages/oslo_config/cfg.py:2609
2025-04-10 00:33:56.645 131776 DEBUG oslo_service.service [req-9196a8c7-2dc2-44c6-bd8e-fa4e85afe270 - - - - -] database.backend = sqlalchemy log_opt_values /usr/lib/python3/dist-packages/oslo_config/cfg.py:2609
2025-04-10 00:33:56.645 131776 DEBUG oslo_service.service [req-9196a8c7-2dc2-44c6-bd8e-fa4e85afe270 - - - - -] database.connection = **** log_opt_values /usr/lib/python3/dist-packages/oslo_config/cfg.py:2609
2025-04-10 00:33:56.645 131776 DEBUG oslo_service.service [req-9196a8c7-2dc2-44c6-bd8e-fa4e85afe270 - - - - -] database.connection_debug = 0 log_opt_values /usr/lib/python3/dist-packages/oslo_config/cfg.py:2609
2025-04-10 00:33:56.645 131776 DEBUG oslo_service.service [req-9196a8c7-2dc2-44c6-bd8e-fa4e85afe270 - - - - -] database.connection_parameters = log_opt_values /usr/lib/python3/dist-packages/oslo_config/cfg.py:2609
2025-04-10 00:33:56.645 131776 DEBUG oslo_service.service [req-9196a8c7-2dc2-44c6-bd8e-fa4e85afe270 - - - - -] database.connection_recycle_time = 3600 log_opt_values /usr/lib/python3/dist-packages/oslo_config/cfg.py:2609
2025-04-10 00:33:56.646 131776 DEBUG oslo_service.service [req-9196a8c7-2dc2-44c6-bd8e-fa4e85afe270 - - - - -] database.connection_trace = False log_opt_values /usr/lib/python3/dist-packages/oslo_config/cfg.py:2609
2025-04-10 00:33:56.645 132193 DEBUG nova.service [req-530c39ba-bf95-4835-ace6-0656e23eb502 - - - - -] Join ServiceGroup membership for this service conductor start /usr/lib/python3/dist-packages/nova/service.py:199
2025-04-10 00:33:56.646 131776 DEBUG oslo_service.service [req-9196a8c7-2dc2-44c6-bd8e-fa4e85afe270 - - - - -] database.db_inc_retry_interval = True log_opt_values /usr/lib/python3/dist-packages/oslo_config/cfg.py:2609
2025-04-10 00:33:56.646 131776 DEBUG oslo_service.service [req-9196a8c7-2dc2-44c6-bd8e-fa4e85afe270 - - - - -] database.db_max_retries = 20 log_opt_values /usr/lib/python3/dist-packages/oslo_config/cfg.py:2609
2025-04-10 00:33:56.646 131776 DEBUG oslo_service.service [req-9196a8c7-2dc2-44c6-bd8e-fa4e85afe270 - - - - -] database.db_max_retry_interval = 10 log_opt_values /usr/lib/python3/dist-packages/oslo_config/cfg.py:2609
2025-04-10 00:33:56.646 132193 DEBUG nova.servicegroup.drivers.db [req-530c39ba-bf95-4835-ace6-0656e23eb502 - - - - -] DB_Driver: join new ServiceGroup member juju-7b022b-0-lxd-7 to the conductor group, service = <Service: host=juju-7b022b-0-lxd-7, binary=nova-conductor, manager_class_name=nova.conductor.manager.ConductorManager> join /usr/lib/python3/dist-packages/nova/servicegroup/drivers/db.py:44
2025-04-10 00:33:56.646 131776 DEBUG oslo_service.service [req-9196a8c7-2dc2-44c6-bd8e-fa4e85afe270 - - - - -] database.db_retry_interval = 1 log_opt_values /usr/lib/python3/dist-packages/oslo_config/cfg.py:2609
2025-04-10 00:33:56.646 131776 DEBUG oslo_service.service [req-9196a8c7-2dc2-44c6-bd8e-fa4e85afe270 - - - - -] database.max_overflow = 50 log_opt_values /usr/lib/python3/dist-packages/oslo_config/cfg.py:2609
2025-04-10 00:33:56.646 131776 DEBUG oslo_service.service [req-9196a8c7-2dc2-44c6-bd8e-fa4e85afe270 - - - - -] database.max_pool_size = 4 log_opt_values /usr/lib/python3/dist-packages/oslo_config/cfg.py:2609
2025-04-10 00:33:56.647 131776 DEBUG oslo_service.service [req-9196a8c7-2dc2-44c6-bd8e-fa4e85afe270 - - - - -] database.max_retries = 10 log_opt_values /usr/lib/python3/dist-packages/oslo_config/cfg.py:2609
2025-04-10 00:33:56.647 131776 DEBUG oslo_service.service [req-9196a8c7-2dc2-44c6-bd8e-fa4e85afe270 - - - - -] database.mysql_enable_ndb = False log_opt_values /usr/lib/python3/dist-packages/oslo_config/cfg.py:2609
2025-04-10 00:33:56.647 131776 DEBUG oslo_service.service [req-9196a8c7-2dc2-44c6-bd8e-fa4e85afe270 - - - - -] database.mysql_sql_mode = TRADITIONAL log_opt_values /usr/lib/python3/dist-packages/oslo_config/cfg.py:2609
2025-04-10 00:33:56.647 131776 DEBUG oslo_service.service [req-9196a8c7-2dc2-44c6-bd8e-fa4e85afe270 - - - - -] database.pool_timeout = None log_opt_values /usr/lib/python3/dist-packages/oslo_config/cfg.py:2609
2025-04-10 00:33:56.647 131776 DEBUG oslo_service.service [req-9196a8c7-2dc2-44c6-bd8e-fa4e85afe270 - - - - -] database.retry_interval = 10 log_opt_values /usr/lib/python3/dist-packages/oslo_config/cfg.py:2609
2025-04-10 00:33:56.647 131776 DEBUG oslo_service.service [req-9196a8c7-2dc2-44c6-bd8e-fa4e85afe270 - - - - -] database.slave_connection = **** log_opt_values /usr/lib/python3/dist-packages/oslo_config/cfg.py:2609
2025-04-10 00:33:56.648 131776 DEBUG oslo_service.service [req-9196a8c7-2dc2-44c6-bd8e-fa4e85afe270 - - - - -] database.sqlite_synchronous = True log_opt_values /usr/lib/python3/dist-packages/oslo_config/cfg.py:2609
2025-04-10 00:33:56.648 131776 DEBUG oslo_service.service [req-9196a8c7-2dc2-44c6-bd8e-fa4e85afe270 - - - - -] database.use_db_reconnect = False log_opt_values /usr/lib/python3/dist-packages/oslo_config/cfg.py:2609
2025-04-10 00:33:56.648 131776 DEBUG oslo_service.service [req-9196a8c7-2dc2-44c6-bd8e-fa4e85afe270 - - - - -] api_database.backend = sqlalchemy log_opt_values /usr/lib/python3/dist-packages/oslo_config/cfg.py:2609
2025-04-10 00:33:56.648 131776 DEBUG oslo_service.service [req-9196a8c7-2dc2-44c6-bd8e-fa4e85afe270 - - - - -] api_database.connection = **** log_opt_values /usr/lib/python3/dist-packages/oslo_config/cfg.py:2609
2025-04-10 00:33:56.648 132193 DEBUG oslo_messaging._drivers.amqpdriver [-] AMQPListener connection timeout poll /usr/lib/python3/dist-packages/oslo_messaging/_drivers/amqpdriver.py:360
2025-04-10 00:33:56.648 132193 DEBUG oslo_messaging._drivers.amqpdriver [-] Listener is running poll /usr/lib/python3/dist-packages/oslo_messaging/_drivers/amqpdriver.py:343
2025-04-10 00:33:56.648 131776 DEBUG oslo_service.service [req-9196a8c7-2dc2-44c6-bd8e-fa4e85afe270 - - - - -] api_database.connection_debug = 0 log_opt_values /usr/lib/python3/dist-packages/oslo_config/cfg.py:2609
2025-04-10 00:33:56.648 132193 DEBUG oslo_messaging._drivers.amqpdriver [-] AMQPListener connection consume poll /usr/lib/python3/dist-packages/oslo_messaging/_drivers/amqpdriver.py:357
2025-04-10 00:33:56.648 131776 DEBUG oslo_service.service [req-9196a8c7-2dc2-44c6-bd8e-fa4e85afe270 - - - - -] api_database.connection_parameters = log_opt_values /usr/lib/python3/dist-packages/oslo_config/cfg.py:2609
2025-04-10 00:33:56.649 131776 DEBUG oslo_service.service [req-9196a8c7-2dc2-44c6-bd8e-fa4e85afe270 - - - - -] api_database.connection_recycle_time = 3600 log_opt_values /usr/lib/python3/dist-packages/oslo_config/cfg.py:2609
2025-04-10 00:33:56.649 131776 DEBUG oslo_service.service [req-9196a8c7-2dc2-44c6-bd8e-fa4e85afe270 - - - - -] api_database.connection_trace = False log_opt_values /usr/lib/python3/dist-packages/oslo_config/cfg.py:2609
2025-04-10 00:33:56.649 131776 DEBUG oslo_service.service [req-9196a8c7-2dc2-44c6-bd8e-fa4e85afe270 - - - - -] api_database.db_inc_retry_interval = True log_opt_values /usr/lib/python3/dist-packages/oslo_config/cfg.py:2609
2025-04-10 00:33:56.649 131776 DEBUG oslo_service.service [req-9196a8c7-2dc2-44c6-bd8e-fa4e85afe270 - - - - -] api_database.db_max_retries = 20 log_opt_values /usr/lib/python3/dist-packages/oslo_config/cfg.py:2609
2025-04-10 00:33:56.649 131776 DEBUG oslo_service.service [req-9196a8c7-2dc2-44c6-bd8e-fa4e85afe270 - - - - -] api_database.db_max_retry_interval = 10 log_opt_values /usr/lib/python3/dist-packages/oslo_config/cfg.py:2609
2025-04-10 00:33:56.649 131776 DEBUG oslo_service.service [req-9196a8c7-2dc2-44c6-bd8e-fa4e85afe270 - - - - -] api_database.db_retry_interval = 1 log_opt_values /usr/lib/python3/dist-packages/oslo_config/cfg.py:2609
2025-04-10 00:33:56.649 131776 DEBUG oslo_service.service [req-9196a8c7-2dc2-44c6-bd8e-fa4e85afe270 - - - - -] api_database.max_overflow = 50 log_opt_values /usr/lib/python3/dist-packages/oslo_config/cfg.py:2609
2025-04-10 00:33:56.650 131776 DEBUG oslo_service.service [req-9196a8c7-2dc2-44c6-bd8e-fa4e85afe270 - - - - -] api_database.max_pool_size = 4 log_opt_values /usr/lib/python3/dist-packages/oslo_config/cfg.py:2609
2025-04-10 00:33:56.650 131776 DEBUG oslo_service.service [req-9196a8c7-2dc2-44c6-bd8e-fa4e85afe270 - - - - -] api_database.max_retries = 10 log_opt_values /usr/lib/python3/dist-packages/oslo_config/cfg.py:2609
2025-04-10 00:33:56.650 131776 DEBUG oslo_service.service [req-9196a8c7-2dc2-44c6-bd8e-fa4e85afe270 - - - - -] api_database.mysql_enable_ndb = False log_opt_values /usr/lib/python3/dist-packages/oslo_config/cfg.py:2609
2025-04-10 00:33:56.650 131776 DEBUG oslo_service.service [req-9196a8c7-2dc2-44c6-bd8e-fa4e85afe270 - - - - -] api_database.mysql_sql_mode = TRADITIONAL log_opt_values /usr/lib/python3/dist-packages/oslo_config/cfg.py:2609
2025-04-10 00:33:56.650 131776 DEBUG oslo_service.service [req-9196a8c7-2dc2-44c6-bd8e-fa4e85afe270 - - - - -] api_database.pool_timeout = None log_opt_values /usr/lib/python3/dist-packages/oslo_config/cfg.py:2609
2025-04-10 00:33:56.650 131776 DEBUG oslo_service.service [req-9196a8c7-2dc2-44c6-bd8e-fa4e85afe270 - - - - -] api_database.retry_interval = 10 log_opt_values /usr/lib/python3/dist-packages/oslo_config/cfg.py:2609
2025-04-10 00:33:56.650 131776 DEBUG oslo_service.service [req-9196a8c7-2dc2-44c6-bd8e-fa4e85afe270 - - - - -] api_database.slave_connection = **** log_opt_values /usr/lib/python3/dist-packages/oslo_config/cfg.py:2609
2025-04-10 00:33:56.651 131776 DEBUG oslo_service.service [req-9196a8c7-2dc2-44c6-bd8e-fa4e85afe270 - - - - -] api_database.sqlite_synchronous = True log_opt_values /usr/lib/python3/dist-packages/oslo_config/cfg.py:2609
2025-04-10 00:33:56.651 131776 DEBUG oslo_service.service [req-9196a8c7-2dc2-44c6-bd8e-fa4e85afe270 - - - - -] devices.enabled_mdev_types = [] log_opt_values /usr/lib/python3/dist-packages/oslo_config/cfg.py:2609
2025-04-10 00:33:56.651 131776 DEBUG oslo_service.service [req-9196a8c7-2dc2-44c6-bd8e-fa4e85afe270 - - - - -] ephemeral_storage_encryption.cipher = aes-xts-plain64 log_opt_values /usr/lib/python3/dist-packages/oslo_config/cfg.py:2609
2025-04-10 00:33:56.651 131776 DEBUG oslo_service.service [req-9196a8c7-2dc2-44c6-bd8e-fa4e85afe270 - - - - -] ephemeral_storage_encryption.enabled = False log_opt_values /usr/lib/python3/dist-packages/oslo_config/cfg.py:2609
2025-04-10 00:33:56.651 131776 DEBUG oslo_service.service [req-9196a8c7-2dc2-44c6-bd8e-fa4e85afe270 - - - - -] ephemeral_storage_encryption.key_size = 512 log_opt_values /usr/lib/python3/dist-packages/oslo_config/cfg.py:2609
2025-04-10 00:33:56.652 131776 WARNING oslo_config.cfg [req-9196a8c7-2dc2-44c6-bd8e-fa4e85afe270 - - - - -] Deprecated: Option "api_servers" from group "glance" is deprecated for removal ( Support for image service configuration via standard keystoneauth1 Adapter options was added in the 17.0.0 Queens release. The api_servers option was retained temporarily to allow consumers time to cut over to a real load balancing solution. ). Its value may be silently ignored in the future.
2025-04-10 00:33:56.652 131776 DEBUG oslo_service.service [req-9196a8c7-2dc2-44c6-bd8e-fa4e85afe270 - - - - -] glance.api_servers = ['http://252.57.38.4:9292'] log_opt_values /usr/lib/python3/dist-packages/oslo_config/cfg.py:2609
2025-04-10 00:33:56.652 131776 DEBUG oslo_service.service [req-9196a8c7-2dc2-44c6-bd8e-fa4e85afe270 - - - - -] glance.cafile = None log_opt_values /usr/lib/python3/dist-packages/oslo_config/cfg.py:2609
2025-04-10 00:33:56.652 131776 DEBUG oslo_service.service [req-9196a8c7-2dc2-44c6-bd8e-fa4e85afe270 - - - - -] glance.certfile = None log_opt_values /usr/lib/python3/dist-packages/oslo_config/cfg.py:2609
2025-04-10 00:33:56.652 131776 DEBUG oslo_service.service [req-9196a8c7-2dc2-44c6-bd8e-fa4e85afe270 - - - - -] glance.collect_timing = False log_opt_values /usr/lib/python3/dist-packages/oslo_config/cfg.py:2609
2025-04-10 00:33:56.652 132203 DEBUG oslo_messaging._drivers.amqpdriver [-] Listener is running poll /usr/lib/python3/dist-packages/oslo_messaging/_drivers/amqpdriver.py:343
2025-04-10 00:33:56.653 131776 DEBUG oslo_service.service [req-9196a8c7-2dc2-44c6-bd8e-fa4e85afe270 - - - - -] glance.connect_retries = None log_opt_values /usr/lib/python3/dist-packages/oslo_config/cfg.py:2609
2025-04-10 00:33:56.653 132203 DEBUG oslo_messaging._drivers.amqpdriver [-] AMQPListener connection consume poll /usr/lib/python3/dist-packages/oslo_messaging/_drivers/amqpdriver.py:357
2025-04-10 00:33:56.653 131776 DEBUG oslo_service.service [req-9196a8c7-2dc2-44c6-bd8e-fa4e85afe270 - - - - -] glance.connect_retry_delay = None log_opt_values /usr/lib/python3/dist-packages/oslo_config/cfg.py:2609
2025-04-10 00:33:56.653 131776 DEBUG oslo_service.service [req-9196a8c7-2dc2-44c6-bd8e-fa4e85afe270 - - - - -] glance.debug = False log_opt_values /usr/lib/python3/dist-packages/oslo_config/cfg.py:2609
2025-04-10 00:33:56.653 131776 DEBUG oslo_service.service [req-9196a8c7-2dc2-44c6-bd8e-fa4e85afe270 - - - - -] glance.default_trusted_certificate_ids = [] log_opt_values /usr/lib/python3/dist-packages/oslo_config/cfg.py:2609
2025-04-10 00:33:56.653 131776 DEBUG oslo_service.service [req-9196a8c7-2dc2-44c6-bd8e-fa4e85afe270 - - - - -] glance.enable_certificate_validation = False log_opt_values /usr/lib/python3/dist-packages/oslo_config/cfg.py:2609
2025-04-10 00:33:56.653 132203 DEBUG nova.service [req-6f26e0e7-0d91-4a9c-84d7-07c38e5f36b0 - - - - -] Join ServiceGroup membership for this service conductor start /usr/lib/python3/dist-packages/nova/service.py:199
2025-04-10 00:33:56.653 131776 DEBUG oslo_service.service [req-9196a8c7-2dc2-44c6-bd8e-fa4e85afe270 - - - - -] glance.enable_rbd_download = False log_opt_values /usr/lib/python3/dist-packages/oslo_config/cfg.py:2609
2025-04-10 00:33:56.654 131776 DEBUG oslo_service.service [req-9196a8c7-2dc2-44c6-bd8e-fa4e85afe270 - - - - -] glance.endpoint_override = None log_opt_values /usr/lib/python3/dist-packages/oslo_config/cfg.py:2609
2025-04-10 00:33:56.654 131776 DEBUG oslo_service.service [req-9196a8c7-2dc2-44c6-bd8e-fa4e85afe270 - - - - -] glance.insecure = False log_opt_values /usr/lib/python3/dist-packages/oslo_config/cfg.py:2609
2025-04-10 00:33:56.654 131776 DEBUG oslo_service.service [req-9196a8c7-2dc2-44c6-bd8e-fa4e85afe270 - - - - -] glance.keyfile = None log_opt_values /usr/lib/python3/dist-packages/oslo_config/cfg.py:2609
2025-04-10 00:33:56.654 131776 DEBUG oslo_service.service [req-9196a8c7-2dc2-44c6-bd8e-fa4e85afe270 - - - - -] glance.max_version = None log_opt_values /usr/lib/python3/dist-packages/oslo_config/cfg.py:2609
2025-04-10 00:33:56.654 131776 DEBUG oslo_service.service [req-9196a8c7-2dc2-44c6-bd8e-fa4e85afe270 - - - - -] glance.min_version = None log_opt_values /usr/lib/python3/dist-packages/oslo_config/cfg.py:2609
2025-04-10 00:33:56.654 131776 DEBUG oslo_service.service [req-9196a8c7-2dc2-44c6-bd8e-fa4e85afe270 - - - - -] glance.num_retries = 3 log_opt_values /usr/lib/python3/dist-packages/oslo_config/cfg.py:2609
2025-04-10 00:33:56.653 132203 DEBUG nova.servicegroup.drivers.db [req-6f26e0e7-0d91-4a9c-84d7-07c38e5f36b0 - - - - -] DB_Driver: join new ServiceGroup member juju-7b022b-0-lxd-7 to the conductor group, service = <Service: host=juju-7b022b-0-lxd-7, binary=nova-conductor, manager_class_name=nova.conductor.manager.ConductorManager> join /usr/lib/python3/dist-packages/nova/servicegroup/drivers/db.py:44
2025-04-10 00:33:56.655 131776 DEBUG oslo_service.service [req-9196a8c7-2dc2-44c6-bd8e-fa4e85afe270 - - - - -] glance.rbd_ceph_conf = log_opt_values /usr/lib/python3/dist-packages/oslo_config/cfg.py:2609
2025-04-10 00:33:56.655 131776 DEBUG oslo_service.service [req-9196a8c7-2dc2-44c6-bd8e-fa4e85afe270 - - - - -] glance.rbd_connect_timeout = 5 log_opt_values /usr/lib/python3/dist-packages/oslo_config/cfg.py:2609
2025-04-10 00:33:56.655 131776 DEBUG oslo_service.service [req-9196a8c7-2dc2-44c6-bd8e-fa4e85afe270 - - - - -] glance.rbd_pool = log_opt_values /usr/lib/python3/dist-packages/oslo_config/cfg.py:2609
2025-04-10 00:33:56.655 131776 DEBUG oslo_service.service [req-9196a8c7-2dc2-44c6-bd8e-fa4e85afe270 - - - - -] glance.rbd_user = log_opt_values /usr/lib/python3/dist-packages/oslo_config/cfg.py:2609
2025-04-10 00:33:56.655 131776 DEBUG oslo_service.service [req-9196a8c7-2dc2-44c6-bd8e-fa4e85afe270 - - - - -] glance.region_name = None log_opt_values /usr/lib/python3/dist-packages/oslo_config/cfg.py:2609
2025-04-10 00:33:56.655 131776 DEBUG oslo_service.service [req-9196a8c7-2dc2-44c6-bd8e-fa4e85afe270 - - - - -] glance.service_name = None log_opt_values /usr/lib/python3/dist-packages/oslo_config/cfg.py:2609
2025-04-10 00:33:56.655 131776 DEBUG oslo_service.service [req-9196a8c7-2dc2-44c6-bd8e-fa4e85afe270 - - - - -] glance.service_type = image log_opt_values /usr/lib/python3/dist-packages/oslo_config/cfg.py:2609
2025-04-10 00:33:56.656 131776 DEBUG oslo_service.service [req-9196a8c7-2dc2-44c6-bd8e-fa4e85afe270 - - - - -] glance.split_loggers = False log_opt_values /usr/lib/python3/dist-packages/oslo_config/cfg.py:2609
2025-04-10 00:33:56.656 131776 DEBUG oslo_service.service [req-9196a8c7-2dc2-44c6-bd8e-fa4e85afe270 - - - - -] glance.status_code_retries = None log_opt_values /usr/lib/python3/dist-packages/oslo_config/cfg.py:2609
2025-04-10 00:33:56.656 131776 DEBUG oslo_service.service [req-9196a8c7-2dc2-44c6-bd8e-fa4e85afe270 - - - - -] glance.status_code_retry_delay = None log_opt_values /usr/lib/python3/dist-packages/oslo_config/cfg.py:2609
2025-04-10 00:33:56.656 131776 DEBUG oslo_service.service [req-9196a8c7-2dc2-44c6-bd8e-fa4e85afe270 - - - - -] glance.timeout = None log_opt_values /usr/lib/python3/dist-packages/oslo_config/cfg.py:2609
2025-04-10 00:33:56.656 131776 DEBUG oslo_service.service [req-9196a8c7-2dc2-44c6-bd8e-fa4e85afe270 - - - - -] glance.valid_interfaces = ['internal', 'public'] log_opt_values /usr/lib/python3/dist-packages/oslo_config/cfg.py:2609
2025-04-10 00:33:56.656 131776 DEBUG oslo_service.service [req-9196a8c7-2dc2-44c6-bd8e-fa4e85afe270 - - - - -] glance.verify_glance_signatures = False log_opt_values /usr/lib/python3/dist-packages/oslo_config/cfg.py:2609
2025-04-10 00:33:56.657 131776 DEBUG oslo_service.service [req-9196a8c7-2dc2-44c6-bd8e-fa4e85afe270 - - - - -] glance.version = None log_opt_values /usr/lib/python3/dist-packages/oslo_config/cfg.py:2609
2025-04-10 00:33:56.657 131776 DEBUG oslo_service.service [req-9196a8c7-2dc2-44c6-bd8e-fa4e85afe270 - - - - -] guestfs.debug = False log_opt_values /usr/lib/python3/dist-packages/oslo_config/cfg.py:2609
2025-04-10 00:33:56.657 131776 DEBUG oslo_service.service [req-9196a8c7-2dc2-44c6-bd8e-fa4e85afe270 - - - - -] hyperv.config_drive_cdrom = False log_opt_values /usr/lib/python3/dist-packages/oslo_config/cfg.py:2609
2025-04-10 00:33:56.657 131776 DEBUG oslo_service.service [req-9196a8c7-2dc2-44c6-bd8e-fa4e85afe270 - - - - -] hyperv.config_drive_inject_password = False log_opt_values /usr/lib/python3/dist-packages/oslo_config/cfg.py:2609
2025-04-10 00:33:56.657 131776 DEBUG oslo_service.service [req-9196a8c7-2dc2-44c6-bd8e-fa4e85afe270 - - - - -] hyperv.dynamic_memory_ratio = 1.0 log_opt_values /usr/lib/python3/dist-packages/oslo_config/cfg.py:2609
2025-04-10 00:33:56.657 131776 DEBUG oslo_service.service [req-9196a8c7-2dc2-44c6-bd8e-fa4e85afe270 - - - - -] hyperv.enable_instance_metrics_collection = False log_opt_values /usr/lib/python3/dist-packages/oslo_config/cfg.py:2609
2025-04-10 00:33:56.657 131776 DEBUG oslo_service.service [req-9196a8c7-2dc2-44c6-bd8e-fa4e85afe270 - - - - -] hyperv.enable_remotefx = False log_opt_values /usr/lib/python3/dist-packages/oslo_config/cfg.py:2609
2025-04-10 00:33:56.658 131776 DEBUG oslo_service.service [req-9196a8c7-2dc2-44c6-bd8e-fa4e85afe270 - - - - -] hyperv.instances_path_share = log_opt_values /usr/lib/python3/dist-packages/oslo_config/cfg.py:2609
2025-04-10 00:33:56.658 132203 DEBUG oslo_messaging._drivers.amqpdriver [-] AMQPListener connection timeout poll /usr/lib/python3/dist-packages/oslo_messaging/_drivers/amqpdriver.py:360
2025-04-10 00:33:56.658 131776 DEBUG oslo_service.service [req-9196a8c7-2dc2-44c6-bd8e-fa4e85afe270 - - - - -] hyperv.iscsi_initiator_list = [] log_opt_values /usr/lib/python3/dist-packages/oslo_config/cfg.py:2609
2025-04-10 00:33:56.658 132203 DEBUG oslo_messaging._drivers.amqpdriver [-] Listener is running poll /usr/lib/python3/dist-packages/oslo_messaging/_drivers/amqpdriver.py:343
2025-04-10 00:33:56.658 131776 DEBUG oslo_service.service [req-9196a8c7-2dc2-44c6-bd8e-fa4e85afe270 - - - - -] hyperv.limit_cpu_features = False log_opt_values /usr/lib/python3/dist-packages/oslo_config/cfg.py:2609
2025-04-10 00:33:56.658 132203 DEBUG oslo_messaging._drivers.amqpdriver [-] AMQPListener connection consume poll /usr/lib/python3/dist-packages/oslo_messaging/_drivers/amqpdriver.py:357
2025-04-10 00:33:56.658 131776 DEBUG oslo_service.service [req-9196a8c7-2dc2-44c6-bd8e-fa4e85afe270 - - - - -] hyperv.mounted_disk_query_retry_count = 10 log_opt_values /usr/lib/python3/dist-packages/oslo_config/cfg.py:2609
2025-04-10 00:33:56.658 131776 DEBUG oslo_service.service [req-9196a8c7-2dc2-44c6-bd8e-fa4e85afe270 - - - - -] hyperv.mounted_disk_query_retry_interval = 5 log_opt_values /usr/lib/python3/dist-packages/oslo_config/cfg.py:2609
2025-04-10 00:33:56.658 131776 DEBUG oslo_service.service [req-9196a8c7-2dc2-44c6-bd8e-fa4e85afe270 - - - - -] hyperv.power_state_check_timeframe = 60 log_opt_values /usr/lib/python3/dist-packages/oslo_config/cfg.py:2609
2025-04-10 00:33:56.659 131776 DEBUG oslo_service.service [req-9196a8c7-2dc2-44c6-bd8e-fa4e85afe270 - - - - -] hyperv.power_state_event_polling_interval = 2 log_opt_values /usr/lib/python3/dist-packages/oslo_config/cfg.py:2609
2025-04-10 00:33:56.659 131776 DEBUG oslo_service.service [req-9196a8c7-2dc2-44c6-bd8e-fa4e85afe270 - - - - -] hyperv.qemu_img_cmd = qemu-img.exe log_opt_values /usr/lib/python3/dist-packages/oslo_config/cfg.py:2609
2025-04-10 00:33:56.659 131776 DEBUG oslo_service.service [req-9196a8c7-2dc2-44c6-bd8e-fa4e85afe270 - - - - -] hyperv.use_multipath_io = False log_opt_values /usr/lib/python3/dist-packages/oslo_config/cfg.py:2609
2025-04-10 00:33:56.659 131776 DEBUG oslo_service.service [req-9196a8c7-2dc2-44c6-bd8e-fa4e85afe270 - - - - -] hyperv.volume_attach_retry_count = 10 log_opt_values /usr/lib/python3/dist-packages/oslo_config/cfg.py:2609
2025-04-10 00:33:56.659 131776 DEBUG oslo_service.service [req-9196a8c7-2dc2-44c6-bd8e-fa4e85afe270 - - - - -] hyperv.volume_attach_retry_interval = 5 log_opt_values /usr/lib/python3/dist-packages/oslo_config/cfg.py:2609
2025-04-10 00:33:56.659 131776 DEBUG oslo_service.service [req-9196a8c7-2dc2-44c6-bd8e-fa4e85afe270 - - - - -] hyperv.vswitch_name = None log_opt_values /usr/lib/python3/dist-packages/oslo_config/cfg.py:2609
2025-04-10 00:33:56.659 131776 DEBUG oslo_service.service [req-9196a8c7-2dc2-44c6-bd8e-fa4e85afe270 - - - - -] hyperv.wait_soft_reboot_seconds = 60 log_opt_values /usr/lib/python3/dist-packages/oslo_config/cfg.py:2609
2025-04-10 00:33:56.659 132204 DEBUG oslo_messaging._drivers.amqpdriver [-] Listener is running poll /usr/lib/python3/dist-packages/oslo_messaging/_drivers/amqpdriver.py:343
2025-04-10 00:33:56.660 131776 DEBUG oslo_service.service [req-9196a8c7-2dc2-44c6-bd8e-fa4e85afe270 - - - - -] mks.enabled = False log_opt_values /usr/lib/python3/dist-packages/oslo_config/cfg.py:2609
2025-04-10 00:33:56.660 132204 DEBUG oslo_messaging._drivers.amqpdriver [-] AMQPListener connection consume poll /usr/lib/python3/dist-packages/oslo_messaging/_drivers/amqpdriver.py:357
2025-04-10 00:33:56.660 131776 DEBUG oslo_service.service [req-9196a8c7-2dc2-44c6-bd8e-fa4e85afe270 - - - - -] mks.mksproxy_base_url = http://127.0.0.1:6090/ log_opt_values /usr/lib/python3/dist-packages/oslo_config/cfg.py:2609
2025-04-10 00:33:56.660 132204 DEBUG nova.service [req-54e556c2-69a0-4491-a29d-2f88e46d5969 - - - - -] Join ServiceGroup membership for this service conductor start /usr/lib/python3/dist-packages/nova/service.py:199
2025-04-10 00:33:56.660 131776 DEBUG oslo_service.service [req-9196a8c7-2dc2-44c6-bd8e-fa4e85afe270 - - - - -] image_cache.manager_interval = 2400 log_opt_values /usr/lib/python3/dist-packages/oslo_config/cfg.py:2609
2025-04-10 00:33:56.660 132204 DEBUG nova.servicegroup.drivers.db [req-54e556c2-69a0-4491-a29d-2f88e46d5969 - - - - -] DB_Driver: join new ServiceGroup member juju-7b022b-0-lxd-7 to the conductor group, service = <Service: host=juju-7b022b-0-lxd-7, binary=nova-conductor, manager_class_name=nova.conductor.manager.ConductorManager> join /usr/lib/python3/dist-packages/nova/servicegroup/drivers/db.py:44
2025-04-10 00:33:56.661 131776 DEBUG oslo_service.service [req-9196a8c7-2dc2-44c6-bd8e-fa4e85afe270 - - - - -] image_cache.precache_concurrency = 1 log_opt_values /usr/lib/python3/dist-packages/oslo_config/cfg.py:2609
2025-04-10 00:33:56.661 131776 DEBUG oslo_service.service [req-9196a8c7-2dc2-44c6-bd8e-fa4e85afe270 - - - - -] image_cache.remove_unused_base_images = True log_opt_values /usr/lib/python3/dist-packages/oslo_config/cfg.py:2609
2025-04-10 00:33:56.661 131776 DEBUG oslo_service.service [req-9196a8c7-2dc2-44c6-bd8e-fa4e85afe270 - - - - -] image_cache.remove_unused_original_minimum_age_seconds = 86400 log_opt_values /usr/lib/python3/dist-packages/oslo_config/cfg.py:2609
2025-04-10 00:33:56.661 131776 DEBUG oslo_service.service [req-9196a8c7-2dc2-44c6-bd8e-fa4e85afe270 - - - - -] image_cache.remove_unused_resized_minimum_age_seconds = 3600 log_opt_values /usr/lib/python3/dist-packages/oslo_config/cfg.py:2609
2025-04-10 00:33:56.661 131776 DEBUG oslo_service.service [req-9196a8c7-2dc2-44c6-bd8e-fa4e85afe270 - - - - -] image_cache.subdirectory_name = _base log_opt_values /usr/lib/python3/dist-packages/oslo_config/cfg.py:2609
2025-04-10 00:33:56.661 131776 DEBUG oslo_service.service [req-9196a8c7-2dc2-44c6-bd8e-fa4e85afe270 - - - - -] ironic.api_max_retries = 60 log_opt_values /usr/lib/python3/dist-packages/oslo_config/cfg.py:2609
2025-04-10 00:33:56.662 131776 DEBUG oslo_service.service [req-9196a8c7-2dc2-44c6-bd8e-fa4e85afe270 - - - - -] ironic.api_retry_interval = 2 log_opt_values /usr/lib/python3/dist-packages/oslo_config/cfg.py:2609
2025-04-10 00:33:56.662 131776 DEBUG oslo_service.service [req-9196a8c7-2dc2-44c6-bd8e-fa4e85afe270 - - - - -] ironic.auth_section = None log_opt_values /usr/lib/python3/dist-packages/oslo_config/cfg.py:2609
2025-04-10 00:33:56.662 131776 DEBUG oslo_service.service [req-9196a8c7-2dc2-44c6-bd8e-fa4e85afe270 - - - - -] ironic.auth_type = None log_opt_values /usr/lib/python3/dist-packages/oslo_config/cfg.py:2609
2025-04-10 00:33:56.662 131776 DEBUG oslo_service.service [req-9196a8c7-2dc2-44c6-bd8e-fa4e85afe270 - - - - -] ironic.cafile = None log_opt_values /usr/lib/python3/dist-packages/oslo_config/cfg.py:2609
2025-04-10 00:33:56.662 131776 DEBUG oslo_service.service [req-9196a8c7-2dc2-44c6-bd8e-fa4e85afe270 - - - - -] ironic.certfile = None log_opt_values /usr/lib/python3/dist-packages/oslo_config/cfg.py:2609
2025-04-10 00:33:56.662 131776 DEBUG oslo_service.service [req-9196a8c7-2dc2-44c6-bd8e-fa4e85afe270 - - - - -] ironic.collect_timing = False log_opt_values /usr/lib/python3/dist-packages/oslo_config/cfg.py:2609
2025-04-10 00:33:56.663 131776 DEBUG oslo_service.service [req-9196a8c7-2dc2-44c6-bd8e-fa4e85afe270 - - - - -] ironic.connect_retries = None log_opt_values /usr/lib/python3/dist-packages/oslo_config/cfg.py:2609
2025-04-10 00:33:56.663 131776 DEBUG oslo_service.service [req-9196a8c7-2dc2-44c6-bd8e-fa4e85afe270 - - - - -] ironic.connect_retry_delay = None log_opt_values /usr/lib/python3/dist-packages/oslo_config/cfg.py:2609
2025-04-10 00:33:56.663 132204 DEBUG oslo_messaging._drivers.amqpdriver [-] AMQPListener connection timeout poll /usr/lib/python3/dist-packages/oslo_messaging/_drivers/amqpdriver.py:360
2025-04-10 00:33:56.663 131776 DEBUG oslo_service.service [req-9196a8c7-2dc2-44c6-bd8e-fa4e85afe270 - - - - -] ironic.endpoint_override = None log_opt_values /usr/lib/python3/dist-packages/oslo_config/cfg.py:2609
2025-04-10 00:33:56.663 132204 DEBUG oslo_messaging._drivers.amqpdriver [-] Listener is running poll /usr/lib/python3/dist-packages/oslo_messaging/_drivers/amqpdriver.py:343
2025-04-10 00:33:56.663 132204 DEBUG oslo_messaging._drivers.amqpdriver [-] AMQPListener connection consume poll /usr/lib/python3/dist-packages/oslo_messaging/_drivers/amqpdriver.py:357
2025-04-10 00:33:56.663 131776 DEBUG oslo_service.service [req-9196a8c7-2dc2-44c6-bd8e-fa4e85afe270 - - - - -] ironic.insecure = False log_opt_values /usr/lib/python3/dist-packages/oslo_config/cfg.py:2609
2025-04-10 00:33:56.663 131776 DEBUG oslo_service.service [req-9196a8c7-2dc2-44c6-bd8e-fa4e85afe270 - - - - -] ironic.keyfile = None log_opt_values /usr/lib/python3/dist-packages/oslo_config/cfg.py:2609
2025-04-10 00:33:56.663 131776 DEBUG oslo_service.service [req-9196a8c7-2dc2-44c6-bd8e-fa4e85afe270 - - - - -] ironic.max_version = None log_opt_values /usr/lib/python3/dist-packages/oslo_config/cfg.py:2609
2025-04-10 00:33:56.664 131776 DEBUG oslo_service.service [req-9196a8c7-2dc2-44c6-bd8e-fa4e85afe270 - - - - -] ironic.min_version = None log_opt_values /usr/lib/python3/dist-packages/oslo_config/cfg.py:2609
2025-04-10 00:33:56.664 131776 DEBUG oslo_service.service [req-9196a8c7-2dc2-44c6-bd8e-fa4e85afe270 - - - - -] ironic.partition_key = None log_opt_values /usr/lib/python3/dist-packages/oslo_config/cfg.py:2609
2025-04-10 00:33:56.664 131776 DEBUG oslo_service.service [req-9196a8c7-2dc2-44c6-bd8e-fa4e85afe270 - - - - -] ironic.peer_list = [] log_opt_values /usr/lib/python3/dist-packages/oslo_config/cfg.py:2609
2025-04-10 00:33:56.664 131776 DEBUG oslo_service.service [req-9196a8c7-2dc2-44c6-bd8e-fa4e85afe270 - - - - -] ironic.region_name = None log_opt_values /usr/lib/python3/dist-packages/oslo_config/cfg.py:2609
2025-04-10 00:33:56.664 131776 DEBUG oslo_service.service [req-9196a8c7-2dc2-44c6-bd8e-fa4e85afe270 - - - - -] ironic.serial_console_state_timeout = 10 log_opt_values /usr/lib/python3/dist-packages/oslo_config/cfg.py:2609
2025-04-10 00:33:56.664 131776 DEBUG oslo_service.service [req-9196a8c7-2dc2-44c6-bd8e-fa4e85afe270 - - - - -] ironic.service_name = None log_opt_values /usr/lib/python3/dist-packages/oslo_config/cfg.py:2609
2025-04-10 00:33:56.664 131776 DEBUG oslo_service.service [req-9196a8c7-2dc2-44c6-bd8e-fa4e85afe270 - - - - -] ironic.service_type = baremetal log_opt_values /usr/lib/python3/dist-packages/oslo_config/cfg.py:2609
2025-04-10 00:33:56.665 131776 DEBUG oslo_service.service [req-9196a8c7-2dc2-44c6-bd8e-fa4e85afe270 - - - - -] ironic.split_loggers = False log_opt_values /usr/lib/python3/dist-packages/oslo_config/cfg.py:2609
2025-04-10 00:33:56.665 131776 DEBUG oslo_service.service [req-9196a8c7-2dc2-44c6-bd8e-fa4e85afe270 - - - - -] ironic.status_code_retries = None log_opt_values /usr/lib/python3/dist-packages/oslo_config/cfg.py:2609
2025-04-10 00:33:56.665 131776 DEBUG oslo_service.service [req-9196a8c7-2dc2-44c6-bd8e-fa4e85afe270 - - - - -] ironic.status_code_retry_delay = None log_opt_values /usr/lib/python3/dist-packages/oslo_config/cfg.py:2609
2025-04-10 00:33:56.665 131776 DEBUG oslo_service.service [req-9196a8c7-2dc2-44c6-bd8e-fa4e85afe270 - - - - -] ironic.timeout = None log_opt_values /usr/lib/python3/dist-packages/oslo_config/cfg.py:2609
2025-04-10 00:33:56.665 131776 DEBUG oslo_service.service [req-9196a8c7-2dc2-44c6-bd8e-fa4e85afe270 - - - - -] ironic.valid_interfaces = ['internal', 'public'] log_opt_values /usr/lib/python3/dist-packages/oslo_config/cfg.py:2609
2025-04-10 00:33:56.665 131776 DEBUG oslo_service.service [req-9196a8c7-2dc2-44c6-bd8e-fa4e85afe270 - - - - -] ironic.version = None log_opt_values /usr/lib/python3/dist-packages/oslo_config/cfg.py:2609
2025-04-10 00:33:56.666 131776 DEBUG oslo_service.service [req-9196a8c7-2dc2-44c6-bd8e-fa4e85afe270 - - - - -] key_manager.backend = barbican log_opt_values /usr/lib/python3/dist-packages/oslo_config/cfg.py:2609
2025-04-10 00:33:56.666 131776 DEBUG oslo_service.service [req-9196a8c7-2dc2-44c6-bd8e-fa4e85afe270 - - - - -] key_manager.fixed_key = **** log_opt_values /usr/lib/python3/dist-packages/oslo_config/cfg.py:2609
2025-04-10 00:33:56.666 131776 DEBUG oslo_service.service [req-9196a8c7-2dc2-44c6-bd8e-fa4e85afe270 - - - - -] barbican.auth_endpoint = http://localhost/identity/v3 log_opt_values /usr/lib/python3/dist-packages/oslo_config/cfg.py:2609
2025-04-10 00:33:56.666 131776 DEBUG oslo_service.service [req-9196a8c7-2dc2-44c6-bd8e-fa4e85afe270 - - - - -] barbican.barbican_api_version = None log_opt_values /usr/lib/python3/dist-packages/oslo_config/cfg.py:2609
2025-04-10 00:33:56.666 131776 DEBUG oslo_service.service [req-9196a8c7-2dc2-44c6-bd8e-fa4e85afe270 - - - - -] barbican.barbican_endpoint = None log_opt_values /usr/lib/python3/dist-packages/oslo_config/cfg.py:2609
2025-04-10 00:33:56.666 131776 DEBUG oslo_service.service [req-9196a8c7-2dc2-44c6-bd8e-fa4e85afe270 - - - - -] barbican.barbican_endpoint_type = public log_opt_values /usr/lib/python3/dist-packages/oslo_config/cfg.py:2609
2025-04-10 00:33:56.667 131776 DEBUG oslo_service.service [req-9196a8c7-2dc2-44c6-bd8e-fa4e85afe270 - - - - -] barbican.barbican_region_name = None log_opt_values /usr/lib/python3/dist-packages/oslo_config/cfg.py:2609
2025-04-10 00:33:56.667 131776 DEBUG oslo_service.service [req-9196a8c7-2dc2-44c6-bd8e-fa4e85afe270 - - - - -] barbican.cafile = None log_opt_values /usr/lib/python3/dist-packages/oslo_config/cfg.py:2609
2025-04-10 00:33:56.667 131776 DEBUG oslo_service.service [req-9196a8c7-2dc2-44c6-bd8e-fa4e85afe270 - - - - -] barbican.certfile = None log_opt_values /usr/lib/python3/dist-packages/oslo_config/cfg.py:2609
2025-04-10 00:33:56.667 131776 DEBUG oslo_service.service [req-9196a8c7-2dc2-44c6-bd8e-fa4e85afe270 - - - - -] barbican.collect_timing = False log_opt_values /usr/lib/python3/dist-packages/oslo_config/cfg.py:2609
2025-04-10 00:33:56.667 131776 DEBUG oslo_service.service [req-9196a8c7-2dc2-44c6-bd8e-fa4e85afe270 - - - - -] barbican.insecure = False log_opt_values /usr/lib/python3/dist-packages/oslo_config/cfg.py:2609
2025-04-10 00:33:56.667 131776 DEBUG oslo_service.service [req-9196a8c7-2dc2-44c6-bd8e-fa4e85afe270 - - - - -] barbican.keyfile = None log_opt_values /usr/lib/python3/dist-packages/oslo_config/cfg.py:2609
2025-04-10 00:33:56.667 131776 DEBUG oslo_service.service [req-9196a8c7-2dc2-44c6-bd8e-fa4e85afe270 - - - - -] barbican.number_of_retries = 60 log_opt_values /usr/lib/python3/dist-packages/oslo_config/cfg.py:2609
2025-04-10 00:33:56.667 132210 DEBUG oslo_messaging._drivers.amqpdriver [-] Listener is running poll /usr/lib/python3/dist-packages/oslo_messaging/_drivers/amqpdriver.py:343
2025-04-10 00:33:56.668 131776 DEBUG oslo_service.service [req-9196a8c7-2dc2-44c6-bd8e-fa4e85afe270 - - - - -] barbican.retry_delay = 1 log_opt_values /usr/lib/python3/dist-packages/oslo_config/cfg.py:2609
2025-04-10 00:33:56.668 131776 DEBUG oslo_service.service [req-9196a8c7-2dc2-44c6-bd8e-fa4e85afe270 - - - - -] barbican.send_service_user_token = False log_opt_values /usr/lib/python3/dist-packages/oslo_config/cfg.py:2609
2025-04-10 00:33:56.668 132210 DEBUG oslo_messaging._drivers.amqpdriver [-] AMQPListener connection consume poll /usr/lib/python3/dist-packages/oslo_messaging/_drivers/amqpdriver.py:357
2025-04-10 00:33:56.668 131776 DEBUG oslo_service.service [req-9196a8c7-2dc2-44c6-bd8e-fa4e85afe270 - - - - -] barbican.split_loggers = False log_opt_values /usr/lib/python3/dist-packages/oslo_config/cfg.py:2609
2025-04-10 00:33:56.668 131776 DEBUG oslo_service.service [req-9196a8c7-2dc2-44c6-bd8e-fa4e85afe270 - - - - -] barbican.timeout = None log_opt_values /usr/lib/python3/dist-packages/oslo_config/cfg.py:2609
2025-04-10 00:33:56.668 131776 DEBUG oslo_service.service [req-9196a8c7-2dc2-44c6-bd8e-fa4e85afe270 - - - - -] barbican.verify_ssl = True log_opt_values /usr/lib/python3/dist-packages/oslo_config/cfg.py:2609
2025-04-10 00:33:56.668 131776 DEBUG oslo_service.service [req-9196a8c7-2dc2-44c6-bd8e-fa4e85afe270 - - - - -] barbican.verify_ssl_path = None log_opt_values /usr/lib/python3/dist-packages/oslo_config/cfg.py:2609
2025-04-10 00:33:56.668 131776 DEBUG oslo_service.service [req-9196a8c7-2dc2-44c6-bd8e-fa4e85afe270 - - - - -] barbican_service_user.auth_section = None log_opt_values /usr/lib/python3/dist-packages/oslo_config/cfg.py:2609
2025-04-10 00:33:56.669 131776 DEBUG oslo_service.service [req-9196a8c7-2dc2-44c6-bd8e-fa4e85afe270 - - - - -] barbican_service_user.auth_type = None log_opt_values /usr/lib/python3/dist-packages/oslo_config/cfg.py:2609
2025-04-10 00:33:56.669 131776 DEBUG oslo_service.service [req-9196a8c7-2dc2-44c6-bd8e-fa4e85afe270 - - - - -] barbican_service_user.cafile = None log_opt_values /usr/lib/python3/dist-packages/oslo_config/cfg.py:2609
2025-04-10 00:33:56.669 131776 DEBUG oslo_service.service [req-9196a8c7-2dc2-44c6-bd8e-fa4e85afe270 - - - - -] barbican_service_user.certfile = None log_opt_values /usr/lib/python3/dist-packages/oslo_config/cfg.py:2609
2025-04-10 00:33:56.669 131776 DEBUG oslo_service.service [req-9196a8c7-2dc2-44c6-bd8e-fa4e85afe270 - - - - -] barbican_service_user.collect_timing = False log_opt_values /usr/lib/python3/dist-packages/oslo_config/cfg.py:2609
2025-04-10 00:33:56.669 131776 DEBUG oslo_service.service [req-9196a8c7-2dc2-44c6-bd8e-fa4e85afe270 - - - - -] barbican_service_user.insecure = False log_opt_values /usr/lib/python3/dist-packages/oslo_config/cfg.py:2609
2025-04-10 00:33:56.669 132210 DEBUG nova.service [req-76f0790c-5654-4490-a23c-a3128cbf8ca1 - - - - -] Join ServiceGroup membership for this service conductor start /usr/lib/python3/dist-packages/nova/service.py:199
2025-04-10 00:33:56.669 131776 DEBUG oslo_service.service [req-9196a8c7-2dc2-44c6-bd8e-fa4e85afe270 - - - - -] barbican_service_user.keyfile = None log_opt_values /usr/lib/python3/dist-packages/oslo_config/cfg.py:2609
2025-04-10 00:33:56.670 131776 DEBUG oslo_service.service [req-9196a8c7-2dc2-44c6-bd8e-fa4e85afe270 - - - - -] barbican_service_user.split_loggers = False log_opt_values /usr/lib/python3/dist-packages/oslo_config/cfg.py:2609
2025-04-10 00:33:56.670 132210 DEBUG nova.servicegroup.drivers.db [req-76f0790c-5654-4490-a23c-a3128cbf8ca1 - - - - -] DB_Driver: join new ServiceGroup member juju-7b022b-0-lxd-7 to the conductor group, service = <Service: host=juju-7b022b-0-lxd-7, binary=nova-conductor, manager_class_name=nova.conductor.manager.ConductorManager> join /usr/lib/python3/dist-packages/nova/servicegroup/drivers/db.py:44
2025-04-10 00:33:56.670 131776 DEBUG oslo_service.service [req-9196a8c7-2dc2-44c6-bd8e-fa4e85afe270 - - - - -] barbican_service_user.timeout = None log_opt_values /usr/lib/python3/dist-packages/oslo_config/cfg.py:2609
2025-04-10 00:33:56.670 131776 DEBUG oslo_service.service [req-9196a8c7-2dc2-44c6-bd8e-fa4e85afe270 - - - - -] vault.approle_role_id = None log_opt_values /usr/lib/python3/dist-packages/oslo_config/cfg.py:2609
2025-04-10 00:33:56.670 131776 DEBUG oslo_service.service [req-9196a8c7-2dc2-44c6-bd8e-fa4e85afe270 - - - - -] vault.approle_secret_id = None log_opt_values /usr/lib/python3/dist-packages/oslo_config/cfg.py:2609
2025-04-10 00:33:56.670 131776 DEBUG oslo_service.service [req-9196a8c7-2dc2-44c6-bd8e-fa4e85afe270 - - - - -] vault.cafile = None log_opt_values /usr/lib/python3/dist-packages/oslo_config/cfg.py:2609
2025-04-10 00:33:56.670 131776 DEBUG oslo_service.service [req-9196a8c7-2dc2-44c6-bd8e-fa4e85afe270 - - - - -] vault.certfile = None log_opt_values /usr/lib/python3/dist-packages/oslo_config/cfg.py:2609
2025-04-10 00:33:56.670 131776 DEBUG oslo_service.service [req-9196a8c7-2dc2-44c6-bd8e-fa4e85afe270 - - - - -] vault.collect_timing = False log_opt_values /usr/lib/python3/dist-packages/oslo_config/cfg.py:2609
2025-04-10 00:33:56.671 131776 DEBUG oslo_service.service [req-9196a8c7-2dc2-44c6-bd8e-fa4e85afe270 - - - - -] vault.insecure = False log_opt_values /usr/lib/python3/dist-packages/oslo_config/cfg.py:2609
2025-04-10 00:33:56.671 131776 DEBUG oslo_service.service [req-9196a8c7-2dc2-44c6-bd8e-fa4e85afe270 - - - - -] vault.keyfile = None log_opt_values /usr/lib/python3/dist-packages/oslo_config/cfg.py:2609
2025-04-10 00:33:56.671 131776 DEBUG oslo_service.service [req-9196a8c7-2dc2-44c6-bd8e-fa4e85afe270 - - - - -] vault.kv_mountpoint = secret log_opt_values /usr/lib/python3/dist-packages/oslo_config/cfg.py:2609
2025-04-10 00:33:56.671 131776 DEBUG oslo_service.service [req-9196a8c7-2dc2-44c6-bd8e-fa4e85afe270 - - - - -] vault.kv_version = 2 log_opt_values /usr/lib/python3/dist-packages/oslo_config/cfg.py:2609
2025-04-10 00:33:56.671 131776 DEBUG oslo_service.service [req-9196a8c7-2dc2-44c6-bd8e-fa4e85afe270 - - - - -] vault.namespace = None log_opt_values /usr/lib/python3/dist-packages/oslo_config/cfg.py:2609
2025-04-10 00:33:56.671 132210 DEBUG oslo_messaging._drivers.amqpdriver [-] AMQPListener connection timeout poll /usr/lib/python3/dist-packages/oslo_messaging/_drivers/amqpdriver.py:360
2025-04-10 00:33:56.671 132210 DEBUG oslo_messaging._drivers.amqpdriver [-] Listener is running poll /usr/lib/python3/dist-packages/oslo_messaging/_drivers/amqpdriver.py:343
2025-04-10 00:33:56.671 131776 DEBUG oslo_service.service [req-9196a8c7-2dc2-44c6-bd8e-fa4e85afe270 - - - - -] vault.root_token_id = None log_opt_values /usr/lib/python3/dist-packages/oslo_config/cfg.py:2609
2025-04-10 00:33:56.671 132210 DEBUG oslo_messaging._drivers.amqpdriver [-] AMQPListener connection consume poll /usr/lib/python3/dist-packages/oslo_messaging/_drivers/amqpdriver.py:357
2025-04-10 00:33:56.671 131776 DEBUG oslo_service.service [req-9196a8c7-2dc2-44c6-bd8e-fa4e85afe270 - - - - -] vault.split_loggers = False log_opt_values /usr/lib/python3/dist-packages/oslo_config/cfg.py:2609
2025-04-10 00:33:56.672 131776 DEBUG oslo_service.service [req-9196a8c7-2dc2-44c6-bd8e-fa4e85afe270 - - - - -] vault.ssl_ca_crt_file = None log_opt_values /usr/lib/python3/dist-packages/oslo_config/cfg.py:2609
2025-04-10 00:33:56.672 131776 DEBUG oslo_service.service [req-9196a8c7-2dc2-44c6-bd8e-fa4e85afe270 - - - - -] vault.timeout = None log_opt_values /usr/lib/python3/dist-packages/oslo_config/cfg.py:2609
2025-04-10 00:33:56.672 131776 DEBUG oslo_service.service [req-9196a8c7-2dc2-44c6-bd8e-fa4e85afe270 - - - - -] vault.use_ssl = False log_opt_values /usr/lib/python3/dist-packages/oslo_config/cfg.py:2609
2025-04-10 00:33:56.672 131776 DEBUG oslo_service.service [req-9196a8c7-2dc2-44c6-bd8e-fa4e85afe270 - - - - -] vault.vault_url = http://127.0.0.1:8200 log_opt_values /usr/lib/python3/dist-packages/oslo_config/cfg.py:2609
2025-04-10 00:33:56.672 131776 DEBUG oslo_service.service [req-9196a8c7-2dc2-44c6-bd8e-fa4e85afe270 - - - - -] keystone.cafile = None log_opt_values /usr/lib/python3/dist-packages/oslo_config/cfg.py:2609
