2025-03-31 00:35:21.309 124354 DEBUG oslo_concurrency.lockutils [req-150f5437-1e27-4334-8320-f14ca3d378f3 - - - - -] Lock "b1b7f237-cf89-4329-859d-76a999e36642" acquired by "nova.context.set_target_cell..get_or_set_cached_cell_and_set_connections" :: waited 0.000s inner /usr/lib/python3/dist-packages/oslo_concurrency/lockutils.py:386
2025-03-31 00:35:21.310 124354 DEBUG oslo_concurrency.lockutils [req-150f5437-1e27-4334-8320-f14ca3d378f3 - - - - -] Lock "b1b7f237-cf89-4329-859d-76a999e36642" "released" by "nova.context.set_target_cell..get_or_set_cached_cell_and_set_connections" :: held 0.000s inner /usr/lib/python3/dist-packages/oslo_concurrency/lockutils.py:400
2025-03-31 00:35:21.322 124354 DEBUG oslo_db.sqlalchemy.engines [req-150f5437-1e27-4334-8320-f14ca3d378f3 - - - - -] MySQL server mode set to STRICT_TRANS_TABLES,STRICT_ALL_TABLES,NO_ZERO_IN_DATE,NO_ZERO_DATE,ERROR_FOR_DIVISION_BY_ZERO,TRADITIONAL,NO_ENGINE_SUBSTITUTION _check_effective_sql_mode /usr/lib/python3/dist-packages/oslo_db/sqlalchemy/engines.py:314
2025-03-31 00:35:21.340 124354 DEBUG oslo_concurrency.lockutils [req-150f5437-1e27-4334-8320-f14ca3d378f3 - - - - -] Acquired lock "singleton_lock" lock /usr/lib/python3/dist-packages/oslo_concurrency/lockutils.py:294
2025-03-31 00:35:21.341 124354 DEBUG oslo_concurrency.lockutils [req-150f5437-1e27-4334-8320-f14ca3d378f3 - - - - -] Releasing lock "singleton_lock" lock /usr/lib/python3/dist-packages/oslo_concurrency/lockutils.py:312
2025-03-31 00:35:21.342 124354 INFO oslo_service.service [req-150f5437-1e27-4334-8320-f14ca3d378f3 - - - - -] Starting 4 workers
2025-03-31 00:35:21.346 124354 DEBUG oslo_service.service [req-150f5437-1e27-4334-8320-f14ca3d378f3 - - - - -] Started child 125313 _start_child /usr/lib/python3/dist-packages/oslo_service/service.py:575
2025-03-31 00:35:21.352 125313 INFO nova.service [-] Starting scheduler node (version 25.2.1)
2025-03-31 00:35:21.354 124354 DEBUG oslo_service.service [req-150f5437-1e27-4334-8320-f14ca3d378f3 - - - - -] Started child 125314 _start_child /usr/lib/python3/dist-packages/oslo_service/service.py:575
2025-03-31 00:35:21.358 125314 INFO nova.service [-] Starting scheduler node (version 25.2.1)
2025-03-31 00:35:21.362 124354 DEBUG oslo_service.service [req-150f5437-1e27-4334-8320-f14ca3d378f3 - - - - -] Started child 125315 _start_child /usr/lib/python3/dist-packages/oslo_service/service.py:575
2025-03-31 00:35:21.368 125313 DEBUG oslo_db.sqlalchemy.engines [req-20de1596-a3e0-49d4-8729-c9b828b804b1 - - - - -] MySQL server mode set to STRICT_TRANS_TABLES,STRICT_ALL_TABLES,NO_ZERO_IN_DATE,NO_ZERO_DATE,ERROR_FOR_DIVISION_BY_ZERO,TRADITIONAL,NO_ENGINE_SUBSTITUTION _check_effective_sql_mode /usr/lib/python3/dist-packages/oslo_db/sqlalchemy/engines.py:314
2025-03-31 00:35:21.368 125315 INFO nova.service [-] Starting scheduler node (version 25.2.1)
2025-03-31 00:35:21.375 124354 DEBUG oslo_service.service [req-150f5437-1e27-4334-8320-f14ca3d378f3 - - - - -] Started child 125321 _start_child /usr/lib/python3/dist-packages/oslo_service/service.py:575
2025-03-31 00:35:21.378 125314 DEBUG oslo_db.sqlalchemy.engines [req-f94eb665-4b1a-493b-b10b-fc99af507a5b - - - - -] MySQL server mode set to STRICT_TRANS_TABLES,STRICT_ALL_TABLES,NO_ZERO_IN_DATE,NO_ZERO_DATE,ERROR_FOR_DIVISION_BY_ZERO,TRADITIONAL,NO_ENGINE_SUBSTITUTION _check_effective_sql_mode /usr/lib/python3/dist-packages/oslo_db/sqlalchemy/engines.py:314
2025-03-31 00:35:21.379 124354 DEBUG oslo_service.service [req-150f5437-1e27-4334-8320-f14ca3d378f3 - - - - -] Full set of CONF: wait /usr/lib/python3/dist-packages/oslo_service/service.py:649
2025-03-31 00:35:21.379 125321 INFO nova.service [-] Starting scheduler node (version 25.2.1)
2025-03-31 00:35:21.380 124354 DEBUG oslo_service.service [req-150f5437-1e27-4334-8320-f14ca3d378f3 - - - - -] ******************************************************************************** log_opt_values /usr/lib/python3/dist-packages/oslo_config/cfg.py:2589
2025-03-31 00:35:21.381 124354 DEBUG oslo_service.service [req-150f5437-1e27-4334-8320-f14ca3d378f3 - - - - -] Configuration options gathered from: log_opt_values /usr/lib/python3/dist-packages/oslo_config/cfg.py:2590
2025-03-31 00:35:21.381 124354 DEBUG oslo_service.service [req-150f5437-1e27-4334-8320-f14ca3d378f3 - - - - -] command line args: ['--config-file=/etc/nova/nova.conf', '--log-file=/var/log/nova/nova-scheduler.log'] log_opt_values /usr/lib/python3/dist-packages/oslo_config/cfg.py:2591
2025-03-31 00:35:21.382 125315 DEBUG oslo_db.sqlalchemy.engines [req-5412106a-7a76-4ee6-b125-5f2918f4553a - - - - -] MySQL server mode set to STRICT_TRANS_TABLES,STRICT_ALL_TABLES,NO_ZERO_IN_DATE,NO_ZERO_DATE,ERROR_FOR_DIVISION_BY_ZERO,TRADITIONAL,NO_ENGINE_SUBSTITUTION _check_effective_sql_mode /usr/lib/python3/dist-packages/oslo_db/sqlalchemy/engines.py:314
2025-03-31 00:35:21.383 124354 DEBUG oslo_service.service [req-150f5437-1e27-4334-8320-f14ca3d378f3 - - - - -] config files: ['/etc/nova/nova.conf'] log_opt_values /usr/lib/python3/dist-packages/oslo_config/cfg.py:2592
2025-03-31 00:35:21.384 124354 DEBUG oslo_service.service [req-150f5437-1e27-4334-8320-f14ca3d378f3 - - - - -] ================================================================================ log_opt_values /usr/lib/python3/dist-packages/oslo_config/cfg.py:2594
2025-03-31 00:35:21.387 124354 DEBUG oslo_service.service [req-150f5437-1e27-4334-8320-f14ca3d378f3 - - - - -] allow_resize_to_same_host = False log_opt_values /usr/lib/python3/dist-packages/oslo_config/cfg.py:2602
2025-03-31 00:35:21.387 124354 DEBUG oslo_service.service [req-150f5437-1e27-4334-8320-f14ca3d378f3 - - - - -] arq_binding_timeout = 300 log_opt_values /usr/lib/python3/dist-packages/oslo_config/cfg.py:2602
2025-03-31 00:35:21.387 124354 DEBUG oslo_service.service [req-150f5437-1e27-4334-8320-f14ca3d378f3 - - - - -] block_device_allocate_retries = 60 log_opt_values /usr/lib/python3/dist-packages/oslo_config/cfg.py:2602
2025-03-31 00:35:21.389 124354 DEBUG oslo_service.service [req-150f5437-1e27-4334-8320-f14ca3d378f3 - - - - -] block_device_allocate_retries_interval = 3 log_opt_values /usr/lib/python3/dist-packages/oslo_config/cfg.py:2602
2025-03-31 00:35:21.389 124354 DEBUG oslo_service.service [req-150f5437-1e27-4334-8320-f14ca3d378f3 - - - - -] cert = self.pem log_opt_values /usr/lib/python3/dist-packages/oslo_config/cfg.py:2602
2025-03-31 00:35:21.390 124354 DEBUG oslo_service.service [req-150f5437-1e27-4334-8320-f14ca3d378f3 - - - - -] compute_driver = libvirt.LibvirtDriver log_opt_values /usr/lib/python3/dist-packages/oslo_config/cfg.py:2602
2025-03-31 00:35:21.390 124354 DEBUG oslo_service.service [req-150f5437-1e27-4334-8320-f14ca3d378f3 - - - - -] compute_monitors = [] log_opt_values /usr/lib/python3/dist-packages/oslo_config/cfg.py:2602
2025-03-31 00:35:21.391 124354 DEBUG oslo_service.service [req-150f5437-1e27-4334-8320-f14ca3d378f3 - - - - -] config_dir = [] log_opt_values /usr/lib/python3/dist-packages/oslo_config/cfg.py:2602
2025-03-31 00:35:21.393 124354 DEBUG oslo_service.service [req-150f5437-1e27-4334-8320-f14ca3d378f3 - - - - -] config_drive_format = iso9660 log_opt_values /usr/lib/python3/dist-packages/oslo_config/cfg.py:2602
2025-03-31 00:35:21.393 124354 DEBUG oslo_service.service [req-150f5437-1e27-4334-8320-f14ca3d378f3 - - - - -] config_file = ['/etc/nova/nova.conf'] log_opt_values /usr/lib/python3/dist-packages/oslo_config/cfg.py:2602
2025-03-31 00:35:21.394 124354 DEBUG oslo_service.service [req-150f5437-1e27-4334-8320-f14ca3d378f3 - - - - -] config_source = [] log_opt_values /usr/lib/python3/dist-packages/oslo_config/cfg.py:2602
2025-03-31 00:35:21.394 124354 DEBUG oslo_service.service [req-150f5437-1e27-4334-8320-f14ca3d378f3 - - - - -] console_host = juju-72d370-0-lxd-7 log_opt_values /usr/lib/python3/dist-packages/oslo_config/cfg.py:2602
2025-03-31 00:35:21.394 124354 DEBUG oslo_service.service [req-150f5437-1e27-4334-8320-f14ca3d378f3 - - - - -] control_exchange = nova log_opt_values /usr/lib/python3/dist-packages/oslo_config/cfg.py:2602
2025-03-31 00:35:21.396 124354 DEBUG oslo_service.service [req-150f5437-1e27-4334-8320-f14ca3d378f3 - - - - -] cpu_allocation_ratio = 2.0 log_opt_values /usr/lib/python3/dist-packages/oslo_config/cfg.py:2602
2025-03-31 00:35:21.396 125313 DEBUG nova.service [req-20de1596-a3e0-49d4-8729-c9b828b804b1 - - - - -] Creating RPC server for service scheduler start /usr/lib/python3/dist-packages/nova/service.py:182
2025-03-31 00:35:21.396 124354 DEBUG oslo_service.service [req-150f5437-1e27-4334-8320-f14ca3d378f3 - - - - -] daemon = False log_opt_values /usr/lib/python3/dist-packages/oslo_config/cfg.py:2602
2025-03-31 00:35:21.398 124354 DEBUG oslo_service.service [req-150f5437-1e27-4334-8320-f14ca3d378f3 - - - - -] debug = True log_opt_values /usr/lib/python3/dist-packages/oslo_config/cfg.py:2602
2025-03-31 00:35:21.398 124354 DEBUG oslo_service.service [req-150f5437-1e27-4334-8320-f14ca3d378f3 - - - - -] default_access_ip_network_name = None log_opt_values /usr/lib/python3/dist-packages/oslo_config/cfg.py:2602
2025-03-31 00:35:21.398 124354 DEBUG oslo_service.service [req-150f5437-1e27-4334-8320-f14ca3d378f3 - - - - -] default_availability_zone = nova log_opt_values /usr/lib/python3/dist-packages/oslo_config/cfg.py:2602
2025-03-31 00:35:21.399 124354 DEBUG oslo_service.service [req-150f5437-1e27-4334-8320-f14ca3d378f3 - - - - -] default_ephemeral_format = None log_opt_values /usr/lib/python3/dist-packages/oslo_config/cfg.py:2602
2025-03-31 00:35:21.399 124354 DEBUG oslo_service.service [req-150f5437-1e27-4334-8320-f14ca3d378f3 - - - - -] default_log_levels = ['amqp=WARN', 'amqplib=WARN', 'boto=WARN', 'qpid=WARN', 'sqlalchemy=WARN', 'suds=INFO', 'oslo.messaging=INFO', 'oslo_messaging=DEBUG', 'iso8601=WARN', 'requests.packages.urllib3.connectionpool=WARN', 'urllib3.connectionpool=WARN', 'websocket=WARN', 'requests.packages.urllib3.util.retry=WARN', 'urllib3.util.retry=WARN', 'keystonemiddleware=WARN', 'routes.middleware=WARN', 'stevedore=WARN', 'taskflow=WARN', 'keystoneauth=WARN', 'oslo.cache=INFO', 'dogpile.core.dogpile=INFO', 'glanceclient=WARN', 'oslo.privsep.daemon=INFO'] log_opt_values /usr/lib/python3/dist-packages/oslo_config/cfg.py:2602
2025-03-31 00:35:21.400 125315 DEBUG nova.service [req-5412106a-7a76-4ee6-b125-5f2918f4553a - - - - -] Creating RPC server for service scheduler start /usr/lib/python3/dist-packages/nova/service.py:182
2025-03-31 00:35:21.401 124354 DEBUG oslo_service.service [req-150f5437-1e27-4334-8320-f14ca3d378f3 - - - - -] default_schedule_zone = None log_opt_values /usr/lib/python3/dist-packages/oslo_config/cfg.py:2602
2025-03-31 00:35:21.401 125314 DEBUG nova.service [req-f94eb665-4b1a-493b-b10b-fc99af507a5b - - - - -] Creating RPC server for service scheduler start /usr/lib/python3/dist-packages/nova/service.py:182
2025-03-31 00:35:21.401 124354 DEBUG oslo_service.service [req-150f5437-1e27-4334-8320-f14ca3d378f3 - - - - -] disk_allocation_ratio = 1.0 log_opt_values /usr/lib/python3/dist-packages/oslo_config/cfg.py:2602
2025-03-31 00:35:21.402 124354 DEBUG oslo_service.service [req-150f5437-1e27-4334-8320-f14ca3d378f3 - - - - -] enable_new_services = True log_opt_values /usr/lib/python3/dist-packages/oslo_config/cfg.py:2602
2025-03-31 00:35:21.403 124354 DEBUG oslo_service.service [req-150f5437-1e27-4334-8320-f14ca3d378f3 - - - - -] enabled_apis = ['osapi_compute', 'metadata'] log_opt_values /usr/lib/python3/dist-packages/oslo_config/cfg.py:2602
2025-03-31 00:35:21.403 124354 DEBUG oslo_service.service [req-150f5437-1e27-4334-8320-f14ca3d378f3 - - - - -] enabled_ssl_apis = [] log_opt_values /usr/lib/python3/dist-packages/oslo_config/cfg.py:2602
2025-03-31 00:35:21.403 124354 DEBUG oslo_service.service [req-150f5437-1e27-4334-8320-f14ca3d378f3 - - - - -] fatal_deprecations = False log_opt_values /usr/lib/python3/dist-packages/oslo_config/cfg.py:2602
2025-03-31 00:35:21.404 124354 DEBUG oslo_service.service [req-150f5437-1e27-4334-8320-f14ca3d378f3 - - - - -] flat_injected = False log_opt_values /usr/lib/python3/dist-packages/oslo_config/cfg.py:2602
2025-03-31 00:35:21.405 124354 DEBUG oslo_service.service [req-150f5437-1e27-4334-8320-f14ca3d378f3 - - - - -] force_config_drive = False log_opt_values /usr/lib/python3/dist-packages/oslo_config/cfg.py:2602
2025-03-31 00:35:21.405 124354 DEBUG oslo_service.service [req-150f5437-1e27-4334-8320-f14ca3d378f3 - - - - -] force_raw_images = True log_opt_values /usr/lib/python3/dist-packages/oslo_config/cfg.py:2602
2025-03-31 00:35:21.405 124354 DEBUG oslo_service.service [req-150f5437-1e27-4334-8320-f14ca3d378f3 - - - - -] graceful_shutdown_timeout = 60 log_opt_values /usr/lib/python3/dist-packages/oslo_config/cfg.py:2602
2025-03-31 00:35:21.406 124354 DEBUG oslo_service.service [req-150f5437-1e27-4334-8320-f14ca3d378f3 - - - - -] heal_instance_info_cache_interval = 60 log_opt_values /usr/lib/python3/dist-packages/oslo_config/cfg.py:2602
2025-03-31 00:35:21.407 124354 DEBUG oslo_service.service [req-150f5437-1e27-4334-8320-f14ca3d378f3 - - - - -] host = juju-72d370-0-lxd-7 log_opt_values /usr/lib/python3/dist-packages/oslo_config/cfg.py:2602
2025-03-31 00:35:21.409 125321 DEBUG oslo_db.sqlalchemy.engines [req-d5f515b5-b539-445b-96f5-cc6c9ad845a7 - - - - -] MySQL server mode set to STRICT_TRANS_TABLES,STRICT_ALL_TABLES,NO_ZERO_IN_DATE,NO_ZERO_DATE,ERROR_FOR_DIVISION_BY_ZERO,TRADITIONAL,NO_ENGINE_SUBSTITUTION _check_effective_sql_mode /usr/lib/python3/dist-packages/oslo_db/sqlalchemy/engines.py:314
2025-03-31 00:35:21.412 124354 DEBUG oslo_service.service [req-150f5437-1e27-4334-8320-f14ca3d378f3 - - - - -] initial_cpu_allocation_ratio = 16.0 log_opt_values /usr/lib/python3/dist-packages/oslo_config/cfg.py:2602
2025-03-31 00:35:21.414 124354 DEBUG oslo_service.service [req-150f5437-1e27-4334-8320-f14ca3d378f3 - - - - -] initial_disk_allocation_ratio = 1.0 log_opt_values /usr/lib/python3/dist-packages/oslo_config/cfg.py:2602
2025-03-31 00:35:21.414 124354 DEBUG oslo_service.service [req-150f5437-1e27-4334-8320-f14ca3d378f3 - - - - -] initial_ram_allocation_ratio = 1.5 log_opt_values /usr/lib/python3/dist-packages/oslo_config/cfg.py:2602
2025-03-31 00:35:21.415 124354 DEBUG oslo_service.service [req-150f5437-1e27-4334-8320-f14ca3d378f3 - - - - -] injected_network_template = /usr/lib/python3/dist-packages/nova/virt/interfaces.template log_opt_values /usr/lib/python3/dist-packages/oslo_config/cfg.py:2602
2025-03-31 00:35:21.415 124354 DEBUG oslo_service.service [req-150f5437-1e27-4334-8320-f14ca3d378f3 - - - - -] instance_build_timeout = 0 log_opt_values /usr/lib/python3/dist-packages/oslo_config/cfg.py:2602
2025-03-31 00:35:21.416 124354 DEBUG oslo_service.service [req-150f5437-1e27-4334-8320-f14ca3d378f3 - - - - -] instance_delete_interval = 300 log_opt_values /usr/lib/python3/dist-packages/oslo_config/cfg.py:2602
2025-03-31 00:35:21.421 124354 DEBUG oslo_service.service [req-150f5437-1e27-4334-8320-f14ca3d378f3 - - - - -] instance_format = [instance: %(uuid)s] log_opt_values /usr/lib/python3/dist-packages/oslo_config/cfg.py:2602
2025-03-31 00:35:21.424 124354 DEBUG oslo_service.service [req-150f5437-1e27-4334-8320-f14ca3d378f3 - - - - -] instance_name_template = instance-%08x log_opt_values /usr/lib/python3/dist-packages/oslo_config/cfg.py:2602
2025-03-31 00:35:21.427 125314 DEBUG oslo_messaging._drivers.amqpdriver [-] Listener is running poll /usr/lib/python3/dist-packages/oslo_messaging/_drivers/amqpdriver.py:343
2025-03-31 00:35:21.427 125314 DEBUG oslo_messaging._drivers.amqpdriver [-] AMQPListener connection consume poll /usr/lib/python3/dist-packages/oslo_messaging/_drivers/amqpdriver.py:357
2025-03-31 00:35:21.429 125314 DEBUG nova.service [req-f94eb665-4b1a-493b-b10b-fc99af507a5b - - - - -] Join ServiceGroup membership for this service scheduler start /usr/lib/python3/dist-packages/nova/service.py:199
2025-03-31 00:35:21.429 125314 DEBUG nova.servicegroup.drivers.db [req-f94eb665-4b1a-493b-b10b-fc99af507a5b - - - - -] DB_Driver: join new ServiceGroup member juju-72d370-0-lxd-7 to the scheduler group, service = join /usr/lib/python3/dist-packages/nova/servicegroup/drivers/db.py:44
2025-03-31 00:35:21.432 125314 DEBUG oslo_messaging._drivers.amqpdriver [-] AMQPListener connection timeout poll /usr/lib/python3/dist-packages/oslo_messaging/_drivers/amqpdriver.py:360
2025-03-31 00:35:21.432 125314 DEBUG oslo_messaging._drivers.amqpdriver [-] Listener is running poll /usr/lib/python3/dist-packages/oslo_messaging/_drivers/amqpdriver.py:343
2025-03-31 00:35:21.432 125314 DEBUG oslo_messaging._drivers.amqpdriver [-] AMQPListener connection consume poll /usr/lib/python3/dist-packages/oslo_messaging/_drivers/amqpdriver.py:357
2025-03-31 00:35:21.433 125313 DEBUG oslo_messaging._drivers.amqpdriver [-] Listener is running poll /usr/lib/python3/dist-packages/oslo_messaging/_drivers/amqpdriver.py:343
2025-03-31 00:35:21.433 125313 DEBUG oslo_messaging._drivers.amqpdriver [-] AMQPListener connection consume poll /usr/lib/python3/dist-packages/oslo_messaging/_drivers/amqpdriver.py:357
2025-03-31 00:35:21.434 125313 DEBUG nova.service [req-20de1596-a3e0-49d4-8729-c9b828b804b1 - - - - -] Join ServiceGroup membership for this service scheduler start /usr/lib/python3/dist-packages/nova/service.py:199
2025-03-31 00:35:21.434 125315 DEBUG oslo_messaging._drivers.amqpdriver [-] Listener is running poll /usr/lib/python3/dist-packages/oslo_messaging/_drivers/amqpdriver.py:343
2025-03-31 00:35:21.434 125313 DEBUG nova.servicegroup.drivers.db [req-20de1596-a3e0-49d4-8729-c9b828b804b1 - - - - -] DB_Driver: join new ServiceGroup member juju-72d370-0-lxd-7 to the scheduler group, service = join /usr/lib/python3/dist-packages/nova/servicegroup/drivers/db.py:44
2025-03-31 00:35:21.435 125315 DEBUG oslo_messaging._drivers.amqpdriver [-] AMQPListener connection consume poll /usr/lib/python3/dist-packages/oslo_messaging/_drivers/amqpdriver.py:357
2025-03-31 00:35:21.436 125315 DEBUG nova.service [req-5412106a-7a76-4ee6-b125-5f2918f4553a - - - - -] Join ServiceGroup membership for this service scheduler start /usr/lib/python3/dist-packages/nova/service.py:199
2025-03-31 00:35:21.437 125315 DEBUG nova.servicegroup.drivers.db [req-5412106a-7a76-4ee6-b125-5f2918f4553a - - - - -] DB_Driver: join new ServiceGroup member juju-72d370-0-lxd-7 to the scheduler group, service = join /usr/lib/python3/dist-packages/nova/servicegroup/drivers/db.py:44
2025-03-31 00:35:21.438 125313 DEBUG oslo_messaging._drivers.amqpdriver [-] AMQPListener connection timeout poll /usr/lib/python3/dist-packages/oslo_messaging/_drivers/amqpdriver.py:360
2025-03-31 00:35:21.438 125313 DEBUG oslo_messaging._drivers.amqpdriver [-] Listener is running poll /usr/lib/python3/dist-packages/oslo_messaging/_drivers/amqpdriver.py:343
2025-03-31 00:35:21.438 125313 DEBUG oslo_messaging._drivers.amqpdriver [-] AMQPListener connection consume poll /usr/lib/python3/dist-packages/oslo_messaging/_drivers/amqpdriver.py:357
2025-03-31 00:35:21.439 125315 DEBUG oslo_messaging._drivers.amqpdriver [-] AMQPListener connection timeout poll /usr/lib/python3/dist-packages/oslo_messaging/_drivers/amqpdriver.py:360
2025-03-31 00:35:21.440 125315 DEBUG oslo_messaging._drivers.amqpdriver [-] Listener is running poll /usr/lib/python3/dist-packages/oslo_messaging/_drivers/amqpdriver.py:343
2025-03-31 00:35:21.440 125315 DEBUG oslo_messaging._drivers.amqpdriver [-] AMQPListener connection consume poll /usr/lib/python3/dist-packages/oslo_messaging/_drivers/amqpdriver.py:357
2025-03-31 00:35:21.425 124354 DEBUG oslo_service.service [req-150f5437-1e27-4334-8320-f14ca3d378f3 - - - - -] instance_usage_audit = False log_opt_values /usr/lib/python3/dist-packages/oslo_config/cfg.py:2602
2025-03-31 00:35:21.444 124354 DEBUG oslo_service.service [req-150f5437-1e27-4334-8320-f14ca3d378f3 - - - - -] instance_usage_audit_period = month log_opt_values /usr/lib/python3/dist-packages/oslo_config/cfg.py:2602
2025-03-31 00:35:21.444 124354 DEBUG oslo_service.service [req-150f5437-1e27-4334-8320-f14ca3d378f3 - - - - -] instance_uuid_format = [instance: %(uuid)s] log_opt_values /usr/lib/python3/dist-packages/oslo_config/cfg.py:2602
2025-03-31 00:35:21.448 124354 DEBUG oslo_service.service [req-150f5437-1e27-4334-8320-f14ca3d378f3 - - - - -] instances_path = /var/lib/nova/instances log_opt_values /usr/lib/python3/dist-packages/oslo_config/cfg.py:2602
2025-03-31 00:35:21.448 124354 DEBUG oslo_service.service [req-150f5437-1e27-4334-8320-f14ca3d378f3 - - - - -] internal_service_availability_zone = internal log_opt_values /usr/lib/python3/dist-packages/oslo_config/cfg.py:2602
2025-03-31 00:35:21.450 124354 DEBUG oslo_service.service [req-150f5437-1e27-4334-8320-f14ca3d378f3 - - - - -] key = None log_opt_values /usr/lib/python3/dist-packages/oslo_config/cfg.py:2602
2025-03-31 00:35:21.450 124354 DEBUG oslo_service.service [req-150f5437-1e27-4334-8320-f14ca3d378f3 - - - - -] live_migration_retry_count = 30 log_opt_values /usr/lib/python3/dist-packages/oslo_config/cfg.py:2602
2025-03-31 00:35:21.453 124354 DEBUG oslo_service.service [req-150f5437-1e27-4334-8320-f14ca3d378f3 - - - - -] log_config_append = None log_opt_values /usr/lib/python3/dist-packages/oslo_config/cfg.py:2602
2025-03-31 00:35:21.454 125321 DEBUG nova.service [req-d5f515b5-b539-445b-96f5-cc6c9ad845a7 - - - - -] Creating RPC server for service scheduler start /usr/lib/python3/dist-packages/nova/service.py:182
2025-03-31 00:35:21.454 124354 DEBUG oslo_service.service [req-150f5437-1e27-4334-8320-f14ca3d378f3 - - - - -] log_date_format = %Y-%m-%d %H:%M:%S log_opt_values /usr/lib/python3/dist-packages/oslo_config/cfg.py:2602
2025-03-31 00:35:21.455 124354 DEBUG oslo_service.service [req-150f5437-1e27-4334-8320-f14ca3d378f3 - - - - -] log_dir = /var/log/nova log_opt_values /usr/lib/python3/dist-packages/oslo_config/cfg.py:2602
2025-03-31 00:35:21.457 124354 DEBUG oslo_service.service [req-150f5437-1e27-4334-8320-f14ca3d378f3 - - - - -] log_file = /var/log/nova/nova-scheduler.log log_opt_values /usr/lib/python3/dist-packages/oslo_config/cfg.py:2602
2025-03-31 00:35:21.458 124354 DEBUG oslo_service.service [req-150f5437-1e27-4334-8320-f14ca3d378f3 - - - - -] log_options = True log_opt_values /usr/lib/python3/dist-packages/oslo_config/cfg.py:2602
2025-03-31 00:35:21.458 124354 DEBUG oslo_service.service [req-150f5437-1e27-4334-8320-f14ca3d378f3 - - - - -] log_rotate_interval = 1 log_opt_values /usr/lib/python3/dist-packages/oslo_config/cfg.py:2602
2025-03-31 00:35:21.459 124354 DEBUG oslo_service.service [req-150f5437-1e27-4334-8320-f14ca3d378f3 - - - - -] log_rotate_interval_type = days log_opt_values /usr/lib/python3/dist-packages/oslo_config/cfg.py:2602
2025-03-31 00:35:21.459 124354 DEBUG oslo_service.service [req-150f5437-1e27-4334-8320-f14ca3d378f3 - - - - -] log_rotation_type = none log_opt_values /usr/lib/python3/dist-packages/oslo_config/cfg.py:2602
2025-03-31 00:35:21.460 124354 DEBUG oslo_service.service [req-150f5437-1e27-4334-8320-f14ca3d378f3 - - - - -] logging_context_format_string = %(asctime)s.%(msecs)03d %(process)d %(levelname)s %(name)s [%(request_id)s %(user_identity)s] %(instance)s%(message)s log_opt_values /usr/lib/python3/dist-packages/oslo_config/cfg.py:2602
2025-03-31 00:35:21.460 124354 DEBUG oslo_service.service [req-150f5437-1e27-4334-8320-f14ca3d378f3 - - - - -] logging_debug_format_suffix = %(funcName)s %(pathname)s:%(lineno)d log_opt_values /usr/lib/python3/dist-packages/oslo_config/cfg.py:2602
2025-03-31 00:35:21.464 124354 DEBUG oslo_service.service [req-150f5437-1e27-4334-8320-f14ca3d378f3 - - - - -] logging_default_format_string = %(asctime)s.%(msecs)03d %(process)d %(levelname)s %(name)s [-] %(instance)s%(message)s log_opt_values /usr/lib/python3/dist-packages/oslo_config/cfg.py:2602
2025-03-31 00:35:21.464 124354 DEBUG oslo_service.service [req-150f5437-1e27-4334-8320-f14ca3d378f3 - - - - -] logging_exception_prefix = %(asctime)s.%(msecs)03d %(process)d ERROR %(name)s %(instance)s log_opt_values /usr/lib/python3/dist-packages/oslo_config/cfg.py:2602
2025-03-31 00:35:21.466 124354 DEBUG oslo_service.service [req-150f5437-1e27-4334-8320-f14ca3d378f3 - - - - -] logging_user_identity_format = %(user)s %(project)s %(domain)s %(user_domain)s %(project_domain)s log_opt_values /usr/lib/python3/dist-packages/oslo_config/cfg.py:2602
2025-03-31 00:35:21.466 124354 DEBUG oslo_service.service [req-150f5437-1e27-4334-8320-f14ca3d378f3 - - - - -] long_rpc_timeout = 1800 log_opt_values /usr/lib/python3/dist-packages/oslo_config/cfg.py:2602
2025-03-31 00:35:21.466 124354 DEBUG oslo_service.service [req-150f5437-1e27-4334-8320-f14ca3d378f3 - - - - -] max_concurrent_builds = 10 log_opt_values /usr/lib/python3/dist-packages/oslo_config/cfg.py:2602
2025-03-31 00:35:21.467 124354 DEBUG oslo_service.service [req-150f5437-1e27-4334-8320-f14ca3d378f3 - - - - -] max_concurrent_live_migrations = 1 log_opt_values /usr/lib/python3/dist-packages/oslo_config/cfg.py:2602
2025-03-31 00:35:21.467 124354 DEBUG oslo_service.service [req-150f5437-1e27-4334-8320-f14ca3d378f3 - - - - -] max_concurrent_snapshots = 5 log_opt_values /usr/lib/python3/dist-packages/oslo_config/cfg.py:2602
2025-03-31 00:35:21.467 124354 DEBUG oslo_service.service [req-150f5437-1e27-4334-8320-f14ca3d378f3 - - - - -] max_local_block_devices = 3 log_opt_values /usr/lib/python3/dist-packages/oslo_config/cfg.py:2602
2025-03-31 00:35:21.468 124354 DEBUG oslo_service.service [req-150f5437-1e27-4334-8320-f14ca3d378f3 - - - - -] max_logfile_count = 30 log_opt_values /usr/lib/python3/dist-packages/oslo_config/cfg.py:2602
2025-03-31 00:35:21.468 124354 DEBUG oslo_service.service [req-150f5437-1e27-4334-8320-f14ca3d378f3 - - - - -] max_logfile_size_mb = 200 log_opt_values /usr/lib/python3/dist-packages/oslo_config/cfg.py:2602
2025-03-31 00:35:21.468 124354 DEBUG oslo_service.service [req-150f5437-1e27-4334-8320-f14ca3d378f3 - - - - -] maximum_instance_delete_attempts = 5 log_opt_values /usr/lib/python3/dist-packages/oslo_config/cfg.py:2602
2025-03-31 00:35:21.469 124354 DEBUG oslo_service.service [req-150f5437-1e27-4334-8320-f14ca3d378f3 - - - - -] metadata_listen = 0.0.0.0 log_opt_values /usr/lib/python3/dist-packages/oslo_config/cfg.py:2602
2025-03-31 00:35:21.469 124354 DEBUG oslo_service.service [req-150f5437-1e27-4334-8320-f14ca3d378f3 - - - - -] metadata_listen_port = 8765 log_opt_values /usr/lib/python3/dist-packages/oslo_config/cfg.py:2602
2025-03-31 00:35:21.470 124354 DEBUG oslo_service.service [req-150f5437-1e27-4334-8320-f14ca3d378f3 - - - - -] metadata_workers = None log_opt_values /usr/lib/python3/dist-packages/oslo_config/cfg.py:2602
2025-03-31 00:35:21.471 124354 DEBUG oslo_service.service [req-150f5437-1e27-4334-8320-f14ca3d378f3 - - - - -] migrate_max_retries = -1 log_opt_values /usr/lib/python3/dist-packages/oslo_config/cfg.py:2602
2025-03-31 00:35:21.471 124354 DEBUG oslo_service.service [req-150f5437-1e27-4334-8320-f14ca3d378f3 - - - - -] mkisofs_cmd = genisoimage log_opt_values /usr/lib/python3/dist-packages/oslo_config/cfg.py:2602
2025-03-31 00:35:21.472 124354 DEBUG oslo_service.service [req-150f5437-1e27-4334-8320-f14ca3d378f3 - - - - -] my_block_storage_ip = 252.17.181.178 log_opt_values /usr/lib/python3/dist-packages/oslo_config/cfg.py:2602
2025-03-31 00:35:21.472 124354 DEBUG oslo_service.service [req-150f5437-1e27-4334-8320-f14ca3d378f3 - - - - -] my_ip = 252.17.181.178 log_opt_values /usr/lib/python3/dist-packages/oslo_config/cfg.py:2602
2025-03-31 00:35:21.473 124354 DEBUG oslo_service.service [req-150f5437-1e27-4334-8320-f14ca3d378f3 - - - - -] network_allocate_retries = 0 log_opt_values /usr/lib/python3/dist-packages/oslo_config/cfg.py:2602
2025-03-31 00:35:21.474 124354 DEBUG oslo_service.service [req-150f5437-1e27-4334-8320-f14ca3d378f3 - - - - -] non_inheritable_image_properties = ['cache_in_nova', 'bittorrent'] log_opt_values /usr/lib/python3/dist-packages/oslo_config/cfg.py:2602
2025-03-31 00:35:21.474 124354 DEBUG oslo_service.service [req-150f5437-1e27-4334-8320-f14ca3d378f3 - - - - -] osapi_compute_listen = 0.0.0.0 log_opt_values /usr/lib/python3/dist-packages/oslo_config/cfg.py:2602
2025-03-31 00:35:21.475 124354 DEBUG oslo_service.service [req-150f5437-1e27-4334-8320-f14ca3d378f3 - - - - -] osapi_compute_listen_port = 8764 log_opt_values /usr/lib/python3/dist-packages/oslo_config/cfg.py:2602
2025-03-31 00:35:21.476 124354 DEBUG oslo_service.service [req-150f5437-1e27-4334-8320-f14ca3d378f3 - - - - -] osapi_compute_unique_server_name_scope = log_opt_values /usr/lib/python3/dist-packages/oslo_config/cfg.py:2602
2025-03-31 00:35:21.476 124354 DEBUG oslo_service.service [req-150f5437-1e27-4334-8320-f14ca3d378f3 - - - - -] osapi_compute_workers = 4 log_opt_values /usr/lib/python3/dist-packages/oslo_config/cfg.py:2602
2025-03-31 00:35:21.477 124354 DEBUG oslo_service.service [req-150f5437-1e27-4334-8320-f14ca3d378f3 - - - - -] password_length = 12 log_opt_values /usr/lib/python3/dist-packages/oslo_config/cfg.py:2602
2025-03-31 00:35:21.478 124354 DEBUG oslo_service.service [req-150f5437-1e27-4334-8320-f14ca3d378f3 - - - - -] periodic_enable = True log_opt_values /usr/lib/python3/dist-packages/oslo_config/cfg.py:2602
2025-03-31 00:35:21.479 124354 DEBUG oslo_service.service [req-150f5437-1e27-4334-8320-f14ca3d378f3 - - - - -] periodic_fuzzy_delay = 60 log_opt_values /usr/lib/python3/dist-packages/oslo_config/cfg.py:2602
2025-03-31 00:35:21.479 124354 DEBUG oslo_service.service [req-150f5437-1e27-4334-8320-f14ca3d378f3 - - - - -] pointer_model = usbtablet log_opt_values /usr/lib/python3/dist-packages/oslo_config/cfg.py:2602
2025-03-31 00:35:21.480 124354 DEBUG oslo_service.service [req-150f5437-1e27-4334-8320-f14ca3d378f3 - - - - -] preallocate_images = none log_opt_values /usr/lib/python3/dist-packages/oslo_config/cfg.py:2602
2025-03-31 00:35:21.480 124354 DEBUG oslo_service.service [req-150f5437-1e27-4334-8320-f14ca3d378f3 - - - - -] publish_errors = False log_opt_values /usr/lib/python3/dist-packages/oslo_config/cfg.py:2602
2025-03-31 00:35:21.480 124354 DEBUG oslo_service.service [req-150f5437-1e27-4334-8320-f14ca3d378f3 - - - - -] pybasedir = /usr/lib/python3/dist-packages log_opt_values /usr/lib/python3/dist-packages/oslo_config/cfg.py:2602
2025-03-31 00:35:21.480 124354 DEBUG oslo_service.service [req-150f5437-1e27-4334-8320-f14ca3d378f3 - - - - -] ram_allocation_ratio = 0.98 log_opt_values /usr/lib/python3/dist-packages/oslo_config/cfg.py:2602
2025-03-31 00:35:21.481 124354 DEBUG oslo_service.service [req-150f5437-1e27-4334-8320-f14ca3d378f3 - - - - -] rate_limit_burst = 0 log_opt_values /usr/lib/python3/dist-packages/oslo_config/cfg.py:2602
2025-03-31 00:35:21.481 124354 DEBUG oslo_service.service [req-150f5437-1e27-4334-8320-f14ca3d378f3 - - - - -] rate_limit_except_level = CRITICAL log_opt_values /usr/lib/python3/dist-packages/oslo_config/cfg.py:2602
2025-03-31 00:35:21.481 124354 DEBUG oslo_service.service [req-150f5437-1e27-4334-8320-f14ca3d378f3 - - - - -] rate_limit_interval = 0 log_opt_values /usr/lib/python3/dist-packages/oslo_config/cfg.py:2602
2025-03-31 00:35:21.482 124354 DEBUG oslo_service.service [req-150f5437-1e27-4334-8320-f14ca3d378f3 - - - - -] reboot_timeout = 0 log_opt_values /usr/lib/python3/dist-packages/oslo_config/cfg.py:2602
2025-03-31 00:35:21.482 124354 DEBUG oslo_service.service [req-150f5437-1e27-4334-8320-f14ca3d378f3 - - - - -] reclaim_instance_interval = 0 log_opt_values /usr/lib/python3/dist-packages/oslo_config/cfg.py:2602
2025-03-31 00:35:21.482 124354 DEBUG oslo_service.service [req-150f5437-1e27-4334-8320-f14ca3d378f3 - - - - -] record = None log_opt_values /usr/lib/python3/dist-packages/oslo_config/cfg.py:2602
2025-03-31 00:35:21.482 124354 DEBUG oslo_service.service [req-150f5437-1e27-4334-8320-f14ca3d378f3 - - - - -] report_interval = 10 log_opt_values /usr/lib/python3/dist-packages/oslo_config/cfg.py:2602
2025-03-31 00:35:21.483 124354 DEBUG oslo_service.service [req-150f5437-1e27-4334-8320-f14ca3d378f3 - - - - -] rescue_timeout = 0 log_opt_values /usr/lib/python3/dist-packages/oslo_config/cfg.py:2602
2025-03-31 00:35:21.486 124354 DEBUG oslo_service.service [req-150f5437-1e27-4334-8320-f14ca3d378f3 - - - - -] reserved_host_cpus = 0 log_opt_values /usr/lib/python3/dist-packages/oslo_config/cfg.py:2602
2025-03-31 00:35:21.486 124354 DEBUG oslo_service.service [req-150f5437-1e27-4334-8320-f14ca3d378f3 - - - - -] reserved_host_disk_mb = 0 log_opt_values /usr/lib/python3/dist-packages/oslo_config/cfg.py:2602
2025-03-31 00:35:21.486 124354 DEBUG oslo_service.service [req-150f5437-1e27-4334-8320-f14ca3d378f3 - - - - -] reserved_host_memory_mb = 512 log_opt_values /usr/lib/python3/dist-packages/oslo_config/cfg.py:2602
2025-03-31 00:35:21.487 124354 DEBUG oslo_service.service [req-150f5437-1e27-4334-8320-f14ca3d378f3 - - - - -] reserved_huge_pages = None log_opt_values /usr/lib/python3/dist-packages/oslo_config/cfg.py:2602
2025-03-31 00:35:21.487 125321 DEBUG oslo_messaging._drivers.amqpdriver [-] Listener is running poll /usr/lib/python3/dist-packages/oslo_messaging/_drivers/amqpdriver.py:343
2025-03-31 00:35:21.488 124354 DEBUG oslo_service.service [req-150f5437-1e27-4334-8320-f14ca3d378f3 - - - - -] resize_confirm_window = 0 log_opt_values /usr/lib/python3/dist-packages/oslo_config/cfg.py:2602
2025-03-31 00:35:21.488 125321 DEBUG oslo_messaging._drivers.amqpdriver [-] AMQPListener connection consume poll /usr/lib/python3/dist-packages/oslo_messaging/_drivers/amqpdriver.py:357
2025-03-31 00:35:21.488 125321 DEBUG nova.service [req-d5f515b5-b539-445b-96f5-cc6c9ad845a7 - - - - -] Join ServiceGroup membership for this service scheduler start /usr/lib/python3/dist-packages/nova/service.py:199
2025-03-31 00:35:21.488 124354 DEBUG oslo_service.service [req-150f5437-1e27-4334-8320-f14ca3d378f3 - - - - -] resize_fs_using_block_device = False log_opt_values /usr/lib/python3/dist-packages/oslo_config/cfg.py:2602
2025-03-31 00:35:21.489 124354 DEBUG oslo_service.service [req-150f5437-1e27-4334-8320-f14ca3d378f3 - - - - -] resume_guests_state_on_host_boot = False log_opt_values /usr/lib/python3/dist-packages/oslo_config/cfg.py:2602
2025-03-31 00:35:21.489 125321 DEBUG nova.servicegroup.drivers.db [req-d5f515b5-b539-445b-96f5-cc6c9ad845a7 - - - - -] DB_Driver: join new ServiceGroup member juju-72d370-0-lxd-7 to the scheduler group, service = join /usr/lib/python3/dist-packages/nova/servicegroup/drivers/db.py:44
2025-03-31 00:35:21.489 124354 DEBUG oslo_service.service [req-150f5437-1e27-4334-8320-f14ca3d378f3 - - - - -] rootwrap_config = /etc/nova/rootwrap.conf log_opt_values /usr/lib/python3/dist-packages/oslo_config/cfg.py:2602
2025-03-31 00:35:21.490 124354 DEBUG oslo_service.service [req-150f5437-1e27-4334-8320-f14ca3d378f3 - - - - -] run_external_periodic_tasks = True log_opt_values /usr/lib/python3/dist-packages/oslo_config/cfg.py:2602
2025-03-31 00:35:21.491 124354 DEBUG oslo_service.service [req-150f5437-1e27-4334-8320-f14ca3d378f3 - - - - -] running_deleted_instance_action = reap log_opt_values /usr/lib/python3/dist-packages/oslo_config/cfg.py:2602
2025-03-31 00:35:21.491 124354 DEBUG oslo_service.service [req-150f5437-1e27-4334-8320-f14ca3d378f3 - - - - -] running_deleted_instance_poll_interval = 1800 log_opt_values /usr/lib/python3/dist-packages/oslo_config/cfg.py:2602
2025-03-31 00:35:21.492 125321 DEBUG oslo_messaging._drivers.amqpdriver [-] AMQPListener connection timeout poll /usr/lib/python3/dist-packages/oslo_messaging/_drivers/amqpdriver.py:360
2025-03-31 00:35:21.492 125321 DEBUG oslo_messaging._drivers.amqpdriver [-] Listener is running poll /usr/lib/python3/dist-packages/oslo_messaging/_drivers/amqpdriver.py:343
2025-03-31 00:35:21.492 125321 DEBUG oslo_messaging._drivers.amqpdriver [-] AMQPListener connection consume poll /usr/lib/python3/dist-packages/oslo_messaging/_drivers/amqpdriver.py:357
2025-03-31 00:35:21.491 124354 DEBUG oslo_service.service [req-150f5437-1e27-4334-8320-f14ca3d378f3 - - - - -] running_deleted_instance_timeout = 0 log_opt_values /usr/lib/python3/dist-packages/oslo_config/cfg.py:2602
2025-03-31 00:35:21.492 124354 DEBUG oslo_service.service [req-150f5437-1e27-4334-8320-f14ca3d378f3 - - - - -] scheduler_instance_sync_interval = 120 log_opt_values /usr/lib/python3/dist-packages/oslo_config/cfg.py:2602
2025-03-31 00:35:21.493 124354 DEBUG oslo_service.service [req-150f5437-1e27-4334-8320-f14ca3d378f3 - - - - -] service_down_time = 60 log_opt_values /usr/lib/python3/dist-packages/oslo_config/cfg.py:2602
2025-03-31 00:35:21.493 124354 DEBUG oslo_service.service [req-150f5437-1e27-4334-8320-f14ca3d378f3 - - - - -] servicegroup_driver = db log_opt_values /usr/lib/python3/dist-packages/oslo_config/cfg.py:2602
2025-03-31 00:35:21.494 124354 DEBUG oslo_service.service [req-150f5437-1e27-4334-8320-f14ca3d378f3 - - - - -] shelved_offload_time = 0 log_opt_values /usr/lib/python3/dist-packages/oslo_config/cfg.py:2602
2025-03-31 00:35:21.494 124354 DEBUG oslo_service.service [req-150f5437-1e27-4334-8320-f14ca3d378f3 - - - - -] shelved_poll_interval = 3600 log_opt_values /usr/lib/python3/dist-packages/oslo_config/cfg.py:2602
2025-03-31 00:35:21.494 124354 DEBUG oslo_service.service [req-150f5437-1e27-4334-8320-f14ca3d378f3 - - - - -] shutdown_timeout = 60 log_opt_values /usr/lib/python3/dist-packages/oslo_config/cfg.py:2602
2025-03-31 00:35:21.495 124354 DEBUG oslo_service.service [req-150f5437-1e27-4334-8320-f14ca3d378f3 - - - - -] source_is_ipv6 = False log_opt_values /usr/lib/python3/dist-packages/oslo_config/cfg.py:2602
2025-03-31 00:35:21.496 124354 DEBUG oslo_service.service [req-150f5437-1e27-4334-8320-f14ca3d378f3 - - - - -] ssl_only = False log_opt_values /usr/lib/python3/dist-packages/oslo_config/cfg.py:2602
2025-03-31 00:35:21.496 124354 DEBUG oslo_service.service [req-150f5437-1e27-4334-8320-f14ca3d378f3 - - - - -] state_path = /var/lib/nova log_opt_values /usr/lib/python3/dist-packages/oslo_config/cfg.py:2602
2025-03-31 00:35:21.496 124354 DEBUG oslo_service.service [req-150f5437-1e27-4334-8320-f14ca3d378f3 - - - - -] sync_power_state_interval = 600 log_opt_values /usr/lib/python3/dist-packages/oslo_config/cfg.py:2602
2025-03-31 00:35:21.497 124354 DEBUG oslo_service.service [req-150f5437-1e27-4334-8320-f14ca3d378f3 - - - - -] sync_power_state_pool_size = 1000 log_opt_values /usr/lib/python3/dist-packages/oslo_config/cfg.py:2602
2025-03-31 00:35:21.497 124354 DEBUG oslo_service.service [req-150f5437-1e27-4334-8320-f14ca3d378f3 - - - - -] syslog_log_facility = LOG_USER log_opt_values /usr/lib/python3/dist-packages/oslo_config/cfg.py:2602
2025-03-31 00:35:21.497 124354 DEBUG oslo_service.service [req-150f5437-1e27-4334-8320-f14ca3d378f3 - - - - -] tempdir = None log_opt_values /usr/lib/python3/dist-packages/oslo_config/cfg.py:2602
2025-03-31 00:35:21.498 124354 DEBUG oslo_service.service [req-150f5437-1e27-4334-8320-f14ca3d378f3 - - - - -] timeout_nbd = 10 log_opt_values /usr/lib/python3/dist-packages/oslo_config/cfg.py:2602
2025-03-31 00:35:21.498 124354 DEBUG oslo_service.service [req-150f5437-1e27-4334-8320-f14ca3d378f3 - - - - -] transport_url = **** log_opt_values /usr/lib/python3/dist-packages/oslo_config/cfg.py:2602
2025-03-31 00:35:21.498 124354 DEBUG oslo_service.service [req-150f5437-1e27-4334-8320-f14ca3d378f3 - - - - -] update_resources_interval = 0 log_opt_values /usr/lib/python3/dist-packages/oslo_config/cfg.py:2602
2025-03-31 00:35:21.498 124354 DEBUG oslo_service.service [req-150f5437-1e27-4334-8320-f14ca3d378f3 - - - - -] use_cow_images = True log_opt_values /usr/lib/python3/dist-packages/oslo_config/cfg.py:2602
2025-03-31 00:35:21.499 124354 DEBUG oslo_service.service [req-150f5437-1e27-4334-8320-f14ca3d378f3 - - - - -] use_eventlog = False log_opt_values /usr/lib/python3/dist-packages/oslo_config/cfg.py:2602
2025-03-31 00:35:21.499 124354 DEBUG oslo_service.service [req-150f5437-1e27-4334-8320-f14ca3d378f3 - - - - -] use_journal = False log_opt_values /usr/lib/python3/dist-packages/oslo_config/cfg.py:2602
2025-03-31 00:35:21.499 124354 DEBUG oslo_service.service [req-150f5437-1e27-4334-8320-f14ca3d378f3 - - - - -] use_json = False log_opt_values /usr/lib/python3/dist-packages/oslo_config/cfg.py:2602
2025-03-31 00:35:21.499 124354 DEBUG oslo_service.service [req-150f5437-1e27-4334-8320-f14ca3d378f3 - - - - -] use_rootwrap_daemon = False log_opt_values /usr/lib/python3/dist-packages/oslo_config/cfg.py:2602
2025-03-31 00:35:21.499 124354 DEBUG oslo_service.service [req-150f5437-1e27-4334-8320-f14ca3d378f3 - - - - -] use_stderr = False log_opt_values /usr/lib/python3/dist-packages/oslo_config/cfg.py:2602
2025-03-31 00:35:21.500 124354 DEBUG oslo_service.service [req-150f5437-1e27-4334-8320-f14ca3d378f3 - - - - -] use_syslog = False log_opt_values /usr/lib/python3/dist-packages/oslo_config/cfg.py:2602
2025-03-31 00:35:21.500 124354 DEBUG oslo_service.service [req-150f5437-1e27-4334-8320-f14ca3d378f3 - - - - -] vcpu_pin_set = None log_opt_values /usr/lib/python3/dist-packages/oslo_config/cfg.py:2602
2025-03-31 00:35:21.500 124354 DEBUG oslo_service.service [req-150f5437-1e27-4334-8320-f14ca3d378f3 - - - - -] vif_plugging_is_fatal = True log_opt_values /usr/lib/python3/dist-packages/oslo_config/cfg.py:2602
2025-03-31 00:35:21.500 124354 DEBUG oslo_service.service [req-150f5437-1e27-4334-8320-f14ca3d378f3 - - - - -] vif_plugging_timeout = 300 log_opt_values /usr/lib/python3/dist-packages/oslo_config/cfg.py:2602
2025-03-31 00:35:21.501 124354 DEBUG oslo_service.service [req-150f5437-1e27-4334-8320-f14ca3d378f3 - - - - -] virt_mkfs = [] log_opt_values /usr/lib/python3/dist-packages/oslo_config/cfg.py:2602
2025-03-31 00:35:21.501 124354 DEBUG oslo_service.service [req-150f5437-1e27-4334-8320-f14ca3d378f3 - - - - -] volume_usage_poll_interval = 0 log_opt_values /usr/lib/python3/dist-packages/oslo_config/cfg.py:2602
2025-03-31 00:35:21.501 124354 DEBUG oslo_service.service [req-150f5437-1e27-4334-8320-f14ca3d378f3 - - - - -] watch_log_file = False log_opt_values /usr/lib/python3/dist-packages/oslo_config/cfg.py:2602
2025-03-31 00:35:21.502 124354 DEBUG oslo_service.service [req-150f5437-1e27-4334-8320-f14ca3d378f3 - - - - -] web = /usr/share/spice-html5 log_opt_values /usr/lib/python3/dist-packages/oslo_config/cfg.py:2602
2025-03-31 00:35:21.502 124354 DEBUG oslo_service.service [req-150f5437-1e27-4334-8320-f14ca3d378f3 - - - - -] oslo_concurrency.disable_process_locking = False log_opt_values /usr/lib/python3/dist-packages/oslo_config/cfg.py:2609
2025-03-31 00:35:21.502 124354 DEBUG oslo_service.service [req-150f5437-1e27-4334-8320-f14ca3d378f3 - - - - -] oslo_concurrency.lock_path = /var/lock/nova log_opt_values /usr/lib/python3/dist-packages/oslo_config/cfg.py:2609
2025-03-31 00:35:21.503 124354 WARNING oslo_config.cfg [req-150f5437-1e27-4334-8320-f14ca3d378f3 - - - - -] Deprecated: Option "auth_strategy" from group "api" is deprecated for removal ( The only non-default choice, ``noauth2``, is for internal development and testing purposes only and should not be used in deployments. This option and its middleware, NoAuthMiddleware[V2_18], will be removed in a future release. ). Its value may be silently ignored in the future.
2025-03-31 00:35:21.503 124354 DEBUG oslo_service.service [req-150f5437-1e27-4334-8320-f14ca3d378f3 - - - - -] api.auth_strategy = keystone log_opt_values /usr/lib/python3/dist-packages/oslo_config/cfg.py:2609
2025-03-31 00:35:21.503 124354 DEBUG oslo_service.service [req-150f5437-1e27-4334-8320-f14ca3d378f3 - - - - -] api.compute_link_prefix = None log_opt_values /usr/lib/python3/dist-packages/oslo_config/cfg.py:2609
2025-03-31 00:35:21.504 124354 DEBUG oslo_service.service [req-150f5437-1e27-4334-8320-f14ca3d378f3 - - - - -] api.config_drive_skip_versions = 1.0 2007-01-19 2007-03-01 2007-08-29 2007-10-10 2007-12-15 2008-02-01 2008-09-01 log_opt_values /usr/lib/python3/dist-packages/oslo_config/cfg.py:2609
2025-03-31 00:35:21.504 124354 DEBUG oslo_service.service [req-150f5437-1e27-4334-8320-f14ca3d378f3 - - - - -] api.dhcp_domain = novalocal log_opt_values /usr/lib/python3/dist-packages/oslo_config/cfg.py:2609
2025-03-31 00:35:21.504 124354 DEBUG oslo_service.service [req-150f5437-1e27-4334-8320-f14ca3d378f3 - - - - -] api.enable_instance_password = True log_opt_values /usr/lib/python3/dist-packages/oslo_config/cfg.py:2609
2025-03-31 00:35:21.505 124354 DEBUG oslo_service.service [req-150f5437-1e27-4334-8320-f14ca3d378f3 - - - - -] api.glance_link_prefix = None log_opt_values /usr/lib/python3/dist-packages/oslo_config/cfg.py:2609
2025-03-31 00:35:21.505 124354 DEBUG oslo_service.service [req-150f5437-1e27-4334-8320-f14ca3d378f3 - - - - -] api.instance_list_cells_batch_fixed_size = 100 log_opt_values /usr/lib/python3/dist-packages/oslo_config/cfg.py:2609
2025-03-31 00:35:21.505 124354 DEBUG oslo_service.service [req-150f5437-1e27-4334-8320-f14ca3d378f3 - - - - -] api.instance_list_cells_batch_strategy = distributed log_opt_values /usr/lib/python3/dist-packages/oslo_config/cfg.py:2609
2025-03-31 00:35:21.505 124354 DEBUG oslo_service.service [req-150f5437-1e27-4334-8320-f14ca3d378f3 - - - - -] api.instance_list_per_project_cells = False log_opt_values /usr/lib/python3/dist-packages/oslo_config/cfg.py:2609
2025-03-31 00:35:21.506 124354 DEBUG oslo_service.service [req-150f5437-1e27-4334-8320-f14ca3d378f3 - - - - -] api.list_records_by_skipping_down_cells = True log_opt_values /usr/lib/python3/dist-packages/oslo_config/cfg.py:2609
2025-03-31 00:35:21.506 124354 DEBUG oslo_service.service [req-150f5437-1e27-4334-8320-f14ca3d378f3 - - - - -] api.local_metadata_per_cell = False log_opt_values /usr/lib/python3/dist-packages/oslo_config/cfg.py:2609
2025-03-31 00:35:21.506 124354 DEBUG oslo_service.service [req-150f5437-1e27-4334-8320-f14ca3d378f3 - - - - -] api.max_limit = 1000 log_opt_values /usr/lib/python3/dist-packages/oslo_config/cfg.py:2609
2025-03-31 00:35:21.506 124354 DEBUG oslo_service.service [req-150f5437-1e27-4334-8320-f14ca3d378f3 - - - - -] api.metadata_cache_expiration = 15 log_opt_values /usr/lib/python3/dist-packages/oslo_config/cfg.py:2609
2025-03-31 00:35:21.507 124354 DEBUG oslo_service.service [req-150f5437-1e27-4334-8320-f14ca3d378f3 - - - - -] api.neutron_default_tenant_id = default log_opt_values /usr/lib/python3/dist-packages/oslo_config/cfg.py:2609
2025-03-31 00:35:21.507 124354 DEBUG oslo_service.service [req-150f5437-1e27-4334-8320-f14ca3d378f3 - - - - -] api.use_forwarded_for = False log_opt_values /usr/lib/python3/dist-packages/oslo_config/cfg.py:2609
2025-03-31 00:35:21.507 124354 DEBUG oslo_service.service [req-150f5437-1e27-4334-8320-f14ca3d378f3 - - - - -] api.use_neutron_default_nets = False log_opt_values /usr/lib/python3/dist-packages/oslo_config/cfg.py:2609
2025-03-31 00:35:21.508 124354 DEBUG oslo_service.service [req-150f5437-1e27-4334-8320-f14ca3d378f3 - - - - -] api.vendordata_dynamic_connect_timeout = 5 log_opt_values /usr/lib/python3/dist-packages/oslo_config/cfg.py:2609
2025-03-31 00:35:21.508 124354 DEBUG oslo_service.service [req-150f5437-1e27-4334-8320-f14ca3d378f3 - - - - -] api.vendordata_dynamic_failure_fatal = False log_opt_values /usr/lib/python3/dist-packages/oslo_config/cfg.py:2609
2025-03-31 00:35:21.508 124354 DEBUG oslo_service.service [req-150f5437-1e27-4334-8320-f14ca3d378f3 - - - - -] api.vendordata_dynamic_read_timeout = 5 log_opt_values /usr/lib/python3/dist-packages/oslo_config/cfg.py:2609
2025-03-31 00:35:21.508 124354 DEBUG oslo_service.service [req-150f5437-1e27-4334-8320-f14ca3d378f3 - - - - -] api.vendordata_dynamic_ssl_certfile = log_opt_values /usr/lib/python3/dist-packages/oslo_config/cfg.py:2609
2025-03-31 00:35:21.509 124354 DEBUG oslo_service.service [req-150f5437-1e27-4334-8320-f14ca3d378f3 - - - - -] api.vendordata_dynamic_targets = [] log_opt_values /usr/lib/python3/dist-packages/oslo_config/cfg.py:2609
2025-03-31 00:35:21.509 124354 DEBUG oslo_service.service [req-150f5437-1e27-4334-8320-f14ca3d378f3 - - - - -] api.vendordata_jsonfile_path = None log_opt_values /usr/lib/python3/dist-packages/oslo_config/cfg.py:2609
2025-03-31 00:35:21.509 124354 DEBUG oslo_service.service [req-150f5437-1e27-4334-8320-f14ca3d378f3 - - - - -] api.vendordata_providers = ['StaticJSON'] log_opt_values /usr/lib/python3/dist-packages/oslo_config/cfg.py:2609
2025-03-31 00:35:21.510 124354 DEBUG oslo_service.service [req-150f5437-1e27-4334-8320-f14ca3d378f3 - - - - -] cache.backend = dogpile.cache.null log_opt_values /usr/lib/python3/dist-packages/oslo_config/cfg.py:2609
2025-03-31 00:35:21.510 124354 DEBUG oslo_service.service [req-150f5437-1e27-4334-8320-f14ca3d378f3 - - - - -] cache.backend_argument = **** log_opt_values /usr/lib/python3/dist-packages/oslo_config/cfg.py:2609
2025-03-31 00:35:21.510 124354 DEBUG oslo_service.service [req-150f5437-1e27-4334-8320-f14ca3d378f3 - - - - -] cache.config_prefix = cache.oslo log_opt_values /usr/lib/python3/dist-packages/oslo_config/cfg.py:2609
2025-03-31 00:35:21.510 124354 DEBUG oslo_service.service [req-150f5437-1e27-4334-8320-f14ca3d378f3 - - - - -] cache.debug_cache_backend = False log_opt_values /usr/lib/python3/dist-packages/oslo_config/cfg.py:2609
2025-03-31 00:35:21.511 124354 DEBUG oslo_service.service [req-150f5437-1e27-4334-8320-f14ca3d378f3 - - - - -] cache.enabled = False log_opt_values /usr/lib/python3/dist-packages/oslo_config/cfg.py:2609
2025-03-31 00:35:21.511 124354 DEBUG oslo_service.service [req-150f5437-1e27-4334-8320-f14ca3d378f3 - - - - -] cache.expiration_time = 600 log_opt_values /usr/lib/python3/dist-packages/oslo_config/cfg.py:2609
2025-03-31 00:35:21.511 124354 DEBUG oslo_service.service [req-150f5437-1e27-4334-8320-f14ca3d378f3 - - - - -] cache.memcache_dead_retry = 300 log_opt_values /usr/lib/python3/dist-packages/oslo_config/cfg.py:2609
2025-03-31 00:35:21.511 124354 DEBUG oslo_service.service [req-150f5437-1e27-4334-8320-f14ca3d378f3 - - - - -] cache.memcache_pool_connection_get_timeout = 10 log_opt_values /usr/lib/python3/dist-packages/oslo_config/cfg.py:2609
