2025-03-31 00:35:59.537 139305 DEBUG oslo_service.service [req-854e24ff-1b03-43fd-b72b-65c6f637199d - - - - -] use_stderr = False log_opt_values /usr/lib/python3/dist-packages/oslo_config/cfg.py:2602
2025-03-31 00:35:59.537 139305 DEBUG oslo_service.service [req-854e24ff-1b03-43fd-b72b-65c6f637199d - - - - -] use_syslog = False log_opt_values /usr/lib/python3/dist-packages/oslo_config/cfg.py:2602
2025-03-31 00:35:59.537 139305 DEBUG oslo_service.service [req-854e24ff-1b03-43fd-b72b-65c6f637199d - - - - -] vcpu_pin_set = None log_opt_values /usr/lib/python3/dist-packages/oslo_config/cfg.py:2602
2025-03-31 00:35:59.537 139739 DEBUG nova.service [req-c9967fbf-0768-48a1-8e18-590c95c42a00 - - - - -] Creating RPC server for service scheduler start /usr/lib/python3/dist-packages/nova/service.py:182
2025-03-31 00:35:59.537 139305 DEBUG oslo_service.service [req-854e24ff-1b03-43fd-b72b-65c6f637199d - - - - -] vif_plugging_is_fatal = True log_opt_values /usr/lib/python3/dist-packages/oslo_config/cfg.py:2602
2025-03-31 00:35:59.537 139305 DEBUG oslo_service.service [req-854e24ff-1b03-43fd-b72b-65c6f637199d - - - - -] vif_plugging_timeout = 300 log_opt_values /usr/lib/python3/dist-packages/oslo_config/cfg.py:2602
2025-03-31 00:35:59.538 139305 DEBUG oslo_service.service [req-854e24ff-1b03-43fd-b72b-65c6f637199d - - - - -] virt_mkfs = [] log_opt_values /usr/lib/python3/dist-packages/oslo_config/cfg.py:2602
2025-03-31 00:35:59.538 139305 DEBUG oslo_service.service [req-854e24ff-1b03-43fd-b72b-65c6f637199d - - - - -] volume_usage_poll_interval = 0 log_opt_values /usr/lib/python3/dist-packages/oslo_config/cfg.py:2602
2025-03-31 00:35:59.538 139305 DEBUG oslo_service.service [req-854e24ff-1b03-43fd-b72b-65c6f637199d - - - - -] watch_log_file = False log_opt_values /usr/lib/python3/dist-packages/oslo_config/cfg.py:2602
2025-03-31 00:35:59.538 139305 DEBUG oslo_service.service [req-854e24ff-1b03-43fd-b72b-65c6f637199d - - - - -] web = /usr/share/spice-html5 log_opt_values /usr/lib/python3/dist-packages/oslo_config/cfg.py:2602
2025-03-31 00:35:59.539 139305 DEBUG oslo_service.service [req-854e24ff-1b03-43fd-b72b-65c6f637199d - - - - -] oslo_concurrency.disable_process_locking = False log_opt_values /usr/lib/python3/dist-packages/oslo_config/cfg.py:2609
2025-03-31 00:35:59.539 139305 DEBUG oslo_service.service [req-854e24ff-1b03-43fd-b72b-65c6f637199d - - - - -] oslo_concurrency.lock_path = /var/lock/nova log_opt_values /usr/lib/python3/dist-packages/oslo_config/cfg.py:2609
2025-03-31 00:35:59.539 139305 WARNING oslo_config.cfg [req-854e24ff-1b03-43fd-b72b-65c6f637199d - - - - -] Deprecated: Option "auth_strategy" from group "api" is deprecated for removal ( The only non-default choice, ``noauth2``, is for internal development and testing purposes only and should not be used in deployments. This option and its middleware, NoAuthMiddleware[V2_18], will be removed in a future release. ). Its value may be silently ignored in the future.
2025-03-31 00:35:59.539 139305 DEBUG oslo_service.service [req-854e24ff-1b03-43fd-b72b-65c6f637199d - - - - -] api.auth_strategy = keystone log_opt_values /usr/lib/python3/dist-packages/oslo_config/cfg.py:2609
2025-03-31 00:35:59.540 139305 DEBUG oslo_service.service [req-854e24ff-1b03-43fd-b72b-65c6f637199d - - - - -] api.compute_link_prefix = None log_opt_values /usr/lib/python3/dist-packages/oslo_config/cfg.py:2609
2025-03-31 00:35:59.540 139305 DEBUG oslo_service.service [req-854e24ff-1b03-43fd-b72b-65c6f637199d - - - - -] api.config_drive_skip_versions = 1.0 2007-01-19 2007-03-01 2007-08-29 2007-10-10 2007-12-15 2008-02-01 2008-09-01 log_opt_values /usr/lib/python3/dist-packages/oslo_config/cfg.py:2609
2025-03-31 00:35:59.540 139305 DEBUG oslo_service.service [req-854e24ff-1b03-43fd-b72b-65c6f637199d - - - - -] api.dhcp_domain = novalocal log_opt_values /usr/lib/python3/dist-packages/oslo_config/cfg.py:2609
2025-03-31 00:35:59.540 139305 DEBUG oslo_service.service [req-854e24ff-1b03-43fd-b72b-65c6f637199d - - - - -] api.enable_instance_password = True log_opt_values /usr/lib/python3/dist-packages/oslo_config/cfg.py:2609
2025-03-31 00:35:59.540 139305 DEBUG oslo_service.service [req-854e24ff-1b03-43fd-b72b-65c6f637199d - - - - -] api.glance_link_prefix = None log_opt_values /usr/lib/python3/dist-packages/oslo_config/cfg.py:2609
2025-03-31 00:35:59.541 139305 DEBUG oslo_service.service [req-854e24ff-1b03-43fd-b72b-65c6f637199d - - - - -] api.instance_list_cells_batch_fixed_size = 100 log_opt_values /usr/lib/python3/dist-packages/oslo_config/cfg.py:2609
2025-03-31 00:35:59.541 139305 DEBUG oslo_service.service [req-854e24ff-1b03-43fd-b72b-65c6f637199d - - - - -] api.instance_list_cells_batch_strategy = distributed log_opt_values /usr/lib/python3/dist-packages/oslo_config/cfg.py:2609
2025-03-31 00:35:59.541 139305 DEBUG oslo_service.service [req-854e24ff-1b03-43fd-b72b-65c6f637199d - - - - -] api.instance_list_per_project_cells = False log_opt_values /usr/lib/python3/dist-packages/oslo_config/cfg.py:2609
2025-03-31 00:35:59.541 139305 DEBUG oslo_service.service [req-854e24ff-1b03-43fd-b72b-65c6f637199d - - - - -] api.list_records_by_skipping_down_cells = True log_opt_values /usr/lib/python3/dist-packages/oslo_config/cfg.py:2609
2025-03-31 00:35:59.542 139305 DEBUG oslo_service.service [req-854e24ff-1b03-43fd-b72b-65c6f637199d - - - - -] api.local_metadata_per_cell = False log_opt_values /usr/lib/python3/dist-packages/oslo_config/cfg.py:2609
2025-03-31 00:35:59.542 139305 DEBUG oslo_service.service [req-854e24ff-1b03-43fd-b72b-65c6f637199d - - - - -] api.max_limit = 1000 log_opt_values /usr/lib/python3/dist-packages/oslo_config/cfg.py:2609
2025-03-31 00:35:59.542 139305 DEBUG oslo_service.service [req-854e24ff-1b03-43fd-b72b-65c6f637199d - - - - -] api.metadata_cache_expiration = 15 log_opt_values /usr/lib/python3/dist-packages/oslo_config/cfg.py:2609
2025-03-31 00:35:59.542 139305 DEBUG oslo_service.service [req-854e24ff-1b03-43fd-b72b-65c6f637199d - - - - -] api.neutron_default_tenant_id = default log_opt_values /usr/lib/python3/dist-packages/oslo_config/cfg.py:2609
2025-03-31 00:35:59.542 139305 DEBUG oslo_service.service [req-854e24ff-1b03-43fd-b72b-65c6f637199d - - - - -] api.use_forwarded_for = False log_opt_values /usr/lib/python3/dist-packages/oslo_config/cfg.py:2609
2025-03-31 00:35:59.542 139305 DEBUG oslo_service.service [req-854e24ff-1b03-43fd-b72b-65c6f637199d - - - - -] api.use_neutron_default_nets = False log_opt_values /usr/lib/python3/dist-packages/oslo_config/cfg.py:2609
2025-03-31 00:35:59.543 139305 DEBUG oslo_service.service [req-854e24ff-1b03-43fd-b72b-65c6f637199d - - - - -] api.vendordata_dynamic_connect_timeout = 5 log_opt_values /usr/lib/python3/dist-packages/oslo_config/cfg.py:2609
2025-03-31 00:35:59.544 139305 DEBUG oslo_service.service [req-854e24ff-1b03-43fd-b72b-65c6f637199d - - - - -] api.vendordata_dynamic_failure_fatal = False log_opt_values /usr/lib/python3/dist-packages/oslo_config/cfg.py:2609
2025-03-31 00:35:59.544 139305 DEBUG oslo_service.service [req-854e24ff-1b03-43fd-b72b-65c6f637199d - - - - -] api.vendordata_dynamic_read_timeout = 5 log_opt_values /usr/lib/python3/dist-packages/oslo_config/cfg.py:2609
2025-03-31 00:35:59.545 139305 DEBUG oslo_service.service [req-854e24ff-1b03-43fd-b72b-65c6f637199d - - - - -] api.vendordata_dynamic_ssl_certfile = log_opt_values /usr/lib/python3/dist-packages/oslo_config/cfg.py:2609
2025-03-31 00:35:59.545 139305 DEBUG oslo_service.service [req-854e24ff-1b03-43fd-b72b-65c6f637199d - - - - -] api.vendordata_dynamic_targets = [] log_opt_values /usr/lib/python3/dist-packages/oslo_config/cfg.py:2609
2025-03-31 00:35:59.546 139305 DEBUG oslo_service.service [req-854e24ff-1b03-43fd-b72b-65c6f637199d - - - - -] api.vendordata_jsonfile_path = None log_opt_values /usr/lib/python3/dist-packages/oslo_config/cfg.py:2609
2025-03-31 00:35:59.546 139305 DEBUG oslo_service.service [req-854e24ff-1b03-43fd-b72b-65c6f637199d - - - - -] api.vendordata_providers = ['StaticJSON'] log_opt_values /usr/lib/python3/dist-packages/oslo_config/cfg.py:2609
2025-03-31 00:35:59.546 139305 DEBUG oslo_service.service [req-854e24ff-1b03-43fd-b72b-65c6f637199d - - - - -] cache.backend = dogpile.cache.null log_opt_values /usr/lib/python3/dist-packages/oslo_config/cfg.py:2609
2025-03-31 00:35:59.547 139305 DEBUG oslo_service.service [req-854e24ff-1b03-43fd-b72b-65c6f637199d - - - - -] cache.backend_argument = **** log_opt_values /usr/lib/python3/dist-packages/oslo_config/cfg.py:2609
2025-03-31 00:35:59.548 139305 DEBUG oslo_service.service [req-854e24ff-1b03-43fd-b72b-65c6f637199d - - - - -] cache.config_prefix = cache.oslo log_opt_values /usr/lib/python3/dist-packages/oslo_config/cfg.py:2609
2025-03-31 00:35:59.549 139305 DEBUG oslo_service.service [req-854e24ff-1b03-43fd-b72b-65c6f637199d - - - - -] cache.debug_cache_backend = False log_opt_values /usr/lib/python3/dist-packages/oslo_config/cfg.py:2609
2025-03-31 00:35:59.550 139305 DEBUG oslo_service.service [req-854e24ff-1b03-43fd-b72b-65c6f637199d - - - - -] cache.enabled = False log_opt_values /usr/lib/python3/dist-packages/oslo_config/cfg.py:2609
2025-03-31 00:35:59.550 139305 DEBUG oslo_service.service [req-854e24ff-1b03-43fd-b72b-65c6f637199d - - - - -] cache.expiration_time = 600 log_opt_values /usr/lib/python3/dist-packages/oslo_config/cfg.py:2609
2025-03-31 00:35:59.553 139737 DEBUG oslo_messaging._drivers.amqpdriver [-] Listener is running poll /usr/lib/python3/dist-packages/oslo_messaging/_drivers/amqpdriver.py:343
2025-03-31 00:35:59.554 139737 DEBUG oslo_messaging._drivers.amqpdriver [-] AMQPListener connection consume poll /usr/lib/python3/dist-packages/oslo_messaging/_drivers/amqpdriver.py:357
2025-03-31 00:35:59.553 139305 DEBUG oslo_service.service [req-854e24ff-1b03-43fd-b72b-65c6f637199d - - - - -] cache.memcache_dead_retry = 300 log_opt_values /usr/lib/python3/dist-packages/oslo_config/cfg.py:2609
2025-03-31 00:35:59.554 139305 DEBUG oslo_service.service [req-854e24ff-1b03-43fd-b72b-65c6f637199d - - - - -] cache.memcache_pool_connection_get_timeout = 10 log_opt_values /usr/lib/python3/dist-packages/oslo_config/cfg.py:2609
2025-03-31 00:35:59.554 139737 DEBUG nova.service [req-a4040b46-f7a4-4a5a-a7e5-0717e59f97b8 - - - - -] Join ServiceGroup membership for this service scheduler start /usr/lib/python3/dist-packages/nova/service.py:199
2025-03-31 00:35:59.555 139305 DEBUG oslo_service.service [req-854e24ff-1b03-43fd-b72b-65c6f637199d - - - - -] cache.memcache_pool_flush_on_reconnect = False log_opt_values /usr/lib/python3/dist-packages/oslo_config/cfg.py:2609
2025-03-31 00:35:59.554 139736 DEBUG oslo_messaging._drivers.amqpdriver [-] Listener is running poll /usr/lib/python3/dist-packages/oslo_messaging/_drivers/amqpdriver.py:343
2025-03-31 00:35:59.555 139736 DEBUG oslo_messaging._drivers.amqpdriver [-] AMQPListener connection consume poll /usr/lib/python3/dist-packages/oslo_messaging/_drivers/amqpdriver.py:357
2025-03-31 00:35:59.555 139737 DEBUG nova.servicegroup.drivers.db [req-a4040b46-f7a4-4a5a-a7e5-0717e59f97b8 - - - - -] DB_Driver: join new ServiceGroup member juju-72d370-0-lxd-7 to the scheduler group, service = join /usr/lib/python3/dist-packages/nova/servicegroup/drivers/db.py:44
2025-03-31 00:35:59.555 139738 DEBUG oslo_messaging._drivers.amqpdriver [-] Listener is running poll /usr/lib/python3/dist-packages/oslo_messaging/_drivers/amqpdriver.py:343
2025-03-31 00:35:59.555 139305 DEBUG oslo_service.service [req-854e24ff-1b03-43fd-b72b-65c6f637199d - - - - -] cache.memcache_pool_maxsize = 10 log_opt_values /usr/lib/python3/dist-packages/oslo_config/cfg.py:2609
2025-03-31 00:35:59.556 139738 DEBUG oslo_messaging._drivers.amqpdriver [-] AMQPListener connection consume poll /usr/lib/python3/dist-packages/oslo_messaging/_drivers/amqpdriver.py:357
2025-03-31 00:35:59.556 139736 DEBUG nova.service [req-b6f8dd2c-96ab-4ad1-b6e4-382d4987f005 - - - - -] Join ServiceGroup membership for this service scheduler start /usr/lib/python3/dist-packages/nova/service.py:199
2025-03-31 00:35:59.556 139305 DEBUG oslo_service.service [req-854e24ff-1b03-43fd-b72b-65c6f637199d - - - - -] cache.memcache_pool_unused_timeout = 60 log_opt_values /usr/lib/python3/dist-packages/oslo_config/cfg.py:2609
2025-03-31 00:35:59.556 139736 DEBUG nova.servicegroup.drivers.db [req-b6f8dd2c-96ab-4ad1-b6e4-382d4987f005 - - - - -] DB_Driver: join new ServiceGroup member juju-72d370-0-lxd-7 to the scheduler group, service = join /usr/lib/python3/dist-packages/nova/servicegroup/drivers/db.py:44
2025-03-31 00:35:59.556 139305 DEBUG oslo_service.service [req-854e24ff-1b03-43fd-b72b-65c6f637199d - - - - -] cache.memcache_servers = ['localhost:11211'] log_opt_values /usr/lib/python3/dist-packages/oslo_config/cfg.py:2609
2025-03-31 00:35:59.556 139305 DEBUG oslo_service.service [req-854e24ff-1b03-43fd-b72b-65c6f637199d - - - - -] cache.memcache_socket_timeout = 1.0 log_opt_values /usr/lib/python3/dist-packages/oslo_config/cfg.py:2609
2025-03-31 00:35:59.557 139305 DEBUG oslo_service.service [req-854e24ff-1b03-43fd-b72b-65c6f637199d - - - - -] cache.proxies = [] log_opt_values /usr/lib/python3/dist-packages/oslo_config/cfg.py:2609
2025-03-31 00:35:59.557 139737 DEBUG oslo_messaging._drivers.amqpdriver [-] AMQPListener connection timeout poll /usr/lib/python3/dist-packages/oslo_messaging/_drivers/amqpdriver.py:360
2025-03-31 00:35:59.557 139737 DEBUG oslo_messaging._drivers.amqpdriver [-] Listener is running poll /usr/lib/python3/dist-packages/oslo_messaging/_drivers/amqpdriver.py:343
2025-03-31 00:35:59.557 139737 DEBUG oslo_messaging._drivers.amqpdriver [-] AMQPListener connection consume poll /usr/lib/python3/dist-packages/oslo_messaging/_drivers/amqpdriver.py:357
2025-03-31 00:35:59.557 139305 DEBUG oslo_service.service [req-854e24ff-1b03-43fd-b72b-65c6f637199d - - - - -] cache.tls_allowed_ciphers = None log_opt_values /usr/lib/python3/dist-packages/oslo_config/cfg.py:2609
2025-03-31 00:35:59.558 139305 DEBUG oslo_service.service [req-854e24ff-1b03-43fd-b72b-65c6f637199d - - - - -] cache.tls_cafile = None log_opt_values /usr/lib/python3/dist-packages/oslo_config/cfg.py:2609
2025-03-31 00:35:59.558 139305 DEBUG oslo_service.service [req-854e24ff-1b03-43fd-b72b-65c6f637199d - - - - -] cache.tls_certfile = None log_opt_values /usr/lib/python3/dist-packages/oslo_config/cfg.py:2609
2025-03-31 00:35:59.558 139305 DEBUG oslo_service.service [req-854e24ff-1b03-43fd-b72b-65c6f637199d - - - - -] cache.tls_enabled = False log_opt_values /usr/lib/python3/dist-packages/oslo_config/cfg.py:2609
2025-03-31 00:35:59.558 139305 DEBUG oslo_service.service [req-854e24ff-1b03-43fd-b72b-65c6f637199d - - - - -] cache.tls_keyfile = None log_opt_values /usr/lib/python3/dist-packages/oslo_config/cfg.py:2609
2025-03-31 00:35:59.558 139305 DEBUG oslo_service.service [req-854e24ff-1b03-43fd-b72b-65c6f637199d - - - - -] cinder.auth_section = None log_opt_values /usr/lib/python3/dist-packages/oslo_config/cfg.py:2609
2025-03-31 00:35:59.559 139736 DEBUG oslo_messaging._drivers.amqpdriver [-] AMQPListener connection timeout poll /usr/lib/python3/dist-packages/oslo_messaging/_drivers/amqpdriver.py:360
2025-03-31 00:35:59.558 139738 DEBUG nova.service [req-169ea75f-c595-480e-9645-1273aa028d1b - - - - -] Join ServiceGroup membership for this service scheduler start /usr/lib/python3/dist-packages/nova/service.py:199
2025-03-31 00:35:59.559 139305 DEBUG oslo_service.service [req-854e24ff-1b03-43fd-b72b-65c6f637199d - - - - -] cinder.auth_type = None log_opt_values /usr/lib/python3/dist-packages/oslo_config/cfg.py:2609
2025-03-31 00:35:59.559 139736 DEBUG oslo_messaging._drivers.amqpdriver [-] Listener is running poll /usr/lib/python3/dist-packages/oslo_messaging/_drivers/amqpdriver.py:343
2025-03-31 00:35:59.559 139736 DEBUG oslo_messaging._drivers.amqpdriver [-] AMQPListener connection consume poll /usr/lib/python3/dist-packages/oslo_messaging/_drivers/amqpdriver.py:357
2025-03-31 00:35:59.559 139305 DEBUG oslo_service.service [req-854e24ff-1b03-43fd-b72b-65c6f637199d - - - - -] cinder.cafile = None log_opt_values /usr/lib/python3/dist-packages/oslo_config/cfg.py:2609
2025-03-31 00:35:59.559 139738 DEBUG nova.servicegroup.drivers.db [req-169ea75f-c595-480e-9645-1273aa028d1b - - - - -] DB_Driver: join new ServiceGroup member juju-72d370-0-lxd-7 to the scheduler group, service = join /usr/lib/python3/dist-packages/nova/servicegroup/drivers/db.py:44
2025-03-31 00:35:59.559 139305 DEBUG oslo_service.service [req-854e24ff-1b03-43fd-b72b-65c6f637199d - - - - -] cinder.catalog_info = volumev3::publicURL log_opt_values /usr/lib/python3/dist-packages/oslo_config/cfg.py:2609
2025-03-31 00:35:59.560 139305 DEBUG oslo_service.service [req-854e24ff-1b03-43fd-b72b-65c6f637199d - - - - -] cinder.certfile = None log_opt_values /usr/lib/python3/dist-packages/oslo_config/cfg.py:2609
2025-03-31 00:35:59.560 139305 DEBUG oslo_service.service [req-854e24ff-1b03-43fd-b72b-65c6f637199d - - - - -] cinder.collect_timing = False log_opt_values /usr/lib/python3/dist-packages/oslo_config/cfg.py:2609
2025-03-31 00:35:59.560 139305 DEBUG oslo_service.service [req-854e24ff-1b03-43fd-b72b-65c6f637199d - - - - -] cinder.cross_az_attach = True log_opt_values /usr/lib/python3/dist-packages/oslo_config/cfg.py:2609
2025-03-31 00:35:59.560 139305 DEBUG oslo_service.service [req-854e24ff-1b03-43fd-b72b-65c6f637199d - - - - -] cinder.debug = False log_opt_values /usr/lib/python3/dist-packages/oslo_config/cfg.py:2609
2025-03-31 00:35:59.560 139305 DEBUG oslo_service.service [req-854e24ff-1b03-43fd-b72b-65c6f637199d - - - - -] cinder.endpoint_template = None log_opt_values /usr/lib/python3/dist-packages/oslo_config/cfg.py:2609
2025-03-31 00:35:59.560 139305 DEBUG oslo_service.service [req-854e24ff-1b03-43fd-b72b-65c6f637199d - - - - -] cinder.http_retries = 3 log_opt_values /usr/lib/python3/dist-packages/oslo_config/cfg.py:2609
2025-03-31 00:35:59.561 139305 DEBUG oslo_service.service [req-854e24ff-1b03-43fd-b72b-65c6f637199d - - - - -] cinder.insecure = False log_opt_values /usr/lib/python3/dist-packages/oslo_config/cfg.py:2609
2025-03-31 00:35:59.561 139305 DEBUG oslo_service.service [req-854e24ff-1b03-43fd-b72b-65c6f637199d - - - - -] cinder.keyfile = None log_opt_values /usr/lib/python3/dist-packages/oslo_config/cfg.py:2609
2025-03-31 00:35:59.561 139305 DEBUG oslo_service.service [req-854e24ff-1b03-43fd-b72b-65c6f637199d - - - - -] cinder.os_region_name = None log_opt_values /usr/lib/python3/dist-packages/oslo_config/cfg.py:2609
2025-03-31 00:35:59.561 139305 DEBUG oslo_service.service [req-854e24ff-1b03-43fd-b72b-65c6f637199d - - - - -] cinder.split_loggers = False log_opt_values /usr/lib/python3/dist-packages/oslo_config/cfg.py:2609
2025-03-31 00:35:59.561 139305 DEBUG oslo_service.service [req-854e24ff-1b03-43fd-b72b-65c6f637199d - - - - -] cinder.timeout = None log_opt_values /usr/lib/python3/dist-packages/oslo_config/cfg.py:2609
2025-03-31 00:35:59.562 139305 DEBUG oslo_service.service [req-854e24ff-1b03-43fd-b72b-65c6f637199d - - - - -] compute.consecutive_build_service_disable_threshold = 10 log_opt_values /usr/lib/python3/dist-packages/oslo_config/cfg.py:2609
2025-03-31 00:35:59.562 139305 DEBUG oslo_service.service [req-854e24ff-1b03-43fd-b72b-65c6f637199d - - - - -] compute.cpu_dedicated_set = None log_opt_values /usr/lib/python3/dist-packages/oslo_config/cfg.py:2609
2025-03-31 00:35:59.562 139305 DEBUG oslo_service.service [req-854e24ff-1b03-43fd-b72b-65c6f637199d - - - - -] compute.cpu_shared_set = None log_opt_values /usr/lib/python3/dist-packages/oslo_config/cfg.py:2609
2025-03-31 00:35:59.562 139305 DEBUG oslo_service.service [req-854e24ff-1b03-43fd-b72b-65c6f637199d - - - - -] compute.image_type_exclude_list = [] log_opt_values /usr/lib/python3/dist-packages/oslo_config/cfg.py:2609
2025-03-31 00:35:59.563 139305 DEBUG oslo_service.service [req-854e24ff-1b03-43fd-b72b-65c6f637199d - - - - -] compute.live_migration_wait_for_vif_plug = True log_opt_values /usr/lib/python3/dist-packages/oslo_config/cfg.py:2609
2025-03-31 00:35:59.563 139738 DEBUG oslo_messaging._drivers.amqpdriver [-] AMQPListener connection timeout poll /usr/lib/python3/dist-packages/oslo_messaging/_drivers/amqpdriver.py:360
2025-03-31 00:35:59.563 139305 DEBUG oslo_service.service [req-854e24ff-1b03-43fd-b72b-65c6f637199d - - - - -] compute.max_concurrent_disk_ops = 0 log_opt_values /usr/lib/python3/dist-packages/oslo_config/cfg.py:2609
2025-03-31 00:35:59.564 139738 DEBUG oslo_messaging._drivers.amqpdriver [-] Listener is running poll /usr/lib/python3/dist-packages/oslo_messaging/_drivers/amqpdriver.py:343
2025-03-31 00:35:59.564 139738 DEBUG oslo_messaging._drivers.amqpdriver [-] AMQPListener connection consume poll /usr/lib/python3/dist-packages/oslo_messaging/_drivers/amqpdriver.py:357
2025-03-31 00:35:59.564 139305 DEBUG oslo_service.service [req-854e24ff-1b03-43fd-b72b-65c6f637199d - - - - -] compute.max_disk_devices_to_attach = -1 log_opt_values /usr/lib/python3/dist-packages/oslo_config/cfg.py:2609
2025-03-31 00:35:59.564 139305 DEBUG oslo_service.service [req-854e24ff-1b03-43fd-b72b-65c6f637199d - - - - -] compute.packing_host_numa_cells_allocation_strategy = True log_opt_values /usr/lib/python3/dist-packages/oslo_config/cfg.py:2609
2025-03-31 00:35:59.565 139305 DEBUG oslo_service.service [req-854e24ff-1b03-43fd-b72b-65c6f637199d - - - - -] compute.provider_config_location = /etc/nova/provider_config/ log_opt_values /usr/lib/python3/dist-packages/oslo_config/cfg.py:2609
2025-03-31 00:35:59.565 139305 DEBUG oslo_service.service [req-854e24ff-1b03-43fd-b72b-65c6f637199d - - - - -] compute.resource_provider_association_refresh = 300 log_opt_values /usr/lib/python3/dist-packages/oslo_config/cfg.py:2609
2025-03-31 00:35:59.565 139739 DEBUG oslo_messaging._drivers.amqpdriver [-] Listener is running poll /usr/lib/python3/dist-packages/oslo_messaging/_drivers/amqpdriver.py:343
2025-03-31 00:35:59.565 139305 DEBUG oslo_service.service [req-854e24ff-1b03-43fd-b72b-65c6f637199d - - - - -] compute.shutdown_retry_interval = 10 log_opt_values /usr/lib/python3/dist-packages/oslo_config/cfg.py:2609
2025-03-31 00:35:59.565 139739 DEBUG oslo_messaging._drivers.amqpdriver [-] AMQPListener connection consume poll /usr/lib/python3/dist-packages/oslo_messaging/_drivers/amqpdriver.py:357
2025-03-31 00:35:59.565 139305 DEBUG oslo_service.service [req-854e24ff-1b03-43fd-b72b-65c6f637199d - - - - -] compute.vmdk_allowed_types = ['streamOptimized', 'monolithicSparse'] log_opt_values /usr/lib/python3/dist-packages/oslo_config/cfg.py:2609
2025-03-31 00:35:59.565 139305 DEBUG oslo_service.service [req-854e24ff-1b03-43fd-b72b-65c6f637199d - - - - -] conductor.workers = 4 log_opt_values /usr/lib/python3/dist-packages/oslo_config/cfg.py:2609
2025-03-31 00:35:59.565 139739 DEBUG nova.service [req-c9967fbf-0768-48a1-8e18-590c95c42a00 - - - - -] Join ServiceGroup membership for this service scheduler start /usr/lib/python3/dist-packages/nova/service.py:199
2025-03-31 00:35:59.566 139305 DEBUG oslo_service.service [req-854e24ff-1b03-43fd-b72b-65c6f637199d - - - - -] console.allowed_origins = [] log_opt_values /usr/lib/python3/dist-packages/oslo_config/cfg.py:2609
2025-03-31 00:35:59.566 139305 DEBUG oslo_service.service [req-854e24ff-1b03-43fd-b72b-65c6f637199d - - - - -] console.ssl_ciphers = None log_opt_values /usr/lib/python3/dist-packages/oslo_config/cfg.py:2609
2025-03-31 00:35:59.566 139739 DEBUG nova.servicegroup.drivers.db [req-c9967fbf-0768-48a1-8e18-590c95c42a00 - - - - -] DB_Driver: join new ServiceGroup member juju-72d370-0-lxd-7 to the scheduler group, service = join /usr/lib/python3/dist-packages/nova/servicegroup/drivers/db.py:44
2025-03-31 00:35:59.566 139305 DEBUG oslo_service.service [req-854e24ff-1b03-43fd-b72b-65c6f637199d - - - - -] console.ssl_minimum_version = default log_opt_values /usr/lib/python3/dist-packages/oslo_config/cfg.py:2609
2025-03-31 00:35:59.566 139305 DEBUG oslo_service.service [req-854e24ff-1b03-43fd-b72b-65c6f637199d - - - - -] consoleauth.token_ttl = 600 log_opt_values /usr/lib/python3/dist-packages/oslo_config/cfg.py:2609
2025-03-31 00:35:59.566 139305 DEBUG oslo_service.service [req-854e24ff-1b03-43fd-b72b-65c6f637199d - - - - -] cyborg.cafile = None log_opt_values /usr/lib/python3/dist-packages/oslo_config/cfg.py:2609
2025-03-31 00:35:59.567 139305 DEBUG oslo_service.service [req-854e24ff-1b03-43fd-b72b-65c6f637199d - - - - -] cyborg.certfile = None log_opt_values /usr/lib/python3/dist-packages/oslo_config/cfg.py:2609
2025-03-31 00:35:59.567 139305 DEBUG oslo_service.service [req-854e24ff-1b03-43fd-b72b-65c6f637199d - - - - -] cyborg.collect_timing = False log_opt_values /usr/lib/python3/dist-packages/oslo_config/cfg.py:2609
2025-03-31 00:35:59.567 139305 DEBUG oslo_service.service [req-854e24ff-1b03-43fd-b72b-65c6f637199d - - - - -] cyborg.connect_retries = None log_opt_values /usr/lib/python3/dist-packages/oslo_config/cfg.py:2609
2025-03-31 00:35:59.567 139305 DEBUG oslo_service.service [req-854e24ff-1b03-43fd-b72b-65c6f637199d - - - - -] cyborg.connect_retry_delay = None log_opt_values /usr/lib/python3/dist-packages/oslo_config/cfg.py:2609
2025-03-31 00:35:59.567 139305 DEBUG oslo_service.service [req-854e24ff-1b03-43fd-b72b-65c6f637199d - - - - -] cyborg.endpoint_override = None log_opt_values /usr/lib/python3/dist-packages/oslo_config/cfg.py:2609
2025-03-31 00:35:59.568 139305 DEBUG oslo_service.service [req-854e24ff-1b03-43fd-b72b-65c6f637199d - - - - -] cyborg.insecure = False log_opt_values /usr/lib/python3/dist-packages/oslo_config/cfg.py:2609
2025-03-31 00:35:59.568 139305 DEBUG oslo_service.service [req-854e24ff-1b03-43fd-b72b-65c6f637199d - - - - -] cyborg.keyfile = None log_opt_values /usr/lib/python3/dist-packages/oslo_config/cfg.py:2609
2025-03-31 00:35:59.568 139305 DEBUG oslo_service.service [req-854e24ff-1b03-43fd-b72b-65c6f637199d - - - - -] cyborg.max_version = None log_opt_values /usr/lib/python3/dist-packages/oslo_config/cfg.py:2609
2025-03-31 00:35:59.568 139305 DEBUG oslo_service.service [req-854e24ff-1b03-43fd-b72b-65c6f637199d - - - - -] cyborg.min_version = None log_opt_values /usr/lib/python3/dist-packages/oslo_config/cfg.py:2609
2025-03-31 00:35:59.568 139305 DEBUG oslo_service.service [req-854e24ff-1b03-43fd-b72b-65c6f637199d - - - - -] cyborg.region_name = None log_opt_values /usr/lib/python3/dist-packages/oslo_config/cfg.py:2609
2025-03-31 00:35:59.568 139739 DEBUG oslo_messaging._drivers.amqpdriver [-] AMQPListener connection timeout poll /usr/lib/python3/dist-packages/oslo_messaging/_drivers/amqpdriver.py:360
2025-03-31 00:35:59.568 139305 DEBUG oslo_service.service [req-854e24ff-1b03-43fd-b72b-65c6f637199d - - - - -] cyborg.service_name = None log_opt_values /usr/lib/python3/dist-packages/oslo_config/cfg.py:2609
2025-03-31 00:35:59.568 139739 DEBUG oslo_messaging._drivers.amqpdriver [-] Listener is running poll /usr/lib/python3/dist-packages/oslo_messaging/_drivers/amqpdriver.py:343
2025-03-31 00:35:59.568 139305 DEBUG oslo_service.service [req-854e24ff-1b03-43fd-b72b-65c6f637199d - - - - -] cyborg.service_type = accelerator log_opt_values /usr/lib/python3/dist-packages/oslo_config/cfg.py:2609
2025-03-31 00:35:59.569 139739 DEBUG oslo_messaging._drivers.amqpdriver [-] AMQPListener connection consume poll /usr/lib/python3/dist-packages/oslo_messaging/_drivers/amqpdriver.py:357
2025-03-31 00:35:59.569 139305 DEBUG oslo_service.service [req-854e24ff-1b03-43fd-b72b-65c6f637199d - - - - -] cyborg.split_loggers = False log_opt_values /usr/lib/python3/dist-packages/oslo_config/cfg.py:2609
2025-03-31 00:35:59.569 139305 DEBUG oslo_service.service [req-854e24ff-1b03-43fd-b72b-65c6f637199d - - - - -] cyborg.status_code_retries = None log_opt_values /usr/lib/python3/dist-packages/oslo_config/cfg.py:2609
2025-03-31 00:35:59.569 139305 DEBUG oslo_service.service [req-854e24ff-1b03-43fd-b72b-65c6f637199d - - - - -] cyborg.status_code_retry_delay = None log_opt_values /usr/lib/python3/dist-packages/oslo_config/cfg.py:2609
2025-03-31 00:35:59.569 139305 DEBUG oslo_service.service [req-854e24ff-1b03-43fd-b72b-65c6f637199d - - - - -] cyborg.timeout = None log_opt_values /usr/lib/python3/dist-packages/oslo_config/cfg.py:2609
2025-03-31 00:35:59.569 139305 DEBUG oslo_service.service [req-854e24ff-1b03-43fd-b72b-65c6f637199d - - - - -] cyborg.valid_interfaces = ['internal', 'public'] log_opt_values /usr/lib/python3/dist-packages/oslo_config/cfg.py:2609
2025-03-31 00:35:59.569 139305 DEBUG oslo_service.service [req-854e24ff-1b03-43fd-b72b-65c6f637199d - - - - -] cyborg.version = None log_opt_values /usr/lib/python3/dist-packages/oslo_config/cfg.py:2609
2025-03-31 00:35:59.570 139305 DEBUG oslo_service.service [req-854e24ff-1b03-43fd-b72b-65c6f637199d - - - - -] database.backend = sqlalchemy log_opt_values /usr/lib/python3/dist-packages/oslo_config/cfg.py:2609
2025-03-31 00:35:59.570 139305 DEBUG oslo_service.service [req-854e24ff-1b03-43fd-b72b-65c6f637199d - - - - -] database.connection = **** log_opt_values /usr/lib/python3/dist-packages/oslo_config/cfg.py:2609
2025-03-31 00:35:59.570 139305 DEBUG oslo_service.service [req-854e24ff-1b03-43fd-b72b-65c6f637199d - - - - -] database.connection_debug = 0 log_opt_values /usr/lib/python3/dist-packages/oslo_config/cfg.py:2609
2025-03-31 00:35:59.570 139305 DEBUG oslo_service.service [req-854e24ff-1b03-43fd-b72b-65c6f637199d - - - - -] database.connection_parameters = log_opt_values /usr/lib/python3/dist-packages/oslo_config/cfg.py:2609
2025-03-31 00:35:59.570 139305 DEBUG oslo_service.service [req-854e24ff-1b03-43fd-b72b-65c6f637199d - - - - -] database.connection_recycle_time = 3600 log_opt_values /usr/lib/python3/dist-packages/oslo_config/cfg.py:2609
2025-03-31 00:35:59.571 139305 DEBUG oslo_service.service [req-854e24ff-1b03-43fd-b72b-65c6f637199d - - - - -] database.connection_trace = False log_opt_values /usr/lib/python3/dist-packages/oslo_config/cfg.py:2609
2025-03-31 00:35:59.571 139305 DEBUG oslo_service.service [req-854e24ff-1b03-43fd-b72b-65c6f637199d - - - - -] database.db_inc_retry_interval = True log_opt_values /usr/lib/python3/dist-packages/oslo_config/cfg.py:2609
2025-03-31 00:35:59.571 139305 DEBUG oslo_service.service [req-854e24ff-1b03-43fd-b72b-65c6f637199d - - - - -] database.db_max_retries = 20 log_opt_values /usr/lib/python3/dist-packages/oslo_config/cfg.py:2609
2025-03-31 00:35:59.571 139305 DEBUG oslo_service.service [req-854e24ff-1b03-43fd-b72b-65c6f637199d - - - - -] database.db_max_retry_interval = 10 log_opt_values /usr/lib/python3/dist-packages/oslo_config/cfg.py:2609
2025-03-31 00:35:59.571 139305 DEBUG oslo_service.service [req-854e24ff-1b03-43fd-b72b-65c6f637199d - - - - -] database.db_retry_interval = 1 log_opt_values /usr/lib/python3/dist-packages/oslo_config/cfg.py:2609
2025-03-31 00:35:59.571 139305 DEBUG oslo_service.service [req-854e24ff-1b03-43fd-b72b-65c6f637199d - - - - -] database.max_overflow = 50 log_opt_values /usr/lib/python3/dist-packages/oslo_config/cfg.py:2609
2025-03-31 00:35:59.572 139305 DEBUG oslo_service.service [req-854e24ff-1b03-43fd-b72b-65c6f637199d - - - - -] database.max_pool_size = 4 log_opt_values /usr/lib/python3/dist-packages/oslo_config/cfg.py:2609
2025-03-31 00:35:59.572 139305 DEBUG oslo_service.service [req-854e24ff-1b03-43fd-b72b-65c6f637199d - - - - -] database.max_retries = 10 log_opt_values /usr/lib/python3/dist-packages/oslo_config/cfg.py:2609
2025-03-31 00:35:59.572 139305 DEBUG oslo_service.service [req-854e24ff-1b03-43fd-b72b-65c6f637199d - - - - -] database.mysql_enable_ndb = False log_opt_values /usr/lib/python3/dist-packages/oslo_config/cfg.py:2609
2025-03-31 00:35:59.572 139305 DEBUG oslo_service.service [req-854e24ff-1b03-43fd-b72b-65c6f637199d - - - - -] database.mysql_sql_mode = TRADITIONAL log_opt_values /usr/lib/python3/dist-packages/oslo_config/cfg.py:2609
2025-03-31 00:35:59.572 139305 DEBUG oslo_service.service [req-854e24ff-1b03-43fd-b72b-65c6f637199d - - - - -] database.pool_timeout = None log_opt_values /usr/lib/python3/dist-packages/oslo_config/cfg.py:2609
2025-03-31 00:35:59.572 139305 DEBUG oslo_service.service [req-854e24ff-1b03-43fd-b72b-65c6f637199d - - - - -] database.retry_interval = 10 log_opt_values /usr/lib/python3/dist-packages/oslo_config/cfg.py:2609
2025-03-31 00:35:59.573 139305 DEBUG oslo_service.service [req-854e24ff-1b03-43fd-b72b-65c6f637199d - - - - -] database.slave_connection = **** log_opt_values /usr/lib/python3/dist-packages/oslo_config/cfg.py:2609
2025-03-31 00:35:59.573 139305 DEBUG oslo_service.service [req-854e24ff-1b03-43fd-b72b-65c6f637199d - - - - -] database.sqlite_synchronous = True log_opt_values /usr/lib/python3/dist-packages/oslo_config/cfg.py:2609
2025-03-31 00:35:59.573 139305 DEBUG oslo_service.service [req-854e24ff-1b03-43fd-b72b-65c6f637199d - - - - -] database.use_db_reconnect = False log_opt_values /usr/lib/python3/dist-packages/oslo_config/cfg.py:2609
2025-03-31 00:35:59.573 139305 DEBUG oslo_service.service [req-854e24ff-1b03-43fd-b72b-65c6f637199d - - - - -] api_database.backend = sqlalchemy log_opt_values /usr/lib/python3/dist-packages/oslo_config/cfg.py:2609
2025-03-31 00:35:59.573 139305 DEBUG oslo_service.service [req-854e24ff-1b03-43fd-b72b-65c6f637199d - - - - -] api_database.connection = **** log_opt_values /usr/lib/python3/dist-packages/oslo_config/cfg.py:2609
2025-03-31 00:35:59.573 139305 DEBUG oslo_service.service [req-854e24ff-1b03-43fd-b72b-65c6f637199d - - - - -] api_database.connection_debug = 0 log_opt_values /usr/lib/python3/dist-packages/oslo_config/cfg.py:2609
2025-03-31 00:35:59.574 139305 DEBUG oslo_service.service [req-854e24ff-1b03-43fd-b72b-65c6f637199d - - - - -] api_database.connection_parameters = log_opt_values /usr/lib/python3/dist-packages/oslo_config/cfg.py:2609
2025-03-31 00:35:59.574 139305 DEBUG oslo_service.service [req-854e24ff-1b03-43fd-b72b-65c6f637199d - - - - -] api_database.connection_recycle_time = 3600 log_opt_values /usr/lib/python3/dist-packages/oslo_config/cfg.py:2609
2025-03-31 00:35:59.574 139305 DEBUG oslo_service.service [req-854e24ff-1b03-43fd-b72b-65c6f637199d - - - - -] api_database.connection_trace = False log_opt_values /usr/lib/python3/dist-packages/oslo_config/cfg.py:2609
2025-03-31 00:35:59.574 139305 DEBUG oslo_service.service [req-854e24ff-1b03-43fd-b72b-65c6f637199d - - - - -] api_database.db_inc_retry_interval = True log_opt_values /usr/lib/python3/dist-packages/oslo_config/cfg.py:2609
2025-03-31 00:35:59.574 139305 DEBUG oslo_service.service [req-854e24ff-1b03-43fd-b72b-65c6f637199d - - - - -] api_database.db_max_retries = 20 log_opt_values /usr/lib/python3/dist-packages/oslo_config/cfg.py:2609
2025-03-31 00:35:59.574 139305 DEBUG oslo_service.service [req-854e24ff-1b03-43fd-b72b-65c6f637199d - - - - -] api_database.db_max_retry_interval = 10 log_opt_values /usr/lib/python3/dist-packages/oslo_config/cfg.py:2609
2025-03-31 00:35:59.574 139305 DEBUG oslo_service.service [req-854e24ff-1b03-43fd-b72b-65c6f637199d - - - - -] api_database.db_retry_interval = 1 log_opt_values /usr/lib/python3/dist-packages/oslo_config/cfg.py:2609
2025-03-31 00:35:59.575 139305 DEBUG oslo_service.service [req-854e24ff-1b03-43fd-b72b-65c6f637199d - - - - -] api_database.max_overflow = 50 log_opt_values /usr/lib/python3/dist-packages/oslo_config/cfg.py:2609
2025-03-31 00:35:59.575 139305 DEBUG oslo_service.service [req-854e24ff-1b03-43fd-b72b-65c6f637199d - - - - -] api_database.max_pool_size = 4 log_opt_values /usr/lib/python3/dist-packages/oslo_config/cfg.py:2609
2025-03-31 00:35:59.575 139305 DEBUG oslo_service.service [req-854e24ff-1b03-43fd-b72b-65c6f637199d - - - - -] api_database.max_retries = 10 log_opt_values /usr/lib/python3/dist-packages/oslo_config/cfg.py:2609
2025-03-31 00:35:59.575 139305 DEBUG oslo_service.service [req-854e24ff-1b03-43fd-b72b-65c6f637199d - - - - -] api_database.mysql_enable_ndb = False log_opt_values /usr/lib/python3/dist-packages/oslo_config/cfg.py:2609
2025-03-31 00:35:59.575 139305 DEBUG oslo_service.service [req-854e24ff-1b03-43fd-b72b-65c6f637199d - - - - -] api_database.mysql_sql_mode = TRADITIONAL log_opt_values /usr/lib/python3/dist-packages/oslo_config/cfg.py:2609
2025-03-31 00:35:59.575 139305 DEBUG oslo_service.service [req-854e24ff-1b03-43fd-b72b-65c6f637199d - - - - -] api_database.pool_timeout = None log_opt_values /usr/lib/python3/dist-packages/oslo_config/cfg.py:2609
2025-03-31 00:35:59.576 139305 DEBUG oslo_service.service [req-854e24ff-1b03-43fd-b72b-65c6f637199d - - - - -] api_database.retry_interval = 10 log_opt_values /usr/lib/python3/dist-packages/oslo_config/cfg.py:2609
2025-03-31 00:35:59.576 139305 DEBUG oslo_service.service [req-854e24ff-1b03-43fd-b72b-65c6f637199d - - - - -] api_database.slave_connection = **** log_opt_values /usr/lib/python3/dist-packages/oslo_config/cfg.py:2609
2025-03-31 00:35:59.576 139305 DEBUG oslo_service.service [req-854e24ff-1b03-43fd-b72b-65c6f637199d - - - - -] api_database.sqlite_synchronous = True log_opt_values /usr/lib/python3/dist-packages/oslo_config/cfg.py:2609
2025-03-31 00:35:59.576 139305 DEBUG oslo_service.service [req-854e24ff-1b03-43fd-b72b-65c6f637199d - - - - -] devices.enabled_mdev_types = [] log_opt_values /usr/lib/python3/dist-packages/oslo_config/cfg.py:2609
2025-03-31 00:35:59.576 139305 DEBUG oslo_service.service [req-854e24ff-1b03-43fd-b72b-65c6f637199d - - - - -] ephemeral_storage_encryption.cipher = aes-xts-plain64 log_opt_values /usr/lib/python3/dist-packages/oslo_config/cfg.py:2609
2025-03-31 00:35:59.576 139305 DEBUG oslo_service.service [req-854e24ff-1b03-43fd-b72b-65c6f637199d - - - - -] ephemeral_storage_encryption.enabled = False log_opt_values /usr/lib/python3/dist-packages/oslo_config/cfg.py:2609
2025-03-31 00:35:59.577 139305 DEBUG oslo_service.service [req-854e24ff-1b03-43fd-b72b-65c6f637199d - - - - -] ephemeral_storage_encryption.key_size = 512 log_opt_values /usr/lib/python3/dist-packages/oslo_config/cfg.py:2609
2025-03-31 00:35:59.577 139305 WARNING oslo_config.cfg [req-854e24ff-1b03-43fd-b72b-65c6f637199d - - - - -] Deprecated: Option "api_servers" from group "glance" is deprecated for removal ( Support for image service configuration via standard keystoneauth1 Adapter options was added in the 17.0.0 Queens release. The api_servers option was retained temporarily to allow consumers time to cut over to a real load balancing solution. ). Its value may be silently ignored in the future.
2025-03-31 00:35:59.577 139305 DEBUG oslo_service.service [req-854e24ff-1b03-43fd-b72b-65c6f637199d - - - - -] glance.api_servers = ['http://252.17.151.232:9292'] log_opt_values /usr/lib/python3/dist-packages/oslo_config/cfg.py:2609
2025-03-31 00:35:59.577 139305 DEBUG oslo_service.service [req-854e24ff-1b03-43fd-b72b-65c6f637199d - - - - -] glance.cafile = None log_opt_values /usr/lib/python3/dist-packages/oslo_config/cfg.py:2609
2025-03-31 00:35:59.577 139305 DEBUG oslo_service.service [req-854e24ff-1b03-43fd-b72b-65c6f637199d - - - - -] glance.certfile = None log_opt_values /usr/lib/python3/dist-packages/oslo_config/cfg.py:2609
2025-03-31 00:35:59.578 139305 DEBUG oslo_service.service [req-854e24ff-1b03-43fd-b72b-65c6f637199d - - - - -] glance.collect_timing = False log_opt_values /usr/lib/python3/dist-packages/oslo_config/cfg.py:2609
2025-03-31 00:35:59.578 139305 DEBUG oslo_service.service [req-854e24ff-1b03-43fd-b72b-65c6f637199d - - - - -] glance.connect_retries = None log_opt_values /usr/lib/python3/dist-packages/oslo_config/cfg.py:2609
2025-03-31 00:35:59.578 139305 DEBUG oslo_service.service [req-854e24ff-1b03-43fd-b72b-65c6f637199d - - - - -] glance.connect_retry_delay = None log_opt_values /usr/lib/python3/dist-packages/oslo_config/cfg.py:2609
2025-03-31 00:35:59.578 139305 DEBUG oslo_service.service [req-854e24ff-1b03-43fd-b72b-65c6f637199d - - - - -] glance.debug = False log_opt_values /usr/lib/python3/dist-packages/oslo_config/cfg.py:2609
2025-03-31 00:35:59.578 139305 DEBUG oslo_service.service [req-854e24ff-1b03-43fd-b72b-65c6f637199d - - - - -] glance.default_trusted_certificate_ids = [] log_opt_values /usr/lib/python3/dist-packages/oslo_config/cfg.py:2609
2025-03-31 00:35:59.578 139305 DEBUG oslo_service.service [req-854e24ff-1b03-43fd-b72b-65c6f637199d - - - - -] glance.enable_certificate_validation = False log_opt_values /usr/lib/python3/dist-packages/oslo_config/cfg.py:2609
2025-03-31 00:35:59.579 139305 DEBUG oslo_service.service [req-854e24ff-1b03-43fd-b72b-65c6f637199d - - - - -] glance.enable_rbd_download = False log_opt_values /usr/lib/python3/dist-packages/oslo_config/cfg.py:2609
2025-03-31 00:35:59.579 139305 DEBUG oslo_service.service [req-854e24ff-1b03-43fd-b72b-65c6f637199d - - - - -] glance.endpoint_override = None log_opt_values /usr/lib/python3/dist-packages/oslo_config/cfg.py:2609
2025-03-31 00:35:59.579 139305 DEBUG oslo_service.service [req-854e24ff-1b03-43fd-b72b-65c6f637199d - - - - -] glance.insecure = False log_opt_values /usr/lib/python3/dist-packages/oslo_config/cfg.py:2609
2025-03-31 00:35:59.579 139305 DEBUG oslo_service.service [req-854e24ff-1b03-43fd-b72b-65c6f637199d - - - - -] glance.keyfile = None log_opt_values /usr/lib/python3/dist-packages/oslo_config/cfg.py:2609
2025-03-31 00:35:59.579 139305 DEBUG oslo_service.service [req-854e24ff-1b03-43fd-b72b-65c6f637199d - - - - -] glance.max_version = None log_opt_values /usr/lib/python3/dist-packages/oslo_config/cfg.py:2609
2025-03-31 00:35:59.579 139305 DEBUG oslo_service.service [req-854e24ff-1b03-43fd-b72b-65c6f637199d - - - - -] glance.min_version = None log_opt_values /usr/lib/python3/dist-packages/oslo_config/cfg.py:2609
2025-03-31 00:35:59.579 139305 DEBUG oslo_service.service [req-854e24ff-1b03-43fd-b72b-65c6f637199d - - - - -] glance.num_retries = 3 log_opt_values /usr/lib/python3/dist-packages/oslo_config/cfg.py:2609
2025-03-31 00:35:59.580 139305 DEBUG oslo_service.service [req-854e24ff-1b03-43fd-b72b-65c6f637199d - - - - -] glance.rbd_ceph_conf = log_opt_values /usr/lib/python3/dist-packages/oslo_config/cfg.py:2609
2025-03-31 00:35:59.580 139305 DEBUG oslo_service.service [req-854e24ff-1b03-43fd-b72b-65c6f637199d - - - - -] glance.rbd_connect_timeout = 5 log_opt_values /usr/lib/python3/dist-packages/oslo_config/cfg.py:2609
2025-03-31 00:35:59.580 139305 DEBUG oslo_service.service [req-854e24ff-1b03-43fd-b72b-65c6f637199d - - - - -] glance.rbd_pool = log_opt_values /usr/lib/python3/dist-packages/oslo_config/cfg.py:2609
2025-03-31 00:35:59.580 139305 DEBUG oslo_service.service [req-854e24ff-1b03-43fd-b72b-65c6f637199d - - - - -] glance.rbd_user = log_opt_values /usr/lib/python3/dist-packages/oslo_config/cfg.py:2609
2025-03-31 00:35:59.580 139305 DEBUG oslo_service.service [req-854e24ff-1b03-43fd-b72b-65c6f637199d - - - - -] glance.region_name = None log_opt_values /usr/lib/python3/dist-packages/oslo_config/cfg.py:2609
2025-03-31 00:35:59.580 139305 DEBUG oslo_service.service [req-854e24ff-1b03-43fd-b72b-65c6f637199d - - - - -] glance.service_name = None log_opt_values /usr/lib/python3/dist-packages/oslo_config/cfg.py:2609
2025-03-31 00:35:59.581 139305 DEBUG oslo_service.service [req-854e24ff-1b03-43fd-b72b-65c6f637199d - - - - -] glance.service_type = image log_opt_values /usr/lib/python3/dist-packages/oslo_config/cfg.py:2609
2025-03-31 00:35:59.581 139305 DEBUG oslo_service.service [req-854e24ff-1b03-43fd-b72b-65c6f637199d - - - - -] glance.split_loggers = False log_opt_values /usr/lib/python3/dist-packages/oslo_config/cfg.py:2609
2025-03-31 00:35:59.581 139305 DEBUG oslo_service.service [req-854e24ff-1b03-43fd-b72b-65c6f637199d - - - - -] glance.status_code_retries = None log_opt_values /usr/lib/python3/dist-packages/oslo_config/cfg.py:2609
2025-03-31 00:35:59.581 139305 DEBUG oslo_service.service [req-854e24ff-1b03-43fd-b72b-65c6f637199d - - - - -] glance.status_code_retry_delay = None log_opt_values /usr/lib/python3/dist-packages/oslo_config/cfg.py:2609
2025-03-31 00:35:59.581 139305 DEBUG oslo_service.service [req-854e24ff-1b03-43fd-b72b-65c6f637199d - - - - -] glance.timeout = None log_opt_values /usr/lib/python3/dist-packages/oslo_config/cfg.py:2609
2025-03-31 00:35:59.581 139305 DEBUG oslo_service.service [req-854e24ff-1b03-43fd-b72b-65c6f637199d - - - - -] glance.valid_interfaces = ['internal', 'public'] log_opt_values /usr/lib/python3/dist-packages/oslo_config/cfg.py:2609
2025-03-31 00:35:59.582 139305 DEBUG oslo_service.service [req-854e24ff-1b03-43fd-b72b-65c6f637199d - - - - -] glance.verify_glance_signatures = False log_opt_values /usr/lib/python3/dist-packages/oslo_config/cfg.py:2609
2025-03-31 00:35:59.582 139305 DEBUG oslo_service.service [req-854e24ff-1b03-43fd-b72b-65c6f637199d - - - - -] glance.version = None log_opt_values /usr/lib/python3/dist-packages/oslo_config/cfg.py:2609
2025-03-31 00:35:59.582 139305 DEBUG oslo_service.service [req-854e24ff-1b03-43fd-b72b-65c6f637199d - - - - -] guestfs.debug = False log_opt_values /usr/lib/python3/dist-packages/oslo_config/cfg.py:2609
2025-03-31 00:35:59.582 139305 DEBUG oslo_service.service [req-854e24ff-1b03-43fd-b72b-65c6f637199d - - - - -] hyperv.config_drive_cdrom = False log_opt_values /usr/lib/python3/dist-packages/oslo_config/cfg.py:2609
2025-03-31 00:35:59.582 139305 DEBUG oslo_service.service [req-854e24ff-1b03-43fd-b72b-65c6f637199d - - - - -] hyperv.config_drive_inject_password = False log_opt_values /usr/lib/python3/dist-packages/oslo_config/cfg.py:2609
2025-03-31 00:35:59.582 139305 DEBUG oslo_service.service [req-854e24ff-1b03-43fd-b72b-65c6f637199d - - - - -] hyperv.dynamic_memory_ratio = 1.0 log_opt_values /usr/lib/python3/dist-packages/oslo_config/cfg.py:2609
2025-03-31 00:35:59.583 139305 DEBUG oslo_service.service [req-854e24ff-1b03-43fd-b72b-65c6f637199d - - - - -] hyperv.enable_instance_metrics_collection = False log_opt_values /usr/lib/python3/dist-packages/oslo_config/cfg.py:2609
2025-03-31 00:35:59.583 139305 DEBUG oslo_service.service [req-854e24ff-1b03-43fd-b72b-65c6f637199d - - - - -] hyperv.enable_remotefx = False log_opt_values /usr/lib/python3/dist-packages/oslo_config/cfg.py:2609
2025-03-31 00:35:59.583 139305 DEBUG oslo_service.service [req-854e24ff-1b03-43fd-b72b-65c6f637199d - - - - -] hyperv.instances_path_share = log_opt_values /usr/lib/python3/dist-packages/oslo_config/cfg.py:2609
2025-03-31 00:35:59.583 139305 DEBUG oslo_service.service [req-854e24ff-1b03-43fd-b72b-65c6f637199d - - - - -] hyperv.iscsi_initiator_list = [] log_opt_values /usr/lib/python3/dist-packages/oslo_config/cfg.py:2609
2025-03-31 00:35:59.583 139305 DEBUG oslo_service.service [req-854e24ff-1b03-43fd-b72b-65c6f637199d - - - - -] hyperv.limit_cpu_features = False log_opt_values /usr/lib/python3/dist-packages/oslo_config/cfg.py:2609
2025-03-31 00:35:59.583 139305 DEBUG oslo_service.service [req-854e24ff-1b03-43fd-b72b-65c6f637199d - - - - -] hyperv.mounted_disk_query_retry_count = 10 log_opt_values /usr/lib/python3/dist-packages/oslo_config/cfg.py:2609
2025-03-31 00:35:59.584 139305 DEBUG oslo_service.service [req-854e24ff-1b03-43fd-b72b-65c6f637199d - - - - -] hyperv.mounted_disk_query_retry_interval = 5 log_opt_values /usr/lib/python3/dist-packages/oslo_config/cfg.py:2609
2025-03-31 00:35:59.584 139305 DEBUG oslo_service.service [req-854e24ff-1b03-43fd-b72b-65c6f637199d - - - - -] hyperv.power_state_check_timeframe = 60 log_opt_values /usr/lib/python3/dist-packages/oslo_config/cfg.py:2609
2025-03-31 00:35:59.584 139305 DEBUG oslo_service.service [req-854e24ff-1b03-43fd-b72b-65c6f637199d - - - - -] hyperv.power_state_event_polling_interval = 2 log_opt_values /usr/lib/python3/dist-packages/oslo_config/cfg.py:2609
2025-03-31 00:35:59.584 139305 DEBUG oslo_service.service [req-854e24ff-1b03-43fd-b72b-65c6f637199d - - - - -] hyperv.qemu_img_cmd = qemu-img.exe log_opt_values /usr/lib/python3/dist-packages/oslo_config/cfg.py:2609
2025-03-31 00:35:59.584 139305 DEBUG oslo_service.service [req-854e24ff-1b03-43fd-b72b-65c6f637199d - - - - -] hyperv.use_multipath_io = False log_opt_values /usr/lib/python3/dist-packages/oslo_config/cfg.py:2609
2025-03-31 00:35:59.584 139305 DEBUG oslo_service.service [req-854e24ff-1b03-43fd-b72b-65c6f637199d - - - - -] hyperv.volume_attach_retry_count = 10 log_opt_values /usr/lib/python3/dist-packages/oslo_config/cfg.py:2609
2025-03-31 00:35:59.584 139305 DEBUG oslo_service.service [req-854e24ff-1b03-43fd-b72b-65c6f637199d - - - - -] hyperv.volume_attach_retry_interval = 5 log_opt_values /usr/lib/python3/dist-packages/oslo_config/cfg.py:2609
2025-03-31 00:35:59.585 139305 DEBUG oslo_service.service [req-854e24ff-1b03-43fd-b72b-65c6f637199d - - - - -] hyperv.vswitch_name = None log_opt_values /usr/lib/python3/dist-packages/oslo_config/cfg.py:2609
2025-03-31 00:35:59.585 139305 DEBUG oslo_service.service [req-854e24ff-1b03-43fd-b72b-65c6f637199d - - - - -] hyperv.wait_soft_reboot_seconds = 60 log_opt_values /usr/lib/python3/dist-packages/oslo_config/cfg.py:2609
2025-03-31 00:35:59.585 139305 DEBUG oslo_service.service [req-854e24ff-1b03-43fd-b72b-65c6f637199d - - - - -] mks.enabled = False log_opt_values /usr/lib/python3/dist-packages/oslo_config/cfg.py:2609
2025-03-31 00:35:59.585 139305 DEBUG oslo_service.service [req-854e24ff-1b03-43fd-b72b-65c6f637199d - - - - -] mks.mksproxy_base_url = http://127.0.0.1:6090/ log_opt_values /usr/lib/python3/dist-packages/oslo_config/cfg.py:2609
2025-03-31 00:35:59.586 139305 DEBUG oslo_service.service [req-854e24ff-1b03-43fd-b72b-65c6f637199d - - - - -] image_cache.manager_interval = 2400 log_opt_values /usr/lib/python3/dist-packages/oslo_config/cfg.py:2609
2025-03-31 00:35:59.586 139305 DEBUG oslo_service.service [req-854e24ff-1b03-43fd-b72b-65c6f637199d - - - - -] image_cache.precache_concurrency = 1 log_opt_values /usr/lib/python3/dist-packages/oslo_config/cfg.py:2609
2025-03-31 00:35:59.586 139305 DEBUG oslo_service.service [req-854e24ff-1b03-43fd-b72b-65c6f637199d - - - - -] image_cache.remove_unused_base_images = True log_opt_values /usr/lib/python3/dist-packages/oslo_config/cfg.py:2609
