2025-03-31 00:34:09.430 118994 DEBUG oslo_service.service [req-e60927f6-0e68-4e07-b343-db63668dd3ce - - - - -] metadata_listen = 0.0.0.0 log_opt_values /usr/lib/python3/dist-packages/oslo_config/cfg.py:2602
2025-03-31 00:34:09.430 118994 DEBUG oslo_service.service [req-e60927f6-0e68-4e07-b343-db63668dd3ce - - - - -] metadata_listen_port = 8765 log_opt_values /usr/lib/python3/dist-packages/oslo_config/cfg.py:2602
2025-03-31 00:34:09.430 118994 DEBUG oslo_service.service [req-e60927f6-0e68-4e07-b343-db63668dd3ce - - - - -] metadata_workers = None log_opt_values /usr/lib/python3/dist-packages/oslo_config/cfg.py:2602
2025-03-31 00:34:09.430 118994 DEBUG oslo_service.service [req-e60927f6-0e68-4e07-b343-db63668dd3ce - - - - -] migrate_max_retries = -1 log_opt_values /usr/lib/python3/dist-packages/oslo_config/cfg.py:2602
2025-03-31 00:34:09.430 118994 DEBUG oslo_service.service [req-e60927f6-0e68-4e07-b343-db63668dd3ce - - - - -] mkisofs_cmd = genisoimage log_opt_values /usr/lib/python3/dist-packages/oslo_config/cfg.py:2602
2025-03-31 00:34:09.431 118994 DEBUG oslo_service.service [req-e60927f6-0e68-4e07-b343-db63668dd3ce - - - - -] my_block_storage_ip = 252.17.181.178 log_opt_values /usr/lib/python3/dist-packages/oslo_config/cfg.py:2602
2025-03-31 00:34:09.431 118994 DEBUG oslo_service.service [req-e60927f6-0e68-4e07-b343-db63668dd3ce - - - - -] my_ip = 252.17.181.178 log_opt_values /usr/lib/python3/dist-packages/oslo_config/cfg.py:2602
2025-03-31 00:34:09.431 118994 DEBUG oslo_service.service [req-e60927f6-0e68-4e07-b343-db63668dd3ce - - - - -] network_allocate_retries = 0 log_opt_values /usr/lib/python3/dist-packages/oslo_config/cfg.py:2602
2025-03-31 00:34:09.431 118994 DEBUG oslo_service.service [req-e60927f6-0e68-4e07-b343-db63668dd3ce - - - - -] non_inheritable_image_properties = ['cache_in_nova', 'bittorrent'] log_opt_values /usr/lib/python3/dist-packages/oslo_config/cfg.py:2602
2025-03-31 00:34:09.431 118994 DEBUG oslo_service.service [req-e60927f6-0e68-4e07-b343-db63668dd3ce - - - - -] osapi_compute_listen = 0.0.0.0 log_opt_values /usr/lib/python3/dist-packages/oslo_config/cfg.py:2602
2025-03-31 00:34:09.432 118994 DEBUG oslo_service.service [req-e60927f6-0e68-4e07-b343-db63668dd3ce - - - - -] osapi_compute_listen_port = 8764 log_opt_values /usr/lib/python3/dist-packages/oslo_config/cfg.py:2602
2025-03-31 00:34:09.432 118994 DEBUG oslo_service.service [req-e60927f6-0e68-4e07-b343-db63668dd3ce - - - - -] osapi_compute_unique_server_name_scope = log_opt_values /usr/lib/python3/dist-packages/oslo_config/cfg.py:2602
2025-03-31 00:34:09.432 118994 DEBUG oslo_service.service [req-e60927f6-0e68-4e07-b343-db63668dd3ce - - - - -] osapi_compute_workers = 4 log_opt_values /usr/lib/python3/dist-packages/oslo_config/cfg.py:2602
2025-03-31 00:34:09.432 118994 DEBUG oslo_service.service [req-e60927f6-0e68-4e07-b343-db63668dd3ce - - - - -] password_length = 12 log_opt_values /usr/lib/python3/dist-packages/oslo_config/cfg.py:2602
2025-03-31 00:34:09.432 118994 DEBUG oslo_service.service [req-e60927f6-0e68-4e07-b343-db63668dd3ce - - - - -] periodic_enable = True log_opt_values /usr/lib/python3/dist-packages/oslo_config/cfg.py:2602
2025-03-31 00:34:09.432 118994 DEBUG oslo_service.service [req-e60927f6-0e68-4e07-b343-db63668dd3ce - - - - -] periodic_fuzzy_delay = 60 log_opt_values /usr/lib/python3/dist-packages/oslo_config/cfg.py:2602
2025-03-31 00:34:09.433 118994 DEBUG oslo_service.service [req-e60927f6-0e68-4e07-b343-db63668dd3ce - - - - -] pointer_model = usbtablet log_opt_values /usr/lib/python3/dist-packages/oslo_config/cfg.py:2602
2025-03-31 00:34:09.433 118994 DEBUG oslo_service.service [req-e60927f6-0e68-4e07-b343-db63668dd3ce - - - - -] preallocate_images = none log_opt_values /usr/lib/python3/dist-packages/oslo_config/cfg.py:2602
2025-03-31 00:34:09.433 118994 DEBUG oslo_service.service [req-e60927f6-0e68-4e07-b343-db63668dd3ce - - - - -] publish_errors = False log_opt_values /usr/lib/python3/dist-packages/oslo_config/cfg.py:2602
2025-03-31 00:34:09.433 118994 DEBUG oslo_service.service [req-e60927f6-0e68-4e07-b343-db63668dd3ce - - - - -] pybasedir = /usr/lib/python3/dist-packages log_opt_values /usr/lib/python3/dist-packages/oslo_config/cfg.py:2602
2025-03-31 00:34:09.434 118994 DEBUG oslo_service.service [req-e60927f6-0e68-4e07-b343-db63668dd3ce - - - - -] ram_allocation_ratio = 0.98 log_opt_values /usr/lib/python3/dist-packages/oslo_config/cfg.py:2602
2025-03-31 00:34:09.434 118994 DEBUG oslo_service.service [req-e60927f6-0e68-4e07-b343-db63668dd3ce - - - - -] rate_limit_burst = 0 log_opt_values /usr/lib/python3/dist-packages/oslo_config/cfg.py:2602
2025-03-31 00:34:09.435 118994 DEBUG oslo_service.service [req-e60927f6-0e68-4e07-b343-db63668dd3ce - - - - -] rate_limit_except_level = CRITICAL log_opt_values /usr/lib/python3/dist-packages/oslo_config/cfg.py:2602
2025-03-31 00:34:09.435 118994 DEBUG oslo_service.service [req-e60927f6-0e68-4e07-b343-db63668dd3ce - - - - -] rate_limit_interval = 0 log_opt_values /usr/lib/python3/dist-packages/oslo_config/cfg.py:2602
2025-03-31 00:34:09.436 118994 DEBUG oslo_service.service [req-e60927f6-0e68-4e07-b343-db63668dd3ce - - - - -] reboot_timeout = 0 log_opt_values /usr/lib/python3/dist-packages/oslo_config/cfg.py:2602
2025-03-31 00:34:09.436 118994 DEBUG oslo_service.service [req-e60927f6-0e68-4e07-b343-db63668dd3ce - - - - -] reclaim_instance_interval = 0 log_opt_values /usr/lib/python3/dist-packages/oslo_config/cfg.py:2602
2025-03-31 00:34:09.436 118994 DEBUG oslo_service.service [req-e60927f6-0e68-4e07-b343-db63668dd3ce - - - - -] record = None log_opt_values /usr/lib/python3/dist-packages/oslo_config/cfg.py:2602
2025-03-31 00:34:09.436 118994 DEBUG oslo_service.service [req-e60927f6-0e68-4e07-b343-db63668dd3ce - - - - -] report_interval = 10 log_opt_values /usr/lib/python3/dist-packages/oslo_config/cfg.py:2602
2025-03-31 00:34:09.436 118994 DEBUG oslo_service.service [req-e60927f6-0e68-4e07-b343-db63668dd3ce - - - - -] rescue_timeout = 0 log_opt_values /usr/lib/python3/dist-packages/oslo_config/cfg.py:2602
2025-03-31 00:34:09.437 118994 DEBUG oslo_service.service [req-e60927f6-0e68-4e07-b343-db63668dd3ce - - - - -] reserved_host_cpus = 0 log_opt_values /usr/lib/python3/dist-packages/oslo_config/cfg.py:2602
2025-03-31 00:34:09.437 118994 DEBUG oslo_service.service [req-e60927f6-0e68-4e07-b343-db63668dd3ce - - - - -] reserved_host_disk_mb = 0 log_opt_values /usr/lib/python3/dist-packages/oslo_config/cfg.py:2602
2025-03-31 00:34:09.437 118994 DEBUG oslo_service.service [req-e60927f6-0e68-4e07-b343-db63668dd3ce - - - - -] reserved_host_memory_mb = 512 log_opt_values /usr/lib/python3/dist-packages/oslo_config/cfg.py:2602
2025-03-31 00:34:09.437 118994 DEBUG oslo_service.service [req-e60927f6-0e68-4e07-b343-db63668dd3ce - - - - -] reserved_huge_pages = None log_opt_values /usr/lib/python3/dist-packages/oslo_config/cfg.py:2602
2025-03-31 00:34:09.437 118994 DEBUG oslo_service.service [req-e60927f6-0e68-4e07-b343-db63668dd3ce - - - - -] resize_confirm_window = 0 log_opt_values /usr/lib/python3/dist-packages/oslo_config/cfg.py:2602
2025-03-31 00:34:09.438 118994 DEBUG oslo_service.service [req-e60927f6-0e68-4e07-b343-db63668dd3ce - - - - -] resize_fs_using_block_device = False log_opt_values /usr/lib/python3/dist-packages/oslo_config/cfg.py:2602
2025-03-31 00:34:09.438 118994 DEBUG oslo_service.service [req-e60927f6-0e68-4e07-b343-db63668dd3ce - - - - -] resume_guests_state_on_host_boot = False log_opt_values /usr/lib/python3/dist-packages/oslo_config/cfg.py:2602
2025-03-31 00:34:09.438 118994 DEBUG oslo_service.service [req-e60927f6-0e68-4e07-b343-db63668dd3ce - - - - -] rootwrap_config = /etc/nova/rootwrap.conf log_opt_values /usr/lib/python3/dist-packages/oslo_config/cfg.py:2602
2025-03-31 00:34:09.438 118994 DEBUG oslo_service.service [req-e60927f6-0e68-4e07-b343-db63668dd3ce - - - - -] run_external_periodic_tasks = True log_opt_values /usr/lib/python3/dist-packages/oslo_config/cfg.py:2602
2025-03-31 00:34:09.438 118994 DEBUG oslo_service.service [req-e60927f6-0e68-4e07-b343-db63668dd3ce - - - - -] running_deleted_instance_action = reap log_opt_values /usr/lib/python3/dist-packages/oslo_config/cfg.py:2602
2025-03-31 00:34:09.439 118994 DEBUG oslo_service.service [req-e60927f6-0e68-4e07-b343-db63668dd3ce - - - - -] running_deleted_instance_poll_interval = 1800 log_opt_values /usr/lib/python3/dist-packages/oslo_config/cfg.py:2602
2025-03-31 00:34:09.439 118994 DEBUG oslo_service.service [req-e60927f6-0e68-4e07-b343-db63668dd3ce - - - - -] running_deleted_instance_timeout = 0 log_opt_values /usr/lib/python3/dist-packages/oslo_config/cfg.py:2602
2025-03-31 00:34:09.439 118994 DEBUG oslo_service.service [req-e60927f6-0e68-4e07-b343-db63668dd3ce - - - - -] scheduler_instance_sync_interval = 120 log_opt_values /usr/lib/python3/dist-packages/oslo_config/cfg.py:2602
2025-03-31 00:34:09.439 118994 DEBUG oslo_service.service [req-e60927f6-0e68-4e07-b343-db63668dd3ce - - - - -] service_down_time = 60 log_opt_values /usr/lib/python3/dist-packages/oslo_config/cfg.py:2602
2025-03-31 00:34:09.440 118994 DEBUG oslo_service.service [req-e60927f6-0e68-4e07-b343-db63668dd3ce - - - - -] servicegroup_driver = db log_opt_values /usr/lib/python3/dist-packages/oslo_config/cfg.py:2602
2025-03-31 00:34:09.440 118994 DEBUG oslo_service.service [req-e60927f6-0e68-4e07-b343-db63668dd3ce - - - - -] shelved_offload_time = 0 log_opt_values /usr/lib/python3/dist-packages/oslo_config/cfg.py:2602
2025-03-31 00:34:09.440 118994 DEBUG oslo_service.service [req-e60927f6-0e68-4e07-b343-db63668dd3ce - - - - -] shelved_poll_interval = 3600 log_opt_values /usr/lib/python3/dist-packages/oslo_config/cfg.py:2602
2025-03-31 00:34:09.440 118994 DEBUG oslo_service.service [req-e60927f6-0e68-4e07-b343-db63668dd3ce - - - - -] shutdown_timeout = 60 log_opt_values /usr/lib/python3/dist-packages/oslo_config/cfg.py:2602
2025-03-31 00:34:09.440 118994 DEBUG oslo_service.service [req-e60927f6-0e68-4e07-b343-db63668dd3ce - - - - -] source_is_ipv6 = False log_opt_values /usr/lib/python3/dist-packages/oslo_config/cfg.py:2602
2025-03-31 00:34:09.440 120473 DEBUG nova.service [req-0e613bee-5828-4ea3-acff-1a48c98e4b59 - - - - -] Creating RPC server for service scheduler start /usr/lib/python3/dist-packages/nova/service.py:182
2025-03-31 00:34:09.441 118994 DEBUG oslo_service.service [req-e60927f6-0e68-4e07-b343-db63668dd3ce - - - - -] ssl_only = False log_opt_values /usr/lib/python3/dist-packages/oslo_config/cfg.py:2602
2025-03-31 00:34:09.441 118994 DEBUG oslo_service.service [req-e60927f6-0e68-4e07-b343-db63668dd3ce - - - - -] state_path = /var/lib/nova log_opt_values /usr/lib/python3/dist-packages/oslo_config/cfg.py:2602
2025-03-31 00:34:09.442 118994 DEBUG oslo_service.service [req-e60927f6-0e68-4e07-b343-db63668dd3ce - - - - -] sync_power_state_interval = 600 log_opt_values /usr/lib/python3/dist-packages/oslo_config/cfg.py:2602
2025-03-31 00:34:09.443 118994 DEBUG oslo_service.service [req-e60927f6-0e68-4e07-b343-db63668dd3ce - - - - -] sync_power_state_pool_size = 1000 log_opt_values /usr/lib/python3/dist-packages/oslo_config/cfg.py:2602
2025-03-31 00:34:09.444 118994 DEBUG oslo_service.service [req-e60927f6-0e68-4e07-b343-db63668dd3ce - - - - -] syslog_log_facility = LOG_USER log_opt_values /usr/lib/python3/dist-packages/oslo_config/cfg.py:2602
2025-03-31 00:34:09.444 118994 DEBUG oslo_service.service [req-e60927f6-0e68-4e07-b343-db63668dd3ce - - - - -] tempdir = None log_opt_values /usr/lib/python3/dist-packages/oslo_config/cfg.py:2602
2025-03-31 00:34:09.444 118994 DEBUG oslo_service.service [req-e60927f6-0e68-4e07-b343-db63668dd3ce - - - - -] timeout_nbd = 10 log_opt_values /usr/lib/python3/dist-packages/oslo_config/cfg.py:2602
2025-03-31 00:34:09.444 120482 DEBUG nova.service [req-1aa1d616-f098-4351-a76b-b5d8a6014626 - - - - -] Creating RPC server for service scheduler start /usr/lib/python3/dist-packages/nova/service.py:182
2025-03-31 00:34:09.445 118994 DEBUG oslo_service.service [req-e60927f6-0e68-4e07-b343-db63668dd3ce - - - - -] transport_url = **** log_opt_values /usr/lib/python3/dist-packages/oslo_config/cfg.py:2602
2025-03-31 00:34:09.446 118994 DEBUG oslo_service.service [req-e60927f6-0e68-4e07-b343-db63668dd3ce - - - - -] update_resources_interval = 0 log_opt_values /usr/lib/python3/dist-packages/oslo_config/cfg.py:2602
2025-03-31 00:34:09.446 118994 DEBUG oslo_service.service [req-e60927f6-0e68-4e07-b343-db63668dd3ce - - - - -] use_cow_images = True log_opt_values /usr/lib/python3/dist-packages/oslo_config/cfg.py:2602
2025-03-31 00:34:09.446 118994 DEBUG oslo_service.service [req-e60927f6-0e68-4e07-b343-db63668dd3ce - - - - -] use_eventlog = False log_opt_values /usr/lib/python3/dist-packages/oslo_config/cfg.py:2602
2025-03-31 00:34:09.446 118994 DEBUG oslo_service.service [req-e60927f6-0e68-4e07-b343-db63668dd3ce - - - - -] use_journal = False log_opt_values /usr/lib/python3/dist-packages/oslo_config/cfg.py:2602
2025-03-31 00:34:09.446 118994 DEBUG oslo_service.service [req-e60927f6-0e68-4e07-b343-db63668dd3ce - - - - -] use_json = False log_opt_values /usr/lib/python3/dist-packages/oslo_config/cfg.py:2602
2025-03-31 00:34:09.446 118994 DEBUG oslo_service.service [req-e60927f6-0e68-4e07-b343-db63668dd3ce - - - - -] use_rootwrap_daemon = False log_opt_values /usr/lib/python3/dist-packages/oslo_config/cfg.py:2602
2025-03-31 00:34:09.447 118994 DEBUG oslo_service.service [req-e60927f6-0e68-4e07-b343-db63668dd3ce - - - - -] use_stderr = False log_opt_values /usr/lib/python3/dist-packages/oslo_config/cfg.py:2602
2025-03-31 00:34:09.447 118994 DEBUG oslo_service.service [req-e60927f6-0e68-4e07-b343-db63668dd3ce - - - - -] use_syslog = False log_opt_values /usr/lib/python3/dist-packages/oslo_config/cfg.py:2602
2025-03-31 00:34:09.447 118994 DEBUG oslo_service.service [req-e60927f6-0e68-4e07-b343-db63668dd3ce - - - - -] vcpu_pin_set = None log_opt_values /usr/lib/python3/dist-packages/oslo_config/cfg.py:2602
2025-03-31 00:34:09.447 118994 DEBUG oslo_service.service [req-e60927f6-0e68-4e07-b343-db63668dd3ce - - - - -] vif_plugging_is_fatal = True log_opt_values /usr/lib/python3/dist-packages/oslo_config/cfg.py:2602
2025-03-31 00:34:09.447 118994 DEBUG oslo_service.service [req-e60927f6-0e68-4e07-b343-db63668dd3ce - - - - -] vif_plugging_timeout = 300 log_opt_values /usr/lib/python3/dist-packages/oslo_config/cfg.py:2602
2025-03-31 00:34:09.447 118994 DEBUG oslo_service.service [req-e60927f6-0e68-4e07-b343-db63668dd3ce - - - - -] virt_mkfs = [] log_opt_values /usr/lib/python3/dist-packages/oslo_config/cfg.py:2602
2025-03-31 00:34:09.448 118994 DEBUG oslo_service.service [req-e60927f6-0e68-4e07-b343-db63668dd3ce - - - - -] volume_usage_poll_interval = 0 log_opt_values /usr/lib/python3/dist-packages/oslo_config/cfg.py:2602
2025-03-31 00:34:09.448 118994 DEBUG oslo_service.service [req-e60927f6-0e68-4e07-b343-db63668dd3ce - - - - -] watch_log_file = False log_opt_values /usr/lib/python3/dist-packages/oslo_config/cfg.py:2602
2025-03-31 00:34:09.449 118994 DEBUG oslo_service.service [req-e60927f6-0e68-4e07-b343-db63668dd3ce - - - - -] web = /usr/share/spice-html5 log_opt_values /usr/lib/python3/dist-packages/oslo_config/cfg.py:2602
2025-03-31 00:34:09.449 118994 DEBUG oslo_service.service [req-e60927f6-0e68-4e07-b343-db63668dd3ce - - - - -] oslo_concurrency.disable_process_locking = False log_opt_values /usr/lib/python3/dist-packages/oslo_config/cfg.py:2609
2025-03-31 00:34:09.449 118994 DEBUG oslo_service.service [req-e60927f6-0e68-4e07-b343-db63668dd3ce - - - - -] oslo_concurrency.lock_path = /var/lock/nova log_opt_values /usr/lib/python3/dist-packages/oslo_config/cfg.py:2609
2025-03-31 00:34:09.450 118994 WARNING oslo_config.cfg [req-e60927f6-0e68-4e07-b343-db63668dd3ce - - - - -] Deprecated: Option "auth_strategy" from group "api" is deprecated for removal ( The only non-default choice, ``noauth2``, is for internal development and testing purposes only and should not be used in deployments. This option and its middleware, NoAuthMiddleware[V2_18], will be removed in a future release. ). Its value may be silently ignored in the future.
2025-03-31 00:34:09.450 118994 DEBUG oslo_service.service [req-e60927f6-0e68-4e07-b343-db63668dd3ce - - - - -] api.auth_strategy = keystone log_opt_values /usr/lib/python3/dist-packages/oslo_config/cfg.py:2609
2025-03-31 00:34:09.450 118994 DEBUG oslo_service.service [req-e60927f6-0e68-4e07-b343-db63668dd3ce - - - - -] api.compute_link_prefix = None log_opt_values /usr/lib/python3/dist-packages/oslo_config/cfg.py:2609
2025-03-31 00:34:09.450 118994 DEBUG oslo_service.service [req-e60927f6-0e68-4e07-b343-db63668dd3ce - - - - -] api.config_drive_skip_versions = 1.0 2007-01-19 2007-03-01 2007-08-29 2007-10-10 2007-12-15 2008-02-01 2008-09-01 log_opt_values /usr/lib/python3/dist-packages/oslo_config/cfg.py:2609
2025-03-31 00:34:09.451 118994 DEBUG oslo_service.service [req-e60927f6-0e68-4e07-b343-db63668dd3ce - - - - -] api.dhcp_domain = novalocal log_opt_values /usr/lib/python3/dist-packages/oslo_config/cfg.py:2609
2025-03-31 00:34:09.451 118994 DEBUG oslo_service.service [req-e60927f6-0e68-4e07-b343-db63668dd3ce - - - - -] api.enable_instance_password = True log_opt_values /usr/lib/python3/dist-packages/oslo_config/cfg.py:2609
2025-03-31 00:34:09.451 118994 DEBUG oslo_service.service [req-e60927f6-0e68-4e07-b343-db63668dd3ce - - - - -] api.glance_link_prefix = None log_opt_values /usr/lib/python3/dist-packages/oslo_config/cfg.py:2609
2025-03-31 00:34:09.451 118994 DEBUG oslo_service.service [req-e60927f6-0e68-4e07-b343-db63668dd3ce - - - - -] api.instance_list_cells_batch_fixed_size = 100 log_opt_values /usr/lib/python3/dist-packages/oslo_config/cfg.py:2609
2025-03-31 00:34:09.451 118994 DEBUG oslo_service.service [req-e60927f6-0e68-4e07-b343-db63668dd3ce - - - - -] api.instance_list_cells_batch_strategy = distributed log_opt_values /usr/lib/python3/dist-packages/oslo_config/cfg.py:2609
2025-03-31 00:34:09.451 118994 DEBUG oslo_service.service [req-e60927f6-0e68-4e07-b343-db63668dd3ce - - - - -] api.instance_list_per_project_cells = False log_opt_values /usr/lib/python3/dist-packages/oslo_config/cfg.py:2609
2025-03-31 00:34:09.452 118994 DEBUG oslo_service.service [req-e60927f6-0e68-4e07-b343-db63668dd3ce - - - - -] api.list_records_by_skipping_down_cells = True log_opt_values /usr/lib/python3/dist-packages/oslo_config/cfg.py:2609
2025-03-31 00:34:09.452 118994 DEBUG oslo_service.service [req-e60927f6-0e68-4e07-b343-db63668dd3ce - - - - -] api.local_metadata_per_cell = False log_opt_values /usr/lib/python3/dist-packages/oslo_config/cfg.py:2609
2025-03-31 00:34:09.452 118994 DEBUG oslo_service.service [req-e60927f6-0e68-4e07-b343-db63668dd3ce - - - - -] api.max_limit = 1000 log_opt_values /usr/lib/python3/dist-packages/oslo_config/cfg.py:2609
2025-03-31 00:34:09.452 118994 DEBUG oslo_service.service [req-e60927f6-0e68-4e07-b343-db63668dd3ce - - - - -] api.metadata_cache_expiration = 15 log_opt_values /usr/lib/python3/dist-packages/oslo_config/cfg.py:2609
2025-03-31 00:34:09.452 118994 DEBUG oslo_service.service [req-e60927f6-0e68-4e07-b343-db63668dd3ce - - - - -] api.neutron_default_tenant_id = default log_opt_values /usr/lib/python3/dist-packages/oslo_config/cfg.py:2609
2025-03-31 00:34:09.452 118994 DEBUG oslo_service.service [req-e60927f6-0e68-4e07-b343-db63668dd3ce - - - - -] api.use_forwarded_for = False log_opt_values /usr/lib/python3/dist-packages/oslo_config/cfg.py:2609
2025-03-31 00:34:09.453 118994 DEBUG oslo_service.service [req-e60927f6-0e68-4e07-b343-db63668dd3ce - - - - -] api.use_neutron_default_nets = False log_opt_values /usr/lib/python3/dist-packages/oslo_config/cfg.py:2609
2025-03-31 00:34:09.453 118994 DEBUG oslo_service.service [req-e60927f6-0e68-4e07-b343-db63668dd3ce - - - - -] api.vendordata_dynamic_connect_timeout = 5 log_opt_values /usr/lib/python3/dist-packages/oslo_config/cfg.py:2609
2025-03-31 00:34:09.453 118994 DEBUG oslo_service.service [req-e60927f6-0e68-4e07-b343-db63668dd3ce - - - - -] api.vendordata_dynamic_failure_fatal = False log_opt_values /usr/lib/python3/dist-packages/oslo_config/cfg.py:2609
2025-03-31 00:34:09.453 118994 DEBUG oslo_service.service [req-e60927f6-0e68-4e07-b343-db63668dd3ce - - - - -] api.vendordata_dynamic_read_timeout = 5 log_opt_values /usr/lib/python3/dist-packages/oslo_config/cfg.py:2609
2025-03-31 00:34:09.453 118994 DEBUG oslo_service.service [req-e60927f6-0e68-4e07-b343-db63668dd3ce - - - - -] api.vendordata_dynamic_ssl_certfile = log_opt_values /usr/lib/python3/dist-packages/oslo_config/cfg.py:2609
2025-03-31 00:34:09.454 118994 DEBUG oslo_service.service [req-e60927f6-0e68-4e07-b343-db63668dd3ce - - - - -] api.vendordata_dynamic_targets = [] log_opt_values /usr/lib/python3/dist-packages/oslo_config/cfg.py:2609
2025-03-31 00:34:09.454 118994 DEBUG oslo_service.service [req-e60927f6-0e68-4e07-b343-db63668dd3ce - - - - -] api.vendordata_jsonfile_path = None log_opt_values /usr/lib/python3/dist-packages/oslo_config/cfg.py:2609
2025-03-31 00:34:09.454 118994 DEBUG oslo_service.service [req-e60927f6-0e68-4e07-b343-db63668dd3ce - - - - -] api.vendordata_providers = ['StaticJSON'] log_opt_values /usr/lib/python3/dist-packages/oslo_config/cfg.py:2609
2025-03-31 00:34:09.454 118994 DEBUG oslo_service.service [req-e60927f6-0e68-4e07-b343-db63668dd3ce - - - - -] cache.backend = dogpile.cache.null log_opt_values /usr/lib/python3/dist-packages/oslo_config/cfg.py:2609
2025-03-31 00:34:09.454 118994 DEBUG oslo_service.service [req-e60927f6-0e68-4e07-b343-db63668dd3ce - - - - -] cache.backend_argument = **** log_opt_values /usr/lib/python3/dist-packages/oslo_config/cfg.py:2609
2025-03-31 00:34:09.455 118994 DEBUG oslo_service.service [req-e60927f6-0e68-4e07-b343-db63668dd3ce - - - - -] cache.config_prefix = cache.oslo log_opt_values /usr/lib/python3/dist-packages/oslo_config/cfg.py:2609
2025-03-31 00:34:09.455 118994 DEBUG oslo_service.service [req-e60927f6-0e68-4e07-b343-db63668dd3ce - - - - -] cache.debug_cache_backend = False log_opt_values /usr/lib/python3/dist-packages/oslo_config/cfg.py:2609
2025-03-31 00:34:09.455 118994 DEBUG oslo_service.service [req-e60927f6-0e68-4e07-b343-db63668dd3ce - - - - -] cache.enabled = False log_opt_values /usr/lib/python3/dist-packages/oslo_config/cfg.py:2609
2025-03-31 00:34:09.455 118994 DEBUG oslo_service.service [req-e60927f6-0e68-4e07-b343-db63668dd3ce - - - - -] cache.expiration_time = 600 log_opt_values /usr/lib/python3/dist-packages/oslo_config/cfg.py:2609
2025-03-31 00:34:09.455 118994 DEBUG oslo_service.service [req-e60927f6-0e68-4e07-b343-db63668dd3ce - - - - -] cache.memcache_dead_retry = 300 log_opt_values /usr/lib/python3/dist-packages/oslo_config/cfg.py:2609
2025-03-31 00:34:09.455 118994 DEBUG oslo_service.service [req-e60927f6-0e68-4e07-b343-db63668dd3ce - - - - -] cache.memcache_pool_connection_get_timeout = 10 log_opt_values /usr/lib/python3/dist-packages/oslo_config/cfg.py:2609
2025-03-31 00:34:09.456 118994 DEBUG oslo_service.service [req-e60927f6-0e68-4e07-b343-db63668dd3ce - - - - -] cache.memcache_pool_flush_on_reconnect = False log_opt_values /usr/lib/python3/dist-packages/oslo_config/cfg.py:2609
2025-03-31 00:34:09.456 118994 DEBUG oslo_service.service [req-e60927f6-0e68-4e07-b343-db63668dd3ce - - - - -] cache.memcache_pool_maxsize = 10 log_opt_values /usr/lib/python3/dist-packages/oslo_config/cfg.py:2609
2025-03-31 00:34:09.456 118994 DEBUG oslo_service.service [req-e60927f6-0e68-4e07-b343-db63668dd3ce - - - - -] cache.memcache_pool_unused_timeout = 60 log_opt_values /usr/lib/python3/dist-packages/oslo_config/cfg.py:2609
2025-03-31 00:34:09.456 118994 DEBUG oslo_service.service [req-e60927f6-0e68-4e07-b343-db63668dd3ce - - - - -] cache.memcache_servers = ['localhost:11211'] log_opt_values /usr/lib/python3/dist-packages/oslo_config/cfg.py:2609
2025-03-31 00:34:09.456 118994 DEBUG oslo_service.service [req-e60927f6-0e68-4e07-b343-db63668dd3ce - - - - -] cache.memcache_socket_timeout = 1.0 log_opt_values /usr/lib/python3/dist-packages/oslo_config/cfg.py:2609
2025-03-31 00:34:09.456 118994 DEBUG oslo_service.service [req-e60927f6-0e68-4e07-b343-db63668dd3ce - - - - -] cache.proxies = [] log_opt_values /usr/lib/python3/dist-packages/oslo_config/cfg.py:2609
2025-03-31 00:34:09.457 118994 DEBUG oslo_service.service [req-e60927f6-0e68-4e07-b343-db63668dd3ce - - - - -] cache.tls_allowed_ciphers = None log_opt_values /usr/lib/python3/dist-packages/oslo_config/cfg.py:2609
2025-03-31 00:34:09.457 118994 DEBUG oslo_service.service [req-e60927f6-0e68-4e07-b343-db63668dd3ce - - - - -] cache.tls_cafile = None log_opt_values /usr/lib/python3/dist-packages/oslo_config/cfg.py:2609
2025-03-31 00:34:09.457 120480 DEBUG nova.service [req-034e6428-cabc-451b-ac79-083e289bdacc - - - - -] Creating RPC server for service scheduler start /usr/lib/python3/dist-packages/nova/service.py:182
2025-03-31 00:34:09.457 118994 DEBUG oslo_service.service [req-e60927f6-0e68-4e07-b343-db63668dd3ce - - - - -] cache.tls_certfile = None log_opt_values /usr/lib/python3/dist-packages/oslo_config/cfg.py:2609
2025-03-31 00:34:09.457 118994 DEBUG oslo_service.service [req-e60927f6-0e68-4e07-b343-db63668dd3ce - - - - -] cache.tls_enabled = False log_opt_values /usr/lib/python3/dist-packages/oslo_config/cfg.py:2609
2025-03-31 00:34:09.457 118994 DEBUG oslo_service.service [req-e60927f6-0e68-4e07-b343-db63668dd3ce - - - - -] cache.tls_keyfile = None log_opt_values /usr/lib/python3/dist-packages/oslo_config/cfg.py:2609
2025-03-31 00:34:09.457 118994 DEBUG oslo_service.service [req-e60927f6-0e68-4e07-b343-db63668dd3ce - - - - -] cinder.auth_section = None log_opt_values /usr/lib/python3/dist-packages/oslo_config/cfg.py:2609
2025-03-31 00:34:09.458 118994 DEBUG oslo_service.service [req-e60927f6-0e68-4e07-b343-db63668dd3ce - - - - -] cinder.auth_type = None log_opt_values /usr/lib/python3/dist-packages/oslo_config/cfg.py:2609
2025-03-31 00:34:09.458 118994 DEBUG oslo_service.service [req-e60927f6-0e68-4e07-b343-db63668dd3ce - - - - -] cinder.cafile = None log_opt_values /usr/lib/python3/dist-packages/oslo_config/cfg.py:2609
2025-03-31 00:34:09.458 120479 DEBUG nova.service [req-6c0cc114-7970-4acd-8787-a5df59f23a86 - - - - -] Creating RPC server for service scheduler start /usr/lib/python3/dist-packages/nova/service.py:182
2025-03-31 00:34:09.458 118994 DEBUG oslo_service.service [req-e60927f6-0e68-4e07-b343-db63668dd3ce - - - - -] cinder.catalog_info = volumev3::publicURL log_opt_values /usr/lib/python3/dist-packages/oslo_config/cfg.py:2609
2025-03-31 00:34:09.459 118994 DEBUG oslo_service.service [req-e60927f6-0e68-4e07-b343-db63668dd3ce - - - - -] cinder.certfile = None log_opt_values /usr/lib/python3/dist-packages/oslo_config/cfg.py:2609
2025-03-31 00:34:09.459 118994 DEBUG oslo_service.service [req-e60927f6-0e68-4e07-b343-db63668dd3ce - - - - -] cinder.collect_timing = False log_opt_values /usr/lib/python3/dist-packages/oslo_config/cfg.py:2609
2025-03-31 00:34:09.459 118994 DEBUG oslo_service.service [req-e60927f6-0e68-4e07-b343-db63668dd3ce - - - - -] cinder.cross_az_attach = True log_opt_values /usr/lib/python3/dist-packages/oslo_config/cfg.py:2609
2025-03-31 00:34:09.459 118994 DEBUG oslo_service.service [req-e60927f6-0e68-4e07-b343-db63668dd3ce - - - - -] cinder.debug = False log_opt_values /usr/lib/python3/dist-packages/oslo_config/cfg.py:2609
2025-03-31 00:34:09.459 118994 DEBUG oslo_service.service [req-e60927f6-0e68-4e07-b343-db63668dd3ce - - - - -] cinder.endpoint_template = None log_opt_values /usr/lib/python3/dist-packages/oslo_config/cfg.py:2609
2025-03-31 00:34:09.460 118994 DEBUG oslo_service.service [req-e60927f6-0e68-4e07-b343-db63668dd3ce - - - - -] cinder.http_retries = 3 log_opt_values /usr/lib/python3/dist-packages/oslo_config/cfg.py:2609
2025-03-31 00:34:09.460 118994 DEBUG oslo_service.service [req-e60927f6-0e68-4e07-b343-db63668dd3ce - - - - -] cinder.insecure = False log_opt_values /usr/lib/python3/dist-packages/oslo_config/cfg.py:2609
2025-03-31 00:34:09.460 118994 DEBUG oslo_service.service [req-e60927f6-0e68-4e07-b343-db63668dd3ce - - - - -] cinder.keyfile = None log_opt_values /usr/lib/python3/dist-packages/oslo_config/cfg.py:2609
2025-03-31 00:34:09.460 118994 DEBUG oslo_service.service [req-e60927f6-0e68-4e07-b343-db63668dd3ce - - - - -] cinder.os_region_name = None log_opt_values /usr/lib/python3/dist-packages/oslo_config/cfg.py:2609
2025-03-31 00:34:09.460 118994 DEBUG oslo_service.service [req-e60927f6-0e68-4e07-b343-db63668dd3ce - - - - -] cinder.split_loggers = False log_opt_values /usr/lib/python3/dist-packages/oslo_config/cfg.py:2609
2025-03-31 00:34:09.460 118994 DEBUG oslo_service.service [req-e60927f6-0e68-4e07-b343-db63668dd3ce - - - - -] cinder.timeout = None log_opt_values /usr/lib/python3/dist-packages/oslo_config/cfg.py:2609
2025-03-31 00:34:09.461 118994 DEBUG oslo_service.service [req-e60927f6-0e68-4e07-b343-db63668dd3ce - - - - -] compute.consecutive_build_service_disable_threshold = 10 log_opt_values /usr/lib/python3/dist-packages/oslo_config/cfg.py:2609
2025-03-31 00:34:09.461 118994 DEBUG oslo_service.service [req-e60927f6-0e68-4e07-b343-db63668dd3ce - - - - -] compute.cpu_dedicated_set = None log_opt_values /usr/lib/python3/dist-packages/oslo_config/cfg.py:2609
2025-03-31 00:34:09.461 118994 DEBUG oslo_service.service [req-e60927f6-0e68-4e07-b343-db63668dd3ce - - - - -] compute.cpu_shared_set = None log_opt_values /usr/lib/python3/dist-packages/oslo_config/cfg.py:2609
2025-03-31 00:34:09.461 118994 DEBUG oslo_service.service [req-e60927f6-0e68-4e07-b343-db63668dd3ce - - - - -] compute.image_type_exclude_list = [] log_opt_values /usr/lib/python3/dist-packages/oslo_config/cfg.py:2609
2025-03-31 00:34:09.461 118994 DEBUG oslo_service.service [req-e60927f6-0e68-4e07-b343-db63668dd3ce - - - - -] compute.live_migration_wait_for_vif_plug = True log_opt_values /usr/lib/python3/dist-packages/oslo_config/cfg.py:2609
2025-03-31 00:34:09.462 118994 DEBUG oslo_service.service [req-e60927f6-0e68-4e07-b343-db63668dd3ce - - - - -] compute.max_concurrent_disk_ops = 0 log_opt_values /usr/lib/python3/dist-packages/oslo_config/cfg.py:2609
2025-03-31 00:34:09.462 118994 DEBUG oslo_service.service [req-e60927f6-0e68-4e07-b343-db63668dd3ce - - - - -] compute.max_disk_devices_to_attach = -1 log_opt_values /usr/lib/python3/dist-packages/oslo_config/cfg.py:2609
2025-03-31 00:34:09.462 118994 DEBUG oslo_service.service [req-e60927f6-0e68-4e07-b343-db63668dd3ce - - - - -] compute.packing_host_numa_cells_allocation_strategy = True log_opt_values /usr/lib/python3/dist-packages/oslo_config/cfg.py:2609
2025-03-31 00:34:09.462 118994 DEBUG oslo_service.service [req-e60927f6-0e68-4e07-b343-db63668dd3ce - - - - -] compute.provider_config_location = /etc/nova/provider_config/ log_opt_values /usr/lib/python3/dist-packages/oslo_config/cfg.py:2609
2025-03-31 00:34:09.462 118994 DEBUG oslo_service.service [req-e60927f6-0e68-4e07-b343-db63668dd3ce - - - - -] compute.resource_provider_association_refresh = 300 log_opt_values /usr/lib/python3/dist-packages/oslo_config/cfg.py:2609
2025-03-31 00:34:09.463 118994 DEBUG oslo_service.service [req-e60927f6-0e68-4e07-b343-db63668dd3ce - - - - -] compute.shutdown_retry_interval = 10 log_opt_values /usr/lib/python3/dist-packages/oslo_config/cfg.py:2609
2025-03-31 00:34:09.464 118994 DEBUG oslo_service.service [req-e60927f6-0e68-4e07-b343-db63668dd3ce - - - - -] compute.vmdk_allowed_types = ['streamOptimized', 'monolithicSparse'] log_opt_values /usr/lib/python3/dist-packages/oslo_config/cfg.py:2609
2025-03-31 00:34:09.465 118994 DEBUG oslo_service.service [req-e60927f6-0e68-4e07-b343-db63668dd3ce - - - - -] conductor.workers = 4 log_opt_values /usr/lib/python3/dist-packages/oslo_config/cfg.py:2609
2025-03-31 00:34:09.465 118994 DEBUG oslo_service.service [req-e60927f6-0e68-4e07-b343-db63668dd3ce - - - - -] console.allowed_origins = [] log_opt_values /usr/lib/python3/dist-packages/oslo_config/cfg.py:2609
2025-03-31 00:34:09.466 118994 DEBUG oslo_service.service [req-e60927f6-0e68-4e07-b343-db63668dd3ce - - - - -] console.ssl_ciphers = None log_opt_values /usr/lib/python3/dist-packages/oslo_config/cfg.py:2609
2025-03-31 00:34:09.466 118994 DEBUG oslo_service.service [req-e60927f6-0e68-4e07-b343-db63668dd3ce - - - - -] console.ssl_minimum_version = default log_opt_values /usr/lib/python3/dist-packages/oslo_config/cfg.py:2609
2025-03-31 00:34:09.467 118994 DEBUG oslo_service.service [req-e60927f6-0e68-4e07-b343-db63668dd3ce - - - - -] consoleauth.token_ttl = 600 log_opt_values /usr/lib/python3/dist-packages/oslo_config/cfg.py:2609
2025-03-31 00:34:09.467 118994 DEBUG oslo_service.service [req-e60927f6-0e68-4e07-b343-db63668dd3ce - - - - -] cyborg.cafile = None log_opt_values /usr/lib/python3/dist-packages/oslo_config/cfg.py:2609
2025-03-31 00:34:09.467 118994 DEBUG oslo_service.service [req-e60927f6-0e68-4e07-b343-db63668dd3ce - - - - -] cyborg.certfile = None log_opt_values /usr/lib/python3/dist-packages/oslo_config/cfg.py:2609
2025-03-31 00:34:09.467 118994 DEBUG oslo_service.service [req-e60927f6-0e68-4e07-b343-db63668dd3ce - - - - -] cyborg.collect_timing = False log_opt_values /usr/lib/python3/dist-packages/oslo_config/cfg.py:2609
2025-03-31 00:34:09.468 118994 DEBUG oslo_service.service [req-e60927f6-0e68-4e07-b343-db63668dd3ce - - - - -] cyborg.connect_retries = None log_opt_values /usr/lib/python3/dist-packages/oslo_config/cfg.py:2609
2025-03-31 00:34:09.468 118994 DEBUG oslo_service.service [req-e60927f6-0e68-4e07-b343-db63668dd3ce - - - - -] cyborg.connect_retry_delay = None log_opt_values /usr/lib/python3/dist-packages/oslo_config/cfg.py:2609
2025-03-31 00:34:09.468 118994 DEBUG oslo_service.service [req-e60927f6-0e68-4e07-b343-db63668dd3ce - - - - -] cyborg.endpoint_override = None log_opt_values /usr/lib/python3/dist-packages/oslo_config/cfg.py:2609
2025-03-31 00:34:09.468 118994 DEBUG oslo_service.service [req-e60927f6-0e68-4e07-b343-db63668dd3ce - - - - -] cyborg.insecure = False log_opt_values /usr/lib/python3/dist-packages/oslo_config/cfg.py:2609
2025-03-31 00:34:09.468 118994 DEBUG oslo_service.service [req-e60927f6-0e68-4e07-b343-db63668dd3ce - - - - -] cyborg.keyfile = None log_opt_values /usr/lib/python3/dist-packages/oslo_config/cfg.py:2609
2025-03-31 00:34:09.469 118994 DEBUG oslo_service.service [req-e60927f6-0e68-4e07-b343-db63668dd3ce - - - - -] cyborg.max_version = None log_opt_values /usr/lib/python3/dist-packages/oslo_config/cfg.py:2609
2025-03-31 00:34:09.470 118994 DEBUG oslo_service.service [req-e60927f6-0e68-4e07-b343-db63668dd3ce - - - - -] cyborg.min_version = None log_opt_values /usr/lib/python3/dist-packages/oslo_config/cfg.py:2609
2025-03-31 00:34:09.471 118994 DEBUG oslo_service.service [req-e60927f6-0e68-4e07-b343-db63668dd3ce - - - - -] cyborg.region_name = None log_opt_values /usr/lib/python3/dist-packages/oslo_config/cfg.py:2609
2025-03-31 00:34:09.471 118994 DEBUG oslo_service.service [req-e60927f6-0e68-4e07-b343-db63668dd3ce - - - - -] cyborg.service_name = None log_opt_values /usr/lib/python3/dist-packages/oslo_config/cfg.py:2609
2025-03-31 00:34:09.471 118994 DEBUG oslo_service.service [req-e60927f6-0e68-4e07-b343-db63668dd3ce - - - - -] cyborg.service_type = accelerator log_opt_values /usr/lib/python3/dist-packages/oslo_config/cfg.py:2609
2025-03-31 00:34:09.471 118994 DEBUG oslo_service.service [req-e60927f6-0e68-4e07-b343-db63668dd3ce - - - - -] cyborg.split_loggers = False log_opt_values /usr/lib/python3/dist-packages/oslo_config/cfg.py:2609
2025-03-31 00:34:09.471 118994 DEBUG oslo_service.service [req-e60927f6-0e68-4e07-b343-db63668dd3ce - - - - -] cyborg.status_code_retries = None log_opt_values /usr/lib/python3/dist-packages/oslo_config/cfg.py:2609
2025-03-31 00:34:09.472 118994 DEBUG oslo_service.service [req-e60927f6-0e68-4e07-b343-db63668dd3ce - - - - -] cyborg.status_code_retry_delay = None log_opt_values /usr/lib/python3/dist-packages/oslo_config/cfg.py:2609
2025-03-31 00:34:09.472 118994 DEBUG oslo_service.service [req-e60927f6-0e68-4e07-b343-db63668dd3ce - - - - -] cyborg.timeout = None log_opt_values /usr/lib/python3/dist-packages/oslo_config/cfg.py:2609
2025-03-31 00:34:09.473 118994 DEBUG oslo_service.service [req-e60927f6-0e68-4e07-b343-db63668dd3ce - - - - -] cyborg.valid_interfaces = ['internal', 'public'] log_opt_values /usr/lib/python3/dist-packages/oslo_config/cfg.py:2609
2025-03-31 00:34:09.474 118994 DEBUG oslo_service.service [req-e60927f6-0e68-4e07-b343-db63668dd3ce - - - - -] cyborg.version = None log_opt_values /usr/lib/python3/dist-packages/oslo_config/cfg.py:2609
2025-03-31 00:34:09.475 118994 DEBUG oslo_service.service [req-e60927f6-0e68-4e07-b343-db63668dd3ce - - - - -] database.backend = sqlalchemy log_opt_values /usr/lib/python3/dist-packages/oslo_config/cfg.py:2609
2025-03-31 00:34:09.475 118994 DEBUG oslo_service.service [req-e60927f6-0e68-4e07-b343-db63668dd3ce - - - - -] database.connection = **** log_opt_values /usr/lib/python3/dist-packages/oslo_config/cfg.py:2609
2025-03-31 00:34:09.477 118994 DEBUG oslo_service.service [req-e60927f6-0e68-4e07-b343-db63668dd3ce - - - - -] database.connection_debug = 0 log_opt_values /usr/lib/python3/dist-packages/oslo_config/cfg.py:2609
2025-03-31 00:34:09.478 118994 DEBUG oslo_service.service [req-e60927f6-0e68-4e07-b343-db63668dd3ce - - - - -] database.connection_parameters = log_opt_values /usr/lib/python3/dist-packages/oslo_config/cfg.py:2609
2025-03-31 00:34:09.479 118994 DEBUG oslo_service.service [req-e60927f6-0e68-4e07-b343-db63668dd3ce - - - - -] database.connection_recycle_time = 3600 log_opt_values /usr/lib/python3/dist-packages/oslo_config/cfg.py:2609
2025-03-31 00:34:09.479 120473 DEBUG oslo_messaging._drivers.amqpdriver [-] Listener is running poll /usr/lib/python3/dist-packages/oslo_messaging/_drivers/amqpdriver.py:343
2025-03-31 00:34:09.480 120473 DEBUG oslo_messaging._drivers.amqpdriver [-] AMQPListener connection consume poll /usr/lib/python3/dist-packages/oslo_messaging/_drivers/amqpdriver.py:357
2025-03-31 00:34:09.480 118994 DEBUG oslo_service.service [req-e60927f6-0e68-4e07-b343-db63668dd3ce - - - - -] database.connection_trace = False log_opt_values /usr/lib/python3/dist-packages/oslo_config/cfg.py:2609
2025-03-31 00:34:09.480 118994 DEBUG oslo_service.service [req-e60927f6-0e68-4e07-b343-db63668dd3ce - - - - -] database.db_inc_retry_interval = True log_opt_values /usr/lib/python3/dist-packages/oslo_config/cfg.py:2609
2025-03-31 00:34:09.480 120482 DEBUG oslo_messaging._drivers.amqpdriver [-] Listener is running poll /usr/lib/python3/dist-packages/oslo_messaging/_drivers/amqpdriver.py:343
2025-03-31 00:34:09.480 120482 DEBUG oslo_messaging._drivers.amqpdriver [-] AMQPListener connection consume poll /usr/lib/python3/dist-packages/oslo_messaging/_drivers/amqpdriver.py:357
2025-03-31 00:34:09.480 120473 DEBUG nova.service [req-0e613bee-5828-4ea3-acff-1a48c98e4b59 - - - - -] Join ServiceGroup membership for this service scheduler start /usr/lib/python3/dist-packages/nova/service.py:199
2025-03-31 00:34:09.480 118994 DEBUG oslo_service.service [req-e60927f6-0e68-4e07-b343-db63668dd3ce - - - - -] database.db_max_retries = 20 log_opt_values /usr/lib/python3/dist-packages/oslo_config/cfg.py:2609
2025-03-31 00:34:09.481 120473 DEBUG nova.servicegroup.drivers.db [req-0e613bee-5828-4ea3-acff-1a48c98e4b59 - - - - -] DB_Driver: join new ServiceGroup member juju-72d370-0-lxd-7 to the scheduler group, service = join /usr/lib/python3/dist-packages/nova/servicegroup/drivers/db.py:44
2025-03-31 00:34:09.481 118994 DEBUG oslo_service.service [req-e60927f6-0e68-4e07-b343-db63668dd3ce - - - - -] database.db_max_retry_interval = 10 log_opt_values /usr/lib/python3/dist-packages/oslo_config/cfg.py:2609
2025-03-31 00:34:09.482 120482 DEBUG nova.service [req-1aa1d616-f098-4351-a76b-b5d8a6014626 - - - - -] Join ServiceGroup membership for this service scheduler start /usr/lib/python3/dist-packages/nova/service.py:199
2025-03-31 00:34:09.482 120482 DEBUG nova.servicegroup.drivers.db [req-1aa1d616-f098-4351-a76b-b5d8a6014626 - - - - -] DB_Driver: join new ServiceGroup member juju-72d370-0-lxd-7 to the scheduler group, service = join /usr/lib/python3/dist-packages/nova/servicegroup/drivers/db.py:44
2025-03-31 00:34:09.483 120482 DEBUG oslo_messaging._drivers.amqpdriver [-] AMQPListener connection timeout poll /usr/lib/python3/dist-packages/oslo_messaging/_drivers/amqpdriver.py:360
2025-03-31 00:34:09.483 120482 DEBUG oslo_messaging._drivers.amqpdriver [-] Listener is running poll /usr/lib/python3/dist-packages/oslo_messaging/_drivers/amqpdriver.py:343
2025-03-31 00:34:09.484 120473 DEBUG oslo_messaging._drivers.amqpdriver [-] AMQPListener connection timeout poll /usr/lib/python3/dist-packages/oslo_messaging/_drivers/amqpdriver.py:360
2025-03-31 00:34:09.484 120482 DEBUG oslo_messaging._drivers.amqpdriver [-] AMQPListener connection consume poll /usr/lib/python3/dist-packages/oslo_messaging/_drivers/amqpdriver.py:357
2025-03-31 00:34:09.484 120473 DEBUG oslo_messaging._drivers.amqpdriver [-] Listener is running poll /usr/lib/python3/dist-packages/oslo_messaging/_drivers/amqpdriver.py:343
2025-03-31 00:34:09.484 120473 DEBUG oslo_messaging._drivers.amqpdriver [-] AMQPListener connection consume poll /usr/lib/python3/dist-packages/oslo_messaging/_drivers/amqpdriver.py:357
2025-03-31 00:34:09.482 118994 DEBUG oslo_service.service [req-e60927f6-0e68-4e07-b343-db63668dd3ce - - - - -] database.db_retry_interval = 1 log_opt_values /usr/lib/python3/dist-packages/oslo_config/cfg.py:2609
2025-03-31 00:34:09.484 118994 DEBUG oslo_service.service [req-e60927f6-0e68-4e07-b343-db63668dd3ce - - - - -] database.max_overflow = 50 log_opt_values /usr/lib/python3/dist-packages/oslo_config/cfg.py:2609
2025-03-31 00:34:09.485 118994 DEBUG oslo_service.service [req-e60927f6-0e68-4e07-b343-db63668dd3ce - - - - -] database.max_pool_size = 4 log_opt_values /usr/lib/python3/dist-packages/oslo_config/cfg.py:2609
2025-03-31 00:34:09.486 118994 DEBUG oslo_service.service [req-e60927f6-0e68-4e07-b343-db63668dd3ce - - - - -] database.max_retries = 10 log_opt_values /usr/lib/python3/dist-packages/oslo_config/cfg.py:2609
2025-03-31 00:34:09.488 118994 DEBUG oslo_service.service [req-e60927f6-0e68-4e07-b343-db63668dd3ce - - - - -] database.mysql_enable_ndb = False log_opt_values /usr/lib/python3/dist-packages/oslo_config/cfg.py:2609
2025-03-31 00:34:09.489 118994 DEBUG oslo_service.service [req-e60927f6-0e68-4e07-b343-db63668dd3ce - - - - -] database.mysql_sql_mode = TRADITIONAL log_opt_values /usr/lib/python3/dist-packages/oslo_config/cfg.py:2609
2025-03-31 00:34:09.489 120479 DEBUG oslo_messaging._drivers.amqpdriver [-] Listener is running poll /usr/lib/python3/dist-packages/oslo_messaging/_drivers/amqpdriver.py:343
2025-03-31 00:34:09.489 118994 DEBUG oslo_service.service [req-e60927f6-0e68-4e07-b343-db63668dd3ce - - - - -] database.pool_timeout = None log_opt_values /usr/lib/python3/dist-packages/oslo_config/cfg.py:2609
2025-03-31 00:34:09.489 120479 DEBUG oslo_messaging._drivers.amqpdriver [-] AMQPListener connection consume poll /usr/lib/python3/dist-packages/oslo_messaging/_drivers/amqpdriver.py:357
2025-03-31 00:34:09.487 120480 DEBUG oslo_messaging._drivers.amqpdriver [-] Listener is running poll /usr/lib/python3/dist-packages/oslo_messaging/_drivers/amqpdriver.py:343
2025-03-31 00:34:09.489 120479 DEBUG nova.service [req-6c0cc114-7970-4acd-8787-a5df59f23a86 - - - - -] Join ServiceGroup membership for this service scheduler start /usr/lib/python3/dist-packages/nova/service.py:199
2025-03-31 00:34:09.490 120480 DEBUG oslo_messaging._drivers.amqpdriver [-] AMQPListener connection consume poll /usr/lib/python3/dist-packages/oslo_messaging/_drivers/amqpdriver.py:357
2025-03-31 00:34:09.490 120479 DEBUG nova.servicegroup.drivers.db [req-6c0cc114-7970-4acd-8787-a5df59f23a86 - - - - -] DB_Driver: join new ServiceGroup member juju-72d370-0-lxd-7 to the scheduler group, service = join /usr/lib/python3/dist-packages/nova/servicegroup/drivers/db.py:44
2025-03-31 00:34:09.489 118994 DEBUG oslo_service.service [req-e60927f6-0e68-4e07-b343-db63668dd3ce - - - - -] database.retry_interval = 10 log_opt_values /usr/lib/python3/dist-packages/oslo_config/cfg.py:2609
2025-03-31 00:34:09.491 118994 DEBUG oslo_service.service [req-e60927f6-0e68-4e07-b343-db63668dd3ce - - - - -] database.slave_connection = **** log_opt_values /usr/lib/python3/dist-packages/oslo_config/cfg.py:2609
2025-03-31 00:34:09.491 118994 DEBUG oslo_service.service [req-e60927f6-0e68-4e07-b343-db63668dd3ce - - - - -] database.sqlite_synchronous = True log_opt_values /usr/lib/python3/dist-packages/oslo_config/cfg.py:2609
2025-03-31 00:34:09.491 118994 DEBUG oslo_service.service [req-e60927f6-0e68-4e07-b343-db63668dd3ce - - - - -] database.use_db_reconnect = False log_opt_values /usr/lib/python3/dist-packages/oslo_config/cfg.py:2609
2025-03-31 00:34:09.492 118994 DEBUG oslo_service.service [req-e60927f6-0e68-4e07-b343-db63668dd3ce - - - - -] api_database.backend = sqlalchemy log_opt_values /usr/lib/python3/dist-packages/oslo_config/cfg.py:2609
2025-03-31 00:34:09.492 118994 DEBUG oslo_service.service [req-e60927f6-0e68-4e07-b343-db63668dd3ce - - - - -] api_database.connection = **** log_opt_values /usr/lib/python3/dist-packages/oslo_config/cfg.py:2609
2025-03-31 00:34:09.492 118994 DEBUG oslo_service.service [req-e60927f6-0e68-4e07-b343-db63668dd3ce - - - - -] api_database.connection_debug = 0 log_opt_values /usr/lib/python3/dist-packages/oslo_config/cfg.py:2609
2025-03-31 00:34:09.492 118994 DEBUG oslo_service.service [req-e60927f6-0e68-4e07-b343-db63668dd3ce - - - - -] api_database.connection_parameters = log_opt_values /usr/lib/python3/dist-packages/oslo_config/cfg.py:2609
2025-03-31 00:34:09.492 120479 DEBUG oslo_messaging._drivers.amqpdriver [-] AMQPListener connection timeout poll /usr/lib/python3/dist-packages/oslo_messaging/_drivers/amqpdriver.py:360
2025-03-31 00:34:09.492 120479 DEBUG oslo_messaging._drivers.amqpdriver [-] Listener is running poll /usr/lib/python3/dist-packages/oslo_messaging/_drivers/amqpdriver.py:343
2025-03-31 00:34:09.492 118994 DEBUG oslo_service.service [req-e60927f6-0e68-4e07-b343-db63668dd3ce - - - - -] api_database.connection_recycle_time = 3600 log_opt_values /usr/lib/python3/dist-packages/oslo_config/cfg.py:2609
2025-03-31 00:34:09.492 120479 DEBUG oslo_messaging._drivers.amqpdriver [-] AMQPListener connection consume poll /usr/lib/python3/dist-packages/oslo_messaging/_drivers/amqpdriver.py:357
2025-03-31 00:34:09.492 118994 DEBUG oslo_service.service [req-e60927f6-0e68-4e07-b343-db63668dd3ce - - - - -] api_database.connection_trace = False log_opt_values /usr/lib/python3/dist-packages/oslo_config/cfg.py:2609
2025-03-31 00:34:09.490 120480 DEBUG nova.service [req-034e6428-cabc-451b-ac79-083e289bdacc - - - - -] Join ServiceGroup membership for this service scheduler start /usr/lib/python3/dist-packages/nova/service.py:199
2025-03-31 00:34:09.493 118994 DEBUG oslo_service.service [req-e60927f6-0e68-4e07-b343-db63668dd3ce - - - - -] api_database.db_inc_retry_interval = True log_opt_values /usr/lib/python3/dist-packages/oslo_config/cfg.py:2609
2025-03-31 00:34:09.493 120480 DEBUG nova.servicegroup.drivers.db [req-034e6428-cabc-451b-ac79-083e289bdacc - - - - -] DB_Driver: join new ServiceGroup member juju-72d370-0-lxd-7 to the scheduler group, service = join /usr/lib/python3/dist-packages/nova/servicegroup/drivers/db.py:44
2025-03-31 00:34:09.493 118994 DEBUG oslo_service.service [req-e60927f6-0e68-4e07-b343-db63668dd3ce - - - - -] api_database.db_max_retries = 20 log_opt_values /usr/lib/python3/dist-packages/oslo_config/cfg.py:2609
2025-03-31 00:34:09.493 118994 DEBUG oslo_service.service [req-e60927f6-0e68-4e07-b343-db63668dd3ce - - - - -] api_database.db_max_retry_interval = 10 log_opt_values /usr/lib/python3/dist-packages/oslo_config/cfg.py:2609
2025-03-31 00:34:09.493 118994 DEBUG oslo_service.service [req-e60927f6-0e68-4e07-b343-db63668dd3ce - - - - -] api_database.db_retry_interval = 1 log_opt_values /usr/lib/python3/dist-packages/oslo_config/cfg.py:2609
2025-03-31 00:34:09.494 118994 DEBUG oslo_service.service [req-e60927f6-0e68-4e07-b343-db63668dd3ce - - - - -] api_database.max_overflow = 50 log_opt_values /usr/lib/python3/dist-packages/oslo_config/cfg.py:2609
2025-03-31 00:34:09.495 118994 DEBUG oslo_service.service [req-e60927f6-0e68-4e07-b343-db63668dd3ce - - - - -] api_database.max_pool_size = 4 log_opt_values /usr/lib/python3/dist-packages/oslo_config/cfg.py:2609
2025-03-31 00:34:09.495 118994 DEBUG oslo_service.service [req-e60927f6-0e68-4e07-b343-db63668dd3ce - - - - -] api_database.max_retries = 10 log_opt_values /usr/lib/python3/dist-packages/oslo_config/cfg.py:2609
2025-03-31 00:34:09.495 120480 DEBUG oslo_messaging._drivers.amqpdriver [-] AMQPListener connection timeout poll /usr/lib/python3/dist-packages/oslo_messaging/_drivers/amqpdriver.py:360
2025-03-31 00:34:09.495 120480 DEBUG oslo_messaging._drivers.amqpdriver [-] Listener is running poll /usr/lib/python3/dist-packages/oslo_messaging/_drivers/amqpdriver.py:343
2025-03-31 00:34:09.495 118994 DEBUG oslo_service.service [req-e60927f6-0e68-4e07-b343-db63668dd3ce - - - - -] api_database.mysql_enable_ndb = False log_opt_values /usr/lib/python3/dist-packages/oslo_config/cfg.py:2609
2025-03-31 00:34:09.495 120480 DEBUG oslo_messaging._drivers.amqpdriver [-] AMQPListener connection consume poll /usr/lib/python3/dist-packages/oslo_messaging/_drivers/amqpdriver.py:357
2025-03-31 00:34:09.495 118994 DEBUG oslo_service.service [req-e60927f6-0e68-4e07-b343-db63668dd3ce - - - - -] api_database.mysql_sql_mode = TRADITIONAL log_opt_values /usr/lib/python3/dist-packages/oslo_config/cfg.py:2609
2025-03-31 00:34:09.496 118994 DEBUG oslo_service.service [req-e60927f6-0e68-4e07-b343-db63668dd3ce - - - - -] api_database.pool_timeout = None log_opt_values /usr/lib/python3/dist-packages/oslo_config/cfg.py:2609
