2025-03-31 00:34:41.879 36728 DEBUG oslo_service.service [-] heat_api_cloudwatch.workers = 1 log_opt_values /usr/lib/python3/dist-packages/oslo_config/cfg.py:2609
2025-03-31 00:34:41.879 36728 DEBUG oslo_service.service [-] eventlet_opts.client_socket_timeout = 900 log_opt_values /usr/lib/python3/dist-packages/oslo_config/cfg.py:2609
2025-03-31 00:34:41.879 36728 DEBUG oslo_service.service [-] eventlet_opts.wsgi_keep_alive = True log_opt_values /usr/lib/python3/dist-packages/oslo_config/cfg.py:2609
2025-03-31 00:34:41.879 36728 DEBUG oslo_service.service [-] paste_deploy.api_paste_config = /etc/heat/api-paste.ini log_opt_values /usr/lib/python3/dist-packages/oslo_config/cfg.py:2609
2025-03-31 00:34:41.880 36728 DEBUG oslo_service.service [-] paste_deploy.flavor = None log_opt_values /usr/lib/python3/dist-packages/oslo_config/cfg.py:2609
2025-03-31 00:34:41.880 36728 DEBUG oslo_service.service [-] auth_password.allowed_auth_uris = [] log_opt_values /usr/lib/python3/dist-packages/oslo_config/cfg.py:2609
2025-03-31 00:34:41.880 36728 DEBUG oslo_service.service [-] auth_password.multi_cloud = False log_opt_values /usr/lib/python3/dist-packages/oslo_config/cfg.py:2609
2025-03-31 00:34:41.880 36728 DEBUG oslo_service.service [-] revision.heat_revision = unknown log_opt_values /usr/lib/python3/dist-packages/oslo_config/cfg.py:2609
2025-03-31 00:34:41.880 36728 DEBUG oslo_service.service [-] volumes.backups_enabled = True log_opt_values /usr/lib/python3/dist-packages/oslo_config/cfg.py:2609
2025-03-31 00:34:41.880 36728 DEBUG oslo_service.service [-] noauth.token_response = log_opt_values /usr/lib/python3/dist-packages/oslo_config/cfg.py:2609
2025-03-31 00:34:41.880 36728 DEBUG oslo_service.service [-] clients.ca_file = None log_opt_values /usr/lib/python3/dist-packages/oslo_config/cfg.py:2609
2025-03-31 00:34:41.880 36728 DEBUG oslo_service.service [-] clients.cert_file = None log_opt_values /usr/lib/python3/dist-packages/oslo_config/cfg.py:2609
2025-03-31 00:34:41.881 36728 DEBUG oslo_service.service [-] clients.endpoint_type = publicURL log_opt_values /usr/lib/python3/dist-packages/oslo_config/cfg.py:2609
2025-03-31 00:34:41.881 36728 DEBUG oslo_service.service [-] clients.insecure = False log_opt_values /usr/lib/python3/dist-packages/oslo_config/cfg.py:2609
2025-03-31 00:34:41.881 36728 DEBUG oslo_service.service [-] clients.key_file = None log_opt_values /usr/lib/python3/dist-packages/oslo_config/cfg.py:2609
2025-03-31 00:34:41.881 36728 DEBUG oslo_service.service [-] clients_aodh.ca_file = None log_opt_values /usr/lib/python3/dist-packages/oslo_config/cfg.py:2609
2025-03-31 00:34:41.881 36728 DEBUG oslo_service.service [-] clients_aodh.cert_file = None log_opt_values /usr/lib/python3/dist-packages/oslo_config/cfg.py:2609
2025-03-31 00:34:41.881 36728 DEBUG oslo_service.service [-] clients_aodh.endpoint_type = None log_opt_values /usr/lib/python3/dist-packages/oslo_config/cfg.py:2609
2025-03-31 00:34:41.881 36728 DEBUG oslo_service.service [-] clients_aodh.insecure = None log_opt_values /usr/lib/python3/dist-packages/oslo_config/cfg.py:2609
2025-03-31 00:34:41.881 36728 DEBUG oslo_service.service [-] clients_aodh.key_file = None log_opt_values /usr/lib/python3/dist-packages/oslo_config/cfg.py:2609
2025-03-31 00:34:41.882 36728 DEBUG oslo_service.service [-] clients_barbican.ca_file = None log_opt_values /usr/lib/python3/dist-packages/oslo_config/cfg.py:2609
2025-03-31 00:34:41.882 36728 DEBUG oslo_service.service [-] clients_barbican.cert_file = None log_opt_values /usr/lib/python3/dist-packages/oslo_config/cfg.py:2609
2025-03-31 00:34:41.882 36728 DEBUG oslo_service.service [-] clients_barbican.endpoint_type = None log_opt_values /usr/lib/python3/dist-packages/oslo_config/cfg.py:2609
2025-03-31 00:34:41.882 36728 DEBUG oslo_service.service [-] clients_barbican.insecure = None log_opt_values /usr/lib/python3/dist-packages/oslo_config/cfg.py:2609
2025-03-31 00:34:41.882 36728 DEBUG oslo_service.service [-] clients_barbican.key_file = None log_opt_values /usr/lib/python3/dist-packages/oslo_config/cfg.py:2609
2025-03-31 00:34:41.882 36728 DEBUG oslo_service.service [-] clients_cinder.ca_file = None log_opt_values /usr/lib/python3/dist-packages/oslo_config/cfg.py:2609
2025-03-31 00:34:41.882 36728 DEBUG oslo_service.service [-] clients_cinder.cert_file = None log_opt_values /usr/lib/python3/dist-packages/oslo_config/cfg.py:2609
2025-03-31 00:34:41.882 36728 DEBUG oslo_service.service [-] clients_cinder.endpoint_type = None log_opt_values /usr/lib/python3/dist-packages/oslo_config/cfg.py:2609
2025-03-31 00:34:41.883 36728 DEBUG oslo_service.service [-] clients_cinder.http_log_debug = False log_opt_values /usr/lib/python3/dist-packages/oslo_config/cfg.py:2609
2025-03-31 00:34:41.883 36728 DEBUG oslo_service.service [-] clients_cinder.insecure = None log_opt_values /usr/lib/python3/dist-packages/oslo_config/cfg.py:2609
2025-03-31 00:34:41.883 36728 DEBUG oslo_service.service [-] clients_cinder.key_file = None log_opt_values /usr/lib/python3/dist-packages/oslo_config/cfg.py:2609
2025-03-31 00:34:41.883 36728 DEBUG oslo_service.service [-] clients_designate.ca_file = None log_opt_values /usr/lib/python3/dist-packages/oslo_config/cfg.py:2609
2025-03-31 00:34:41.883 36728 DEBUG oslo_service.service [-] clients_designate.cert_file = None log_opt_values /usr/lib/python3/dist-packages/oslo_config/cfg.py:2609
2025-03-31 00:34:41.883 36728 DEBUG oslo_service.service [-] clients_designate.endpoint_type = None log_opt_values /usr/lib/python3/dist-packages/oslo_config/cfg.py:2609
2025-03-31 00:34:41.883 36728 DEBUG oslo_service.service [-] clients_designate.insecure = None log_opt_values /usr/lib/python3/dist-packages/oslo_config/cfg.py:2609
2025-03-31 00:34:41.884 36728 DEBUG oslo_service.service [-] clients_designate.key_file = None log_opt_values /usr/lib/python3/dist-packages/oslo_config/cfg.py:2609
2025-03-31 00:34:41.884 36728 DEBUG oslo_service.service [-] clients_glance.ca_file = None log_opt_values /usr/lib/python3/dist-packages/oslo_config/cfg.py:2609
2025-03-31 00:34:41.884 36728 DEBUG oslo_service.service [-] clients_glance.cert_file = None log_opt_values /usr/lib/python3/dist-packages/oslo_config/cfg.py:2609
2025-03-31 00:34:41.884 36728 DEBUG oslo_service.service [-] clients_glance.endpoint_type = None log_opt_values /usr/lib/python3/dist-packages/oslo_config/cfg.py:2609
2025-03-31 00:34:41.884 36728 DEBUG oslo_service.service [-] clients_glance.insecure = None log_opt_values /usr/lib/python3/dist-packages/oslo_config/cfg.py:2609
2025-03-31 00:34:41.884 36728 DEBUG oslo_service.service [-] clients_glance.key_file = None log_opt_values /usr/lib/python3/dist-packages/oslo_config/cfg.py:2609
2025-03-31 00:34:41.884 36728 DEBUG oslo_service.service [-] clients_heat.ca_file = None log_opt_values /usr/lib/python3/dist-packages/oslo_config/cfg.py:2609
2025-03-31 00:34:41.884 36728 DEBUG oslo_service.service [-] clients_heat.cert_file = None log_opt_values /usr/lib/python3/dist-packages/oslo_config/cfg.py:2609
2025-03-31 00:34:41.885 36728 DEBUG oslo_service.service [-] clients_heat.endpoint_type = None log_opt_values /usr/lib/python3/dist-packages/oslo_config/cfg.py:2609
2025-03-31 00:34:41.884 36952 INFO heat.engine.worker [-] Starting engine_worker (1.4) in engine 2dd9c301-6c40-4fd0-a6b1-3780c115b030.
2025-03-31 00:34:41.885 36728 DEBUG oslo_service.service [-] clients_heat.insecure = None log_opt_values /usr/lib/python3/dist-packages/oslo_config/cfg.py:2609
2025-03-31 00:34:41.885 36728 DEBUG oslo_service.service [-] clients_heat.key_file = None log_opt_values /usr/lib/python3/dist-packages/oslo_config/cfg.py:2609
2025-03-31 00:34:41.885 36728 DEBUG oslo_service.service [-] clients_heat.url = log_opt_values /usr/lib/python3/dist-packages/oslo_config/cfg.py:2609
2025-03-31 00:34:41.885 36728 DEBUG oslo_service.service [-] clients_keystone.auth_uri = http://252.17.31.96:5050 log_opt_values /usr/lib/python3/dist-packages/oslo_config/cfg.py:2609
2025-03-31 00:34:41.885 36728 DEBUG oslo_service.service [-] clients_keystone.ca_file = None log_opt_values /usr/lib/python3/dist-packages/oslo_config/cfg.py:2609
2025-03-31 00:34:41.885 36728 DEBUG oslo_service.service [-] clients_keystone.cert_file = None log_opt_values /usr/lib/python3/dist-packages/oslo_config/cfg.py:2609
2025-03-31 00:34:41.886 36728 DEBUG oslo_service.service [-] clients_keystone.endpoint_type = None log_opt_values /usr/lib/python3/dist-packages/oslo_config/cfg.py:2609
2025-03-31 00:34:41.886 36728 DEBUG oslo_service.service [-] clients_keystone.insecure = None log_opt_values /usr/lib/python3/dist-packages/oslo_config/cfg.py:2609
2025-03-31 00:34:41.886 36728 DEBUG oslo_service.service [-] clients_keystone.key_file = None log_opt_values /usr/lib/python3/dist-packages/oslo_config/cfg.py:2609
2025-03-31 00:34:41.886 36728 DEBUG oslo_service.service [-] clients_magnum.ca_file = None log_opt_values /usr/lib/python3/dist-packages/oslo_config/cfg.py:2609
2025-03-31 00:34:41.886 36728 DEBUG oslo_service.service [-] clients_magnum.cert_file = None log_opt_values /usr/lib/python3/dist-packages/oslo_config/cfg.py:2609
2025-03-31 00:34:41.887 36728 DEBUG oslo_service.service [-] clients_magnum.endpoint_type = None log_opt_values /usr/lib/python3/dist-packages/oslo_config/cfg.py:2609
2025-03-31 00:34:41.887 36728 DEBUG oslo_service.service [-] clients_magnum.insecure = None log_opt_values /usr/lib/python3/dist-packages/oslo_config/cfg.py:2609
2025-03-31 00:34:41.887 36728 DEBUG oslo_service.service [-] clients_magnum.key_file = None log_opt_values /usr/lib/python3/dist-packages/oslo_config/cfg.py:2609
2025-03-31 00:34:41.887 36728 DEBUG oslo_service.service [-] clients_manila.ca_file = None log_opt_values /usr/lib/python3/dist-packages/oslo_config/cfg.py:2609
2025-03-31 00:34:41.887 36728 DEBUG oslo_service.service [-] clients_manila.cert_file = None log_opt_values /usr/lib/python3/dist-packages/oslo_config/cfg.py:2609
2025-03-31 00:34:41.887 36728 DEBUG oslo_service.service [-] clients_manila.endpoint_type = None log_opt_values /usr/lib/python3/dist-packages/oslo_config/cfg.py:2609
2025-03-31 00:34:41.888 36728 DEBUG oslo_service.service [-] clients_manila.insecure = None log_opt_values /usr/lib/python3/dist-packages/oslo_config/cfg.py:2609
2025-03-31 00:34:41.888 36728 DEBUG oslo_service.service [-] clients_manila.key_file = None log_opt_values /usr/lib/python3/dist-packages/oslo_config/cfg.py:2609
2025-03-31 00:34:41.888 36728 DEBUG oslo_service.service [-] clients_mistral.ca_file = None log_opt_values /usr/lib/python3/dist-packages/oslo_config/cfg.py:2609
2025-03-31 00:34:41.888 36728 DEBUG oslo_service.service [-] clients_mistral.cert_file = None log_opt_values /usr/lib/python3/dist-packages/oslo_config/cfg.py:2609
2025-03-31 00:34:41.888 36728 DEBUG oslo_service.service [-] clients_mistral.endpoint_type = None log_opt_values /usr/lib/python3/dist-packages/oslo_config/cfg.py:2609
2025-03-31 00:34:41.888 36728 DEBUG oslo_service.service [-] clients_mistral.insecure = None log_opt_values /usr/lib/python3/dist-packages/oslo_config/cfg.py:2609
2025-03-31 00:34:41.888 36728 DEBUG oslo_service.service [-] clients_mistral.key_file = None log_opt_values /usr/lib/python3/dist-packages/oslo_config/cfg.py:2609
2025-03-31 00:34:41.889 36728 DEBUG oslo_service.service [-] clients_monasca.ca_file = None log_opt_values /usr/lib/python3/dist-packages/oslo_config/cfg.py:2609
2025-03-31 00:34:41.889 36728 DEBUG oslo_service.service [-] clients_monasca.cert_file = None log_opt_values /usr/lib/python3/dist-packages/oslo_config/cfg.py:2609
2025-03-31 00:34:41.889 36728 DEBUG oslo_service.service [-] clients_monasca.endpoint_type = None log_opt_values /usr/lib/python3/dist-packages/oslo_config/cfg.py:2609
2025-03-31 00:34:41.889 36728 DEBUG oslo_service.service [-] clients_monasca.insecure = None log_opt_values /usr/lib/python3/dist-packages/oslo_config/cfg.py:2609
2025-03-31 00:34:41.889 36728 DEBUG oslo_service.service [-] clients_monasca.key_file = None log_opt_values /usr/lib/python3/dist-packages/oslo_config/cfg.py:2609
2025-03-31 00:34:41.889 36728 DEBUG oslo_service.service [-] clients_neutron.ca_file = None log_opt_values /usr/lib/python3/dist-packages/oslo_config/cfg.py:2609
2025-03-31 00:34:41.889 36728 DEBUG oslo_service.service [-] clients_neutron.cert_file = None log_opt_values /usr/lib/python3/dist-packages/oslo_config/cfg.py:2609
2025-03-31 00:34:41.889 36728 DEBUG oslo_service.service [-] clients_neutron.endpoint_type = None log_opt_values /usr/lib/python3/dist-packages/oslo_config/cfg.py:2609
2025-03-31 00:34:41.890 36728 DEBUG oslo_service.service [-] clients_neutron.insecure = None log_opt_values /usr/lib/python3/dist-packages/oslo_config/cfg.py:2609
2025-03-31 00:34:41.890 36728 DEBUG oslo_service.service [-] clients_neutron.key_file = None log_opt_values /usr/lib/python3/dist-packages/oslo_config/cfg.py:2609
2025-03-31 00:34:41.890 36728 DEBUG oslo_service.service [-] clients_nova.ca_file = None log_opt_values /usr/lib/python3/dist-packages/oslo_config/cfg.py:2609
2025-03-31 00:34:41.890 36728 DEBUG oslo_service.service [-] clients_nova.cert_file = None log_opt_values /usr/lib/python3/dist-packages/oslo_config/cfg.py:2609
2025-03-31 00:34:41.890 36728 DEBUG oslo_service.service [-] clients_nova.endpoint_type = None log_opt_values /usr/lib/python3/dist-packages/oslo_config/cfg.py:2609
2025-03-31 00:34:41.890 36728 DEBUG oslo_service.service [-] clients_nova.http_log_debug = False log_opt_values /usr/lib/python3/dist-packages/oslo_config/cfg.py:2609
2025-03-31 00:34:41.890 36728 DEBUG oslo_service.service [-] clients_nova.insecure = None log_opt_values /usr/lib/python3/dist-packages/oslo_config/cfg.py:2609
2025-03-31 00:34:41.891 36728 DEBUG oslo_service.service [-] clients_nova.key_file = None log_opt_values /usr/lib/python3/dist-packages/oslo_config/cfg.py:2609
2025-03-31 00:34:41.891 36728 DEBUG oslo_service.service [-] clients_octavia.ca_file = None log_opt_values /usr/lib/python3/dist-packages/oslo_config/cfg.py:2609
2025-03-31 00:34:41.891 36728 DEBUG oslo_service.service [-] clients_octavia.cert_file = None log_opt_values /usr/lib/python3/dist-packages/oslo_config/cfg.py:2609
2025-03-31 00:34:41.891 36728 DEBUG oslo_service.service [-] clients_octavia.endpoint_type = None log_opt_values /usr/lib/python3/dist-packages/oslo_config/cfg.py:2609
2025-03-31 00:34:41.891 36728 DEBUG oslo_service.service [-] clients_octavia.insecure = None log_opt_values /usr/lib/python3/dist-packages/oslo_config/cfg.py:2609
2025-03-31 00:34:41.892 36728 DEBUG oslo_service.service [-] clients_octavia.key_file = None log_opt_values /usr/lib/python3/dist-packages/oslo_config/cfg.py:2609
2025-03-31 00:34:41.892 36728 DEBUG oslo_service.service [-] clients_sahara.ca_file = None log_opt_values /usr/lib/python3/dist-packages/oslo_config/cfg.py:2609
2025-03-31 00:34:41.892 36728 DEBUG oslo_service.service [-] clients_sahara.cert_file = None log_opt_values /usr/lib/python3/dist-packages/oslo_config/cfg.py:2609
2025-03-31 00:34:41.892 36728 DEBUG oslo_service.service [-] clients_sahara.endpoint_type = None log_opt_values /usr/lib/python3/dist-packages/oslo_config/cfg.py:2609
2025-03-31 00:34:41.892 36728 DEBUG oslo_service.service [-] clients_sahara.insecure = None log_opt_values /usr/lib/python3/dist-packages/oslo_config/cfg.py:2609
2025-03-31 00:34:41.893 36728 DEBUG oslo_service.service [-] clients_sahara.key_file = None log_opt_values /usr/lib/python3/dist-packages/oslo_config/cfg.py:2609
2025-03-31 00:34:41.893 36728 DEBUG oslo_service.service [-] clients_senlin.ca_file = None log_opt_values /usr/lib/python3/dist-packages/oslo_config/cfg.py:2609
2025-03-31 00:34:41.893 36728 DEBUG oslo_service.service [-] clients_senlin.cert_file = None log_opt_values /usr/lib/python3/dist-packages/oslo_config/cfg.py:2609
2025-03-31 00:34:41.893 36728 DEBUG oslo_service.service [-] clients_senlin.endpoint_type = None log_opt_values /usr/lib/python3/dist-packages/oslo_config/cfg.py:2609
2025-03-31 00:34:41.893 36728 DEBUG oslo_service.service [-] clients_senlin.insecure = None log_opt_values /usr/lib/python3/dist-packages/oslo_config/cfg.py:2609
2025-03-31 00:34:41.893 36728 DEBUG oslo_service.service [-] clients_senlin.key_file = None log_opt_values /usr/lib/python3/dist-packages/oslo_config/cfg.py:2609
2025-03-31 00:34:41.894 36728 DEBUG oslo_service.service [-] clients_swift.ca_file = None log_opt_values /usr/lib/python3/dist-packages/oslo_config/cfg.py:2609
2025-03-31 00:34:41.894 36728 DEBUG oslo_service.service [-] clients_swift.cert_file = None log_opt_values /usr/lib/python3/dist-packages/oslo_config/cfg.py:2609
2025-03-31 00:34:41.894 36728 DEBUG oslo_service.service [-] clients_swift.endpoint_type = None log_opt_values /usr/lib/python3/dist-packages/oslo_config/cfg.py:2609
2025-03-31 00:34:41.894 36728 DEBUG oslo_service.service [-] clients_swift.insecure = None log_opt_values /usr/lib/python3/dist-packages/oslo_config/cfg.py:2609
2025-03-31 00:34:41.894 36728 DEBUG oslo_service.service [-] clients_swift.key_file = None log_opt_values /usr/lib/python3/dist-packages/oslo_config/cfg.py:2609
2025-03-31 00:34:41.894 36728 DEBUG oslo_service.service [-] clients_trove.ca_file = None log_opt_values /usr/lib/python3/dist-packages/oslo_config/cfg.py:2609
2025-03-31 00:34:41.895 36728 DEBUG oslo_service.service [-] clients_trove.cert_file = None log_opt_values /usr/lib/python3/dist-packages/oslo_config/cfg.py:2609
2025-03-31 00:34:41.895 36728 DEBUG oslo_service.service [-] clients_trove.endpoint_type = None log_opt_values /usr/lib/python3/dist-packages/oslo_config/cfg.py:2609
2025-03-31 00:34:41.895 36728 DEBUG oslo_service.service [-] clients_trove.insecure = None log_opt_values /usr/lib/python3/dist-packages/oslo_config/cfg.py:2609
2025-03-31 00:34:41.895 36728 DEBUG oslo_service.service [-] clients_trove.key_file = None log_opt_values /usr/lib/python3/dist-packages/oslo_config/cfg.py:2609
2025-03-31 00:34:41.895 36728 DEBUG oslo_service.service [-] clients_vitrage.ca_file = None log_opt_values /usr/lib/python3/dist-packages/oslo_config/cfg.py:2609
2025-03-31 00:34:41.895 36728 DEBUG oslo_service.service [-] clients_vitrage.cert_file = None log_opt_values /usr/lib/python3/dist-packages/oslo_config/cfg.py:2609
2025-03-31 00:34:41.895 36728 DEBUG oslo_service.service [-] clients_vitrage.endpoint_type = None log_opt_values /usr/lib/python3/dist-packages/oslo_config/cfg.py:2609
2025-03-31 00:34:41.896 36728 DEBUG oslo_service.service [-] clients_vitrage.insecure = None log_opt_values /usr/lib/python3/dist-packages/oslo_config/cfg.py:2609
2025-03-31 00:34:41.896 36728 DEBUG oslo_service.service [-] clients_vitrage.key_file = None log_opt_values /usr/lib/python3/dist-packages/oslo_config/cfg.py:2609
2025-03-31 00:34:41.896 36728 DEBUG oslo_service.service [-] clients_zaqar.ca_file = None log_opt_values /usr/lib/python3/dist-packages/oslo_config/cfg.py:2609
2025-03-31 00:34:41.896 36728 DEBUG oslo_service.service [-] clients_zaqar.cert_file = None log_opt_values /usr/lib/python3/dist-packages/oslo_config/cfg.py:2609
2025-03-31 00:34:41.896 36728 DEBUG oslo_service.service [-] clients_zaqar.endpoint_type = None log_opt_values /usr/lib/python3/dist-packages/oslo_config/cfg.py:2609
2025-03-31 00:34:41.896 36728 DEBUG oslo_service.service [-] clients_zaqar.insecure = None log_opt_values /usr/lib/python3/dist-packages/oslo_config/cfg.py:2609
2025-03-31 00:34:41.896 36728 DEBUG oslo_service.service [-] clients_zaqar.key_file = None log_opt_values /usr/lib/python3/dist-packages/oslo_config/cfg.py:2609
2025-03-31 00:34:41.896 36728 DEBUG oslo_service.service [-] database.backend = sqlalchemy log_opt_values /usr/lib/python3/dist-packages/oslo_config/cfg.py:2609
2025-03-31 00:34:41.897 36728 DEBUG oslo_service.service [-] database.connection = **** log_opt_values /usr/lib/python3/dist-packages/oslo_config/cfg.py:2609
2025-03-31 00:34:41.897 36728 DEBUG oslo_service.service [-] database.connection_debug = 0 log_opt_values /usr/lib/python3/dist-packages/oslo_config/cfg.py:2609
2025-03-31 00:34:41.897 36728 DEBUG oslo_service.service [-] database.connection_parameters = log_opt_values /usr/lib/python3/dist-packages/oslo_config/cfg.py:2609
2025-03-31 00:34:41.897 36728 DEBUG oslo_service.service [-] database.connection_recycle_time = 3600 log_opt_values /usr/lib/python3/dist-packages/oslo_config/cfg.py:2609
2025-03-31 00:34:41.897 36728 DEBUG oslo_service.service [-] database.connection_trace = False log_opt_values /usr/lib/python3/dist-packages/oslo_config/cfg.py:2609
2025-03-31 00:34:41.897 36728 DEBUG oslo_service.service [-] database.db_inc_retry_interval = True log_opt_values /usr/lib/python3/dist-packages/oslo_config/cfg.py:2609
2025-03-31 00:34:41.897 36728 DEBUG oslo_service.service [-] database.db_max_retries = 20 log_opt_values /usr/lib/python3/dist-packages/oslo_config/cfg.py:2609
2025-03-31 00:34:41.897 36728 DEBUG oslo_service.service [-] database.db_max_retry_interval = 10 log_opt_values /usr/lib/python3/dist-packages/oslo_config/cfg.py:2609
2025-03-31 00:34:41.897 36728 DEBUG oslo_service.service [-] database.db_retry_interval = 1 log_opt_values /usr/lib/python3/dist-packages/oslo_config/cfg.py:2609
2025-03-31 00:34:41.898 36728 DEBUG oslo_service.service [-] database.max_overflow = 50 log_opt_values /usr/lib/python3/dist-packages/oslo_config/cfg.py:2609
2025-03-31 00:34:41.898 36728 DEBUG oslo_service.service [-] database.max_pool_size = 5 log_opt_values /usr/lib/python3/dist-packages/oslo_config/cfg.py:2609
2025-03-31 00:34:41.898 36728 DEBUG oslo_service.service [-] database.max_retries = 10 log_opt_values /usr/lib/python3/dist-packages/oslo_config/cfg.py:2609
2025-03-31 00:34:41.898 36728 DEBUG oslo_service.service [-] database.mysql_enable_ndb = False log_opt_values /usr/lib/python3/dist-packages/oslo_config/cfg.py:2609
2025-03-31 00:34:41.898 36728 DEBUG oslo_service.service [-] database.mysql_sql_mode = TRADITIONAL log_opt_values /usr/lib/python3/dist-packages/oslo_config/cfg.py:2609
2025-03-31 00:34:41.898 36728 DEBUG oslo_service.service [-] database.pool_timeout = None log_opt_values /usr/lib/python3/dist-packages/oslo_config/cfg.py:2609
2025-03-31 00:34:41.898 36728 DEBUG oslo_service.service [-] database.retry_interval = 10 log_opt_values /usr/lib/python3/dist-packages/oslo_config/cfg.py:2609
2025-03-31 00:34:41.899 36728 DEBUG oslo_service.service [-] database.slave_connection = **** log_opt_values /usr/lib/python3/dist-packages/oslo_config/cfg.py:2609
2025-03-31 00:34:41.899 36728 DEBUG oslo_service.service [-] database.sqlite_synchronous = True log_opt_values /usr/lib/python3/dist-packages/oslo_config/cfg.py:2609
2025-03-31 00:34:41.899 36728 DEBUG oslo_service.service [-] database.use_db_reconnect = False log_opt_values /usr/lib/python3/dist-packages/oslo_config/cfg.py:2609
2025-03-31 00:34:41.899 36728 DEBUG oslo_service.service [-] oslo_messaging_metrics.metrics_buffer_size = 1000 log_opt_values /usr/lib/python3/dist-packages/oslo_config/cfg.py:2609
2025-03-31 00:34:41.899 36728 DEBUG oslo_service.service [-] oslo_messaging_metrics.metrics_enabled = False log_opt_values /usr/lib/python3/dist-packages/oslo_config/cfg.py:2609
2025-03-31 00:34:41.899 36728 DEBUG oslo_service.service [-] oslo_messaging_metrics.metrics_process_name = log_opt_values /usr/lib/python3/dist-packages/oslo_config/cfg.py:2609
2025-03-31 00:34:41.900 36728 DEBUG oslo_service.service [-] oslo_messaging_metrics.metrics_socket_file = /var/tmp/metrics_collector.sock log_opt_values /usr/lib/python3/dist-packages/oslo_config/cfg.py:2609
2025-03-31 00:34:41.900 36728 DEBUG oslo_service.service [-] oslo_messaging_metrics.metrics_thread_stop_timeout = 10 log_opt_values /usr/lib/python3/dist-packages/oslo_config/cfg.py:2609
2025-03-31 00:34:41.900 36728 DEBUG oslo_service.service [-] oslo_policy.enforce_new_defaults = False log_opt_values /usr/lib/python3/dist-packages/oslo_config/cfg.py:2609
2025-03-31 00:34:41.900 36728 DEBUG oslo_service.service [-] oslo_policy.enforce_scope = False log_opt_values /usr/lib/python3/dist-packages/oslo_config/cfg.py:2609
2025-03-31 00:34:41.900 36728 DEBUG oslo_service.service [-] oslo_policy.policy_default_rule = default log_opt_values /usr/lib/python3/dist-packages/oslo_config/cfg.py:2609
2025-03-31 00:34:41.900 36728 DEBUG oslo_service.service [-] oslo_policy.policy_dirs = ['policy.d'] log_opt_values /usr/lib/python3/dist-packages/oslo_config/cfg.py:2609
2025-03-31 00:34:41.900 36728 DEBUG oslo_service.service [-] oslo_policy.policy_file = policy.yaml log_opt_values /usr/lib/python3/dist-packages/oslo_config/cfg.py:2609
2025-03-31 00:34:41.901 36728 DEBUG oslo_service.service [-] oslo_policy.remote_content_type = application/x-www-form-urlencoded log_opt_values /usr/lib/python3/dist-packages/oslo_config/cfg.py:2609
2025-03-31 00:34:41.901 36728 DEBUG oslo_service.service [-] oslo_policy.remote_ssl_ca_crt_file = None log_opt_values /usr/lib/python3/dist-packages/oslo_config/cfg.py:2609
2025-03-31 00:34:41.901 36728 DEBUG oslo_service.service [-] oslo_policy.remote_ssl_client_crt_file = None log_opt_values /usr/lib/python3/dist-packages/oslo_config/cfg.py:2609
2025-03-31 00:34:41.901 36728 DEBUG oslo_service.service [-] oslo_policy.remote_ssl_client_key_file = None log_opt_values /usr/lib/python3/dist-packages/oslo_config/cfg.py:2609
2025-03-31 00:34:41.901 36728 DEBUG oslo_service.service [-] oslo_policy.remote_ssl_verify_server_crt = False log_opt_values /usr/lib/python3/dist-packages/oslo_config/cfg.py:2609
2025-03-31 00:34:41.901 36728 DEBUG oslo_service.service [-] trustee.auth_section = None log_opt_values /usr/lib/python3/dist-packages/oslo_config/cfg.py:2609
2025-03-31 00:34:41.901 36728 WARNING oslo_config.cfg [-] Deprecated: Option "auth_plugin" from group "trustee" is deprecated. Use option "auth_type" from group "trustee".
2025-03-31 00:34:41.902 36728 DEBUG oslo_service.service [-] trustee.auth_type = password log_opt_values /usr/lib/python3/dist-packages/oslo_config/cfg.py:2609
2025-03-31 00:34:41.902 36728 DEBUG oslo_service.service [-] oslo_versionedobjects.fatal_exception_format_errors = False log_opt_values /usr/lib/python3/dist-packages/oslo_config/cfg.py:2609
2025-03-31 00:34:41.902 36728 DEBUG oslo_service.service [-] oslo_messaging_rabbit.amqp_auto_delete = False log_opt_values /usr/lib/python3/dist-packages/oslo_config/cfg.py:2609
2025-03-31 00:34:41.902 36728 DEBUG oslo_service.service [-] oslo_messaging_rabbit.amqp_durable_queues = False log_opt_values /usr/lib/python3/dist-packages/oslo_config/cfg.py:2609
2025-03-31 00:34:41.902 36728 DEBUG oslo_service.service [-] oslo_messaging_rabbit.conn_pool_min_size = 2 log_opt_values /usr/lib/python3/dist-packages/oslo_config/cfg.py:2609
2025-03-31 00:34:41.902 36728 DEBUG oslo_service.service [-] oslo_messaging_rabbit.conn_pool_ttl = 1200 log_opt_values /usr/lib/python3/dist-packages/oslo_config/cfg.py:2609
2025-03-31 00:34:41.902 36728 DEBUG oslo_service.service [-] oslo_messaging_rabbit.direct_mandatory_flag = True log_opt_values /usr/lib/python3/dist-packages/oslo_config/cfg.py:2609
2025-03-31 00:34:41.902 36728 DEBUG oslo_service.service [-] oslo_messaging_rabbit.enable_cancel_on_failover = False log_opt_values /usr/lib/python3/dist-packages/oslo_config/cfg.py:2609
2025-03-31 00:34:41.903 36728 DEBUG oslo_service.service [-] oslo_messaging_rabbit.heartbeat_in_pthread = True log_opt_values /usr/lib/python3/dist-packages/oslo_config/cfg.py:2609
2025-03-31 00:34:41.903 36728 DEBUG oslo_service.service [-] oslo_messaging_rabbit.heartbeat_rate = 2 log_opt_values /usr/lib/python3/dist-packages/oslo_config/cfg.py:2609
2025-03-31 00:34:41.903 36728 DEBUG oslo_service.service [-] oslo_messaging_rabbit.heartbeat_timeout_threshold = 60 log_opt_values /usr/lib/python3/dist-packages/oslo_config/cfg.py:2609
2025-03-31 00:34:41.903 36728 DEBUG oslo_service.service [-] oslo_messaging_rabbit.kombu_compression = None log_opt_values /usr/lib/python3/dist-packages/oslo_config/cfg.py:2609
2025-03-31 00:34:41.903 36728 DEBUG oslo_service.service [-] oslo_messaging_rabbit.kombu_failover_strategy = round-robin log_opt_values /usr/lib/python3/dist-packages/oslo_config/cfg.py:2609
2025-03-31 00:34:41.903 36728 DEBUG oslo_service.service [-] oslo_messaging_rabbit.kombu_missing_consumer_retry_timeout = 60 log_opt_values /usr/lib/python3/dist-packages/oslo_config/cfg.py:2609
2025-03-31 00:34:41.903 36728 DEBUG oslo_service.service [-] oslo_messaging_rabbit.kombu_reconnect_delay = 1.0 log_opt_values /usr/lib/python3/dist-packages/oslo_config/cfg.py:2609
2025-03-31 00:34:41.903 36728 DEBUG oslo_service.service [-] oslo_messaging_rabbit.rabbit_ha_queues = False log_opt_values /usr/lib/python3/dist-packages/oslo_config/cfg.py:2609
2025-03-31 00:34:41.903 36728 DEBUG oslo_service.service [-] oslo_messaging_rabbit.rabbit_interval_max = 30 log_opt_values /usr/lib/python3/dist-packages/oslo_config/cfg.py:2609
2025-03-31 00:34:41.903 36728 DEBUG oslo_service.service [-] oslo_messaging_rabbit.rabbit_login_method = AMQPLAIN log_opt_values /usr/lib/python3/dist-packages/oslo_config/cfg.py:2609
2025-03-31 00:34:41.904 36728 DEBUG oslo_service.service [-] oslo_messaging_rabbit.rabbit_qos_prefetch_count = 0 log_opt_values /usr/lib/python3/dist-packages/oslo_config/cfg.py:2609
2025-03-31 00:34:41.904 36728 DEBUG oslo_service.service [-] oslo_messaging_rabbit.rabbit_quorum_queue = False log_opt_values /usr/lib/python3/dist-packages/oslo_config/cfg.py:2609
2025-03-31 00:34:41.904 36728 DEBUG oslo_service.service [-] oslo_messaging_rabbit.rabbit_retry_backoff = 2 log_opt_values /usr/lib/python3/dist-packages/oslo_config/cfg.py:2609
2025-03-31 00:34:41.904 36728 DEBUG oslo_service.service [-] oslo_messaging_rabbit.rabbit_retry_interval = 1 log_opt_values /usr/lib/python3/dist-packages/oslo_config/cfg.py:2609
2025-03-31 00:34:41.904 36728 DEBUG oslo_service.service [-] oslo_messaging_rabbit.rabbit_transient_queues_ttl = 1800 log_opt_values /usr/lib/python3/dist-packages/oslo_config/cfg.py:2609
2025-03-31 00:34:41.904 36728 DEBUG oslo_service.service [-] oslo_messaging_rabbit.rpc_conn_pool_size = 30 log_opt_values /usr/lib/python3/dist-packages/oslo_config/cfg.py:2609
2025-03-31 00:34:41.904 36728 DEBUG oslo_service.service [-] oslo_messaging_rabbit.ssl = False log_opt_values /usr/lib/python3/dist-packages/oslo_config/cfg.py:2609
2025-03-31 00:34:41.905 36728 DEBUG oslo_service.service [-] oslo_messaging_rabbit.ssl_ca_file = log_opt_values /usr/lib/python3/dist-packages/oslo_config/cfg.py:2609
2025-03-31 00:34:41.905 36728 DEBUG oslo_service.service [-] oslo_messaging_rabbit.ssl_cert_file = log_opt_values /usr/lib/python3/dist-packages/oslo_config/cfg.py:2609
2025-03-31 00:34:41.905 36728 DEBUG oslo_service.service [-] oslo_messaging_rabbit.ssl_key_file = log_opt_values /usr/lib/python3/dist-packages/oslo_config/cfg.py:2609
2025-03-31 00:34:41.905 36728 DEBUG oslo_service.service [-] oslo_messaging_rabbit.ssl_version = log_opt_values /usr/lib/python3/dist-packages/oslo_config/cfg.py:2609
2025-03-31 00:34:41.905 36728 DEBUG oslo_service.service [-] oslo_messaging_notifications.driver = [] log_opt_values /usr/lib/python3/dist-packages/oslo_config/cfg.py:2609
2025-03-31 00:34:41.905 36728 DEBUG oslo_service.service [-] oslo_messaging_notifications.retry = -1 log_opt_values /usr/lib/python3/dist-packages/oslo_config/cfg.py:2609
2025-03-31 00:34:41.905 36728 DEBUG oslo_service.service [-] oslo_messaging_notifications.topics = ['notifications'] log_opt_values /usr/lib/python3/dist-packages/oslo_config/cfg.py:2609
2025-03-31 00:34:41.905 36728 DEBUG oslo_service.service [-] oslo_messaging_notifications.transport_url = **** log_opt_values /usr/lib/python3/dist-packages/oslo_config/cfg.py:2609
2025-03-31 00:34:41.906 36728 DEBUG oslo_service.service [-] cache.backend = dogpile.cache.null log_opt_values /usr/lib/python3/dist-packages/oslo_config/cfg.py:2609
2025-03-31 00:34:41.906 36728 DEBUG oslo_service.service [-] cache.backend_argument = **** log_opt_values /usr/lib/python3/dist-packages/oslo_config/cfg.py:2609
2025-03-31 00:34:41.906 36728 DEBUG oslo_service.service [-] cache.config_prefix = cache.oslo log_opt_values /usr/lib/python3/dist-packages/oslo_config/cfg.py:2609
2025-03-31 00:34:41.906 36728 DEBUG oslo_service.service [-] cache.debug_cache_backend = False log_opt_values /usr/lib/python3/dist-packages/oslo_config/cfg.py:2609
2025-03-31 00:34:41.906 36728 DEBUG oslo_service.service [-] cache.enabled = False log_opt_values /usr/lib/python3/dist-packages/oslo_config/cfg.py:2609
2025-03-31 00:34:41.906 36728 DEBUG oslo_service.service [-] cache.expiration_time = 600 log_opt_values /usr/lib/python3/dist-packages/oslo_config/cfg.py:2609
2025-03-31 00:34:41.906 36728 DEBUG oslo_service.service [-] cache.memcache_dead_retry = 300 log_opt_values /usr/lib/python3/dist-packages/oslo_config/cfg.py:2609
2025-03-31 00:34:41.906 36728 DEBUG oslo_service.service [-] cache.memcache_pool_connection_get_timeout = 10 log_opt_values /usr/lib/python3/dist-packages/oslo_config/cfg.py:2609
2025-03-31 00:34:41.906 36728 DEBUG oslo_service.service [-] cache.memcache_pool_flush_on_reconnect = False log_opt_values /usr/lib/python3/dist-packages/oslo_config/cfg.py:2609
2025-03-31 00:34:41.907 36728 DEBUG oslo_service.service [-] cache.memcache_pool_maxsize = 10 log_opt_values /usr/lib/python3/dist-packages/oslo_config/cfg.py:2609
2025-03-31 00:34:41.907 36728 DEBUG oslo_service.service [-] cache.memcache_pool_unused_timeout = 60 log_opt_values /usr/lib/python3/dist-packages/oslo_config/cfg.py:2609
2025-03-31 00:34:41.907 36728 DEBUG oslo_service.service [-] cache.memcache_servers = ['localhost:11211'] log_opt_values /usr/lib/python3/dist-packages/oslo_config/cfg.py:2609
2025-03-31 00:34:41.907 36728 DEBUG oslo_service.service [-] cache.memcache_socket_timeout = 1.0 log_opt_values /usr/lib/python3/dist-packages/oslo_config/cfg.py:2609
2025-03-31 00:34:41.907 36728 DEBUG oslo_service.service [-] cache.proxies = [] log_opt_values /usr/lib/python3/dist-packages/oslo_config/cfg.py:2609
2025-03-31 00:34:41.907 36728 DEBUG oslo_service.service [-] cache.tls_allowed_ciphers = None log_opt_values /usr/lib/python3/dist-packages/oslo_config/cfg.py:2609
2025-03-31 00:34:41.907 36728 DEBUG oslo_service.service [-] cache.tls_cafile = None log_opt_values /usr/lib/python3/dist-packages/oslo_config/cfg.py:2609
2025-03-31 00:34:41.907 36728 DEBUG oslo_service.service [-] cache.tls_certfile = None log_opt_values /usr/lib/python3/dist-packages/oslo_config/cfg.py:2609
2025-03-31 00:34:41.907 36728 DEBUG oslo_service.service [-] cache.tls_enabled = False log_opt_values /usr/lib/python3/dist-packages/oslo_config/cfg.py:2609
2025-03-31 00:34:41.907 36728 DEBUG oslo_service.service [-] cache.tls_keyfile = None log_opt_values /usr/lib/python3/dist-packages/oslo_config/cfg.py:2609
2025-03-31 00:34:41.908 36728 DEBUG oslo_service.service [-] constraint_validation_cache.caching = True log_opt_values /usr/lib/python3/dist-packages/oslo_config/cfg.py:2609
2025-03-31 00:34:41.908 36728 DEBUG oslo_service.service [-] constraint_validation_cache.expiration_time = 60 log_opt_values /usr/lib/python3/dist-packages/oslo_config/cfg.py:2609
2025-03-31 00:34:41.908 36728 DEBUG oslo_service.service [-] service_extension_cache.caching = True log_opt_values /usr/lib/python3/dist-packages/oslo_config/cfg.py:2609
2025-03-31 00:34:41.908 36728 DEBUG oslo_service.service [-] service_extension_cache.expiration_time = 3600 log_opt_values /usr/lib/python3/dist-packages/oslo_config/cfg.py:2609
2025-03-31 00:34:41.908 36728 DEBUG oslo_service.service [-] resource_finder_cache.caching = True log_opt_values /usr/lib/python3/dist-packages/oslo_config/cfg.py:2609
2025-03-31 00:34:41.908 36728 DEBUG oslo_service.service [-] resource_finder_cache.expiration_time = 3600 log_opt_values /usr/lib/python3/dist-packages/oslo_config/cfg.py:2609
2025-03-31 00:34:41.908 36728 DEBUG oslo_service.service [-] yaql.limit_iterators = 200 log_opt_values /usr/lib/python3/dist-packages/oslo_config/cfg.py:2609
2025-03-31 00:34:41.909 36728 DEBUG oslo_service.service [-] yaql.memory_quota = 10000 log_opt_values /usr/lib/python3/dist-packages/oslo_config/cfg.py:2609
2025-03-31 00:34:41.909 36728 DEBUG oslo_service.service [-] ******************************************************************************** log_opt_values /usr/lib/python3/dist-packages/oslo_config/cfg.py:2613
2025-03-31 00:34:41.947 36949 DEBUG oslo_db.sqlalchemy.engines [req-a303e450-b20d-4cce-aa74-54e6f9688fef - - - - -] MySQL server mode set to STRICT_TRANS_TABLES,STRICT_ALL_TABLES,NO_ZERO_IN_DATE,NO_ZERO_DATE,ERROR_FOR_DIVISION_BY_ZERO,TRADITIONAL,NO_ENGINE_SUBSTITUTION _check_effective_sql_mode /usr/lib/python3/dist-packages/oslo_db/sqlalchemy/engines.py:314
2025-03-31 00:34:41.949 36952 DEBUG oslo_db.sqlalchemy.engines [req-b50d9a2e-8d70-4ddd-8cff-958cc6c2337d - - - - -] MySQL server mode set to STRICT_TRANS_TABLES,STRICT_ALL_TABLES,NO_ZERO_IN_DATE,NO_ZERO_DATE,ERROR_FOR_DIVISION_BY_ZERO,TRADITIONAL,NO_ENGINE_SUBSTITUTION _check_effective_sql_mode /usr/lib/python3/dist-packages/oslo_db/sqlalchemy/engines.py:314
2025-03-31 00:34:41.953 36951 DEBUG oslo_db.sqlalchemy.engines [req-109a1b15-6726-450d-b8ba-2e4b6a8807ea - - - - -] MySQL server mode set to STRICT_TRANS_TABLES,STRICT_ALL_TABLES,NO_ZERO_IN_DATE,NO_ZERO_DATE,ERROR_FOR_DIVISION_BY_ZERO,TRADITIONAL,NO_ENGINE_SUBSTITUTION _check_effective_sql_mode /usr/lib/python3/dist-packages/oslo_db/sqlalchemy/engines.py:314
2025-03-31 00:34:41.953 36950 DEBUG oslo_db.sqlalchemy.engines [req-713f8fa0-e311-4109-b250-f7586dd85e58 - - - - -] MySQL server mode set to STRICT_TRANS_TABLES,STRICT_ALL_TABLES,NO_ZERO_IN_DATE,NO_ZERO_DATE,ERROR_FOR_DIVISION_BY_ZERO,TRADITIONAL,NO_ENGINE_SUBSTITUTION _check_effective_sql_mode /usr/lib/python3/dist-packages/oslo_db/sqlalchemy/engines.py:314
2025-03-31 00:34:42.022 36952 DEBUG heat.engine.service [req-8f356135-e4c7-4517-8f38-e86b5cd8aa3d - - - - -] Service aaf7262a-b1f7-4580-81ad-0f7e035aa0cb is started service_manage_report /usr/lib/python3/dist-packages/heat/engine/service.py:2363
2025-03-31 00:34:42.027 36950 DEBUG heat.engine.service [req-f9b67a0b-4c9b-4e76-878a-95bc2f8021f8 - - - - -] Service 3f5fb477-3c37-4449-a8ad-d42c71c2a551 is started service_manage_report /usr/lib/python3/dist-packages/heat/engine/service.py:2363
2025-03-31 00:34:42.027 36949 DEBUG heat.engine.service [req-ea5ace82-c842-4db8-9a16-7f9e34088963 - - - - -] Service b7816521-1bd1-405f-91a4-e0862fe7075e is started service_manage_report /usr/lib/python3/dist-packages/heat/engine/service.py:2363
2025-03-31 00:34:42.029 36951 DEBUG heat.engine.service [req-d9863409-a934-4433-965e-a00667c6131b - - - - -] Service f5f15275-4919-4db6-97f4-e4af168beb5d is started service_manage_report /usr/lib/python3/dist-packages/heat/engine/service.py:2363
2025-03-31 00:34:42.041 36952 DEBUG heat.engine.service [req-8f356135-e4c7-4517-8f38-e86b5cd8aa3d - - - - -] Service aaf7262a-b1f7-4580-81ad-0f7e035aa0cb is updated service_manage_report /usr/lib/python3/dist-packages/heat/engine/service.py:2370
2025-03-31 00:34:42.045 36950 DEBUG heat.engine.service [req-f9b67a0b-4c9b-4e76-878a-95bc2f8021f8 - - - - -] Service 3f5fb477-3c37-4449-a8ad-d42c71c2a551 is updated service_manage_report /usr/lib/python3/dist-packages/heat/engine/service.py:2370
2025-03-31 00:34:42.050 36949 DEBUG heat.engine.service [req-ea5ace82-c842-4db8-9a16-7f9e34088963 - - - - -] Service b7816521-1bd1-405f-91a4-e0862fe7075e is updated service_manage_report /usr/lib/python3/dist-packages/heat/engine/service.py:2370
2025-03-31 00:34:42.051 36951 DEBUG heat.engine.service [req-d9863409-a934-4433-965e-a00667c6131b - - - - -] Service f5f15275-4919-4db6-97f4-e4af168beb5d is updated service_manage_report /usr/lib/python3/dist-packages/heat/engine/service.py:2370
2025-03-31 00:35:42.006 36952 DEBUG heat.engine.service [req-11d0027b-df5b-429b-824a-b78b19a57c3c - - - - -] Service aaf7262a-b1f7-4580-81ad-0f7e035aa0cb is updated service_manage_report /usr/lib/python3/dist-packages/heat/engine/service.py:2370
2025-03-31 00:35:42.012 36949 DEBUG heat.engine.service [req-be16c5b6-8065-4a72-9681-194c99008c77 - - - - -] Service b7816521-1bd1-405f-91a4-e0862fe7075e is updated service_manage_report /usr/lib/python3/dist-packages/heat/engine/service.py:2370
2025-03-31 00:35:42.022 36950 DEBUG heat.engine.service [req-d430018d-c071-4c63-993b-55a671a483e9 - - - - -] Service 3f5fb477-3c37-4449-a8ad-d42c71c2a551 is updated service_manage_report /usr/lib/python3/dist-packages/heat/engine/service.py:2370
2025-03-31 00:35:42.024 36951 DEBUG heat.engine.service [req-c41f2088-1371-4cae-9cd9-de93056eb1f5 - - - - -] Service f5f15275-4919-4db6-97f4-e4af168beb5d is updated service_manage_report /usr/lib/python3/dist-packages/heat/engine/service.py:2370
2025-03-31 00:36:42.003 36952 DEBUG heat.engine.service [req-7ba01a50-7d95-4bb7-ba43-7cbd195799d7 - - - - -] Service aaf7262a-b1f7-4580-81ad-0f7e035aa0cb is updated service_manage_report /usr/lib/python3/dist-packages/heat/engine/service.py:2370
2025-03-31 00:36:42.008 36949 DEBUG heat.engine.service [req-664e5d5c-dabc-4e71-9ee3-74b1c5864585 - - - - -] Service b7816521-1bd1-405f-91a4-e0862fe7075e is updated service_manage_report /usr/lib/python3/dist-packages/heat/engine/service.py:2370
2025-03-31 00:36:42.009 36950 DEBUG heat.engine.service [req-d3c9982d-3b66-4118-9571-ca9dee2ccd11 - - - - -] Service 3f5fb477-3c37-4449-a8ad-d42c71c2a551 is updated service_manage_report /usr/lib/python3/dist-packages/heat/engine/service.py:2370
2025-03-31 00:36:42.016 36951 DEBUG heat.engine.service [req-e223e097-abfe-468b-8197-c94222914616 - - - - -] Service f5f15275-4919-4db6-97f4-e4af168beb5d is updated service_manage_report /usr/lib/python3/dist-packages/heat/engine/service.py:2370
2025-03-31 00:37:41.998 36952 DEBUG heat.engine.service [req-bedd91e2-79e7-4acf-a938-85babd5f0286 - - - - -] Service aaf7262a-b1f7-4580-81ad-0f7e035aa0cb is updated service_manage_report /usr/lib/python3/dist-packages/heat/engine/service.py:2370
2025-03-31 00:37:42.002 36949 DEBUG heat.engine.service [req-83c4ea1f-4b8f-41f5-8b87-f97c4066540c - - - - -] Service b7816521-1bd1-405f-91a4-e0862fe7075e is updated service_manage_report /usr/lib/python3/dist-packages/heat/engine/service.py:2370
2025-03-31 00:37:42.010 36950 DEBUG heat.engine.service [req-d075c9a3-68b0-4f81-965d-0187303db29d - - - - -] Service 3f5fb477-3c37-4449-a8ad-d42c71c2a551 is updated service_manage_report /usr/lib/python3/dist-packages/heat/engine/service.py:2370
2025-03-31 00:37:42.020 36951 DEBUG heat.engine.service [req-e438f9fb-b762-450e-a559-6705a16c476b - - - - -] Service f5f15275-4919-4db6-97f4-e4af168beb5d is updated service_manage_report /usr/lib/python3/dist-packages/heat/engine/service.py:2370
2025-03-31 00:38:42.004 36952 DEBUG heat.engine.service [req-db7fbb3f-a7de-4d82-a1d3-a52e5ff60215 - - - - -] Service aaf7262a-b1f7-4580-81ad-0f7e035aa0cb is updated service_manage_report /usr/lib/python3/dist-packages/heat/engine/service.py:2370
2025-03-31 00:38:42.007 36950 DEBUG heat.engine.service [req-e91fa30d-81b5-4f3c-bac5-a84e679fd7db - - - - -] Service 3f5fb477-3c37-4449-a8ad-d42c71c2a551 is updated service_manage_report /usr/lib/python3/dist-packages/heat/engine/service.py:2370
2025-03-31 00:38:42.012 36949 DEBUG heat.engine.service [req-3c56c400-2bbc-424a-ad4e-571493eda770 - - - - -] Service b7816521-1bd1-405f-91a4-e0862fe7075e is updated service_manage_report /usr/lib/python3/dist-packages/heat/engine/service.py:2370
2025-03-31 00:38:42.024 36951 DEBUG heat.engine.service [req-5d61bfab-3646-4584-927d-cdc48b507832 - - - - -] Service f5f15275-4919-4db6-97f4-e4af168beb5d is updated service_manage_report /usr/lib/python3/dist-packages/heat/engine/service.py:2370
2025-03-31 00:39:41.998 36952 DEBUG heat.engine.service [req-39977d4b-c82d-4c1a-858a-0c90059ead6a - - - - -] Service aaf7262a-b1f7-4580-81ad-0f7e035aa0cb is updated service_manage_report /usr/lib/python3/dist-packages/heat/engine/service.py:2370
2025-03-31 00:39:42.001 36950 DEBUG heat.engine.service [req-ebea77ab-11c8-438f-b930-beb213ae94cc - - - - -] Service 3f5fb477-3c37-4449-a8ad-d42c71c2a551 is updated service_manage_report /usr/lib/python3/dist-packages/heat/engine/service.py:2370
2025-03-31 00:39:42.005 36949 DEBUG heat.engine.service [req-5586b006-b102-44da-b0f7-c544bd890923 - - - - -] Service b7816521-1bd1-405f-91a4-e0862fe7075e is updated service_manage_report /usr/lib/python3/dist-packages/heat/engine/service.py:2370
2025-03-31 00:39:42.026 36951 DEBUG heat.engine.service [req-8a6710b5-abd7-4efc-bd3e-5258f88766f8 - - - - -] Service f5f15275-4919-4db6-97f4-e4af168beb5d is updated service_manage_report /usr/lib/python3/dist-packages/heat/engine/service.py:2370
2025-03-31 00:40:42.002 36952 DEBUG heat.engine.service [req-1d4e1866-e452-40f0-888f-2a512ecee7a0 - - - - -] Service aaf7262a-b1f7-4580-81ad-0f7e035aa0cb is updated service_manage_report /usr/lib/python3/dist-packages/heat/engine/service.py:2370
2025-03-31 00:40:42.005 36950 DEBUG heat.engine.service [req-1b39658a-d82f-4608-9327-6ffeca23527d - - - - -] Service 3f5fb477-3c37-4449-a8ad-d42c71c2a551 is updated service_manage_report /usr/lib/python3/dist-packages/heat/engine/service.py:2370
2025-03-31 00:40:42.017 36949 DEBUG heat.engine.service [req-5a2f5a1b-bd83-44a7-aacd-4acb9e69a558 - - - - -] Service b7816521-1bd1-405f-91a4-e0862fe7075e is updated service_manage_report /usr/lib/python3/dist-packages/heat/engine/service.py:2370
2025-03-31 00:40:42.033 36951 DEBUG heat.engine.service [req-71db0c42-db0f-4d3e-afd3-0117df3873df - - - - -] Service f5f15275-4919-4db6-97f4-e4af168beb5d is updated service_manage_report /usr/lib/python3/dist-packages/heat/engine/service.py:2370
2025-03-31 00:41:42.009 36952 DEBUG heat.engine.service [req-086195a0-a0da-467a-a8b2-3cd84f4965db - - - - -] Service aaf7262a-b1f7-4580-81ad-0f7e035aa0cb is updated service_manage_report /usr/lib/python3/dist-packages/heat/engine/service.py:2370
2025-03-31 00:41:42.015 36949 DEBUG heat.engine.service [req-8bba4769-b810-4763-a2fb-54f5bdd494da - - - - -] Service b7816521-1bd1-405f-91a4-e0862fe7075e is updated service_manage_report /usr/lib/python3/dist-packages/heat/engine/service.py:2370
2025-03-31 00:41:42.015 36950 DEBUG heat.engine.service [req-385e75d7-d662-4dc5-bc3a-1e4f1d957fac - - - - -] Service 3f5fb477-3c37-4449-a8ad-d42c71c2a551 is updated service_manage_report /usr/lib/python3/dist-packages/heat/engine/service.py:2370
2025-03-31 00:41:42.027 36951 DEBUG heat.engine.service [req-7e9bf531-938f-41e9-b72d-0c578a14027c - - - - -] Service f5f15275-4919-4db6-97f4-e4af168beb5d is updated service_manage_report /usr/lib/python3/dist-packages/heat/engine/service.py:2370
2025-03-31 00:42:42.003 36952 DEBUG heat.engine.service [req-747395e3-d482-42b3-a975-2fb97298a49f - - - - -] Service aaf7262a-b1f7-4580-81ad-0f7e035aa0cb is updated service_manage_report /usr/lib/python3/dist-packages/heat/engine/service.py:2370
2025-03-31 00:42:42.008 36949 DEBUG heat.engine.service [req-9fce5ad7-3722-45c3-bf34-3d8cb6967cb4 - - - - -] Service b7816521-1bd1-405f-91a4-e0862fe7075e is updated service_manage_report /usr/lib/python3/dist-packages/heat/engine/service.py:2370
2025-03-31 00:42:42.011 36950 DEBUG heat.engine.service [req-5b6c4d8d-2e05-442d-9071-a89980210bea - - - - -] Service 3f5fb477-3c37-4449-a8ad-d42c71c2a551 is updated service_manage_report /usr/lib/python3/dist-packages/heat/engine/service.py:2370
2025-03-31 00:42:42.030 36951 DEBUG heat.engine.service [req-f6af587c-0a54-4248-89a0-c053e5228eaf - - - - -] Service f5f15275-4919-4db6-97f4-e4af168beb5d is updated service_manage_report /usr/lib/python3/dist-packages/heat/engine/service.py:2370
2025-03-31 00:43:42.007 36950 DEBUG heat.engine.service [req-7f11793e-4cf1-4f56-a3e8-26d7da174e64 - - - - -] Service 3f5fb477-3c37-4449-a8ad-d42c71c2a551 is updated service_manage_report /usr/lib/python3/dist-packages/heat/engine/service.py:2370
2025-03-31 00:43:42.008 36952 DEBUG heat.engine.service [req-81ef8075-3a03-4092-b9e3-3fc94117e1c7 - - - - -] Service aaf7262a-b1f7-4580-81ad-0f7e035aa0cb is updated service_manage_report /usr/lib/python3/dist-packages/heat/engine/service.py:2370
2025-03-31 00:43:42.015 36949 DEBUG heat.engine.service [req-a761ac5e-9db2-4944-9245-a22c74b9c8ad - - - - -] Service b7816521-1bd1-405f-91a4-e0862fe7075e is updated service_manage_report /usr/lib/python3/dist-packages/heat/engine/service.py:2370
2025-03-31 00:43:42.035 36951 DEBUG heat.engine.service [req-f176ca41-e701-4400-9525-ac5a979fc117 - - - - -] Service f5f15275-4919-4db6-97f4-e4af168beb5d is updated service_manage_report /usr/lib/python3/dist-packages/heat/engine/service.py:2370
2025-03-31 00:44:42.004 36952 DEBUG heat.engine.service [req-6e964b74-308f-4618-915f-2c56fa16e24e - - - - -] Service aaf7262a-b1f7-4580-81ad-0f7e035aa0cb is updated service_manage_report /usr/lib/python3/dist-packages/heat/engine/service.py:2370
2025-03-31 00:44:42.009 36949 DEBUG heat.engine.service [req-bcdb83f5-e3c7-4679-915a-01622b01ac41 - - - - -] Service b7816521-1bd1-405f-91a4-e0862fe7075e is updated service_manage_report /usr/lib/python3/dist-packages/heat/engine/service.py:2370
2025-03-31 00:44:42.013 36950 DEBUG heat.engine.service [req-6277a7bb-23e4-47b0-b570-ae68e6baca52 - - - - -] Service 3f5fb477-3c37-4449-a8ad-d42c71c2a551 is updated service_manage_report /usr/lib/python3/dist-packages/heat/engine/service.py:2370
2025-03-31 00:44:42.039 36951 DEBUG heat.engine.service [req-d3694662-8c5a-460e-821f-bfed634756ab - - - - -] Service f5f15275-4919-4db6-97f4-e4af168beb5d is updated service_manage_report /usr/lib/python3/dist-packages/heat/engine/service.py:2370
2025-03-31 00:45:42.012 36950 DEBUG heat.engine.service [req-2f42f647-ff1d-4910-9024-419b31c479b8 - - - - -] Service 3f5fb477-3c37-4449-a8ad-d42c71c2a551 is updated service_manage_report /usr/lib/python3/dist-packages/heat/engine/service.py:2370
