2025-03-31 01:36:42.081 36952 DEBUG heat.engine.service [req-0bbb16a3-582f-42fd-9d57-3832d1611756 - - - - -] Service aaf7262a-b1f7-4580-81ad-0f7e035aa0cb is updated service_manage_report /usr/lib/python3/dist-packages/heat/engine/service.py:2370
2025-03-31 01:36:42.089 36949 DEBUG heat.engine.service [req-d48115cc-e50a-4a18-9b4c-3206c04e35d3 - - - - -] Service b7816521-1bd1-405f-91a4-e0862fe7075e is updated service_manage_report /usr/lib/python3/dist-packages/heat/engine/service.py:2370
2025-03-31 01:36:42.110 36950 DEBUG heat.engine.service [req-00a87b3f-69b3-4b3c-908d-44f591f3fdcb - - - - -] Service 3f5fb477-3c37-4449-a8ad-d42c71c2a551 is updated service_manage_report /usr/lib/python3/dist-packages/heat/engine/service.py:2370
2025-03-31 01:36:42.172 36951 DEBUG heat.engine.service [req-80455486-5c1d-4779-b207-1243fd674e41 - - - - -] Service f5f15275-4919-4db6-97f4-e4af168beb5d is updated service_manage_report /usr/lib/python3/dist-packages/heat/engine/service.py:2370
2025-03-31 01:37:42.076 36952 DEBUG heat.engine.service [req-42f373b6-3e7b-4518-9e84-12af1aff61aa - - - - -] Service aaf7262a-b1f7-4580-81ad-0f7e035aa0cb is updated service_manage_report /usr/lib/python3/dist-packages/heat/engine/service.py:2370
2025-03-31 01:37:42.092 36949 DEBUG heat.engine.service [req-4c6ee86a-9619-4674-a9de-1dec1dab4480 - - - - -] Service b7816521-1bd1-405f-91a4-e0862fe7075e is updated service_manage_report /usr/lib/python3/dist-packages/heat/engine/service.py:2370
2025-03-31 01:37:42.105 36950 DEBUG heat.engine.service [req-754059bc-9901-4870-97e4-47de0ec405ba - - - - -] Service 3f5fb477-3c37-4449-a8ad-d42c71c2a551 is updated service_manage_report /usr/lib/python3/dist-packages/heat/engine/service.py:2370
2025-03-31 01:37:42.175 36951 DEBUG heat.engine.service [req-6040940b-d3d7-45e3-8660-b7ad9964fedc - - - - -] Service f5f15275-4919-4db6-97f4-e4af168beb5d is updated service_manage_report /usr/lib/python3/dist-packages/heat/engine/service.py:2370
2025-03-31 01:38:42.079 36952 DEBUG heat.engine.service [req-ceb2cf77-ba9e-4f1f-ad43-ef85868ed538 - - - - -] Service aaf7262a-b1f7-4580-81ad-0f7e035aa0cb is updated service_manage_report /usr/lib/python3/dist-packages/heat/engine/service.py:2370
2025-03-31 01:38:42.097 36949 DEBUG heat.engine.service [req-45c8db3b-bfa8-4308-ac15-b1b4ee21fac9 - - - - -] Service b7816521-1bd1-405f-91a4-e0862fe7075e is updated service_manage_report /usr/lib/python3/dist-packages/heat/engine/service.py:2370
2025-03-31 01:38:42.109 36950 DEBUG heat.engine.service [req-1f8de819-982b-4c8d-85a5-552f6ee39729 - - - - -] Service 3f5fb477-3c37-4449-a8ad-d42c71c2a551 is updated service_manage_report /usr/lib/python3/dist-packages/heat/engine/service.py:2370
2025-03-31 01:38:42.180 36951 DEBUG heat.engine.service [req-3db44371-4499-4df1-9315-f51a633a2ab5 - - - - -] Service f5f15275-4919-4db6-97f4-e4af168beb5d is updated service_manage_report /usr/lib/python3/dist-packages/heat/engine/service.py:2370
2025-03-31 01:39:42.087 36952 DEBUG heat.engine.service [req-fa131c32-5a15-4918-bb3b-bbbca6f777e4 - - - - -] Service aaf7262a-b1f7-4580-81ad-0f7e035aa0cb is updated service_manage_report /usr/lib/python3/dist-packages/heat/engine/service.py:2370
2025-03-31 01:39:42.103 36949 DEBUG heat.engine.service [req-55c6fe92-8e17-4fbf-a232-c8c4aacdbb89 - - - - -] Service b7816521-1bd1-405f-91a4-e0862fe7075e is updated service_manage_report /usr/lib/python3/dist-packages/heat/engine/service.py:2370
2025-03-31 01:39:42.112 36950 DEBUG heat.engine.service [req-6e4aa406-a842-48a0-ba79-fea3805a74c5 - - - - -] Service 3f5fb477-3c37-4449-a8ad-d42c71c2a551 is updated service_manage_report /usr/lib/python3/dist-packages/heat/engine/service.py:2370
2025-03-31 01:39:42.184 36951 DEBUG heat.engine.service [req-19580a79-e359-4b76-a763-a5c840894d20 - - - - -] Service f5f15275-4919-4db6-97f4-e4af168beb5d is updated service_manage_report /usr/lib/python3/dist-packages/heat/engine/service.py:2370
2025-03-31 01:40:42.089 36952 DEBUG heat.engine.service [req-70059b4f-702f-4475-a2a0-5f15ddb447ea - - - - -] Service aaf7262a-b1f7-4580-81ad-0f7e035aa0cb is updated service_manage_report /usr/lib/python3/dist-packages/heat/engine/service.py:2370
2025-03-31 01:40:42.106 36949 DEBUG heat.engine.service [req-5371ba05-aecf-436d-a9b3-88cdfe02724e - - - - -] Service b7816521-1bd1-405f-91a4-e0862fe7075e is updated service_manage_report /usr/lib/python3/dist-packages/heat/engine/service.py:2370
2025-03-31 01:40:42.116 36950 DEBUG heat.engine.service [req-c1b98f01-17cf-4695-b511-27b039341a85 - - - - -] Service 3f5fb477-3c37-4449-a8ad-d42c71c2a551 is updated service_manage_report /usr/lib/python3/dist-packages/heat/engine/service.py:2370
2025-03-31 01:40:42.188 36951 DEBUG heat.engine.service [req-c6657ac5-7794-42fb-abb8-58d7a884c3aa - - - - -] Service f5f15275-4919-4db6-97f4-e4af168beb5d is updated service_manage_report /usr/lib/python3/dist-packages/heat/engine/service.py:2370
2025-03-31 01:41:42.082 36952 DEBUG heat.engine.service [req-ba43e7cf-f7b5-41af-93fd-58308ac65757 - - - - -] Service aaf7262a-b1f7-4580-81ad-0f7e035aa0cb is updated service_manage_report /usr/lib/python3/dist-packages/heat/engine/service.py:2370
2025-03-31 01:41:42.110 36949 DEBUG heat.engine.service [req-f2fceaa0-bf13-4fbd-8d79-f2690e84d426 - - - - -] Service b7816521-1bd1-405f-91a4-e0862fe7075e is updated service_manage_report /usr/lib/python3/dist-packages/heat/engine/service.py:2370
2025-03-31 01:41:42.120 36950 DEBUG heat.engine.service [req-aea6c5a2-0560-425f-9426-8e9046cb8c2c - - - - -] Service 3f5fb477-3c37-4449-a8ad-d42c71c2a551 is updated service_manage_report /usr/lib/python3/dist-packages/heat/engine/service.py:2370
2025-03-31 01:41:42.194 36951 DEBUG heat.engine.service [req-e4aebf2a-e3a8-4091-9b8b-20fe9f1bb62d - - - - -] Service f5f15275-4919-4db6-97f4-e4af168beb5d is updated service_manage_report /usr/lib/python3/dist-packages/heat/engine/service.py:2370
2025-03-31 01:42:42.089 36952 DEBUG heat.engine.service [req-67208afb-50c7-497f-a44c-c89afee752c4 - - - - -] Service aaf7262a-b1f7-4580-81ad-0f7e035aa0cb is updated service_manage_report /usr/lib/python3/dist-packages/heat/engine/service.py:2370
2025-03-31 01:42:42.126 36949 DEBUG heat.engine.service [req-3ca461f0-5292-4301-a04a-53d99eaba16e - - - - -] Service b7816521-1bd1-405f-91a4-e0862fe7075e is updated service_manage_report /usr/lib/python3/dist-packages/heat/engine/service.py:2370
2025-03-31 01:42:42.126 36950 DEBUG heat.engine.service [req-908eba4d-33d6-4a45-b98e-e9155ba8f41b - - - - -] Service 3f5fb477-3c37-4449-a8ad-d42c71c2a551 is updated service_manage_report /usr/lib/python3/dist-packages/heat/engine/service.py:2370
2025-03-31 01:42:42.192 36951 DEBUG heat.engine.service [req-a215ff96-df4a-4fe1-84ff-b4cc68060f9b - - - - -] Service f5f15275-4919-4db6-97f4-e4af168beb5d is updated service_manage_report /usr/lib/python3/dist-packages/heat/engine/service.py:2370
2025-03-31 01:43:42.082 36952 DEBUG heat.engine.service [req-d7ea9b29-985a-466f-b09e-4b206b38174d - - - - -] Service aaf7262a-b1f7-4580-81ad-0f7e035aa0cb is updated service_manage_report /usr/lib/python3/dist-packages/heat/engine/service.py:2370
2025-03-31 01:43:42.115 36949 DEBUG heat.engine.service [req-80b7cced-fe7a-4f08-aba0-7f986756b07f - - - - -] Service b7816521-1bd1-405f-91a4-e0862fe7075e is updated service_manage_report /usr/lib/python3/dist-packages/heat/engine/service.py:2370
2025-03-31 01:43:42.124 36950 DEBUG heat.engine.service [req-92569997-e04a-4d09-8a01-5c96d18bf45c - - - - -] Service 3f5fb477-3c37-4449-a8ad-d42c71c2a551 is updated service_manage_report /usr/lib/python3/dist-packages/heat/engine/service.py:2370
2025-03-31 01:43:42.186 36951 DEBUG heat.engine.service [req-4f1407a0-ff68-499e-965c-3e36381dfc35 - - - - -] Service f5f15275-4919-4db6-97f4-e4af168beb5d is updated service_manage_report /usr/lib/python3/dist-packages/heat/engine/service.py:2370
2025-03-31 01:44:42.087 36952 DEBUG heat.engine.service [req-035baf57-d758-4129-ad50-b048ba4df036 - - - - -] Service aaf7262a-b1f7-4580-81ad-0f7e035aa0cb is updated service_manage_report /usr/lib/python3/dist-packages/heat/engine/service.py:2370
2025-03-31 01:44:42.107 36949 DEBUG heat.engine.service [req-baa9ba5d-509b-42f3-869e-aa0bf9461a57 - - - - -] Service b7816521-1bd1-405f-91a4-e0862fe7075e is updated service_manage_report /usr/lib/python3/dist-packages/heat/engine/service.py:2370
2025-03-31 01:44:42.119 36950 DEBUG heat.engine.service [req-f7007bcc-01f5-454e-9014-e7a70ee6ae53 - - - - -] Service 3f5fb477-3c37-4449-a8ad-d42c71c2a551 is updated service_manage_report /usr/lib/python3/dist-packages/heat/engine/service.py:2370
2025-03-31 01:44:42.195 36951 DEBUG heat.engine.service [req-d2448d5a-20a9-437a-ab9f-d8d40cd34ef7 - - - - -] Service f5f15275-4919-4db6-97f4-e4af168beb5d is updated service_manage_report /usr/lib/python3/dist-packages/heat/engine/service.py:2370
2025-03-31 01:45:42.092 36952 DEBUG heat.engine.service [req-ec038371-9c49-4224-af5f-dec74a17d7ad - - - - -] Service aaf7262a-b1f7-4580-81ad-0f7e035aa0cb is updated service_manage_report /usr/lib/python3/dist-packages/heat/engine/service.py:2370
2025-03-31 01:45:42.113 36949 DEBUG heat.engine.service [req-8f6f1827-db25-43ba-8d0c-f9068b22fe48 - - - - -] Service b7816521-1bd1-405f-91a4-e0862fe7075e is updated service_manage_report /usr/lib/python3/dist-packages/heat/engine/service.py:2370
2025-03-31 01:45:42.123 36950 DEBUG heat.engine.service [req-f19734e7-b7a1-43ee-b945-b4c5fefb1389 - - - - -] Service 3f5fb477-3c37-4449-a8ad-d42c71c2a551 is updated service_manage_report /usr/lib/python3/dist-packages/heat/engine/service.py:2370
2025-03-31 01:45:42.190 36951 DEBUG heat.engine.service [req-053fc5d7-d7ab-458f-bc70-cc8c18f5f471 - - - - -] Service f5f15275-4919-4db6-97f4-e4af168beb5d is updated service_manage_report /usr/lib/python3/dist-packages/heat/engine/service.py:2370
2025-03-31 01:46:42.095 36952 DEBUG heat.engine.service [req-44147a2b-34b7-45c9-a23b-ee136e82b9b5 - - - - -] Service aaf7262a-b1f7-4580-81ad-0f7e035aa0cb is updated service_manage_report /usr/lib/python3/dist-packages/heat/engine/service.py:2370
2025-03-31 01:46:42.116 36949 DEBUG heat.engine.service [req-43ecb31b-4d60-4f02-a583-08de91e3130c - - - - -] Service b7816521-1bd1-405f-91a4-e0862fe7075e is updated service_manage_report /usr/lib/python3/dist-packages/heat/engine/service.py:2370
2025-03-31 01:46:42.129 36950 DEBUG heat.engine.service [req-9b12f258-c39e-40b4-866a-83ed31cba4e1 - - - - -] Service 3f5fb477-3c37-4449-a8ad-d42c71c2a551 is updated service_manage_report /usr/lib/python3/dist-packages/heat/engine/service.py:2370
2025-03-31 01:46:42.194 36951 DEBUG heat.engine.service [req-398caf07-5fd7-41ad-a64e-e3ea190fd8d1 - - - - -] Service f5f15275-4919-4db6-97f4-e4af168beb5d is updated service_manage_report /usr/lib/python3/dist-packages/heat/engine/service.py:2370
2025-03-31 01:47:42.099 36952 DEBUG heat.engine.service [req-05a8c66e-5e58-4c62-b5b9-ba93b72cf6d8 - - - - -] Service aaf7262a-b1f7-4580-81ad-0f7e035aa0cb is updated service_manage_report /usr/lib/python3/dist-packages/heat/engine/service.py:2370
2025-03-31 01:47:42.121 36949 DEBUG heat.engine.service [req-85528923-d4d0-44f5-a8b9-6f355f2690b0 - - - - -] Service b7816521-1bd1-405f-91a4-e0862fe7075e is updated service_manage_report /usr/lib/python3/dist-packages/heat/engine/service.py:2370
2025-03-31 01:47:42.132 36950 DEBUG heat.engine.service [req-3237e6a9-7b01-41c6-b4f0-0eed2a8ec22b - - - - -] Service 3f5fb477-3c37-4449-a8ad-d42c71c2a551 is updated service_manage_report /usr/lib/python3/dist-packages/heat/engine/service.py:2370
2025-03-31 01:47:42.204 36951 DEBUG heat.engine.service [req-be70d5e4-28b4-4c31-b548-c3d91859b5e5 - - - - -] Service f5f15275-4919-4db6-97f4-e4af168beb5d is updated service_manage_report /usr/lib/python3/dist-packages/heat/engine/service.py:2370
2025-03-31 01:48:42.103 36952 DEBUG heat.engine.service [req-6eaa75b2-a2ae-4bb2-98b2-d4973d9fa2d3 - - - - -] Service aaf7262a-b1f7-4580-81ad-0f7e035aa0cb is updated service_manage_report /usr/lib/python3/dist-packages/heat/engine/service.py:2370
2025-03-31 01:48:42.129 36949 DEBUG heat.engine.service [req-4fa8f935-2257-4a54-8dc8-9082eb75601f - - - - -] Service b7816521-1bd1-405f-91a4-e0862fe7075e is updated service_manage_report /usr/lib/python3/dist-packages/heat/engine/service.py:2370
2025-03-31 01:48:42.134 36950 DEBUG heat.engine.service [req-13a37b31-bf0c-4b7c-8211-8a29abd9b766 - - - - -] Service 3f5fb477-3c37-4449-a8ad-d42c71c2a551 is updated service_manage_report /usr/lib/python3/dist-packages/heat/engine/service.py:2370
2025-03-31 01:48:42.200 36951 DEBUG heat.engine.service [req-b3a97f17-7bbd-4d5c-9093-ee0fc951a805 - - - - -] Service f5f15275-4919-4db6-97f4-e4af168beb5d is updated service_manage_report /usr/lib/python3/dist-packages/heat/engine/service.py:2370
2025-03-31 01:49:42.107 36952 DEBUG heat.engine.service [req-0d9c4a5e-e0ab-40d1-b2c8-756362e64a12 - - - - -] Service aaf7262a-b1f7-4580-81ad-0f7e035aa0cb is updated service_manage_report /usr/lib/python3/dist-packages/heat/engine/service.py:2370
2025-03-31 01:49:42.122 36949 DEBUG heat.engine.service [req-da18973f-b7b8-4fc7-bb5c-f36e8d30b105 - - - - -] Service b7816521-1bd1-405f-91a4-e0862fe7075e is updated service_manage_report /usr/lib/python3/dist-packages/heat/engine/service.py:2370
2025-03-31 01:49:42.137 36950 DEBUG heat.engine.service [req-97462c8d-85c5-4948-8f17-266c4d4705f8 - - - - -] Service 3f5fb477-3c37-4449-a8ad-d42c71c2a551 is updated service_manage_report /usr/lib/python3/dist-packages/heat/engine/service.py:2370
2025-03-31 01:49:42.202 36951 DEBUG heat.engine.service [req-50b61dc4-d288-442a-ac5b-6da609bc7f06 - - - - -] Service f5f15275-4919-4db6-97f4-e4af168beb5d is updated service_manage_report /usr/lib/python3/dist-packages/heat/engine/service.py:2370
2025-03-31 01:50:42.111 36952 DEBUG heat.engine.service [req-d942f243-58f0-4609-b0bf-4bd446ea2eb9 - - - - -] Service aaf7262a-b1f7-4580-81ad-0f7e035aa0cb is updated service_manage_report /usr/lib/python3/dist-packages/heat/engine/service.py:2370
2025-03-31 01:50:42.124 36949 DEBUG heat.engine.service [req-2290faac-bb62-40a9-983c-84608c8bf1c2 - - - - -] Service b7816521-1bd1-405f-91a4-e0862fe7075e is updated service_manage_report /usr/lib/python3/dist-packages/heat/engine/service.py:2370
2025-03-31 01:50:42.142 36950 DEBUG heat.engine.service [req-71a53262-8bae-43f2-939c-54a5b24263c4 - - - - -] Service 3f5fb477-3c37-4449-a8ad-d42c71c2a551 is updated service_manage_report /usr/lib/python3/dist-packages/heat/engine/service.py:2370
2025-03-31 01:50:42.206 36951 DEBUG heat.engine.service [req-b58e5808-3d7a-4a36-ade2-e97ca6c586b3 - - - - -] Service f5f15275-4919-4db6-97f4-e4af168beb5d is updated service_manage_report /usr/lib/python3/dist-packages/heat/engine/service.py:2370
2025-03-31 01:51:42.124 36952 DEBUG heat.engine.service [req-8cb74648-c40a-4acd-af98-ce55ddc3d229 - - - - -] Service aaf7262a-b1f7-4580-81ad-0f7e035aa0cb is updated service_manage_report /usr/lib/python3/dist-packages/heat/engine/service.py:2370
2025-03-31 01:51:42.130 36949 DEBUG heat.engine.service [req-5600918f-b40e-4268-b799-1810eb9294c2 - - - - -] Service b7816521-1bd1-405f-91a4-e0862fe7075e is updated service_manage_report /usr/lib/python3/dist-packages/heat/engine/service.py:2370
2025-03-31 01:51:42.144 36950 DEBUG heat.engine.service [req-54346832-1178-4b94-bde9-f157e04e3917 - - - - -] Service 3f5fb477-3c37-4449-a8ad-d42c71c2a551 is updated service_manage_report /usr/lib/python3/dist-packages/heat/engine/service.py:2370
2025-03-31 01:51:42.209 36951 DEBUG heat.engine.service [req-c3e79f79-e011-4994-9db8-91767a5aa951 - - - - -] Service f5f15275-4919-4db6-97f4-e4af168beb5d is updated service_manage_report /usr/lib/python3/dist-packages/heat/engine/service.py:2370
2025-03-31 01:52:42.118 36952 DEBUG heat.engine.service [req-a638b52c-de73-45c9-8284-a11930f4b946 - - - - -] Service aaf7262a-b1f7-4580-81ad-0f7e035aa0cb is updated service_manage_report /usr/lib/python3/dist-packages/heat/engine/service.py:2370
2025-03-31 01:52:42.123 36949 DEBUG heat.engine.service [req-0dfb5003-1aaa-4b27-8f26-ce9758984763 - - - - -] Service b7816521-1bd1-405f-91a4-e0862fe7075e is updated service_manage_report /usr/lib/python3/dist-packages/heat/engine/service.py:2370
2025-03-31 01:52:42.148 36950 DEBUG heat.engine.service [req-3f0ea217-a074-44ea-8aa5-e76ab553ee28 - - - - -] Service 3f5fb477-3c37-4449-a8ad-d42c71c2a551 is updated service_manage_report /usr/lib/python3/dist-packages/heat/engine/service.py:2370
2025-03-31 01:52:42.214 36951 DEBUG heat.engine.service [req-6b6cdb37-4cd3-4130-b2d1-1a502a7326a2 - - - - -] Service f5f15275-4919-4db6-97f4-e4af168beb5d is updated service_manage_report /usr/lib/python3/dist-packages/heat/engine/service.py:2370
2025-03-31 01:53:42.122 36952 DEBUG heat.engine.service [req-9089007d-bb44-4bdd-94df-fcf952fa7698 - - - - -] Service aaf7262a-b1f7-4580-81ad-0f7e035aa0cb is updated service_manage_report /usr/lib/python3/dist-packages/heat/engine/service.py:2370
2025-03-31 01:53:42.124 36949 DEBUG heat.engine.service [req-dca01aac-4b4f-4adc-ac42-e0466a3f4c12 - - - - -] Service b7816521-1bd1-405f-91a4-e0862fe7075e is updated service_manage_report /usr/lib/python3/dist-packages/heat/engine/service.py:2370
2025-03-31 01:53:42.150 36950 DEBUG heat.engine.service [req-f4779490-cc53-4092-8a10-b9d28a33efb7 - - - - -] Service 3f5fb477-3c37-4449-a8ad-d42c71c2a551 is updated service_manage_report /usr/lib/python3/dist-packages/heat/engine/service.py:2370
2025-03-31 01:53:42.220 36951 DEBUG heat.engine.service [req-977aa1aa-f463-4f36-ad55-e169ac1f34e2 - - - - -] Service f5f15275-4919-4db6-97f4-e4af168beb5d is updated service_manage_report /usr/lib/python3/dist-packages/heat/engine/service.py:2370
2025-03-31 01:54:42.128 36952 DEBUG heat.engine.service [req-97501bc2-4f59-4949-9ff3-50c7adcac99f - - - - -] Service aaf7262a-b1f7-4580-81ad-0f7e035aa0cb is updated service_manage_report /usr/lib/python3/dist-packages/heat/engine/service.py:2370
2025-03-31 01:54:42.130 36949 DEBUG heat.engine.service [req-316af393-ab28-4a40-8ec8-b7d98e4b5902 - - - - -] Service b7816521-1bd1-405f-91a4-e0862fe7075e is updated service_manage_report /usr/lib/python3/dist-packages/heat/engine/service.py:2370
2025-03-31 01:54:42.156 36950 DEBUG heat.engine.service [req-331c05fa-20bb-44e7-a520-6ad59669c3be - - - - -] Service 3f5fb477-3c37-4449-a8ad-d42c71c2a551 is updated service_manage_report /usr/lib/python3/dist-packages/heat/engine/service.py:2370
2025-03-31 01:54:42.226 36951 DEBUG heat.engine.service [req-b6989faf-428b-4fde-b101-9be8fc83c3ea - - - - -] Service f5f15275-4919-4db6-97f4-e4af168beb5d is updated service_manage_report /usr/lib/python3/dist-packages/heat/engine/service.py:2370
2025-03-31 01:55:42.129 36952 DEBUG heat.engine.service [req-888abf1c-01fc-489f-a572-0198c1f02bb0 - - - - -] Service aaf7262a-b1f7-4580-81ad-0f7e035aa0cb is updated service_manage_report /usr/lib/python3/dist-packages/heat/engine/service.py:2370
2025-03-31 01:55:42.131 36949 DEBUG heat.engine.service [req-5d961101-7146-4953-80a8-614ca3e41ddd - - - - -] Service b7816521-1bd1-405f-91a4-e0862fe7075e is updated service_manage_report /usr/lib/python3/dist-packages/heat/engine/service.py:2370
2025-03-31 01:55:42.151 36950 DEBUG heat.engine.service [req-111b1367-e30a-4a81-ae1b-f75a59bad4ff - - - - -] Service 3f5fb477-3c37-4449-a8ad-d42c71c2a551 is updated service_manage_report /usr/lib/python3/dist-packages/heat/engine/service.py:2370
2025-03-31 01:55:42.223 36951 DEBUG heat.engine.service [req-9cb96233-671e-458c-af60-05be8cee1c63 - - - - -] Service f5f15275-4919-4db6-97f4-e4af168beb5d is updated service_manage_report /usr/lib/python3/dist-packages/heat/engine/service.py:2370
2025-03-31 01:56:42.125 36952 DEBUG heat.engine.service [req-c10a3acb-3c71-40f9-9a98-e91bbf90b06c - - - - -] Service aaf7262a-b1f7-4580-81ad-0f7e035aa0cb is updated service_manage_report /usr/lib/python3/dist-packages/heat/engine/service.py:2370
2025-03-31 01:56:42.126 36949 DEBUG heat.engine.service [req-696760a8-7e0b-44e3-a299-ae4f2bca1077 - - - - -] Service b7816521-1bd1-405f-91a4-e0862fe7075e is updated service_manage_report /usr/lib/python3/dist-packages/heat/engine/service.py:2370
2025-03-31 01:56:42.158 36950 DEBUG heat.engine.service [req-8de0123e-b8ad-4244-93ee-136847d09e5e - - - - -] Service 3f5fb477-3c37-4449-a8ad-d42c71c2a551 is updated service_manage_report /usr/lib/python3/dist-packages/heat/engine/service.py:2370
2025-03-31 01:56:42.217 36951 DEBUG heat.engine.service [req-a9b7a808-e22b-486e-b955-d2c28915af9b - - - - -] Service f5f15275-4919-4db6-97f4-e4af168beb5d is updated service_manage_report /usr/lib/python3/dist-packages/heat/engine/service.py:2370
2025-03-31 01:57:42.119 36952 DEBUG heat.engine.service [req-70b8f951-22a7-46a5-9f7c-e2375411dd47 - - - - -] Service aaf7262a-b1f7-4580-81ad-0f7e035aa0cb is updated service_manage_report /usr/lib/python3/dist-packages/heat/engine/service.py:2370
2025-03-31 01:57:42.128 36949 DEBUG heat.engine.service [req-2aaf8812-2916-4cfe-bb36-b6e7a9ef82b1 - - - - -] Service b7816521-1bd1-405f-91a4-e0862fe7075e is updated service_manage_report /usr/lib/python3/dist-packages/heat/engine/service.py:2370
2025-03-31 01:57:42.151 36950 DEBUG heat.engine.service [req-886142dd-d84f-4c3a-9137-835478adc46c - - - - -] Service 3f5fb477-3c37-4449-a8ad-d42c71c2a551 is updated service_manage_report /usr/lib/python3/dist-packages/heat/engine/service.py:2370
2025-03-31 01:57:42.220 36951 DEBUG heat.engine.service [req-d84455e5-5187-43e4-8536-dde9b2d6c8c7 - - - - -] Service f5f15275-4919-4db6-97f4-e4af168beb5d is updated service_manage_report /usr/lib/python3/dist-packages/heat/engine/service.py:2370
2025-03-31 01:58:42.124 36952 DEBUG heat.engine.service [req-3d136566-17a6-48a7-b10a-899b59ea5ff0 - - - - -] Service aaf7262a-b1f7-4580-81ad-0f7e035aa0cb is updated service_manage_report /usr/lib/python3/dist-packages/heat/engine/service.py:2370
2025-03-31 01:58:42.132 36949 DEBUG heat.engine.service [req-cf654ed9-129b-436b-85a4-e0ec283233ee - - - - -] Service b7816521-1bd1-405f-91a4-e0862fe7075e is updated service_manage_report /usr/lib/python3/dist-packages/heat/engine/service.py:2370
2025-03-31 01:58:42.155 36950 DEBUG heat.engine.service [req-1ba46367-01ed-428a-9a86-d2397dce8084 - - - - -] Service 3f5fb477-3c37-4449-a8ad-d42c71c2a551 is updated service_manage_report /usr/lib/python3/dist-packages/heat/engine/service.py:2370
2025-03-31 01:58:42.225 36951 DEBUG heat.engine.service [req-e7e3f521-9194-4883-830e-d24ddda6beb7 - - - - -] Service f5f15275-4919-4db6-97f4-e4af168beb5d is updated service_manage_report /usr/lib/python3/dist-packages/heat/engine/service.py:2370
2025-03-31 01:59:42.128 36952 DEBUG heat.engine.service [req-caeae804-c14d-4cf7-820d-4e5fc8528ba0 - - - - -] Service aaf7262a-b1f7-4580-81ad-0f7e035aa0cb is updated service_manage_report /usr/lib/python3/dist-packages/heat/engine/service.py:2370
2025-03-31 01:59:42.137 36949 DEBUG heat.engine.service [req-894997c1-cf95-4bde-94e9-a1b7081e19c8 - - - - -] Service b7816521-1bd1-405f-91a4-e0862fe7075e is updated service_manage_report /usr/lib/python3/dist-packages/heat/engine/service.py:2370
2025-03-31 01:59:42.158 36950 DEBUG heat.engine.service [req-7aece886-da32-489a-b3c2-9d83b37bd70e - - - - -] Service 3f5fb477-3c37-4449-a8ad-d42c71c2a551 is updated service_manage_report /usr/lib/python3/dist-packages/heat/engine/service.py:2370
2025-03-31 01:59:42.232 36951 DEBUG heat.engine.service [req-773c6e74-04e4-4d1d-b1f4-1482971856e3 - - - - -] Service f5f15275-4919-4db6-97f4-e4af168beb5d is updated service_manage_report /usr/lib/python3/dist-packages/heat/engine/service.py:2370
2025-03-31 02:00:42.134 36952 DEBUG heat.engine.service [req-186f284a-0a74-4534-9a42-e1ad00b5de81 - - - - -] Service aaf7262a-b1f7-4580-81ad-0f7e035aa0cb is updated service_manage_report /usr/lib/python3/dist-packages/heat/engine/service.py:2370
2025-03-31 02:00:42.145 36949 DEBUG heat.engine.service [req-887930c4-4017-4d36-8bd0-b57784da8bfb - - - - -] Service b7816521-1bd1-405f-91a4-e0862fe7075e is updated service_manage_report /usr/lib/python3/dist-packages/heat/engine/service.py:2370
2025-03-31 02:00:42.164 36950 DEBUG heat.engine.service [req-2d4618fc-357f-4c97-9263-841a2222d7ff - - - - -] Service 3f5fb477-3c37-4449-a8ad-d42c71c2a551 is updated service_manage_report /usr/lib/python3/dist-packages/heat/engine/service.py:2370
2025-03-31 02:00:42.228 36951 DEBUG heat.engine.service [req-ca9f530a-f000-4400-a23b-a21deb66e76f - - - - -] Service f5f15275-4919-4db6-97f4-e4af168beb5d is updated service_manage_report /usr/lib/python3/dist-packages/heat/engine/service.py:2370
2025-03-31 02:01:42.142 36952 DEBUG heat.engine.service [req-006591cf-9370-453e-b659-aaf3adf23c55 - - - - -] Service aaf7262a-b1f7-4580-81ad-0f7e035aa0cb is updated service_manage_report /usr/lib/python3/dist-packages/heat/engine/service.py:2370
2025-03-31 02:01:42.144 36949 DEBUG heat.engine.service [req-92c92c3f-85e0-4543-bdf3-658a3ca57931 - - - - -] Service b7816521-1bd1-405f-91a4-e0862fe7075e is updated service_manage_report /usr/lib/python3/dist-packages/heat/engine/service.py:2370
2025-03-31 02:01:42.159 36950 DEBUG heat.engine.service [req-6b54d4b0-7bf2-4e88-a37d-e4308f5fb149 - - - - -] Service 3f5fb477-3c37-4449-a8ad-d42c71c2a551 is updated service_manage_report /usr/lib/python3/dist-packages/heat/engine/service.py:2370
2025-03-31 02:01:42.234 36951 DEBUG heat.engine.service [req-b0f5d771-9f25-448b-8e1a-b93cf4713ec5 - - - - -] Service f5f15275-4919-4db6-97f4-e4af168beb5d is updated service_manage_report /usr/lib/python3/dist-packages/heat/engine/service.py:2370
2025-03-31 02:02:42.142 36952 DEBUG heat.engine.service [req-93e11a33-e9e4-4efe-ad90-b4ca51723141 - - - - -] Service aaf7262a-b1f7-4580-81ad-0f7e035aa0cb is updated service_manage_report /usr/lib/python3/dist-packages/heat/engine/service.py:2370
2025-03-31 02:02:42.144 36949 DEBUG heat.engine.service [req-8684ec5f-6ba3-4071-a75d-9b77ac5d3fc3 - - - - -] Service b7816521-1bd1-405f-91a4-e0862fe7075e is updated service_manage_report /usr/lib/python3/dist-packages/heat/engine/service.py:2370
2025-03-31 02:02:42.164 36950 DEBUG heat.engine.service [req-acbaeb65-ae18-4a88-a6d0-fb0b41467c0b - - - - -] Service 3f5fb477-3c37-4449-a8ad-d42c71c2a551 is updated service_manage_report /usr/lib/python3/dist-packages/heat/engine/service.py:2370
2025-03-31 02:02:42.241 36951 DEBUG heat.engine.service [req-bcfa289b-a96f-42b2-a314-52df11e63278 - - - - -] Service f5f15275-4919-4db6-97f4-e4af168beb5d is updated service_manage_report /usr/lib/python3/dist-packages/heat/engine/service.py:2370
2025-03-31 02:03:42.140 36952 DEBUG heat.engine.service [req-0d96148b-95ce-45ec-b5c5-41ffd9e7efd6 - - - - -] Service aaf7262a-b1f7-4580-81ad-0f7e035aa0cb is updated service_manage_report /usr/lib/python3/dist-packages/heat/engine/service.py:2370
2025-03-31 02:03:42.142 36949 DEBUG heat.engine.service [req-05c5090b-340f-4244-8889-21be5cdef3f0 - - - - -] Service b7816521-1bd1-405f-91a4-e0862fe7075e is updated service_manage_report /usr/lib/python3/dist-packages/heat/engine/service.py:2370
2025-03-31 02:03:42.169 36950 DEBUG heat.engine.service [req-3805e5a9-bf7f-45a9-b46f-c2c8f3052b4b - - - - -] Service 3f5fb477-3c37-4449-a8ad-d42c71c2a551 is updated service_manage_report /usr/lib/python3/dist-packages/heat/engine/service.py:2370
2025-03-31 02:03:42.242 36951 DEBUG heat.engine.service [req-25164dfb-0efa-467a-a645-6c5ce89c3cb4 - - - - -] Service f5f15275-4919-4db6-97f4-e4af168beb5d is updated service_manage_report /usr/lib/python3/dist-packages/heat/engine/service.py:2370
2025-03-31 02:04:42.138 36952 DEBUG heat.engine.service [req-a9e72773-099b-4255-96c9-1b7d2795c014 - - - - -] Service aaf7262a-b1f7-4580-81ad-0f7e035aa0cb is updated service_manage_report /usr/lib/python3/dist-packages/heat/engine/service.py:2370
2025-03-31 02:04:42.144 36949 DEBUG heat.engine.service [req-e06177ac-dbb3-4e3f-801e-1e0c821741d6 - - - - -] Service b7816521-1bd1-405f-91a4-e0862fe7075e is updated service_manage_report /usr/lib/python3/dist-packages/heat/engine/service.py:2370
2025-03-31 02:04:42.178 36950 DEBUG heat.engine.service [req-6278c831-e3c5-4b29-b194-2b3be030065b - - - - -] Service 3f5fb477-3c37-4449-a8ad-d42c71c2a551 is updated service_manage_report /usr/lib/python3/dist-packages/heat/engine/service.py:2370
2025-03-31 02:04:42.239 36951 DEBUG heat.engine.service [req-12555b5a-96e9-48df-86e2-30d221a0d8f0 - - - - -] Service f5f15275-4919-4db6-97f4-e4af168beb5d is updated service_manage_report /usr/lib/python3/dist-packages/heat/engine/service.py:2370
2025-03-31 02:05:42.135 36952 DEBUG heat.engine.service [req-5800f9be-109e-44b8-be89-f5ca872fce4c - - - - -] Service aaf7262a-b1f7-4580-81ad-0f7e035aa0cb is updated service_manage_report /usr/lib/python3/dist-packages/heat/engine/service.py:2370
2025-03-31 02:05:42.139 36949 DEBUG heat.engine.service [req-9ba6488f-40fa-46be-aa85-9704a4036fbc - - - - -] Service b7816521-1bd1-405f-91a4-e0862fe7075e is updated service_manage_report /usr/lib/python3/dist-packages/heat/engine/service.py:2370
2025-03-31 02:05:42.173 36950 DEBUG heat.engine.service [req-9c8bd032-05af-40ac-b4b6-a836156740d4 - - - - -] Service 3f5fb477-3c37-4449-a8ad-d42c71c2a551 is updated service_manage_report /usr/lib/python3/dist-packages/heat/engine/service.py:2370
2025-03-31 02:05:42.236 36951 DEBUG heat.engine.service [req-898e90ad-7853-4ddb-8187-c33eb4479bc8 - - - - -] Service f5f15275-4919-4db6-97f4-e4af168beb5d is updated service_manage_report /usr/lib/python3/dist-packages/heat/engine/service.py:2370
2025-03-31 02:06:22.277 36951 DEBUG heat.engine.service [-] Attempting to stop engine service... _stop_rpc_server /usr/lib/python3/dist-packages/heat/engine/service.py:437
2025-03-31 02:06:22.277 36949 DEBUG heat.engine.service [-] Attempting to stop engine service... _stop_rpc_server /usr/lib/python3/dist-packages/heat/engine/service.py:437
2025-03-31 02:06:22.277 36950 DEBUG heat.engine.service [-] Attempting to stop engine service... _stop_rpc_server /usr/lib/python3/dist-packages/heat/engine/service.py:437
2025-03-31 02:06:22.277 36952 DEBUG heat.engine.service [-] Attempting to stop engine service... _stop_rpc_server /usr/lib/python3/dist-packages/heat/engine/service.py:437
2025-03-31 02:06:22.281 36728 INFO oslo_service.service [-] Caught SIGTERM, stopping children
2025-03-31 02:06:22.282 36728 DEBUG oslo_concurrency.lockutils [-] Acquired lock "singleton_lock" lock /usr/lib/python3/dist-packages/oslo_concurrency/lockutils.py:294
2025-03-31 02:06:22.282 36728 DEBUG oslo_concurrency.lockutils [-] Releasing lock "singleton_lock" lock /usr/lib/python3/dist-packages/oslo_concurrency/lockutils.py:312
2025-03-31 02:06:22.282 36728 DEBUG oslo_service.service [-] Stop services. stop /usr/lib/python3/dist-packages/oslo_service/service.py:695
2025-03-31 02:06:22.282 36728 INFO heat.engine.service [-] All threads were gone, terminating engine
2025-03-31 02:06:22.282 36728 DEBUG oslo_service.service [-] Killing children. stop /usr/lib/python3/dist-packages/oslo_service/service.py:700
2025-03-31 02:06:22.282 36728 INFO oslo_service.service [-] Waiting on 4 children to exit
2025-03-31 02:06:22.292 36728 INFO oslo_service.service [-] Child 36949 killed by signal 15
2025-03-31 02:06:22.293 36728 INFO oslo_service.service [-] Child 36951 killed by signal 15
2025-03-31 02:06:22.293 36728 INFO oslo_service.service [-] Child 36952 killed by signal 15
2025-03-31 02:06:22.295 36728 INFO oslo_service.service [-] Child 36950 killed by signal 15
2025-03-31 02:06:24.668 65331 DEBUG oslo_concurrency.lockutils [-] Lock "context-manager" acquired by "neutron_lib.db.api._create_context_manager" :: waited 0.000s inner /usr/lib/python3/dist-packages/oslo_concurrency/lockutils.py:386
2025-03-31 02:06:24.669 65331 DEBUG oslo_concurrency.lockutils [-] Lock "context-manager" "released" by "neutron_lib.db.api._create_context_manager" :: held 0.001s inner /usr/lib/python3/dist-packages/oslo_concurrency/lockutils.py:400
2025-03-31 02:06:24.973 65331 WARNING heat.engine.environment [-] OS::Aodh::Alarm is DEPRECATED. Theshold alarm relies on ceilometer-api and has been deprecated in aodh since Ocata. Use OS::Aodh::GnocchiAggregationByResourcesAlarm instead.
2025-03-31 02:06:24.973 65331 WARNING heat.engine.environment [-] OS::Aodh::CombinationAlarm is HIDDEN. OS::Aodh::CombinationAlarm is deprecated and has been removed from Aodh, use OS::Aodh::CompositeAlarm instead.
2025-03-31 02:06:24.973 65331 WARNING heat.engine.environment [-] OS::Designate::Domain is HIDDEN. This resource has been removed, use OS::Designate::Zone instead.
2025-03-31 02:06:24.974 65331 WARNING heat.engine.environment [-] OS::Designate::Record is HIDDEN. This resource has been removed, use OS::Designate::RecordSet instead.
2025-03-31 02:06:24.974 65331 WARNING heat.engine.environment [-] OS::Glance::Image is DEPRECATED. Creating a Glance Image based on an existing URL location requires the Glance v1 API, which is deprecated.
2025-03-31 02:06:24.974 65331 WARNING heat.engine.environment [-] OS::Heat::HARestarter is HIDDEN. The HARestarter resource type has been removed. Existing stacks containing HARestarter resources can still be used, but the HARestarter resource will be a placeholder that does nothing.
2025-03-31 02:06:24.974 65331 WARNING heat.engine.environment [-] OS::Heat::SoftwareDeployments is HIDDEN. Please use OS::Heat::SoftwareDeploymentGroup instead.
2025-03-31 02:06:24.974 65331 WARNING heat.engine.environment [-] OS::Heat::StructuredDeployments is HIDDEN. Please use OS::Heat::StructuredDeploymentGroup instead.
2025-03-31 02:06:24.974 65331 WARNING heat.engine.environment [-] OS::Magnum::Bay is HIDDEN. Please use OS::Magnum::Cluster instead.
2025-03-31 02:06:24.975 65331 WARNING heat.engine.environment [-] OS::Magnum::BayModel is HIDDEN. Please use OS::Magnum::ClusterTemplate instead.
2025-03-31 02:06:24.975 65331 WARNING heat.engine.environment [-] OS::Neutron::ExtraRoute is UNSUPPORTED. Use this resource at your own risk.
2025-03-31 02:06:24.975 65331 WARNING heat.engine.environment [-] OS::Neutron::HealthMonitor is HIDDEN. Use LBaaS V2 instead.
2025-03-31 02:06:24.975 65331 WARNING heat.engine.environment [-] OS::Neutron::Pool is HIDDEN. Use LBaaS V2 instead.
2025-03-31 02:06:24.975 65331 WARNING heat.engine.environment [-] OS::Neutron::PoolMember is HIDDEN. Use LBaaS V2 instead.
2025-03-31 02:06:24.975 65331 WARNING heat.engine.environment [-] OS::Neutron::LoadBalancer is HIDDEN. Use LBaaS V2 instead.
2025-03-31 02:06:24.976 65331 WARNING heat.engine.environment [-] OS::Neutron::RouterGateway is HIDDEN. Use the `external_gateway_info` property in the router resource to set up the gateway.
2025-03-31 02:06:24.976 65331 WARNING heat.engine.environment [-] OS::Nova::FloatingIP is HIDDEN. Please use OS::Neutron::FloatingIP instead.
2025-03-31 02:06:24.976 65331 WARNING heat.engine.environment [-] OS::Nova::FloatingIPAssociation is HIDDEN. Please use OS::Neutron::FloatingIPAssociation instead.
2025-03-31 02:06:24.977 65331 INFO heat.engine.environment [-] Loading /etc/heat/environment.d/default.yaml
2025-03-31 02:06:24.978 65331 INFO heat.engine.environment [-] Registered: [Plugin](User:False) AWS::AutoScaling::AutoScalingGroup ->
2025-03-31 02:06:24.978 65331 INFO heat.engine.environment [-] Registered: [Plugin](User:False) AWS::AutoScaling::LaunchConfiguration ->
2025-03-31 02:06:24.978 65331 INFO heat.engine.environment [-] Registered: [Plugin](User:False) AWS::AutoScaling::ScalingPolicy ->
2025-03-31 02:06:24.978 65331 INFO heat.engine.environment [-] Registered: [Plugin](User:False) AWS::CloudFormation::Stack ->
2025-03-31 02:06:24.978 65331 INFO heat.engine.environment [-] Registered: [Plugin](User:False) AWS::CloudFormation::WaitCondition ->
2025-03-31 02:06:24.978 65331 INFO heat.engine.environment [-] Registered: [Plugin](User:False) AWS::CloudFormation::WaitConditionHandle ->
2025-03-31 02:06:24.978 65331 INFO heat.engine.environment [-] Registered: [Plugin](User:False) AWS::EC2::EIP ->
2025-03-31 02:06:24.978 65331 INFO heat.engine.environment [-] Registered: [Plugin](User:False) AWS::EC2::EIPAssociation ->
2025-03-31 02:06:24.979 65331 INFO heat.engine.environment [-] Registered: [Plugin](User:False) AWS::EC2::Instance ->
2025-03-31 02:06:24.979 65331 INFO heat.engine.environment [-] Registered: [Plugin](User:False) AWS::EC2::InternetGateway ->
2025-03-31 02:06:24.979 65331 INFO heat.engine.environment [-] Registered: [Plugin](User:False) AWS::EC2::VPCGatewayAttachment ->
2025-03-31 02:06:24.979 65331 INFO heat.engine.environment [-] Registered: [Plugin](User:False) AWS::EC2::NetworkInterface ->
2025-03-31 02:06:24.979 65331 INFO heat.engine.environment [-] Registered: [Plugin](User:False) AWS::EC2::RouteTable ->
2025-03-31 02:06:24.979 65331 INFO heat.engine.environment [-] Registered: [Plugin](User:False) AWS::EC2::SubnetRouteTableAssociation ->
2025-03-31 02:06:24.979 65331 INFO heat.engine.environment [-] Registered: [Plugin](User:False) AWS::EC2::SecurityGroup ->
2025-03-31 02:06:24.979 65331 INFO heat.engine.environment [-] Registered: [Plugin](User:False) AWS::EC2::Subnet ->
2025-03-31 02:06:24.979 65331 INFO heat.engine.environment [-] Registered: [Plugin](User:False) AWS::EC2::Volume ->
2025-03-31 02:06:24.979 65331 INFO heat.engine.environment [-] Registered: [Plugin](User:False) AWS::EC2::VolumeAttachment ->
2025-03-31 02:06:24.979 65331 INFO heat.engine.environment [-] Registered: [Plugin](User:False) AWS::EC2::VPC ->
2025-03-31 02:06:24.979 65331 INFO heat.engine.environment [-] Registered: [Plugin](User:False) AWS::IAM::User ->
2025-03-31 02:06:24.980 65331 INFO heat.engine.environment [-] Registered: [Plugin](User:False) AWS::IAM::AccessKey ->
2025-03-31 02:06:24.980 65331 INFO heat.engine.environment [-] Registered: [Plugin](User:False) AWS::ElasticLoadBalancing::LoadBalancer ->
2025-03-31 02:06:24.980 65331 INFO heat.engine.environment [-] Registered: [Plugin](User:False) AWS::S3::Bucket ->
2025-03-31 02:06:24.980 65331 INFO heat.engine.environment [-] Registered: [Plugin](User:False) OS::Aodh::Alarm ->
2025-03-31 02:06:24.980 65331 INFO heat.engine.environment [-] Registered: [Plugin](User:False) OS::Aodh::CombinationAlarm ->
2025-03-31 02:06:24.980 65331 INFO heat.engine.environment [-] Registered: [Plugin](User:False) OS::Aodh::EventAlarm ->
2025-03-31 02:06:24.980 65331 INFO heat.engine.environment [-] Registered: [Plugin](User:False) OS::Aodh::LBMemberHealthAlarm ->
2025-03-31 02:06:24.980 65331 INFO heat.engine.environment [-] Registered: [Plugin](User:False) OS::Aodh::CompositeAlarm ->
2025-03-31 02:06:24.980 65331 INFO heat.engine.environment [-] Registered: [Plugin](User:False) OS::Aodh::GnocchiResourcesAlarm ->
2025-03-31 02:06:24.980 65331 INFO heat.engine.environment [-] Registered: [Plugin](User:False) OS::Aodh::GnocchiAggregationByMetricsAlarm ->
2025-03-31 02:06:24.980 65331 INFO heat.engine.environment [-] Registered: [Plugin](User:False) OS::Aodh::GnocchiAggregationByResourcesAlarm ->
2025-03-31 02:06:24.980 65331 INFO heat.engine.environment [-] Registered: [Plugin](User:False) OS::Barbican::GenericContainer ->
2025-03-31 02:06:24.981 65331 INFO heat.engine.environment [-] Registered: [Plugin](User:False) OS::Barbican::CertificateContainer ->
2025-03-31 02:06:24.981 65331 INFO heat.engine.environment [-] Registered: [Plugin](User:False) OS::Barbican::RSAContainer ->
2025-03-31 02:06:24.981 65331 INFO heat.engine.environment [-] Registered: [Plugin](User:False) OS::Barbican::Order ->
2025-03-31 02:06:24.981 65331 INFO heat.engine.environment [-] Registered: [Plugin](User:False) OS::Barbican::Secret ->
2025-03-31 02:06:24.981 65331 INFO heat.engine.environment [-] Registered: [Plugin](User:False) OS::Blazar::Host ->
2025-03-31 02:06:24.981 65331 INFO heat.engine.environment [-] Registered: [Plugin](User:False) OS::Blazar::Lease ->
2025-03-31 02:06:24.981 65331 INFO heat.engine.environment [-] Registered: [Plugin](User:False) OS::Cinder::EncryptedVolumeType ->
2025-03-31 02:06:24.981 65331 INFO heat.engine.environment [-] Registered: [Plugin](User:False) OS::Cinder::QoSSpecs ->
2025-03-31 02:06:24.981 65331 INFO heat.engine.environment [-] Registered: [Plugin](User:False) OS::Cinder::QoSAssociation ->
2025-03-31 02:06:24.981 65331 INFO heat.engine.environment [-] Registered: [Plugin](User:False) OS::Cinder::Quota ->
2025-03-31 02:06:24.981 65331 INFO heat.engine.environment [-] Registered: [Plugin](User:False) OS::Cinder::Volume ->
2025-03-31 02:06:24.981 65331 INFO heat.engine.environment [-] Registered: [Plugin](User:False) OS::Cinder::VolumeAttachment ->
2025-03-31 02:06:24.981 65331 INFO heat.engine.environment [-] Registered: [Plugin](User:False) OS::Cinder::VolumeType ->
2025-03-31 02:06:24.982 65331 INFO heat.engine.environment [-] Registered: [Plugin](User:False) OS::Designate::Domain ->
2025-03-31 02:06:24.982 65331 INFO heat.engine.environment [-] Registered: [Plugin](User:False) OS::Designate::Record ->
2025-03-31 02:06:24.982 65331 INFO heat.engine.environment [-] Registered: [Plugin](User:False) OS::Designate::RecordSet ->
2025-03-31 02:06:24.982 65331 INFO heat.engine.environment [-] Registered: [Plugin](User:False) OS::Designate::Zone ->
2025-03-31 02:06:24.982 65331 INFO heat.engine.environment [-] Registered: [Plugin](User:False) OS::Glance::Image ->
2025-03-31 02:06:24.982 65331 INFO heat.engine.environment [-] Registered: [Plugin](User:False) OS::Glance::WebImage ->
2025-03-31 02:06:24.982 65331 INFO heat.engine.environment [-] Registered: [Plugin](User:False) OS::Heat::AccessPolicy ->
2025-03-31 02:06:24.982 65331 INFO heat.engine.environment [-] Registered: [Plugin](User:False) OS::Heat::AutoScalingGroup ->
2025-03-31 02:06:24.982 65331 INFO heat.engine.environment [-] Registered: [Plugin](User:False) OS::Heat::CloudConfig ->
2025-03-31 02:06:24.982 65331 INFO heat.engine.environment [-] Registered: [Plugin](User:False) OS::Heat::Delay ->
2025-03-31 02:06:24.982 65331 INFO heat.engine.environment [-] Registered: [Plugin](User:False) OS::Heat::DeployedServer ->
2025-03-31 02:06:24.983 65331 INFO heat.engine.environment [-] Registered: [Plugin](User:False) OS::Heat::HARestarter ->
2025-03-31 02:06:24.983 65331 INFO heat.engine.environment [-] Registered: [Plugin](User:False) OS::Heat::InstanceGroup ->
2025-03-31 02:06:24.983 65331 INFO heat.engine.environment [-] Registered: [Plugin](User:False) OS::Heat::MultipartMime ->
2025-03-31 02:06:24.983 65331 INFO heat.engine.environment [-] Registered: [Plugin](User:False) OS::Heat::None ->
2025-03-31 02:06:24.983 65331 INFO heat.engine.environment [-] Registered: [Plugin](User:False) OS::Heat::RandomString ->
2025-03-31 02:06:24.983 65331 INFO heat.engine.environment [-] Registered: [Plugin](User:False) OS::Heat::Stack ->
2025-03-31 02:06:24.983 65331 INFO heat.engine.environment [-] Registered: [Plugin](User:False) OS::Heat::ResourceChain ->
2025-03-31 02:06:24.983 65331 INFO heat.engine.environment [-] Registered: [Plugin](User:False) OS::Heat::ResourceGroup ->
2025-03-31 02:06:24.983 65331 INFO heat.engine.environment [-] Registered: [Plugin](User:False) OS::Heat::ScalingPolicy ->
2025-03-31 02:06:24.983 65331 INFO heat.engine.environment [-] Registered: [Plugin](User:False) OS::Heat::SoftwareComponent ->
2025-03-31 02:06:24.984 65331 INFO heat.engine.environment [-] Registered: [Plugin](User:False) OS::Heat::SoftwareConfig ->
2025-03-31 02:06:24.984 65331 INFO heat.engine.environment [-] Registered: [Plugin](User:False) OS::Heat::SoftwareDeployment ->
2025-03-31 02:06:24.984 65331 INFO heat.engine.environment [-] Registered: [Plugin](User:False) OS::Heat::SoftwareDeploymentGroup ->
2025-03-31 02:06:24.984 65331 INFO heat.engine.environment [-] Registered: [Plugin](User:False) OS::Heat::SoftwareDeployments ->
2025-03-31 02:06:24.984 65331 INFO heat.engine.environment [-] Registered: [Plugin](User:False) OS::Heat::StructuredConfig ->
2025-03-31 02:06:24.984 65331 INFO heat.engine.environment [-] Registered: [Plugin](User:False) OS::Heat::StructuredDeployment ->
2025-03-31 02:06:24.984 65331 INFO heat.engine.environment [-] Registered: [Plugin](User:False) OS::Heat::StructuredDeploymentGroup ->
2025-03-31 02:06:24.984 65331 INFO heat.engine.environment [-] Registered: [Plugin](User:False) OS::Heat::StructuredDeployments ->
2025-03-31 02:06:24.984 65331 INFO heat.engine.environment [-] Registered: [Plugin](User:False) OS::Heat::SwiftSignal ->
2025-03-31 02:06:24.984 65331 INFO heat.engine.environment [-] Registered: [Plugin](User:False) OS::Heat::SwiftSignalHandle ->
2025-03-31 02:06:24.984 65331 INFO heat.engine.environment [-] Registered: [Plugin](User:False) OS::Heat::TestResource ->
2025-03-31 02:06:24.984 65331 INFO heat.engine.environment [-] Registered: [Plugin](User:False) OS::Heat::Value ->
2025-03-31 02:06:24.985 65331 INFO heat.engine.environment [-] Registered: [Plugin](User:False) OS::Heat::WaitCondition ->
2025-03-31 02:06:24.985 65331 INFO heat.engine.environment [-] Registered: [Plugin](User:False) OS::Heat::WaitConditionHandle ->
2025-03-31 02:06:24.985 65331 INFO heat.engine.environment [-] Registered: [Plugin](User:False) OS::Heat::UpdateWaitConditionHandle ->
2025-03-31 02:06:24.985 65331 INFO heat.engine.environment [-] Registered: [Plugin](User:False) OS::Ironic::Port ->
2025-03-31 02:06:24.985 65331 INFO heat.engine.environment [-] Registered: [Plugin](User:False) OS::Keystone::Domain ->
2025-03-31 02:06:24.985 65331 INFO heat.engine.environment [-] Registered: [Plugin](User:False) OS::Keystone::Endpoint ->
2025-03-31 02:06:24.985 65331 INFO heat.engine.environment [-] Registered: [Plugin](User:False) OS::Keystone::Group ->
2025-03-31 02:06:24.985 65331 INFO heat.engine.environment [-] Registered: [Plugin](User:False) OS::Keystone::Project ->
2025-03-31 02:06:24.985 65331 INFO heat.engine.environment [-] Registered: [Plugin](User:False) OS::Keystone::Region ->
2025-03-31 02:06:24.985 65331 INFO heat.engine.environment [-] Registered: [Plugin](User:False) OS::Keystone::Role ->
2025-03-31 02:06:24.985 65331 INFO heat.engine.environment [-] Registered: [Plugin](User:False) OS::Keystone::UserRoleAssignment ->
2025-03-31 02:06:24.985 65331 INFO heat.engine.environment [-] Registered: [Plugin](User:False) OS::Keystone::GroupRoleAssignment ->
2025-03-31 02:06:24.986 65331 INFO heat.engine.environment [-] Registered: [Plugin](User:False) OS::Keystone::Service ->
2025-03-31 02:06:24.986 65331 INFO heat.engine.environment [-] Registered: [Plugin](User:False) OS::Keystone::User ->
2025-03-31 02:06:24.986 65331 INFO heat.engine.environment [-] Registered: [Plugin](User:False) OS::Magnum::Bay ->
2025-03-31 02:06:24.986 65331 INFO heat.engine.environment [-] Registered: [Plugin](User:False) OS::Magnum::BayModel ->
2025-03-31 02:06:24.986 65331 INFO heat.engine.environment [-] Registered: [Plugin](User:False) OS::Magnum::Cluster ->
2025-03-31 02:06:24.986 65331 INFO heat.engine.environment [-] Registered: [Plugin](User:False) OS::Magnum::ClusterTemplate ->
2025-03-31 02:06:24.986 65331 INFO heat.engine.environment [-] Registered: [Plugin](User:False) OS::Manila::SecurityService ->
2025-03-31 02:06:24.986 65331 INFO heat.engine.environment [-] Registered: [Plugin](User:False) OS::Manila::Share ->
2025-03-31 02:06:24.986 65331 INFO heat.engine.environment [-] Registered: [Plugin](User:False) OS::Manila::ShareNetwork ->
2025-03-31 02:06:24.986 65331 INFO heat.engine.environment [-] Registered: [Plugin](User:False) OS::Manila::ShareType ->
2025-03-31 02:06:24.986 65331 INFO heat.engine.environment [-] Registered: [Plugin](User:False) OS::Mistral::CronTrigger ->
2025-03-31 02:06:24.986 65331 INFO heat.engine.environment [-] Registered: [Plugin](User:False) OS::Mistral::ExternalResource ->
2025-03-31 02:06:24.987 65331 INFO heat.engine.environment [-] Registered: [Plugin](User:False) OS::Mistral::Workflow ->
2025-03-31 02:06:24.987 65331 INFO heat.engine.environment [-] Registered: [Plugin](User:False) OS::Monasca::AlarmDefinition ->
2025-03-31 02:06:24.987 65331 INFO heat.engine.environment [-] Registered: [Plugin](User:False) OS::Monasca::Notification ->
2025-03-31 02:06:24.987 65331 INFO heat.engine.environment [-] Registered: [Plugin](User:False) OS::Neutron::AddressScope ->
2025-03-31 02:06:24.987 65331 INFO heat.engine.environment [-] Registered: [Plugin](User:False) OS::Neutron::ExtraRoute ->
2025-03-31 02:06:24.987 65331 INFO heat.engine.environment [-] Registered: [Plugin](User:False) OS::Neutron::ExtraRouteSet ->
2025-03-31 02:06:24.987 65331 INFO heat.engine.environment [-] Registered: [Plugin](User:False) OS::Neutron::Firewall ->
2025-03-31 02:06:24.987 65331 INFO heat.engine.environment [-] Registered: [Plugin](User:False) OS::Neutron::FirewallPolicy ->
2025-03-31 02:06:24.987 65331 INFO heat.engine.environment [-] Registered: [Plugin](User:False) OS::Neutron::FirewallRule ->
2025-03-31 02:06:24.987 65331 INFO heat.engine.environment [-] Registered: [Plugin](User:False) OS::Neutron::FloatingIP ->
2025-03-31 02:06:24.987 65331 INFO heat.engine.environment [-] Registered: [Plugin](User:False) OS::Neutron::FloatingIPAssociation ->
2025-03-31 02:06:24.987 65331 INFO heat.engine.environment [-] Registered: [Plugin](User:False) OS::Neutron::L2Gateway ->
2025-03-31 02:06:24.988 65331 INFO heat.engine.environment [-] Registered: [Plugin](User:False) OS::Neutron::L2GatewayConnection ->
2025-03-31 02:06:24.988 65331 INFO heat.engine.environment [-] Registered: [Plugin](User:False) OS::Neutron::LBaaS::HealthMonitor ->
2025-03-31 02:06:24.988 65331 INFO heat.engine.environment [-] Registered: [Plugin](User:False) OS::Neutron::LBaaS::L7Policy ->
2025-03-31 02:06:24.988 65331 INFO heat.engine.environment [-] Registered: [Plugin](User:False) OS::Neutron::LBaaS::L7Rule ->
2025-03-31 02:06:24.988 65331 INFO heat.engine.environment [-] Registered: [Plugin](User:False) OS::Neutron::LBaaS::Listener ->
2025-03-31 02:06:24.988 65331 INFO heat.engine.environment [-] Registered: [Plugin](User:False) OS::Neutron::LBaaS::LoadBalancer ->
