2025-03-31 02:12:49.889 71176 DEBUG oslo_service.service [-] clients_swift.ca_file = None log_opt_values /usr/lib/python3/dist-packages/oslo_config/cfg.py:2609
2025-03-31 02:12:49.889 71176 DEBUG oslo_service.service [-] clients_swift.cert_file = None log_opt_values /usr/lib/python3/dist-packages/oslo_config/cfg.py:2609
2025-03-31 02:12:49.889 71176 DEBUG oslo_service.service [-] clients_swift.endpoint_type = None log_opt_values /usr/lib/python3/dist-packages/oslo_config/cfg.py:2609
2025-03-31 02:12:49.889 71176 DEBUG oslo_service.service [-] clients_swift.insecure = None log_opt_values /usr/lib/python3/dist-packages/oslo_config/cfg.py:2609
2025-03-31 02:12:49.889 71176 DEBUG oslo_service.service [-] clients_swift.key_file = None log_opt_values /usr/lib/python3/dist-packages/oslo_config/cfg.py:2609
2025-03-31 02:12:49.889 71176 DEBUG oslo_service.service [-] clients_trove.ca_file = None log_opt_values /usr/lib/python3/dist-packages/oslo_config/cfg.py:2609
2025-03-31 02:12:49.889 71176 DEBUG oslo_service.service [-] clients_trove.cert_file = None log_opt_values /usr/lib/python3/dist-packages/oslo_config/cfg.py:2609
2025-03-31 02:12:49.890 71176 DEBUG oslo_service.service [-] clients_trove.endpoint_type = None log_opt_values /usr/lib/python3/dist-packages/oslo_config/cfg.py:2609
2025-03-31 02:12:49.890 71176 DEBUG oslo_service.service [-] clients_trove.insecure = None log_opt_values /usr/lib/python3/dist-packages/oslo_config/cfg.py:2609
2025-03-31 02:12:49.890 71176 DEBUG oslo_service.service [-] clients_trove.key_file = None log_opt_values /usr/lib/python3/dist-packages/oslo_config/cfg.py:2609
2025-03-31 02:12:49.890 71176 DEBUG oslo_service.service [-] clients_vitrage.ca_file = None log_opt_values /usr/lib/python3/dist-packages/oslo_config/cfg.py:2609
2025-03-31 02:12:49.890 71176 DEBUG oslo_service.service [-] clients_vitrage.cert_file = None log_opt_values /usr/lib/python3/dist-packages/oslo_config/cfg.py:2609
2025-03-31 02:12:49.890 71176 DEBUG oslo_service.service [-] clients_vitrage.endpoint_type = None log_opt_values /usr/lib/python3/dist-packages/oslo_config/cfg.py:2609
2025-03-31 02:12:49.891 71176 DEBUG oslo_service.service [-] clients_vitrage.insecure = None log_opt_values /usr/lib/python3/dist-packages/oslo_config/cfg.py:2609
2025-03-31 02:12:49.891 71176 DEBUG oslo_service.service [-] clients_vitrage.key_file = None log_opt_values /usr/lib/python3/dist-packages/oslo_config/cfg.py:2609
2025-03-31 02:12:49.891 71176 DEBUG oslo_service.service [-] clients_zaqar.ca_file = None log_opt_values /usr/lib/python3/dist-packages/oslo_config/cfg.py:2609
2025-03-31 02:12:49.891 71176 DEBUG oslo_service.service [-] clients_zaqar.cert_file = None log_opt_values /usr/lib/python3/dist-packages/oslo_config/cfg.py:2609
2025-03-31 02:12:49.891 71176 DEBUG oslo_service.service [-] clients_zaqar.endpoint_type = None log_opt_values /usr/lib/python3/dist-packages/oslo_config/cfg.py:2609
2025-03-31 02:12:49.891 71176 DEBUG oslo_service.service [-] clients_zaqar.insecure = None log_opt_values /usr/lib/python3/dist-packages/oslo_config/cfg.py:2609
2025-03-31 02:12:49.891 71176 DEBUG oslo_service.service [-] clients_zaqar.key_file = None log_opt_values /usr/lib/python3/dist-packages/oslo_config/cfg.py:2609
2025-03-31 02:12:49.891 71176 DEBUG oslo_service.service [-] database.backend = sqlalchemy log_opt_values /usr/lib/python3/dist-packages/oslo_config/cfg.py:2609
2025-03-31 02:12:49.892 71176 DEBUG oslo_service.service [-] database.connection = **** log_opt_values /usr/lib/python3/dist-packages/oslo_config/cfg.py:2609
2025-03-31 02:12:49.892 71176 DEBUG oslo_service.service [-] database.connection_debug = 0 log_opt_values /usr/lib/python3/dist-packages/oslo_config/cfg.py:2609
2025-03-31 02:12:49.892 71176 DEBUG oslo_service.service [-] database.connection_parameters = log_opt_values /usr/lib/python3/dist-packages/oslo_config/cfg.py:2609
2025-03-31 02:12:49.892 71176 DEBUG oslo_service.service [-] database.connection_recycle_time = 3600 log_opt_values /usr/lib/python3/dist-packages/oslo_config/cfg.py:2609
2025-03-31 02:12:49.892 71176 DEBUG oslo_service.service [-] database.connection_trace = False log_opt_values /usr/lib/python3/dist-packages/oslo_config/cfg.py:2609
2025-03-31 02:12:49.892 71176 DEBUG oslo_service.service [-] database.db_inc_retry_interval = True log_opt_values /usr/lib/python3/dist-packages/oslo_config/cfg.py:2609
2025-03-31 02:12:49.892 71176 DEBUG oslo_service.service [-] database.db_max_retries = 20 log_opt_values /usr/lib/python3/dist-packages/oslo_config/cfg.py:2609
2025-03-31 02:12:49.892 71176 DEBUG oslo_service.service [-] database.db_max_retry_interval = 10 log_opt_values /usr/lib/python3/dist-packages/oslo_config/cfg.py:2609
2025-03-31 02:12:49.893 71176 DEBUG oslo_service.service [-] database.db_retry_interval = 1 log_opt_values /usr/lib/python3/dist-packages/oslo_config/cfg.py:2609
2025-03-31 02:12:49.893 71176 DEBUG oslo_service.service [-] database.max_overflow = 50 log_opt_values /usr/lib/python3/dist-packages/oslo_config/cfg.py:2609
2025-03-31 02:12:49.893 71176 DEBUG oslo_service.service [-] database.max_pool_size = 5 log_opt_values /usr/lib/python3/dist-packages/oslo_config/cfg.py:2609
2025-03-31 02:12:49.893 71176 DEBUG oslo_service.service [-] database.max_retries = 10 log_opt_values /usr/lib/python3/dist-packages/oslo_config/cfg.py:2609
2025-03-31 02:12:49.893 71176 DEBUG oslo_service.service [-] database.mysql_enable_ndb = False log_opt_values /usr/lib/python3/dist-packages/oslo_config/cfg.py:2609
2025-03-31 02:12:49.893 71176 DEBUG oslo_service.service [-] database.mysql_sql_mode = TRADITIONAL log_opt_values /usr/lib/python3/dist-packages/oslo_config/cfg.py:2609
2025-03-31 02:12:49.893 71176 DEBUG oslo_service.service [-] database.pool_timeout = None log_opt_values /usr/lib/python3/dist-packages/oslo_config/cfg.py:2609
2025-03-31 02:12:49.893 71176 DEBUG oslo_service.service [-] database.retry_interval = 10 log_opt_values /usr/lib/python3/dist-packages/oslo_config/cfg.py:2609
2025-03-31 02:12:49.894 71176 DEBUG oslo_service.service [-] database.slave_connection = **** log_opt_values /usr/lib/python3/dist-packages/oslo_config/cfg.py:2609
2025-03-31 02:12:49.894 71176 DEBUG oslo_service.service [-] database.sqlite_synchronous = True log_opt_values /usr/lib/python3/dist-packages/oslo_config/cfg.py:2609
2025-03-31 02:12:49.894 71176 DEBUG oslo_service.service [-] database.use_db_reconnect = False log_opt_values /usr/lib/python3/dist-packages/oslo_config/cfg.py:2609
2025-03-31 02:12:49.894 71176 DEBUG oslo_service.service [-] oslo_messaging_metrics.metrics_buffer_size = 1000 log_opt_values /usr/lib/python3/dist-packages/oslo_config/cfg.py:2609
2025-03-31 02:12:49.895 71176 DEBUG oslo_service.service [-] oslo_messaging_metrics.metrics_enabled = False log_opt_values /usr/lib/python3/dist-packages/oslo_config/cfg.py:2609
2025-03-31 02:12:49.895 71176 DEBUG oslo_service.service [-] oslo_messaging_metrics.metrics_process_name = log_opt_values /usr/lib/python3/dist-packages/oslo_config/cfg.py:2609
2025-03-31 02:12:49.895 71176 DEBUG oslo_service.service [-] oslo_messaging_metrics.metrics_socket_file = /var/tmp/metrics_collector.sock log_opt_values /usr/lib/python3/dist-packages/oslo_config/cfg.py:2609
2025-03-31 02:12:49.895 71176 DEBUG oslo_service.service [-] oslo_messaging_metrics.metrics_thread_stop_timeout = 10 log_opt_values /usr/lib/python3/dist-packages/oslo_config/cfg.py:2609
2025-03-31 02:12:49.896 71176 DEBUG oslo_service.service [-] oslo_policy.enforce_new_defaults = False log_opt_values /usr/lib/python3/dist-packages/oslo_config/cfg.py:2609
2025-03-31 02:12:49.896 71176 DEBUG oslo_service.service [-] oslo_policy.enforce_scope = False log_opt_values /usr/lib/python3/dist-packages/oslo_config/cfg.py:2609
2025-03-31 02:12:49.896 71176 DEBUG oslo_service.service [-] oslo_policy.policy_default_rule = default log_opt_values /usr/lib/python3/dist-packages/oslo_config/cfg.py:2609
2025-03-31 02:12:49.896 71176 DEBUG oslo_service.service [-] oslo_policy.policy_dirs = ['policy.d'] log_opt_values /usr/lib/python3/dist-packages/oslo_config/cfg.py:2609
2025-03-31 02:12:49.897 71176 DEBUG oslo_service.service [-] oslo_policy.policy_file = policy.yaml log_opt_values /usr/lib/python3/dist-packages/oslo_config/cfg.py:2609
2025-03-31 02:12:49.897 71176 DEBUG oslo_service.service [-] oslo_policy.remote_content_type = application/x-www-form-urlencoded log_opt_values /usr/lib/python3/dist-packages/oslo_config/cfg.py:2609
2025-03-31 02:12:49.897 71176 DEBUG oslo_service.service [-] oslo_policy.remote_ssl_ca_crt_file = None log_opt_values /usr/lib/python3/dist-packages/oslo_config/cfg.py:2609
2025-03-31 02:12:49.897 71176 DEBUG oslo_service.service [-] oslo_policy.remote_ssl_client_crt_file = None log_opt_values /usr/lib/python3/dist-packages/oslo_config/cfg.py:2609
2025-03-31 02:12:49.897 71176 DEBUG oslo_service.service [-] oslo_policy.remote_ssl_client_key_file = None log_opt_values /usr/lib/python3/dist-packages/oslo_config/cfg.py:2609
2025-03-31 02:12:49.897 71176 DEBUG oslo_service.service [-] oslo_policy.remote_ssl_verify_server_crt = False log_opt_values /usr/lib/python3/dist-packages/oslo_config/cfg.py:2609
2025-03-31 02:12:49.898 71176 DEBUG oslo_service.service [-] trustee.auth_section = None log_opt_values /usr/lib/python3/dist-packages/oslo_config/cfg.py:2609
2025-03-31 02:12:49.898 71176 WARNING oslo_config.cfg [-] Deprecated: Option "auth_plugin" from group "trustee" is deprecated. Use option "auth_type" from group "trustee".
2025-03-31 02:12:49.898 71176 DEBUG oslo_service.service [-] trustee.auth_type = password log_opt_values /usr/lib/python3/dist-packages/oslo_config/cfg.py:2609
2025-03-31 02:12:49.898 71176 DEBUG oslo_service.service [-] oslo_versionedobjects.fatal_exception_format_errors = False log_opt_values /usr/lib/python3/dist-packages/oslo_config/cfg.py:2609
2025-03-31 02:12:49.898 71176 DEBUG oslo_service.service [-] oslo_messaging_rabbit.amqp_auto_delete = False log_opt_values /usr/lib/python3/dist-packages/oslo_config/cfg.py:2609
2025-03-31 02:12:49.898 71176 DEBUG oslo_service.service [-] oslo_messaging_rabbit.amqp_durable_queues = False log_opt_values /usr/lib/python3/dist-packages/oslo_config/cfg.py:2609
2025-03-31 02:12:49.899 71176 DEBUG oslo_service.service [-] oslo_messaging_rabbit.conn_pool_min_size = 2 log_opt_values /usr/lib/python3/dist-packages/oslo_config/cfg.py:2609
2025-03-31 02:12:49.899 71176 DEBUG oslo_service.service [-] oslo_messaging_rabbit.conn_pool_ttl = 1200 log_opt_values /usr/lib/python3/dist-packages/oslo_config/cfg.py:2609
2025-03-31 02:12:49.899 71176 DEBUG oslo_service.service [-] oslo_messaging_rabbit.direct_mandatory_flag = True log_opt_values /usr/lib/python3/dist-packages/oslo_config/cfg.py:2609
2025-03-31 02:12:49.899 71176 DEBUG oslo_service.service [-] oslo_messaging_rabbit.enable_cancel_on_failover = False log_opt_values /usr/lib/python3/dist-packages/oslo_config/cfg.py:2609
2025-03-31 02:12:49.899 71176 DEBUG oslo_service.service [-] oslo_messaging_rabbit.heartbeat_in_pthread = True log_opt_values /usr/lib/python3/dist-packages/oslo_config/cfg.py:2609
2025-03-31 02:12:49.899 71176 DEBUG oslo_service.service [-] oslo_messaging_rabbit.heartbeat_rate = 2 log_opt_values /usr/lib/python3/dist-packages/oslo_config/cfg.py:2609
2025-03-31 02:12:49.899 71176 DEBUG oslo_service.service [-] oslo_messaging_rabbit.heartbeat_timeout_threshold = 60 log_opt_values /usr/lib/python3/dist-packages/oslo_config/cfg.py:2609
2025-03-31 02:12:49.899 71176 DEBUG oslo_service.service [-] oslo_messaging_rabbit.kombu_compression = None log_opt_values /usr/lib/python3/dist-packages/oslo_config/cfg.py:2609
2025-03-31 02:12:49.900 71176 DEBUG oslo_service.service [-] oslo_messaging_rabbit.kombu_failover_strategy = round-robin log_opt_values /usr/lib/python3/dist-packages/oslo_config/cfg.py:2609
2025-03-31 02:12:49.900 71176 DEBUG oslo_service.service [-] oslo_messaging_rabbit.kombu_missing_consumer_retry_timeout = 60 log_opt_values /usr/lib/python3/dist-packages/oslo_config/cfg.py:2609
2025-03-31 02:12:49.900 71176 DEBUG oslo_service.service [-] oslo_messaging_rabbit.kombu_reconnect_delay = 1.0 log_opt_values /usr/lib/python3/dist-packages/oslo_config/cfg.py:2609
2025-03-31 02:12:49.900 71176 DEBUG oslo_service.service [-] oslo_messaging_rabbit.rabbit_ha_queues = False log_opt_values /usr/lib/python3/dist-packages/oslo_config/cfg.py:2609
2025-03-31 02:12:49.900 71176 DEBUG oslo_service.service [-] oslo_messaging_rabbit.rabbit_interval_max = 30 log_opt_values /usr/lib/python3/dist-packages/oslo_config/cfg.py:2609
2025-03-31 02:12:49.901 71176 DEBUG oslo_service.service [-] oslo_messaging_rabbit.rabbit_login_method = AMQPLAIN log_opt_values /usr/lib/python3/dist-packages/oslo_config/cfg.py:2609
2025-03-31 02:12:49.901 71176 DEBUG oslo_service.service [-] oslo_messaging_rabbit.rabbit_qos_prefetch_count = 0 log_opt_values /usr/lib/python3/dist-packages/oslo_config/cfg.py:2609
2025-03-31 02:12:49.901 71176 DEBUG oslo_service.service [-] oslo_messaging_rabbit.rabbit_quorum_queue = False log_opt_values /usr/lib/python3/dist-packages/oslo_config/cfg.py:2609
2025-03-31 02:12:49.901 71176 DEBUG oslo_service.service [-] oslo_messaging_rabbit.rabbit_retry_backoff = 2 log_opt_values /usr/lib/python3/dist-packages/oslo_config/cfg.py:2609
2025-03-31 02:12:49.902 71176 DEBUG oslo_service.service [-] oslo_messaging_rabbit.rabbit_retry_interval = 1 log_opt_values /usr/lib/python3/dist-packages/oslo_config/cfg.py:2609
2025-03-31 02:12:49.902 71176 DEBUG oslo_service.service [-] oslo_messaging_rabbit.rabbit_transient_queues_ttl = 1800 log_opt_values /usr/lib/python3/dist-packages/oslo_config/cfg.py:2609
2025-03-31 02:12:49.902 71176 DEBUG oslo_service.service [-] oslo_messaging_rabbit.rpc_conn_pool_size = 30 log_opt_values /usr/lib/python3/dist-packages/oslo_config/cfg.py:2609
2025-03-31 02:12:49.902 71176 DEBUG oslo_service.service [-] oslo_messaging_rabbit.ssl = False log_opt_values /usr/lib/python3/dist-packages/oslo_config/cfg.py:2609
2025-03-31 02:12:49.902 71176 DEBUG oslo_service.service [-] oslo_messaging_rabbit.ssl_ca_file = log_opt_values /usr/lib/python3/dist-packages/oslo_config/cfg.py:2609
2025-03-31 02:12:49.902 71176 DEBUG oslo_service.service [-] oslo_messaging_rabbit.ssl_cert_file = log_opt_values /usr/lib/python3/dist-packages/oslo_config/cfg.py:2609
2025-03-31 02:12:49.902 71176 DEBUG oslo_service.service [-] oslo_messaging_rabbit.ssl_key_file = log_opt_values /usr/lib/python3/dist-packages/oslo_config/cfg.py:2609
2025-03-31 02:12:49.902 71176 DEBUG oslo_service.service [-] oslo_messaging_rabbit.ssl_version = log_opt_values /usr/lib/python3/dist-packages/oslo_config/cfg.py:2609
2025-03-31 02:12:49.903 71176 DEBUG oslo_service.service [-] oslo_messaging_notifications.driver = [] log_opt_values /usr/lib/python3/dist-packages/oslo_config/cfg.py:2609
2025-03-31 02:12:49.903 71176 DEBUG oslo_service.service [-] oslo_messaging_notifications.retry = -1 log_opt_values /usr/lib/python3/dist-packages/oslo_config/cfg.py:2609
2025-03-31 02:12:49.903 71176 DEBUG oslo_service.service [-] oslo_messaging_notifications.topics = ['notifications'] log_opt_values /usr/lib/python3/dist-packages/oslo_config/cfg.py:2609
2025-03-31 02:12:49.903 71176 DEBUG oslo_service.service [-] oslo_messaging_notifications.transport_url = **** log_opt_values /usr/lib/python3/dist-packages/oslo_config/cfg.py:2609
2025-03-31 02:12:49.903 71176 DEBUG oslo_service.service [-] cache.backend = dogpile.cache.null log_opt_values /usr/lib/python3/dist-packages/oslo_config/cfg.py:2609
2025-03-31 02:12:49.904 71176 DEBUG oslo_service.service [-] cache.backend_argument = **** log_opt_values /usr/lib/python3/dist-packages/oslo_config/cfg.py:2609
2025-03-31 02:12:49.904 71176 DEBUG oslo_service.service [-] cache.config_prefix = cache.oslo log_opt_values /usr/lib/python3/dist-packages/oslo_config/cfg.py:2609
2025-03-31 02:12:49.904 71176 DEBUG oslo_service.service [-] cache.debug_cache_backend = False log_opt_values /usr/lib/python3/dist-packages/oslo_config/cfg.py:2609
2025-03-31 02:12:49.904 71176 DEBUG oslo_service.service [-] cache.enabled = False log_opt_values /usr/lib/python3/dist-packages/oslo_config/cfg.py:2609
2025-03-31 02:12:49.904 71176 DEBUG oslo_service.service [-] cache.expiration_time = 600 log_opt_values /usr/lib/python3/dist-packages/oslo_config/cfg.py:2609
2025-03-31 02:12:49.904 71176 DEBUG oslo_service.service [-] cache.memcache_dead_retry = 300 log_opt_values /usr/lib/python3/dist-packages/oslo_config/cfg.py:2609
2025-03-31 02:12:49.905 71176 DEBUG oslo_service.service [-] cache.memcache_pool_connection_get_timeout = 10 log_opt_values /usr/lib/python3/dist-packages/oslo_config/cfg.py:2609
2025-03-31 02:12:49.905 71176 DEBUG oslo_service.service [-] cache.memcache_pool_flush_on_reconnect = False log_opt_values /usr/lib/python3/dist-packages/oslo_config/cfg.py:2609
2025-03-31 02:12:49.905 71176 DEBUG oslo_service.service [-] cache.memcache_pool_maxsize = 10 log_opt_values /usr/lib/python3/dist-packages/oslo_config/cfg.py:2609
2025-03-31 02:12:49.905 71176 DEBUG oslo_service.service [-] cache.memcache_pool_unused_timeout = 60 log_opt_values /usr/lib/python3/dist-packages/oslo_config/cfg.py:2609
2025-03-31 02:12:49.905 71176 DEBUG oslo_service.service [-] cache.memcache_servers = ['localhost:11211'] log_opt_values /usr/lib/python3/dist-packages/oslo_config/cfg.py:2609
2025-03-31 02:12:49.906 71176 DEBUG oslo_service.service [-] cache.memcache_socket_timeout = 1.0 log_opt_values /usr/lib/python3/dist-packages/oslo_config/cfg.py:2609
2025-03-31 02:12:49.906 71176 DEBUG oslo_service.service [-] cache.proxies = [] log_opt_values /usr/lib/python3/dist-packages/oslo_config/cfg.py:2609
2025-03-31 02:12:49.906 71176 DEBUG oslo_service.service [-] cache.tls_allowed_ciphers = None log_opt_values /usr/lib/python3/dist-packages/oslo_config/cfg.py:2609
2025-03-31 02:12:49.906 71176 DEBUG oslo_service.service [-] cache.tls_cafile = None log_opt_values /usr/lib/python3/dist-packages/oslo_config/cfg.py:2609
2025-03-31 02:12:49.906 71176 DEBUG oslo_service.service [-] cache.tls_certfile = None log_opt_values /usr/lib/python3/dist-packages/oslo_config/cfg.py:2609
2025-03-31 02:12:49.906 71176 DEBUG oslo_service.service [-] cache.tls_enabled = False log_opt_values /usr/lib/python3/dist-packages/oslo_config/cfg.py:2609
2025-03-31 02:12:49.907 71176 DEBUG oslo_service.service [-] cache.tls_keyfile = None log_opt_values /usr/lib/python3/dist-packages/oslo_config/cfg.py:2609
2025-03-31 02:12:49.907 71176 DEBUG oslo_service.service [-] constraint_validation_cache.caching = True log_opt_values /usr/lib/python3/dist-packages/oslo_config/cfg.py:2609
2025-03-31 02:12:49.907 71176 DEBUG oslo_service.service [-] constraint_validation_cache.expiration_time = 60 log_opt_values /usr/lib/python3/dist-packages/oslo_config/cfg.py:2609
2025-03-31 02:12:49.907 71176 DEBUG oslo_service.service [-] service_extension_cache.caching = True log_opt_values /usr/lib/python3/dist-packages/oslo_config/cfg.py:2609
2025-03-31 02:12:49.907 71176 DEBUG oslo_service.service [-] service_extension_cache.expiration_time = 3600 log_opt_values /usr/lib/python3/dist-packages/oslo_config/cfg.py:2609
2025-03-31 02:12:49.907 71176 DEBUG oslo_service.service [-] resource_finder_cache.caching = True log_opt_values /usr/lib/python3/dist-packages/oslo_config/cfg.py:2609
2025-03-31 02:12:49.907 71176 DEBUG oslo_service.service [-] resource_finder_cache.expiration_time = 3600 log_opt_values /usr/lib/python3/dist-packages/oslo_config/cfg.py:2609
2025-03-31 02:12:49.908 71176 DEBUG oslo_service.service [-] yaql.limit_iterators = 200 log_opt_values /usr/lib/python3/dist-packages/oslo_config/cfg.py:2609
2025-03-31 02:12:49.908 71176 DEBUG oslo_service.service [-] yaql.memory_quota = 10000 log_opt_values /usr/lib/python3/dist-packages/oslo_config/cfg.py:2609
2025-03-31 02:12:49.908 71176 DEBUG oslo_service.service [-] ******************************************************************************** log_opt_values /usr/lib/python3/dist-packages/oslo_config/cfg.py:2613
2025-03-31 02:12:49.920 71403 DEBUG oslo_db.sqlalchemy.engines [req-0969a11e-4212-43d8-a290-f44a736dd1a2 - - - - -] MySQL server mode set to STRICT_TRANS_TABLES,STRICT_ALL_TABLES,NO_ZERO_IN_DATE,NO_ZERO_DATE,ERROR_FOR_DIVISION_BY_ZERO,TRADITIONAL,NO_ENGINE_SUBSTITUTION _check_effective_sql_mode /usr/lib/python3/dist-packages/oslo_db/sqlalchemy/engines.py:314
2025-03-31 02:12:49.926 71404 DEBUG oslo_db.sqlalchemy.engines [req-618383fc-69ea-4aef-9e40-67a996e94b1e - - - - -] MySQL server mode set to STRICT_TRANS_TABLES,STRICT_ALL_TABLES,NO_ZERO_IN_DATE,NO_ZERO_DATE,ERROR_FOR_DIVISION_BY_ZERO,TRADITIONAL,NO_ENGINE_SUBSTITUTION _check_effective_sql_mode /usr/lib/python3/dist-packages/oslo_db/sqlalchemy/engines.py:314
2025-03-31 02:12:49.937 71402 DEBUG oslo_db.sqlalchemy.engines [req-ca92cc2a-3731-4d26-a495-26a41bf80bc1 - - - - -] MySQL server mode set to STRICT_TRANS_TABLES,STRICT_ALL_TABLES,NO_ZERO_IN_DATE,NO_ZERO_DATE,ERROR_FOR_DIVISION_BY_ZERO,TRADITIONAL,NO_ENGINE_SUBSTITUTION _check_effective_sql_mode /usr/lib/python3/dist-packages/oslo_db/sqlalchemy/engines.py:314
2025-03-31 02:12:49.938 71401 DEBUG oslo_db.sqlalchemy.engines [req-3e42fe7c-492d-4464-9fe2-9a40e5e5a0e5 - - - - -] MySQL server mode set to STRICT_TRANS_TABLES,STRICT_ALL_TABLES,NO_ZERO_IN_DATE,NO_ZERO_DATE,ERROR_FOR_DIVISION_BY_ZERO,TRADITIONAL,NO_ENGINE_SUBSTITUTION _check_effective_sql_mode /usr/lib/python3/dist-packages/oslo_db/sqlalchemy/engines.py:314
2025-03-31 02:12:49.981 71404 DEBUG heat.engine.service [req-618383fc-69ea-4aef-9e40-67a996e94b1e - - - - -] Service 0115027b-4f89-494e-bb40-adeb5c28b38b was aborted service_manage_cleanup /usr/lib/python3/dist-packages/heat/engine/service.py:2391
2025-03-31 02:12:49.983 71403 DEBUG heat.engine.service [req-0969a11e-4212-43d8-a290-f44a736dd1a2 - - - - -] Service 0115027b-4f89-494e-bb40-adeb5c28b38b was aborted service_manage_cleanup /usr/lib/python3/dist-packages/heat/engine/service.py:2391
2025-03-31 02:12:49.988 71401 DEBUG heat.engine.service [req-3e42fe7c-492d-4464-9fe2-9a40e5e5a0e5 - - - - -] Service 0115027b-4f89-494e-bb40-adeb5c28b38b was aborted service_manage_cleanup /usr/lib/python3/dist-packages/heat/engine/service.py:2391
2025-03-31 02:12:49.989 71402 DEBUG heat.engine.service [req-ca92cc2a-3731-4d26-a495-26a41bf80bc1 - - - - -] Service 0115027b-4f89-494e-bb40-adeb5c28b38b was aborted service_manage_cleanup /usr/lib/python3/dist-packages/heat/engine/service.py:2391
2025-03-31 02:12:50.170 71404 DEBUG heat.engine.service [req-618383fc-69ea-4aef-9e40-67a996e94b1e - - - - -] Service 04c8e886-1e2b-4c91-98d9-2848df83e891 was aborted service_manage_cleanup /usr/lib/python3/dist-packages/heat/engine/service.py:2391
2025-03-31 02:12:50.171 71403 DEBUG heat.engine.service [req-0969a11e-4212-43d8-a290-f44a736dd1a2 - - - - -] Service 04c8e886-1e2b-4c91-98d9-2848df83e891 was aborted service_manage_cleanup /usr/lib/python3/dist-packages/heat/engine/service.py:2391
2025-03-31 02:12:50.172 71402 DEBUG heat.engine.service [req-ca92cc2a-3731-4d26-a495-26a41bf80bc1 - - - - -] Service 04c8e886-1e2b-4c91-98d9-2848df83e891 was aborted service_manage_cleanup /usr/lib/python3/dist-packages/heat/engine/service.py:2391
2025-03-31 02:12:50.175 71401 DEBUG heat.engine.service [req-3e42fe7c-492d-4464-9fe2-9a40e5e5a0e5 - - - - -] Service 04c8e886-1e2b-4c91-98d9-2848df83e891 was aborted service_manage_cleanup /usr/lib/python3/dist-packages/heat/engine/service.py:2391
2025-03-31 02:12:50.290 71404 DEBUG heat.engine.service [req-618383fc-69ea-4aef-9e40-67a996e94b1e - - - - -] Service 173977ac-1e66-422d-88b2-78a66c4b109b was aborted service_manage_cleanup /usr/lib/python3/dist-packages/heat/engine/service.py:2391
2025-03-31 02:12:50.291 71402 DEBUG heat.engine.service [req-ca92cc2a-3731-4d26-a495-26a41bf80bc1 - - - - -] Service 173977ac-1e66-422d-88b2-78a66c4b109b was aborted service_manage_cleanup /usr/lib/python3/dist-packages/heat/engine/service.py:2391
2025-03-31 02:12:50.292 71403 DEBUG heat.engine.service [req-0969a11e-4212-43d8-a290-f44a736dd1a2 - - - - -] Service 173977ac-1e66-422d-88b2-78a66c4b109b was aborted service_manage_cleanup /usr/lib/python3/dist-packages/heat/engine/service.py:2391
2025-03-31 02:12:50.293 71401 DEBUG heat.engine.service [req-3e42fe7c-492d-4464-9fe2-9a40e5e5a0e5 - - - - -] Service 173977ac-1e66-422d-88b2-78a66c4b109b was aborted service_manage_cleanup /usr/lib/python3/dist-packages/heat/engine/service.py:2391
2025-03-31 02:12:50.391 71404 DEBUG heat.engine.service [req-618383fc-69ea-4aef-9e40-67a996e94b1e - - - - -] Service 1c603938-45a2-457f-a48a-e4c69c0c6e79 was aborted service_manage_cleanup /usr/lib/python3/dist-packages/heat/engine/service.py:2391
2025-03-31 02:12:50.392 71402 DEBUG heat.engine.service [req-ca92cc2a-3731-4d26-a495-26a41bf80bc1 - - - - -] Service 1c603938-45a2-457f-a48a-e4c69c0c6e79 was aborted service_manage_cleanup /usr/lib/python3/dist-packages/heat/engine/service.py:2391
2025-03-31 02:12:50.393 71403 DEBUG heat.engine.service [req-0969a11e-4212-43d8-a290-f44a736dd1a2 - - - - -] Service 1c603938-45a2-457f-a48a-e4c69c0c6e79 was aborted service_manage_cleanup /usr/lib/python3/dist-packages/heat/engine/service.py:2391
2025-03-31 02:12:50.394 71401 DEBUG heat.engine.service [req-3e42fe7c-492d-4464-9fe2-9a40e5e5a0e5 - - - - -] Service 1c603938-45a2-457f-a48a-e4c69c0c6e79 was aborted service_manage_cleanup /usr/lib/python3/dist-packages/heat/engine/service.py:2391
2025-03-31 02:12:50.458 71404 DEBUG heat.engine.service [req-618383fc-69ea-4aef-9e40-67a996e94b1e - - - - -] Service 21b96faf-3327-4444-b98c-4c4eb6785c4f was aborted service_manage_cleanup /usr/lib/python3/dist-packages/heat/engine/service.py:2391
2025-03-31 02:12:50.459 71402 DEBUG heat.engine.service [req-ca92cc2a-3731-4d26-a495-26a41bf80bc1 - - - - -] Service 21b96faf-3327-4444-b98c-4c4eb6785c4f was aborted service_manage_cleanup /usr/lib/python3/dist-packages/heat/engine/service.py:2391
2025-03-31 02:12:50.460 71403 DEBUG heat.engine.service [req-0969a11e-4212-43d8-a290-f44a736dd1a2 - - - - -] Service 21b96faf-3327-4444-b98c-4c4eb6785c4f was aborted service_manage_cleanup /usr/lib/python3/dist-packages/heat/engine/service.py:2391
2025-03-31 02:12:50.461 71401 DEBUG heat.engine.service [req-3e42fe7c-492d-4464-9fe2-9a40e5e5a0e5 - - - - -] Service 21b96faf-3327-4444-b98c-4c4eb6785c4f was aborted service_manage_cleanup /usr/lib/python3/dist-packages/heat/engine/service.py:2391
2025-03-31 02:12:50.638 71404 DEBUG heat.engine.service [req-618383fc-69ea-4aef-9e40-67a996e94b1e - - - - -] Service 22b9eb5d-fe28-4612-8323-9c95d1c7293b was aborted service_manage_cleanup /usr/lib/python3/dist-packages/heat/engine/service.py:2391
2025-03-31 02:12:50.639 71402 DEBUG heat.engine.service [req-ca92cc2a-3731-4d26-a495-26a41bf80bc1 - - - - -] Service 22b9eb5d-fe28-4612-8323-9c95d1c7293b was aborted service_manage_cleanup /usr/lib/python3/dist-packages/heat/engine/service.py:2391
2025-03-31 02:12:50.640 71403 DEBUG heat.engine.service [req-0969a11e-4212-43d8-a290-f44a736dd1a2 - - - - -] Service 22b9eb5d-fe28-4612-8323-9c95d1c7293b was aborted service_manage_cleanup /usr/lib/python3/dist-packages/heat/engine/service.py:2391
2025-03-31 02:12:50.641 71401 DEBUG heat.engine.service [req-3e42fe7c-492d-4464-9fe2-9a40e5e5a0e5 - - - - -] Service 22b9eb5d-fe28-4612-8323-9c95d1c7293b was aborted service_manage_cleanup /usr/lib/python3/dist-packages/heat/engine/service.py:2391
2025-03-31 02:12:50.684 71404 DEBUG heat.engine.service [req-618383fc-69ea-4aef-9e40-67a996e94b1e - - - - -] Service 2f32649d-4bad-40c8-963b-9e13aba986fc was aborted service_manage_cleanup /usr/lib/python3/dist-packages/heat/engine/service.py:2391
2025-03-31 02:12:50.685 71402 DEBUG heat.engine.service [req-ca92cc2a-3731-4d26-a495-26a41bf80bc1 - - - - -] Service 2f32649d-4bad-40c8-963b-9e13aba986fc was aborted service_manage_cleanup /usr/lib/python3/dist-packages/heat/engine/service.py:2391
2025-03-31 02:12:50.686 71403 DEBUG heat.engine.service [req-0969a11e-4212-43d8-a290-f44a736dd1a2 - - - - -] Service 2f32649d-4bad-40c8-963b-9e13aba986fc was aborted service_manage_cleanup /usr/lib/python3/dist-packages/heat/engine/service.py:2391
2025-03-31 02:12:50.687 71401 DEBUG heat.engine.service [req-3e42fe7c-492d-4464-9fe2-9a40e5e5a0e5 - - - - -] Service 2f32649d-4bad-40c8-963b-9e13aba986fc was aborted service_manage_cleanup /usr/lib/python3/dist-packages/heat/engine/service.py:2391
2025-03-31 02:12:51.119 71402 DEBUG heat.engine.service [req-ca92cc2a-3731-4d26-a495-26a41bf80bc1 - - - - -] Service 3f5fb477-3c37-4449-a8ad-d42c71c2a551 was aborted service_manage_cleanup /usr/lib/python3/dist-packages/heat/engine/service.py:2391
2025-03-31 02:12:51.120 71403 DEBUG heat.engine.service [req-0969a11e-4212-43d8-a290-f44a736dd1a2 - - - - -] Service 3f5fb477-3c37-4449-a8ad-d42c71c2a551 was aborted service_manage_cleanup /usr/lib/python3/dist-packages/heat/engine/service.py:2391
2025-03-31 02:12:51.123 71404 DEBUG heat.engine.service [req-618383fc-69ea-4aef-9e40-67a996e94b1e - - - - -] Service 3f5fb477-3c37-4449-a8ad-d42c71c2a551 was aborted service_manage_cleanup /usr/lib/python3/dist-packages/heat/engine/service.py:2391
2025-03-31 02:12:51.123 71401 DEBUG heat.engine.service [req-3e42fe7c-492d-4464-9fe2-9a40e5e5a0e5 - - - - -] Service 3f5fb477-3c37-4449-a8ad-d42c71c2a551 was aborted service_manage_cleanup /usr/lib/python3/dist-packages/heat/engine/service.py:2391
2025-03-31 02:12:51.214 71403 DEBUG heat.engine.service [req-0969a11e-4212-43d8-a290-f44a736dd1a2 - - - - -] Service aaf7262a-b1f7-4580-81ad-0f7e035aa0cb was aborted service_manage_cleanup /usr/lib/python3/dist-packages/heat/engine/service.py:2391
2025-03-31 02:12:51.215 71402 DEBUG heat.engine.service [req-ca92cc2a-3731-4d26-a495-26a41bf80bc1 - - - - -] Service aaf7262a-b1f7-4580-81ad-0f7e035aa0cb was aborted service_manage_cleanup /usr/lib/python3/dist-packages/heat/engine/service.py:2391
2025-03-31 02:12:51.216 71401 DEBUG heat.engine.service [req-3e42fe7c-492d-4464-9fe2-9a40e5e5a0e5 - - - - -] Service aaf7262a-b1f7-4580-81ad-0f7e035aa0cb was aborted service_manage_cleanup /usr/lib/python3/dist-packages/heat/engine/service.py:2391
2025-03-31 02:12:51.217 71404 DEBUG heat.engine.service [req-618383fc-69ea-4aef-9e40-67a996e94b1e - - - - -] Service aaf7262a-b1f7-4580-81ad-0f7e035aa0cb was aborted service_manage_cleanup /usr/lib/python3/dist-packages/heat/engine/service.py:2391
2025-03-31 02:12:51.312 71403 DEBUG heat.engine.service [req-0969a11e-4212-43d8-a290-f44a736dd1a2 - - - - -] Service b1fd5802-8200-4934-b11a-8e4e0c75ca4b was aborted service_manage_cleanup /usr/lib/python3/dist-packages/heat/engine/service.py:2391
2025-03-31 02:12:51.313 71404 DEBUG heat.engine.service [req-618383fc-69ea-4aef-9e40-67a996e94b1e - - - - -] Service b1fd5802-8200-4934-b11a-8e4e0c75ca4b was aborted service_manage_cleanup /usr/lib/python3/dist-packages/heat/engine/service.py:2391
2025-03-31 02:12:51.314 71402 DEBUG heat.engine.service [req-ca92cc2a-3731-4d26-a495-26a41bf80bc1 - - - - -] Service b1fd5802-8200-4934-b11a-8e4e0c75ca4b was aborted service_manage_cleanup /usr/lib/python3/dist-packages/heat/engine/service.py:2391
2025-03-31 02:12:51.316 71401 DEBUG heat.engine.service [req-3e42fe7c-492d-4464-9fe2-9a40e5e5a0e5 - - - - -] Service b1fd5802-8200-4934-b11a-8e4e0c75ca4b was aborted service_manage_cleanup /usr/lib/python3/dist-packages/heat/engine/service.py:2391
2025-03-31 02:12:51.379 71404 DEBUG heat.engine.service [req-618383fc-69ea-4aef-9e40-67a996e94b1e - - - - -] Service b7816521-1bd1-405f-91a4-e0862fe7075e was aborted service_manage_cleanup /usr/lib/python3/dist-packages/heat/engine/service.py:2391
2025-03-31 02:12:51.381 71402 DEBUG heat.engine.service [req-ca92cc2a-3731-4d26-a495-26a41bf80bc1 - - - - -] Service b7816521-1bd1-405f-91a4-e0862fe7075e was aborted service_manage_cleanup /usr/lib/python3/dist-packages/heat/engine/service.py:2391
2025-03-31 02:12:51.383 71401 DEBUG heat.engine.service [req-3e42fe7c-492d-4464-9fe2-9a40e5e5a0e5 - - - - -] Service b7816521-1bd1-405f-91a4-e0862fe7075e was aborted service_manage_cleanup /usr/lib/python3/dist-packages/heat/engine/service.py:2391
2025-03-31 02:12:51.384 71403 DEBUG heat.engine.service [req-0969a11e-4212-43d8-a290-f44a736dd1a2 - - - - -] Service b7816521-1bd1-405f-91a4-e0862fe7075e was aborted service_manage_cleanup /usr/lib/python3/dist-packages/heat/engine/service.py:2391
2025-03-31 02:12:51.499 71404 DEBUG heat.engine.service [req-618383fc-69ea-4aef-9e40-67a996e94b1e - - - - -] Service f5f15275-4919-4db6-97f4-e4af168beb5d was aborted service_manage_cleanup /usr/lib/python3/dist-packages/heat/engine/service.py:2391
2025-03-31 02:12:51.499 71402 DEBUG heat.engine.service [req-ca92cc2a-3731-4d26-a495-26a41bf80bc1 - - - - -] Service f5f15275-4919-4db6-97f4-e4af168beb5d was aborted service_manage_cleanup /usr/lib/python3/dist-packages/heat/engine/service.py:2391
2025-03-31 02:12:51.500 71403 DEBUG heat.engine.service [req-0969a11e-4212-43d8-a290-f44a736dd1a2 - - - - -] Service f5f15275-4919-4db6-97f4-e4af168beb5d was aborted service_manage_cleanup /usr/lib/python3/dist-packages/heat/engine/service.py:2391
2025-03-31 02:12:51.501 71401 DEBUG heat.engine.service [req-3e42fe7c-492d-4464-9fe2-9a40e5e5a0e5 - - - - -] Service f5f15275-4919-4db6-97f4-e4af168beb5d was aborted service_manage_cleanup /usr/lib/python3/dist-packages/heat/engine/service.py:2391
2025-03-31 02:12:52.379 71401 DEBUG heat.engine.service [req-54906e40-6715-4318-b92c-fb705ec17f68 - - - - -] Service 436b62a1-73b9-4d47-8bf3-1df1aa95d8ee is started service_manage_report /usr/lib/python3/dist-packages/heat/engine/service.py:2363
2025-03-31 02:12:52.379 71403 DEBUG heat.engine.service [req-ece9dc10-0824-496c-9425-1545cae21e5e - - - - -] Service 1d0f2752-4eda-4b91-aa65-842d9a77a7ee is started service_manage_report /usr/lib/python3/dist-packages/heat/engine/service.py:2363
2025-03-31 02:12:52.379 71402 DEBUG heat.engine.service [req-6deb23f0-3b86-4e5a-a59d-73a9abe96805 - - - - -] Service 6eef9d1c-2b54-413d-a463-cb9af30f62ee is started service_manage_report /usr/lib/python3/dist-packages/heat/engine/service.py:2363
2025-03-31 02:12:52.379 71404 DEBUG heat.engine.service [req-aa22ee3e-df8f-4c3b-9e94-02defb1721ef - - - - -] Service 59989dd0-9178-4233-bb99-08cefaa30ebb is started service_manage_report /usr/lib/python3/dist-packages/heat/engine/service.py:2363
2025-03-31 02:12:52.488 71401 DEBUG heat.engine.service [req-54906e40-6715-4318-b92c-fb705ec17f68 - - - - -] Service 436b62a1-73b9-4d47-8bf3-1df1aa95d8ee is updated service_manage_report /usr/lib/python3/dist-packages/heat/engine/service.py:2370
2025-03-31 02:12:52.488 71402 DEBUG heat.engine.service [req-6deb23f0-3b86-4e5a-a59d-73a9abe96805 - - - - -] Service 6eef9d1c-2b54-413d-a463-cb9af30f62ee is updated service_manage_report /usr/lib/python3/dist-packages/heat/engine/service.py:2370
2025-03-31 02:12:52.488 71404 DEBUG heat.engine.service [req-aa22ee3e-df8f-4c3b-9e94-02defb1721ef - - - - -] Service 59989dd0-9178-4233-bb99-08cefaa30ebb is updated service_manage_report /usr/lib/python3/dist-packages/heat/engine/service.py:2370
2025-03-31 02:12:52.488 71403 DEBUG heat.engine.service [req-ece9dc10-0824-496c-9425-1545cae21e5e - - - - -] Service 1d0f2752-4eda-4b91-aa65-842d9a77a7ee is updated service_manage_report /usr/lib/python3/dist-packages/heat/engine/service.py:2370
2025-03-31 02:13:51.626 71403 DEBUG heat.engine.service [req-f8f70743-e12a-4350-ac26-2e104ceaa284 - - - - -] Service 1d0f2752-4eda-4b91-aa65-842d9a77a7ee is updated service_manage_report /usr/lib/python3/dist-packages/heat/engine/service.py:2370
2025-03-31 02:13:51.629 71401 DEBUG heat.engine.service [req-b611f843-89bb-446d-a358-082eab1a9209 - - - - -] Service 436b62a1-73b9-4d47-8bf3-1df1aa95d8ee is updated service_manage_report /usr/lib/python3/dist-packages/heat/engine/service.py:2370
2025-03-31 02:13:51.629 71402 DEBUG heat.engine.service [req-1d6fa39b-45e5-4246-a641-2555fd50f220 - - - - -] Service 6eef9d1c-2b54-413d-a463-cb9af30f62ee is updated service_manage_report /usr/lib/python3/dist-packages/heat/engine/service.py:2370
2025-03-31 02:13:51.629 71404 DEBUG heat.engine.service [req-f0e1e977-15e0-426e-a92b-247c678a1c52 - - - - -] Service 59989dd0-9178-4233-bb99-08cefaa30ebb is updated service_manage_report /usr/lib/python3/dist-packages/heat/engine/service.py:2370
2025-03-31 02:14:07.770 71404 DEBUG heat.engine.service [-] Attempting to stop engine service... _stop_rpc_server /usr/lib/python3/dist-packages/heat/engine/service.py:437
2025-03-31 02:14:07.770 71403 DEBUG heat.engine.service [-] Attempting to stop engine service... _stop_rpc_server /usr/lib/python3/dist-packages/heat/engine/service.py:437
2025-03-31 02:14:07.770 71401 DEBUG heat.engine.service [-] Attempting to stop engine service... _stop_rpc_server /usr/lib/python3/dist-packages/heat/engine/service.py:437
2025-03-31 02:14:07.770 71402 DEBUG heat.engine.service [-] Attempting to stop engine service... _stop_rpc_server /usr/lib/python3/dist-packages/heat/engine/service.py:437
2025-03-31 02:14:07.781 71176 INFO oslo_service.service [-] Caught SIGTERM, stopping children
2025-03-31 02:14:07.781 71176 DEBUG oslo_concurrency.lockutils [-] Acquired lock "singleton_lock" lock /usr/lib/python3/dist-packages/oslo_concurrency/lockutils.py:294
2025-03-31 02:14:07.781 71176 DEBUG oslo_concurrency.lockutils [-] Releasing lock "singleton_lock" lock /usr/lib/python3/dist-packages/oslo_concurrency/lockutils.py:312
2025-03-31 02:14:07.782 71176 DEBUG oslo_service.service [-] Stop services. stop /usr/lib/python3/dist-packages/oslo_service/service.py:695
2025-03-31 02:14:07.782 71176 INFO heat.engine.service [-] All threads were gone, terminating engine
2025-03-31 02:14:07.782 71176 DEBUG oslo_service.service [-] Killing children. stop /usr/lib/python3/dist-packages/oslo_service/service.py:700
2025-03-31 02:14:07.794 71176 INFO oslo_service.service [-] Waiting on 4 children to exit
2025-03-31 02:14:07.795 71176 INFO oslo_service.service [-] Child 71401 killed by signal 15
2025-03-31 02:14:07.795 71176 INFO oslo_service.service [-] Child 71403 killed by signal 15
2025-03-31 02:14:07.795 71176 INFO oslo_service.service [-] Child 71402 killed by signal 15
2025-03-31 02:14:07.796 71176 INFO oslo_service.service [-] Child 71404 killed by signal 15
2025-03-31 02:14:09.827 72765 DEBUG oslo_concurrency.lockutils [-] Lock "context-manager" acquired by "neutron_lib.db.api._create_context_manager" :: waited 0.000s inner /usr/lib/python3/dist-packages/oslo_concurrency/lockutils.py:386
2025-03-31 02:14:09.827 72765 DEBUG oslo_concurrency.lockutils [-] Lock "context-manager" "released" by "neutron_lib.db.api._create_context_manager" :: held 0.000s inner /usr/lib/python3/dist-packages/oslo_concurrency/lockutils.py:400
2025-03-31 02:14:12.283 72765 WARNING heat.engine.environment [-] OS::Aodh::Alarm is DEPRECATED. Theshold alarm relies on ceilometer-api and has been deprecated in aodh since Ocata. Use OS::Aodh::GnocchiAggregationByResourcesAlarm instead.
2025-03-31 02:14:12.284 72765 WARNING heat.engine.environment [-] OS::Aodh::CombinationAlarm is HIDDEN. OS::Aodh::CombinationAlarm is deprecated and has been removed from Aodh, use OS::Aodh::CompositeAlarm instead.
2025-03-31 02:14:12.284 72765 WARNING heat.engine.environment [-] OS::Designate::Domain is HIDDEN. This resource has been removed, use OS::Designate::Zone instead.
2025-03-31 02:14:12.284 72765 WARNING heat.engine.environment [-] OS::Designate::Record is HIDDEN. This resource has been removed, use OS::Designate::RecordSet instead.
2025-03-31 02:14:12.284 72765 WARNING heat.engine.environment [-] OS::Glance::Image is DEPRECATED. Creating a Glance Image based on an existing URL location requires the Glance v1 API, which is deprecated.
2025-03-31 02:14:12.285 72765 WARNING heat.engine.environment [-] OS::Heat::HARestarter is HIDDEN. The HARestarter resource type has been removed. Existing stacks containing HARestarter resources can still be used, but the HARestarter resource will be a placeholder that does nothing.
2025-03-31 02:14:12.285 72765 WARNING heat.engine.environment [-] OS::Heat::SoftwareDeployments is HIDDEN. Please use OS::Heat::SoftwareDeploymentGroup instead.
2025-03-31 02:14:12.285 72765 WARNING heat.engine.environment [-] OS::Heat::StructuredDeployments is HIDDEN. Please use OS::Heat::StructuredDeploymentGroup instead.
2025-03-31 02:14:12.285 72765 WARNING heat.engine.environment [-] OS::Magnum::Bay is HIDDEN. Please use OS::Magnum::Cluster instead.
2025-03-31 02:14:12.285 72765 WARNING heat.engine.environment [-] OS::Magnum::BayModel is HIDDEN. Please use OS::Magnum::ClusterTemplate instead.
2025-03-31 02:14:12.286 72765 WARNING heat.engine.environment [-] OS::Neutron::ExtraRoute is UNSUPPORTED. Use this resource at your own risk.
2025-03-31 02:14:12.286 72765 WARNING heat.engine.environment [-] OS::Neutron::HealthMonitor is HIDDEN. Use LBaaS V2 instead.
2025-03-31 02:14:12.286 72765 WARNING heat.engine.environment [-] OS::Neutron::Pool is HIDDEN. Use LBaaS V2 instead.
2025-03-31 02:14:12.286 72765 WARNING heat.engine.environment [-] OS::Neutron::PoolMember is HIDDEN. Use LBaaS V2 instead.
2025-03-31 02:14:12.286 72765 WARNING heat.engine.environment [-] OS::Neutron::LoadBalancer is HIDDEN. Use LBaaS V2 instead.
2025-03-31 02:14:12.286 72765 WARNING heat.engine.environment [-] OS::Neutron::RouterGateway is HIDDEN. Use the `external_gateway_info` property in the router resource to set up the gateway.
2025-03-31 02:14:12.287 72765 WARNING heat.engine.environment [-] OS::Nova::FloatingIP is HIDDEN. Please use OS::Neutron::FloatingIP instead.
2025-03-31 02:14:12.287 72765 WARNING heat.engine.environment [-] OS::Nova::FloatingIPAssociation is HIDDEN. Please use OS::Neutron::FloatingIPAssociation instead.
2025-03-31 02:14:12.289 72765 INFO heat.engine.environment [-] Loading /etc/heat/environment.d/default.yaml
2025-03-31 02:14:12.291 72765 INFO heat.engine.environment [-] Registered: [Plugin](User:False) AWS::AutoScaling::AutoScalingGroup ->
2025-03-31 02:14:12.291 72765 INFO heat.engine.environment [-] Registered: [Plugin](User:False) AWS::AutoScaling::LaunchConfiguration ->
2025-03-31 02:14:12.291 72765 INFO heat.engine.environment [-] Registered: [Plugin](User:False) AWS::AutoScaling::ScalingPolicy ->
2025-03-31 02:14:12.291 72765 INFO heat.engine.environment [-] Registered: [Plugin](User:False) AWS::CloudFormation::Stack ->
2025-03-31 02:14:12.291 72765 INFO heat.engine.environment [-] Registered: [Plugin](User:False) AWS::CloudFormation::WaitCondition ->
2025-03-31 02:14:12.291 72765 INFO heat.engine.environment [-] Registered: [Plugin](User:False) AWS::CloudFormation::WaitConditionHandle ->
2025-03-31 02:14:12.291 72765 INFO heat.engine.environment [-] Registered: [Plugin](User:False) AWS::EC2::EIP ->
2025-03-31 02:14:12.291 72765 INFO heat.engine.environment [-] Registered: [Plugin](User:False) AWS::EC2::EIPAssociation ->
2025-03-31 02:14:12.291 72765 INFO heat.engine.environment [-] Registered: [Plugin](User:False) AWS::EC2::Instance ->
2025-03-31 02:14:12.291 72765 INFO heat.engine.environment [-] Registered: [Plugin](User:False) AWS::EC2::InternetGateway ->
2025-03-31 02:14:12.292 72765 INFO heat.engine.environment [-] Registered: [Plugin](User:False) AWS::EC2::VPCGatewayAttachment ->
2025-03-31 02:14:12.292 72765 INFO heat.engine.environment [-] Registered: [Plugin](User:False) AWS::EC2::NetworkInterface ->
2025-03-31 02:14:12.292 72765 INFO heat.engine.environment [-] Registered: [Plugin](User:False) AWS::EC2::RouteTable ->
2025-03-31 02:14:12.292 72765 INFO heat.engine.environment [-] Registered: [Plugin](User:False) AWS::EC2::SubnetRouteTableAssociation ->
2025-03-31 02:14:12.292 72765 INFO heat.engine.environment [-] Registered: [Plugin](User:False) AWS::EC2::SecurityGroup ->
2025-03-31 02:14:12.292 72765 INFO heat.engine.environment [-] Registered: [Plugin](User:False) AWS::EC2::Subnet ->
2025-03-31 02:14:12.292 72765 INFO heat.engine.environment [-] Registered: [Plugin](User:False) AWS::EC2::Volume ->
2025-03-31 02:14:12.292 72765 INFO heat.engine.environment [-] Registered: [Plugin](User:False) AWS::EC2::VolumeAttachment ->
2025-03-31 02:14:12.292 72765 INFO heat.engine.environment [-] Registered: [Plugin](User:False) AWS::EC2::VPC ->
2025-03-31 02:14:12.292 72765 INFO heat.engine.environment [-] Registered: [Plugin](User:False) AWS::IAM::User ->
2025-03-31 02:14:12.292 72765 INFO heat.engine.environment [-] Registered: [Plugin](User:False) AWS::IAM::AccessKey ->
2025-03-31 02:14:12.292 72765 INFO heat.engine.environment [-] Registered: [Plugin](User:False) AWS::ElasticLoadBalancing::LoadBalancer ->
2025-03-31 02:14:12.293 72765 INFO heat.engine.environment [-] Registered: [Plugin](User:False) AWS::S3::Bucket ->
2025-03-31 02:14:12.293 72765 INFO heat.engine.environment [-] Registered: [Plugin](User:False) OS::Aodh::Alarm ->
2025-03-31 02:14:12.293 72765 INFO heat.engine.environment [-] Registered: [Plugin](User:False) OS::Aodh::CombinationAlarm ->
2025-03-31 02:14:12.293 72765 INFO heat.engine.environment [-] Registered: [Plugin](User:False) OS::Aodh::EventAlarm ->
2025-03-31 02:14:12.293 72765 INFO heat.engine.environment [-] Registered: [Plugin](User:False) OS::Aodh::LBMemberHealthAlarm ->
2025-03-31 02:14:12.293 72765 INFO heat.engine.environment [-] Registered: [Plugin](User:False) OS::Aodh::CompositeAlarm ->
2025-03-31 02:14:12.293 72765 INFO heat.engine.environment [-] Registered: [Plugin](User:False) OS::Aodh::GnocchiResourcesAlarm ->
2025-03-31 02:14:12.293 72765 INFO heat.engine.environment [-] Registered: [Plugin](User:False) OS::Aodh::GnocchiAggregationByMetricsAlarm ->
2025-03-31 02:14:12.293 72765 INFO heat.engine.environment [-] Registered: [Plugin](User:False) OS::Aodh::GnocchiAggregationByResourcesAlarm ->
2025-03-31 02:14:12.293 72765 INFO heat.engine.environment [-] Registered: [Plugin](User:False) OS::Barbican::GenericContainer ->
2025-03-31 02:14:12.293 72765 INFO heat.engine.environment [-] Registered: [Plugin](User:False) OS::Barbican::CertificateContainer ->
2025-03-31 02:14:12.293 72765 INFO heat.engine.environment [-] Registered: [Plugin](User:False) OS::Barbican::RSAContainer ->
2025-03-31 02:14:12.294 72765 INFO heat.engine.environment [-] Registered: [Plugin](User:False) OS::Barbican::Order ->
2025-03-31 02:14:12.294 72765 INFO heat.engine.environment [-] Registered: [Plugin](User:False) OS::Barbican::Secret ->
2025-03-31 02:14:12.294 72765 INFO heat.engine.environment [-] Registered: [Plugin](User:False) OS::Blazar::Host ->
2025-03-31 02:14:12.294 72765 INFO heat.engine.environment [-] Registered: [Plugin](User:False) OS::Blazar::Lease ->
2025-03-31 02:14:12.294 72765 INFO heat.engine.environment [-] Registered: [Plugin](User:False) OS::Cinder::EncryptedVolumeType ->
2025-03-31 02:14:12.294 72765 INFO heat.engine.environment [-] Registered: [Plugin](User:False) OS::Cinder::QoSSpecs ->
2025-03-31 02:14:12.294 72765 INFO heat.engine.environment [-] Registered: [Plugin](User:False) OS::Cinder::QoSAssociation ->
2025-03-31 02:14:12.294 72765 INFO heat.engine.environment [-] Registered: [Plugin](User:False) OS::Cinder::Quota ->
2025-03-31 02:14:12.294 72765 INFO heat.engine.environment [-] Registered: [Plugin](User:False) OS::Cinder::Volume ->
2025-03-31 02:14:12.294 72765 INFO heat.engine.environment [-] Registered: [Plugin](User:False) OS::Cinder::VolumeAttachment ->
2025-03-31 02:14:12.294 72765 INFO heat.engine.environment [-] Registered: [Plugin](User:False) OS::Cinder::VolumeType ->
2025-03-31 02:14:12.294 72765 INFO heat.engine.environment [-] Registered: [Plugin](User:False) OS::Designate::Domain ->
2025-03-31 02:14:12.295 72765 INFO heat.engine.environment [-] Registered: [Plugin](User:False) OS::Designate::Record ->
2025-03-31 02:14:12.295 72765 INFO heat.engine.environment [-] Registered: [Plugin](User:False) OS::Designate::RecordSet ->
2025-03-31 02:14:12.295 72765 INFO heat.engine.environment [-] Registered: [Plugin](User:False) OS::Designate::Zone ->
2025-03-31 02:14:12.295 72765 INFO heat.engine.environment [-] Registered: [Plugin](User:False) OS::Glance::Image ->
2025-03-31 02:14:12.295 72765 INFO heat.engine.environment [-] Registered: [Plugin](User:False) OS::Glance::WebImage ->
2025-03-31 02:14:12.295 72765 INFO heat.engine.environment [-] Registered: [Plugin](User:False) OS::Heat::AccessPolicy ->
2025-03-31 02:14:12.295 72765 INFO heat.engine.environment [-] Registered: [Plugin](User:False) OS::Heat::AutoScalingGroup ->
2025-03-31 02:14:12.295 72765 INFO heat.engine.environment [-] Registered: [Plugin](User:False) OS::Heat::CloudConfig ->
2025-03-31 02:14:12.300 72765 INFO heat.engine.environment [-] Registered: [Plugin](User:False) OS::Heat::Delay ->
2025-03-31 02:14:12.301 72765 INFO heat.engine.environment [-] Registered: [Plugin](User:False) OS::Heat::DeployedServer ->
2025-03-31 02:14:12.301 72765 INFO heat.engine.environment [-] Registered: [Plugin](User:False) OS::Heat::HARestarter ->
2025-03-31 02:14:12.301 72765 INFO heat.engine.environment [-] Registered: [Plugin](User:False) OS::Heat::InstanceGroup ->
2025-03-31 02:14:12.301 72765 INFO heat.engine.environment [-] Registered: [Plugin](User:False) OS::Heat::MultipartMime ->
2025-03-31 02:14:12.301 72765 INFO heat.engine.environment [-] Registered: [Plugin](User:False) OS::Heat::None ->
2025-03-31 02:14:12.301 72765 INFO heat.engine.environment [-] Registered: [Plugin](User:False) OS::Heat::RandomString ->
2025-03-31 02:14:12.301 72765 INFO heat.engine.environment [-] Registered: [Plugin](User:False) OS::Heat::Stack ->
2025-03-31 02:14:12.301 72765 INFO heat.engine.environment [-] Registered: [Plugin](User:False) OS::Heat::ResourceChain ->
2025-03-31 02:14:12.301 72765 INFO heat.engine.environment [-] Registered: [Plugin](User:False) OS::Heat::ResourceGroup ->
2025-03-31 02:14:12.302 72765 INFO heat.engine.environment [-] Registered: [Plugin](User:False) OS::Heat::ScalingPolicy ->
