2025-03-27 02:21:21.200 7 DEBUG oslo_service.service [-] ml2_type_gre.tunnel_id_ranges = [] log_opt_values /var/lib/kolla/venv/lib/python3.6/site-packages/oslo_config/cfg.py:2611
2025-03-27 02:21:21.200 7 DEBUG oslo_service.service [-] ml2_type_vlan.network_vlan_ranges = [] log_opt_values /var/lib/kolla/venv/lib/python3.6/site-packages/oslo_config/cfg.py:2611
2025-03-27 02:21:21.200 7 DEBUG oslo_service.service [-] ml2_type_vxlan.vni_ranges = [] log_opt_values /var/lib/kolla/venv/lib/python3.6/site-packages/oslo_config/cfg.py:2611
2025-03-27 02:21:21.200 7 DEBUG oslo_service.service [-] ml2_type_vxlan.vxlan_group = None log_opt_values /var/lib/kolla/venv/lib/python3.6/site-packages/oslo_config/cfg.py:2611
2025-03-27 02:21:21.200 7 DEBUG oslo_service.service [-] database.backend = sqlalchemy log_opt_values /var/lib/kolla/venv/lib/python3.6/site-packages/oslo_config/cfg.py:2611
2025-03-27 02:21:21.200 7 DEBUG oslo_service.service [-] database.connection = **** log_opt_values /var/lib/kolla/venv/lib/python3.6/site-packages/oslo_config/cfg.py:2611
2025-03-27 02:21:21.201 7 DEBUG oslo_service.service [-] database.connection_debug = 0 log_opt_values /var/lib/kolla/venv/lib/python3.6/site-packages/oslo_config/cfg.py:2611
2025-03-27 02:21:21.201 7 DEBUG oslo_service.service [-] database.connection_parameters = log_opt_values /var/lib/kolla/venv/lib/python3.6/site-packages/oslo_config/cfg.py:2611
2025-03-27 02:21:21.201 7 DEBUG oslo_service.service [-] database.connection_recycle_time = 10 log_opt_values /var/lib/kolla/venv/lib/python3.6/site-packages/oslo_config/cfg.py:2611
2025-03-27 02:21:21.201 7 DEBUG oslo_service.service [-] database.connection_trace = False log_opt_values /var/lib/kolla/venv/lib/python3.6/site-packages/oslo_config/cfg.py:2611
2025-03-27 02:21:21.201 7 DEBUG oslo_service.service [-] database.db_inc_retry_interval = True log_opt_values /var/lib/kolla/venv/lib/python3.6/site-packages/oslo_config/cfg.py:2611
2025-03-27 02:21:21.201 7 DEBUG oslo_service.service [-] database.db_max_retries = 20 log_opt_values /var/lib/kolla/venv/lib/python3.6/site-packages/oslo_config/cfg.py:2611
2025-03-27 02:21:21.201 7 DEBUG oslo_service.service [-] database.db_max_retry_interval = 10 log_opt_values /var/lib/kolla/venv/lib/python3.6/site-packages/oslo_config/cfg.py:2611
2025-03-27 02:21:21.201 7 DEBUG oslo_service.service [-] database.db_retry_interval = 1 log_opt_values /var/lib/kolla/venv/lib/python3.6/site-packages/oslo_config/cfg.py:2611
2025-03-27 02:21:21.201 7 DEBUG oslo_service.service [-] database.max_overflow = 50 log_opt_values /var/lib/kolla/venv/lib/python3.6/site-packages/oslo_config/cfg.py:2611
2025-03-27 02:21:21.201 7 DEBUG oslo_service.service [-] database.max_pool_size = 1 log_opt_values /var/lib/kolla/venv/lib/python3.6/site-packages/oslo_config/cfg.py:2611
2025-03-27 02:21:21.201 7 DEBUG oslo_service.service [-] database.max_retries = -1 log_opt_values /var/lib/kolla/venv/lib/python3.6/site-packages/oslo_config/cfg.py:2611
2025-03-27 02:21:21.201 7 DEBUG oslo_service.service [-] database.mysql_enable_ndb = False log_opt_values /var/lib/kolla/venv/lib/python3.6/site-packages/oslo_config/cfg.py:2611
2025-03-27 02:21:21.201 7 DEBUG oslo_service.service [-] database.mysql_sql_mode = TRADITIONAL log_opt_values /var/lib/kolla/venv/lib/python3.6/site-packages/oslo_config/cfg.py:2611
2025-03-27 02:21:21.201 7 DEBUG oslo_service.service [-] database.pool_timeout = None log_opt_values /var/lib/kolla/venv/lib/python3.6/site-packages/oslo_config/cfg.py:2611
2025-03-27 02:21:21.201 7 DEBUG oslo_service.service [-] database.retry_interval = 10 log_opt_values /var/lib/kolla/venv/lib/python3.6/site-packages/oslo_config/cfg.py:2611
2025-03-27 02:21:21.202 7 DEBUG oslo_service.service [-] database.slave_connection = **** log_opt_values /var/lib/kolla/venv/lib/python3.6/site-packages/oslo_config/cfg.py:2611
2025-03-27 02:21:21.202 7 DEBUG oslo_service.service [-] database.sqlite_synchronous = True log_opt_values /var/lib/kolla/venv/lib/python3.6/site-packages/oslo_config/cfg.py:2611
2025-03-27 02:21:21.202 7 DEBUG oslo_service.service [-] database.use_db_reconnect = False log_opt_values /var/lib/kolla/venv/lib/python3.6/site-packages/oslo_config/cfg.py:2611
2025-03-27 02:21:21.202 7 DEBUG oslo_service.service [-] ******************************************************************************** log_opt_values /var/lib/kolla/venv/lib/python3.6/site-packages/oslo_config/cfg.py:2613
2025-03-27 02:21:22.813 22 DEBUG neutron.wsgi [-] (22) accepted ('10.0.0.29', 51270) server /var/lib/kolla/venv/lib/python3.6/site-packages/eventlet/wsgi.py:1004
2025-03-27 02:21:22.819 22 INFO neutron.wsgi [-] 10.0.0.29 "GET / HTTP/1.1" status: 200 len: 227 time: 0.0049565
2025-03-27 02:21:26.343 25 DEBUG neutron.api.rpc.handlers.dhcp_rpc [req-0cb0d916-cebb-4baa-913d-c5accfbdc9f7 - - - - -] get_active_networks_info from cn-jenkins-deploy-platform-ansible-os-2967-1 get_active_networks_info /var/lib/kolla/venv/lib/python3.6/site-packages/neutron/api/rpc/handlers/dhcp_rpc.py:159
2025-03-27 02:21:26.387 26 DEBUG neutron_lib.callbacks.manager [req-1be68958-9d16-4e86-9501-789c7c7a163a - - - - -] Publish callbacks ['neutron.services.segments.db._update_segment_host_mapping_for_agent-8772592003187', 'neutron.services.l3_router.l3_router_plugin.DVRResourceOperationHandler.create_fip_agent_gw_ports-636931'] for agent (063b55a8-608a-4932-866d-0491e8bf9725), after_create _notify_loop /var/lib/kolla/venv/lib/python3.6/site-packages/neutron_lib/callbacks/manager.py:177
2025-03-27 02:21:26.388 25 DEBUG neutron.scheduler.dhcp_agent_scheduler [req-0cb0d916-cebb-4baa-913d-c5accfbdc9f7 - - - - -] No non-hosted networks auto_schedule_networks /var/lib/kolla/venv/lib/python3.6/site-packages/neutron/scheduler/dhcp_agent_scheduler.py:60
2025-03-27 02:21:46.565 28 DEBUG neutron_lib.callbacks.manager [req-c7d73e33-ee7c-4354-aa37-508260ebaff2 - - - - -] Publish callbacks ['neutron.services.segments.db._update_segment_host_mapping_for_agent-8772592003187', 'neutron.services.l3_router.l3_router_plugin.DVRResourceOperationHandler.create_fip_agent_gw_ports-636931'] for agent (93ed209f-db0b-41c5-8531-76ea923cc63d), after_create _notify_loop /var/lib/kolla/venv/lib/python3.6/site-packages/neutron_lib/callbacks/manager.py:177
2025-03-27 02:21:52.867 22 DEBUG neutron.wsgi [-] (22) accepted ('10.0.0.29', 33562) server /var/lib/kolla/venv/lib/python3.6/site-packages/eventlet/wsgi.py:1004
2025-03-27 02:21:52.871 22 INFO neutron.wsgi [-] 10.0.0.29 "GET / HTTP/1.1" status: 200 len: 227 time: 0.0031662
2025-03-27 02:21:56.357 27 DEBUG neutron_lib.callbacks.manager [req-9da80eec-9f1f-44bc-8d93-2958d4befc26 - - - - -] Publish callbacks ['neutron.services.segments.db._update_segment_host_mapping_for_agent-8772592003187', 'neutron.plugins.ml2.plugin.Ml2Plugin._retry_binding_revived_agents-8152968'] for agent (063b55a8-608a-4932-866d-0491e8bf9725), after_update _notify_loop /var/lib/kolla/venv/lib/python3.6/site-packages/neutron_lib/callbacks/manager.py:177
2025-03-27 02:22:16.541 25 DEBUG neutron_lib.callbacks.manager [req-c7d73e33-ee7c-4354-aa37-508260ebaff2 - - - - -] Publish callbacks ['neutron.services.segments.db._update_segment_host_mapping_for_agent-8772592003187', 'neutron.plugins.ml2.plugin.Ml2Plugin._retry_binding_revived_agents-8152968'] for agent (93ed209f-db0b-41c5-8531-76ea923cc63d), after_update _notify_loop /var/lib/kolla/venv/lib/python3.6/site-packages/neutron_lib/callbacks/manager.py:177
2025-03-27 02:22:22.919 22 DEBUG neutron.wsgi [-] (22) accepted ('10.0.0.29', 51794) server /var/lib/kolla/venv/lib/python3.6/site-packages/eventlet/wsgi.py:1004
2025-03-27 02:22:22.923 22 INFO neutron.wsgi [-] 10.0.0.29 "GET / HTTP/1.1" status: 200 len: 227 time: 0.0031879
2025-03-27 02:22:26.368 23 DEBUG neutron_lib.callbacks.manager [req-be8f3cd3-a082-4901-b2d4-087094386a02 - - - - -] Publish callbacks ['neutron.services.segments.db._update_segment_host_mapping_for_agent-8772592003187', 'neutron.plugins.ml2.plugin.Ml2Plugin._retry_binding_revived_agents-8152968'] for agent (063b55a8-608a-4932-866d-0491e8bf9725), after_update _notify_loop /var/lib/kolla/venv/lib/python3.6/site-packages/neutron_lib/callbacks/manager.py:177
2025-03-27 02:22:34.162 29 DEBUG neutron.db.agents_db [req-5cd86031-c04e-4484-8d32-58fbaf89e729 - - - - -] Agent healthcheck: found 2 active agents agent_health_check /var/lib/kolla/venv/lib/python3.6/site-packages/neutron/db/agents_db.py:318
2025-03-27 02:22:46.543 24 DEBUG neutron_lib.callbacks.manager [req-c7d73e33-ee7c-4354-aa37-508260ebaff2 - - - - -] Publish callbacks ['neutron.services.segments.db._update_segment_host_mapping_for_agent-8772592003187', 'neutron.plugins.ml2.plugin.Ml2Plugin._retry_binding_revived_agents-8152968'] for agent (93ed209f-db0b-41c5-8531-76ea923cc63d), after_update _notify_loop /var/lib/kolla/venv/lib/python3.6/site-packages/neutron_lib/callbacks/manager.py:177
2025-03-27 02:22:52.969 22 DEBUG neutron.wsgi [-] (22) accepted ('10.0.0.29', 58352) server /var/lib/kolla/venv/lib/python3.6/site-packages/eventlet/wsgi.py:1004
2025-03-27 02:22:52.973 22 INFO neutron.wsgi [-] 10.0.0.29 "GET / HTTP/1.1" status: 200 len: 227 time: 0.0029316
2025-03-27 02:22:56.347 26 DEBUG neutron_lib.callbacks.manager [req-810f3335-7102-4da3-9795-74d06d3b538b - - - - -] Publish callbacks ['neutron.services.segments.db._update_segment_host_mapping_for_agent-8772592003187', 'neutron.plugins.ml2.plugin.Ml2Plugin._retry_binding_revived_agents-8152968'] for agent (063b55a8-608a-4932-866d-0491e8bf9725), after_update _notify_loop /var/lib/kolla/venv/lib/python3.6/site-packages/neutron_lib/callbacks/manager.py:177
2025-03-27 02:23:11.160 29 DEBUG neutron.db.agents_db [req-5cd86031-c04e-4484-8d32-58fbaf89e729 - - - - -] Agent healthcheck: found 2 active agents agent_health_check /var/lib/kolla/venv/lib/python3.6/site-packages/neutron/db/agents_db.py:318
2025-03-27 02:23:16.533 28 DEBUG neutron_lib.callbacks.manager [req-c7d73e33-ee7c-4354-aa37-508260ebaff2 - - - - -] Publish callbacks ['neutron.services.segments.db._update_segment_host_mapping_for_agent-8772592003187', 'neutron.plugins.ml2.plugin.Ml2Plugin._retry_binding_revived_agents-8152968'] for agent (93ed209f-db0b-41c5-8531-76ea923cc63d), after_update _notify_loop /var/lib/kolla/venv/lib/python3.6/site-packages/neutron_lib/callbacks/manager.py:177
2025-03-27 02:23:23.133 22 DEBUG neutron.wsgi [-] (22) accepted ('10.0.0.29', 55054) server /var/lib/kolla/venv/lib/python3.6/site-packages/eventlet/wsgi.py:1004
2025-03-27 02:23:23.137 22 INFO neutron.wsgi [-] 10.0.0.29 "GET / HTTP/1.1" status: 200 len: 227 time: 0.0027568
2025-03-27 02:23:26.337 27 DEBUG neutron_lib.callbacks.manager [req-020e1a77-9278-4012-9b83-36640c0b002b - - - - -] Publish callbacks ['neutron.services.segments.db._update_segment_host_mapping_for_agent-8772592003187', 'neutron.plugins.ml2.plugin.Ml2Plugin._retry_binding_revived_agents-8152968'] for agent (063b55a8-608a-4932-866d-0491e8bf9725), after_update _notify_loop /var/lib/kolla/venv/lib/python3.6/site-packages/neutron_lib/callbacks/manager.py:177
2025-03-27 02:23:46.535 25 DEBUG neutron_lib.callbacks.manager [req-c7d73e33-ee7c-4354-aa37-508260ebaff2 - - - - -] Publish callbacks ['neutron.services.segments.db._update_segment_host_mapping_for_agent-8772592003187', 'neutron.plugins.ml2.plugin.Ml2Plugin._retry_binding_revived_agents-8152968'] for agent (93ed209f-db0b-41c5-8531-76ea923cc63d), after_update _notify_loop /var/lib/kolla/venv/lib/python3.6/site-packages/neutron_lib/callbacks/manager.py:177
2025-03-27 02:23:48.159 29 DEBUG neutron.db.agents_db [req-5cd86031-c04e-4484-8d32-58fbaf89e729 - - - - -] Agent healthcheck: found 2 active agents agent_health_check /var/lib/kolla/venv/lib/python3.6/site-packages/neutron/db/agents_db.py:318
2025-03-27 02:23:53.185 22 DEBUG neutron.wsgi [-] (22) accepted ('10.0.0.29', 46646) server /var/lib/kolla/venv/lib/python3.6/site-packages/eventlet/wsgi.py:1004
2025-03-27 02:23:53.189 22 INFO neutron.wsgi [-] 10.0.0.29 "GET / HTTP/1.1" status: 200 len: 227 time: 0.0031064
2025-03-27 02:23:56.338 23 DEBUG neutron_lib.callbacks.manager [req-b9783456-afca-4f2c-8074-f4baae5c100f - - - - -] Publish callbacks ['neutron.services.segments.db._update_segment_host_mapping_for_agent-8772592003187', 'neutron.plugins.ml2.plugin.Ml2Plugin._retry_binding_revived_agents-8152968'] for agent (063b55a8-608a-4932-866d-0491e8bf9725), after_update _notify_loop /var/lib/kolla/venv/lib/python3.6/site-packages/neutron_lib/callbacks/manager.py:177
2025-03-27 02:24:16.535 24 DEBUG neutron_lib.callbacks.manager [req-c7d73e33-ee7c-4354-aa37-508260ebaff2 - - - - -] Publish callbacks ['neutron.services.segments.db._update_segment_host_mapping_for_agent-8772592003187', 'neutron.plugins.ml2.plugin.Ml2Plugin._retry_binding_revived_agents-8152968'] for agent (93ed209f-db0b-41c5-8531-76ea923cc63d), after_update _notify_loop /var/lib/kolla/venv/lib/python3.6/site-packages/neutron_lib/callbacks/manager.py:177
2025-03-27 02:24:23.244 22 DEBUG neutron.wsgi [-] (22) accepted ('10.0.0.29', 38950) server /var/lib/kolla/venv/lib/python3.6/site-packages/eventlet/wsgi.py:1004
2025-03-27 02:24:23.248 22 INFO neutron.wsgi [-] 10.0.0.29 "GET / HTTP/1.1" status: 200 len: 227 time: 0.0035481
2025-03-27 02:24:25.160 29 DEBUG neutron.db.agents_db [req-5cd86031-c04e-4484-8d32-58fbaf89e729 - - - - -] Agent healthcheck: found 2 active agents agent_health_check /var/lib/kolla/venv/lib/python3.6/site-packages/neutron/db/agents_db.py:318
2025-03-27 02:24:26.338 26 DEBUG neutron_lib.callbacks.manager [req-ea830a69-b8e6-4427-9b06-05d57bf1fe9d - - - - -] Publish callbacks ['neutron.services.segments.db._update_segment_host_mapping_for_agent-8772592003187', 'neutron.plugins.ml2.plugin.Ml2Plugin._retry_binding_revived_agents-8152968'] for agent (063b55a8-608a-4932-866d-0491e8bf9725), after_update _notify_loop /var/lib/kolla/venv/lib/python3.6/site-packages/neutron_lib/callbacks/manager.py:177
2025-03-27 02:24:46.537 28 DEBUG neutron_lib.callbacks.manager [req-c7d73e33-ee7c-4354-aa37-508260ebaff2 - - - - -] Publish callbacks ['neutron.services.segments.db._update_segment_host_mapping_for_agent-8772592003187', 'neutron.plugins.ml2.plugin.Ml2Plugin._retry_binding_revived_agents-8152968'] for agent (93ed209f-db0b-41c5-8531-76ea923cc63d), after_update _notify_loop /var/lib/kolla/venv/lib/python3.6/site-packages/neutron_lib/callbacks/manager.py:177
2025-03-27 02:24:53.295 22 DEBUG neutron.wsgi [-] (22) accepted ('10.0.0.29', 57720) server /var/lib/kolla/venv/lib/python3.6/site-packages/eventlet/wsgi.py:1004
2025-03-27 02:24:53.301 22 INFO neutron.wsgi [-] 10.0.0.29 "GET / HTTP/1.1" status: 200 len: 227 time: 0.0042028
2025-03-27 02:24:56.336 27 DEBUG neutron_lib.callbacks.manager [req-aaa4b269-e549-4c7c-947a-4d41fc8828d5 - - - - -] Publish callbacks ['neutron.services.segments.db._update_segment_host_mapping_for_agent-8772592003187', 'neutron.plugins.ml2.plugin.Ml2Plugin._retry_binding_revived_agents-8152968'] for agent (063b55a8-608a-4932-866d-0491e8bf9725), after_update _notify_loop /var/lib/kolla/venv/lib/python3.6/site-packages/neutron_lib/callbacks/manager.py:177
2025-03-27 02:25:02.157 29 DEBUG neutron.db.agents_db [req-5cd86031-c04e-4484-8d32-58fbaf89e729 - - - - -] Agent healthcheck: found 2 active agents agent_health_check /var/lib/kolla/venv/lib/python3.6/site-packages/neutron/db/agents_db.py:318
2025-03-27 02:25:16.541 25 DEBUG neutron_lib.callbacks.manager [req-c7d73e33-ee7c-4354-aa37-508260ebaff2 - - - - -] Publish callbacks ['neutron.services.segments.db._update_segment_host_mapping_for_agent-8772592003187', 'neutron.plugins.ml2.plugin.Ml2Plugin._retry_binding_revived_agents-8152968'] for agent (93ed209f-db0b-41c5-8531-76ea923cc63d), after_update _notify_loop /var/lib/kolla/venv/lib/python3.6/site-packages/neutron_lib/callbacks/manager.py:177
2025-03-27 02:25:23.347 22 DEBUG neutron.wsgi [-] (22) accepted ('10.0.0.29', 53680) server /var/lib/kolla/venv/lib/python3.6/site-packages/eventlet/wsgi.py:1004
2025-03-27 02:25:23.351 22 INFO neutron.wsgi [-] 10.0.0.29 "GET / HTTP/1.1" status: 200 len: 227 time: 0.0026815
2025-03-27 02:25:26.333 23 DEBUG neutron_lib.callbacks.manager [req-dd88d17c-57e8-4824-85af-b8f6005c7085 - - - - -] Publish callbacks ['neutron.services.segments.db._update_segment_host_mapping_for_agent-8772592003187', 'neutron.plugins.ml2.plugin.Ml2Plugin._retry_binding_revived_agents-8152968'] for agent (063b55a8-608a-4932-866d-0491e8bf9725), after_update _notify_loop /var/lib/kolla/venv/lib/python3.6/site-packages/neutron_lib/callbacks/manager.py:177
2025-03-27 02:25:39.156 29 DEBUG neutron.db.agents_db [req-5cd86031-c04e-4484-8d32-58fbaf89e729 - - - - -] Agent healthcheck: found 2 active agents agent_health_check /var/lib/kolla/venv/lib/python3.6/site-packages/neutron/db/agents_db.py:318
2025-03-27 02:25:46.543 24 DEBUG neutron_lib.callbacks.manager [req-c7d73e33-ee7c-4354-aa37-508260ebaff2 - - - - -] Publish callbacks ['neutron.services.segments.db._update_segment_host_mapping_for_agent-8772592003187', 'neutron.plugins.ml2.plugin.Ml2Plugin._retry_binding_revived_agents-8152968'] for agent (93ed209f-db0b-41c5-8531-76ea923cc63d), after_update _notify_loop /var/lib/kolla/venv/lib/python3.6/site-packages/neutron_lib/callbacks/manager.py:177
2025-03-27 02:25:53.397 22 DEBUG neutron.wsgi [-] (22) accepted ('10.0.0.29', 38016) server /var/lib/kolla/venv/lib/python3.6/site-packages/eventlet/wsgi.py:1004
2025-03-27 02:25:53.402 22 INFO neutron.wsgi [-] 10.0.0.29 "GET / HTTP/1.1" status: 200 len: 227 time: 0.0043812
2025-03-27 02:25:56.342 26 DEBUG neutron_lib.callbacks.manager [req-b22a16e1-f158-4ba5-97f4-985925754cef - - - - -] Publish callbacks ['neutron.services.segments.db._update_segment_host_mapping_for_agent-8772592003187', 'neutron.plugins.ml2.plugin.Ml2Plugin._retry_binding_revived_agents-8152968'] for agent (063b55a8-608a-4932-866d-0491e8bf9725), after_update _notify_loop /var/lib/kolla/venv/lib/python3.6/site-packages/neutron_lib/callbacks/manager.py:177
2025-03-27 02:26:16.156 29 DEBUG neutron.db.agents_db [req-5cd86031-c04e-4484-8d32-58fbaf89e729 - - - - -] Agent healthcheck: found 2 active agents agent_health_check /var/lib/kolla/venv/lib/python3.6/site-packages/neutron/db/agents_db.py:318
2025-03-27 02:26:16.547 28 DEBUG neutron_lib.callbacks.manager [req-c7d73e33-ee7c-4354-aa37-508260ebaff2 - - - - -] Publish callbacks ['neutron.services.segments.db._update_segment_host_mapping_for_agent-8772592003187', 'neutron.plugins.ml2.plugin.Ml2Plugin._retry_binding_revived_agents-8152968'] for agent (93ed209f-db0b-41c5-8531-76ea923cc63d), after_update _notify_loop /var/lib/kolla/venv/lib/python3.6/site-packages/neutron_lib/callbacks/manager.py:177
2025-03-27 02:26:23.449 22 DEBUG neutron.wsgi [-] (22) accepted ('10.0.0.29', 60220) server /var/lib/kolla/venv/lib/python3.6/site-packages/eventlet/wsgi.py:1004
2025-03-27 02:26:23.453 22 INFO neutron.wsgi [-] 10.0.0.29 "GET / HTTP/1.1" status: 200 len: 227 time: 0.0028543
2025-03-27 02:26:26.329 27 DEBUG neutron_lib.callbacks.manager [req-fd64371f-188a-4805-900c-09a6a09a24dd - - - - -] Publish callbacks ['neutron.services.segments.db._update_segment_host_mapping_for_agent-8772592003187', 'neutron.plugins.ml2.plugin.Ml2Plugin._retry_binding_revived_agents-8152968'] for agent (063b55a8-608a-4932-866d-0491e8bf9725), after_update _notify_loop /var/lib/kolla/venv/lib/python3.6/site-packages/neutron_lib/callbacks/manager.py:177
2025-03-27 02:26:46.575 25 DEBUG neutron_lib.callbacks.manager [req-c7d73e33-ee7c-4354-aa37-508260ebaff2 - - - - -] Publish callbacks ['neutron.services.segments.db._update_segment_host_mapping_for_agent-8772592003187', 'neutron.plugins.ml2.plugin.Ml2Plugin._retry_binding_revived_agents-8152968'] for agent (93ed209f-db0b-41c5-8531-76ea923cc63d), after_update _notify_loop /var/lib/kolla/venv/lib/python3.6/site-packages/neutron_lib/callbacks/manager.py:177
2025-03-27 02:26:53.155 29 DEBUG neutron.db.agents_db [req-5cd86031-c04e-4484-8d32-58fbaf89e729 - - - - -] Agent healthcheck: found 2 active agents agent_health_check /var/lib/kolla/venv/lib/python3.6/site-packages/neutron/db/agents_db.py:318
2025-03-27 02:26:53.500 22 DEBUG neutron.wsgi [-] (22) accepted ('10.0.0.29', 49016) server /var/lib/kolla/venv/lib/python3.6/site-packages/eventlet/wsgi.py:1004
2025-03-27 02:26:53.503 22 INFO neutron.wsgi [-] 10.0.0.29 "GET / HTTP/1.1" status: 200 len: 227 time: 0.0026777
2025-03-27 02:26:56.327 23 DEBUG neutron_lib.callbacks.manager [req-2fbf21ba-0295-4eee-99ac-54a361b5cb39 - - - - -] Publish callbacks ['neutron.services.segments.db._update_segment_host_mapping_for_agent-8772592003187', 'neutron.plugins.ml2.plugin.Ml2Plugin._retry_binding_revived_agents-8152968'] for agent (063b55a8-608a-4932-866d-0491e8bf9725), after_update _notify_loop /var/lib/kolla/venv/lib/python3.6/site-packages/neutron_lib/callbacks/manager.py:177
2025-03-27 02:27:16.552 24 DEBUG neutron_lib.callbacks.manager [req-c7d73e33-ee7c-4354-aa37-508260ebaff2 - - - - -] Publish callbacks ['neutron.services.segments.db._update_segment_host_mapping_for_agent-8772592003187', 'neutron.plugins.ml2.plugin.Ml2Plugin._retry_binding_revived_agents-8152968'] for agent (93ed209f-db0b-41c5-8531-76ea923cc63d), after_update _notify_loop /var/lib/kolla/venv/lib/python3.6/site-packages/neutron_lib/callbacks/manager.py:177
2025-03-27 02:27:23.549 22 DEBUG neutron.wsgi [-] (22) accepted ('10.0.0.29', 40938) server /var/lib/kolla/venv/lib/python3.6/site-packages/eventlet/wsgi.py:1004
2025-03-27 02:27:23.553 22 INFO neutron.wsgi [-] 10.0.0.29 "GET / HTTP/1.1" status: 200 len: 227 time: 0.0027254
2025-03-27 02:27:26.324 26 DEBUG neutron_lib.callbacks.manager [req-87f1a187-4e9f-4515-b7c8-006072b04c27 - - - - -] Publish callbacks ['neutron.services.segments.db._update_segment_host_mapping_for_agent-8772592003187', 'neutron.plugins.ml2.plugin.Ml2Plugin._retry_binding_revived_agents-8152968'] for agent (063b55a8-608a-4932-866d-0491e8bf9725), after_update _notify_loop /var/lib/kolla/venv/lib/python3.6/site-packages/neutron_lib/callbacks/manager.py:177
2025-03-27 02:27:30.152 29 DEBUG neutron.db.agents_db [req-5cd86031-c04e-4484-8d32-58fbaf89e729 - - - - -] Agent healthcheck: found 2 active agents agent_health_check /var/lib/kolla/venv/lib/python3.6/site-packages/neutron/db/agents_db.py:318
2025-03-27 02:27:46.560 28 DEBUG neutron_lib.callbacks.manager [req-c7d73e33-ee7c-4354-aa37-508260ebaff2 - - - - -] Publish callbacks ['neutron.services.segments.db._update_segment_host_mapping_for_agent-8772592003187', 'neutron.plugins.ml2.plugin.Ml2Plugin._retry_binding_revived_agents-8152968'] for agent (93ed209f-db0b-41c5-8531-76ea923cc63d), after_update _notify_loop /var/lib/kolla/venv/lib/python3.6/site-packages/neutron_lib/callbacks/manager.py:177
2025-03-27 02:27:53.604 22 DEBUG neutron.wsgi [-] (22) accepted ('10.0.0.29', 53962) server /var/lib/kolla/venv/lib/python3.6/site-packages/eventlet/wsgi.py:1004
2025-03-27 02:27:53.609 22 INFO neutron.wsgi [-] 10.0.0.29 "GET / HTTP/1.1" status: 200 len: 227 time: 0.0027747
2025-03-27 02:27:56.331 27 DEBUG neutron_lib.callbacks.manager [req-dcda8848-9068-4aff-af50-413ce79ed680 - - - - -] Publish callbacks ['neutron.services.segments.db._update_segment_host_mapping_for_agent-8772592003187', 'neutron.plugins.ml2.plugin.Ml2Plugin._retry_binding_revived_agents-8152968'] for agent (063b55a8-608a-4932-866d-0491e8bf9725), after_update _notify_loop /var/lib/kolla/venv/lib/python3.6/site-packages/neutron_lib/callbacks/manager.py:177
2025-03-27 02:28:07.148 29 DEBUG neutron.db.agents_db [req-5cd86031-c04e-4484-8d32-58fbaf89e729 - - - - -] Agent healthcheck: found 2 active agents agent_health_check /var/lib/kolla/venv/lib/python3.6/site-packages/neutron/db/agents_db.py:318
2025-03-27 02:28:16.552 25 DEBUG neutron_lib.callbacks.manager [req-c7d73e33-ee7c-4354-aa37-508260ebaff2 - - - - -] Publish callbacks ['neutron.services.segments.db._update_segment_host_mapping_for_agent-8772592003187', 'neutron.plugins.ml2.plugin.Ml2Plugin._retry_binding_revived_agents-8152968'] for agent (93ed209f-db0b-41c5-8531-76ea923cc63d), after_update _notify_loop /var/lib/kolla/venv/lib/python3.6/site-packages/neutron_lib/callbacks/manager.py:177
2025-03-27 02:28:23.659 22 DEBUG neutron.wsgi [-] (22) accepted ('10.0.0.29', 42344) server /var/lib/kolla/venv/lib/python3.6/site-packages/eventlet/wsgi.py:1004
2025-03-27 02:28:23.663 22 INFO neutron.wsgi [-] 10.0.0.29 "GET / HTTP/1.1" status: 200 len: 227 time: 0.0029705
2025-03-27 02:28:26.322 23 DEBUG neutron_lib.callbacks.manager [req-6c51a148-e982-464c-9aa8-3d56f7d36bfb - - - - -] Publish callbacks ['neutron.services.segments.db._update_segment_host_mapping_for_agent-8772592003187', 'neutron.plugins.ml2.plugin.Ml2Plugin._retry_binding_revived_agents-8152968'] for agent (063b55a8-608a-4932-866d-0491e8bf9725), after_update _notify_loop /var/lib/kolla/venv/lib/python3.6/site-packages/neutron_lib/callbacks/manager.py:177
2025-03-27 02:28:44.146 29 DEBUG neutron.db.agents_db [req-5cd86031-c04e-4484-8d32-58fbaf89e729 - - - - -] Agent healthcheck: found 2 active agents agent_health_check /var/lib/kolla/venv/lib/python3.6/site-packages/neutron/db/agents_db.py:318
2025-03-27 02:28:46.554 24 DEBUG neutron_lib.callbacks.manager [req-c7d73e33-ee7c-4354-aa37-508260ebaff2 - - - - -] Publish callbacks ['neutron.services.segments.db._update_segment_host_mapping_for_agent-8772592003187', 'neutron.plugins.ml2.plugin.Ml2Plugin._retry_binding_revived_agents-8152968'] for agent (93ed209f-db0b-41c5-8531-76ea923cc63d), after_update _notify_loop /var/lib/kolla/venv/lib/python3.6/site-packages/neutron_lib/callbacks/manager.py:177
2025-03-27 02:28:53.710 22 DEBUG neutron.wsgi [-] (22) accepted ('10.0.0.29', 37752) server /var/lib/kolla/venv/lib/python3.6/site-packages/eventlet/wsgi.py:1004
2025-03-27 02:28:53.714 22 INFO neutron.wsgi [-] 10.0.0.29 "GET / HTTP/1.1" status: 200 len: 227 time: 0.0034485
2025-03-27 02:28:56.321 26 DEBUG neutron_lib.callbacks.manager [req-26bfda99-20d7-4f63-8c58-9df826d75e3b - - - - -] Publish callbacks ['neutron.services.segments.db._update_segment_host_mapping_for_agent-8772592003187', 'neutron.plugins.ml2.plugin.Ml2Plugin._retry_binding_revived_agents-8152968'] for agent (063b55a8-608a-4932-866d-0491e8bf9725), after_update _notify_loop /var/lib/kolla/venv/lib/python3.6/site-packages/neutron_lib/callbacks/manager.py:177
2025-03-27 02:29:16.555 28 DEBUG neutron_lib.callbacks.manager [req-c7d73e33-ee7c-4354-aa37-508260ebaff2 - - - - -] Publish callbacks ['neutron.services.segments.db._update_segment_host_mapping_for_agent-8772592003187', 'neutron.plugins.ml2.plugin.Ml2Plugin._retry_binding_revived_agents-8152968'] for agent (93ed209f-db0b-41c5-8531-76ea923cc63d), after_update _notify_loop /var/lib/kolla/venv/lib/python3.6/site-packages/neutron_lib/callbacks/manager.py:177
2025-03-27 02:29:21.144 29 DEBUG neutron.db.agents_db [req-5cd86031-c04e-4484-8d32-58fbaf89e729 - - - - -] Agent healthcheck: found 2 active agents agent_health_check /var/lib/kolla/venv/lib/python3.6/site-packages/neutron/db/agents_db.py:318
2025-03-27 02:29:23.764 22 DEBUG neutron.wsgi [-] (22) accepted ('10.0.0.29', 36114) server /var/lib/kolla/venv/lib/python3.6/site-packages/eventlet/wsgi.py:1004
2025-03-27 02:29:23.768 22 INFO neutron.wsgi [-] 10.0.0.29 "GET / HTTP/1.1" status: 200 len: 227 time: 0.0028963
2025-03-27 02:29:26.320 27 DEBUG neutron_lib.callbacks.manager [req-43dff3ca-ffb6-4b96-a929-9b21a7f5d321 - - - - -] Publish callbacks ['neutron.services.segments.db._update_segment_host_mapping_for_agent-8772592003187', 'neutron.plugins.ml2.plugin.Ml2Plugin._retry_binding_revived_agents-8152968'] for agent (063b55a8-608a-4932-866d-0491e8bf9725), after_update _notify_loop /var/lib/kolla/venv/lib/python3.6/site-packages/neutron_lib/callbacks/manager.py:177
2025-03-27 02:29:46.559 25 DEBUG neutron_lib.callbacks.manager [req-c7d73e33-ee7c-4354-aa37-508260ebaff2 - - - - -] Publish callbacks ['neutron.services.segments.db._update_segment_host_mapping_for_agent-8772592003187', 'neutron.plugins.ml2.plugin.Ml2Plugin._retry_binding_revived_agents-8152968'] for agent (93ed209f-db0b-41c5-8531-76ea923cc63d), after_update _notify_loop /var/lib/kolla/venv/lib/python3.6/site-packages/neutron_lib/callbacks/manager.py:177
2025-03-27 02:29:53.812 22 DEBUG neutron.wsgi [-] (22) accepted ('10.0.0.29', 33914) server /var/lib/kolla/venv/lib/python3.6/site-packages/eventlet/wsgi.py:1004
2025-03-27 02:29:53.817 22 INFO neutron.wsgi [-] 10.0.0.29 "GET / HTTP/1.1" status: 200 len: 227 time: 0.0032873
2025-03-27 02:29:56.322 23 DEBUG neutron_lib.callbacks.manager [req-f576f216-ca34-4a07-b028-3f1a6ad12b2c - - - - -] Publish callbacks ['neutron.services.segments.db._update_segment_host_mapping_for_agent-8772592003187', 'neutron.plugins.ml2.plugin.Ml2Plugin._retry_binding_revived_agents-8152968'] for agent (063b55a8-608a-4932-866d-0491e8bf9725), after_update _notify_loop /var/lib/kolla/venv/lib/python3.6/site-packages/neutron_lib/callbacks/manager.py:177
2025-03-27 02:29:58.143 29 DEBUG neutron.db.agents_db [req-5cd86031-c04e-4484-8d32-58fbaf89e729 - - - - -] Agent healthcheck: found 2 active agents agent_health_check /var/lib/kolla/venv/lib/python3.6/site-packages/neutron/db/agents_db.py:318
2025-03-27 02:30:16.562 24 DEBUG neutron_lib.callbacks.manager [req-c7d73e33-ee7c-4354-aa37-508260ebaff2 - - - - -] Publish callbacks ['neutron.services.segments.db._update_segment_host_mapping_for_agent-8772592003187', 'neutron.plugins.ml2.plugin.Ml2Plugin._retry_binding_revived_agents-8152968'] for agent (93ed209f-db0b-41c5-8531-76ea923cc63d), after_update _notify_loop /var/lib/kolla/venv/lib/python3.6/site-packages/neutron_lib/callbacks/manager.py:177
2025-03-27 02:30:23.862 22 DEBUG neutron.wsgi [-] (22) accepted ('10.0.0.29', 54890) server /var/lib/kolla/venv/lib/python3.6/site-packages/eventlet/wsgi.py:1004
2025-03-27 02:30:23.866 22 INFO neutron.wsgi [-] 10.0.0.29 "GET / HTTP/1.1" status: 200 len: 227 time: 0.0025563
2025-03-27 02:30:26.318 26 DEBUG neutron_lib.callbacks.manager [req-97291d3a-8ebb-4527-bf5b-3cb7bfcde2cd - - - - -] Publish callbacks ['neutron.services.segments.db._update_segment_host_mapping_for_agent-8772592003187', 'neutron.plugins.ml2.plugin.Ml2Plugin._retry_binding_revived_agents-8152968'] for agent (063b55a8-608a-4932-866d-0491e8bf9725), after_update _notify_loop /var/lib/kolla/venv/lib/python3.6/site-packages/neutron_lib/callbacks/manager.py:177
2025-03-27 02:30:35.143 29 DEBUG neutron.db.agents_db [req-5cd86031-c04e-4484-8d32-58fbaf89e729 - - - - -] Agent healthcheck: found 2 active agents agent_health_check /var/lib/kolla/venv/lib/python3.6/site-packages/neutron/db/agents_db.py:318
2025-03-27 02:30:46.562 28 DEBUG neutron_lib.callbacks.manager [req-c7d73e33-ee7c-4354-aa37-508260ebaff2 - - - - -] Publish callbacks ['neutron.services.segments.db._update_segment_host_mapping_for_agent-8772592003187', 'neutron.plugins.ml2.plugin.Ml2Plugin._retry_binding_revived_agents-8152968'] for agent (93ed209f-db0b-41c5-8531-76ea923cc63d), after_update _notify_loop /var/lib/kolla/venv/lib/python3.6/site-packages/neutron_lib/callbacks/manager.py:177
2025-03-27 02:30:53.914 22 DEBUG neutron.wsgi [-] (22) accepted ('10.0.0.29', 46552) server /var/lib/kolla/venv/lib/python3.6/site-packages/eventlet/wsgi.py:1004
2025-03-27 02:30:53.918 22 INFO neutron.wsgi [-] 10.0.0.29 "GET / HTTP/1.1" status: 200 len: 227 time: 0.0035341
2025-03-27 02:30:56.315 27 DEBUG neutron_lib.callbacks.manager [req-2d4e229e-e82c-4503-ade3-6fad3709de8b - - - - -] Publish callbacks ['neutron.services.segments.db._update_segment_host_mapping_for_agent-8772592003187', 'neutron.plugins.ml2.plugin.Ml2Plugin._retry_binding_revived_agents-8152968'] for agent (063b55a8-608a-4932-866d-0491e8bf9725), after_update _notify_loop /var/lib/kolla/venv/lib/python3.6/site-packages/neutron_lib/callbacks/manager.py:177
2025-03-27 02:31:12.140 29 DEBUG neutron.db.agents_db [req-5cd86031-c04e-4484-8d32-58fbaf89e729 - - - - -] Agent healthcheck: found 2 active agents agent_health_check /var/lib/kolla/venv/lib/python3.6/site-packages/neutron/db/agents_db.py:318
2025-03-27 02:31:16.568 25 DEBUG neutron_lib.callbacks.manager [req-c7d73e33-ee7c-4354-aa37-508260ebaff2 - - - - -] Publish callbacks ['neutron.services.segments.db._update_segment_host_mapping_for_agent-8772592003187', 'neutron.plugins.ml2.plugin.Ml2Plugin._retry_binding_revived_agents-8152968'] for agent (93ed209f-db0b-41c5-8531-76ea923cc63d), after_update _notify_loop /var/lib/kolla/venv/lib/python3.6/site-packages/neutron_lib/callbacks/manager.py:177
2025-03-27 02:31:24.022 22 DEBUG neutron.wsgi [-] (22) accepted ('10.0.0.29', 36046) server /var/lib/kolla/venv/lib/python3.6/site-packages/eventlet/wsgi.py:1004
2025-03-27 02:31:24.026 22 INFO neutron.wsgi [-] 10.0.0.29 "GET / HTTP/1.1" status: 200 len: 227 time: 0.0031254
2025-03-27 02:31:26.312 23 DEBUG neutron_lib.callbacks.manager [req-5f5084e2-e785-4811-8778-baff3e3d5b9b - - - - -] Publish callbacks ['neutron.services.segments.db._update_segment_host_mapping_for_agent-8772592003187', 'neutron.plugins.ml2.plugin.Ml2Plugin._retry_binding_revived_agents-8152968'] for agent (063b55a8-608a-4932-866d-0491e8bf9725), after_update _notify_loop /var/lib/kolla/venv/lib/python3.6/site-packages/neutron_lib/callbacks/manager.py:177
2025-03-27 02:31:46.568 24 DEBUG neutron_lib.callbacks.manager [req-c7d73e33-ee7c-4354-aa37-508260ebaff2 - - - - -] Publish callbacks ['neutron.services.segments.db._update_segment_host_mapping_for_agent-8772592003187', 'neutron.plugins.ml2.plugin.Ml2Plugin._retry_binding_revived_agents-8152968'] for agent (93ed209f-db0b-41c5-8531-76ea923cc63d), after_update _notify_loop /var/lib/kolla/venv/lib/python3.6/site-packages/neutron_lib/callbacks/manager.py:177
2025-03-27 02:31:49.138 29 DEBUG neutron.db.agents_db [req-5cd86031-c04e-4484-8d32-58fbaf89e729 - - - - -] Agent healthcheck: found 2 active agents agent_health_check /var/lib/kolla/venv/lib/python3.6/site-packages/neutron/db/agents_db.py:318
2025-03-27 02:31:54.080 22 DEBUG neutron.wsgi [-] (22) accepted ('10.0.0.29', 37748) server /var/lib/kolla/venv/lib/python3.6/site-packages/eventlet/wsgi.py:1004
2025-03-27 02:31:54.083 22 INFO neutron.wsgi [-] 10.0.0.29 "GET / HTTP/1.1" status: 200 len: 227 time: 0.0025821
2025-03-27 02:31:56.309 26 DEBUG neutron_lib.callbacks.manager [req-ef844f99-9372-44f8-95be-db9380bd672f - - - - -] Publish callbacks ['neutron.services.segments.db._update_segment_host_mapping_for_agent-8772592003187', 'neutron.plugins.ml2.plugin.Ml2Plugin._retry_binding_revived_agents-8152968'] for agent (063b55a8-608a-4932-866d-0491e8bf9725), after_update _notify_loop /var/lib/kolla/venv/lib/python3.6/site-packages/neutron_lib/callbacks/manager.py:177
2025-03-27 02:32:16.571 28 DEBUG neutron_lib.callbacks.manager [req-c7d73e33-ee7c-4354-aa37-508260ebaff2 - - - - -] Publish callbacks ['neutron.services.segments.db._update_segment_host_mapping_for_agent-8772592003187', 'neutron.plugins.ml2.plugin.Ml2Plugin._retry_binding_revived_agents-8152968'] for agent (93ed209f-db0b-41c5-8531-76ea923cc63d), after_update _notify_loop /var/lib/kolla/venv/lib/python3.6/site-packages/neutron_lib/callbacks/manager.py:177
2025-03-27 02:32:24.146 22 DEBUG neutron.wsgi [-] (22) accepted ('10.0.0.29', 48358) server /var/lib/kolla/venv/lib/python3.6/site-packages/eventlet/wsgi.py:1004
2025-03-27 02:32:24.151 22 INFO neutron.wsgi [-] 10.0.0.29 "GET / HTTP/1.1" status: 200 len: 227 time: 0.0035634
2025-03-27 02:32:26.139 29 DEBUG neutron.db.agents_db [req-5cd86031-c04e-4484-8d32-58fbaf89e729 - - - - -] Agent healthcheck: found 2 active agents agent_health_check /var/lib/kolla/venv/lib/python3.6/site-packages/neutron/db/agents_db.py:318
2025-03-27 02:32:26.306 27 DEBUG neutron_lib.callbacks.manager [req-d948d782-9d3c-4967-8f92-d3b3f50ad6bb - - - - -] Publish callbacks ['neutron.services.segments.db._update_segment_host_mapping_for_agent-8772592003187', 'neutron.plugins.ml2.plugin.Ml2Plugin._retry_binding_revived_agents-8152968'] for agent (063b55a8-608a-4932-866d-0491e8bf9725), after_update _notify_loop /var/lib/kolla/venv/lib/python3.6/site-packages/neutron_lib/callbacks/manager.py:177
2025-03-27 02:32:41.444 7 INFO oslo_service.service [-] Caught SIGTERM, stopping children
2025-03-27 02:32:41.444 7 DEBUG oslo_concurrency.lockutils [-] Acquired lock "singleton_lock" lock /var/lib/kolla/venv/lib/python3.6/site-packages/oslo_concurrency/lockutils.py:294
2025-03-27 02:32:41.444 7 DEBUG oslo_concurrency.lockutils [-] Releasing lock "singleton_lock" lock /var/lib/kolla/venv/lib/python3.6/site-packages/oslo_concurrency/lockutils.py:312
2025-03-27 02:32:41.445 7 DEBUG oslo_service.service [-] Stop services. stop /var/lib/kolla/venv/lib/python3.6/site-packages/oslo_service/service.py:695
2025-03-27 02:32:41.445 7 DEBUG neutron.service [-] calling RpcWorker stop() stop /var/lib/kolla/venv/lib/python3.6/site-packages/neutron/service.py:138
2025-03-27 02:32:41.445 7 DEBUG neutron.service [-] calling RpcWorker stop() stop /var/lib/kolla/venv/lib/python3.6/site-packages/neutron/service.py:138
2025-03-27 02:32:41.445 7 DEBUG oslo_service.service [-] Killing children. stop /var/lib/kolla/venv/lib/python3.6/site-packages/oslo_service/service.py:700
2025-03-27 02:32:41.445 7 INFO oslo_service.service [-] Waiting on 8 children to exit
2025-03-27 02:32:41.446 25 DEBUG neutron.service [-] calling RpcWorker stop() stop /var/lib/kolla/venv/lib/python3.6/site-packages/neutron/service.py:138
2025-03-27 02:32:41.446 23 DEBUG neutron.service [-] calling RpcWorker stop() stop /var/lib/kolla/venv/lib/python3.6/site-packages/neutron/service.py:138
2025-03-27 02:32:41.446 24 DEBUG neutron.service [-] calling RpcWorker stop() stop /var/lib/kolla/venv/lib/python3.6/site-packages/neutron/service.py:138
2025-03-27 02:32:41.446 25 DEBUG neutron.service [-] calling stop on stop /var/lib/kolla/venv/lib/python3.6/site-packages/neutron/service.py:141
2025-03-27 02:32:41.446 23 DEBUG neutron.service [-] calling stop on stop /var/lib/kolla/venv/lib/python3.6/site-packages/neutron/service.py:141
2025-03-27 02:32:41.446 24 DEBUG neutron.service [-] calling stop on stop /var/lib/kolla/venv/lib/python3.6/site-packages/neutron/service.py:141
2025-03-27 02:32:41.449 22 INFO neutron.wsgi [-] (22) wsgi exited, is_accepting=True
2025-03-27 02:32:41.450 27 DEBUG neutron.service [-] calling RpcWorker stop() stop /var/lib/kolla/venv/lib/python3.6/site-packages/neutron/service.py:138
2025-03-27 02:32:41.450 22 DEBUG oslo_concurrency.lockutils [req-9dc0564d-9f6e-452c-8542-96482ce903a5 - - - - -] Acquired lock "singleton_lock" lock /var/lib/kolla/venv/lib/python3.6/site-packages/oslo_concurrency/lockutils.py:294
2025-03-27 02:32:41.450 22 DEBUG oslo_concurrency.lockutils [req-9dc0564d-9f6e-452c-8542-96482ce903a5 - - - - -] Releasing lock "singleton_lock" lock /var/lib/kolla/venv/lib/python3.6/site-packages/oslo_concurrency/lockutils.py:312
2025-03-27 02:32:41.450 27 DEBUG neutron.service [-] calling stop on stop /var/lib/kolla/venv/lib/python3.6/site-packages/neutron/service.py:141
2025-03-27 02:32:41.455 29 DEBUG neutron.service [-] calling RpcWorker stop() stop /var/lib/kolla/venv/lib/python3.6/site-packages/neutron/service.py:138
2025-03-27 02:32:41.456 29 DEBUG neutron.service [-] calling stop on stop /var/lib/kolla/venv/lib/python3.6/site-packages/neutron/service.py:141
2025-03-27 02:32:41.457 7 INFO oslo_service.service [-] Child 22 exited with status 0
2025-03-27 02:32:41.457 28 DEBUG neutron.service [-] calling RpcWorker stop() stop /var/lib/kolla/venv/lib/python3.6/site-packages/neutron/service.py:138
2025-03-27 02:32:41.458 28 DEBUG neutron.service [-] calling stop on stop /var/lib/kolla/venv/lib/python3.6/site-packages/neutron/service.py:141
2025-03-27 02:32:41.464 26 DEBUG neutron.service [-] calling RpcWorker stop() stop /var/lib/kolla/venv/lib/python3.6/site-packages/neutron/service.py:138
2025-03-27 02:32:41.464 26 DEBUG neutron.service [-] calling stop on stop /var/lib/kolla/venv/lib/python3.6/site-packages/neutron/service.py:141
2025-03-27 02:32:44.501 27 DEBUG oslo_concurrency.lockutils [req-9dc0564d-9f6e-452c-8542-96482ce903a5 - - - - -] Acquired lock "singleton_lock" lock /var/lib/kolla/venv/lib/python3.6/site-packages/oslo_concurrency/lockutils.py:294
2025-03-27 02:32:44.502 27 DEBUG oslo_concurrency.lockutils [req-9dc0564d-9f6e-452c-8542-96482ce903a5 - - - - -] Releasing lock "singleton_lock" lock /var/lib/kolla/venv/lib/python3.6/site-packages/oslo_concurrency/lockutils.py:312
2025-03-27 02:32:44.502 27 DEBUG neutron.service [req-9dc0564d-9f6e-452c-8542-96482ce903a5 - - - - -] calling RpcWorker wait() _wait /var/lib/kolla/venv/lib/python3.6/site-packages/neutron/service.py:128
2025-03-27 02:32:44.502 27 DEBUG neutron.service [req-9dc0564d-9f6e-452c-8542-96482ce903a5 - - - - -] calling wait on _wait /var/lib/kolla/venv/lib/python3.6/site-packages/neutron/service.py:131
2025-03-27 02:32:44.510 27 WARNING amqp [req-9dc0564d-9f6e-452c-8542-96482ce903a5 - - - - -] Received method (60, 30) during closing channel 1. This method will be ignored
2025-03-27 02:32:44.511 26 DEBUG oslo_concurrency.lockutils [req-9dc0564d-9f6e-452c-8542-96482ce903a5 - - - - -] Acquired lock "singleton_lock" lock /var/lib/kolla/venv/lib/python3.6/site-packages/oslo_concurrency/lockutils.py:294
2025-03-27 02:32:44.512 26 DEBUG oslo_concurrency.lockutils [req-9dc0564d-9f6e-452c-8542-96482ce903a5 - - - - -] Releasing lock "singleton_lock" lock /var/lib/kolla/venv/lib/python3.6/site-packages/oslo_concurrency/lockutils.py:312
2025-03-27 02:32:44.512 26 DEBUG neutron.service [req-9dc0564d-9f6e-452c-8542-96482ce903a5 - - - - -] calling RpcWorker wait() _wait /var/lib/kolla/venv/lib/python3.6/site-packages/neutron/service.py:128
2025-03-27 02:32:44.512 26 DEBUG neutron.service [req-9dc0564d-9f6e-452c-8542-96482ce903a5 - - - - -] calling wait on _wait /var/lib/kolla/venv/lib/python3.6/site-packages/neutron/service.py:131
2025-03-27 02:32:44.514 27 DEBUG neutron.service [req-9dc0564d-9f6e-452c-8542-96482ce903a5 - - - - -] returning from RpcWorker wait() _wait /var/lib/kolla/venv/lib/python3.6/site-packages/neutron/service.py:135
2025-03-27 02:32:44.518 26 WARNING amqp [req-9dc0564d-9f6e-452c-8542-96482ce903a5 - - - - -] Received method (60, 30) during closing channel 1. This method will be ignored
2025-03-27 02:32:44.520 7 INFO oslo_service.service [-] Child 27 exited with status 0
2025-03-27 02:32:44.522 26 DEBUG neutron.service [req-9dc0564d-9f6e-452c-8542-96482ce903a5 - - - - -] returning from RpcWorker wait() _wait /var/lib/kolla/venv/lib/python3.6/site-packages/neutron/service.py:135
2025-03-27 02:32:44.529 7 INFO oslo_service.service [-] Child 26 exited with status 0
2025-03-27 02:32:44.771 28 DEBUG oslo_concurrency.lockutils [req-9dc0564d-9f6e-452c-8542-96482ce903a5 - - - - -] Acquired lock "singleton_lock" lock /var/lib/kolla/venv/lib/python3.6/site-packages/oslo_concurrency/lockutils.py:294
2025-03-27 02:32:44.772 28 DEBUG oslo_concurrency.lockutils [req-9dc0564d-9f6e-452c-8542-96482ce903a5 - - - - -] Releasing lock "singleton_lock" lock /var/lib/kolla/venv/lib/python3.6/site-packages/oslo_concurrency/lockutils.py:312
2025-03-27 02:32:44.772 28 DEBUG neutron.service [req-9dc0564d-9f6e-452c-8542-96482ce903a5 - - - - -] calling RpcWorker wait() _wait /var/lib/kolla/venv/lib/python3.6/site-packages/neutron/service.py:128
2025-03-27 02:32:44.772 28 DEBUG neutron.service [req-9dc0564d-9f6e-452c-8542-96482ce903a5 - - - - -] calling wait on _wait /var/lib/kolla/venv/lib/python3.6/site-packages/neutron/service.py:131
2025-03-27 02:32:44.779 28 WARNING amqp [req-9dc0564d-9f6e-452c-8542-96482ce903a5 - - - - -] Received method (60, 30) during closing channel 1. This method will be ignored
2025-03-27 02:32:44.781 28 DEBUG neutron.service [req-9dc0564d-9f6e-452c-8542-96482ce903a5 - - - - -] returning from RpcWorker wait() _wait /var/lib/kolla/venv/lib/python3.6/site-packages/neutron/service.py:135
2025-03-27 02:32:44.788 7 INFO oslo_service.service [-] Child 28 exited with status 0
2025-03-27 02:32:46.152 23 DEBUG neutron.service [-] calling stop on stop /var/lib/kolla/venv/lib/python3.6/site-packages/neutron/service.py:141
2025-03-27 02:32:46.160 25 DEBUG neutron.service [-] calling stop on stop /var/lib/kolla/venv/lib/python3.6/site-packages/neutron/service.py:141
2025-03-27 02:32:46.170 25 DEBUG neutron.service [-] calling stop on stop /var/lib/kolla/venv/lib/python3.6/site-packages/neutron/service.py:141
2025-03-27 02:32:46.175 24 DEBUG neutron.service [-] calling stop on stop /var/lib/kolla/venv/lib/python3.6/site-packages/neutron/service.py:141
2025-03-27 02:32:46.188 24 DEBUG neutron.service [-] calling stop on stop /var/lib/kolla/venv/lib/python3.6/site-packages/neutron/service.py:141
2025-03-27 02:32:46.192 23 DEBUG neutron.service [-] calling stop on stop /var/lib/kolla/venv/lib/python3.6/site-packages/neutron/service.py:141
2025-03-27 02:32:46.195 29 DEBUG oslo_concurrency.lockutils [req-9dc0564d-9f6e-452c-8542-96482ce903a5 - - - - -] Acquired lock "singleton_lock" lock /var/lib/kolla/venv/lib/python3.6/site-packages/oslo_concurrency/lockutils.py:294
2025-03-27 02:32:46.196 29 DEBUG oslo_concurrency.lockutils [req-9dc0564d-9f6e-452c-8542-96482ce903a5 - - - - -] Releasing lock "singleton_lock" lock /var/lib/kolla/venv/lib/python3.6/site-packages/oslo_concurrency/lockutils.py:312
2025-03-27 02:32:46.196 29 DEBUG neutron.service [req-9dc0564d-9f6e-452c-8542-96482ce903a5 - - - - -] calling RpcWorker wait() _wait /var/lib/kolla/venv/lib/python3.6/site-packages/neutron/service.py:128
2025-03-27 02:32:46.196 29 DEBUG neutron.service [req-9dc0564d-9f6e-452c-8542-96482ce903a5 - - - - -] calling wait on _wait /var/lib/kolla/venv/lib/python3.6/site-packages/neutron/service.py:131
2025-03-27 02:32:46.198 23 DEBUG neutron.service [-] calling stop on stop /var/lib/kolla/venv/lib/python3.6/site-packages/neutron/service.py:141
2025-03-27 02:32:46.199 24 DEBUG neutron.service [-] calling stop on stop /var/lib/kolla/venv/lib/python3.6/site-packages/neutron/service.py:141
2025-03-27 02:32:46.204 29 WARNING amqp [req-9dc0564d-9f6e-452c-8542-96482ce903a5 - - - - -] Received method (60, 30) during closing channel 1. This method will be ignored
2025-03-27 02:32:46.206 29 DEBUG neutron.service [req-9dc0564d-9f6e-452c-8542-96482ce903a5 - - - - -] returning from RpcWorker wait() _wait /var/lib/kolla/venv/lib/python3.6/site-packages/neutron/service.py:135
2025-03-27 02:32:46.212 7 INFO oslo_service.service [-] Child 29 exited with status 0
2025-03-27 02:32:46.213 25 DEBUG neutron.service [-] calling stop on stop /var/lib/kolla/venv/lib/python3.6/site-packages/neutron/service.py:141
2025-03-27 02:32:46.225 25 DEBUG oslo_concurrency.lockutils [req-9dc0564d-9f6e-452c-8542-96482ce903a5 - - - - -] Acquired lock "singleton_lock" lock /var/lib/kolla/venv/lib/python3.6/site-packages/oslo_concurrency/lockutils.py:294
2025-03-27 02:32:46.225 25 DEBUG oslo_concurrency.lockutils [req-9dc0564d-9f6e-452c-8542-96482ce903a5 - - - - -] Releasing lock "singleton_lock" lock /var/lib/kolla/venv/lib/python3.6/site-packages/oslo_concurrency/lockutils.py:312
2025-03-27 02:32:46.225 23 DEBUG oslo_concurrency.lockutils [req-9dc0564d-9f6e-452c-8542-96482ce903a5 - - - - -] Acquired lock "singleton_lock" lock /var/lib/kolla/venv/lib/python3.6/site-packages/oslo_concurrency/lockutils.py:294
2025-03-27 02:32:46.225 25 DEBUG neutron.service [req-9dc0564d-9f6e-452c-8542-96482ce903a5 - - - - -] calling RpcWorker wait() _wait /var/lib/kolla/venv/lib/python3.6/site-packages/neutron/service.py:128
2025-03-27 02:32:46.226 23 DEBUG oslo_concurrency.lockutils [req-9dc0564d-9f6e-452c-8542-96482ce903a5 - - - - -] Releasing lock "singleton_lock" lock /var/lib/kolla/venv/lib/python3.6/site-packages/oslo_concurrency/lockutils.py:312
2025-03-27 02:32:46.226 25 DEBUG neutron.service [req-9dc0564d-9f6e-452c-8542-96482ce903a5 - - - - -] calling wait on _wait /var/lib/kolla/venv/lib/python3.6/site-packages/neutron/service.py:131
2025-03-27 02:32:46.226 23 DEBUG neutron.service [req-9dc0564d-9f6e-452c-8542-96482ce903a5 - - - - -] calling RpcWorker wait() _wait /var/lib/kolla/venv/lib/python3.6/site-packages/neutron/service.py:128
2025-03-27 02:32:46.226 23 DEBUG neutron.service [req-9dc0564d-9f6e-452c-8542-96482ce903a5 - - - - -] calling wait on _wait /var/lib/kolla/venv/lib/python3.6/site-packages/neutron/service.py:131
2025-03-27 02:32:46.226 24 DEBUG oslo_concurrency.lockutils [req-9dc0564d-9f6e-452c-8542-96482ce903a5 - - - - -] Acquired lock "singleton_lock" lock /var/lib/kolla/venv/lib/python3.6/site-packages/oslo_concurrency/lockutils.py:294
2025-03-27 02:32:46.226 24 DEBUG oslo_concurrency.lockutils [req-9dc0564d-9f6e-452c-8542-96482ce903a5 - - - - -] Releasing lock "singleton_lock" lock /var/lib/kolla/venv/lib/python3.6/site-packages/oslo_concurrency/lockutils.py:312
2025-03-27 02:32:46.226 24 DEBUG neutron.service [req-9dc0564d-9f6e-452c-8542-96482ce903a5 - - - - -] calling RpcWorker wait() _wait /var/lib/kolla/venv/lib/python3.6/site-packages/neutron/service.py:128
2025-03-27 02:32:46.227 24 DEBUG neutron.service [req-9dc0564d-9f6e-452c-8542-96482ce903a5 - - - - -] calling wait on _wait /var/lib/kolla/venv/lib/python3.6/site-packages/neutron/service.py:131
2025-03-27 02:32:46.234 25 WARNING amqp [req-9dc0564d-9f6e-452c-8542-96482ce903a5 - - - - -] Received method (60, 30) during closing channel 1. This method will be ignored
2025-03-27 02:32:46.236 24 WARNING amqp [req-9dc0564d-9f6e-452c-8542-96482ce903a5 - - - - -] Received method (60, 30) during closing channel 1. This method will be ignored
2025-03-27 02:32:46.236 25 DEBUG neutron.service [req-9dc0564d-9f6e-452c-8542-96482ce903a5 - - - - -] calling wait on _wait /var/lib/kolla/venv/lib/python3.6/site-packages/neutron/service.py:131
