2025-03-24 00:37:07.985 158397 DEBUG oslo_db.sqlalchemy.engines [req-e6c627f8-e335-42a6-a73c-938ac9419063 - - - - -] MySQL server mode set to STRICT_TRANS_TABLES,STRICT_ALL_TABLES,NO_ZERO_IN_DATE,NO_ZERO_DATE,ERROR_FOR_DIVISION_BY_ZERO,TRADITIONAL,NO_ENGINE_SUBSTITUTION _check_effective_sql_mode /usr/lib/python3/dist-packages/oslo_db/sqlalchemy/engines.py:314
2025-03-24 00:37:07.992 158397 DEBUG oslo_concurrency.lockutils [req-e6c627f8-e335-42a6-a73c-938ac9419063 - - - - -] Acquired lock "singleton_lock" lock /usr/lib/python3/dist-packages/oslo_concurrency/lockutils.py:294
2025-03-24 00:37:07.993 158397 DEBUG oslo_concurrency.lockutils [req-e6c627f8-e335-42a6-a73c-938ac9419063 - - - - -] Releasing lock "singleton_lock" lock /usr/lib/python3/dist-packages/oslo_concurrency/lockutils.py:312
2025-03-24 00:37:07.993 158397 INFO oslo_service.service [req-e6c627f8-e335-42a6-a73c-938ac9419063 - - - - -] Starting 4 workers
2025-03-24 00:37:07.997 158397 DEBUG oslo_service.service [req-e6c627f8-e335-42a6-a73c-938ac9419063 - - - - -] Started child 158823 _start_child /usr/lib/python3/dist-packages/oslo_service/service.py:575
2025-03-24 00:37:08.001 158823 INFO nova.service [-] Starting scheduler node (version 25.2.1)
2025-03-24 00:37:08.002 158397 DEBUG oslo_service.service [req-e6c627f8-e335-42a6-a73c-938ac9419063 - - - - -] Started child 158824 _start_child /usr/lib/python3/dist-packages/oslo_service/service.py:575
2025-03-24 00:37:08.006 158824 INFO nova.service [-] Starting scheduler node (version 25.2.1)
2025-03-24 00:37:08.006 158397 DEBUG oslo_service.service [req-e6c627f8-e335-42a6-a73c-938ac9419063 - - - - -] Started child 158825 _start_child /usr/lib/python3/dist-packages/oslo_service/service.py:575
2025-03-24 00:37:08.010 158825 INFO nova.service [-] Starting scheduler node (version 25.2.1)
2025-03-24 00:37:08.011 158823 DEBUG oslo_db.sqlalchemy.engines [req-88390324-e557-4e96-a6f0-5bc02563f929 - - - - -] MySQL server mode set to STRICT_TRANS_TABLES,STRICT_ALL_TABLES,NO_ZERO_IN_DATE,NO_ZERO_DATE,ERROR_FOR_DIVISION_BY_ZERO,TRADITIONAL,NO_ENGINE_SUBSTITUTION _check_effective_sql_mode /usr/lib/python3/dist-packages/oslo_db/sqlalchemy/engines.py:314
2025-03-24 00:37:08.010 158397 DEBUG oslo_service.service [req-e6c627f8-e335-42a6-a73c-938ac9419063 - - - - -] Started child 158826 _start_child /usr/lib/python3/dist-packages/oslo_service/service.py:575
2025-03-24 00:37:08.012 158397 DEBUG oslo_service.service [req-e6c627f8-e335-42a6-a73c-938ac9419063 - - - - -] Full set of CONF: wait /usr/lib/python3/dist-packages/oslo_service/service.py:649
2025-03-24 00:37:08.013 158397 DEBUG oslo_service.service [req-e6c627f8-e335-42a6-a73c-938ac9419063 - - - - -] ******************************************************************************** log_opt_values /usr/lib/python3/dist-packages/oslo_config/cfg.py:2589
2025-03-24 00:37:08.013 158397 DEBUG oslo_service.service [req-e6c627f8-e335-42a6-a73c-938ac9419063 - - - - -] Configuration options gathered from: log_opt_values /usr/lib/python3/dist-packages/oslo_config/cfg.py:2590
2025-03-24 00:37:08.013 158397 DEBUG oslo_service.service [req-e6c627f8-e335-42a6-a73c-938ac9419063 - - - - -] command line args: ['--config-file=/etc/nova/nova.conf', '--log-file=/var/log/nova/nova-scheduler.log'] log_opt_values /usr/lib/python3/dist-packages/oslo_config/cfg.py:2591
2025-03-24 00:37:08.014 158397 DEBUG oslo_service.service [req-e6c627f8-e335-42a6-a73c-938ac9419063 - - - - -] config files: ['/etc/nova/nova.conf'] log_opt_values /usr/lib/python3/dist-packages/oslo_config/cfg.py:2592
2025-03-24 00:37:08.014 158397 DEBUG oslo_service.service [req-e6c627f8-e335-42a6-a73c-938ac9419063 - - - - -] ================================================================================ log_opt_values /usr/lib/python3/dist-packages/oslo_config/cfg.py:2594
2025-03-24 00:37:08.014 158397 DEBUG oslo_service.service [req-e6c627f8-e335-42a6-a73c-938ac9419063 - - - - -] allow_resize_to_same_host = False log_opt_values /usr/lib/python3/dist-packages/oslo_config/cfg.py:2602
2025-03-24 00:37:08.014 158397 DEBUG oslo_service.service [req-e6c627f8-e335-42a6-a73c-938ac9419063 - - - - -] arq_binding_timeout = 300 log_opt_values /usr/lib/python3/dist-packages/oslo_config/cfg.py:2602
2025-03-24 00:37:08.014 158397 DEBUG oslo_service.service [req-e6c627f8-e335-42a6-a73c-938ac9419063 - - - - -] block_device_allocate_retries = 60 log_opt_values /usr/lib/python3/dist-packages/oslo_config/cfg.py:2602
2025-03-24 00:37:08.015 158397 DEBUG oslo_service.service [req-e6c627f8-e335-42a6-a73c-938ac9419063 - - - - -] block_device_allocate_retries_interval = 3 log_opt_values /usr/lib/python3/dist-packages/oslo_config/cfg.py:2602
2025-03-24 00:37:08.015 158397 DEBUG oslo_service.service [req-e6c627f8-e335-42a6-a73c-938ac9419063 - - - - -] cert = self.pem log_opt_values /usr/lib/python3/dist-packages/oslo_config/cfg.py:2602
2025-03-24 00:37:08.015 158397 DEBUG oslo_service.service [req-e6c627f8-e335-42a6-a73c-938ac9419063 - - - - -] compute_driver = libvirt.LibvirtDriver log_opt_values /usr/lib/python3/dist-packages/oslo_config/cfg.py:2602
2025-03-24 00:37:08.015 158397 DEBUG oslo_service.service [req-e6c627f8-e335-42a6-a73c-938ac9419063 - - - - -] compute_monitors = [] log_opt_values /usr/lib/python3/dist-packages/oslo_config/cfg.py:2602
2025-03-24 00:37:08.015 158826 INFO nova.service [-] Starting scheduler node (version 25.2.1)
2025-03-24 00:37:08.015 158397 DEBUG oslo_service.service [req-e6c627f8-e335-42a6-a73c-938ac9419063 - - - - -] config_dir = [] log_opt_values /usr/lib/python3/dist-packages/oslo_config/cfg.py:2602
2025-03-24 00:37:08.016 158397 DEBUG oslo_service.service [req-e6c627f8-e335-42a6-a73c-938ac9419063 - - - - -] config_drive_format = iso9660 log_opt_values /usr/lib/python3/dist-packages/oslo_config/cfg.py:2602
2025-03-24 00:37:08.016 158397 DEBUG oslo_service.service [req-e6c627f8-e335-42a6-a73c-938ac9419063 - - - - -] config_file = ['/etc/nova/nova.conf'] log_opt_values /usr/lib/python3/dist-packages/oslo_config/cfg.py:2602
2025-03-24 00:37:08.016 158397 DEBUG oslo_service.service [req-e6c627f8-e335-42a6-a73c-938ac9419063 - - - - -] config_source = [] log_opt_values /usr/lib/python3/dist-packages/oslo_config/cfg.py:2602
2025-03-24 00:37:08.016 158397 DEBUG oslo_service.service [req-e6c627f8-e335-42a6-a73c-938ac9419063 - - - - -] console_host = juju-7fb011-0-lxd-7 log_opt_values /usr/lib/python3/dist-packages/oslo_config/cfg.py:2602
2025-03-24 00:37:08.016 158397 DEBUG oslo_service.service [req-e6c627f8-e335-42a6-a73c-938ac9419063 - - - - -] control_exchange = nova log_opt_values /usr/lib/python3/dist-packages/oslo_config/cfg.py:2602
2025-03-24 00:37:08.017 158397 DEBUG oslo_service.service [req-e6c627f8-e335-42a6-a73c-938ac9419063 - - - - -] cpu_allocation_ratio = 2.0 log_opt_values /usr/lib/python3/dist-packages/oslo_config/cfg.py:2602
2025-03-24 00:37:08.017 158397 DEBUG oslo_service.service [req-e6c627f8-e335-42a6-a73c-938ac9419063 - - - - -] daemon = False log_opt_values /usr/lib/python3/dist-packages/oslo_config/cfg.py:2602
2025-03-24 00:37:08.017 158824 DEBUG oslo_db.sqlalchemy.engines [req-6e3b5d4a-a684-4bcd-8d62-b48998705eb2 - - - - -] MySQL server mode set to STRICT_TRANS_TABLES,STRICT_ALL_TABLES,NO_ZERO_IN_DATE,NO_ZERO_DATE,ERROR_FOR_DIVISION_BY_ZERO,TRADITIONAL,NO_ENGINE_SUBSTITUTION _check_effective_sql_mode /usr/lib/python3/dist-packages/oslo_db/sqlalchemy/engines.py:314
2025-03-24 00:37:08.017 158397 DEBUG oslo_service.service [req-e6c627f8-e335-42a6-a73c-938ac9419063 - - - - -] debug = True log_opt_values /usr/lib/python3/dist-packages/oslo_config/cfg.py:2602
2025-03-24 00:37:08.018 158397 DEBUG oslo_service.service [req-e6c627f8-e335-42a6-a73c-938ac9419063 - - - - -] default_access_ip_network_name = None log_opt_values /usr/lib/python3/dist-packages/oslo_config/cfg.py:2602
2025-03-24 00:37:08.018 158397 DEBUG oslo_service.service [req-e6c627f8-e335-42a6-a73c-938ac9419063 - - - - -] default_availability_zone = nova log_opt_values /usr/lib/python3/dist-packages/oslo_config/cfg.py:2602
2025-03-24 00:37:08.019 158397 DEBUG oslo_service.service [req-e6c627f8-e335-42a6-a73c-938ac9419063 - - - - -] default_ephemeral_format = None log_opt_values /usr/lib/python3/dist-packages/oslo_config/cfg.py:2602
2025-03-24 00:37:08.021 158397 DEBUG oslo_service.service [req-e6c627f8-e335-42a6-a73c-938ac9419063 - - - - -] default_log_levels = ['amqp=WARN', 'amqplib=WARN', 'boto=WARN', 'qpid=WARN', 'sqlalchemy=WARN', 'suds=INFO', 'oslo.messaging=INFO', 'oslo_messaging=DEBUG', 'iso8601=WARN', 'requests.packages.urllib3.connectionpool=WARN', 'urllib3.connectionpool=WARN', 'websocket=WARN', 'requests.packages.urllib3.util.retry=WARN', 'urllib3.util.retry=WARN', 'keystonemiddleware=WARN', 'routes.middleware=WARN', 'stevedore=WARN', 'taskflow=WARN', 'keystoneauth=WARN', 'oslo.cache=INFO', 'dogpile.core.dogpile=INFO', 'glanceclient=WARN', 'oslo.privsep.daemon=INFO'] log_opt_values /usr/lib/python3/dist-packages/oslo_config/cfg.py:2602
2025-03-24 00:37:08.021 158825 DEBUG oslo_db.sqlalchemy.engines [req-5df967a8-8e41-48ca-88b6-3ee8017bbd63 - - - - -] MySQL server mode set to STRICT_TRANS_TABLES,STRICT_ALL_TABLES,NO_ZERO_IN_DATE,NO_ZERO_DATE,ERROR_FOR_DIVISION_BY_ZERO,TRADITIONAL,NO_ENGINE_SUBSTITUTION _check_effective_sql_mode /usr/lib/python3/dist-packages/oslo_db/sqlalchemy/engines.py:314
2025-03-24 00:37:08.021 158397 DEBUG oslo_service.service [req-e6c627f8-e335-42a6-a73c-938ac9419063 - - - - -] default_schedule_zone = None log_opt_values /usr/lib/python3/dist-packages/oslo_config/cfg.py:2602
2025-03-24 00:37:08.021 158397 DEBUG oslo_service.service [req-e6c627f8-e335-42a6-a73c-938ac9419063 - - - - -] disk_allocation_ratio = 1.0 log_opt_values /usr/lib/python3/dist-packages/oslo_config/cfg.py:2602
2025-03-24 00:37:08.022 158397 DEBUG oslo_service.service [req-e6c627f8-e335-42a6-a73c-938ac9419063 - - - - -] enable_new_services = True log_opt_values /usr/lib/python3/dist-packages/oslo_config/cfg.py:2602
2025-03-24 00:37:08.022 158397 DEBUG oslo_service.service [req-e6c627f8-e335-42a6-a73c-938ac9419063 - - - - -] enabled_apis = ['osapi_compute', 'metadata'] log_opt_values /usr/lib/python3/dist-packages/oslo_config/cfg.py:2602
2025-03-24 00:37:08.022 158397 DEBUG oslo_service.service [req-e6c627f8-e335-42a6-a73c-938ac9419063 - - - - -] enabled_ssl_apis = [] log_opt_values /usr/lib/python3/dist-packages/oslo_config/cfg.py:2602
2025-03-24 00:37:08.023 158397 DEBUG oslo_service.service [req-e6c627f8-e335-42a6-a73c-938ac9419063 - - - - -] fatal_deprecations = False log_opt_values /usr/lib/python3/dist-packages/oslo_config/cfg.py:2602
2025-03-24 00:37:08.023 158397 DEBUG oslo_service.service [req-e6c627f8-e335-42a6-a73c-938ac9419063 - - - - -] flat_injected = False log_opt_values /usr/lib/python3/dist-packages/oslo_config/cfg.py:2602
2025-03-24 00:37:08.023 158397 DEBUG oslo_service.service [req-e6c627f8-e335-42a6-a73c-938ac9419063 - - - - -] force_config_drive = False log_opt_values /usr/lib/python3/dist-packages/oslo_config/cfg.py:2602
2025-03-24 00:37:08.024 158397 DEBUG oslo_service.service [req-e6c627f8-e335-42a6-a73c-938ac9419063 - - - - -] force_raw_images = True log_opt_values /usr/lib/python3/dist-packages/oslo_config/cfg.py:2602
2025-03-24 00:37:08.024 158397 DEBUG oslo_service.service [req-e6c627f8-e335-42a6-a73c-938ac9419063 - - - - -] graceful_shutdown_timeout = 60 log_opt_values /usr/lib/python3/dist-packages/oslo_config/cfg.py:2602
2025-03-24 00:37:08.025 158397 DEBUG oslo_service.service [req-e6c627f8-e335-42a6-a73c-938ac9419063 - - - - -] heal_instance_info_cache_interval = 60 log_opt_values /usr/lib/python3/dist-packages/oslo_config/cfg.py:2602
2025-03-24 00:37:08.025 158397 DEBUG oslo_service.service [req-e6c627f8-e335-42a6-a73c-938ac9419063 - - - - -] host = juju-7fb011-0-lxd-7 log_opt_values /usr/lib/python3/dist-packages/oslo_config/cfg.py:2602
2025-03-24 00:37:08.025 158397 DEBUG oslo_service.service [req-e6c627f8-e335-42a6-a73c-938ac9419063 - - - - -] initial_cpu_allocation_ratio = 16.0 log_opt_values /usr/lib/python3/dist-packages/oslo_config/cfg.py:2602
2025-03-24 00:37:08.026 158397 DEBUG oslo_service.service [req-e6c627f8-e335-42a6-a73c-938ac9419063 - - - - -] initial_disk_allocation_ratio = 1.0 log_opt_values /usr/lib/python3/dist-packages/oslo_config/cfg.py:2602
2025-03-24 00:37:08.026 158397 DEBUG oslo_service.service [req-e6c627f8-e335-42a6-a73c-938ac9419063 - - - - -] initial_ram_allocation_ratio = 1.5 log_opt_values /usr/lib/python3/dist-packages/oslo_config/cfg.py:2602
2025-03-24 00:37:08.026 158397 DEBUG oslo_service.service [req-e6c627f8-e335-42a6-a73c-938ac9419063 - - - - -] injected_network_template = /usr/lib/python3/dist-packages/nova/virt/interfaces.template log_opt_values /usr/lib/python3/dist-packages/oslo_config/cfg.py:2602
2025-03-24 00:37:08.026 158397 DEBUG oslo_service.service [req-e6c627f8-e335-42a6-a73c-938ac9419063 - - - - -] instance_build_timeout = 0 log_opt_values /usr/lib/python3/dist-packages/oslo_config/cfg.py:2602
2025-03-24 00:37:08.027 158397 DEBUG oslo_service.service [req-e6c627f8-e335-42a6-a73c-938ac9419063 - - - - -] instance_delete_interval = 300 log_opt_values /usr/lib/python3/dist-packages/oslo_config/cfg.py:2602
2025-03-24 00:37:08.027 158397 DEBUG oslo_service.service [req-e6c627f8-e335-42a6-a73c-938ac9419063 - - - - -] instance_format = [instance: %(uuid)s] log_opt_values /usr/lib/python3/dist-packages/oslo_config/cfg.py:2602
2025-03-24 00:37:08.027 158397 DEBUG oslo_service.service [req-e6c627f8-e335-42a6-a73c-938ac9419063 - - - - -] instance_name_template = instance-%08x log_opt_values /usr/lib/python3/dist-packages/oslo_config/cfg.py:2602
2025-03-24 00:37:08.027 158826 DEBUG oslo_db.sqlalchemy.engines [req-2868cfd3-89a1-492d-9703-5eb71ec3b6ee - - - - -] MySQL server mode set to STRICT_TRANS_TABLES,STRICT_ALL_TABLES,NO_ZERO_IN_DATE,NO_ZERO_DATE,ERROR_FOR_DIVISION_BY_ZERO,TRADITIONAL,NO_ENGINE_SUBSTITUTION _check_effective_sql_mode /usr/lib/python3/dist-packages/oslo_db/sqlalchemy/engines.py:314
2025-03-24 00:37:08.027 158397 DEBUG oslo_service.service [req-e6c627f8-e335-42a6-a73c-938ac9419063 - - - - -] instance_usage_audit = False log_opt_values /usr/lib/python3/dist-packages/oslo_config/cfg.py:2602
2025-03-24 00:37:08.028 158397 DEBUG oslo_service.service [req-e6c627f8-e335-42a6-a73c-938ac9419063 - - - - -] instance_usage_audit_period = month log_opt_values /usr/lib/python3/dist-packages/oslo_config/cfg.py:2602
2025-03-24 00:37:08.028 158397 DEBUG oslo_service.service [req-e6c627f8-e335-42a6-a73c-938ac9419063 - - - - -] instance_uuid_format = [instance: %(uuid)s] log_opt_values /usr/lib/python3/dist-packages/oslo_config/cfg.py:2602
2025-03-24 00:37:08.028 158397 DEBUG oslo_service.service [req-e6c627f8-e335-42a6-a73c-938ac9419063 - - - - -] instances_path = /var/lib/nova/instances log_opt_values /usr/lib/python3/dist-packages/oslo_config/cfg.py:2602
2025-03-24 00:37:08.028 158397 DEBUG oslo_service.service [req-e6c627f8-e335-42a6-a73c-938ac9419063 - - - - -] internal_service_availability_zone = internal log_opt_values /usr/lib/python3/dist-packages/oslo_config/cfg.py:2602
2025-03-24 00:37:08.029 158397 DEBUG oslo_service.service [req-e6c627f8-e335-42a6-a73c-938ac9419063 - - - - -] key = None log_opt_values /usr/lib/python3/dist-packages/oslo_config/cfg.py:2602
2025-03-24 00:37:08.029 158397 DEBUG oslo_service.service [req-e6c627f8-e335-42a6-a73c-938ac9419063 - - - - -] live_migration_retry_count = 30 log_opt_values /usr/lib/python3/dist-packages/oslo_config/cfg.py:2602
2025-03-24 00:37:08.029 158823 DEBUG nova.service [req-88390324-e557-4e96-a6f0-5bc02563f929 - - - - -] Creating RPC server for service scheduler start /usr/lib/python3/dist-packages/nova/service.py:182
2025-03-24 00:37:08.029 158397 DEBUG oslo_service.service [req-e6c627f8-e335-42a6-a73c-938ac9419063 - - - - -] log_config_append = None log_opt_values /usr/lib/python3/dist-packages/oslo_config/cfg.py:2602
2025-03-24 00:37:08.029 158397 DEBUG oslo_service.service [req-e6c627f8-e335-42a6-a73c-938ac9419063 - - - - -] log_date_format = %Y-%m-%d %H:%M:%S log_opt_values /usr/lib/python3/dist-packages/oslo_config/cfg.py:2602
2025-03-24 00:37:08.029 158397 DEBUG oslo_service.service [req-e6c627f8-e335-42a6-a73c-938ac9419063 - - - - -] log_dir = /var/log/nova log_opt_values /usr/lib/python3/dist-packages/oslo_config/cfg.py:2602
2025-03-24 00:37:08.029 158397 DEBUG oslo_service.service [req-e6c627f8-e335-42a6-a73c-938ac9419063 - - - - -] log_file = /var/log/nova/nova-scheduler.log log_opt_values /usr/lib/python3/dist-packages/oslo_config/cfg.py:2602
2025-03-24 00:37:08.030 158397 DEBUG oslo_service.service [req-e6c627f8-e335-42a6-a73c-938ac9419063 - - - - -] log_options = True log_opt_values /usr/lib/python3/dist-packages/oslo_config/cfg.py:2602
2025-03-24 00:37:08.030 158397 DEBUG oslo_service.service [req-e6c627f8-e335-42a6-a73c-938ac9419063 - - - - -] log_rotate_interval = 1 log_opt_values /usr/lib/python3/dist-packages/oslo_config/cfg.py:2602
2025-03-24 00:37:08.030 158397 DEBUG oslo_service.service [req-e6c627f8-e335-42a6-a73c-938ac9419063 - - - - -] log_rotate_interval_type = days log_opt_values /usr/lib/python3/dist-packages/oslo_config/cfg.py:2602
2025-03-24 00:37:08.030 158397 DEBUG oslo_service.service [req-e6c627f8-e335-42a6-a73c-938ac9419063 - - - - -] log_rotation_type = none log_opt_values /usr/lib/python3/dist-packages/oslo_config/cfg.py:2602
2025-03-24 00:37:08.030 158824 DEBUG nova.service [req-6e3b5d4a-a684-4bcd-8d62-b48998705eb2 - - - - -] Creating RPC server for service scheduler start /usr/lib/python3/dist-packages/nova/service.py:182
2025-03-24 00:37:08.030 158397 DEBUG oslo_service.service [req-e6c627f8-e335-42a6-a73c-938ac9419063 - - - - -] logging_context_format_string = %(asctime)s.%(msecs)03d %(process)d %(levelname)s %(name)s [%(request_id)s %(user_identity)s] %(instance)s%(message)s log_opt_values /usr/lib/python3/dist-packages/oslo_config/cfg.py:2602
2025-03-24 00:37:08.031 158397 DEBUG oslo_service.service [req-e6c627f8-e335-42a6-a73c-938ac9419063 - - - - -] logging_debug_format_suffix = %(funcName)s %(pathname)s:%(lineno)d log_opt_values /usr/lib/python3/dist-packages/oslo_config/cfg.py:2602
2025-03-24 00:37:08.031 158397 DEBUG oslo_service.service [req-e6c627f8-e335-42a6-a73c-938ac9419063 - - - - -] logging_default_format_string = %(asctime)s.%(msecs)03d %(process)d %(levelname)s %(name)s [-] %(instance)s%(message)s log_opt_values /usr/lib/python3/dist-packages/oslo_config/cfg.py:2602
2025-03-24 00:37:08.031 158397 DEBUG oslo_service.service [req-e6c627f8-e335-42a6-a73c-938ac9419063 - - - - -] logging_exception_prefix = %(asctime)s.%(msecs)03d %(process)d ERROR %(name)s %(instance)s log_opt_values /usr/lib/python3/dist-packages/oslo_config/cfg.py:2602
2025-03-24 00:37:08.031 158397 DEBUG oslo_service.service [req-e6c627f8-e335-42a6-a73c-938ac9419063 - - - - -] logging_user_identity_format = %(user)s %(project)s %(domain)s %(user_domain)s %(project_domain)s log_opt_values /usr/lib/python3/dist-packages/oslo_config/cfg.py:2602
2025-03-24 00:37:08.031 158397 DEBUG oslo_service.service [req-e6c627f8-e335-42a6-a73c-938ac9419063 - - - - -] long_rpc_timeout = 1800 log_opt_values /usr/lib/python3/dist-packages/oslo_config/cfg.py:2602
2025-03-24 00:37:08.031 158397 DEBUG oslo_service.service [req-e6c627f8-e335-42a6-a73c-938ac9419063 - - - - -] max_concurrent_builds = 10 log_opt_values /usr/lib/python3/dist-packages/oslo_config/cfg.py:2602
2025-03-24 00:37:08.032 158397 DEBUG oslo_service.service [req-e6c627f8-e335-42a6-a73c-938ac9419063 - - - - -] max_concurrent_live_migrations = 1 log_opt_values /usr/lib/python3/dist-packages/oslo_config/cfg.py:2602
2025-03-24 00:37:08.032 158397 DEBUG oslo_service.service [req-e6c627f8-e335-42a6-a73c-938ac9419063 - - - - -] max_concurrent_snapshots = 5 log_opt_values /usr/lib/python3/dist-packages/oslo_config/cfg.py:2602
2025-03-24 00:37:08.032 158397 DEBUG oslo_service.service [req-e6c627f8-e335-42a6-a73c-938ac9419063 - - - - -] max_local_block_devices = 3 log_opt_values /usr/lib/python3/dist-packages/oslo_config/cfg.py:2602
2025-03-24 00:37:08.032 158397 DEBUG oslo_service.service [req-e6c627f8-e335-42a6-a73c-938ac9419063 - - - - -] max_logfile_count = 30 log_opt_values /usr/lib/python3/dist-packages/oslo_config/cfg.py:2602
2025-03-24 00:37:08.032 158397 DEBUG oslo_service.service [req-e6c627f8-e335-42a6-a73c-938ac9419063 - - - - -] max_logfile_size_mb = 200 log_opt_values /usr/lib/python3/dist-packages/oslo_config/cfg.py:2602
2025-03-24 00:37:08.033 158397 DEBUG oslo_service.service [req-e6c627f8-e335-42a6-a73c-938ac9419063 - - - - -] maximum_instance_delete_attempts = 5 log_opt_values /usr/lib/python3/dist-packages/oslo_config/cfg.py:2602
2025-03-24 00:37:08.033 158397 DEBUG oslo_service.service [req-e6c627f8-e335-42a6-a73c-938ac9419063 - - - - -] metadata_listen = 0.0.0.0 log_opt_values /usr/lib/python3/dist-packages/oslo_config/cfg.py:2602
2025-03-24 00:37:08.033 158397 DEBUG oslo_service.service [req-e6c627f8-e335-42a6-a73c-938ac9419063 - - - - -] metadata_listen_port = 8765 log_opt_values /usr/lib/python3/dist-packages/oslo_config/cfg.py:2602
2025-03-24 00:37:08.033 158397 DEBUG oslo_service.service [req-e6c627f8-e335-42a6-a73c-938ac9419063 - - - - -] metadata_workers = None log_opt_values /usr/lib/python3/dist-packages/oslo_config/cfg.py:2602
2025-03-24 00:37:08.034 158397 DEBUG oslo_service.service [req-e6c627f8-e335-42a6-a73c-938ac9419063 - - - - -] migrate_max_retries = -1 log_opt_values /usr/lib/python3/dist-packages/oslo_config/cfg.py:2602
2025-03-24 00:37:08.034 158397 DEBUG oslo_service.service [req-e6c627f8-e335-42a6-a73c-938ac9419063 - - - - -] mkisofs_cmd = genisoimage log_opt_values /usr/lib/python3/dist-packages/oslo_config/cfg.py:2602
2025-03-24 00:37:08.034 158397 DEBUG oslo_service.service [req-e6c627f8-e335-42a6-a73c-938ac9419063 - - - - -] my_block_storage_ip = 252.40.41.159 log_opt_values /usr/lib/python3/dist-packages/oslo_config/cfg.py:2602
2025-03-24 00:37:08.034 158397 DEBUG oslo_service.service [req-e6c627f8-e335-42a6-a73c-938ac9419063 - - - - -] my_ip = 252.40.41.159 log_opt_values /usr/lib/python3/dist-packages/oslo_config/cfg.py:2602
2025-03-24 00:37:08.034 158397 DEBUG oslo_service.service [req-e6c627f8-e335-42a6-a73c-938ac9419063 - - - - -] network_allocate_retries = 0 log_opt_values /usr/lib/python3/dist-packages/oslo_config/cfg.py:2602
2025-03-24 00:37:08.035 158397 DEBUG oslo_service.service [req-e6c627f8-e335-42a6-a73c-938ac9419063 - - - - -] non_inheritable_image_properties = ['cache_in_nova', 'bittorrent'] log_opt_values /usr/lib/python3/dist-packages/oslo_config/cfg.py:2602
2025-03-24 00:37:08.035 158397 DEBUG oslo_service.service [req-e6c627f8-e335-42a6-a73c-938ac9419063 - - - - -] osapi_compute_listen = 0.0.0.0 log_opt_values /usr/lib/python3/dist-packages/oslo_config/cfg.py:2602
2025-03-24 00:37:08.035 158397 DEBUG oslo_service.service [req-e6c627f8-e335-42a6-a73c-938ac9419063 - - - - -] osapi_compute_listen_port = 8764 log_opt_values /usr/lib/python3/dist-packages/oslo_config/cfg.py:2602
2025-03-24 00:37:08.035 158397 DEBUG oslo_service.service [req-e6c627f8-e335-42a6-a73c-938ac9419063 - - - - -] osapi_compute_unique_server_name_scope = log_opt_values /usr/lib/python3/dist-packages/oslo_config/cfg.py:2602
2025-03-24 00:37:08.035 158397 DEBUG oslo_service.service [req-e6c627f8-e335-42a6-a73c-938ac9419063 - - - - -] osapi_compute_workers = 4 log_opt_values /usr/lib/python3/dist-packages/oslo_config/cfg.py:2602
2025-03-24 00:37:08.036 158397 DEBUG oslo_service.service [req-e6c627f8-e335-42a6-a73c-938ac9419063 - - - - -] password_length = 12 log_opt_values /usr/lib/python3/dist-packages/oslo_config/cfg.py:2602
2025-03-24 00:37:08.036 158397 DEBUG oslo_service.service [req-e6c627f8-e335-42a6-a73c-938ac9419063 - - - - -] periodic_enable = True log_opt_values /usr/lib/python3/dist-packages/oslo_config/cfg.py:2602
2025-03-24 00:37:08.036 158397 DEBUG oslo_service.service [req-e6c627f8-e335-42a6-a73c-938ac9419063 - - - - -] periodic_fuzzy_delay = 60 log_opt_values /usr/lib/python3/dist-packages/oslo_config/cfg.py:2602
2025-03-24 00:37:08.036 158397 DEBUG oslo_service.service [req-e6c627f8-e335-42a6-a73c-938ac9419063 - - - - -] pointer_model = usbtablet log_opt_values /usr/lib/python3/dist-packages/oslo_config/cfg.py:2602
2025-03-24 00:37:08.036 158397 DEBUG oslo_service.service [req-e6c627f8-e335-42a6-a73c-938ac9419063 - - - - -] preallocate_images = none log_opt_values /usr/lib/python3/dist-packages/oslo_config/cfg.py:2602
2025-03-24 00:37:08.036 158825 DEBUG nova.service [req-5df967a8-8e41-48ca-88b6-3ee8017bbd63 - - - - -] Creating RPC server for service scheduler start /usr/lib/python3/dist-packages/nova/service.py:182
2025-03-24 00:37:08.037 158397 DEBUG oslo_service.service [req-e6c627f8-e335-42a6-a73c-938ac9419063 - - - - -] publish_errors = False log_opt_values /usr/lib/python3/dist-packages/oslo_config/cfg.py:2602
2025-03-24 00:37:08.037 158397 DEBUG oslo_service.service [req-e6c627f8-e335-42a6-a73c-938ac9419063 - - - - -] pybasedir = /usr/lib/python3/dist-packages log_opt_values /usr/lib/python3/dist-packages/oslo_config/cfg.py:2602
2025-03-24 00:37:08.037 158397 DEBUG oslo_service.service [req-e6c627f8-e335-42a6-a73c-938ac9419063 - - - - -] ram_allocation_ratio = 0.98 log_opt_values /usr/lib/python3/dist-packages/oslo_config/cfg.py:2602
2025-03-24 00:37:08.037 158397 DEBUG oslo_service.service [req-e6c627f8-e335-42a6-a73c-938ac9419063 - - - - -] rate_limit_burst = 0 log_opt_values /usr/lib/python3/dist-packages/oslo_config/cfg.py:2602
2025-03-24 00:37:08.037 158397 DEBUG oslo_service.service [req-e6c627f8-e335-42a6-a73c-938ac9419063 - - - - -] rate_limit_except_level = CRITICAL log_opt_values /usr/lib/python3/dist-packages/oslo_config/cfg.py:2602
2025-03-24 00:37:08.037 158397 DEBUG oslo_service.service [req-e6c627f8-e335-42a6-a73c-938ac9419063 - - - - -] rate_limit_interval = 0 log_opt_values /usr/lib/python3/dist-packages/oslo_config/cfg.py:2602
2025-03-24 00:37:08.037 158397 DEBUG oslo_service.service [req-e6c627f8-e335-42a6-a73c-938ac9419063 - - - - -] reboot_timeout = 0 log_opt_values /usr/lib/python3/dist-packages/oslo_config/cfg.py:2602
2025-03-24 00:37:08.038 158397 DEBUG oslo_service.service [req-e6c627f8-e335-42a6-a73c-938ac9419063 - - - - -] reclaim_instance_interval = 0 log_opt_values /usr/lib/python3/dist-packages/oslo_config/cfg.py:2602
2025-03-24 00:37:08.038 158397 DEBUG oslo_service.service [req-e6c627f8-e335-42a6-a73c-938ac9419063 - - - - -] record = None log_opt_values /usr/lib/python3/dist-packages/oslo_config/cfg.py:2602
2025-03-24 00:37:08.038 158397 DEBUG oslo_service.service [req-e6c627f8-e335-42a6-a73c-938ac9419063 - - - - -] report_interval = 10 log_opt_values /usr/lib/python3/dist-packages/oslo_config/cfg.py:2602
2025-03-24 00:37:08.038 158397 DEBUG oslo_service.service [req-e6c627f8-e335-42a6-a73c-938ac9419063 - - - - -] rescue_timeout = 0 log_opt_values /usr/lib/python3/dist-packages/oslo_config/cfg.py:2602
2025-03-24 00:37:08.038 158397 DEBUG oslo_service.service [req-e6c627f8-e335-42a6-a73c-938ac9419063 - - - - -] reserved_host_cpus = 0 log_opt_values /usr/lib/python3/dist-packages/oslo_config/cfg.py:2602
2025-03-24 00:37:08.039 158397 DEBUG oslo_service.service [req-e6c627f8-e335-42a6-a73c-938ac9419063 - - - - -] reserved_host_disk_mb = 0 log_opt_values /usr/lib/python3/dist-packages/oslo_config/cfg.py:2602
2025-03-24 00:37:08.039 158397 DEBUG oslo_service.service [req-e6c627f8-e335-42a6-a73c-938ac9419063 - - - - -] reserved_host_memory_mb = 512 log_opt_values /usr/lib/python3/dist-packages/oslo_config/cfg.py:2602
2025-03-24 00:37:08.039 158397 DEBUG oslo_service.service [req-e6c627f8-e335-42a6-a73c-938ac9419063 - - - - -] reserved_huge_pages = None log_opt_values /usr/lib/python3/dist-packages/oslo_config/cfg.py:2602
2025-03-24 00:37:08.039 158397 DEBUG oslo_service.service [req-e6c627f8-e335-42a6-a73c-938ac9419063 - - - - -] resize_confirm_window = 0 log_opt_values /usr/lib/python3/dist-packages/oslo_config/cfg.py:2602
2025-03-24 00:37:08.039 158397 DEBUG oslo_service.service [req-e6c627f8-e335-42a6-a73c-938ac9419063 - - - - -] resize_fs_using_block_device = False log_opt_values /usr/lib/python3/dist-packages/oslo_config/cfg.py:2602
2025-03-24 00:37:08.040 158397 DEBUG oslo_service.service [req-e6c627f8-e335-42a6-a73c-938ac9419063 - - - - -] resume_guests_state_on_host_boot = False log_opt_values /usr/lib/python3/dist-packages/oslo_config/cfg.py:2602
2025-03-24 00:37:08.040 158397 DEBUG oslo_service.service [req-e6c627f8-e335-42a6-a73c-938ac9419063 - - - - -] rootwrap_config = /etc/nova/rootwrap.conf log_opt_values /usr/lib/python3/dist-packages/oslo_config/cfg.py:2602
2025-03-24 00:37:08.040 158397 DEBUG oslo_service.service [req-e6c627f8-e335-42a6-a73c-938ac9419063 - - - - -] run_external_periodic_tasks = True log_opt_values /usr/lib/python3/dist-packages/oslo_config/cfg.py:2602
2025-03-24 00:37:08.040 158397 DEBUG oslo_service.service [req-e6c627f8-e335-42a6-a73c-938ac9419063 - - - - -] running_deleted_instance_action = reap log_opt_values /usr/lib/python3/dist-packages/oslo_config/cfg.py:2602
2025-03-24 00:37:08.040 158397 DEBUG oslo_service.service [req-e6c627f8-e335-42a6-a73c-938ac9419063 - - - - -] running_deleted_instance_poll_interval = 1800 log_opt_values /usr/lib/python3/dist-packages/oslo_config/cfg.py:2602
2025-03-24 00:37:08.040 158397 DEBUG oslo_service.service [req-e6c627f8-e335-42a6-a73c-938ac9419063 - - - - -] running_deleted_instance_timeout = 0 log_opt_values /usr/lib/python3/dist-packages/oslo_config/cfg.py:2602
2025-03-24 00:37:08.041 158397 DEBUG oslo_service.service [req-e6c627f8-e335-42a6-a73c-938ac9419063 - - - - -] scheduler_instance_sync_interval = 120 log_opt_values /usr/lib/python3/dist-packages/oslo_config/cfg.py:2602
2025-03-24 00:37:08.043 158397 DEBUG oslo_service.service [req-e6c627f8-e335-42a6-a73c-938ac9419063 - - - - -] service_down_time = 60 log_opt_values /usr/lib/python3/dist-packages/oslo_config/cfg.py:2602
2025-03-24 00:37:08.043 158397 DEBUG oslo_service.service [req-e6c627f8-e335-42a6-a73c-938ac9419063 - - - - -] servicegroup_driver = db log_opt_values /usr/lib/python3/dist-packages/oslo_config/cfg.py:2602
2025-03-24 00:37:08.043 158397 DEBUG oslo_service.service [req-e6c627f8-e335-42a6-a73c-938ac9419063 - - - - -] shelved_offload_time = 0 log_opt_values /usr/lib/python3/dist-packages/oslo_config/cfg.py:2602
2025-03-24 00:37:08.044 158397 DEBUG oslo_service.service [req-e6c627f8-e335-42a6-a73c-938ac9419063 - - - - -] shelved_poll_interval = 3600 log_opt_values /usr/lib/python3/dist-packages/oslo_config/cfg.py:2602
2025-03-24 00:37:08.044 158397 DEBUG oslo_service.service [req-e6c627f8-e335-42a6-a73c-938ac9419063 - - - - -] shutdown_timeout = 60 log_opt_values /usr/lib/python3/dist-packages/oslo_config/cfg.py:2602
2025-03-24 00:37:08.044 158397 DEBUG oslo_service.service [req-e6c627f8-e335-42a6-a73c-938ac9419063 - - - - -] source_is_ipv6 = False log_opt_values /usr/lib/python3/dist-packages/oslo_config/cfg.py:2602
2025-03-24 00:37:08.044 158397 DEBUG oslo_service.service [req-e6c627f8-e335-42a6-a73c-938ac9419063 - - - - -] ssl_only = False log_opt_values /usr/lib/python3/dist-packages/oslo_config/cfg.py:2602
2025-03-24 00:37:08.044 158397 DEBUG oslo_service.service [req-e6c627f8-e335-42a6-a73c-938ac9419063 - - - - -] state_path = /var/lib/nova log_opt_values /usr/lib/python3/dist-packages/oslo_config/cfg.py:2602
2025-03-24 00:37:08.044 158397 DEBUG oslo_service.service [req-e6c627f8-e335-42a6-a73c-938ac9419063 - - - - -] sync_power_state_interval = 600 log_opt_values /usr/lib/python3/dist-packages/oslo_config/cfg.py:2602
2025-03-24 00:37:08.045 158397 DEBUG oslo_service.service [req-e6c627f8-e335-42a6-a73c-938ac9419063 - - - - -] sync_power_state_pool_size = 1000 log_opt_values /usr/lib/python3/dist-packages/oslo_config/cfg.py:2602
2025-03-24 00:37:08.045 158397 DEBUG oslo_service.service [req-e6c627f8-e335-42a6-a73c-938ac9419063 - - - - -] syslog_log_facility = LOG_USER log_opt_values /usr/lib/python3/dist-packages/oslo_config/cfg.py:2602
2025-03-24 00:37:08.045 158397 DEBUG oslo_service.service [req-e6c627f8-e335-42a6-a73c-938ac9419063 - - - - -] tempdir = None log_opt_values /usr/lib/python3/dist-packages/oslo_config/cfg.py:2602
2025-03-24 00:37:08.046 158397 DEBUG oslo_service.service [req-e6c627f8-e335-42a6-a73c-938ac9419063 - - - - -] timeout_nbd = 10 log_opt_values /usr/lib/python3/dist-packages/oslo_config/cfg.py:2602
2025-03-24 00:37:08.046 158397 DEBUG oslo_service.service [req-e6c627f8-e335-42a6-a73c-938ac9419063 - - - - -] transport_url = **** log_opt_values /usr/lib/python3/dist-packages/oslo_config/cfg.py:2602
2025-03-24 00:37:08.046 158397 DEBUG oslo_service.service [req-e6c627f8-e335-42a6-a73c-938ac9419063 - - - - -] update_resources_interval = 0 log_opt_values /usr/lib/python3/dist-packages/oslo_config/cfg.py:2602
2025-03-24 00:37:08.046 158397 DEBUG oslo_service.service [req-e6c627f8-e335-42a6-a73c-938ac9419063 - - - - -] use_cow_images = True log_opt_values /usr/lib/python3/dist-packages/oslo_config/cfg.py:2602
2025-03-24 00:37:08.046 158397 DEBUG oslo_service.service [req-e6c627f8-e335-42a6-a73c-938ac9419063 - - - - -] use_eventlog = False log_opt_values /usr/lib/python3/dist-packages/oslo_config/cfg.py:2602
2025-03-24 00:37:08.046 158397 DEBUG oslo_service.service [req-e6c627f8-e335-42a6-a73c-938ac9419063 - - - - -] use_journal = False log_opt_values /usr/lib/python3/dist-packages/oslo_config/cfg.py:2602
2025-03-24 00:37:08.047 158397 DEBUG oslo_service.service [req-e6c627f8-e335-42a6-a73c-938ac9419063 - - - - -] use_json = False log_opt_values /usr/lib/python3/dist-packages/oslo_config/cfg.py:2602
2025-03-24 00:37:08.047 158397 DEBUG oslo_service.service [req-e6c627f8-e335-42a6-a73c-938ac9419063 - - - - -] use_rootwrap_daemon = False log_opt_values /usr/lib/python3/dist-packages/oslo_config/cfg.py:2602
2025-03-24 00:37:08.047 158397 DEBUG oslo_service.service [req-e6c627f8-e335-42a6-a73c-938ac9419063 - - - - -] use_stderr = False log_opt_values /usr/lib/python3/dist-packages/oslo_config/cfg.py:2602
2025-03-24 00:37:08.048 158397 DEBUG oslo_service.service [req-e6c627f8-e335-42a6-a73c-938ac9419063 - - - - -] use_syslog = False log_opt_values /usr/lib/python3/dist-packages/oslo_config/cfg.py:2602
2025-03-24 00:37:08.048 158397 DEBUG oslo_service.service [req-e6c627f8-e335-42a6-a73c-938ac9419063 - - - - -] vcpu_pin_set = None log_opt_values /usr/lib/python3/dist-packages/oslo_config/cfg.py:2602
2025-03-24 00:37:08.049 158397 DEBUG oslo_service.service [req-e6c627f8-e335-42a6-a73c-938ac9419063 - - - - -] vif_plugging_is_fatal = True log_opt_values /usr/lib/python3/dist-packages/oslo_config/cfg.py:2602
2025-03-24 00:37:08.049 158826 DEBUG nova.service [req-2868cfd3-89a1-492d-9703-5eb71ec3b6ee - - - - -] Creating RPC server for service scheduler start /usr/lib/python3/dist-packages/nova/service.py:182
2025-03-24 00:37:08.049 158397 DEBUG oslo_service.service [req-e6c627f8-e335-42a6-a73c-938ac9419063 - - - - -] vif_plugging_timeout = 300 log_opt_values /usr/lib/python3/dist-packages/oslo_config/cfg.py:2602
2025-03-24 00:37:08.049 158397 DEBUG oslo_service.service [req-e6c627f8-e335-42a6-a73c-938ac9419063 - - - - -] virt_mkfs = [] log_opt_values /usr/lib/python3/dist-packages/oslo_config/cfg.py:2602
2025-03-24 00:37:08.050 158397 DEBUG oslo_service.service [req-e6c627f8-e335-42a6-a73c-938ac9419063 - - - - -] volume_usage_poll_interval = 0 log_opt_values /usr/lib/python3/dist-packages/oslo_config/cfg.py:2602
2025-03-24 00:37:08.050 158397 DEBUG oslo_service.service [req-e6c627f8-e335-42a6-a73c-938ac9419063 - - - - -] watch_log_file = False log_opt_values /usr/lib/python3/dist-packages/oslo_config/cfg.py:2602
2025-03-24 00:37:08.050 158397 DEBUG oslo_service.service [req-e6c627f8-e335-42a6-a73c-938ac9419063 - - - - -] web = /usr/share/spice-html5 log_opt_values /usr/lib/python3/dist-packages/oslo_config/cfg.py:2602
2025-03-24 00:37:08.050 158397 DEBUG oslo_service.service [req-e6c627f8-e335-42a6-a73c-938ac9419063 - - - - -] oslo_concurrency.disable_process_locking = False log_opt_values /usr/lib/python3/dist-packages/oslo_config/cfg.py:2609
2025-03-24 00:37:08.050 158397 DEBUG oslo_service.service [req-e6c627f8-e335-42a6-a73c-938ac9419063 - - - - -] oslo_concurrency.lock_path = /var/lock/nova log_opt_values /usr/lib/python3/dist-packages/oslo_config/cfg.py:2609
2025-03-24 00:37:08.051 158397 WARNING oslo_config.cfg [req-e6c627f8-e335-42a6-a73c-938ac9419063 - - - - -] Deprecated: Option "auth_strategy" from group "api" is deprecated for removal ( The only non-default choice, ``noauth2``, is for internal development and testing purposes only and should not be used in deployments. This option and its middleware, NoAuthMiddleware[V2_18], will be removed in a future release. ). Its value may be silently ignored in the future.
2025-03-24 00:37:08.051 158397 DEBUG oslo_service.service [req-e6c627f8-e335-42a6-a73c-938ac9419063 - - - - -] api.auth_strategy = keystone log_opt_values /usr/lib/python3/dist-packages/oslo_config/cfg.py:2609
2025-03-24 00:37:08.051 158397 DEBUG oslo_service.service [req-e6c627f8-e335-42a6-a73c-938ac9419063 - - - - -] api.compute_link_prefix = None log_opt_values /usr/lib/python3/dist-packages/oslo_config/cfg.py:2609
2025-03-24 00:37:08.051 158397 DEBUG oslo_service.service [req-e6c627f8-e335-42a6-a73c-938ac9419063 - - - - -] api.config_drive_skip_versions = 1.0 2007-01-19 2007-03-01 2007-08-29 2007-10-10 2007-12-15 2008-02-01 2008-09-01 log_opt_values /usr/lib/python3/dist-packages/oslo_config/cfg.py:2609
2025-03-24 00:37:08.052 158397 DEBUG oslo_service.service [req-e6c627f8-e335-42a6-a73c-938ac9419063 - - - - -] api.dhcp_domain = novalocal log_opt_values /usr/lib/python3/dist-packages/oslo_config/cfg.py:2609
2025-03-24 00:37:08.052 158397 DEBUG oslo_service.service [req-e6c627f8-e335-42a6-a73c-938ac9419063 - - - - -] api.enable_instance_password = True log_opt_values /usr/lib/python3/dist-packages/oslo_config/cfg.py:2609
2025-03-24 00:37:08.052 158397 DEBUG oslo_service.service [req-e6c627f8-e335-42a6-a73c-938ac9419063 - - - - -] api.glance_link_prefix = None log_opt_values /usr/lib/python3/dist-packages/oslo_config/cfg.py:2609
2025-03-24 00:37:08.052 158397 DEBUG oslo_service.service [req-e6c627f8-e335-42a6-a73c-938ac9419063 - - - - -] api.instance_list_cells_batch_fixed_size = 100 log_opt_values /usr/lib/python3/dist-packages/oslo_config/cfg.py:2609
2025-03-24 00:37:08.052 158397 DEBUG oslo_service.service [req-e6c627f8-e335-42a6-a73c-938ac9419063 - - - - -] api.instance_list_cells_batch_strategy = distributed log_opt_values /usr/lib/python3/dist-packages/oslo_config/cfg.py:2609
2025-03-24 00:37:08.053 158397 DEBUG oslo_service.service [req-e6c627f8-e335-42a6-a73c-938ac9419063 - - - - -] api.instance_list_per_project_cells = False log_opt_values /usr/lib/python3/dist-packages/oslo_config/cfg.py:2609
2025-03-24 00:37:08.053 158397 DEBUG oslo_service.service [req-e6c627f8-e335-42a6-a73c-938ac9419063 - - - - -] api.list_records_by_skipping_down_cells = True log_opt_values /usr/lib/python3/dist-packages/oslo_config/cfg.py:2609
2025-03-24 00:37:08.053 158397 DEBUG oslo_service.service [req-e6c627f8-e335-42a6-a73c-938ac9419063 - - - - -] api.local_metadata_per_cell = False log_opt_values /usr/lib/python3/dist-packages/oslo_config/cfg.py:2609
2025-03-24 00:37:08.053 158397 DEBUG oslo_service.service [req-e6c627f8-e335-42a6-a73c-938ac9419063 - - - - -] api.max_limit = 1000 log_opt_values /usr/lib/python3/dist-packages/oslo_config/cfg.py:2609
2025-03-24 00:37:08.054 158823 DEBUG oslo_messaging._drivers.amqpdriver [-] Listener is running poll /usr/lib/python3/dist-packages/oslo_messaging/_drivers/amqpdriver.py:343
2025-03-24 00:37:08.054 158824 DEBUG oslo_messaging._drivers.amqpdriver [-] Listener is running poll /usr/lib/python3/dist-packages/oslo_messaging/_drivers/amqpdriver.py:343
2025-03-24 00:37:08.054 158823 DEBUG oslo_messaging._drivers.amqpdriver [-] AMQPListener connection consume poll /usr/lib/python3/dist-packages/oslo_messaging/_drivers/amqpdriver.py:357
2025-03-24 00:37:08.054 158824 DEBUG oslo_messaging._drivers.amqpdriver [-] AMQPListener connection consume poll /usr/lib/python3/dist-packages/oslo_messaging/_drivers/amqpdriver.py:357
2025-03-24 00:37:08.055 158823 DEBUG nova.service [req-88390324-e557-4e96-a6f0-5bc02563f929 - - - - -] Join ServiceGroup membership for this service scheduler start /usr/lib/python3/dist-packages/nova/service.py:199
2025-03-24 00:37:08.055 158824 DEBUG nova.service [req-6e3b5d4a-a684-4bcd-8d62-b48998705eb2 - - - - -] Join ServiceGroup membership for this service scheduler start /usr/lib/python3/dist-packages/nova/service.py:199
2025-03-24 00:37:08.055 158823 DEBUG nova.servicegroup.drivers.db [req-88390324-e557-4e96-a6f0-5bc02563f929 - - - - -] DB_Driver: join new ServiceGroup member juju-7fb011-0-lxd-7 to the scheduler group, service = join /usr/lib/python3/dist-packages/nova/servicegroup/drivers/db.py:44
2025-03-24 00:37:08.055 158824 DEBUG nova.servicegroup.drivers.db [req-6e3b5d4a-a684-4bcd-8d62-b48998705eb2 - - - - -] DB_Driver: join new ServiceGroup member juju-7fb011-0-lxd-7 to the scheduler group, service = join /usr/lib/python3/dist-packages/nova/servicegroup/drivers/db.py:44
2025-03-24 00:37:08.054 158397 DEBUG oslo_service.service [req-e6c627f8-e335-42a6-a73c-938ac9419063 - - - - -] api.metadata_cache_expiration = 15 log_opt_values /usr/lib/python3/dist-packages/oslo_config/cfg.py:2609
2025-03-24 00:37:08.056 158397 DEBUG oslo_service.service [req-e6c627f8-e335-42a6-a73c-938ac9419063 - - - - -] api.neutron_default_tenant_id = default log_opt_values /usr/lib/python3/dist-packages/oslo_config/cfg.py:2609
2025-03-24 00:37:08.056 158397 DEBUG oslo_service.service [req-e6c627f8-e335-42a6-a73c-938ac9419063 - - - - -] api.use_forwarded_for = False log_opt_values /usr/lib/python3/dist-packages/oslo_config/cfg.py:2609
2025-03-24 00:37:08.056 158397 DEBUG oslo_service.service [req-e6c627f8-e335-42a6-a73c-938ac9419063 - - - - -] api.use_neutron_default_nets = False log_opt_values /usr/lib/python3/dist-packages/oslo_config/cfg.py:2609
2025-03-24 00:37:08.057 158397 DEBUG oslo_service.service [req-e6c627f8-e335-42a6-a73c-938ac9419063 - - - - -] api.vendordata_dynamic_connect_timeout = 5 log_opt_values /usr/lib/python3/dist-packages/oslo_config/cfg.py:2609
2025-03-24 00:37:08.057 158397 DEBUG oslo_service.service [req-e6c627f8-e335-42a6-a73c-938ac9419063 - - - - -] api.vendordata_dynamic_failure_fatal = False log_opt_values /usr/lib/python3/dist-packages/oslo_config/cfg.py:2609
2025-03-24 00:37:08.057 158397 DEBUG oslo_service.service [req-e6c627f8-e335-42a6-a73c-938ac9419063 - - - - -] api.vendordata_dynamic_read_timeout = 5 log_opt_values /usr/lib/python3/dist-packages/oslo_config/cfg.py:2609
2025-03-24 00:37:08.057 158397 DEBUG oslo_service.service [req-e6c627f8-e335-42a6-a73c-938ac9419063 - - - - -] api.vendordata_dynamic_ssl_certfile = log_opt_values /usr/lib/python3/dist-packages/oslo_config/cfg.py:2609
2025-03-24 00:37:08.057 158397 DEBUG oslo_service.service [req-e6c627f8-e335-42a6-a73c-938ac9419063 - - - - -] api.vendordata_dynamic_targets = [] log_opt_values /usr/lib/python3/dist-packages/oslo_config/cfg.py:2609
2025-03-24 00:37:08.057 158824 DEBUG oslo_messaging._drivers.amqpdriver [-] AMQPListener connection timeout poll /usr/lib/python3/dist-packages/oslo_messaging/_drivers/amqpdriver.py:360
2025-03-24 00:37:08.057 158823 DEBUG oslo_messaging._drivers.amqpdriver [-] AMQPListener connection timeout poll /usr/lib/python3/dist-packages/oslo_messaging/_drivers/amqpdriver.py:360
2025-03-24 00:37:08.058 158824 DEBUG oslo_messaging._drivers.amqpdriver [-] Listener is running poll /usr/lib/python3/dist-packages/oslo_messaging/_drivers/amqpdriver.py:343
2025-03-24 00:37:08.058 158397 DEBUG oslo_service.service [req-e6c627f8-e335-42a6-a73c-938ac9419063 - - - - -] api.vendordata_jsonfile_path = None log_opt_values /usr/lib/python3/dist-packages/oslo_config/cfg.py:2609
2025-03-24 00:37:08.058 158824 DEBUG oslo_messaging._drivers.amqpdriver [-] AMQPListener connection consume poll /usr/lib/python3/dist-packages/oslo_messaging/_drivers/amqpdriver.py:357
2025-03-24 00:37:08.058 158823 DEBUG oslo_messaging._drivers.amqpdriver [-] Listener is running poll /usr/lib/python3/dist-packages/oslo_messaging/_drivers/amqpdriver.py:343
2025-03-24 00:37:08.058 158823 DEBUG oslo_messaging._drivers.amqpdriver [-] AMQPListener connection consume poll /usr/lib/python3/dist-packages/oslo_messaging/_drivers/amqpdriver.py:357
2025-03-24 00:37:08.058 158397 DEBUG oslo_service.service [req-e6c627f8-e335-42a6-a73c-938ac9419063 - - - - -] api.vendordata_providers = ['StaticJSON'] log_opt_values /usr/lib/python3/dist-packages/oslo_config/cfg.py:2609
2025-03-24 00:37:08.058 158397 DEBUG oslo_service.service [req-e6c627f8-e335-42a6-a73c-938ac9419063 - - - - -] cache.backend = dogpile.cache.null log_opt_values /usr/lib/python3/dist-packages/oslo_config/cfg.py:2609
2025-03-24 00:37:08.058 158397 DEBUG oslo_service.service [req-e6c627f8-e335-42a6-a73c-938ac9419063 - - - - -] cache.backend_argument = **** log_opt_values /usr/lib/python3/dist-packages/oslo_config/cfg.py:2609
2025-03-24 00:37:08.058 158397 DEBUG oslo_service.service [req-e6c627f8-e335-42a6-a73c-938ac9419063 - - - - -] cache.config_prefix = cache.oslo log_opt_values /usr/lib/python3/dist-packages/oslo_config/cfg.py:2609
2025-03-24 00:37:08.059 158397 DEBUG oslo_service.service [req-e6c627f8-e335-42a6-a73c-938ac9419063 - - - - -] cache.debug_cache_backend = False log_opt_values /usr/lib/python3/dist-packages/oslo_config/cfg.py:2609
2025-03-24 00:37:08.059 158397 DEBUG oslo_service.service [req-e6c627f8-e335-42a6-a73c-938ac9419063 - - - - -] cache.enabled = False log_opt_values /usr/lib/python3/dist-packages/oslo_config/cfg.py:2609
2025-03-24 00:37:08.059 158397 DEBUG oslo_service.service [req-e6c627f8-e335-42a6-a73c-938ac9419063 - - - - -] cache.expiration_time = 600 log_opt_values /usr/lib/python3/dist-packages/oslo_config/cfg.py:2609
2025-03-24 00:37:08.059 158397 DEBUG oslo_service.service [req-e6c627f8-e335-42a6-a73c-938ac9419063 - - - - -] cache.memcache_dead_retry = 300 log_opt_values /usr/lib/python3/dist-packages/oslo_config/cfg.py:2609
2025-03-24 00:37:08.059 158397 DEBUG oslo_service.service [req-e6c627f8-e335-42a6-a73c-938ac9419063 - - - - -] cache.memcache_pool_connection_get_timeout = 10 log_opt_values /usr/lib/python3/dist-packages/oslo_config/cfg.py:2609
2025-03-24 00:37:08.059 158397 DEBUG oslo_service.service [req-e6c627f8-e335-42a6-a73c-938ac9419063 - - - - -] cache.memcache_pool_flush_on_reconnect = False log_opt_values /usr/lib/python3/dist-packages/oslo_config/cfg.py:2609
2025-03-24 00:37:08.060 158397 DEBUG oslo_service.service [req-e6c627f8-e335-42a6-a73c-938ac9419063 - - - - -] cache.memcache_pool_maxsize = 10 log_opt_values /usr/lib/python3/dist-packages/oslo_config/cfg.py:2609
2025-03-24 00:37:08.060 158397 DEBUG oslo_service.service [req-e6c627f8-e335-42a6-a73c-938ac9419063 - - - - -] cache.memcache_pool_unused_timeout = 60 log_opt_values /usr/lib/python3/dist-packages/oslo_config/cfg.py:2609
2025-03-24 00:37:08.060 158397 DEBUG oslo_service.service [req-e6c627f8-e335-42a6-a73c-938ac9419063 - - - - -] cache.memcache_servers = ['localhost:11211'] log_opt_values /usr/lib/python3/dist-packages/oslo_config/cfg.py:2609
2025-03-24 00:37:08.060 158397 DEBUG oslo_service.service [req-e6c627f8-e335-42a6-a73c-938ac9419063 - - - - -] cache.memcache_socket_timeout = 1.0 log_opt_values /usr/lib/python3/dist-packages/oslo_config/cfg.py:2609
2025-03-24 00:37:08.060 158397 DEBUG oslo_service.service [req-e6c627f8-e335-42a6-a73c-938ac9419063 - - - - -] cache.proxies = [] log_opt_values /usr/lib/python3/dist-packages/oslo_config/cfg.py:2609
2025-03-24 00:37:08.060 158397 DEBUG oslo_service.service [req-e6c627f8-e335-42a6-a73c-938ac9419063 - - - - -] cache.tls_allowed_ciphers = None log_opt_values /usr/lib/python3/dist-packages/oslo_config/cfg.py:2609
2025-03-24 00:37:08.060 158397 DEBUG oslo_service.service [req-e6c627f8-e335-42a6-a73c-938ac9419063 - - - - -] cache.tls_cafile = None log_opt_values /usr/lib/python3/dist-packages/oslo_config/cfg.py:2609
2025-03-24 00:37:08.061 158397 DEBUG oslo_service.service [req-e6c627f8-e335-42a6-a73c-938ac9419063 - - - - -] cache.tls_certfile = None log_opt_values /usr/lib/python3/dist-packages/oslo_config/cfg.py:2609
2025-03-24 00:37:08.061 158397 DEBUG oslo_service.service [req-e6c627f8-e335-42a6-a73c-938ac9419063 - - - - -] cache.tls_enabled = False log_opt_values /usr/lib/python3/dist-packages/oslo_config/cfg.py:2609
2025-03-24 00:37:08.061 158397 DEBUG oslo_service.service [req-e6c627f8-e335-42a6-a73c-938ac9419063 - - - - -] cache.tls_keyfile = None log_opt_values /usr/lib/python3/dist-packages/oslo_config/cfg.py:2609
2025-03-24 00:37:08.061 158397 DEBUG oslo_service.service [req-e6c627f8-e335-42a6-a73c-938ac9419063 - - - - -] cinder.auth_section = None log_opt_values /usr/lib/python3/dist-packages/oslo_config/cfg.py:2609
2025-03-24 00:37:08.061 158397 DEBUG oslo_service.service [req-e6c627f8-e335-42a6-a73c-938ac9419063 - - - - -] cinder.auth_type = None log_opt_values /usr/lib/python3/dist-packages/oslo_config/cfg.py:2609
2025-03-24 00:37:08.061 158397 DEBUG oslo_service.service [req-e6c627f8-e335-42a6-a73c-938ac9419063 - - - - -] cinder.cafile = None log_opt_values /usr/lib/python3/dist-packages/oslo_config/cfg.py:2609
2025-03-24 00:37:08.062 158397 DEBUG oslo_service.service [req-e6c627f8-e335-42a6-a73c-938ac9419063 - - - - -] cinder.catalog_info = volumev3::publicURL log_opt_values /usr/lib/python3/dist-packages/oslo_config/cfg.py:2609
2025-03-24 00:37:08.062 158397 DEBUG oslo_service.service [req-e6c627f8-e335-42a6-a73c-938ac9419063 - - - - -] cinder.certfile = None log_opt_values /usr/lib/python3/dist-packages/oslo_config/cfg.py:2609
