2025-03-24 00:36:54.925 153569 DEBUG oslo_service.service [req-cbe39919-2659-4c08-a73b-688c5a442e85 - - - - -] api.compute_link_prefix = None log_opt_values /usr/lib/python3/dist-packages/oslo_config/cfg.py:2609
2025-03-24 00:36:54.925 153569 DEBUG oslo_service.service [req-cbe39919-2659-4c08-a73b-688c5a442e85 - - - - -] api.config_drive_skip_versions = 1.0 2007-01-19 2007-03-01 2007-08-29 2007-10-10 2007-12-15 2008-02-01 2008-09-01 log_opt_values /usr/lib/python3/dist-packages/oslo_config/cfg.py:2609
2025-03-24 00:36:54.926 153569 DEBUG oslo_service.service [req-cbe39919-2659-4c08-a73b-688c5a442e85 - - - - -] api.dhcp_domain = novalocal log_opt_values /usr/lib/python3/dist-packages/oslo_config/cfg.py:2609
2025-03-24 00:36:54.926 153569 DEBUG oslo_service.service [req-cbe39919-2659-4c08-a73b-688c5a442e85 - - - - -] api.enable_instance_password = True log_opt_values /usr/lib/python3/dist-packages/oslo_config/cfg.py:2609
2025-03-24 00:36:54.927 153569 DEBUG oslo_service.service [req-cbe39919-2659-4c08-a73b-688c5a442e85 - - - - -] api.glance_link_prefix = None log_opt_values /usr/lib/python3/dist-packages/oslo_config/cfg.py:2609
2025-03-24 00:36:54.927 153569 DEBUG oslo_service.service [req-cbe39919-2659-4c08-a73b-688c5a442e85 - - - - -] api.instance_list_cells_batch_fixed_size = 100 log_opt_values /usr/lib/python3/dist-packages/oslo_config/cfg.py:2609
2025-03-24 00:36:54.927 153569 DEBUG oslo_service.service [req-cbe39919-2659-4c08-a73b-688c5a442e85 - - - - -] api.instance_list_cells_batch_strategy = distributed log_opt_values /usr/lib/python3/dist-packages/oslo_config/cfg.py:2609
2025-03-24 00:36:54.927 153569 DEBUG oslo_service.service [req-cbe39919-2659-4c08-a73b-688c5a442e85 - - - - -] api.instance_list_per_project_cells = False log_opt_values /usr/lib/python3/dist-packages/oslo_config/cfg.py:2609
2025-03-24 00:36:54.927 153569 DEBUG oslo_service.service [req-cbe39919-2659-4c08-a73b-688c5a442e85 - - - - -] api.list_records_by_skipping_down_cells = True log_opt_values /usr/lib/python3/dist-packages/oslo_config/cfg.py:2609
2025-03-24 00:36:54.928 153569 DEBUG oslo_service.service [req-cbe39919-2659-4c08-a73b-688c5a442e85 - - - - -] api.local_metadata_per_cell = False log_opt_values /usr/lib/python3/dist-packages/oslo_config/cfg.py:2609
2025-03-24 00:36:54.928 153569 DEBUG oslo_service.service [req-cbe39919-2659-4c08-a73b-688c5a442e85 - - - - -] api.max_limit = 1000 log_opt_values /usr/lib/python3/dist-packages/oslo_config/cfg.py:2609
2025-03-24 00:36:54.928 153569 DEBUG oslo_service.service [req-cbe39919-2659-4c08-a73b-688c5a442e85 - - - - -] api.metadata_cache_expiration = 15 log_opt_values /usr/lib/python3/dist-packages/oslo_config/cfg.py:2609
2025-03-24 00:36:54.929 153569 DEBUG oslo_service.service [req-cbe39919-2659-4c08-a73b-688c5a442e85 - - - - -] api.neutron_default_tenant_id = default log_opt_values /usr/lib/python3/dist-packages/oslo_config/cfg.py:2609
2025-03-24 00:36:54.929 153569 DEBUG oslo_service.service [req-cbe39919-2659-4c08-a73b-688c5a442e85 - - - - -] api.use_forwarded_for = False log_opt_values /usr/lib/python3/dist-packages/oslo_config/cfg.py:2609
2025-03-24 00:36:54.929 153569 DEBUG oslo_service.service [req-cbe39919-2659-4c08-a73b-688c5a442e85 - - - - -] api.use_neutron_default_nets = False log_opt_values /usr/lib/python3/dist-packages/oslo_config/cfg.py:2609
2025-03-24 00:36:54.929 153569 DEBUG oslo_service.service [req-cbe39919-2659-4c08-a73b-688c5a442e85 - - - - -] api.vendordata_dynamic_connect_timeout = 5 log_opt_values /usr/lib/python3/dist-packages/oslo_config/cfg.py:2609
2025-03-24 00:36:54.931 153569 DEBUG oslo_service.service [req-cbe39919-2659-4c08-a73b-688c5a442e85 - - - - -] api.vendordata_dynamic_failure_fatal = False log_opt_values /usr/lib/python3/dist-packages/oslo_config/cfg.py:2609
2025-03-24 00:36:54.931 153569 DEBUG oslo_service.service [req-cbe39919-2659-4c08-a73b-688c5a442e85 - - - - -] api.vendordata_dynamic_read_timeout = 5 log_opt_values /usr/lib/python3/dist-packages/oslo_config/cfg.py:2609
2025-03-24 00:36:54.931 153569 DEBUG oslo_service.service [req-cbe39919-2659-4c08-a73b-688c5a442e85 - - - - -] api.vendordata_dynamic_ssl_certfile = log_opt_values /usr/lib/python3/dist-packages/oslo_config/cfg.py:2609
2025-03-24 00:36:54.931 153569 DEBUG oslo_service.service [req-cbe39919-2659-4c08-a73b-688c5a442e85 - - - - -] api.vendordata_dynamic_targets = [] log_opt_values /usr/lib/python3/dist-packages/oslo_config/cfg.py:2609
2025-03-24 00:36:54.932 153569 DEBUG oslo_service.service [req-cbe39919-2659-4c08-a73b-688c5a442e85 - - - - -] api.vendordata_jsonfile_path = None log_opt_values /usr/lib/python3/dist-packages/oslo_config/cfg.py:2609
2025-03-24 00:36:54.932 153798 DEBUG oslo_db.sqlalchemy.engines [req-4993fc8d-4fd6-4e4a-8f26-52cd864a513b - - - - -] MySQL server mode set to STRICT_TRANS_TABLES,STRICT_ALL_TABLES,NO_ZERO_IN_DATE,NO_ZERO_DATE,ERROR_FOR_DIVISION_BY_ZERO,TRADITIONAL,NO_ENGINE_SUBSTITUTION _check_effective_sql_mode /usr/lib/python3/dist-packages/oslo_db/sqlalchemy/engines.py:314
2025-03-24 00:36:54.932 153569 DEBUG oslo_service.service [req-cbe39919-2659-4c08-a73b-688c5a442e85 - - - - -] api.vendordata_providers = ['StaticJSON'] log_opt_values /usr/lib/python3/dist-packages/oslo_config/cfg.py:2609
2025-03-24 00:36:54.932 153569 DEBUG oslo_service.service [req-cbe39919-2659-4c08-a73b-688c5a442e85 - - - - -] cache.backend = dogpile.cache.null log_opt_values /usr/lib/python3/dist-packages/oslo_config/cfg.py:2609
2025-03-24 00:36:54.932 153569 DEBUG oslo_service.service [req-cbe39919-2659-4c08-a73b-688c5a442e85 - - - - -] cache.backend_argument = **** log_opt_values /usr/lib/python3/dist-packages/oslo_config/cfg.py:2609
2025-03-24 00:36:54.933 153569 DEBUG oslo_service.service [req-cbe39919-2659-4c08-a73b-688c5a442e85 - - - - -] cache.config_prefix = cache.oslo log_opt_values /usr/lib/python3/dist-packages/oslo_config/cfg.py:2609
2025-03-24 00:36:54.933 153569 DEBUG oslo_service.service [req-cbe39919-2659-4c08-a73b-688c5a442e85 - - - - -] cache.debug_cache_backend = False log_opt_values /usr/lib/python3/dist-packages/oslo_config/cfg.py:2609
2025-03-24 00:36:54.934 153569 DEBUG oslo_service.service [req-cbe39919-2659-4c08-a73b-688c5a442e85 - - - - -] cache.enabled = False log_opt_values /usr/lib/python3/dist-packages/oslo_config/cfg.py:2609
2025-03-24 00:36:54.934 153569 DEBUG oslo_service.service [req-cbe39919-2659-4c08-a73b-688c5a442e85 - - - - -] cache.expiration_time = 600 log_opt_values /usr/lib/python3/dist-packages/oslo_config/cfg.py:2609
2025-03-24 00:36:54.936 153569 DEBUG oslo_service.service [req-cbe39919-2659-4c08-a73b-688c5a442e85 - - - - -] cache.memcache_dead_retry = 300 log_opt_values /usr/lib/python3/dist-packages/oslo_config/cfg.py:2609
2025-03-24 00:36:54.936 153569 DEBUG oslo_service.service [req-cbe39919-2659-4c08-a73b-688c5a442e85 - - - - -] cache.memcache_pool_connection_get_timeout = 10 log_opt_values /usr/lib/python3/dist-packages/oslo_config/cfg.py:2609
2025-03-24 00:36:54.936 153806 DEBUG nova.service [req-e725ed5e-d7ac-4a16-8127-59a873c438bf - - - - -] Creating RPC server for service conductor start /usr/lib/python3/dist-packages/nova/service.py:182
2025-03-24 00:36:54.937 153569 DEBUG oslo_service.service [req-cbe39919-2659-4c08-a73b-688c5a442e85 - - - - -] cache.memcache_pool_flush_on_reconnect = False log_opt_values /usr/lib/python3/dist-packages/oslo_config/cfg.py:2609
2025-03-24 00:36:54.937 153569 DEBUG oslo_service.service [req-cbe39919-2659-4c08-a73b-688c5a442e85 - - - - -] cache.memcache_pool_maxsize = 10 log_opt_values /usr/lib/python3/dist-packages/oslo_config/cfg.py:2609
2025-03-24 00:36:54.939 153569 DEBUG oslo_service.service [req-cbe39919-2659-4c08-a73b-688c5a442e85 - - - - -] cache.memcache_pool_unused_timeout = 60 log_opt_values /usr/lib/python3/dist-packages/oslo_config/cfg.py:2609
2025-03-24 00:36:54.939 153569 DEBUG oslo_service.service [req-cbe39919-2659-4c08-a73b-688c5a442e85 - - - - -] cache.memcache_servers = ['localhost:11211'] log_opt_values /usr/lib/python3/dist-packages/oslo_config/cfg.py:2609
2025-03-24 00:36:54.940 153569 DEBUG oslo_service.service [req-cbe39919-2659-4c08-a73b-688c5a442e85 - - - - -] cache.memcache_socket_timeout = 1.0 log_opt_values /usr/lib/python3/dist-packages/oslo_config/cfg.py:2609
2025-03-24 00:36:54.940 153569 DEBUG oslo_service.service [req-cbe39919-2659-4c08-a73b-688c5a442e85 - - - - -] cache.proxies = [] log_opt_values /usr/lib/python3/dist-packages/oslo_config/cfg.py:2609
2025-03-24 00:36:54.942 153569 DEBUG oslo_service.service [req-cbe39919-2659-4c08-a73b-688c5a442e85 - - - - -] cache.tls_allowed_ciphers = None log_opt_values /usr/lib/python3/dist-packages/oslo_config/cfg.py:2609
2025-03-24 00:36:54.944 153569 DEBUG oslo_service.service [req-cbe39919-2659-4c08-a73b-688c5a442e85 - - - - -] cache.tls_cafile = None log_opt_values /usr/lib/python3/dist-packages/oslo_config/cfg.py:2609
2025-03-24 00:36:54.945 153569 DEBUG oslo_service.service [req-cbe39919-2659-4c08-a73b-688c5a442e85 - - - - -] cache.tls_certfile = None log_opt_values /usr/lib/python3/dist-packages/oslo_config/cfg.py:2609
2025-03-24 00:36:54.946 153798 DEBUG nova.service [req-4993fc8d-4fd6-4e4a-8f26-52cd864a513b - - - - -] Creating RPC server for service conductor start /usr/lib/python3/dist-packages/nova/service.py:182
2025-03-24 00:36:54.946 153569 DEBUG oslo_service.service [req-cbe39919-2659-4c08-a73b-688c5a442e85 - - - - -] cache.tls_enabled = False log_opt_values /usr/lib/python3/dist-packages/oslo_config/cfg.py:2609
2025-03-24 00:36:54.947 153569 DEBUG oslo_service.service [req-cbe39919-2659-4c08-a73b-688c5a442e85 - - - - -] cache.tls_keyfile = None log_opt_values /usr/lib/python3/dist-packages/oslo_config/cfg.py:2609
2025-03-24 00:36:54.947 153569 DEBUG oslo_service.service [req-cbe39919-2659-4c08-a73b-688c5a442e85 - - - - -] cinder.auth_section = None log_opt_values /usr/lib/python3/dist-packages/oslo_config/cfg.py:2609
2025-03-24 00:36:54.947 153569 DEBUG oslo_service.service [req-cbe39919-2659-4c08-a73b-688c5a442e85 - - - - -] cinder.auth_type = None log_opt_values /usr/lib/python3/dist-packages/oslo_config/cfg.py:2609
2025-03-24 00:36:54.948 153569 DEBUG oslo_service.service [req-cbe39919-2659-4c08-a73b-688c5a442e85 - - - - -] cinder.cafile = None log_opt_values /usr/lib/python3/dist-packages/oslo_config/cfg.py:2609
2025-03-24 00:36:54.948 153569 DEBUG oslo_service.service [req-cbe39919-2659-4c08-a73b-688c5a442e85 - - - - -] cinder.catalog_info = volumev3::publicURL log_opt_values /usr/lib/python3/dist-packages/oslo_config/cfg.py:2609
2025-03-24 00:36:54.948 153569 DEBUG oslo_service.service [req-cbe39919-2659-4c08-a73b-688c5a442e85 - - - - -] cinder.certfile = None log_opt_values /usr/lib/python3/dist-packages/oslo_config/cfg.py:2609
2025-03-24 00:36:54.949 153569 DEBUG oslo_service.service [req-cbe39919-2659-4c08-a73b-688c5a442e85 - - - - -] cinder.collect_timing = False log_opt_values /usr/lib/python3/dist-packages/oslo_config/cfg.py:2609
2025-03-24 00:36:54.949 153569 DEBUG oslo_service.service [req-cbe39919-2659-4c08-a73b-688c5a442e85 - - - - -] cinder.cross_az_attach = True log_opt_values /usr/lib/python3/dist-packages/oslo_config/cfg.py:2609
2025-03-24 00:36:54.949 153569 DEBUG oslo_service.service [req-cbe39919-2659-4c08-a73b-688c5a442e85 - - - - -] cinder.debug = False log_opt_values /usr/lib/python3/dist-packages/oslo_config/cfg.py:2609
2025-03-24 00:36:54.949 153569 DEBUG oslo_service.service [req-cbe39919-2659-4c08-a73b-688c5a442e85 - - - - -] cinder.endpoint_template = None log_opt_values /usr/lib/python3/dist-packages/oslo_config/cfg.py:2609
2025-03-24 00:36:54.952 153569 DEBUG oslo_service.service [req-cbe39919-2659-4c08-a73b-688c5a442e85 - - - - -] cinder.http_retries = 3 log_opt_values /usr/lib/python3/dist-packages/oslo_config/cfg.py:2609
2025-03-24 00:36:54.952 153569 DEBUG oslo_service.service [req-cbe39919-2659-4c08-a73b-688c5a442e85 - - - - -] cinder.insecure = False log_opt_values /usr/lib/python3/dist-packages/oslo_config/cfg.py:2609
2025-03-24 00:36:54.952 153805 DEBUG nova.service [req-e6bfab54-4dbe-4e1f-929e-853a7d171283 - - - - -] Creating RPC server for service conductor start /usr/lib/python3/dist-packages/nova/service.py:182
2025-03-24 00:36:54.952 153569 DEBUG oslo_service.service [req-cbe39919-2659-4c08-a73b-688c5a442e85 - - - - -] cinder.keyfile = None log_opt_values /usr/lib/python3/dist-packages/oslo_config/cfg.py:2609
2025-03-24 00:36:54.952 153569 DEBUG oslo_service.service [req-cbe39919-2659-4c08-a73b-688c5a442e85 - - - - -] cinder.os_region_name = None log_opt_values /usr/lib/python3/dist-packages/oslo_config/cfg.py:2609
2025-03-24 00:36:54.952 153569 DEBUG oslo_service.service [req-cbe39919-2659-4c08-a73b-688c5a442e85 - - - - -] cinder.split_loggers = False log_opt_values /usr/lib/python3/dist-packages/oslo_config/cfg.py:2609
2025-03-24 00:36:54.953 153569 DEBUG oslo_service.service [req-cbe39919-2659-4c08-a73b-688c5a442e85 - - - - -] cinder.timeout = None log_opt_values /usr/lib/python3/dist-packages/oslo_config/cfg.py:2609
2025-03-24 00:36:54.953 153569 DEBUG oslo_service.service [req-cbe39919-2659-4c08-a73b-688c5a442e85 - - - - -] compute.consecutive_build_service_disable_threshold = 10 log_opt_values /usr/lib/python3/dist-packages/oslo_config/cfg.py:2609
2025-03-24 00:36:54.953 153569 DEBUG oslo_service.service [req-cbe39919-2659-4c08-a73b-688c5a442e85 - - - - -] compute.cpu_dedicated_set = None log_opt_values /usr/lib/python3/dist-packages/oslo_config/cfg.py:2609
2025-03-24 00:36:54.953 153569 DEBUG oslo_service.service [req-cbe39919-2659-4c08-a73b-688c5a442e85 - - - - -] compute.cpu_shared_set = None log_opt_values /usr/lib/python3/dist-packages/oslo_config/cfg.py:2609
2025-03-24 00:36:54.953 153569 DEBUG oslo_service.service [req-cbe39919-2659-4c08-a73b-688c5a442e85 - - - - -] compute.image_type_exclude_list = [] log_opt_values /usr/lib/python3/dist-packages/oslo_config/cfg.py:2609
2025-03-24 00:36:54.955 153569 DEBUG oslo_service.service [req-cbe39919-2659-4c08-a73b-688c5a442e85 - - - - -] compute.live_migration_wait_for_vif_plug = True log_opt_values /usr/lib/python3/dist-packages/oslo_config/cfg.py:2609
2025-03-24 00:36:54.955 153569 DEBUG oslo_service.service [req-cbe39919-2659-4c08-a73b-688c5a442e85 - - - - -] compute.max_concurrent_disk_ops = 0 log_opt_values /usr/lib/python3/dist-packages/oslo_config/cfg.py:2609
2025-03-24 00:36:54.955 153569 DEBUG oslo_service.service [req-cbe39919-2659-4c08-a73b-688c5a442e85 - - - - -] compute.max_disk_devices_to_attach = -1 log_opt_values /usr/lib/python3/dist-packages/oslo_config/cfg.py:2609
2025-03-24 00:36:54.955 153569 DEBUG oslo_service.service [req-cbe39919-2659-4c08-a73b-688c5a442e85 - - - - -] compute.packing_host_numa_cells_allocation_strategy = True log_opt_values /usr/lib/python3/dist-packages/oslo_config/cfg.py:2609
2025-03-24 00:36:54.955 153569 DEBUG oslo_service.service [req-cbe39919-2659-4c08-a73b-688c5a442e85 - - - - -] compute.provider_config_location = /etc/nova/provider_config/ log_opt_values /usr/lib/python3/dist-packages/oslo_config/cfg.py:2609
2025-03-24 00:36:54.955 153569 DEBUG oslo_service.service [req-cbe39919-2659-4c08-a73b-688c5a442e85 - - - - -] compute.resource_provider_association_refresh = 300 log_opt_values /usr/lib/python3/dist-packages/oslo_config/cfg.py:2609
2025-03-24 00:36:54.956 153569 DEBUG oslo_service.service [req-cbe39919-2659-4c08-a73b-688c5a442e85 - - - - -] compute.shutdown_retry_interval = 10 log_opt_values /usr/lib/python3/dist-packages/oslo_config/cfg.py:2609
2025-03-24 00:36:54.956 153569 DEBUG oslo_service.service [req-cbe39919-2659-4c08-a73b-688c5a442e85 - - - - -] compute.vmdk_allowed_types = ['streamOptimized', 'monolithicSparse'] log_opt_values /usr/lib/python3/dist-packages/oslo_config/cfg.py:2609
2025-03-24 00:36:54.956 153569 DEBUG oslo_service.service [req-cbe39919-2659-4c08-a73b-688c5a442e85 - - - - -] conductor.workers = 4 log_opt_values /usr/lib/python3/dist-packages/oslo_config/cfg.py:2609
2025-03-24 00:36:54.956 153569 DEBUG oslo_service.service [req-cbe39919-2659-4c08-a73b-688c5a442e85 - - - - -] console.allowed_origins = [] log_opt_values /usr/lib/python3/dist-packages/oslo_config/cfg.py:2609
2025-03-24 00:36:54.957 153569 DEBUG oslo_service.service [req-cbe39919-2659-4c08-a73b-688c5a442e85 - - - - -] console.ssl_ciphers = None log_opt_values /usr/lib/python3/dist-packages/oslo_config/cfg.py:2609
2025-03-24 00:36:54.957 153569 DEBUG oslo_service.service [req-cbe39919-2659-4c08-a73b-688c5a442e85 - - - - -] console.ssl_minimum_version = default log_opt_values /usr/lib/python3/dist-packages/oslo_config/cfg.py:2609
2025-03-24 00:36:54.957 153569 DEBUG oslo_service.service [req-cbe39919-2659-4c08-a73b-688c5a442e85 - - - - -] consoleauth.token_ttl = 600 log_opt_values /usr/lib/python3/dist-packages/oslo_config/cfg.py:2609
2025-03-24 00:36:54.957 153569 DEBUG oslo_service.service [req-cbe39919-2659-4c08-a73b-688c5a442e85 - - - - -] cyborg.cafile = None log_opt_values /usr/lib/python3/dist-packages/oslo_config/cfg.py:2609
2025-03-24 00:36:54.957 153569 DEBUG oslo_service.service [req-cbe39919-2659-4c08-a73b-688c5a442e85 - - - - -] cyborg.certfile = None log_opt_values /usr/lib/python3/dist-packages/oslo_config/cfg.py:2609
2025-03-24 00:36:54.958 153569 DEBUG oslo_service.service [req-cbe39919-2659-4c08-a73b-688c5a442e85 - - - - -] cyborg.collect_timing = False log_opt_values /usr/lib/python3/dist-packages/oslo_config/cfg.py:2609
2025-03-24 00:36:54.958 153569 DEBUG oslo_service.service [req-cbe39919-2659-4c08-a73b-688c5a442e85 - - - - -] cyborg.connect_retries = None log_opt_values /usr/lib/python3/dist-packages/oslo_config/cfg.py:2609
2025-03-24 00:36:54.959 153569 DEBUG oslo_service.service [req-cbe39919-2659-4c08-a73b-688c5a442e85 - - - - -] cyborg.connect_retry_delay = None log_opt_values /usr/lib/python3/dist-packages/oslo_config/cfg.py:2609
2025-03-24 00:36:54.959 153569 DEBUG oslo_service.service [req-cbe39919-2659-4c08-a73b-688c5a442e85 - - - - -] cyborg.endpoint_override = None log_opt_values /usr/lib/python3/dist-packages/oslo_config/cfg.py:2609
2025-03-24 00:36:54.959 153569 DEBUG oslo_service.service [req-cbe39919-2659-4c08-a73b-688c5a442e85 - - - - -] cyborg.insecure = False log_opt_values /usr/lib/python3/dist-packages/oslo_config/cfg.py:2609
2025-03-24 00:36:54.959 153569 DEBUG oslo_service.service [req-cbe39919-2659-4c08-a73b-688c5a442e85 - - - - -] cyborg.keyfile = None log_opt_values /usr/lib/python3/dist-packages/oslo_config/cfg.py:2609
2025-03-24 00:36:54.960 153569 DEBUG oslo_service.service [req-cbe39919-2659-4c08-a73b-688c5a442e85 - - - - -] cyborg.max_version = None log_opt_values /usr/lib/python3/dist-packages/oslo_config/cfg.py:2609
2025-03-24 00:36:54.960 153569 DEBUG oslo_service.service [req-cbe39919-2659-4c08-a73b-688c5a442e85 - - - - -] cyborg.min_version = None log_opt_values /usr/lib/python3/dist-packages/oslo_config/cfg.py:2609
2025-03-24 00:36:54.960 153569 DEBUG oslo_service.service [req-cbe39919-2659-4c08-a73b-688c5a442e85 - - - - -] cyborg.region_name = None log_opt_values /usr/lib/python3/dist-packages/oslo_config/cfg.py:2609
2025-03-24 00:36:54.962 153569 DEBUG oslo_service.service [req-cbe39919-2659-4c08-a73b-688c5a442e85 - - - - -] cyborg.service_name = None log_opt_values /usr/lib/python3/dist-packages/oslo_config/cfg.py:2609
2025-03-24 00:36:54.962 153569 DEBUG oslo_service.service [req-cbe39919-2659-4c08-a73b-688c5a442e85 - - - - -] cyborg.service_type = accelerator log_opt_values /usr/lib/python3/dist-packages/oslo_config/cfg.py:2609
2025-03-24 00:36:54.962 153569 DEBUG oslo_service.service [req-cbe39919-2659-4c08-a73b-688c5a442e85 - - - - -] cyborg.split_loggers = False log_opt_values /usr/lib/python3/dist-packages/oslo_config/cfg.py:2609
2025-03-24 00:36:54.963 153569 DEBUG oslo_service.service [req-cbe39919-2659-4c08-a73b-688c5a442e85 - - - - -] cyborg.status_code_retries = None log_opt_values /usr/lib/python3/dist-packages/oslo_config/cfg.py:2609
2025-03-24 00:36:54.964 153804 DEBUG oslo_messaging._drivers.amqpdriver [-] Listener is running poll /usr/lib/python3/dist-packages/oslo_messaging/_drivers/amqpdriver.py:343
2025-03-24 00:36:54.964 153804 DEBUG oslo_messaging._drivers.amqpdriver [-] AMQPListener connection consume poll /usr/lib/python3/dist-packages/oslo_messaging/_drivers/amqpdriver.py:357
2025-03-24 00:36:54.965 153804 DEBUG nova.service [req-c3b82371-8095-4e97-a61d-4787dde8e3ae - - - - -] Join ServiceGroup membership for this service conductor start /usr/lib/python3/dist-packages/nova/service.py:199
2025-03-24 00:36:54.963 153569 DEBUG oslo_service.service [req-cbe39919-2659-4c08-a73b-688c5a442e85 - - - - -] cyborg.status_code_retry_delay = None log_opt_values /usr/lib/python3/dist-packages/oslo_config/cfg.py:2609
2025-03-24 00:36:54.965 153804 DEBUG nova.servicegroup.drivers.db [req-c3b82371-8095-4e97-a61d-4787dde8e3ae - - - - -] DB_Driver: join new ServiceGroup member juju-7fb011-0-lxd-7 to the conductor group, service = join /usr/lib/python3/dist-packages/nova/servicegroup/drivers/db.py:44
2025-03-24 00:36:54.967 153569 DEBUG oslo_service.service [req-cbe39919-2659-4c08-a73b-688c5a442e85 - - - - -] cyborg.timeout = None log_opt_values /usr/lib/python3/dist-packages/oslo_config/cfg.py:2609
2025-03-24 00:36:54.967 153569 DEBUG oslo_service.service [req-cbe39919-2659-4c08-a73b-688c5a442e85 - - - - -] cyborg.valid_interfaces = ['internal', 'public'] log_opt_values /usr/lib/python3/dist-packages/oslo_config/cfg.py:2609
2025-03-24 00:36:54.968 153569 DEBUG oslo_service.service [req-cbe39919-2659-4c08-a73b-688c5a442e85 - - - - -] cyborg.version = None log_opt_values /usr/lib/python3/dist-packages/oslo_config/cfg.py:2609
2025-03-24 00:36:54.968 153569 DEBUG oslo_service.service [req-cbe39919-2659-4c08-a73b-688c5a442e85 - - - - -] database.backend = sqlalchemy log_opt_values /usr/lib/python3/dist-packages/oslo_config/cfg.py:2609
2025-03-24 00:36:54.968 153569 DEBUG oslo_service.service [req-cbe39919-2659-4c08-a73b-688c5a442e85 - - - - -] database.connection = **** log_opt_values /usr/lib/python3/dist-packages/oslo_config/cfg.py:2609
2025-03-24 00:36:54.968 153804 DEBUG oslo_messaging._drivers.amqpdriver [-] AMQPListener connection timeout poll /usr/lib/python3/dist-packages/oslo_messaging/_drivers/amqpdriver.py:360
2025-03-24 00:36:54.968 153804 DEBUG oslo_messaging._drivers.amqpdriver [-] Listener is running poll /usr/lib/python3/dist-packages/oslo_messaging/_drivers/amqpdriver.py:343
2025-03-24 00:36:54.969 153804 DEBUG oslo_messaging._drivers.amqpdriver [-] AMQPListener connection consume poll /usr/lib/python3/dist-packages/oslo_messaging/_drivers/amqpdriver.py:357
2025-03-24 00:36:54.969 153569 DEBUG oslo_service.service [req-cbe39919-2659-4c08-a73b-688c5a442e85 - - - - -] database.connection_debug = 0 log_opt_values /usr/lib/python3/dist-packages/oslo_config/cfg.py:2609
2025-03-24 00:36:54.969 153569 DEBUG oslo_service.service [req-cbe39919-2659-4c08-a73b-688c5a442e85 - - - - -] database.connection_parameters = log_opt_values /usr/lib/python3/dist-packages/oslo_config/cfg.py:2609
2025-03-24 00:36:54.969 153569 DEBUG oslo_service.service [req-cbe39919-2659-4c08-a73b-688c5a442e85 - - - - -] database.connection_recycle_time = 3600 log_opt_values /usr/lib/python3/dist-packages/oslo_config/cfg.py:2609
2025-03-24 00:36:54.969 153569 DEBUG oslo_service.service [req-cbe39919-2659-4c08-a73b-688c5a442e85 - - - - -] database.connection_trace = False log_opt_values /usr/lib/python3/dist-packages/oslo_config/cfg.py:2609
2025-03-24 00:36:54.970 153569 DEBUG oslo_service.service [req-cbe39919-2659-4c08-a73b-688c5a442e85 - - - - -] database.db_inc_retry_interval = True log_opt_values /usr/lib/python3/dist-packages/oslo_config/cfg.py:2609
2025-03-24 00:36:54.970 153569 DEBUG oslo_service.service [req-cbe39919-2659-4c08-a73b-688c5a442e85 - - - - -] database.db_max_retries = 20 log_opt_values /usr/lib/python3/dist-packages/oslo_config/cfg.py:2609
2025-03-24 00:36:54.970 153569 DEBUG oslo_service.service [req-cbe39919-2659-4c08-a73b-688c5a442e85 - - - - -] database.db_max_retry_interval = 10 log_opt_values /usr/lib/python3/dist-packages/oslo_config/cfg.py:2609
2025-03-24 00:36:54.970 153569 DEBUG oslo_service.service [req-cbe39919-2659-4c08-a73b-688c5a442e85 - - - - -] database.db_retry_interval = 1 log_opt_values /usr/lib/python3/dist-packages/oslo_config/cfg.py:2609
2025-03-24 00:36:54.970 153569 DEBUG oslo_service.service [req-cbe39919-2659-4c08-a73b-688c5a442e85 - - - - -] database.max_overflow = 50 log_opt_values /usr/lib/python3/dist-packages/oslo_config/cfg.py:2609
2025-03-24 00:36:54.970 153569 DEBUG oslo_service.service [req-cbe39919-2659-4c08-a73b-688c5a442e85 - - - - -] database.max_pool_size = 4 log_opt_values /usr/lib/python3/dist-packages/oslo_config/cfg.py:2609
2025-03-24 00:36:54.971 153569 DEBUG oslo_service.service [req-cbe39919-2659-4c08-a73b-688c5a442e85 - - - - -] database.max_retries = 10 log_opt_values /usr/lib/python3/dist-packages/oslo_config/cfg.py:2609
2025-03-24 00:36:54.971 153569 DEBUG oslo_service.service [req-cbe39919-2659-4c08-a73b-688c5a442e85 - - - - -] database.mysql_enable_ndb = False log_opt_values /usr/lib/python3/dist-packages/oslo_config/cfg.py:2609
2025-03-24 00:36:54.971 153569 DEBUG oslo_service.service [req-cbe39919-2659-4c08-a73b-688c5a442e85 - - - - -] database.mysql_sql_mode = TRADITIONAL log_opt_values /usr/lib/python3/dist-packages/oslo_config/cfg.py:2609
2025-03-24 00:36:54.971 153569 DEBUG oslo_service.service [req-cbe39919-2659-4c08-a73b-688c5a442e85 - - - - -] database.pool_timeout = None log_opt_values /usr/lib/python3/dist-packages/oslo_config/cfg.py:2609
2025-03-24 00:36:54.971 153569 DEBUG oslo_service.service [req-cbe39919-2659-4c08-a73b-688c5a442e85 - - - - -] database.retry_interval = 10 log_opt_values /usr/lib/python3/dist-packages/oslo_config/cfg.py:2609
2025-03-24 00:36:54.972 153569 DEBUG oslo_service.service [req-cbe39919-2659-4c08-a73b-688c5a442e85 - - - - -] database.slave_connection = **** log_opt_values /usr/lib/python3/dist-packages/oslo_config/cfg.py:2609
2025-03-24 00:36:54.972 153569 DEBUG oslo_service.service [req-cbe39919-2659-4c08-a73b-688c5a442e85 - - - - -] database.sqlite_synchronous = True log_opt_values /usr/lib/python3/dist-packages/oslo_config/cfg.py:2609
2025-03-24 00:36:54.972 153569 DEBUG oslo_service.service [req-cbe39919-2659-4c08-a73b-688c5a442e85 - - - - -] database.use_db_reconnect = False log_opt_values /usr/lib/python3/dist-packages/oslo_config/cfg.py:2609
2025-03-24 00:36:54.972 153569 DEBUG oslo_service.service [req-cbe39919-2659-4c08-a73b-688c5a442e85 - - - - -] api_database.backend = sqlalchemy log_opt_values /usr/lib/python3/dist-packages/oslo_config/cfg.py:2609
2025-03-24 00:36:54.972 153569 DEBUG oslo_service.service [req-cbe39919-2659-4c08-a73b-688c5a442e85 - - - - -] api_database.connection = **** log_opt_values /usr/lib/python3/dist-packages/oslo_config/cfg.py:2609
2025-03-24 00:36:54.973 153569 DEBUG oslo_service.service [req-cbe39919-2659-4c08-a73b-688c5a442e85 - - - - -] api_database.connection_debug = 0 log_opt_values /usr/lib/python3/dist-packages/oslo_config/cfg.py:2609
2025-03-24 00:36:54.973 153569 DEBUG oslo_service.service [req-cbe39919-2659-4c08-a73b-688c5a442e85 - - - - -] api_database.connection_parameters = log_opt_values /usr/lib/python3/dist-packages/oslo_config/cfg.py:2609
2025-03-24 00:36:54.973 153569 DEBUG oslo_service.service [req-cbe39919-2659-4c08-a73b-688c5a442e85 - - - - -] api_database.connection_recycle_time = 3600 log_opt_values /usr/lib/python3/dist-packages/oslo_config/cfg.py:2609
2025-03-24 00:36:54.972 153806 DEBUG oslo_messaging._drivers.amqpdriver [-] Listener is running poll /usr/lib/python3/dist-packages/oslo_messaging/_drivers/amqpdriver.py:343
2025-03-24 00:36:54.973 153569 DEBUG oslo_service.service [req-cbe39919-2659-4c08-a73b-688c5a442e85 - - - - -] api_database.connection_trace = False log_opt_values /usr/lib/python3/dist-packages/oslo_config/cfg.py:2609
2025-03-24 00:36:54.973 153806 DEBUG oslo_messaging._drivers.amqpdriver [-] AMQPListener connection consume poll /usr/lib/python3/dist-packages/oslo_messaging/_drivers/amqpdriver.py:357
2025-03-24 00:36:54.974 153569 DEBUG oslo_service.service [req-cbe39919-2659-4c08-a73b-688c5a442e85 - - - - -] api_database.db_inc_retry_interval = True log_opt_values /usr/lib/python3/dist-packages/oslo_config/cfg.py:2609
2025-03-24 00:36:54.974 153569 DEBUG oslo_service.service [req-cbe39919-2659-4c08-a73b-688c5a442e85 - - - - -] api_database.db_max_retries = 20 log_opt_values /usr/lib/python3/dist-packages/oslo_config/cfg.py:2609
2025-03-24 00:36:54.974 153806 DEBUG nova.service [req-e725ed5e-d7ac-4a16-8127-59a873c438bf - - - - -] Join ServiceGroup membership for this service conductor start /usr/lib/python3/dist-packages/nova/service.py:199
2025-03-24 00:36:54.974 153569 DEBUG oslo_service.service [req-cbe39919-2659-4c08-a73b-688c5a442e85 - - - - -] api_database.db_max_retry_interval = 10 log_opt_values /usr/lib/python3/dist-packages/oslo_config/cfg.py:2609
2025-03-24 00:36:54.974 153806 DEBUG nova.servicegroup.drivers.db [req-e725ed5e-d7ac-4a16-8127-59a873c438bf - - - - -] DB_Driver: join new ServiceGroup member juju-7fb011-0-lxd-7 to the conductor group, service = join /usr/lib/python3/dist-packages/nova/servicegroup/drivers/db.py:44
2025-03-24 00:36:54.974 153569 DEBUG oslo_service.service [req-cbe39919-2659-4c08-a73b-688c5a442e85 - - - - -] api_database.db_retry_interval = 1 log_opt_values /usr/lib/python3/dist-packages/oslo_config/cfg.py:2609
2025-03-24 00:36:54.975 153569 DEBUG oslo_service.service [req-cbe39919-2659-4c08-a73b-688c5a442e85 - - - - -] api_database.max_overflow = 50 log_opt_values /usr/lib/python3/dist-packages/oslo_config/cfg.py:2609
2025-03-24 00:36:54.975 153569 DEBUG oslo_service.service [req-cbe39919-2659-4c08-a73b-688c5a442e85 - - - - -] api_database.max_pool_size = 4 log_opt_values /usr/lib/python3/dist-packages/oslo_config/cfg.py:2609
2025-03-24 00:36:54.975 153569 DEBUG oslo_service.service [req-cbe39919-2659-4c08-a73b-688c5a442e85 - - - - -] api_database.max_retries = 10 log_opt_values /usr/lib/python3/dist-packages/oslo_config/cfg.py:2609
2025-03-24 00:36:54.975 153569 DEBUG oslo_service.service [req-cbe39919-2659-4c08-a73b-688c5a442e85 - - - - -] api_database.mysql_enable_ndb = False log_opt_values /usr/lib/python3/dist-packages/oslo_config/cfg.py:2609
2025-03-24 00:36:54.976 153569 DEBUG oslo_service.service [req-cbe39919-2659-4c08-a73b-688c5a442e85 - - - - -] api_database.mysql_sql_mode = TRADITIONAL log_opt_values /usr/lib/python3/dist-packages/oslo_config/cfg.py:2609
2025-03-24 00:36:54.976 153569 DEBUG oslo_service.service [req-cbe39919-2659-4c08-a73b-688c5a442e85 - - - - -] api_database.pool_timeout = None log_opt_values /usr/lib/python3/dist-packages/oslo_config/cfg.py:2609
2025-03-24 00:36:54.976 153569 DEBUG oslo_service.service [req-cbe39919-2659-4c08-a73b-688c5a442e85 - - - - -] api_database.retry_interval = 10 log_opt_values /usr/lib/python3/dist-packages/oslo_config/cfg.py:2609
2025-03-24 00:36:54.976 153569 DEBUG oslo_service.service [req-cbe39919-2659-4c08-a73b-688c5a442e85 - - - - -] api_database.slave_connection = **** log_opt_values /usr/lib/python3/dist-packages/oslo_config/cfg.py:2609
2025-03-24 00:36:54.977 153569 DEBUG oslo_service.service [req-cbe39919-2659-4c08-a73b-688c5a442e85 - - - - -] api_database.sqlite_synchronous = True log_opt_values /usr/lib/python3/dist-packages/oslo_config/cfg.py:2609
2025-03-24 00:36:54.977 153569 DEBUG oslo_service.service [req-cbe39919-2659-4c08-a73b-688c5a442e85 - - - - -] devices.enabled_mdev_types = [] log_opt_values /usr/lib/python3/dist-packages/oslo_config/cfg.py:2609
2025-03-24 00:36:54.977 153569 DEBUG oslo_service.service [req-cbe39919-2659-4c08-a73b-688c5a442e85 - - - - -] ephemeral_storage_encryption.cipher = aes-xts-plain64 log_opt_values /usr/lib/python3/dist-packages/oslo_config/cfg.py:2609
2025-03-24 00:36:54.978 153569 DEBUG oslo_service.service [req-cbe39919-2659-4c08-a73b-688c5a442e85 - - - - -] ephemeral_storage_encryption.enabled = False log_opt_values /usr/lib/python3/dist-packages/oslo_config/cfg.py:2609
2025-03-24 00:36:54.978 153569 DEBUG oslo_service.service [req-cbe39919-2659-4c08-a73b-688c5a442e85 - - - - -] ephemeral_storage_encryption.key_size = 512 log_opt_values /usr/lib/python3/dist-packages/oslo_config/cfg.py:2609
2025-03-24 00:36:54.978 153806 DEBUG oslo_messaging._drivers.amqpdriver [-] AMQPListener connection timeout poll /usr/lib/python3/dist-packages/oslo_messaging/_drivers/amqpdriver.py:360
2025-03-24 00:36:54.978 153798 DEBUG oslo_messaging._drivers.amqpdriver [-] Listener is running poll /usr/lib/python3/dist-packages/oslo_messaging/_drivers/amqpdriver.py:343
2025-03-24 00:36:54.978 153806 DEBUG oslo_messaging._drivers.amqpdriver [-] Listener is running poll /usr/lib/python3/dist-packages/oslo_messaging/_drivers/amqpdriver.py:343
2025-03-24 00:36:54.978 153569 WARNING oslo_config.cfg [req-cbe39919-2659-4c08-a73b-688c5a442e85 - - - - -] Deprecated: Option "api_servers" from group "glance" is deprecated for removal ( Support for image service configuration via standard keystoneauth1 Adapter options was added in the 17.0.0 Queens release. The api_servers option was retained temporarily to allow consumers time to cut over to a real load balancing solution. ). Its value may be silently ignored in the future.
2025-03-24 00:36:54.978 153806 DEBUG oslo_messaging._drivers.amqpdriver [-] AMQPListener connection consume poll /usr/lib/python3/dist-packages/oslo_messaging/_drivers/amqpdriver.py:357
2025-03-24 00:36:54.978 153798 DEBUG oslo_messaging._drivers.amqpdriver [-] AMQPListener connection consume poll /usr/lib/python3/dist-packages/oslo_messaging/_drivers/amqpdriver.py:357
2025-03-24 00:36:54.978 153569 DEBUG oslo_service.service [req-cbe39919-2659-4c08-a73b-688c5a442e85 - - - - -] glance.api_servers = ['http://252.40.122.148:9292'] log_opt_values /usr/lib/python3/dist-packages/oslo_config/cfg.py:2609
2025-03-24 00:36:54.979 153569 DEBUG oslo_service.service [req-cbe39919-2659-4c08-a73b-688c5a442e85 - - - - -] glance.cafile = None log_opt_values /usr/lib/python3/dist-packages/oslo_config/cfg.py:2609
2025-03-24 00:36:54.979 153569 DEBUG oslo_service.service [req-cbe39919-2659-4c08-a73b-688c5a442e85 - - - - -] glance.certfile = None log_opt_values /usr/lib/python3/dist-packages/oslo_config/cfg.py:2609
2025-03-24 00:36:54.979 153569 DEBUG oslo_service.service [req-cbe39919-2659-4c08-a73b-688c5a442e85 - - - - -] glance.collect_timing = False log_opt_values /usr/lib/python3/dist-packages/oslo_config/cfg.py:2609
2025-03-24 00:36:54.979 153569 DEBUG oslo_service.service [req-cbe39919-2659-4c08-a73b-688c5a442e85 - - - - -] glance.connect_retries = None log_opt_values /usr/lib/python3/dist-packages/oslo_config/cfg.py:2609
2025-03-24 00:36:54.979 153798 DEBUG nova.service [req-4993fc8d-4fd6-4e4a-8f26-52cd864a513b - - - - -] Join ServiceGroup membership for this service conductor start /usr/lib/python3/dist-packages/nova/service.py:199
2025-03-24 00:36:54.979 153569 DEBUG oslo_service.service [req-cbe39919-2659-4c08-a73b-688c5a442e85 - - - - -] glance.connect_retry_delay = None log_opt_values /usr/lib/python3/dist-packages/oslo_config/cfg.py:2609
2025-03-24 00:36:54.979 153798 DEBUG nova.servicegroup.drivers.db [req-4993fc8d-4fd6-4e4a-8f26-52cd864a513b - - - - -] DB_Driver: join new ServiceGroup member juju-7fb011-0-lxd-7 to the conductor group, service = join /usr/lib/python3/dist-packages/nova/servicegroup/drivers/db.py:44
2025-03-24 00:36:54.979 153569 DEBUG oslo_service.service [req-cbe39919-2659-4c08-a73b-688c5a442e85 - - - - -] glance.debug = False log_opt_values /usr/lib/python3/dist-packages/oslo_config/cfg.py:2609
2025-03-24 00:36:54.980 153569 DEBUG oslo_service.service [req-cbe39919-2659-4c08-a73b-688c5a442e85 - - - - -] glance.default_trusted_certificate_ids = [] log_opt_values /usr/lib/python3/dist-packages/oslo_config/cfg.py:2609
2025-03-24 00:36:54.980 153569 DEBUG oslo_service.service [req-cbe39919-2659-4c08-a73b-688c5a442e85 - - - - -] glance.enable_certificate_validation = False log_opt_values /usr/lib/python3/dist-packages/oslo_config/cfg.py:2609
2025-03-24 00:36:54.980 153569 DEBUG oslo_service.service [req-cbe39919-2659-4c08-a73b-688c5a442e85 - - - - -] glance.enable_rbd_download = False log_opt_values /usr/lib/python3/dist-packages/oslo_config/cfg.py:2609
2025-03-24 00:36:54.980 153569 DEBUG oslo_service.service [req-cbe39919-2659-4c08-a73b-688c5a442e85 - - - - -] glance.endpoint_override = None log_opt_values /usr/lib/python3/dist-packages/oslo_config/cfg.py:2609
2025-03-24 00:36:54.980 153569 DEBUG oslo_service.service [req-cbe39919-2659-4c08-a73b-688c5a442e85 - - - - -] glance.insecure = False log_opt_values /usr/lib/python3/dist-packages/oslo_config/cfg.py:2609
2025-03-24 00:36:54.980 153569 DEBUG oslo_service.service [req-cbe39919-2659-4c08-a73b-688c5a442e85 - - - - -] glance.keyfile = None log_opt_values /usr/lib/python3/dist-packages/oslo_config/cfg.py:2609
2025-03-24 00:36:54.981 153569 DEBUG oslo_service.service [req-cbe39919-2659-4c08-a73b-688c5a442e85 - - - - -] glance.max_version = None log_opt_values /usr/lib/python3/dist-packages/oslo_config/cfg.py:2609
2025-03-24 00:36:54.981 153569 DEBUG oslo_service.service [req-cbe39919-2659-4c08-a73b-688c5a442e85 - - - - -] glance.min_version = None log_opt_values /usr/lib/python3/dist-packages/oslo_config/cfg.py:2609
2025-03-24 00:36:54.981 153569 DEBUG oslo_service.service [req-cbe39919-2659-4c08-a73b-688c5a442e85 - - - - -] glance.num_retries = 3 log_opt_values /usr/lib/python3/dist-packages/oslo_config/cfg.py:2609
2025-03-24 00:36:54.981 153569 DEBUG oslo_service.service [req-cbe39919-2659-4c08-a73b-688c5a442e85 - - - - -] glance.rbd_ceph_conf = log_opt_values /usr/lib/python3/dist-packages/oslo_config/cfg.py:2609
2025-03-24 00:36:54.981 153569 DEBUG oslo_service.service [req-cbe39919-2659-4c08-a73b-688c5a442e85 - - - - -] glance.rbd_connect_timeout = 5 log_opt_values /usr/lib/python3/dist-packages/oslo_config/cfg.py:2609
2025-03-24 00:36:54.981 153569 DEBUG oslo_service.service [req-cbe39919-2659-4c08-a73b-688c5a442e85 - - - - -] glance.rbd_pool = log_opt_values /usr/lib/python3/dist-packages/oslo_config/cfg.py:2609
2025-03-24 00:36:54.982 153569 DEBUG oslo_service.service [req-cbe39919-2659-4c08-a73b-688c5a442e85 - - - - -] glance.rbd_user = log_opt_values /usr/lib/python3/dist-packages/oslo_config/cfg.py:2609
2025-03-24 00:36:54.982 153569 DEBUG oslo_service.service [req-cbe39919-2659-4c08-a73b-688c5a442e85 - - - - -] glance.region_name = None log_opt_values /usr/lib/python3/dist-packages/oslo_config/cfg.py:2609
2025-03-24 00:36:54.982 153569 DEBUG oslo_service.service [req-cbe39919-2659-4c08-a73b-688c5a442e85 - - - - -] glance.service_name = None log_opt_values /usr/lib/python3/dist-packages/oslo_config/cfg.py:2609
2025-03-24 00:36:54.982 153569 DEBUG oslo_service.service [req-cbe39919-2659-4c08-a73b-688c5a442e85 - - - - -] glance.service_type = image log_opt_values /usr/lib/python3/dist-packages/oslo_config/cfg.py:2609
2025-03-24 00:36:54.982 153569 DEBUG oslo_service.service [req-cbe39919-2659-4c08-a73b-688c5a442e85 - - - - -] glance.split_loggers = False log_opt_values /usr/lib/python3/dist-packages/oslo_config/cfg.py:2609
2025-03-24 00:36:54.982 153569 DEBUG oslo_service.service [req-cbe39919-2659-4c08-a73b-688c5a442e85 - - - - -] glance.status_code_retries = None log_opt_values /usr/lib/python3/dist-packages/oslo_config/cfg.py:2609
2025-03-24 00:36:54.983 153569 DEBUG oslo_service.service [req-cbe39919-2659-4c08-a73b-688c5a442e85 - - - - -] glance.status_code_retry_delay = None log_opt_values /usr/lib/python3/dist-packages/oslo_config/cfg.py:2609
2025-03-24 00:36:54.984 153569 DEBUG oslo_service.service [req-cbe39919-2659-4c08-a73b-688c5a442e85 - - - - -] glance.timeout = None log_opt_values /usr/lib/python3/dist-packages/oslo_config/cfg.py:2609
2025-03-24 00:36:54.983 153798 DEBUG oslo_messaging._drivers.amqpdriver [-] AMQPListener connection timeout poll /usr/lib/python3/dist-packages/oslo_messaging/_drivers/amqpdriver.py:360
2025-03-24 00:36:54.984 153569 DEBUG oslo_service.service [req-cbe39919-2659-4c08-a73b-688c5a442e85 - - - - -] glance.valid_interfaces = ['internal', 'public'] log_opt_values /usr/lib/python3/dist-packages/oslo_config/cfg.py:2609
2025-03-24 00:36:54.984 153798 DEBUG oslo_messaging._drivers.amqpdriver [-] Listener is running poll /usr/lib/python3/dist-packages/oslo_messaging/_drivers/amqpdriver.py:343
2025-03-24 00:36:54.985 153798 DEBUG oslo_messaging._drivers.amqpdriver [-] AMQPListener connection consume poll /usr/lib/python3/dist-packages/oslo_messaging/_drivers/amqpdriver.py:357
2025-03-24 00:36:54.985 153569 DEBUG oslo_service.service [req-cbe39919-2659-4c08-a73b-688c5a442e85 - - - - -] glance.verify_glance_signatures = False log_opt_values /usr/lib/python3/dist-packages/oslo_config/cfg.py:2609
2025-03-24 00:36:54.985 153569 DEBUG oslo_service.service [req-cbe39919-2659-4c08-a73b-688c5a442e85 - - - - -] glance.version = None log_opt_values /usr/lib/python3/dist-packages/oslo_config/cfg.py:2609
2025-03-24 00:36:54.985 153569 DEBUG oslo_service.service [req-cbe39919-2659-4c08-a73b-688c5a442e85 - - - - -] guestfs.debug = False log_opt_values /usr/lib/python3/dist-packages/oslo_config/cfg.py:2609
2025-03-24 00:36:54.986 153569 DEBUG oslo_service.service [req-cbe39919-2659-4c08-a73b-688c5a442e85 - - - - -] hyperv.config_drive_cdrom = False log_opt_values /usr/lib/python3/dist-packages/oslo_config/cfg.py:2609
2025-03-24 00:36:54.987 153569 DEBUG oslo_service.service [req-cbe39919-2659-4c08-a73b-688c5a442e85 - - - - -] hyperv.config_drive_inject_password = False log_opt_values /usr/lib/python3/dist-packages/oslo_config/cfg.py:2609
2025-03-24 00:36:54.987 153569 DEBUG oslo_service.service [req-cbe39919-2659-4c08-a73b-688c5a442e85 - - - - -] hyperv.dynamic_memory_ratio = 1.0 log_opt_values /usr/lib/python3/dist-packages/oslo_config/cfg.py:2609
2025-03-24 00:36:54.987 153569 DEBUG oslo_service.service [req-cbe39919-2659-4c08-a73b-688c5a442e85 - - - - -] hyperv.enable_instance_metrics_collection = False log_opt_values /usr/lib/python3/dist-packages/oslo_config/cfg.py:2609
2025-03-24 00:36:54.988 153569 DEBUG oslo_service.service [req-cbe39919-2659-4c08-a73b-688c5a442e85 - - - - -] hyperv.enable_remotefx = False log_opt_values /usr/lib/python3/dist-packages/oslo_config/cfg.py:2609
2025-03-24 00:36:54.988 153569 DEBUG oslo_service.service [req-cbe39919-2659-4c08-a73b-688c5a442e85 - - - - -] hyperv.instances_path_share = log_opt_values /usr/lib/python3/dist-packages/oslo_config/cfg.py:2609
2025-03-24 00:36:54.989 153569 DEBUG oslo_service.service [req-cbe39919-2659-4c08-a73b-688c5a442e85 - - - - -] hyperv.iscsi_initiator_list = [] log_opt_values /usr/lib/python3/dist-packages/oslo_config/cfg.py:2609
2025-03-24 00:36:54.989 153569 DEBUG oslo_service.service [req-cbe39919-2659-4c08-a73b-688c5a442e85 - - - - -] hyperv.limit_cpu_features = False log_opt_values /usr/lib/python3/dist-packages/oslo_config/cfg.py:2609
2025-03-24 00:36:54.989 153569 DEBUG oslo_service.service [req-cbe39919-2659-4c08-a73b-688c5a442e85 - - - - -] hyperv.mounted_disk_query_retry_count = 10 log_opt_values /usr/lib/python3/dist-packages/oslo_config/cfg.py:2609
2025-03-24 00:36:54.990 153569 DEBUG oslo_service.service [req-cbe39919-2659-4c08-a73b-688c5a442e85 - - - - -] hyperv.mounted_disk_query_retry_interval = 5 log_opt_values /usr/lib/python3/dist-packages/oslo_config/cfg.py:2609
2025-03-24 00:36:54.990 153569 DEBUG oslo_service.service [req-cbe39919-2659-4c08-a73b-688c5a442e85 - - - - -] hyperv.power_state_check_timeframe = 60 log_opt_values /usr/lib/python3/dist-packages/oslo_config/cfg.py:2609
2025-03-24 00:36:54.990 153569 DEBUG oslo_service.service [req-cbe39919-2659-4c08-a73b-688c5a442e85 - - - - -] hyperv.power_state_event_polling_interval = 2 log_opt_values /usr/lib/python3/dist-packages/oslo_config/cfg.py:2609
2025-03-24 00:36:54.990 153569 DEBUG oslo_service.service [req-cbe39919-2659-4c08-a73b-688c5a442e85 - - - - -] hyperv.qemu_img_cmd = qemu-img.exe log_opt_values /usr/lib/python3/dist-packages/oslo_config/cfg.py:2609
2025-03-24 00:36:54.991 153569 DEBUG oslo_service.service [req-cbe39919-2659-4c08-a73b-688c5a442e85 - - - - -] hyperv.use_multipath_io = False log_opt_values /usr/lib/python3/dist-packages/oslo_config/cfg.py:2609
2025-03-24 00:36:54.991 153805 DEBUG oslo_messaging._drivers.amqpdriver [-] Listener is running poll /usr/lib/python3/dist-packages/oslo_messaging/_drivers/amqpdriver.py:343
2025-03-24 00:36:54.991 153805 DEBUG oslo_messaging._drivers.amqpdriver [-] AMQPListener connection consume poll /usr/lib/python3/dist-packages/oslo_messaging/_drivers/amqpdriver.py:357
2025-03-24 00:36:54.992 153569 DEBUG oslo_service.service [req-cbe39919-2659-4c08-a73b-688c5a442e85 - - - - -] hyperv.volume_attach_retry_count = 10 log_opt_values /usr/lib/python3/dist-packages/oslo_config/cfg.py:2609
2025-03-24 00:36:54.992 153569 DEBUG oslo_service.service [req-cbe39919-2659-4c08-a73b-688c5a442e85 - - - - -] hyperv.volume_attach_retry_interval = 5 log_opt_values /usr/lib/python3/dist-packages/oslo_config/cfg.py:2609
2025-03-24 00:36:54.992 153569 DEBUG oslo_service.service [req-cbe39919-2659-4c08-a73b-688c5a442e85 - - - - -] hyperv.vswitch_name = None log_opt_values /usr/lib/python3/dist-packages/oslo_config/cfg.py:2609
2025-03-24 00:36:54.993 153569 DEBUG oslo_service.service [req-cbe39919-2659-4c08-a73b-688c5a442e85 - - - - -] hyperv.wait_soft_reboot_seconds = 60 log_opt_values /usr/lib/python3/dist-packages/oslo_config/cfg.py:2609
2025-03-24 00:36:54.993 153569 DEBUG oslo_service.service [req-cbe39919-2659-4c08-a73b-688c5a442e85 - - - - -] mks.enabled = False log_opt_values /usr/lib/python3/dist-packages/oslo_config/cfg.py:2609
2025-03-24 00:36:54.993 153805 DEBUG nova.service [req-e6bfab54-4dbe-4e1f-929e-853a7d171283 - - - - -] Join ServiceGroup membership for this service conductor start /usr/lib/python3/dist-packages/nova/service.py:199
2025-03-24 00:36:54.993 153805 DEBUG nova.servicegroup.drivers.db [req-e6bfab54-4dbe-4e1f-929e-853a7d171283 - - - - -] DB_Driver: join new ServiceGroup member juju-7fb011-0-lxd-7 to the conductor group, service = join /usr/lib/python3/dist-packages/nova/servicegroup/drivers/db.py:44
2025-03-24 00:36:54.994 153569 DEBUG oslo_service.service [req-cbe39919-2659-4c08-a73b-688c5a442e85 - - - - -] mks.mksproxy_base_url = http://127.0.0.1:6090/ log_opt_values /usr/lib/python3/dist-packages/oslo_config/cfg.py:2609
2025-03-24 00:36:54.994 153569 DEBUG oslo_service.service [req-cbe39919-2659-4c08-a73b-688c5a442e85 - - - - -] image_cache.manager_interval = 2400 log_opt_values /usr/lib/python3/dist-packages/oslo_config/cfg.py:2609
2025-03-24 00:36:54.994 153569 DEBUG oslo_service.service [req-cbe39919-2659-4c08-a73b-688c5a442e85 - - - - -] image_cache.precache_concurrency = 1 log_opt_values /usr/lib/python3/dist-packages/oslo_config/cfg.py:2609
2025-03-24 00:36:54.994 153569 DEBUG oslo_service.service [req-cbe39919-2659-4c08-a73b-688c5a442e85 - - - - -] image_cache.remove_unused_base_images = True log_opt_values /usr/lib/python3/dist-packages/oslo_config/cfg.py:2609
2025-03-24 00:36:54.994 153569 DEBUG oslo_service.service [req-cbe39919-2659-4c08-a73b-688c5a442e85 - - - - -] image_cache.remove_unused_original_minimum_age_seconds = 86400 log_opt_values /usr/lib/python3/dist-packages/oslo_config/cfg.py:2609
2025-03-24 00:36:54.995 153569 DEBUG oslo_service.service [req-cbe39919-2659-4c08-a73b-688c5a442e85 - - - - -] image_cache.remove_unused_resized_minimum_age_seconds = 3600 log_opt_values /usr/lib/python3/dist-packages/oslo_config/cfg.py:2609
2025-03-24 00:36:54.995 153569 DEBUG oslo_service.service [req-cbe39919-2659-4c08-a73b-688c5a442e85 - - - - -] image_cache.subdirectory_name = _base log_opt_values /usr/lib/python3/dist-packages/oslo_config/cfg.py:2609
2025-03-24 00:36:54.995 153569 DEBUG oslo_service.service [req-cbe39919-2659-4c08-a73b-688c5a442e85 - - - - -] ironic.api_max_retries = 60 log_opt_values /usr/lib/python3/dist-packages/oslo_config/cfg.py:2609
2025-03-24 00:36:54.995 153569 DEBUG oslo_service.service [req-cbe39919-2659-4c08-a73b-688c5a442e85 - - - - -] ironic.api_retry_interval = 2 log_opt_values /usr/lib/python3/dist-packages/oslo_config/cfg.py:2609
2025-03-24 00:36:54.995 153805 DEBUG oslo_messaging._drivers.amqpdriver [-] AMQPListener connection timeout poll /usr/lib/python3/dist-packages/oslo_messaging/_drivers/amqpdriver.py:360
2025-03-24 00:36:54.995 153805 DEBUG oslo_messaging._drivers.amqpdriver [-] Listener is running poll /usr/lib/python3/dist-packages/oslo_messaging/_drivers/amqpdriver.py:343
2025-03-24 00:36:54.995 153569 DEBUG oslo_service.service [req-cbe39919-2659-4c08-a73b-688c5a442e85 - - - - -] ironic.auth_section = None log_opt_values /usr/lib/python3/dist-packages/oslo_config/cfg.py:2609
2025-03-24 00:36:54.995 153805 DEBUG oslo_messaging._drivers.amqpdriver [-] AMQPListener connection consume poll /usr/lib/python3/dist-packages/oslo_messaging/_drivers/amqpdriver.py:357
2025-03-24 00:36:54.995 153569 DEBUG oslo_service.service [req-cbe39919-2659-4c08-a73b-688c5a442e85 - - - - -] ironic.auth_type = None log_opt_values /usr/lib/python3/dist-packages/oslo_config/cfg.py:2609
2025-03-24 00:36:54.995 153569 DEBUG oslo_service.service [req-cbe39919-2659-4c08-a73b-688c5a442e85 - - - - -] ironic.cafile = None log_opt_values /usr/lib/python3/dist-packages/oslo_config/cfg.py:2609
2025-03-24 00:36:54.996 153569 DEBUG oslo_service.service [req-cbe39919-2659-4c08-a73b-688c5a442e85 - - - - -] ironic.certfile = None log_opt_values /usr/lib/python3/dist-packages/oslo_config/cfg.py:2609
2025-03-24 00:36:54.996 153569 DEBUG oslo_service.service [req-cbe39919-2659-4c08-a73b-688c5a442e85 - - - - -] ironic.collect_timing = False log_opt_values /usr/lib/python3/dist-packages/oslo_config/cfg.py:2609
