2025-03-24 00:37:08.541 158523 DEBUG oslo_service.service [req-1aa3e731-b20a-4da1-93e6-da357b501264 - - - - -] cinder.collect_timing = False log_opt_values /usr/lib/python3/dist-packages/oslo_config/cfg.py:2609
2025-03-24 00:37:08.542 158523 DEBUG oslo_service.service [req-1aa3e731-b20a-4da1-93e6-da357b501264 - - - - -] cinder.cross_az_attach = True log_opt_values /usr/lib/python3/dist-packages/oslo_config/cfg.py:2609
2025-03-24 00:37:08.542 158523 DEBUG oslo_service.service [req-1aa3e731-b20a-4da1-93e6-da357b501264 - - - - -] cinder.debug = False log_opt_values /usr/lib/python3/dist-packages/oslo_config/cfg.py:2609
2025-03-24 00:37:08.542 158523 DEBUG oslo_service.service [req-1aa3e731-b20a-4da1-93e6-da357b501264 - - - - -] cinder.endpoint_template = None log_opt_values /usr/lib/python3/dist-packages/oslo_config/cfg.py:2609
2025-03-24 00:37:08.542 158523 DEBUG oslo_service.service [req-1aa3e731-b20a-4da1-93e6-da357b501264 - - - - -] cinder.http_retries = 3 log_opt_values /usr/lib/python3/dist-packages/oslo_config/cfg.py:2609
2025-03-24 00:37:08.542 158523 DEBUG oslo_service.service [req-1aa3e731-b20a-4da1-93e6-da357b501264 - - - - -] cinder.insecure = False log_opt_values /usr/lib/python3/dist-packages/oslo_config/cfg.py:2609
2025-03-24 00:37:08.543 158523 DEBUG oslo_service.service [req-1aa3e731-b20a-4da1-93e6-da357b501264 - - - - -] cinder.keyfile = None log_opt_values /usr/lib/python3/dist-packages/oslo_config/cfg.py:2609
2025-03-24 00:37:08.542 158829 DEBUG oslo_messaging._drivers.amqpdriver [-] Listener is running poll /usr/lib/python3/dist-packages/oslo_messaging/_drivers/amqpdriver.py:343
2025-03-24 00:37:08.543 158523 DEBUG oslo_service.service [req-1aa3e731-b20a-4da1-93e6-da357b501264 - - - - -] cinder.os_region_name = None log_opt_values /usr/lib/python3/dist-packages/oslo_config/cfg.py:2609
2025-03-24 00:37:08.543 158829 DEBUG oslo_messaging._drivers.amqpdriver [-] AMQPListener connection consume poll /usr/lib/python3/dist-packages/oslo_messaging/_drivers/amqpdriver.py:357
2025-03-24 00:37:08.543 158523 DEBUG oslo_service.service [req-1aa3e731-b20a-4da1-93e6-da357b501264 - - - - -] cinder.split_loggers = False log_opt_values /usr/lib/python3/dist-packages/oslo_config/cfg.py:2609
2025-03-24 00:37:08.543 158523 DEBUG oslo_service.service [req-1aa3e731-b20a-4da1-93e6-da357b501264 - - - - -] cinder.timeout = None log_opt_values /usr/lib/python3/dist-packages/oslo_config/cfg.py:2609
2025-03-24 00:37:08.543 158523 DEBUG oslo_service.service [req-1aa3e731-b20a-4da1-93e6-da357b501264 - - - - -] compute.consecutive_build_service_disable_threshold = 10 log_opt_values /usr/lib/python3/dist-packages/oslo_config/cfg.py:2609
2025-03-24 00:37:08.543 158523 DEBUG oslo_service.service [req-1aa3e731-b20a-4da1-93e6-da357b501264 - - - - -] compute.cpu_dedicated_set = None log_opt_values /usr/lib/python3/dist-packages/oslo_config/cfg.py:2609
2025-03-24 00:37:08.544 158523 DEBUG oslo_service.service [req-1aa3e731-b20a-4da1-93e6-da357b501264 - - - - -] compute.cpu_shared_set = None log_opt_values /usr/lib/python3/dist-packages/oslo_config/cfg.py:2609
2025-03-24 00:37:08.543 158829 DEBUG nova.service [req-33cf180c-0959-4669-8ea0-f3ad30f4ece7 - - - - -] Join ServiceGroup membership for this service conductor start /usr/lib/python3/dist-packages/nova/service.py:199
2025-03-24 00:37:08.544 158523 DEBUG oslo_service.service [req-1aa3e731-b20a-4da1-93e6-da357b501264 - - - - -] compute.image_type_exclude_list = [] log_opt_values /usr/lib/python3/dist-packages/oslo_config/cfg.py:2609
2025-03-24 00:37:08.544 158523 DEBUG oslo_service.service [req-1aa3e731-b20a-4da1-93e6-da357b501264 - - - - -] compute.live_migration_wait_for_vif_plug = True log_opt_values /usr/lib/python3/dist-packages/oslo_config/cfg.py:2609
2025-03-24 00:37:08.544 158829 DEBUG nova.servicegroup.drivers.db [req-33cf180c-0959-4669-8ea0-f3ad30f4ece7 - - - - -] DB_Driver: join new ServiceGroup member juju-7fb011-0-lxd-7 to the conductor group, service = join /usr/lib/python3/dist-packages/nova/servicegroup/drivers/db.py:44
2025-03-24 00:37:08.544 158523 DEBUG oslo_service.service [req-1aa3e731-b20a-4da1-93e6-da357b501264 - - - - -] compute.max_concurrent_disk_ops = 0 log_opt_values /usr/lib/python3/dist-packages/oslo_config/cfg.py:2609
2025-03-24 00:37:08.544 158830 DEBUG oslo_messaging._drivers.amqpdriver [-] Listener is running poll /usr/lib/python3/dist-packages/oslo_messaging/_drivers/amqpdriver.py:343
2025-03-24 00:37:08.544 158523 DEBUG oslo_service.service [req-1aa3e731-b20a-4da1-93e6-da357b501264 - - - - -] compute.max_disk_devices_to_attach = -1 log_opt_values /usr/lib/python3/dist-packages/oslo_config/cfg.py:2609
2025-03-24 00:37:08.545 158830 DEBUG oslo_messaging._drivers.amqpdriver [-] AMQPListener connection consume poll /usr/lib/python3/dist-packages/oslo_messaging/_drivers/amqpdriver.py:357
2025-03-24 00:37:08.545 158523 DEBUG oslo_service.service [req-1aa3e731-b20a-4da1-93e6-da357b501264 - - - - -] compute.packing_host_numa_cells_allocation_strategy = True log_opt_values /usr/lib/python3/dist-packages/oslo_config/cfg.py:2609
2025-03-24 00:37:08.545 158523 DEBUG oslo_service.service [req-1aa3e731-b20a-4da1-93e6-da357b501264 - - - - -] compute.provider_config_location = /etc/nova/provider_config/ log_opt_values /usr/lib/python3/dist-packages/oslo_config/cfg.py:2609
2025-03-24 00:37:08.545 158523 DEBUG oslo_service.service [req-1aa3e731-b20a-4da1-93e6-da357b501264 - - - - -] compute.resource_provider_association_refresh = 300 log_opt_values /usr/lib/python3/dist-packages/oslo_config/cfg.py:2609
2025-03-24 00:37:08.545 158523 DEBUG oslo_service.service [req-1aa3e731-b20a-4da1-93e6-da357b501264 - - - - -] compute.shutdown_retry_interval = 10 log_opt_values /usr/lib/python3/dist-packages/oslo_config/cfg.py:2609
2025-03-24 00:37:08.546 158523 DEBUG oslo_service.service [req-1aa3e731-b20a-4da1-93e6-da357b501264 - - - - -] compute.vmdk_allowed_types = ['streamOptimized', 'monolithicSparse'] log_opt_values /usr/lib/python3/dist-packages/oslo_config/cfg.py:2609
2025-03-24 00:37:08.545 158829 DEBUG oslo_messaging._drivers.amqpdriver [-] received message msg_id: c22ae935e421441c86ca3621d96fe652 reply to reply_a7d43f5c4ca741c9a205984e1de6f301 __call__ /usr/lib/python3/dist-packages/oslo_messaging/_drivers/amqpdriver.py:320
2025-03-24 00:37:08.546 158523 DEBUG oslo_service.service [req-1aa3e731-b20a-4da1-93e6-da357b501264 - - - - -] conductor.workers = 4 log_opt_values /usr/lib/python3/dist-packages/oslo_config/cfg.py:2609
2025-03-24 00:37:08.546 158523 DEBUG oslo_service.service [req-1aa3e731-b20a-4da1-93e6-da357b501264 - - - - -] console.allowed_origins = [] log_opt_values /usr/lib/python3/dist-packages/oslo_config/cfg.py:2609
2025-03-24 00:37:08.546 158523 DEBUG oslo_service.service [req-1aa3e731-b20a-4da1-93e6-da357b501264 - - - - -] console.ssl_ciphers = None log_opt_values /usr/lib/python3/dist-packages/oslo_config/cfg.py:2609
2025-03-24 00:37:08.546 158523 DEBUG oslo_service.service [req-1aa3e731-b20a-4da1-93e6-da357b501264 - - - - -] console.ssl_minimum_version = default log_opt_values /usr/lib/python3/dist-packages/oslo_config/cfg.py:2609
2025-03-24 00:37:08.547 158523 DEBUG oslo_service.service [req-1aa3e731-b20a-4da1-93e6-da357b501264 - - - - -] consoleauth.token_ttl = 600 log_opt_values /usr/lib/python3/dist-packages/oslo_config/cfg.py:2609
2025-03-24 00:37:08.547 158523 DEBUG oslo_service.service [req-1aa3e731-b20a-4da1-93e6-da357b501264 - - - - -] cyborg.cafile = None log_opt_values /usr/lib/python3/dist-packages/oslo_config/cfg.py:2609
2025-03-24 00:37:08.546 158830 DEBUG nova.service [req-fc6af1a5-6a28-4fd7-8631-ebd0fb279b3d - - - - -] Join ServiceGroup membership for this service conductor start /usr/lib/python3/dist-packages/nova/service.py:199
2025-03-24 00:37:08.547 158523 DEBUG oslo_service.service [req-1aa3e731-b20a-4da1-93e6-da357b501264 - - - - -] cyborg.certfile = None log_opt_values /usr/lib/python3/dist-packages/oslo_config/cfg.py:2609
2025-03-24 00:37:08.547 158828 DEBUG oslo_messaging._drivers.amqpdriver [-] Listener is running poll /usr/lib/python3/dist-packages/oslo_messaging/_drivers/amqpdriver.py:343
2025-03-24 00:37:08.547 158523 DEBUG oslo_service.service [req-1aa3e731-b20a-4da1-93e6-da357b501264 - - - - -] cyborg.collect_timing = False log_opt_values /usr/lib/python3/dist-packages/oslo_config/cfg.py:2609
2025-03-24 00:37:08.547 158830 DEBUG nova.servicegroup.drivers.db [req-fc6af1a5-6a28-4fd7-8631-ebd0fb279b3d - - - - -] DB_Driver: join new ServiceGroup member juju-7fb011-0-lxd-7 to the conductor group, service = join /usr/lib/python3/dist-packages/nova/servicegroup/drivers/db.py:44
2025-03-24 00:37:08.547 158827 DEBUG oslo_messaging._drivers.amqpdriver [-] Listener is running poll /usr/lib/python3/dist-packages/oslo_messaging/_drivers/amqpdriver.py:343
2025-03-24 00:37:08.547 158828 DEBUG oslo_messaging._drivers.amqpdriver [-] AMQPListener connection consume poll /usr/lib/python3/dist-packages/oslo_messaging/_drivers/amqpdriver.py:357
2025-03-24 00:37:08.547 158827 DEBUG oslo_messaging._drivers.amqpdriver [-] AMQPListener connection consume poll /usr/lib/python3/dist-packages/oslo_messaging/_drivers/amqpdriver.py:357
2025-03-24 00:37:08.547 158523 DEBUG oslo_service.service [req-1aa3e731-b20a-4da1-93e6-da357b501264 - - - - -] cyborg.connect_retries = None log_opt_values /usr/lib/python3/dist-packages/oslo_config/cfg.py:2609
2025-03-24 00:37:08.548 158829 DEBUG oslo_messaging._drivers.amqpdriver [-] AMQPListener connection timeout poll /usr/lib/python3/dist-packages/oslo_messaging/_drivers/amqpdriver.py:360
2025-03-24 00:37:08.548 158523 DEBUG oslo_service.service [req-1aa3e731-b20a-4da1-93e6-da357b501264 - - - - -] cyborg.connect_retry_delay = None log_opt_values /usr/lib/python3/dist-packages/oslo_config/cfg.py:2609
2025-03-24 00:37:08.548 158829 DEBUG oslo_messaging._drivers.amqpdriver [-] Listener is running poll /usr/lib/python3/dist-packages/oslo_messaging/_drivers/amqpdriver.py:343
2025-03-24 00:37:08.548 158523 DEBUG oslo_service.service [req-1aa3e731-b20a-4da1-93e6-da357b501264 - - - - -] cyborg.endpoint_override = None log_opt_values /usr/lib/python3/dist-packages/oslo_config/cfg.py:2609
2025-03-24 00:37:08.548 158829 DEBUG oslo_messaging._drivers.amqpdriver [-] Poll the incoming message with unique_id: aeecbb4ac0044730b178053d93b63ade poll /usr/lib/python3/dist-packages/oslo_messaging/_drivers/amqpdriver.py:346
2025-03-24 00:37:08.548 158523 DEBUG oslo_service.service [req-1aa3e731-b20a-4da1-93e6-da357b501264 - - - - -] cyborg.insecure = False log_opt_values /usr/lib/python3/dist-packages/oslo_config/cfg.py:2609
2025-03-24 00:37:08.548 158828 DEBUG nova.service [req-119e0631-3d39-4a77-94f9-29ff11580acf - - - - -] Join ServiceGroup membership for this service conductor start /usr/lib/python3/dist-packages/nova/service.py:199
2025-03-24 00:37:08.548 158829 DEBUG oslo_messaging._drivers.amqpdriver [-] Listener is running poll /usr/lib/python3/dist-packages/oslo_messaging/_drivers/amqpdriver.py:343
2025-03-24 00:37:08.548 158523 DEBUG oslo_service.service [req-1aa3e731-b20a-4da1-93e6-da357b501264 - - - - -] cyborg.keyfile = None log_opt_values /usr/lib/python3/dist-packages/oslo_config/cfg.py:2609
2025-03-24 00:37:08.548 158829 DEBUG oslo_messaging._drivers.amqpdriver [-] AMQPListener connection consume poll /usr/lib/python3/dist-packages/oslo_messaging/_drivers/amqpdriver.py:357
2025-03-24 00:37:08.548 158523 DEBUG oslo_service.service [req-1aa3e731-b20a-4da1-93e6-da357b501264 - - - - -] cyborg.max_version = None log_opt_values /usr/lib/python3/dist-packages/oslo_config/cfg.py:2609
2025-03-24 00:37:08.548 158827 DEBUG nova.service [req-a8ef8533-c912-4bab-92d7-7261e7587486 - - - - -] Join ServiceGroup membership for this service conductor start /usr/lib/python3/dist-packages/nova/service.py:199
2025-03-24 00:37:08.548 158828 DEBUG nova.servicegroup.drivers.db [req-119e0631-3d39-4a77-94f9-29ff11580acf - - - - -] DB_Driver: join new ServiceGroup member juju-7fb011-0-lxd-7 to the conductor group, service = join /usr/lib/python3/dist-packages/nova/servicegroup/drivers/db.py:44
2025-03-24 00:37:08.548 158523 DEBUG oslo_service.service [req-1aa3e731-b20a-4da1-93e6-da357b501264 - - - - -] cyborg.min_version = None log_opt_values /usr/lib/python3/dist-packages/oslo_config/cfg.py:2609
2025-03-24 00:37:08.549 158827 DEBUG nova.servicegroup.drivers.db [req-a8ef8533-c912-4bab-92d7-7261e7587486 - - - - -] DB_Driver: join new ServiceGroup member juju-7fb011-0-lxd-7 to the conductor group, service = join /usr/lib/python3/dist-packages/nova/servicegroup/drivers/db.py:44
2025-03-24 00:37:08.549 158523 DEBUG oslo_service.service [req-1aa3e731-b20a-4da1-93e6-da357b501264 - - - - -] cyborg.region_name = None log_opt_values /usr/lib/python3/dist-packages/oslo_config/cfg.py:2609
2025-03-24 00:37:08.549 158523 DEBUG oslo_service.service [req-1aa3e731-b20a-4da1-93e6-da357b501264 - - - - -] cyborg.service_name = None log_opt_values /usr/lib/python3/dist-packages/oslo_config/cfg.py:2609
2025-03-24 00:37:08.549 158523 DEBUG oslo_service.service [req-1aa3e731-b20a-4da1-93e6-da357b501264 - - - - -] cyborg.service_type = accelerator log_opt_values /usr/lib/python3/dist-packages/oslo_config/cfg.py:2609
2025-03-24 00:37:08.549 158523 DEBUG oslo_service.service [req-1aa3e731-b20a-4da1-93e6-da357b501264 - - - - -] cyborg.split_loggers = False log_opt_values /usr/lib/python3/dist-packages/oslo_config/cfg.py:2609
2025-03-24 00:37:08.549 158523 DEBUG oslo_service.service [req-1aa3e731-b20a-4da1-93e6-da357b501264 - - - - -] cyborg.status_code_retries = None log_opt_values /usr/lib/python3/dist-packages/oslo_config/cfg.py:2609
2025-03-24 00:37:08.549 158523 DEBUG oslo_service.service [req-1aa3e731-b20a-4da1-93e6-da357b501264 - - - - -] cyborg.status_code_retry_delay = None log_opt_values /usr/lib/python3/dist-packages/oslo_config/cfg.py:2609
2025-03-24 00:37:08.549 158830 DEBUG oslo_messaging._drivers.amqpdriver [-] AMQPListener connection timeout poll /usr/lib/python3/dist-packages/oslo_messaging/_drivers/amqpdriver.py:360
2025-03-24 00:37:08.550 158523 DEBUG oslo_service.service [req-1aa3e731-b20a-4da1-93e6-da357b501264 - - - - -] cyborg.timeout = None log_opt_values /usr/lib/python3/dist-packages/oslo_config/cfg.py:2609
2025-03-24 00:37:08.550 158830 DEBUG oslo_messaging._drivers.amqpdriver [-] Listener is running poll /usr/lib/python3/dist-packages/oslo_messaging/_drivers/amqpdriver.py:343
2025-03-24 00:37:08.550 158523 DEBUG oslo_service.service [req-1aa3e731-b20a-4da1-93e6-da357b501264 - - - - -] cyborg.valid_interfaces = ['internal', 'public'] log_opt_values /usr/lib/python3/dist-packages/oslo_config/cfg.py:2609
2025-03-24 00:37:08.550 158830 DEBUG oslo_messaging._drivers.amqpdriver [-] AMQPListener connection consume poll /usr/lib/python3/dist-packages/oslo_messaging/_drivers/amqpdriver.py:357
2025-03-24 00:37:08.550 158523 DEBUG oslo_service.service [req-1aa3e731-b20a-4da1-93e6-da357b501264 - - - - -] cyborg.version = None log_opt_values /usr/lib/python3/dist-packages/oslo_config/cfg.py:2609
2025-03-24 00:37:08.550 158523 DEBUG oslo_service.service [req-1aa3e731-b20a-4da1-93e6-da357b501264 - - - - -] database.backend = sqlalchemy log_opt_values /usr/lib/python3/dist-packages/oslo_config/cfg.py:2609
2025-03-24 00:37:08.550 158523 DEBUG oslo_service.service [req-1aa3e731-b20a-4da1-93e6-da357b501264 - - - - -] database.connection = **** log_opt_values /usr/lib/python3/dist-packages/oslo_config/cfg.py:2609
2025-03-24 00:37:08.550 158523 DEBUG oslo_service.service [req-1aa3e731-b20a-4da1-93e6-da357b501264 - - - - -] database.connection_debug = 0 log_opt_values /usr/lib/python3/dist-packages/oslo_config/cfg.py:2609
2025-03-24 00:37:08.551 158523 DEBUG oslo_service.service [req-1aa3e731-b20a-4da1-93e6-da357b501264 - - - - -] database.connection_parameters = log_opt_values /usr/lib/python3/dist-packages/oslo_config/cfg.py:2609
2025-03-24 00:37:08.551 158523 DEBUG oslo_service.service [req-1aa3e731-b20a-4da1-93e6-da357b501264 - - - - -] database.connection_recycle_time = 3600 log_opt_values /usr/lib/python3/dist-packages/oslo_config/cfg.py:2609
2025-03-24 00:37:08.551 158828 DEBUG oslo_messaging._drivers.amqpdriver [-] AMQPListener connection timeout poll /usr/lib/python3/dist-packages/oslo_messaging/_drivers/amqpdriver.py:360
2025-03-24 00:37:08.551 158828 DEBUG oslo_messaging._drivers.amqpdriver [-] Listener is running poll /usr/lib/python3/dist-packages/oslo_messaging/_drivers/amqpdriver.py:343
2025-03-24 00:37:08.551 158523 DEBUG oslo_service.service [req-1aa3e731-b20a-4da1-93e6-da357b501264 - - - - -] database.connection_trace = False log_opt_values /usr/lib/python3/dist-packages/oslo_config/cfg.py:2609
2025-03-24 00:37:08.551 158828 DEBUG oslo_messaging._drivers.amqpdriver [-] AMQPListener connection consume poll /usr/lib/python3/dist-packages/oslo_messaging/_drivers/amqpdriver.py:357
2025-03-24 00:37:08.551 158523 DEBUG oslo_service.service [req-1aa3e731-b20a-4da1-93e6-da357b501264 - - - - -] database.db_inc_retry_interval = True log_opt_values /usr/lib/python3/dist-packages/oslo_config/cfg.py:2609
2025-03-24 00:37:08.551 158523 DEBUG oslo_service.service [req-1aa3e731-b20a-4da1-93e6-da357b501264 - - - - -] database.db_max_retries = 20 log_opt_values /usr/lib/python3/dist-packages/oslo_config/cfg.py:2609
2025-03-24 00:37:08.551 158827 DEBUG oslo_messaging._drivers.amqpdriver [-] AMQPListener connection timeout poll /usr/lib/python3/dist-packages/oslo_messaging/_drivers/amqpdriver.py:360
2025-03-24 00:37:08.551 158523 DEBUG oslo_service.service [req-1aa3e731-b20a-4da1-93e6-da357b501264 - - - - -] database.db_max_retry_interval = 10 log_opt_values /usr/lib/python3/dist-packages/oslo_config/cfg.py:2609
2025-03-24 00:37:08.552 158827 DEBUG oslo_messaging._drivers.amqpdriver [-] Listener is running poll /usr/lib/python3/dist-packages/oslo_messaging/_drivers/amqpdriver.py:343
2025-03-24 00:37:08.552 158523 DEBUG oslo_service.service [req-1aa3e731-b20a-4da1-93e6-da357b501264 - - - - -] database.db_retry_interval = 1 log_opt_values /usr/lib/python3/dist-packages/oslo_config/cfg.py:2609
2025-03-24 00:37:08.552 158827 DEBUG oslo_messaging._drivers.amqpdriver [-] AMQPListener connection consume poll /usr/lib/python3/dist-packages/oslo_messaging/_drivers/amqpdriver.py:357
2025-03-24 00:37:08.552 158523 DEBUG oslo_service.service [req-1aa3e731-b20a-4da1-93e6-da357b501264 - - - - -] database.max_overflow = 50 log_opt_values /usr/lib/python3/dist-packages/oslo_config/cfg.py:2609
2025-03-24 00:37:08.552 158523 DEBUG oslo_service.service [req-1aa3e731-b20a-4da1-93e6-da357b501264 - - - - -] database.max_pool_size = 4 log_opt_values /usr/lib/python3/dist-packages/oslo_config/cfg.py:2609
2025-03-24 00:37:08.552 158523 DEBUG oslo_service.service [req-1aa3e731-b20a-4da1-93e6-da357b501264 - - - - -] database.max_retries = 10 log_opt_values /usr/lib/python3/dist-packages/oslo_config/cfg.py:2609
2025-03-24 00:37:08.552 158523 DEBUG oslo_service.service [req-1aa3e731-b20a-4da1-93e6-da357b501264 - - - - -] database.mysql_enable_ndb = False log_opt_values /usr/lib/python3/dist-packages/oslo_config/cfg.py:2609
2025-03-24 00:37:08.553 158523 DEBUG oslo_service.service [req-1aa3e731-b20a-4da1-93e6-da357b501264 - - - - -] database.mysql_sql_mode = TRADITIONAL log_opt_values /usr/lib/python3/dist-packages/oslo_config/cfg.py:2609
2025-03-24 00:37:08.553 158523 DEBUG oslo_service.service [req-1aa3e731-b20a-4da1-93e6-da357b501264 - - - - -] database.pool_timeout = None log_opt_values /usr/lib/python3/dist-packages/oslo_config/cfg.py:2609
2025-03-24 00:37:08.553 158523 DEBUG oslo_service.service [req-1aa3e731-b20a-4da1-93e6-da357b501264 - - - - -] database.retry_interval = 10 log_opt_values /usr/lib/python3/dist-packages/oslo_config/cfg.py:2609
2025-03-24 00:37:08.553 158523 DEBUG oslo_service.service [req-1aa3e731-b20a-4da1-93e6-da357b501264 - - - - -] database.slave_connection = **** log_opt_values /usr/lib/python3/dist-packages/oslo_config/cfg.py:2609
2025-03-24 00:37:08.553 158523 DEBUG oslo_service.service [req-1aa3e731-b20a-4da1-93e6-da357b501264 - - - - -] database.sqlite_synchronous = True log_opt_values /usr/lib/python3/dist-packages/oslo_config/cfg.py:2609
2025-03-24 00:37:08.553 158523 DEBUG oslo_service.service [req-1aa3e731-b20a-4da1-93e6-da357b501264 - - - - -] database.use_db_reconnect = False log_opt_values /usr/lib/python3/dist-packages/oslo_config/cfg.py:2609
2025-03-24 00:37:08.554 158523 DEBUG oslo_service.service [req-1aa3e731-b20a-4da1-93e6-da357b501264 - - - - -] api_database.backend = sqlalchemy log_opt_values /usr/lib/python3/dist-packages/oslo_config/cfg.py:2609
2025-03-24 00:37:08.554 158523 DEBUG oslo_service.service [req-1aa3e731-b20a-4da1-93e6-da357b501264 - - - - -] api_database.connection = **** log_opt_values /usr/lib/python3/dist-packages/oslo_config/cfg.py:2609
2025-03-24 00:37:08.554 158523 DEBUG oslo_service.service [req-1aa3e731-b20a-4da1-93e6-da357b501264 - - - - -] api_database.connection_debug = 0 log_opt_values /usr/lib/python3/dist-packages/oslo_config/cfg.py:2609
2025-03-24 00:37:08.554 158523 DEBUG oslo_service.service [req-1aa3e731-b20a-4da1-93e6-da357b501264 - - - - -] api_database.connection_parameters = log_opt_values /usr/lib/python3/dist-packages/oslo_config/cfg.py:2609
2025-03-24 00:37:08.555 158523 DEBUG oslo_service.service [req-1aa3e731-b20a-4da1-93e6-da357b501264 - - - - -] api_database.connection_recycle_time = 3600 log_opt_values /usr/lib/python3/dist-packages/oslo_config/cfg.py:2609
2025-03-24 00:37:08.555 158523 DEBUG oslo_service.service [req-1aa3e731-b20a-4da1-93e6-da357b501264 - - - - -] api_database.connection_trace = False log_opt_values /usr/lib/python3/dist-packages/oslo_config/cfg.py:2609
2025-03-24 00:37:08.555 158523 DEBUG oslo_service.service [req-1aa3e731-b20a-4da1-93e6-da357b501264 - - - - -] api_database.db_inc_retry_interval = True log_opt_values /usr/lib/python3/dist-packages/oslo_config/cfg.py:2609
2025-03-24 00:37:08.555 158523 DEBUG oslo_service.service [req-1aa3e731-b20a-4da1-93e6-da357b501264 - - - - -] api_database.db_max_retries = 20 log_opt_values /usr/lib/python3/dist-packages/oslo_config/cfg.py:2609
2025-03-24 00:37:08.555 158523 DEBUG oslo_service.service [req-1aa3e731-b20a-4da1-93e6-da357b501264 - - - - -] api_database.db_max_retry_interval = 10 log_opt_values /usr/lib/python3/dist-packages/oslo_config/cfg.py:2609
2025-03-24 00:37:08.555 158523 DEBUG oslo_service.service [req-1aa3e731-b20a-4da1-93e6-da357b501264 - - - - -] api_database.db_retry_interval = 1 log_opt_values /usr/lib/python3/dist-packages/oslo_config/cfg.py:2609
2025-03-24 00:37:08.556 158523 DEBUG oslo_service.service [req-1aa3e731-b20a-4da1-93e6-da357b501264 - - - - -] api_database.max_overflow = 50 log_opt_values /usr/lib/python3/dist-packages/oslo_config/cfg.py:2609
2025-03-24 00:37:08.556 158523 DEBUG oslo_service.service [req-1aa3e731-b20a-4da1-93e6-da357b501264 - - - - -] api_database.max_pool_size = 4 log_opt_values /usr/lib/python3/dist-packages/oslo_config/cfg.py:2609
2025-03-24 00:37:08.556 158523 DEBUG oslo_service.service [req-1aa3e731-b20a-4da1-93e6-da357b501264 - - - - -] api_database.max_retries = 10 log_opt_values /usr/lib/python3/dist-packages/oslo_config/cfg.py:2609
2025-03-24 00:37:08.556 158523 DEBUG oslo_service.service [req-1aa3e731-b20a-4da1-93e6-da357b501264 - - - - -] api_database.mysql_enable_ndb = False log_opt_values /usr/lib/python3/dist-packages/oslo_config/cfg.py:2609
2025-03-24 00:37:08.556 158523 DEBUG oslo_service.service [req-1aa3e731-b20a-4da1-93e6-da357b501264 - - - - -] api_database.mysql_sql_mode = TRADITIONAL log_opt_values /usr/lib/python3/dist-packages/oslo_config/cfg.py:2609
2025-03-24 00:37:08.556 158523 DEBUG oslo_service.service [req-1aa3e731-b20a-4da1-93e6-da357b501264 - - - - -] api_database.pool_timeout = None log_opt_values /usr/lib/python3/dist-packages/oslo_config/cfg.py:2609
2025-03-24 00:37:08.557 158523 DEBUG oslo_service.service [req-1aa3e731-b20a-4da1-93e6-da357b501264 - - - - -] api_database.retry_interval = 10 log_opt_values /usr/lib/python3/dist-packages/oslo_config/cfg.py:2609
2025-03-24 00:37:08.557 158829 DEBUG oslo_messaging._drivers.amqpdriver [req-e1e8b3c7-8b2b-4c9b-bc2b-c529f10b367d - - - - -] sending reply msg_id: c22ae935e421441c86ca3621d96fe652 reply queue: reply_a7d43f5c4ca741c9a205984e1de6f301 time elapsed: 0.010820551000051637s _send_reply /usr/lib/python3/dist-packages/oslo_messaging/_drivers/amqpdriver.py:118
2025-03-24 00:37:08.557 158523 DEBUG oslo_service.service [req-1aa3e731-b20a-4da1-93e6-da357b501264 - - - - -] api_database.slave_connection = **** log_opt_values /usr/lib/python3/dist-packages/oslo_config/cfg.py:2609
2025-03-24 00:37:08.557 158523 DEBUG oslo_service.service [req-1aa3e731-b20a-4da1-93e6-da357b501264 - - - - -] api_database.sqlite_synchronous = True log_opt_values /usr/lib/python3/dist-packages/oslo_config/cfg.py:2609
2025-03-24 00:37:08.557 158523 DEBUG oslo_service.service [req-1aa3e731-b20a-4da1-93e6-da357b501264 - - - - -] devices.enabled_mdev_types = [] log_opt_values /usr/lib/python3/dist-packages/oslo_config/cfg.py:2609
2025-03-24 00:37:08.557 158523 DEBUG oslo_service.service [req-1aa3e731-b20a-4da1-93e6-da357b501264 - - - - -] ephemeral_storage_encryption.cipher = aes-xts-plain64 log_opt_values /usr/lib/python3/dist-packages/oslo_config/cfg.py:2609
2025-03-24 00:37:08.558 158523 DEBUG oslo_service.service [req-1aa3e731-b20a-4da1-93e6-da357b501264 - - - - -] ephemeral_storage_encryption.enabled = False log_opt_values /usr/lib/python3/dist-packages/oslo_config/cfg.py:2609
2025-03-24 00:37:08.558 158523 DEBUG oslo_service.service [req-1aa3e731-b20a-4da1-93e6-da357b501264 - - - - -] ephemeral_storage_encryption.key_size = 512 log_opt_values /usr/lib/python3/dist-packages/oslo_config/cfg.py:2609
2025-03-24 00:37:08.558 158523 WARNING oslo_config.cfg [req-1aa3e731-b20a-4da1-93e6-da357b501264 - - - - -] Deprecated: Option "api_servers" from group "glance" is deprecated for removal ( Support for image service configuration via standard keystoneauth1 Adapter options was added in the 17.0.0 Queens release. The api_servers option was retained temporarily to allow consumers time to cut over to a real load balancing solution. ). Its value may be silently ignored in the future.
2025-03-24 00:37:08.558 158523 DEBUG oslo_service.service [req-1aa3e731-b20a-4da1-93e6-da357b501264 - - - - -] glance.api_servers = ['http://252.40.122.148:9292'] log_opt_values /usr/lib/python3/dist-packages/oslo_config/cfg.py:2609
2025-03-24 00:37:08.558 158523 DEBUG oslo_service.service [req-1aa3e731-b20a-4da1-93e6-da357b501264 - - - - -] glance.cafile = None log_opt_values /usr/lib/python3/dist-packages/oslo_config/cfg.py:2609
2025-03-24 00:37:08.559 158523 DEBUG oslo_service.service [req-1aa3e731-b20a-4da1-93e6-da357b501264 - - - - -] glance.certfile = None log_opt_values /usr/lib/python3/dist-packages/oslo_config/cfg.py:2609
2025-03-24 00:37:08.559 158523 DEBUG oslo_service.service [req-1aa3e731-b20a-4da1-93e6-da357b501264 - - - - -] glance.collect_timing = False log_opt_values /usr/lib/python3/dist-packages/oslo_config/cfg.py:2609
2025-03-24 00:37:08.559 158523 DEBUG oslo_service.service [req-1aa3e731-b20a-4da1-93e6-da357b501264 - - - - -] glance.connect_retries = None log_opt_values /usr/lib/python3/dist-packages/oslo_config/cfg.py:2609
2025-03-24 00:37:08.559 158523 DEBUG oslo_service.service [req-1aa3e731-b20a-4da1-93e6-da357b501264 - - - - -] glance.connect_retry_delay = None log_opt_values /usr/lib/python3/dist-packages/oslo_config/cfg.py:2609
2025-03-24 00:37:08.559 158523 DEBUG oslo_service.service [req-1aa3e731-b20a-4da1-93e6-da357b501264 - - - - -] glance.debug = False log_opt_values /usr/lib/python3/dist-packages/oslo_config/cfg.py:2609
2025-03-24 00:37:08.559 158523 DEBUG oslo_service.service [req-1aa3e731-b20a-4da1-93e6-da357b501264 - - - - -] glance.default_trusted_certificate_ids = [] log_opt_values /usr/lib/python3/dist-packages/oslo_config/cfg.py:2609
2025-03-24 00:37:08.560 158523 DEBUG oslo_service.service [req-1aa3e731-b20a-4da1-93e6-da357b501264 - - - - -] glance.enable_certificate_validation = False log_opt_values /usr/lib/python3/dist-packages/oslo_config/cfg.py:2609
2025-03-24 00:37:08.560 158523 DEBUG oslo_service.service [req-1aa3e731-b20a-4da1-93e6-da357b501264 - - - - -] glance.enable_rbd_download = False log_opt_values /usr/lib/python3/dist-packages/oslo_config/cfg.py:2609
2025-03-24 00:37:08.560 158523 DEBUG oslo_service.service [req-1aa3e731-b20a-4da1-93e6-da357b501264 - - - - -] glance.endpoint_override = None log_opt_values /usr/lib/python3/dist-packages/oslo_config/cfg.py:2609
2025-03-24 00:37:08.560 158523 DEBUG oslo_service.service [req-1aa3e731-b20a-4da1-93e6-da357b501264 - - - - -] glance.insecure = False log_opt_values /usr/lib/python3/dist-packages/oslo_config/cfg.py:2609
2025-03-24 00:37:08.560 158523 DEBUG oslo_service.service [req-1aa3e731-b20a-4da1-93e6-da357b501264 - - - - -] glance.keyfile = None log_opt_values /usr/lib/python3/dist-packages/oslo_config/cfg.py:2609
2025-03-24 00:37:08.561 158523 DEBUG oslo_service.service [req-1aa3e731-b20a-4da1-93e6-da357b501264 - - - - -] glance.max_version = None log_opt_values /usr/lib/python3/dist-packages/oslo_config/cfg.py:2609
2025-03-24 00:37:08.561 158523 DEBUG oslo_service.service [req-1aa3e731-b20a-4da1-93e6-da357b501264 - - - - -] glance.min_version = None log_opt_values /usr/lib/python3/dist-packages/oslo_config/cfg.py:2609
2025-03-24 00:37:08.561 158523 DEBUG oslo_service.service [req-1aa3e731-b20a-4da1-93e6-da357b501264 - - - - -] glance.num_retries = 3 log_opt_values /usr/lib/python3/dist-packages/oslo_config/cfg.py:2609
2025-03-24 00:37:08.561 158523 DEBUG oslo_service.service [req-1aa3e731-b20a-4da1-93e6-da357b501264 - - - - -] glance.rbd_ceph_conf = log_opt_values /usr/lib/python3/dist-packages/oslo_config/cfg.py:2609
2025-03-24 00:37:08.561 158523 DEBUG oslo_service.service [req-1aa3e731-b20a-4da1-93e6-da357b501264 - - - - -] glance.rbd_connect_timeout = 5 log_opt_values /usr/lib/python3/dist-packages/oslo_config/cfg.py:2609
2025-03-24 00:37:08.562 158523 DEBUG oslo_service.service [req-1aa3e731-b20a-4da1-93e6-da357b501264 - - - - -] glance.rbd_pool = log_opt_values /usr/lib/python3/dist-packages/oslo_config/cfg.py:2609
2025-03-24 00:37:08.562 158523 DEBUG oslo_service.service [req-1aa3e731-b20a-4da1-93e6-da357b501264 - - - - -] glance.rbd_user = log_opt_values /usr/lib/python3/dist-packages/oslo_config/cfg.py:2609
2025-03-24 00:37:08.562 158523 DEBUG oslo_service.service [req-1aa3e731-b20a-4da1-93e6-da357b501264 - - - - -] glance.region_name = None log_opt_values /usr/lib/python3/dist-packages/oslo_config/cfg.py:2609
2025-03-24 00:37:08.562 158523 DEBUG oslo_service.service [req-1aa3e731-b20a-4da1-93e6-da357b501264 - - - - -] glance.service_name = None log_opt_values /usr/lib/python3/dist-packages/oslo_config/cfg.py:2609
2025-03-24 00:37:08.562 158523 DEBUG oslo_service.service [req-1aa3e731-b20a-4da1-93e6-da357b501264 - - - - -] glance.service_type = image log_opt_values /usr/lib/python3/dist-packages/oslo_config/cfg.py:2609
2025-03-24 00:37:08.563 158523 DEBUG oslo_service.service [req-1aa3e731-b20a-4da1-93e6-da357b501264 - - - - -] glance.split_loggers = False log_opt_values /usr/lib/python3/dist-packages/oslo_config/cfg.py:2609
2025-03-24 00:37:08.563 158523 DEBUG oslo_service.service [req-1aa3e731-b20a-4da1-93e6-da357b501264 - - - - -] glance.status_code_retries = None log_opt_values /usr/lib/python3/dist-packages/oslo_config/cfg.py:2609
2025-03-24 00:37:08.563 158523 DEBUG oslo_service.service [req-1aa3e731-b20a-4da1-93e6-da357b501264 - - - - -] glance.status_code_retry_delay = None log_opt_values /usr/lib/python3/dist-packages/oslo_config/cfg.py:2609
2025-03-24 00:37:08.563 158523 DEBUG oslo_service.service [req-1aa3e731-b20a-4da1-93e6-da357b501264 - - - - -] glance.timeout = None log_opt_values /usr/lib/python3/dist-packages/oslo_config/cfg.py:2609
2025-03-24 00:37:08.564 158523 DEBUG oslo_service.service [req-1aa3e731-b20a-4da1-93e6-da357b501264 - - - - -] glance.valid_interfaces = ['internal', 'public'] log_opt_values /usr/lib/python3/dist-packages/oslo_config/cfg.py:2609
2025-03-24 00:37:08.564 158523 DEBUG oslo_service.service [req-1aa3e731-b20a-4da1-93e6-da357b501264 - - - - -] glance.verify_glance_signatures = False log_opt_values /usr/lib/python3/dist-packages/oslo_config/cfg.py:2609
2025-03-24 00:37:08.564 158523 DEBUG oslo_service.service [req-1aa3e731-b20a-4da1-93e6-da357b501264 - - - - -] glance.version = None log_opt_values /usr/lib/python3/dist-packages/oslo_config/cfg.py:2609
2025-03-24 00:37:08.564 158523 DEBUG oslo_service.service [req-1aa3e731-b20a-4da1-93e6-da357b501264 - - - - -] guestfs.debug = False log_opt_values /usr/lib/python3/dist-packages/oslo_config/cfg.py:2609
2025-03-24 00:37:08.565 158523 DEBUG oslo_service.service [req-1aa3e731-b20a-4da1-93e6-da357b501264 - - - - -] hyperv.config_drive_cdrom = False log_opt_values /usr/lib/python3/dist-packages/oslo_config/cfg.py:2609
2025-03-24 00:37:08.565 158523 DEBUG oslo_service.service [req-1aa3e731-b20a-4da1-93e6-da357b501264 - - - - -] hyperv.config_drive_inject_password = False log_opt_values /usr/lib/python3/dist-packages/oslo_config/cfg.py:2609
2025-03-24 00:37:08.565 158523 DEBUG oslo_service.service [req-1aa3e731-b20a-4da1-93e6-da357b501264 - - - - -] hyperv.dynamic_memory_ratio = 1.0 log_opt_values /usr/lib/python3/dist-packages/oslo_config/cfg.py:2609
2025-03-24 00:37:08.565 158523 DEBUG oslo_service.service [req-1aa3e731-b20a-4da1-93e6-da357b501264 - - - - -] hyperv.enable_instance_metrics_collection = False log_opt_values /usr/lib/python3/dist-packages/oslo_config/cfg.py:2609
2025-03-24 00:37:08.565 158523 DEBUG oslo_service.service [req-1aa3e731-b20a-4da1-93e6-da357b501264 - - - - -] hyperv.enable_remotefx = False log_opt_values /usr/lib/python3/dist-packages/oslo_config/cfg.py:2609
2025-03-24 00:37:08.565 158523 DEBUG oslo_service.service [req-1aa3e731-b20a-4da1-93e6-da357b501264 - - - - -] hyperv.instances_path_share = log_opt_values /usr/lib/python3/dist-packages/oslo_config/cfg.py:2609
2025-03-24 00:37:08.566 158523 DEBUG oslo_service.service [req-1aa3e731-b20a-4da1-93e6-da357b501264 - - - - -] hyperv.iscsi_initiator_list = [] log_opt_values /usr/lib/python3/dist-packages/oslo_config/cfg.py:2609
2025-03-24 00:37:08.566 158523 DEBUG oslo_service.service [req-1aa3e731-b20a-4da1-93e6-da357b501264 - - - - -] hyperv.limit_cpu_features = False log_opt_values /usr/lib/python3/dist-packages/oslo_config/cfg.py:2609
2025-03-24 00:37:08.566 158523 DEBUG oslo_service.service [req-1aa3e731-b20a-4da1-93e6-da357b501264 - - - - -] hyperv.mounted_disk_query_retry_count = 10 log_opt_values /usr/lib/python3/dist-packages/oslo_config/cfg.py:2609
2025-03-24 00:37:08.566 158523 DEBUG oslo_service.service [req-1aa3e731-b20a-4da1-93e6-da357b501264 - - - - -] hyperv.mounted_disk_query_retry_interval = 5 log_opt_values /usr/lib/python3/dist-packages/oslo_config/cfg.py:2609
2025-03-24 00:37:08.566 158523 DEBUG oslo_service.service [req-1aa3e731-b20a-4da1-93e6-da357b501264 - - - - -] hyperv.power_state_check_timeframe = 60 log_opt_values /usr/lib/python3/dist-packages/oslo_config/cfg.py:2609
2025-03-24 00:37:08.567 158523 DEBUG oslo_service.service [req-1aa3e731-b20a-4da1-93e6-da357b501264 - - - - -] hyperv.power_state_event_polling_interval = 2 log_opt_values /usr/lib/python3/dist-packages/oslo_config/cfg.py:2609
2025-03-24 00:37:08.567 158523 DEBUG oslo_service.service [req-1aa3e731-b20a-4da1-93e6-da357b501264 - - - - -] hyperv.qemu_img_cmd = qemu-img.exe log_opt_values /usr/lib/python3/dist-packages/oslo_config/cfg.py:2609
2025-03-24 00:37:08.567 158523 DEBUG oslo_service.service [req-1aa3e731-b20a-4da1-93e6-da357b501264 - - - - -] hyperv.use_multipath_io = False log_opt_values /usr/lib/python3/dist-packages/oslo_config/cfg.py:2609
2025-03-24 00:37:08.567 158523 DEBUG oslo_service.service [req-1aa3e731-b20a-4da1-93e6-da357b501264 - - - - -] hyperv.volume_attach_retry_count = 10 log_opt_values /usr/lib/python3/dist-packages/oslo_config/cfg.py:2609
2025-03-24 00:37:08.567 158523 DEBUG oslo_service.service [req-1aa3e731-b20a-4da1-93e6-da357b501264 - - - - -] hyperv.volume_attach_retry_interval = 5 log_opt_values /usr/lib/python3/dist-packages/oslo_config/cfg.py:2609
2025-03-24 00:37:08.568 158523 DEBUG oslo_service.service [req-1aa3e731-b20a-4da1-93e6-da357b501264 - - - - -] hyperv.vswitch_name = None log_opt_values /usr/lib/python3/dist-packages/oslo_config/cfg.py:2609
2025-03-24 00:37:08.568 158523 DEBUG oslo_service.service [req-1aa3e731-b20a-4da1-93e6-da357b501264 - - - - -] hyperv.wait_soft_reboot_seconds = 60 log_opt_values /usr/lib/python3/dist-packages/oslo_config/cfg.py:2609
2025-03-24 00:37:08.568 158523 DEBUG oslo_service.service [req-1aa3e731-b20a-4da1-93e6-da357b501264 - - - - -] mks.enabled = False log_opt_values /usr/lib/python3/dist-packages/oslo_config/cfg.py:2609
2025-03-24 00:37:08.569 158523 DEBUG oslo_service.service [req-1aa3e731-b20a-4da1-93e6-da357b501264 - - - - -] mks.mksproxy_base_url = http://127.0.0.1:6090/ log_opt_values /usr/lib/python3/dist-packages/oslo_config/cfg.py:2609
2025-03-24 00:37:08.569 158523 DEBUG oslo_service.service [req-1aa3e731-b20a-4da1-93e6-da357b501264 - - - - -] image_cache.manager_interval = 2400 log_opt_values /usr/lib/python3/dist-packages/oslo_config/cfg.py:2609
2025-03-24 00:37:08.569 158523 DEBUG oslo_service.service [req-1aa3e731-b20a-4da1-93e6-da357b501264 - - - - -] image_cache.precache_concurrency = 1 log_opt_values /usr/lib/python3/dist-packages/oslo_config/cfg.py:2609
2025-03-24 00:37:08.569 158523 DEBUG oslo_service.service [req-1aa3e731-b20a-4da1-93e6-da357b501264 - - - - -] image_cache.remove_unused_base_images = True log_opt_values /usr/lib/python3/dist-packages/oslo_config/cfg.py:2609
2025-03-24 00:37:08.569 158523 DEBUG oslo_service.service [req-1aa3e731-b20a-4da1-93e6-da357b501264 - - - - -] image_cache.remove_unused_original_minimum_age_seconds = 86400 log_opt_values /usr/lib/python3/dist-packages/oslo_config/cfg.py:2609
2025-03-24 00:37:08.570 158523 DEBUG oslo_service.service [req-1aa3e731-b20a-4da1-93e6-da357b501264 - - - - -] image_cache.remove_unused_resized_minimum_age_seconds = 3600 log_opt_values /usr/lib/python3/dist-packages/oslo_config/cfg.py:2609
2025-03-24 00:37:08.570 158523 DEBUG oslo_service.service [req-1aa3e731-b20a-4da1-93e6-da357b501264 - - - - -] image_cache.subdirectory_name = _base log_opt_values /usr/lib/python3/dist-packages/oslo_config/cfg.py:2609
2025-03-24 00:37:08.570 158523 DEBUG oslo_service.service [req-1aa3e731-b20a-4da1-93e6-da357b501264 - - - - -] ironic.api_max_retries = 60 log_opt_values /usr/lib/python3/dist-packages/oslo_config/cfg.py:2609
2025-03-24 00:37:08.570 158523 DEBUG oslo_service.service [req-1aa3e731-b20a-4da1-93e6-da357b501264 - - - - -] ironic.api_retry_interval = 2 log_opt_values /usr/lib/python3/dist-packages/oslo_config/cfg.py:2609
2025-03-24 00:37:08.571 158523 DEBUG oslo_service.service [req-1aa3e731-b20a-4da1-93e6-da357b501264 - - - - -] ironic.auth_section = None log_opt_values /usr/lib/python3/dist-packages/oslo_config/cfg.py:2609
2025-03-24 00:37:08.571 158523 DEBUG oslo_service.service [req-1aa3e731-b20a-4da1-93e6-da357b501264 - - - - -] ironic.auth_type = None log_opt_values /usr/lib/python3/dist-packages/oslo_config/cfg.py:2609
2025-03-24 00:37:08.571 158523 DEBUG oslo_service.service [req-1aa3e731-b20a-4da1-93e6-da357b501264 - - - - -] ironic.cafile = None log_opt_values /usr/lib/python3/dist-packages/oslo_config/cfg.py:2609
2025-03-24 00:37:08.571 158523 DEBUG oslo_service.service [req-1aa3e731-b20a-4da1-93e6-da357b501264 - - - - -] ironic.certfile = None log_opt_values /usr/lib/python3/dist-packages/oslo_config/cfg.py:2609
2025-03-24 00:37:08.571 158523 DEBUG oslo_service.service [req-1aa3e731-b20a-4da1-93e6-da357b501264 - - - - -] ironic.collect_timing = False log_opt_values /usr/lib/python3/dist-packages/oslo_config/cfg.py:2609
2025-03-24 00:37:08.571 158523 DEBUG oslo_service.service [req-1aa3e731-b20a-4da1-93e6-da357b501264 - - - - -] ironic.connect_retries = None log_opt_values /usr/lib/python3/dist-packages/oslo_config/cfg.py:2609
2025-03-24 00:37:08.572 158523 DEBUG oslo_service.service [req-1aa3e731-b20a-4da1-93e6-da357b501264 - - - - -] ironic.connect_retry_delay = None log_opt_values /usr/lib/python3/dist-packages/oslo_config/cfg.py:2609
2025-03-24 00:37:08.572 158523 DEBUG oslo_service.service [req-1aa3e731-b20a-4da1-93e6-da357b501264 - - - - -] ironic.endpoint_override = None log_opt_values /usr/lib/python3/dist-packages/oslo_config/cfg.py:2609
2025-03-24 00:37:08.572 158523 DEBUG oslo_service.service [req-1aa3e731-b20a-4da1-93e6-da357b501264 - - - - -] ironic.insecure = False log_opt_values /usr/lib/python3/dist-packages/oslo_config/cfg.py:2609
2025-03-24 00:37:08.572 158523 DEBUG oslo_service.service [req-1aa3e731-b20a-4da1-93e6-da357b501264 - - - - -] ironic.keyfile = None log_opt_values /usr/lib/python3/dist-packages/oslo_config/cfg.py:2609
2025-03-24 00:37:08.573 158523 DEBUG oslo_service.service [req-1aa3e731-b20a-4da1-93e6-da357b501264 - - - - -] ironic.max_version = None log_opt_values /usr/lib/python3/dist-packages/oslo_config/cfg.py:2609
2025-03-24 00:37:08.573 158523 DEBUG oslo_service.service [req-1aa3e731-b20a-4da1-93e6-da357b501264 - - - - -] ironic.min_version = None log_opt_values /usr/lib/python3/dist-packages/oslo_config/cfg.py:2609
2025-03-24 00:37:08.573 158523 DEBUG oslo_service.service [req-1aa3e731-b20a-4da1-93e6-da357b501264 - - - - -] ironic.partition_key = None log_opt_values /usr/lib/python3/dist-packages/oslo_config/cfg.py:2609
2025-03-24 00:37:08.573 158523 DEBUG oslo_service.service [req-1aa3e731-b20a-4da1-93e6-da357b501264 - - - - -] ironic.peer_list = [] log_opt_values /usr/lib/python3/dist-packages/oslo_config/cfg.py:2609
2025-03-24 00:37:08.573 158523 DEBUG oslo_service.service [req-1aa3e731-b20a-4da1-93e6-da357b501264 - - - - -] ironic.region_name = None log_opt_values /usr/lib/python3/dist-packages/oslo_config/cfg.py:2609
2025-03-24 00:37:08.573 158523 DEBUG oslo_service.service [req-1aa3e731-b20a-4da1-93e6-da357b501264 - - - - -] ironic.serial_console_state_timeout = 10 log_opt_values /usr/lib/python3/dist-packages/oslo_config/cfg.py:2609
2025-03-24 00:37:08.574 158523 DEBUG oslo_service.service [req-1aa3e731-b20a-4da1-93e6-da357b501264 - - - - -] ironic.service_name = None log_opt_values /usr/lib/python3/dist-packages/oslo_config/cfg.py:2609
2025-03-24 00:37:08.574 158523 DEBUG oslo_service.service [req-1aa3e731-b20a-4da1-93e6-da357b501264 - - - - -] ironic.service_type = baremetal log_opt_values /usr/lib/python3/dist-packages/oslo_config/cfg.py:2609
2025-03-24 00:37:08.574 158523 DEBUG oslo_service.service [req-1aa3e731-b20a-4da1-93e6-da357b501264 - - - - -] ironic.split_loggers = False log_opt_values /usr/lib/python3/dist-packages/oslo_config/cfg.py:2609
2025-03-24 00:37:08.574 158523 DEBUG oslo_service.service [req-1aa3e731-b20a-4da1-93e6-da357b501264 - - - - -] ironic.status_code_retries = None log_opt_values /usr/lib/python3/dist-packages/oslo_config/cfg.py:2609
2025-03-24 00:37:08.574 158523 DEBUG oslo_service.service [req-1aa3e731-b20a-4da1-93e6-da357b501264 - - - - -] ironic.status_code_retry_delay = None log_opt_values /usr/lib/python3/dist-packages/oslo_config/cfg.py:2609
2025-03-24 00:37:08.575 158523 DEBUG oslo_service.service [req-1aa3e731-b20a-4da1-93e6-da357b501264 - - - - -] ironic.timeout = None log_opt_values /usr/lib/python3/dist-packages/oslo_config/cfg.py:2609
2025-03-24 00:37:08.575 158523 DEBUG oslo_service.service [req-1aa3e731-b20a-4da1-93e6-da357b501264 - - - - -] ironic.valid_interfaces = ['internal', 'public'] log_opt_values /usr/lib/python3/dist-packages/oslo_config/cfg.py:2609
2025-03-24 00:37:08.575 158523 DEBUG oslo_service.service [req-1aa3e731-b20a-4da1-93e6-da357b501264 - - - - -] ironic.version = None log_opt_values /usr/lib/python3/dist-packages/oslo_config/cfg.py:2609
2025-03-24 00:37:08.575 158523 DEBUG oslo_service.service [req-1aa3e731-b20a-4da1-93e6-da357b501264 - - - - -] key_manager.backend = barbican log_opt_values /usr/lib/python3/dist-packages/oslo_config/cfg.py:2609
2025-03-24 00:37:08.575 158523 DEBUG oslo_service.service [req-1aa3e731-b20a-4da1-93e6-da357b501264 - - - - -] key_manager.fixed_key = **** log_opt_values /usr/lib/python3/dist-packages/oslo_config/cfg.py:2609
2025-03-24 00:37:08.576 158523 DEBUG oslo_service.service [req-1aa3e731-b20a-4da1-93e6-da357b501264 - - - - -] barbican.auth_endpoint = http://localhost/identity/v3 log_opt_values /usr/lib/python3/dist-packages/oslo_config/cfg.py:2609
2025-03-24 00:37:08.576 158523 DEBUG oslo_service.service [req-1aa3e731-b20a-4da1-93e6-da357b501264 - - - - -] barbican.barbican_api_version = None log_opt_values /usr/lib/python3/dist-packages/oslo_config/cfg.py:2609
2025-03-24 00:37:08.576 158523 DEBUG oslo_service.service [req-1aa3e731-b20a-4da1-93e6-da357b501264 - - - - -] barbican.barbican_endpoint = None log_opt_values /usr/lib/python3/dist-packages/oslo_config/cfg.py:2609
2025-03-24 00:37:08.576 158523 DEBUG oslo_service.service [req-1aa3e731-b20a-4da1-93e6-da357b501264 - - - - -] barbican.barbican_endpoint_type = public log_opt_values /usr/lib/python3/dist-packages/oslo_config/cfg.py:2609
2025-03-24 00:37:08.576 158523 DEBUG oslo_service.service [req-1aa3e731-b20a-4da1-93e6-da357b501264 - - - - -] barbican.barbican_region_name = None log_opt_values /usr/lib/python3/dist-packages/oslo_config/cfg.py:2609
2025-03-24 00:37:08.577 158523 DEBUG oslo_service.service [req-1aa3e731-b20a-4da1-93e6-da357b501264 - - - - -] barbican.cafile = None log_opt_values /usr/lib/python3/dist-packages/oslo_config/cfg.py:2609
2025-03-24 00:37:08.577 158523 DEBUG oslo_service.service [req-1aa3e731-b20a-4da1-93e6-da357b501264 - - - - -] barbican.certfile = None log_opt_values /usr/lib/python3/dist-packages/oslo_config/cfg.py:2609
2025-03-24 00:37:08.577 158523 DEBUG oslo_service.service [req-1aa3e731-b20a-4da1-93e6-da357b501264 - - - - -] barbican.collect_timing = False log_opt_values /usr/lib/python3/dist-packages/oslo_config/cfg.py:2609
2025-03-24 00:37:08.577 158523 DEBUG oslo_service.service [req-1aa3e731-b20a-4da1-93e6-da357b501264 - - - - -] barbican.insecure = False log_opt_values /usr/lib/python3/dist-packages/oslo_config/cfg.py:2609
2025-03-24 00:37:08.577 158523 DEBUG oslo_service.service [req-1aa3e731-b20a-4da1-93e6-da357b501264 - - - - -] barbican.keyfile = None log_opt_values /usr/lib/python3/dist-packages/oslo_config/cfg.py:2609
2025-03-24 00:37:08.577 158523 DEBUG oslo_service.service [req-1aa3e731-b20a-4da1-93e6-da357b501264 - - - - -] barbican.number_of_retries = 60 log_opt_values /usr/lib/python3/dist-packages/oslo_config/cfg.py:2609
2025-03-24 00:37:08.577 158523 DEBUG oslo_service.service [req-1aa3e731-b20a-4da1-93e6-da357b501264 - - - - -] barbican.retry_delay = 1 log_opt_values /usr/lib/python3/dist-packages/oslo_config/cfg.py:2609
2025-03-24 00:37:08.578 158523 DEBUG oslo_service.service [req-1aa3e731-b20a-4da1-93e6-da357b501264 - - - - -] barbican.send_service_user_token = False log_opt_values /usr/lib/python3/dist-packages/oslo_config/cfg.py:2609
2025-03-24 00:37:08.578 158523 DEBUG oslo_service.service [req-1aa3e731-b20a-4da1-93e6-da357b501264 - - - - -] barbican.split_loggers = False log_opt_values /usr/lib/python3/dist-packages/oslo_config/cfg.py:2609
2025-03-24 00:37:08.578 158523 DEBUG oslo_service.service [req-1aa3e731-b20a-4da1-93e6-da357b501264 - - - - -] barbican.timeout = None log_opt_values /usr/lib/python3/dist-packages/oslo_config/cfg.py:2609
2025-03-24 00:37:08.578 158523 DEBUG oslo_service.service [req-1aa3e731-b20a-4da1-93e6-da357b501264 - - - - -] barbican.verify_ssl = True log_opt_values /usr/lib/python3/dist-packages/oslo_config/cfg.py:2609
2025-03-24 00:37:08.578 158523 DEBUG oslo_service.service [req-1aa3e731-b20a-4da1-93e6-da357b501264 - - - - -] barbican.verify_ssl_path = None log_opt_values /usr/lib/python3/dist-packages/oslo_config/cfg.py:2609
2025-03-24 00:37:08.579 158523 DEBUG oslo_service.service [req-1aa3e731-b20a-4da1-93e6-da357b501264 - - - - -] barbican_service_user.auth_section = None log_opt_values /usr/lib/python3/dist-packages/oslo_config/cfg.py:2609
2025-03-24 00:37:08.579 158523 DEBUG oslo_service.service [req-1aa3e731-b20a-4da1-93e6-da357b501264 - - - - -] barbican_service_user.auth_type = None log_opt_values /usr/lib/python3/dist-packages/oslo_config/cfg.py:2609
2025-03-24 00:37:08.579 158523 DEBUG oslo_service.service [req-1aa3e731-b20a-4da1-93e6-da357b501264 - - - - -] barbican_service_user.cafile = None log_opt_values /usr/lib/python3/dist-packages/oslo_config/cfg.py:2609
2025-03-24 00:37:08.579 158523 DEBUG oslo_service.service [req-1aa3e731-b20a-4da1-93e6-da357b501264 - - - - -] barbican_service_user.certfile = None log_opt_values /usr/lib/python3/dist-packages/oslo_config/cfg.py:2609
2025-03-24 00:37:08.579 158523 DEBUG oslo_service.service [req-1aa3e731-b20a-4da1-93e6-da357b501264 - - - - -] barbican_service_user.collect_timing = False log_opt_values /usr/lib/python3/dist-packages/oslo_config/cfg.py:2609
2025-03-24 00:37:08.579 158523 DEBUG oslo_service.service [req-1aa3e731-b20a-4da1-93e6-da357b501264 - - - - -] barbican_service_user.insecure = False log_opt_values /usr/lib/python3/dist-packages/oslo_config/cfg.py:2609
2025-03-24 00:37:08.580 158523 DEBUG oslo_service.service [req-1aa3e731-b20a-4da1-93e6-da357b501264 - - - - -] barbican_service_user.keyfile = None log_opt_values /usr/lib/python3/dist-packages/oslo_config/cfg.py:2609
2025-03-24 00:37:08.580 158523 DEBUG oslo_service.service [req-1aa3e731-b20a-4da1-93e6-da357b501264 - - - - -] barbican_service_user.split_loggers = False log_opt_values /usr/lib/python3/dist-packages/oslo_config/cfg.py:2609
2025-03-24 00:37:08.580 158523 DEBUG oslo_service.service [req-1aa3e731-b20a-4da1-93e6-da357b501264 - - - - -] barbican_service_user.timeout = None log_opt_values /usr/lib/python3/dist-packages/oslo_config/cfg.py:2609
