2025-02-20 00:36:40.023 120853 INFO oslo_service.service [req-5368eed6-3f1e-4dda-b8c7-6ff188cf1b0e - - - - -] Starting 4 workers
2025-02-20 00:36:40.034 120853 DEBUG oslo_service.service [req-5368eed6-3f1e-4dda-b8c7-6ff188cf1b0e - - - - -] Started child 121624 _start_child /usr/lib/python3/dist-packages/oslo_service/service.py:575
2025-02-20 00:36:40.037 121624 INFO nova.service [-] Starting conductor node (version 25.2.1)
2025-02-20 00:36:40.044 120853 DEBUG oslo_service.service [req-5368eed6-3f1e-4dda-b8c7-6ff188cf1b0e - - - - -] Started child 121625 _start_child /usr/lib/python3/dist-packages/oslo_service/service.py:575
2025-02-20 00:36:40.048 121624 DEBUG oslo_db.sqlalchemy.engines [req-cfe765bd-f081-4f93-b746-fa608589e5fa - - - - -] MySQL server mode set to STRICT_TRANS_TABLES,STRICT_ALL_TABLES,NO_ZERO_IN_DATE,NO_ZERO_DATE,ERROR_FOR_DIVISION_BY_ZERO,TRADITIONAL,NO_ENGINE_SUBSTITUTION _check_effective_sql_mode /usr/lib/python3/dist-packages/oslo_db/sqlalchemy/engines.py:314
2025-02-20 00:36:40.050 121625 INFO nova.service [-] Starting conductor node (version 25.2.1)
2025-02-20 00:36:40.055 120853 DEBUG oslo_service.service [req-5368eed6-3f1e-4dda-b8c7-6ff188cf1b0e - - - - -] Started child 121626 _start_child /usr/lib/python3/dist-packages/oslo_service/service.py:575
2025-02-20 00:36:40.061 121625 DEBUG oslo_db.sqlalchemy.engines [req-7f9ce916-462e-4e0a-a656-59d8309c1fa0 - - - - -] MySQL server mode set to STRICT_TRANS_TABLES,STRICT_ALL_TABLES,NO_ZERO_IN_DATE,NO_ZERO_DATE,ERROR_FOR_DIVISION_BY_ZERO,TRADITIONAL,NO_ENGINE_SUBSTITUTION _check_effective_sql_mode /usr/lib/python3/dist-packages/oslo_db/sqlalchemy/engines.py:314
2025-02-20 00:36:40.063 121624 DEBUG nova.service [req-cfe765bd-f081-4f93-b746-fa608589e5fa - - - - -] Creating RPC server for service conductor start /usr/lib/python3/dist-packages/nova/service.py:182
2025-02-20 00:36:40.063 121626 INFO nova.service [-] Starting conductor node (version 25.2.1)
2025-02-20 00:36:40.081 121626 DEBUG oslo_db.sqlalchemy.engines [req-163edd31-cc7d-47cc-b85d-ea6b9b965370 - - - - -] MySQL server mode set to STRICT_TRANS_TABLES,STRICT_ALL_TABLES,NO_ZERO_IN_DATE,NO_ZERO_DATE,ERROR_FOR_DIVISION_BY_ZERO,TRADITIONAL,NO_ENGINE_SUBSTITUTION _check_effective_sql_mode /usr/lib/python3/dist-packages/oslo_db/sqlalchemy/engines.py:314
2025-02-20 00:36:40.078 120853 DEBUG oslo_service.service [req-5368eed6-3f1e-4dda-b8c7-6ff188cf1b0e - - - - -] Started child 121628 _start_child /usr/lib/python3/dist-packages/oslo_service/service.py:575
2025-02-20 00:36:40.084 120853 DEBUG oslo_service.service [req-5368eed6-3f1e-4dda-b8c7-6ff188cf1b0e - - - - -] Full set of CONF: wait /usr/lib/python3/dist-packages/oslo_service/service.py:649
2025-02-20 00:36:40.084 120853 DEBUG oslo_service.service [req-5368eed6-3f1e-4dda-b8c7-6ff188cf1b0e - - - - -] ******************************************************************************** log_opt_values /usr/lib/python3/dist-packages/oslo_config/cfg.py:2589
2025-02-20 00:36:40.084 121625 DEBUG nova.service [req-7f9ce916-462e-4e0a-a656-59d8309c1fa0 - - - - -] Creating RPC server for service conductor start /usr/lib/python3/dist-packages/nova/service.py:182
2025-02-20 00:36:40.084 121628 INFO nova.service [-] Starting conductor node (version 25.2.1)
2025-02-20 00:36:40.084 120853 DEBUG oslo_service.service [req-5368eed6-3f1e-4dda-b8c7-6ff188cf1b0e - - - - -] Configuration options gathered from: log_opt_values /usr/lib/python3/dist-packages/oslo_config/cfg.py:2590
2025-02-20 00:36:40.086 120853 DEBUG oslo_service.service [req-5368eed6-3f1e-4dda-b8c7-6ff188cf1b0e - - - - -] command line args: ['--config-file=/etc/nova/nova.conf', '--log-file=/var/log/nova/nova-conductor.log'] log_opt_values /usr/lib/python3/dist-packages/oslo_config/cfg.py:2591
2025-02-20 00:36:40.086 120853 DEBUG oslo_service.service [req-5368eed6-3f1e-4dda-b8c7-6ff188cf1b0e - - - - -] config files: ['/etc/nova/nova.conf'] log_opt_values /usr/lib/python3/dist-packages/oslo_config/cfg.py:2592
2025-02-20 00:36:40.087 120853 DEBUG oslo_service.service [req-5368eed6-3f1e-4dda-b8c7-6ff188cf1b0e - - - - -] ================================================================================ log_opt_values /usr/lib/python3/dist-packages/oslo_config/cfg.py:2594
2025-02-20 00:36:40.087 120853 DEBUG oslo_service.service [req-5368eed6-3f1e-4dda-b8c7-6ff188cf1b0e - - - - -] allow_resize_to_same_host = False log_opt_values /usr/lib/python3/dist-packages/oslo_config/cfg.py:2602
2025-02-20 00:36:40.087 120853 DEBUG oslo_service.service [req-5368eed6-3f1e-4dda-b8c7-6ff188cf1b0e - - - - -] arq_binding_timeout = 300 log_opt_values /usr/lib/python3/dist-packages/oslo_config/cfg.py:2602
2025-02-20 00:36:40.088 120853 DEBUG oslo_service.service [req-5368eed6-3f1e-4dda-b8c7-6ff188cf1b0e - - - - -] block_device_allocate_retries = 60 log_opt_values /usr/lib/python3/dist-packages/oslo_config/cfg.py:2602
2025-02-20 00:36:40.089 120853 DEBUG oslo_service.service [req-5368eed6-3f1e-4dda-b8c7-6ff188cf1b0e - - - - -] block_device_allocate_retries_interval = 3 log_opt_values /usr/lib/python3/dist-packages/oslo_config/cfg.py:2602
2025-02-20 00:36:40.090 120853 DEBUG oslo_service.service [req-5368eed6-3f1e-4dda-b8c7-6ff188cf1b0e - - - - -] cert = self.pem log_opt_values /usr/lib/python3/dist-packages/oslo_config/cfg.py:2602
2025-02-20 00:36:40.090 120853 DEBUG oslo_service.service [req-5368eed6-3f1e-4dda-b8c7-6ff188cf1b0e - - - - -] compute_driver = libvirt.LibvirtDriver log_opt_values /usr/lib/python3/dist-packages/oslo_config/cfg.py:2602
2025-02-20 00:36:40.092 121624 DEBUG oslo_messaging._drivers.amqpdriver [-] Listener is running poll /usr/lib/python3/dist-packages/oslo_messaging/_drivers/amqpdriver.py:343
2025-02-20 00:36:40.092 120853 DEBUG oslo_service.service [req-5368eed6-3f1e-4dda-b8c7-6ff188cf1b0e - - - - -] compute_monitors = [] log_opt_values /usr/lib/python3/dist-packages/oslo_config/cfg.py:2602
2025-02-20 00:36:40.093 120853 DEBUG oslo_service.service [req-5368eed6-3f1e-4dda-b8c7-6ff188cf1b0e - - - - -] config_dir = [] log_opt_values /usr/lib/python3/dist-packages/oslo_config/cfg.py:2602
2025-02-20 00:36:40.092 121624 DEBUG oslo_messaging._drivers.amqpdriver [-] AMQPListener connection consume poll /usr/lib/python3/dist-packages/oslo_messaging/_drivers/amqpdriver.py:357
2025-02-20 00:36:40.093 120853 DEBUG oslo_service.service [req-5368eed6-3f1e-4dda-b8c7-6ff188cf1b0e - - - - -] config_drive_format = iso9660 log_opt_values /usr/lib/python3/dist-packages/oslo_config/cfg.py:2602
2025-02-20 00:36:40.093 120853 DEBUG oslo_service.service [req-5368eed6-3f1e-4dda-b8c7-6ff188cf1b0e - - - - -] config_file = ['/etc/nova/nova.conf'] log_opt_values /usr/lib/python3/dist-packages/oslo_config/cfg.py:2602
2025-02-20 00:36:40.093 120853 DEBUG oslo_service.service [req-5368eed6-3f1e-4dda-b8c7-6ff188cf1b0e - - - - -] config_source = [] log_opt_values /usr/lib/python3/dist-packages/oslo_config/cfg.py:2602
2025-02-20 00:36:40.093 120853 DEBUG oslo_service.service [req-5368eed6-3f1e-4dda-b8c7-6ff188cf1b0e - - - - -] console_host = juju-1fcd98-0-lxd-7 log_opt_values /usr/lib/python3/dist-packages/oslo_config/cfg.py:2602
2025-02-20 00:36:40.093 120853 DEBUG oslo_service.service [req-5368eed6-3f1e-4dda-b8c7-6ff188cf1b0e - - - - -] control_exchange = nova log_opt_values /usr/lib/python3/dist-packages/oslo_config/cfg.py:2602
2025-02-20 00:36:40.094 120853 DEBUG oslo_service.service [req-5368eed6-3f1e-4dda-b8c7-6ff188cf1b0e - - - - -] cpu_allocation_ratio = 2.0 log_opt_values /usr/lib/python3/dist-packages/oslo_config/cfg.py:2602
2025-02-20 00:36:40.095 120853 DEBUG oslo_service.service [req-5368eed6-3f1e-4dda-b8c7-6ff188cf1b0e - - - - -] daemon = False log_opt_values /usr/lib/python3/dist-packages/oslo_config/cfg.py:2602
2025-02-20 00:36:40.095 120853 DEBUG oslo_service.service [req-5368eed6-3f1e-4dda-b8c7-6ff188cf1b0e - - - - -] debug = True log_opt_values /usr/lib/python3/dist-packages/oslo_config/cfg.py:2602
2025-02-20 00:36:40.095 120853 DEBUG oslo_service.service [req-5368eed6-3f1e-4dda-b8c7-6ff188cf1b0e - - - - -] default_access_ip_network_name = None log_opt_values /usr/lib/python3/dist-packages/oslo_config/cfg.py:2602
2025-02-20 00:36:40.096 121624 DEBUG oslo_messaging._drivers.amqpdriver [-] received message msg_id: b42ab84facc1419b91d67066dbb7a7b2 reply to reply_9798c5c42fe64d4cbe79da3684d963ed __call__ /usr/lib/python3/dist-packages/oslo_messaging/_drivers/amqpdriver.py:320
2025-02-20 00:36:40.096 120853 DEBUG oslo_service.service [req-5368eed6-3f1e-4dda-b8c7-6ff188cf1b0e - - - - -] default_availability_zone = nova log_opt_values /usr/lib/python3/dist-packages/oslo_config/cfg.py:2602
2025-02-20 00:36:40.096 120853 DEBUG oslo_service.service [req-5368eed6-3f1e-4dda-b8c7-6ff188cf1b0e - - - - -] default_ephemeral_format = None log_opt_values /usr/lib/python3/dist-packages/oslo_config/cfg.py:2602
2025-02-20 00:36:40.097 121624 DEBUG nova.service [req-cfe765bd-f081-4f93-b746-fa608589e5fa - - - - -] Join ServiceGroup membership for this service conductor start /usr/lib/python3/dist-packages/nova/service.py:199
2025-02-20 00:36:40.097 121624 DEBUG nova.servicegroup.drivers.db [req-cfe765bd-f081-4f93-b746-fa608589e5fa - - - - -] DB_Driver: join new ServiceGroup member juju-1fcd98-0-lxd-7 to the conductor group, service = join /usr/lib/python3/dist-packages/nova/servicegroup/drivers/db.py:44
2025-02-20 00:36:40.098 120853 DEBUG oslo_service.service [req-5368eed6-3f1e-4dda-b8c7-6ff188cf1b0e - - - - -] default_log_levels = ['amqp=WARN', 'amqplib=WARN', 'boto=WARN', 'qpid=WARN', 'sqlalchemy=WARN', 'suds=INFO', 'oslo.messaging=INFO', 'oslo_messaging=DEBUG', 'iso8601=WARN', 'requests.packages.urllib3.connectionpool=WARN', 'urllib3.connectionpool=WARN', 'websocket=WARN', 'requests.packages.urllib3.util.retry=WARN', 'urllib3.util.retry=WARN', 'keystonemiddleware=WARN', 'routes.middleware=WARN', 'stevedore=WARN', 'taskflow=WARN', 'keystoneauth=WARN', 'oslo.cache=INFO', 'dogpile.core.dogpile=INFO', 'glanceclient=WARN', 'oslo.privsep.daemon=INFO'] log_opt_values /usr/lib/python3/dist-packages/oslo_config/cfg.py:2602
2025-02-20 00:36:40.098 120853 DEBUG oslo_service.service [req-5368eed6-3f1e-4dda-b8c7-6ff188cf1b0e - - - - -] default_schedule_zone = None log_opt_values /usr/lib/python3/dist-packages/oslo_config/cfg.py:2602
2025-02-20 00:36:40.099 120853 DEBUG oslo_service.service [req-5368eed6-3f1e-4dda-b8c7-6ff188cf1b0e - - - - -] disk_allocation_ratio = 1.0 log_opt_values /usr/lib/python3/dist-packages/oslo_config/cfg.py:2602
2025-02-20 00:36:40.099 120853 DEBUG oslo_service.service [req-5368eed6-3f1e-4dda-b8c7-6ff188cf1b0e - - - - -] enable_new_services = True log_opt_values /usr/lib/python3/dist-packages/oslo_config/cfg.py:2602
2025-02-20 00:36:40.099 121624 DEBUG oslo_messaging._drivers.amqpdriver [-] AMQPListener connection timeout poll /usr/lib/python3/dist-packages/oslo_messaging/_drivers/amqpdriver.py:360
2025-02-20 00:36:40.099 121624 DEBUG oslo_messaging._drivers.amqpdriver [-] Listener is running poll /usr/lib/python3/dist-packages/oslo_messaging/_drivers/amqpdriver.py:343
2025-02-20 00:36:40.099 120853 DEBUG oslo_service.service [req-5368eed6-3f1e-4dda-b8c7-6ff188cf1b0e - - - - -] enabled_apis = ['osapi_compute', 'metadata'] log_opt_values /usr/lib/python3/dist-packages/oslo_config/cfg.py:2602
2025-02-20 00:36:40.099 120853 DEBUG oslo_service.service [req-5368eed6-3f1e-4dda-b8c7-6ff188cf1b0e - - - - -] enabled_ssl_apis = [] log_opt_values /usr/lib/python3/dist-packages/oslo_config/cfg.py:2602
2025-02-20 00:36:40.099 121624 DEBUG oslo_messaging._drivers.amqpdriver [-] Poll the incoming message with unique_id: b1d7446a37894c44931eefc8662dd73b poll /usr/lib/python3/dist-packages/oslo_messaging/_drivers/amqpdriver.py:346
2025-02-20 00:36:40.100 120853 DEBUG oslo_service.service [req-5368eed6-3f1e-4dda-b8c7-6ff188cf1b0e - - - - -] fatal_deprecations = False log_opt_values /usr/lib/python3/dist-packages/oslo_config/cfg.py:2602
2025-02-20 00:36:40.100 121624 DEBUG oslo_messaging._drivers.amqpdriver [-] Listener is running poll /usr/lib/python3/dist-packages/oslo_messaging/_drivers/amqpdriver.py:343
2025-02-20 00:36:40.100 121624 DEBUG oslo_messaging._drivers.amqpdriver [-] AMQPListener connection consume poll /usr/lib/python3/dist-packages/oslo_messaging/_drivers/amqpdriver.py:357
2025-02-20 00:36:40.100 120853 DEBUG oslo_service.service [req-5368eed6-3f1e-4dda-b8c7-6ff188cf1b0e - - - - -] flat_injected = False log_opt_values /usr/lib/python3/dist-packages/oslo_config/cfg.py:2602
2025-02-20 00:36:40.102 120853 DEBUG oslo_service.service [req-5368eed6-3f1e-4dda-b8c7-6ff188cf1b0e - - - - -] force_config_drive = False log_opt_values /usr/lib/python3/dist-packages/oslo_config/cfg.py:2602
2025-02-20 00:36:40.102 120853 DEBUG oslo_service.service [req-5368eed6-3f1e-4dda-b8c7-6ff188cf1b0e - - - - -] force_raw_images = True log_opt_values /usr/lib/python3/dist-packages/oslo_config/cfg.py:2602
2025-02-20 00:36:40.103 120853 DEBUG oslo_service.service [req-5368eed6-3f1e-4dda-b8c7-6ff188cf1b0e - - - - -] graceful_shutdown_timeout = 60 log_opt_values /usr/lib/python3/dist-packages/oslo_config/cfg.py:2602
2025-02-20 00:36:40.103 120853 DEBUG oslo_service.service [req-5368eed6-3f1e-4dda-b8c7-6ff188cf1b0e - - - - -] heal_instance_info_cache_interval = 60 log_opt_values /usr/lib/python3/dist-packages/oslo_config/cfg.py:2602
2025-02-20 00:36:40.104 120853 DEBUG oslo_service.service [req-5368eed6-3f1e-4dda-b8c7-6ff188cf1b0e - - - - -] host = juju-1fcd98-0-lxd-7 log_opt_values /usr/lib/python3/dist-packages/oslo_config/cfg.py:2602
2025-02-20 00:36:40.104 120853 DEBUG oslo_service.service [req-5368eed6-3f1e-4dda-b8c7-6ff188cf1b0e - - - - -] initial_cpu_allocation_ratio = 16.0 log_opt_values /usr/lib/python3/dist-packages/oslo_config/cfg.py:2602
2025-02-20 00:36:40.104 120853 DEBUG oslo_service.service [req-5368eed6-3f1e-4dda-b8c7-6ff188cf1b0e - - - - -] initial_disk_allocation_ratio = 1.0 log_opt_values /usr/lib/python3/dist-packages/oslo_config/cfg.py:2602
2025-02-20 00:36:40.106 121628 DEBUG oslo_db.sqlalchemy.engines [req-040db3cb-9cc3-47d8-81f3-6330d0976d37 - - - - -] MySQL server mode set to STRICT_TRANS_TABLES,STRICT_ALL_TABLES,NO_ZERO_IN_DATE,NO_ZERO_DATE,ERROR_FOR_DIVISION_BY_ZERO,TRADITIONAL,NO_ENGINE_SUBSTITUTION _check_effective_sql_mode /usr/lib/python3/dist-packages/oslo_db/sqlalchemy/engines.py:314
2025-02-20 00:36:40.108 120853 DEBUG oslo_service.service [req-5368eed6-3f1e-4dda-b8c7-6ff188cf1b0e - - - - -] initial_ram_allocation_ratio = 1.5 log_opt_values /usr/lib/python3/dist-packages/oslo_config/cfg.py:2602
2025-02-20 00:36:40.108 120853 DEBUG oslo_service.service [req-5368eed6-3f1e-4dda-b8c7-6ff188cf1b0e - - - - -] injected_network_template = /usr/lib/python3/dist-packages/nova/virt/interfaces.template log_opt_values /usr/lib/python3/dist-packages/oslo_config/cfg.py:2602
2025-02-20 00:36:40.108 120853 DEBUG oslo_service.service [req-5368eed6-3f1e-4dda-b8c7-6ff188cf1b0e - - - - -] instance_build_timeout = 0 log_opt_values /usr/lib/python3/dist-packages/oslo_config/cfg.py:2602
2025-02-20 00:36:40.109 120853 DEBUG oslo_service.service [req-5368eed6-3f1e-4dda-b8c7-6ff188cf1b0e - - - - -] instance_delete_interval = 300 log_opt_values /usr/lib/python3/dist-packages/oslo_config/cfg.py:2602
2025-02-20 00:36:40.109 120853 DEBUG oslo_service.service [req-5368eed6-3f1e-4dda-b8c7-6ff188cf1b0e - - - - -] instance_format = [instance: %(uuid)s] log_opt_values /usr/lib/python3/dist-packages/oslo_config/cfg.py:2602
2025-02-20 00:36:40.109 120853 DEBUG oslo_service.service [req-5368eed6-3f1e-4dda-b8c7-6ff188cf1b0e - - - - -] instance_name_template = instance-%08x log_opt_values /usr/lib/python3/dist-packages/oslo_config/cfg.py:2602
2025-02-20 00:36:40.109 120853 DEBUG oslo_service.service [req-5368eed6-3f1e-4dda-b8c7-6ff188cf1b0e - - - - -] instance_usage_audit = False log_opt_values /usr/lib/python3/dist-packages/oslo_config/cfg.py:2602
2025-02-20 00:36:40.110 120853 DEBUG oslo_service.service [req-5368eed6-3f1e-4dda-b8c7-6ff188cf1b0e - - - - -] instance_usage_audit_period = month log_opt_values /usr/lib/python3/dist-packages/oslo_config/cfg.py:2602
2025-02-20 00:36:40.111 120853 DEBUG oslo_service.service [req-5368eed6-3f1e-4dda-b8c7-6ff188cf1b0e - - - - -] instance_uuid_format = [instance: %(uuid)s] log_opt_values /usr/lib/python3/dist-packages/oslo_config/cfg.py:2602
2025-02-20 00:36:40.112 120853 DEBUG oslo_service.service [req-5368eed6-3f1e-4dda-b8c7-6ff188cf1b0e - - - - -] instances_path = /var/lib/nova/instances log_opt_values /usr/lib/python3/dist-packages/oslo_config/cfg.py:2602
2025-02-20 00:36:40.114 120853 DEBUG oslo_service.service [req-5368eed6-3f1e-4dda-b8c7-6ff188cf1b0e - - - - -] internal_service_availability_zone = internal log_opt_values /usr/lib/python3/dist-packages/oslo_config/cfg.py:2602
2025-02-20 00:36:40.114 120853 DEBUG oslo_service.service [req-5368eed6-3f1e-4dda-b8c7-6ff188cf1b0e - - - - -] key = None log_opt_values /usr/lib/python3/dist-packages/oslo_config/cfg.py:2602
2025-02-20 00:36:40.114 120853 DEBUG oslo_service.service [req-5368eed6-3f1e-4dda-b8c7-6ff188cf1b0e - - - - -] live_migration_retry_count = 30 log_opt_values /usr/lib/python3/dist-packages/oslo_config/cfg.py:2602
2025-02-20 00:36:40.114 121624 DEBUG oslo_messaging._drivers.amqpdriver [req-631e60ba-3ec7-4e23-b6a0-4d0b150969e7 - - - - -] sending reply msg_id: b42ab84facc1419b91d67066dbb7a7b2 reply queue: reply_9798c5c42fe64d4cbe79da3684d963ed time elapsed: 0.017899477999890223s _send_reply /usr/lib/python3/dist-packages/oslo_messaging/_drivers/amqpdriver.py:118
2025-02-20 00:36:40.114 120853 DEBUG oslo_service.service [req-5368eed6-3f1e-4dda-b8c7-6ff188cf1b0e - - - - -] log_config_append = None log_opt_values /usr/lib/python3/dist-packages/oslo_config/cfg.py:2602
2025-02-20 00:36:40.114 120853 DEBUG oslo_service.service [req-5368eed6-3f1e-4dda-b8c7-6ff188cf1b0e - - - - -] log_date_format = %Y-%m-%d %H:%M:%S log_opt_values /usr/lib/python3/dist-packages/oslo_config/cfg.py:2602
2025-02-20 00:36:40.115 120853 DEBUG oslo_service.service [req-5368eed6-3f1e-4dda-b8c7-6ff188cf1b0e - - - - -] log_dir = /var/log/nova log_opt_values /usr/lib/python3/dist-packages/oslo_config/cfg.py:2602
2025-02-20 00:36:40.116 120853 DEBUG oslo_service.service [req-5368eed6-3f1e-4dda-b8c7-6ff188cf1b0e - - - - -] log_file = /var/log/nova/nova-conductor.log log_opt_values /usr/lib/python3/dist-packages/oslo_config/cfg.py:2602
2025-02-20 00:36:40.116 120853 DEBUG oslo_service.service [req-5368eed6-3f1e-4dda-b8c7-6ff188cf1b0e - - - - -] log_options = True log_opt_values /usr/lib/python3/dist-packages/oslo_config/cfg.py:2602
2025-02-20 00:36:40.116 120853 DEBUG oslo_service.service [req-5368eed6-3f1e-4dda-b8c7-6ff188cf1b0e - - - - -] log_rotate_interval = 1 log_opt_values /usr/lib/python3/dist-packages/oslo_config/cfg.py:2602
2025-02-20 00:36:40.117 120853 DEBUG oslo_service.service [req-5368eed6-3f1e-4dda-b8c7-6ff188cf1b0e - - - - -] log_rotate_interval_type = days log_opt_values /usr/lib/python3/dist-packages/oslo_config/cfg.py:2602
2025-02-20 00:36:40.117 120853 DEBUG oslo_service.service [req-5368eed6-3f1e-4dda-b8c7-6ff188cf1b0e - - - - -] log_rotation_type = none log_opt_values /usr/lib/python3/dist-packages/oslo_config/cfg.py:2602
2025-02-20 00:36:40.118 120853 DEBUG oslo_service.service [req-5368eed6-3f1e-4dda-b8c7-6ff188cf1b0e - - - - -] logging_context_format_string = %(asctime)s.%(msecs)03d %(process)d %(levelname)s %(name)s [%(request_id)s %(user_identity)s] %(instance)s%(message)s log_opt_values /usr/lib/python3/dist-packages/oslo_config/cfg.py:2602
2025-02-20 00:36:40.119 120853 DEBUG oslo_service.service [req-5368eed6-3f1e-4dda-b8c7-6ff188cf1b0e - - - - -] logging_debug_format_suffix = %(funcName)s %(pathname)s:%(lineno)d log_opt_values /usr/lib/python3/dist-packages/oslo_config/cfg.py:2602
2025-02-20 00:36:40.119 120853 DEBUG oslo_service.service [req-5368eed6-3f1e-4dda-b8c7-6ff188cf1b0e - - - - -] logging_default_format_string = %(asctime)s.%(msecs)03d %(process)d %(levelname)s %(name)s [-] %(instance)s%(message)s log_opt_values /usr/lib/python3/dist-packages/oslo_config/cfg.py:2602
2025-02-20 00:36:40.119 120853 DEBUG oslo_service.service [req-5368eed6-3f1e-4dda-b8c7-6ff188cf1b0e - - - - -] logging_exception_prefix = %(asctime)s.%(msecs)03d %(process)d ERROR %(name)s %(instance)s log_opt_values /usr/lib/python3/dist-packages/oslo_config/cfg.py:2602
2025-02-20 00:36:40.119 120853 DEBUG oslo_service.service [req-5368eed6-3f1e-4dda-b8c7-6ff188cf1b0e - - - - -] logging_user_identity_format = %(user)s %(project)s %(domain)s %(user_domain)s %(project_domain)s log_opt_values /usr/lib/python3/dist-packages/oslo_config/cfg.py:2602
2025-02-20 00:36:40.119 120853 DEBUG oslo_service.service [req-5368eed6-3f1e-4dda-b8c7-6ff188cf1b0e - - - - -] long_rpc_timeout = 1800 log_opt_values /usr/lib/python3/dist-packages/oslo_config/cfg.py:2602
2025-02-20 00:36:40.120 120853 DEBUG oslo_service.service [req-5368eed6-3f1e-4dda-b8c7-6ff188cf1b0e - - - - -] max_concurrent_builds = 10 log_opt_values /usr/lib/python3/dist-packages/oslo_config/cfg.py:2602
2025-02-20 00:36:40.120 120853 DEBUG oslo_service.service [req-5368eed6-3f1e-4dda-b8c7-6ff188cf1b0e - - - - -] max_concurrent_live_migrations = 1 log_opt_values /usr/lib/python3/dist-packages/oslo_config/cfg.py:2602
2025-02-20 00:36:40.120 120853 DEBUG oslo_service.service [req-5368eed6-3f1e-4dda-b8c7-6ff188cf1b0e - - - - -] max_concurrent_snapshots = 5 log_opt_values /usr/lib/python3/dist-packages/oslo_config/cfg.py:2602
2025-02-20 00:36:40.120 120853 DEBUG oslo_service.service [req-5368eed6-3f1e-4dda-b8c7-6ff188cf1b0e - - - - -] max_local_block_devices = 3 log_opt_values /usr/lib/python3/dist-packages/oslo_config/cfg.py:2602
2025-02-20 00:36:40.120 120853 DEBUG oslo_service.service [req-5368eed6-3f1e-4dda-b8c7-6ff188cf1b0e - - - - -] max_logfile_count = 30 log_opt_values /usr/lib/python3/dist-packages/oslo_config/cfg.py:2602
2025-02-20 00:36:40.120 120853 DEBUG oslo_service.service [req-5368eed6-3f1e-4dda-b8c7-6ff188cf1b0e - - - - -] max_logfile_size_mb = 200 log_opt_values /usr/lib/python3/dist-packages/oslo_config/cfg.py:2602
2025-02-20 00:36:40.121 120853 DEBUG oslo_service.service [req-5368eed6-3f1e-4dda-b8c7-6ff188cf1b0e - - - - -] maximum_instance_delete_attempts = 5 log_opt_values /usr/lib/python3/dist-packages/oslo_config/cfg.py:2602
2025-02-20 00:36:40.121 120853 DEBUG oslo_service.service [req-5368eed6-3f1e-4dda-b8c7-6ff188cf1b0e - - - - -] metadata_listen = 0.0.0.0 log_opt_values /usr/lib/python3/dist-packages/oslo_config/cfg.py:2602
2025-02-20 00:36:40.122 120853 DEBUG oslo_service.service [req-5368eed6-3f1e-4dda-b8c7-6ff188cf1b0e - - - - -] metadata_listen_port = 8765 log_opt_values /usr/lib/python3/dist-packages/oslo_config/cfg.py:2602
2025-02-20 00:36:40.122 120853 DEBUG oslo_service.service [req-5368eed6-3f1e-4dda-b8c7-6ff188cf1b0e - - - - -] metadata_workers = None log_opt_values /usr/lib/python3/dist-packages/oslo_config/cfg.py:2602
2025-02-20 00:36:40.123 120853 DEBUG oslo_service.service [req-5368eed6-3f1e-4dda-b8c7-6ff188cf1b0e - - - - -] migrate_max_retries = -1 log_opt_values /usr/lib/python3/dist-packages/oslo_config/cfg.py:2602
2025-02-20 00:36:40.123 121628 DEBUG nova.service [req-040db3cb-9cc3-47d8-81f3-6330d0976d37 - - - - -] Creating RPC server for service conductor start /usr/lib/python3/dist-packages/nova/service.py:182
2025-02-20 00:36:40.124 120853 DEBUG oslo_service.service [req-5368eed6-3f1e-4dda-b8c7-6ff188cf1b0e - - - - -] mkisofs_cmd = genisoimage log_opt_values /usr/lib/python3/dist-packages/oslo_config/cfg.py:2602
2025-02-20 00:36:40.124 120853 DEBUG oslo_service.service [req-5368eed6-3f1e-4dda-b8c7-6ff188cf1b0e - - - - -] my_block_storage_ip = 252.24.48.170 log_opt_values /usr/lib/python3/dist-packages/oslo_config/cfg.py:2602
2025-02-20 00:36:40.124 120853 DEBUG oslo_service.service [req-5368eed6-3f1e-4dda-b8c7-6ff188cf1b0e - - - - -] my_ip = 252.24.48.170 log_opt_values /usr/lib/python3/dist-packages/oslo_config/cfg.py:2602
2025-02-20 00:36:40.124 120853 DEBUG oslo_service.service [req-5368eed6-3f1e-4dda-b8c7-6ff188cf1b0e - - - - -] network_allocate_retries = 0 log_opt_values /usr/lib/python3/dist-packages/oslo_config/cfg.py:2602
2025-02-20 00:36:40.125 120853 DEBUG oslo_service.service [req-5368eed6-3f1e-4dda-b8c7-6ff188cf1b0e - - - - -] non_inheritable_image_properties = ['cache_in_nova', 'bittorrent'] log_opt_values /usr/lib/python3/dist-packages/oslo_config/cfg.py:2602
2025-02-20 00:36:40.125 120853 DEBUG oslo_service.service [req-5368eed6-3f1e-4dda-b8c7-6ff188cf1b0e - - - - -] osapi_compute_listen = 0.0.0.0 log_opt_values /usr/lib/python3/dist-packages/oslo_config/cfg.py:2602
2025-02-20 00:36:40.125 120853 DEBUG oslo_service.service [req-5368eed6-3f1e-4dda-b8c7-6ff188cf1b0e - - - - -] osapi_compute_listen_port = 8764 log_opt_values /usr/lib/python3/dist-packages/oslo_config/cfg.py:2602
2025-02-20 00:36:40.125 120853 DEBUG oslo_service.service [req-5368eed6-3f1e-4dda-b8c7-6ff188cf1b0e - - - - -] osapi_compute_unique_server_name_scope = log_opt_values /usr/lib/python3/dist-packages/oslo_config/cfg.py:2602
2025-02-20 00:36:40.126 120853 DEBUG oslo_service.service [req-5368eed6-3f1e-4dda-b8c7-6ff188cf1b0e - - - - -] osapi_compute_workers = 4 log_opt_values /usr/lib/python3/dist-packages/oslo_config/cfg.py:2602
2025-02-20 00:36:40.126 120853 DEBUG oslo_service.service [req-5368eed6-3f1e-4dda-b8c7-6ff188cf1b0e - - - - -] password_length = 12 log_opt_values /usr/lib/python3/dist-packages/oslo_config/cfg.py:2602
2025-02-20 00:36:40.126 120853 DEBUG oslo_service.service [req-5368eed6-3f1e-4dda-b8c7-6ff188cf1b0e - - - - -] periodic_enable = True log_opt_values /usr/lib/python3/dist-packages/oslo_config/cfg.py:2602
2025-02-20 00:36:40.128 120853 DEBUG oslo_service.service [req-5368eed6-3f1e-4dda-b8c7-6ff188cf1b0e - - - - -] periodic_fuzzy_delay = 60 log_opt_values /usr/lib/python3/dist-packages/oslo_config/cfg.py:2602
2025-02-20 00:36:40.128 120853 DEBUG oslo_service.service [req-5368eed6-3f1e-4dda-b8c7-6ff188cf1b0e - - - - -] pointer_model = usbtablet log_opt_values /usr/lib/python3/dist-packages/oslo_config/cfg.py:2602
2025-02-20 00:36:40.128 120853 DEBUG oslo_service.service [req-5368eed6-3f1e-4dda-b8c7-6ff188cf1b0e - - - - -] preallocate_images = none log_opt_values /usr/lib/python3/dist-packages/oslo_config/cfg.py:2602
2025-02-20 00:36:40.128 120853 DEBUG oslo_service.service [req-5368eed6-3f1e-4dda-b8c7-6ff188cf1b0e - - - - -] publish_errors = False log_opt_values /usr/lib/python3/dist-packages/oslo_config/cfg.py:2602
2025-02-20 00:36:40.129 120853 DEBUG oslo_service.service [req-5368eed6-3f1e-4dda-b8c7-6ff188cf1b0e - - - - -] pybasedir = /usr/lib/python3/dist-packages log_opt_values /usr/lib/python3/dist-packages/oslo_config/cfg.py:2602
2025-02-20 00:36:40.129 120853 DEBUG oslo_service.service [req-5368eed6-3f1e-4dda-b8c7-6ff188cf1b0e - - - - -] ram_allocation_ratio = 0.98 log_opt_values /usr/lib/python3/dist-packages/oslo_config/cfg.py:2602
2025-02-20 00:36:40.129 120853 DEBUG oslo_service.service [req-5368eed6-3f1e-4dda-b8c7-6ff188cf1b0e - - - - -] rate_limit_burst = 0 log_opt_values /usr/lib/python3/dist-packages/oslo_config/cfg.py:2602
2025-02-20 00:36:40.129 120853 DEBUG oslo_service.service [req-5368eed6-3f1e-4dda-b8c7-6ff188cf1b0e - - - - -] rate_limit_except_level = CRITICAL log_opt_values /usr/lib/python3/dist-packages/oslo_config/cfg.py:2602
2025-02-20 00:36:40.130 120853 DEBUG oslo_service.service [req-5368eed6-3f1e-4dda-b8c7-6ff188cf1b0e - - - - -] rate_limit_interval = 0 log_opt_values /usr/lib/python3/dist-packages/oslo_config/cfg.py:2602
2025-02-20 00:36:40.130 120853 DEBUG oslo_service.service [req-5368eed6-3f1e-4dda-b8c7-6ff188cf1b0e - - - - -] reboot_timeout = 0 log_opt_values /usr/lib/python3/dist-packages/oslo_config/cfg.py:2602
2025-02-20 00:36:40.130 120853 DEBUG oslo_service.service [req-5368eed6-3f1e-4dda-b8c7-6ff188cf1b0e - - - - -] reclaim_instance_interval = 0 log_opt_values /usr/lib/python3/dist-packages/oslo_config/cfg.py:2602
2025-02-20 00:36:40.130 120853 DEBUG oslo_service.service [req-5368eed6-3f1e-4dda-b8c7-6ff188cf1b0e - - - - -] record = None log_opt_values /usr/lib/python3/dist-packages/oslo_config/cfg.py:2602
2025-02-20 00:36:40.131 120853 DEBUG oslo_service.service [req-5368eed6-3f1e-4dda-b8c7-6ff188cf1b0e - - - - -] report_interval = 10 log_opt_values /usr/lib/python3/dist-packages/oslo_config/cfg.py:2602
2025-02-20 00:36:40.131 120853 DEBUG oslo_service.service [req-5368eed6-3f1e-4dda-b8c7-6ff188cf1b0e - - - - -] rescue_timeout = 0 log_opt_values /usr/lib/python3/dist-packages/oslo_config/cfg.py:2602
2025-02-20 00:36:40.131 121625 DEBUG oslo_messaging._drivers.amqpdriver [-] Listener is running poll /usr/lib/python3/dist-packages/oslo_messaging/_drivers/amqpdriver.py:343
2025-02-20 00:36:40.131 120853 DEBUG oslo_service.service [req-5368eed6-3f1e-4dda-b8c7-6ff188cf1b0e - - - - -] reserved_host_cpus = 0 log_opt_values /usr/lib/python3/dist-packages/oslo_config/cfg.py:2602
2025-02-20 00:36:40.131 121625 DEBUG oslo_messaging._drivers.amqpdriver [-] AMQPListener connection consume poll /usr/lib/python3/dist-packages/oslo_messaging/_drivers/amqpdriver.py:357
2025-02-20 00:36:40.131 120853 DEBUG oslo_service.service [req-5368eed6-3f1e-4dda-b8c7-6ff188cf1b0e - - - - -] reserved_host_disk_mb = 0 log_opt_values /usr/lib/python3/dist-packages/oslo_config/cfg.py:2602
2025-02-20 00:36:40.131 120853 DEBUG oslo_service.service [req-5368eed6-3f1e-4dda-b8c7-6ff188cf1b0e - - - - -] reserved_host_memory_mb = 512 log_opt_values /usr/lib/python3/dist-packages/oslo_config/cfg.py:2602
2025-02-20 00:36:40.132 120853 DEBUG oslo_service.service [req-5368eed6-3f1e-4dda-b8c7-6ff188cf1b0e - - - - -] reserved_huge_pages = None log_opt_values /usr/lib/python3/dist-packages/oslo_config/cfg.py:2602
2025-02-20 00:36:40.132 120853 DEBUG oslo_service.service [req-5368eed6-3f1e-4dda-b8c7-6ff188cf1b0e - - - - -] resize_confirm_window = 0 log_opt_values /usr/lib/python3/dist-packages/oslo_config/cfg.py:2602
2025-02-20 00:36:40.132 120853 DEBUG oslo_service.service [req-5368eed6-3f1e-4dda-b8c7-6ff188cf1b0e - - - - -] resize_fs_using_block_device = False log_opt_values /usr/lib/python3/dist-packages/oslo_config/cfg.py:2602
2025-02-20 00:36:40.132 120853 DEBUG oslo_service.service [req-5368eed6-3f1e-4dda-b8c7-6ff188cf1b0e - - - - -] resume_guests_state_on_host_boot = False log_opt_values /usr/lib/python3/dist-packages/oslo_config/cfg.py:2602
2025-02-20 00:36:40.132 120853 DEBUG oslo_service.service [req-5368eed6-3f1e-4dda-b8c7-6ff188cf1b0e - - - - -] rootwrap_config = /etc/nova/rootwrap.conf log_opt_values /usr/lib/python3/dist-packages/oslo_config/cfg.py:2602
2025-02-20 00:36:40.133 120853 DEBUG oslo_service.service [req-5368eed6-3f1e-4dda-b8c7-6ff188cf1b0e - - - - -] rpc_response_timeout = 60 log_opt_values /usr/lib/python3/dist-packages/oslo_config/cfg.py:2602
2025-02-20 00:36:40.133 120853 DEBUG oslo_service.service [req-5368eed6-3f1e-4dda-b8c7-6ff188cf1b0e - - - - -] run_external_periodic_tasks = True log_opt_values /usr/lib/python3/dist-packages/oslo_config/cfg.py:2602
2025-02-20 00:36:40.132 121625 DEBUG nova.service [req-7f9ce916-462e-4e0a-a656-59d8309c1fa0 - - - - -] Join ServiceGroup membership for this service conductor start /usr/lib/python3/dist-packages/nova/service.py:199
2025-02-20 00:36:40.133 120853 DEBUG oslo_service.service [req-5368eed6-3f1e-4dda-b8c7-6ff188cf1b0e - - - - -] running_deleted_instance_action = reap log_opt_values /usr/lib/python3/dist-packages/oslo_config/cfg.py:2602
2025-02-20 00:36:40.133 120853 DEBUG oslo_service.service [req-5368eed6-3f1e-4dda-b8c7-6ff188cf1b0e - - - - -] running_deleted_instance_poll_interval = 1800 log_opt_values /usr/lib/python3/dist-packages/oslo_config/cfg.py:2602
2025-02-20 00:36:40.133 120853 DEBUG oslo_service.service [req-5368eed6-3f1e-4dda-b8c7-6ff188cf1b0e - - - - -] running_deleted_instance_timeout = 0 log_opt_values /usr/lib/python3/dist-packages/oslo_config/cfg.py:2602
2025-02-20 00:36:40.133 121625 DEBUG nova.servicegroup.drivers.db [req-7f9ce916-462e-4e0a-a656-59d8309c1fa0 - - - - -] DB_Driver: join new ServiceGroup member juju-1fcd98-0-lxd-7 to the conductor group, service = join /usr/lib/python3/dist-packages/nova/servicegroup/drivers/db.py:44
2025-02-20 00:36:40.133 120853 DEBUG oslo_service.service [req-5368eed6-3f1e-4dda-b8c7-6ff188cf1b0e - - - - -] scheduler_instance_sync_interval = 120 log_opt_values /usr/lib/python3/dist-packages/oslo_config/cfg.py:2602
2025-02-20 00:36:40.133 120853 DEBUG oslo_service.service [req-5368eed6-3f1e-4dda-b8c7-6ff188cf1b0e - - - - -] service_down_time = 60 log_opt_values /usr/lib/python3/dist-packages/oslo_config/cfg.py:2602
2025-02-20 00:36:40.134 120853 DEBUG oslo_service.service [req-5368eed6-3f1e-4dda-b8c7-6ff188cf1b0e - - - - -] servicegroup_driver = db log_opt_values /usr/lib/python3/dist-packages/oslo_config/cfg.py:2602
2025-02-20 00:36:40.134 120853 DEBUG oslo_service.service [req-5368eed6-3f1e-4dda-b8c7-6ff188cf1b0e - - - - -] shelved_offload_time = 0 log_opt_values /usr/lib/python3/dist-packages/oslo_config/cfg.py:2602
2025-02-20 00:36:40.134 120853 DEBUG oslo_service.service [req-5368eed6-3f1e-4dda-b8c7-6ff188cf1b0e - - - - -] shelved_poll_interval = 3600 log_opt_values /usr/lib/python3/dist-packages/oslo_config/cfg.py:2602
2025-02-20 00:36:40.134 120853 DEBUG oslo_service.service [req-5368eed6-3f1e-4dda-b8c7-6ff188cf1b0e - - - - -] shutdown_timeout = 60 log_opt_values /usr/lib/python3/dist-packages/oslo_config/cfg.py:2602
2025-02-20 00:36:40.134 120853 DEBUG oslo_service.service [req-5368eed6-3f1e-4dda-b8c7-6ff188cf1b0e - - - - -] source_is_ipv6 = False log_opt_values /usr/lib/python3/dist-packages/oslo_config/cfg.py:2602
2025-02-20 00:36:40.134 120853 DEBUG oslo_service.service [req-5368eed6-3f1e-4dda-b8c7-6ff188cf1b0e - - - - -] ssl_only = False log_opt_values /usr/lib/python3/dist-packages/oslo_config/cfg.py:2602
2025-02-20 00:36:40.135 120853 DEBUG oslo_service.service [req-5368eed6-3f1e-4dda-b8c7-6ff188cf1b0e - - - - -] state_path = /var/lib/nova log_opt_values /usr/lib/python3/dist-packages/oslo_config/cfg.py:2602
2025-02-20 00:36:40.135 120853 DEBUG oslo_service.service [req-5368eed6-3f1e-4dda-b8c7-6ff188cf1b0e - - - - -] sync_power_state_interval = 600 log_opt_values /usr/lib/python3/dist-packages/oslo_config/cfg.py:2602
2025-02-20 00:36:40.135 120853 DEBUG oslo_service.service [req-5368eed6-3f1e-4dda-b8c7-6ff188cf1b0e - - - - -] sync_power_state_pool_size = 1000 log_opt_values /usr/lib/python3/dist-packages/oslo_config/cfg.py:2602
2025-02-20 00:36:40.135 121625 DEBUG oslo_messaging._drivers.amqpdriver [-] AMQPListener connection timeout poll /usr/lib/python3/dist-packages/oslo_messaging/_drivers/amqpdriver.py:360
2025-02-20 00:36:40.136 121625 DEBUG oslo_messaging._drivers.amqpdriver [-] Listener is running poll /usr/lib/python3/dist-packages/oslo_messaging/_drivers/amqpdriver.py:343
2025-02-20 00:36:40.136 121625 DEBUG oslo_messaging._drivers.amqpdriver [-] AMQPListener connection consume poll /usr/lib/python3/dist-packages/oslo_messaging/_drivers/amqpdriver.py:357
2025-02-20 00:36:40.135 120853 DEBUG oslo_service.service [req-5368eed6-3f1e-4dda-b8c7-6ff188cf1b0e - - - - -] syslog_log_facility = LOG_USER log_opt_values /usr/lib/python3/dist-packages/oslo_config/cfg.py:2602
2025-02-20 00:36:40.136 120853 DEBUG oslo_service.service [req-5368eed6-3f1e-4dda-b8c7-6ff188cf1b0e - - - - -] tempdir = None log_opt_values /usr/lib/python3/dist-packages/oslo_config/cfg.py:2602
2025-02-20 00:36:40.136 120853 DEBUG oslo_service.service [req-5368eed6-3f1e-4dda-b8c7-6ff188cf1b0e - - - - -] timeout_nbd = 10 log_opt_values /usr/lib/python3/dist-packages/oslo_config/cfg.py:2602
2025-02-20 00:36:40.136 120853 DEBUG oslo_service.service [req-5368eed6-3f1e-4dda-b8c7-6ff188cf1b0e - - - - -] transport_url = **** log_opt_values /usr/lib/python3/dist-packages/oslo_config/cfg.py:2602
2025-02-20 00:36:40.137 120853 DEBUG oslo_service.service [req-5368eed6-3f1e-4dda-b8c7-6ff188cf1b0e - - - - -] update_resources_interval = 0 log_opt_values /usr/lib/python3/dist-packages/oslo_config/cfg.py:2602
2025-02-20 00:36:40.137 120853 DEBUG oslo_service.service [req-5368eed6-3f1e-4dda-b8c7-6ff188cf1b0e - - - - -] use_cow_images = True log_opt_values /usr/lib/python3/dist-packages/oslo_config/cfg.py:2602
2025-02-20 00:36:40.137 120853 DEBUG oslo_service.service [req-5368eed6-3f1e-4dda-b8c7-6ff188cf1b0e - - - - -] use_eventlog = False log_opt_values /usr/lib/python3/dist-packages/oslo_config/cfg.py:2602
2025-02-20 00:36:40.137 120853 DEBUG oslo_service.service [req-5368eed6-3f1e-4dda-b8c7-6ff188cf1b0e - - - - -] use_journal = False log_opt_values /usr/lib/python3/dist-packages/oslo_config/cfg.py:2602
2025-02-20 00:36:40.138 120853 DEBUG oslo_service.service [req-5368eed6-3f1e-4dda-b8c7-6ff188cf1b0e - - - - -] use_json = False log_opt_values /usr/lib/python3/dist-packages/oslo_config/cfg.py:2602
2025-02-20 00:36:40.138 120853 DEBUG oslo_service.service [req-5368eed6-3f1e-4dda-b8c7-6ff188cf1b0e - - - - -] use_rootwrap_daemon = False log_opt_values /usr/lib/python3/dist-packages/oslo_config/cfg.py:2602
2025-02-20 00:36:40.138 120853 DEBUG oslo_service.service [req-5368eed6-3f1e-4dda-b8c7-6ff188cf1b0e - - - - -] use_stderr = False log_opt_values /usr/lib/python3/dist-packages/oslo_config/cfg.py:2602
2025-02-20 00:36:40.138 120853 DEBUG oslo_service.service [req-5368eed6-3f1e-4dda-b8c7-6ff188cf1b0e - - - - -] use_syslog = False log_opt_values /usr/lib/python3/dist-packages/oslo_config/cfg.py:2602
2025-02-20 00:36:40.138 120853 DEBUG oslo_service.service [req-5368eed6-3f1e-4dda-b8c7-6ff188cf1b0e - - - - -] vcpu_pin_set = None log_opt_values /usr/lib/python3/dist-packages/oslo_config/cfg.py:2602
2025-02-20 00:36:40.139 120853 DEBUG oslo_service.service [req-5368eed6-3f1e-4dda-b8c7-6ff188cf1b0e - - - - -] vif_plugging_is_fatal = True log_opt_values /usr/lib/python3/dist-packages/oslo_config/cfg.py:2602
2025-02-20 00:36:40.139 120853 DEBUG oslo_service.service [req-5368eed6-3f1e-4dda-b8c7-6ff188cf1b0e - - - - -] vif_plugging_timeout = 300 log_opt_values /usr/lib/python3/dist-packages/oslo_config/cfg.py:2602
2025-02-20 00:36:40.139 120853 DEBUG oslo_service.service [req-5368eed6-3f1e-4dda-b8c7-6ff188cf1b0e - - - - -] virt_mkfs = [] log_opt_values /usr/lib/python3/dist-packages/oslo_config/cfg.py:2602
2025-02-20 00:36:40.139 120853 DEBUG oslo_service.service [req-5368eed6-3f1e-4dda-b8c7-6ff188cf1b0e - - - - -] volume_usage_poll_interval = 0 log_opt_values /usr/lib/python3/dist-packages/oslo_config/cfg.py:2602
2025-02-20 00:36:40.139 120853 DEBUG oslo_service.service [req-5368eed6-3f1e-4dda-b8c7-6ff188cf1b0e - - - - -] watch_log_file = False log_opt_values /usr/lib/python3/dist-packages/oslo_config/cfg.py:2602
2025-02-20 00:36:40.140 120853 DEBUG oslo_service.service [req-5368eed6-3f1e-4dda-b8c7-6ff188cf1b0e - - - - -] web = /usr/share/spice-html5 log_opt_values /usr/lib/python3/dist-packages/oslo_config/cfg.py:2602
2025-02-20 00:36:40.140 120853 DEBUG oslo_service.service [req-5368eed6-3f1e-4dda-b8c7-6ff188cf1b0e - - - - -] oslo_concurrency.disable_process_locking = False log_opt_values /usr/lib/python3/dist-packages/oslo_config/cfg.py:2609
2025-02-20 00:36:40.140 120853 DEBUG oslo_service.service [req-5368eed6-3f1e-4dda-b8c7-6ff188cf1b0e - - - - -] oslo_concurrency.lock_path = /var/lock/nova log_opt_values /usr/lib/python3/dist-packages/oslo_config/cfg.py:2609
2025-02-20 00:36:40.140 120853 DEBUG oslo_service.service [req-5368eed6-3f1e-4dda-b8c7-6ff188cf1b0e - - - - -] oslo_messaging_metrics.metrics_buffer_size = 1000 log_opt_values /usr/lib/python3/dist-packages/oslo_config/cfg.py:2609
2025-02-20 00:36:40.140 120853 DEBUG oslo_service.service [req-5368eed6-3f1e-4dda-b8c7-6ff188cf1b0e - - - - -] oslo_messaging_metrics.metrics_enabled = False log_opt_values /usr/lib/python3/dist-packages/oslo_config/cfg.py:2609
2025-02-20 00:36:40.141 120853 DEBUG oslo_service.service [req-5368eed6-3f1e-4dda-b8c7-6ff188cf1b0e - - - - -] oslo_messaging_metrics.metrics_process_name = log_opt_values /usr/lib/python3/dist-packages/oslo_config/cfg.py:2609
2025-02-20 00:36:40.141 120853 DEBUG oslo_service.service [req-5368eed6-3f1e-4dda-b8c7-6ff188cf1b0e - - - - -] oslo_messaging_metrics.metrics_socket_file = /var/tmp/metrics_collector.sock log_opt_values /usr/lib/python3/dist-packages/oslo_config/cfg.py:2609
2025-02-20 00:36:40.141 120853 DEBUG oslo_service.service [req-5368eed6-3f1e-4dda-b8c7-6ff188cf1b0e - - - - -] oslo_messaging_metrics.metrics_thread_stop_timeout = 10 log_opt_values /usr/lib/python3/dist-packages/oslo_config/cfg.py:2609
2025-02-20 00:36:40.141 120853 WARNING oslo_config.cfg [req-5368eed6-3f1e-4dda-b8c7-6ff188cf1b0e - - - - -] Deprecated: Option "auth_strategy" from group "api" is deprecated for removal ( The only non-default choice, ``noauth2``, is for internal development and testing purposes only and should not be used in deployments. This option and its middleware, NoAuthMiddleware[V2_18], will be removed in a future release. ). Its value may be silently ignored in the future.
2025-02-20 00:36:40.141 120853 DEBUG oslo_service.service [req-5368eed6-3f1e-4dda-b8c7-6ff188cf1b0e - - - - -] api.auth_strategy = keystone log_opt_values /usr/lib/python3/dist-packages/oslo_config/cfg.py:2609
2025-02-20 00:36:40.142 120853 DEBUG oslo_service.service [req-5368eed6-3f1e-4dda-b8c7-6ff188cf1b0e - - - - -] api.compute_link_prefix = None log_opt_values /usr/lib/python3/dist-packages/oslo_config/cfg.py:2609
2025-02-20 00:36:40.142 120853 DEBUG oslo_service.service [req-5368eed6-3f1e-4dda-b8c7-6ff188cf1b0e - - - - -] api.config_drive_skip_versions = 1.0 2007-01-19 2007-03-01 2007-08-29 2007-10-10 2007-12-15 2008-02-01 2008-09-01 log_opt_values /usr/lib/python3/dist-packages/oslo_config/cfg.py:2609
2025-02-20 00:36:40.142 120853 DEBUG oslo_service.service [req-5368eed6-3f1e-4dda-b8c7-6ff188cf1b0e - - - - -] api.dhcp_domain = novalocal log_opt_values /usr/lib/python3/dist-packages/oslo_config/cfg.py:2609
2025-02-20 00:36:40.142 120853 DEBUG oslo_service.service [req-5368eed6-3f1e-4dda-b8c7-6ff188cf1b0e - - - - -] api.enable_instance_password = True log_opt_values /usr/lib/python3/dist-packages/oslo_config/cfg.py:2609
2025-02-20 00:36:40.142 121626 DEBUG nova.service [req-163edd31-cc7d-47cc-b85d-ea6b9b965370 - - - - -] Creating RPC server for service conductor start /usr/lib/python3/dist-packages/nova/service.py:182
2025-02-20 00:36:40.143 120853 DEBUG oslo_service.service [req-5368eed6-3f1e-4dda-b8c7-6ff188cf1b0e - - - - -] api.glance_link_prefix = None log_opt_values /usr/lib/python3/dist-packages/oslo_config/cfg.py:2609
2025-02-20 00:36:40.143 120853 DEBUG oslo_service.service [req-5368eed6-3f1e-4dda-b8c7-6ff188cf1b0e - - - - -] api.instance_list_cells_batch_fixed_size = 100 log_opt_values /usr/lib/python3/dist-packages/oslo_config/cfg.py:2609
2025-02-20 00:36:40.143 120853 DEBUG oslo_service.service [req-5368eed6-3f1e-4dda-b8c7-6ff188cf1b0e - - - - -] api.instance_list_cells_batch_strategy = distributed log_opt_values /usr/lib/python3/dist-packages/oslo_config/cfg.py:2609
2025-02-20 00:36:40.143 120853 DEBUG oslo_service.service [req-5368eed6-3f1e-4dda-b8c7-6ff188cf1b0e - - - - -] api.instance_list_per_project_cells = False log_opt_values /usr/lib/python3/dist-packages/oslo_config/cfg.py:2609
2025-02-20 00:36:40.143 120853 DEBUG oslo_service.service [req-5368eed6-3f1e-4dda-b8c7-6ff188cf1b0e - - - - -] api.list_records_by_skipping_down_cells = True log_opt_values /usr/lib/python3/dist-packages/oslo_config/cfg.py:2609
2025-02-20 00:36:40.144 120853 DEBUG oslo_service.service [req-5368eed6-3f1e-4dda-b8c7-6ff188cf1b0e - - - - -] api.local_metadata_per_cell = False log_opt_values /usr/lib/python3/dist-packages/oslo_config/cfg.py:2609
2025-02-20 00:36:40.144 120853 DEBUG oslo_service.service [req-5368eed6-3f1e-4dda-b8c7-6ff188cf1b0e - - - - -] api.max_limit = 1000 log_opt_values /usr/lib/python3/dist-packages/oslo_config/cfg.py:2609
2025-02-20 00:36:40.144 120853 DEBUG oslo_service.service [req-5368eed6-3f1e-4dda-b8c7-6ff188cf1b0e - - - - -] api.metadata_cache_expiration = 15 log_opt_values /usr/lib/python3/dist-packages/oslo_config/cfg.py:2609
2025-02-20 00:36:40.144 120853 DEBUG oslo_service.service [req-5368eed6-3f1e-4dda-b8c7-6ff188cf1b0e - - - - -] api.neutron_default_tenant_id = default log_opt_values /usr/lib/python3/dist-packages/oslo_config/cfg.py:2609
2025-02-20 00:36:40.144 120853 DEBUG oslo_service.service [req-5368eed6-3f1e-4dda-b8c7-6ff188cf1b0e - - - - -] api.use_forwarded_for = False log_opt_values /usr/lib/python3/dist-packages/oslo_config/cfg.py:2609
2025-02-20 00:36:40.144 120853 DEBUG oslo_service.service [req-5368eed6-3f1e-4dda-b8c7-6ff188cf1b0e - - - - -] api.use_neutron_default_nets = False log_opt_values /usr/lib/python3/dist-packages/oslo_config/cfg.py:2609
2025-02-20 00:36:40.145 120853 DEBUG oslo_service.service [req-5368eed6-3f1e-4dda-b8c7-6ff188cf1b0e - - - - -] api.vendordata_dynamic_connect_timeout = 5 log_opt_values /usr/lib/python3/dist-packages/oslo_config/cfg.py:2609
2025-02-20 00:36:40.145 120853 DEBUG oslo_service.service [req-5368eed6-3f1e-4dda-b8c7-6ff188cf1b0e - - - - -] api.vendordata_dynamic_failure_fatal = False log_opt_values /usr/lib/python3/dist-packages/oslo_config/cfg.py:2609
2025-02-20 00:36:40.145 120853 DEBUG oslo_service.service [req-5368eed6-3f1e-4dda-b8c7-6ff188cf1b0e - - - - -] api.vendordata_dynamic_read_timeout = 5 log_opt_values /usr/lib/python3/dist-packages/oslo_config/cfg.py:2609
2025-02-20 00:36:40.145 120853 DEBUG oslo_service.service [req-5368eed6-3f1e-4dda-b8c7-6ff188cf1b0e - - - - -] api.vendordata_dynamic_ssl_certfile = log_opt_values /usr/lib/python3/dist-packages/oslo_config/cfg.py:2609
2025-02-20 00:36:40.145 120853 DEBUG oslo_service.service [req-5368eed6-3f1e-4dda-b8c7-6ff188cf1b0e - - - - -] api.vendordata_dynamic_targets = [] log_opt_values /usr/lib/python3/dist-packages/oslo_config/cfg.py:2609
2025-02-20 00:36:40.145 120853 DEBUG oslo_service.service [req-5368eed6-3f1e-4dda-b8c7-6ff188cf1b0e - - - - -] api.vendordata_jsonfile_path = None log_opt_values /usr/lib/python3/dist-packages/oslo_config/cfg.py:2609
2025-02-20 00:36:40.146 120853 DEBUG oslo_service.service [req-5368eed6-3f1e-4dda-b8c7-6ff188cf1b0e - - - - -] api.vendordata_providers = ['StaticJSON'] log_opt_values /usr/lib/python3/dist-packages/oslo_config/cfg.py:2609
2025-02-20 00:36:40.146 121628 DEBUG oslo_messaging._drivers.amqpdriver [-] Listener is running poll /usr/lib/python3/dist-packages/oslo_messaging/_drivers/amqpdriver.py:343
2025-02-20 00:36:40.146 120853 DEBUG oslo_service.service [req-5368eed6-3f1e-4dda-b8c7-6ff188cf1b0e - - - - -] cache.backend = dogpile.cache.null log_opt_values /usr/lib/python3/dist-packages/oslo_config/cfg.py:2609
2025-02-20 00:36:40.146 121628 DEBUG oslo_messaging._drivers.amqpdriver [-] AMQPListener connection consume poll /usr/lib/python3/dist-packages/oslo_messaging/_drivers/amqpdriver.py:357
2025-02-20 00:36:40.146 120853 DEBUG oslo_service.service [req-5368eed6-3f1e-4dda-b8c7-6ff188cf1b0e - - - - -] cache.backend_argument = **** log_opt_values /usr/lib/python3/dist-packages/oslo_config/cfg.py:2609
2025-02-20 00:36:40.146 120853 DEBUG oslo_service.service [req-5368eed6-3f1e-4dda-b8c7-6ff188cf1b0e - - - - -] cache.config_prefix = cache.oslo log_opt_values /usr/lib/python3/dist-packages/oslo_config/cfg.py:2609
2025-02-20 00:36:40.146 120853 DEBUG oslo_service.service [req-5368eed6-3f1e-4dda-b8c7-6ff188cf1b0e - - - - -] cache.debug_cache_backend = False log_opt_values /usr/lib/python3/dist-packages/oslo_config/cfg.py:2609
2025-02-20 00:36:40.146 120853 DEBUG oslo_service.service [req-5368eed6-3f1e-4dda-b8c7-6ff188cf1b0e - - - - -] cache.enabled = False log_opt_values /usr/lib/python3/dist-packages/oslo_config/cfg.py:2609
2025-02-20 00:36:40.146 121628 DEBUG nova.service [req-040db3cb-9cc3-47d8-81f3-6330d0976d37 - - - - -] Join ServiceGroup membership for this service conductor start /usr/lib/python3/dist-packages/nova/service.py:199
2025-02-20 00:36:40.147 120853 DEBUG oslo_service.service [req-5368eed6-3f1e-4dda-b8c7-6ff188cf1b0e - - - - -] cache.expiration_time = 600 log_opt_values /usr/lib/python3/dist-packages/oslo_config/cfg.py:2609
2025-02-20 00:36:40.147 121628 DEBUG nova.servicegroup.drivers.db [req-040db3cb-9cc3-47d8-81f3-6330d0976d37 - - - - -] DB_Driver: join new ServiceGroup member juju-1fcd98-0-lxd-7 to the conductor group, service = join /usr/lib/python3/dist-packages/nova/servicegroup/drivers/db.py:44
2025-02-20 00:36:40.147 120853 DEBUG oslo_service.service [req-5368eed6-3f1e-4dda-b8c7-6ff188cf1b0e - - - - -] cache.memcache_dead_retry = 300 log_opt_values /usr/lib/python3/dist-packages/oslo_config/cfg.py:2609
2025-02-20 00:36:40.147 120853 DEBUG oslo_service.service [req-5368eed6-3f1e-4dda-b8c7-6ff188cf1b0e - - - - -] cache.memcache_pool_connection_get_timeout = 10 log_opt_values /usr/lib/python3/dist-packages/oslo_config/cfg.py:2609
2025-02-20 00:36:40.148 120853 DEBUG oslo_service.service [req-5368eed6-3f1e-4dda-b8c7-6ff188cf1b0e - - - - -] cache.memcache_pool_flush_on_reconnect = False log_opt_values /usr/lib/python3/dist-packages/oslo_config/cfg.py:2609
2025-02-20 00:36:40.148 120853 DEBUG oslo_service.service [req-5368eed6-3f1e-4dda-b8c7-6ff188cf1b0e - - - - -] cache.memcache_pool_maxsize = 10 log_opt_values /usr/lib/python3/dist-packages/oslo_config/cfg.py:2609
2025-02-20 00:36:40.148 120853 DEBUG oslo_service.service [req-5368eed6-3f1e-4dda-b8c7-6ff188cf1b0e - - - - -] cache.memcache_pool_unused_timeout = 60 log_opt_values /usr/lib/python3/dist-packages/oslo_config/cfg.py:2609
2025-02-20 00:36:40.149 120853 DEBUG oslo_service.service [req-5368eed6-3f1e-4dda-b8c7-6ff188cf1b0e - - - - -] cache.memcache_servers = ['localhost:11211'] log_opt_values /usr/lib/python3/dist-packages/oslo_config/cfg.py:2609
