2025-02-20 01:30:03.708 36916 DEBUG heat.engine.service [req-c890ce04-0bd2-4553-b974-f9983aeb8292 - - - - -] Service 92d2bba0-7153-4d94-bae3-f1aebf0e21a3 is updated service_manage_report /usr/lib/python3/dist-packages/heat/engine/service.py:2370
2025-02-20 01:30:03.716 36918 DEBUG heat.engine.service [req-4562e5d8-9444-4b0a-a1bd-3f0e1b40b97a - - - - -] Service 6db55cb5-3fc2-435b-917e-3663655557b3 is updated service_manage_report /usr/lib/python3/dist-packages/heat/engine/service.py:2370
2025-02-20 01:30:03.749 36917 DEBUG heat.engine.service [req-e25d52de-97bf-4818-9517-4761364c4af8 - - - - -] Service 8c34b0f2-066f-4c1f-97bd-fb6a0a529d0f is updated service_manage_report /usr/lib/python3/dist-packages/heat/engine/service.py:2370
2025-02-20 01:30:03.752 36915 DEBUG heat.engine.service [req-cecd7102-203d-4553-b01e-ebd352a5590c - - - - -] Service a2e55c3c-837f-4be8-b5d7-a513a57d4220 is updated service_manage_report /usr/lib/python3/dist-packages/heat/engine/service.py:2370
2025-02-20 01:31:03.712 36916 DEBUG heat.engine.service [req-a79c2309-04f2-4412-b679-f3e64633ce82 - - - - -] Service 92d2bba0-7153-4d94-bae3-f1aebf0e21a3 is updated service_manage_report /usr/lib/python3/dist-packages/heat/engine/service.py:2370
2025-02-20 01:31:03.719 36918 DEBUG heat.engine.service [req-801f1f6e-7692-4fdd-b3b2-1a04449a9b1e - - - - -] Service 6db55cb5-3fc2-435b-917e-3663655557b3 is updated service_manage_report /usr/lib/python3/dist-packages/heat/engine/service.py:2370
2025-02-20 01:31:03.747 36917 DEBUG heat.engine.service [req-319aa8c2-02d4-4da5-8daf-467ba8f45fba - - - - -] Service 8c34b0f2-066f-4c1f-97bd-fb6a0a529d0f is updated service_manage_report /usr/lib/python3/dist-packages/heat/engine/service.py:2370
2025-02-20 01:31:03.761 36915 DEBUG heat.engine.service [req-0ff024e1-9dba-4d1d-a602-d4d60094231b - - - - -] Service a2e55c3c-837f-4be8-b5d7-a513a57d4220 is updated service_manage_report /usr/lib/python3/dist-packages/heat/engine/service.py:2370
2025-02-20 01:32:03.716 36916 DEBUG heat.engine.service [req-7a10a0a7-9b89-4bbe-92ca-3fef5000df28 - - - - -] Service 92d2bba0-7153-4d94-bae3-f1aebf0e21a3 is updated service_manage_report /usr/lib/python3/dist-packages/heat/engine/service.py:2370
2025-02-20 01:32:03.729 36918 DEBUG heat.engine.service [req-4eb294f2-1264-4bd5-a84c-2d89540ceccb - - - - -] Service 6db55cb5-3fc2-435b-917e-3663655557b3 is updated service_manage_report /usr/lib/python3/dist-packages/heat/engine/service.py:2370
2025-02-20 01:32:03.751 36917 DEBUG heat.engine.service [req-70895b36-4883-4dce-b7a0-ccdd7b726164 - - - - -] Service 8c34b0f2-066f-4c1f-97bd-fb6a0a529d0f is updated service_manage_report /usr/lib/python3/dist-packages/heat/engine/service.py:2370
2025-02-20 01:32:03.754 36915 DEBUG heat.engine.service [req-5ce38305-57a2-401c-b51e-1ad004e0ca16 - - - - -] Service a2e55c3c-837f-4be8-b5d7-a513a57d4220 is updated service_manage_report /usr/lib/python3/dist-packages/heat/engine/service.py:2370
2025-02-20 01:33:03.729 36916 DEBUG heat.engine.service [req-6394378c-d6af-494b-9ea5-49ae2136664d - - - - -] Service 92d2bba0-7153-4d94-bae3-f1aebf0e21a3 is updated service_manage_report /usr/lib/python3/dist-packages/heat/engine/service.py:2370
2025-02-20 01:33:03.731 36918 DEBUG heat.engine.service [req-5dbb2a1e-a15c-4d17-9f24-f841f81d5ceb - - - - -] Service 6db55cb5-3fc2-435b-917e-3663655557b3 is updated service_manage_report /usr/lib/python3/dist-packages/heat/engine/service.py:2370
2025-02-20 01:33:03.746 36917 DEBUG heat.engine.service [req-6e758d1f-582b-4519-b39b-3a07b2735482 - - - - -] Service 8c34b0f2-066f-4c1f-97bd-fb6a0a529d0f is updated service_manage_report /usr/lib/python3/dist-packages/heat/engine/service.py:2370
2025-02-20 01:33:03.756 36915 DEBUG heat.engine.service [req-d663eafe-a502-4b1a-ac74-4380f0bc8d09 - - - - -] Service a2e55c3c-837f-4be8-b5d7-a513a57d4220 is updated service_manage_report /usr/lib/python3/dist-packages/heat/engine/service.py:2370
2025-02-20 01:34:03.726 36916 DEBUG heat.engine.service [req-e4596fa8-190f-4644-9a58-88390ab6a453 - - - - -] Service 92d2bba0-7153-4d94-bae3-f1aebf0e21a3 is updated service_manage_report /usr/lib/python3/dist-packages/heat/engine/service.py:2370
2025-02-20 01:34:03.728 36918 DEBUG heat.engine.service [req-238c0b3b-9177-47a4-8f60-f7cc99add3e4 - - - - -] Service 6db55cb5-3fc2-435b-917e-3663655557b3 is updated service_manage_report /usr/lib/python3/dist-packages/heat/engine/service.py:2370
2025-02-20 01:34:03.753 36917 DEBUG heat.engine.service [req-42719945-fa6e-426d-95d3-1813b73d6e8a - - - - -] Service 8c34b0f2-066f-4c1f-97bd-fb6a0a529d0f is updated service_manage_report /usr/lib/python3/dist-packages/heat/engine/service.py:2370
2025-02-20 01:34:03.761 36915 DEBUG heat.engine.service [req-a312042e-12d4-4db9-9f42-45af9ed0b687 - - - - -] Service a2e55c3c-837f-4be8-b5d7-a513a57d4220 is updated service_manage_report /usr/lib/python3/dist-packages/heat/engine/service.py:2370
2025-02-20 01:35:03.725 36916 DEBUG heat.engine.service [req-2b9fd221-8d1b-45a2-99a0-3630d2ed6d9d - - - - -] Service 92d2bba0-7153-4d94-bae3-f1aebf0e21a3 is updated service_manage_report /usr/lib/python3/dist-packages/heat/engine/service.py:2370
2025-02-20 01:35:03.727 36918 DEBUG heat.engine.service [req-a5dc367c-8e65-49fe-8215-4bcdb3d1f2c4 - - - - -] Service 6db55cb5-3fc2-435b-917e-3663655557b3 is updated service_manage_report /usr/lib/python3/dist-packages/heat/engine/service.py:2370
2025-02-20 01:35:03.754 36917 DEBUG heat.engine.service [req-852669e7-2a7c-4c80-966a-16523015ade2 - - - - -] Service 8c34b0f2-066f-4c1f-97bd-fb6a0a529d0f is updated service_manage_report /usr/lib/python3/dist-packages/heat/engine/service.py:2370
2025-02-20 01:35:03.771 36915 DEBUG heat.engine.service [req-4e37fbbe-5359-4f3b-995e-d7a4a2ed13b3 - - - - -] Service a2e55c3c-837f-4be8-b5d7-a513a57d4220 is updated service_manage_report /usr/lib/python3/dist-packages/heat/engine/service.py:2370
2025-02-20 01:36:03.720 36916 DEBUG heat.engine.service [req-093d01c1-6558-4121-b530-3ba91760a2c3 - - - - -] Service 92d2bba0-7153-4d94-bae3-f1aebf0e21a3 is updated service_manage_report /usr/lib/python3/dist-packages/heat/engine/service.py:2370
2025-02-20 01:36:03.726 36918 DEBUG heat.engine.service [req-4988c117-2539-4e2a-bf1e-7f1e34feaf32 - - - - -] Service 6db55cb5-3fc2-435b-917e-3663655557b3 is updated service_manage_report /usr/lib/python3/dist-packages/heat/engine/service.py:2370
2025-02-20 01:36:03.750 36917 DEBUG heat.engine.service [req-7531ed9b-8e43-416e-892e-d160ebb510a7 - - - - -] Service 8c34b0f2-066f-4c1f-97bd-fb6a0a529d0f is updated service_manage_report /usr/lib/python3/dist-packages/heat/engine/service.py:2370
2025-02-20 01:36:03.772 36915 DEBUG heat.engine.service [req-af3c5beb-b1f3-4c65-9531-d66fe413f622 - - - - -] Service a2e55c3c-837f-4be8-b5d7-a513a57d4220 is updated service_manage_report /usr/lib/python3/dist-packages/heat/engine/service.py:2370
2025-02-20 01:37:03.720 36918 DEBUG heat.engine.service [req-f7475013-b77f-4f9e-a614-ae5139da255e - - - - -] Service 6db55cb5-3fc2-435b-917e-3663655557b3 is updated service_manage_report /usr/lib/python3/dist-packages/heat/engine/service.py:2370
2025-02-20 01:37:03.724 36916 DEBUG heat.engine.service [req-d796ff91-186a-4516-b4cb-45ef69f28d04 - - - - -] Service 92d2bba0-7153-4d94-bae3-f1aebf0e21a3 is updated service_manage_report /usr/lib/python3/dist-packages/heat/engine/service.py:2370
2025-02-20 01:37:03.754 36917 DEBUG heat.engine.service [req-6127581f-776e-4a05-98cc-13d1957c3c4f - - - - -] Service 8c34b0f2-066f-4c1f-97bd-fb6a0a529d0f is updated service_manage_report /usr/lib/python3/dist-packages/heat/engine/service.py:2370
2025-02-20 01:37:03.766 36915 DEBUG heat.engine.service [req-23de7249-7da8-4c74-baac-00d6555b185f - - - - -] Service a2e55c3c-837f-4be8-b5d7-a513a57d4220 is updated service_manage_report /usr/lib/python3/dist-packages/heat/engine/service.py:2370
2025-02-20 01:38:03.730 36918 DEBUG heat.engine.service [req-ddc486c2-dde2-488d-b70b-ac42db88b953 - - - - -] Service 6db55cb5-3fc2-435b-917e-3663655557b3 is updated service_manage_report /usr/lib/python3/dist-packages/heat/engine/service.py:2370
2025-02-20 01:38:03.732 36916 DEBUG heat.engine.service [req-038c4a0d-829d-4619-80c0-c120998ae86a - - - - -] Service 92d2bba0-7153-4d94-bae3-f1aebf0e21a3 is updated service_manage_report /usr/lib/python3/dist-packages/heat/engine/service.py:2370
2025-02-20 01:38:03.757 36917 DEBUG heat.engine.service [req-397b5fea-d4d0-40f7-a519-2d026c15e719 - - - - -] Service 8c34b0f2-066f-4c1f-97bd-fb6a0a529d0f is updated service_manage_report /usr/lib/python3/dist-packages/heat/engine/service.py:2370
2025-02-20 01:38:03.768 36915 DEBUG heat.engine.service [req-877d9b85-2301-49bd-a894-13eeb5ff9f25 - - - - -] Service a2e55c3c-837f-4be8-b5d7-a513a57d4220 is updated service_manage_report /usr/lib/python3/dist-packages/heat/engine/service.py:2370
2025-02-20 01:39:03.726 36918 DEBUG heat.engine.service [req-7753d4fa-1a7b-4de8-a063-ecccb0a6dee4 - - - - -] Service 6db55cb5-3fc2-435b-917e-3663655557b3 is updated service_manage_report /usr/lib/python3/dist-packages/heat/engine/service.py:2370
2025-02-20 01:39:03.730 36916 DEBUG heat.engine.service [req-4f87f261-71c2-4cc1-994d-dd8452eddc3b - - - - -] Service 92d2bba0-7153-4d94-bae3-f1aebf0e21a3 is updated service_manage_report /usr/lib/python3/dist-packages/heat/engine/service.py:2370
2025-02-20 01:39:03.762 36917 DEBUG heat.engine.service [req-88ef3478-262b-4d4c-8290-f11102319731 - - - - -] Service 8c34b0f2-066f-4c1f-97bd-fb6a0a529d0f is updated service_manage_report /usr/lib/python3/dist-packages/heat/engine/service.py:2370
2025-02-20 01:39:03.773 36915 DEBUG heat.engine.service [req-e85e5b13-2958-4ace-8e7f-a1b9fc23f2f4 - - - - -] Service a2e55c3c-837f-4be8-b5d7-a513a57d4220 is updated service_manage_report /usr/lib/python3/dist-packages/heat/engine/service.py:2370
2025-02-20 01:40:03.720 36918 DEBUG heat.engine.service [req-0479c325-92ee-47e2-91e9-58ddddf85d3d - - - - -] Service 6db55cb5-3fc2-435b-917e-3663655557b3 is updated service_manage_report /usr/lib/python3/dist-packages/heat/engine/service.py:2370
2025-02-20 01:40:03.724 36916 DEBUG heat.engine.service [req-47f91272-417e-4f9a-a492-5830d632d860 - - - - -] Service 92d2bba0-7153-4d94-bae3-f1aebf0e21a3 is updated service_manage_report /usr/lib/python3/dist-packages/heat/engine/service.py:2370
2025-02-20 01:40:03.767 36917 DEBUG heat.engine.service [req-6f3f3ac7-3eed-4dd7-8828-c5e311ec3911 - - - - -] Service 8c34b0f2-066f-4c1f-97bd-fb6a0a529d0f is updated service_manage_report /usr/lib/python3/dist-packages/heat/engine/service.py:2370
2025-02-20 01:40:03.775 36915 DEBUG heat.engine.service [req-df242d61-44c4-4c14-80bf-48fab4f4b3c7 - - - - -] Service a2e55c3c-837f-4be8-b5d7-a513a57d4220 is updated service_manage_report /usr/lib/python3/dist-packages/heat/engine/service.py:2370
2025-02-20 01:41:03.725 36918 DEBUG heat.engine.service [req-53c06a9d-fc37-4b33-80a0-4c05981346de - - - - -] Service 6db55cb5-3fc2-435b-917e-3663655557b3 is updated service_manage_report /usr/lib/python3/dist-packages/heat/engine/service.py:2370
2025-02-20 01:41:03.727 36916 DEBUG heat.engine.service [req-45a3e5e1-82ba-4de7-a849-201a8d630a45 - - - - -] Service 92d2bba0-7153-4d94-bae3-f1aebf0e21a3 is updated service_manage_report /usr/lib/python3/dist-packages/heat/engine/service.py:2370
2025-02-20 01:41:03.773 36917 DEBUG heat.engine.service [req-b0445ba4-10ae-46c2-8d94-8d8ee605aa77 - - - - -] Service 8c34b0f2-066f-4c1f-97bd-fb6a0a529d0f is updated service_manage_report /usr/lib/python3/dist-packages/heat/engine/service.py:2370
2025-02-20 01:41:03.779 36915 DEBUG heat.engine.service [req-8bea10b8-5fea-4ac8-b1b4-c03bcdd034cc - - - - -] Service a2e55c3c-837f-4be8-b5d7-a513a57d4220 is updated service_manage_report /usr/lib/python3/dist-packages/heat/engine/service.py:2370
2025-02-20 01:42:03.730 36918 DEBUG heat.engine.service [req-0e737a57-83c8-4b6b-b6f5-18495baf9ac4 - - - - -] Service 6db55cb5-3fc2-435b-917e-3663655557b3 is updated service_manage_report /usr/lib/python3/dist-packages/heat/engine/service.py:2370
2025-02-20 01:42:03.732 36916 DEBUG heat.engine.service [req-128efd9b-462b-41c3-87bc-89145d1787a7 - - - - -] Service 92d2bba0-7153-4d94-bae3-f1aebf0e21a3 is updated service_manage_report /usr/lib/python3/dist-packages/heat/engine/service.py:2370
2025-02-20 01:42:03.776 36917 DEBUG heat.engine.service [req-3460bb9c-4a6a-4efa-a98b-e3b8d6ad0398 - - - - -] Service 8c34b0f2-066f-4c1f-97bd-fb6a0a529d0f is updated service_manage_report /usr/lib/python3/dist-packages/heat/engine/service.py:2370
2025-02-20 01:42:03.783 36915 DEBUG heat.engine.service [req-5905d83d-184e-41b4-9549-c6b1e9080da7 - - - - -] Service a2e55c3c-837f-4be8-b5d7-a513a57d4220 is updated service_manage_report /usr/lib/python3/dist-packages/heat/engine/service.py:2370
2025-02-20 01:43:03.736 36918 DEBUG heat.engine.service [req-ca1cc4db-2722-488e-9891-56d9d2af4b71 - - - - -] Service 6db55cb5-3fc2-435b-917e-3663655557b3 is updated service_manage_report /usr/lib/python3/dist-packages/heat/engine/service.py:2370
2025-02-20 01:43:03.739 36916 DEBUG heat.engine.service [req-4ee72898-cd39-43f4-a311-755728bac63c - - - - -] Service 92d2bba0-7153-4d94-bae3-f1aebf0e21a3 is updated service_manage_report /usr/lib/python3/dist-packages/heat/engine/service.py:2370
2025-02-20 01:43:03.785 36917 DEBUG heat.engine.service [req-4eb8054e-113e-4bd2-b8af-451eea7e1eb1 - - - - -] Service 8c34b0f2-066f-4c1f-97bd-fb6a0a529d0f is updated service_manage_report /usr/lib/python3/dist-packages/heat/engine/service.py:2370
2025-02-20 01:43:03.790 36915 DEBUG heat.engine.service [req-9dac5c26-8833-4697-80ea-1ff5f53474c0 - - - - -] Service a2e55c3c-837f-4be8-b5d7-a513a57d4220 is updated service_manage_report /usr/lib/python3/dist-packages/heat/engine/service.py:2370
2025-02-20 01:44:03.733 36918 DEBUG heat.engine.service [req-c574221c-c37c-4b64-8019-79592459ce4d - - - - -] Service 6db55cb5-3fc2-435b-917e-3663655557b3 is updated service_manage_report /usr/lib/python3/dist-packages/heat/engine/service.py:2370
2025-02-20 01:44:03.737 36916 DEBUG heat.engine.service [req-d7fc2bfa-99ca-4ccc-83d2-09956a6533da - - - - -] Service 92d2bba0-7153-4d94-bae3-f1aebf0e21a3 is updated service_manage_report /usr/lib/python3/dist-packages/heat/engine/service.py:2370
2025-02-20 01:44:03.785 36917 DEBUG heat.engine.service [req-2b5dce5f-6001-4082-a3da-a3f453aaa680 - - - - -] Service 8c34b0f2-066f-4c1f-97bd-fb6a0a529d0f is updated service_manage_report /usr/lib/python3/dist-packages/heat/engine/service.py:2370
2025-02-20 01:44:03.787 36915 DEBUG heat.engine.service [req-1953e47b-b15c-49c2-b474-82e367041012 - - - - -] Service a2e55c3c-837f-4be8-b5d7-a513a57d4220 is updated service_manage_report /usr/lib/python3/dist-packages/heat/engine/service.py:2370
2025-02-20 01:45:03.727 36918 DEBUG heat.engine.service [req-393cec2c-b651-4792-99bc-5b723b42c50a - - - - -] Service 6db55cb5-3fc2-435b-917e-3663655557b3 is updated service_manage_report /usr/lib/python3/dist-packages/heat/engine/service.py:2370
2025-02-20 01:45:03.730 36916 DEBUG heat.engine.service [req-f88336b3-7b9c-42ad-9e23-b4f81631378e - - - - -] Service 92d2bba0-7153-4d94-bae3-f1aebf0e21a3 is updated service_manage_report /usr/lib/python3/dist-packages/heat/engine/service.py:2370
2025-02-20 01:45:03.781 36917 DEBUG heat.engine.service [req-ab470262-b201-4511-bec1-2b5523572398 - - - - -] Service 8c34b0f2-066f-4c1f-97bd-fb6a0a529d0f is updated service_manage_report /usr/lib/python3/dist-packages/heat/engine/service.py:2370
2025-02-20 01:45:03.785 36915 DEBUG heat.engine.service [req-f64add9c-d1df-4690-b839-ccc64efe95c4 - - - - -] Service a2e55c3c-837f-4be8-b5d7-a513a57d4220 is updated service_manage_report /usr/lib/python3/dist-packages/heat/engine/service.py:2370
2025-02-20 01:46:03.733 36918 DEBUG heat.engine.service [req-470657b7-ffcd-4d9c-b873-dce4b2cb5d60 - - - - -] Service 6db55cb5-3fc2-435b-917e-3663655557b3 is updated service_manage_report /usr/lib/python3/dist-packages/heat/engine/service.py:2370
2025-02-20 01:46:03.739 36916 DEBUG heat.engine.service [req-0189f404-a93f-4508-8764-ed15afc48848 - - - - -] Service 92d2bba0-7153-4d94-bae3-f1aebf0e21a3 is updated service_manage_report /usr/lib/python3/dist-packages/heat/engine/service.py:2370
2025-02-20 01:46:03.780 36915 DEBUG heat.engine.service [req-abe2937c-3765-4c4f-8406-1b26c54596fa - - - - -] Service a2e55c3c-837f-4be8-b5d7-a513a57d4220 is updated service_manage_report /usr/lib/python3/dist-packages/heat/engine/service.py:2370
2025-02-20 01:46:03.786 36917 DEBUG heat.engine.service [req-c090229c-7e81-4847-8bd9-e5cff03af4c9 - - - - -] Service 8c34b0f2-066f-4c1f-97bd-fb6a0a529d0f is updated service_manage_report /usr/lib/python3/dist-packages/heat/engine/service.py:2370
2025-02-20 01:47:03.729 36918 DEBUG heat.engine.service [req-e0469453-3a9e-41bc-a980-b28c0417bb1c - - - - -] Service 6db55cb5-3fc2-435b-917e-3663655557b3 is updated service_manage_report /usr/lib/python3/dist-packages/heat/engine/service.py:2370
2025-02-20 01:47:03.738 36916 DEBUG heat.engine.service [req-f5d8c209-9073-4088-a4c2-92a86b00fa09 - - - - -] Service 92d2bba0-7153-4d94-bae3-f1aebf0e21a3 is updated service_manage_report /usr/lib/python3/dist-packages/heat/engine/service.py:2370
2025-02-20 01:47:03.774 36915 DEBUG heat.engine.service [req-ddaab831-cb40-4ed0-bf1c-ffd5d2764d5b - - - - -] Service a2e55c3c-837f-4be8-b5d7-a513a57d4220 is updated service_manage_report /usr/lib/python3/dist-packages/heat/engine/service.py:2370
2025-02-20 01:47:03.791 36917 DEBUG heat.engine.service [req-a92c1d12-d095-4d23-9dec-eb2985beff77 - - - - -] Service 8c34b0f2-066f-4c1f-97bd-fb6a0a529d0f is updated service_manage_report /usr/lib/python3/dist-packages/heat/engine/service.py:2370
2025-02-20 01:48:03.736 36916 DEBUG heat.engine.service [req-ed3c437e-c0fc-4a1c-b9a5-735a21ae053d - - - - -] Service 92d2bba0-7153-4d94-bae3-f1aebf0e21a3 is updated service_manage_report /usr/lib/python3/dist-packages/heat/engine/service.py:2370
2025-02-20 01:48:03.738 36918 DEBUG heat.engine.service [req-fafe3e7d-9df3-4f10-a39d-c5c24d22b3d0 - - - - -] Service 6db55cb5-3fc2-435b-917e-3663655557b3 is updated service_manage_report /usr/lib/python3/dist-packages/heat/engine/service.py:2370
2025-02-20 01:48:03.779 36915 DEBUG heat.engine.service [req-e5a1d48c-5897-445b-ac4e-a85835eac7fa - - - - -] Service a2e55c3c-837f-4be8-b5d7-a513a57d4220 is updated service_manage_report /usr/lib/python3/dist-packages/heat/engine/service.py:2370
2025-02-20 01:48:03.797 36917 DEBUG heat.engine.service [req-0bf363b2-225a-45b1-b383-01090e614c03 - - - - -] Service 8c34b0f2-066f-4c1f-97bd-fb6a0a529d0f is updated service_manage_report /usr/lib/python3/dist-packages/heat/engine/service.py:2370
2025-02-20 01:49:03.731 36916 DEBUG heat.engine.service [req-d83f797f-9c34-4cd1-bf3f-719d242c9efc - - - - -] Service 92d2bba0-7153-4d94-bae3-f1aebf0e21a3 is updated service_manage_report /usr/lib/python3/dist-packages/heat/engine/service.py:2370
2025-02-20 01:49:03.733 36918 DEBUG heat.engine.service [req-cff8bdf3-5f76-4b65-b629-7d62fe9409c6 - - - - -] Service 6db55cb5-3fc2-435b-917e-3663655557b3 is updated service_manage_report /usr/lib/python3/dist-packages/heat/engine/service.py:2370
2025-02-20 01:49:03.784 36915 DEBUG heat.engine.service [req-cab3fe78-91da-4013-9658-c2a1ab204db2 - - - - -] Service a2e55c3c-837f-4be8-b5d7-a513a57d4220 is updated service_manage_report /usr/lib/python3/dist-packages/heat/engine/service.py:2370
2025-02-20 01:49:03.803 36917 DEBUG heat.engine.service [req-7ac21be3-abe4-46a2-a4f9-4b27ef7d4cae - - - - -] Service 8c34b0f2-066f-4c1f-97bd-fb6a0a529d0f is updated service_manage_report /usr/lib/python3/dist-packages/heat/engine/service.py:2370
2025-02-20 01:50:03.731 36918 DEBUG heat.engine.service [req-a9ae3df9-498f-4528-bf1e-40569b3fd78c - - - - -] Service 6db55cb5-3fc2-435b-917e-3663655557b3 is updated service_manage_report /usr/lib/python3/dist-packages/heat/engine/service.py:2370
2025-02-20 01:50:03.734 36916 DEBUG heat.engine.service [req-70a9f65c-046a-4175-a077-5cc64a524736 - - - - -] Service 92d2bba0-7153-4d94-bae3-f1aebf0e21a3 is updated service_manage_report /usr/lib/python3/dist-packages/heat/engine/service.py:2370
2025-02-20 01:50:03.789 36915 DEBUG heat.engine.service [req-6128c4c2-c0aa-472a-8d17-928e7d973b13 - - - - -] Service a2e55c3c-837f-4be8-b5d7-a513a57d4220 is updated service_manage_report /usr/lib/python3/dist-packages/heat/engine/service.py:2370
2025-02-20 01:50:03.796 36917 DEBUG heat.engine.service [req-4d729ab8-b0f3-43dd-9de8-539148f15fc2 - - - - -] Service 8c34b0f2-066f-4c1f-97bd-fb6a0a529d0f is updated service_manage_report /usr/lib/python3/dist-packages/heat/engine/service.py:2370
2025-02-20 01:51:03.736 36918 DEBUG heat.engine.service [req-d729c6a3-20fe-4859-a469-6a370c962269 - - - - -] Service 6db55cb5-3fc2-435b-917e-3663655557b3 is updated service_manage_report /usr/lib/python3/dist-packages/heat/engine/service.py:2370
2025-02-20 01:51:03.738 36916 DEBUG heat.engine.service [req-211a5c57-620d-42e7-b167-7a01cbae11be - - - - -] Service 92d2bba0-7153-4d94-bae3-f1aebf0e21a3 is updated service_manage_report /usr/lib/python3/dist-packages/heat/engine/service.py:2370
2025-02-20 01:51:03.795 36915 DEBUG heat.engine.service [req-0d9dd773-9aa5-4f05-a66b-dd69a1703c1c - - - - -] Service a2e55c3c-837f-4be8-b5d7-a513a57d4220 is updated service_manage_report /usr/lib/python3/dist-packages/heat/engine/service.py:2370
2025-02-20 01:51:03.799 36917 DEBUG heat.engine.service [req-9cc64e67-6463-4633-862b-e94af32e79f8 - - - - -] Service 8c34b0f2-066f-4c1f-97bd-fb6a0a529d0f is updated service_manage_report /usr/lib/python3/dist-packages/heat/engine/service.py:2370
2025-02-20 01:52:03.740 36918 DEBUG heat.engine.service [req-1e04cbd7-a37c-49a8-ac7c-f7645c4dcdd7 - - - - -] Service 6db55cb5-3fc2-435b-917e-3663655557b3 is updated service_manage_report /usr/lib/python3/dist-packages/heat/engine/service.py:2370
2025-02-20 01:52:03.745 36916 DEBUG heat.engine.service [req-50756d3b-eb60-4f25-bd79-5d4ebad9364e - - - - -] Service 92d2bba0-7153-4d94-bae3-f1aebf0e21a3 is updated service_manage_report /usr/lib/python3/dist-packages/heat/engine/service.py:2370
2025-02-20 01:52:03.802 36915 DEBUG heat.engine.service [req-76611d83-5166-430f-8d50-e2664c5ee0ed - - - - -] Service a2e55c3c-837f-4be8-b5d7-a513a57d4220 is updated service_manage_report /usr/lib/python3/dist-packages/heat/engine/service.py:2370
2025-02-20 01:52:03.805 36917 DEBUG heat.engine.service [req-ebb35a52-94dc-48a8-ae17-7865b13edd12 - - - - -] Service 8c34b0f2-066f-4c1f-97bd-fb6a0a529d0f is updated service_manage_report /usr/lib/python3/dist-packages/heat/engine/service.py:2370
2025-02-20 01:53:03.902 36916 DEBUG heat.engine.service [req-c68fa10e-c5c9-43b4-b1ae-ccb0b4941bf9 - - - - -] Service 92d2bba0-7153-4d94-bae3-f1aebf0e21a3 is updated service_manage_report /usr/lib/python3/dist-packages/heat/engine/service.py:2370
2025-02-20 01:53:03.996 36918 DEBUG heat.engine.service [req-6a47a596-bb76-43fb-8780-86ee8dea4e26 - - - - -] Service 6db55cb5-3fc2-435b-917e-3663655557b3 is updated service_manage_report /usr/lib/python3/dist-packages/heat/engine/service.py:2370
2025-02-20 01:53:03.996 36917 DEBUG heat.engine.service [req-c07aa5d9-350d-4cf7-9b0d-1beedbed8b00 - - - - -] Service 8c34b0f2-066f-4c1f-97bd-fb6a0a529d0f is updated service_manage_report /usr/lib/python3/dist-packages/heat/engine/service.py:2370
2025-02-20 01:53:03.997 36915 DEBUG heat.engine.service [req-59f098af-803c-4821-9768-d943897f015e - - - - -] Service a2e55c3c-837f-4be8-b5d7-a513a57d4220 is updated service_manage_report /usr/lib/python3/dist-packages/heat/engine/service.py:2370
2025-02-20 01:53:23.539 36916 DEBUG heat.engine.service [-] Attempting to stop engine service... _stop_rpc_server /usr/lib/python3/dist-packages/heat/engine/service.py:437
2025-02-20 01:53:23.539 36915 DEBUG heat.engine.service [-] Attempting to stop engine service... _stop_rpc_server /usr/lib/python3/dist-packages/heat/engine/service.py:437
2025-02-20 01:53:23.539 36917 DEBUG heat.engine.service [-] Attempting to stop engine service... _stop_rpc_server /usr/lib/python3/dist-packages/heat/engine/service.py:437
2025-02-20 01:53:23.539 36918 DEBUG heat.engine.service [-] Attempting to stop engine service... _stop_rpc_server /usr/lib/python3/dist-packages/heat/engine/service.py:437
2025-02-20 01:53:23.546 36697 INFO oslo_service.service [-] Caught SIGTERM, stopping children
2025-02-20 01:53:23.547 36697 DEBUG oslo_concurrency.lockutils [-] Acquired lock "singleton_lock" lock /usr/lib/python3/dist-packages/oslo_concurrency/lockutils.py:294
2025-02-20 01:53:23.547 36697 DEBUG oslo_concurrency.lockutils [-] Releasing lock "singleton_lock" lock /usr/lib/python3/dist-packages/oslo_concurrency/lockutils.py:312
2025-02-20 01:53:23.547 36697 DEBUG oslo_service.service [-] Stop services. stop /usr/lib/python3/dist-packages/oslo_service/service.py:695
2025-02-20 01:53:23.547 36697 INFO heat.engine.service [-] All threads were gone, terminating engine
2025-02-20 01:53:23.547 36697 DEBUG oslo_service.service [-] Killing children. stop /usr/lib/python3/dist-packages/oslo_service/service.py:700
2025-02-20 01:53:23.548 36697 INFO oslo_service.service [-] Waiting on 4 children to exit
2025-02-20 01:53:23.556 36697 INFO oslo_service.service [-] Child 36916 killed by signal 15
2025-02-20 01:53:23.558 36697 INFO oslo_service.service [-] Child 36915 killed by signal 15
2025-02-20 01:53:23.558 36697 INFO oslo_service.service [-] Child 36918 killed by signal 15
2025-02-20 01:53:23.559 36697 INFO oslo_service.service [-] Child 36917 killed by signal 15
2025-02-20 01:53:25.654 64521 DEBUG oslo_concurrency.lockutils [-] Lock "context-manager" acquired by "neutron_lib.db.api._create_context_manager" :: waited 0.000s inner /usr/lib/python3/dist-packages/oslo_concurrency/lockutils.py:386
2025-02-20 01:53:25.654 64521 DEBUG oslo_concurrency.lockutils [-] Lock "context-manager" "released" by "neutron_lib.db.api._create_context_manager" :: held 0.001s inner /usr/lib/python3/dist-packages/oslo_concurrency/lockutils.py:400
2025-02-20 01:53:25.906 64521 WARNING heat.engine.environment [-] OS::Aodh::Alarm is DEPRECATED. Theshold alarm relies on ceilometer-api and has been deprecated in aodh since Ocata. Use OS::Aodh::GnocchiAggregationByResourcesAlarm instead.
2025-02-20 01:53:25.906 64521 WARNING heat.engine.environment [-] OS::Aodh::CombinationAlarm is HIDDEN. OS::Aodh::CombinationAlarm is deprecated and has been removed from Aodh, use OS::Aodh::CompositeAlarm instead.
2025-02-20 01:53:25.907 64521 WARNING heat.engine.environment [-] OS::Designate::Domain is HIDDEN. This resource has been removed, use OS::Designate::Zone instead.
2025-02-20 01:53:25.907 64521 WARNING heat.engine.environment [-] OS::Designate::Record is HIDDEN. This resource has been removed, use OS::Designate::RecordSet instead.
2025-02-20 01:53:25.907 64521 WARNING heat.engine.environment [-] OS::Glance::Image is DEPRECATED. Creating a Glance Image based on an existing URL location requires the Glance v1 API, which is deprecated.
2025-02-20 01:53:25.907 64521 WARNING heat.engine.environment [-] OS::Heat::HARestarter is HIDDEN. The HARestarter resource type has been removed. Existing stacks containing HARestarter resources can still be used, but the HARestarter resource will be a placeholder that does nothing.
2025-02-20 01:53:25.907 64521 WARNING heat.engine.environment [-] OS::Heat::SoftwareDeployments is HIDDEN. Please use OS::Heat::SoftwareDeploymentGroup instead.
2025-02-20 01:53:25.907 64521 WARNING heat.engine.environment [-] OS::Heat::StructuredDeployments is HIDDEN. Please use OS::Heat::StructuredDeploymentGroup instead.
2025-02-20 01:53:25.908 64521 WARNING heat.engine.environment [-] OS::Magnum::Bay is HIDDEN. Please use OS::Magnum::Cluster instead.
2025-02-20 01:53:25.908 64521 WARNING heat.engine.environment [-] OS::Magnum::BayModel is HIDDEN. Please use OS::Magnum::ClusterTemplate instead.
2025-02-20 01:53:25.908 64521 WARNING heat.engine.environment [-] OS::Neutron::ExtraRoute is UNSUPPORTED. Use this resource at your own risk.
2025-02-20 01:53:25.908 64521 WARNING heat.engine.environment [-] OS::Neutron::HealthMonitor is HIDDEN. Use LBaaS V2 instead.
2025-02-20 01:53:25.908 64521 WARNING heat.engine.environment [-] OS::Neutron::Pool is HIDDEN. Use LBaaS V2 instead.
2025-02-20 01:53:25.908 64521 WARNING heat.engine.environment [-] OS::Neutron::PoolMember is HIDDEN. Use LBaaS V2 instead.
2025-02-20 01:53:25.909 64521 WARNING heat.engine.environment [-] OS::Neutron::LoadBalancer is HIDDEN. Use LBaaS V2 instead.
2025-02-20 01:53:25.909 64521 WARNING heat.engine.environment [-] OS::Neutron::RouterGateway is HIDDEN. Use the `external_gateway_info` property in the router resource to set up the gateway.
2025-02-20 01:53:25.909 64521 WARNING heat.engine.environment [-] OS::Nova::FloatingIP is HIDDEN. Please use OS::Neutron::FloatingIP instead.
2025-02-20 01:53:25.909 64521 WARNING heat.engine.environment [-] OS::Nova::FloatingIPAssociation is HIDDEN. Please use OS::Neutron::FloatingIPAssociation instead.
2025-02-20 01:53:25.910 64521 INFO heat.engine.environment [-] Loading /etc/heat/environment.d/default.yaml
2025-02-20 01:53:25.911 64521 INFO heat.engine.environment [-] Registered: [Plugin](User:False) AWS::AutoScaling::AutoScalingGroup ->
2025-02-20 01:53:25.911 64521 INFO heat.engine.environment [-] Registered: [Plugin](User:False) AWS::AutoScaling::LaunchConfiguration ->
2025-02-20 01:53:25.911 64521 INFO heat.engine.environment [-] Registered: [Plugin](User:False) AWS::AutoScaling::ScalingPolicy ->
2025-02-20 01:53:25.911 64521 INFO heat.engine.environment [-] Registered: [Plugin](User:False) AWS::CloudFormation::Stack ->
2025-02-20 01:53:25.912 64521 INFO heat.engine.environment [-] Registered: [Plugin](User:False) AWS::CloudFormation::WaitCondition ->
2025-02-20 01:53:25.912 64521 INFO heat.engine.environment [-] Registered: [Plugin](User:False) AWS::CloudFormation::WaitConditionHandle ->
2025-02-20 01:53:25.912 64521 INFO heat.engine.environment [-] Registered: [Plugin](User:False) AWS::EC2::EIP ->
2025-02-20 01:53:25.912 64521 INFO heat.engine.environment [-] Registered: [Plugin](User:False) AWS::EC2::EIPAssociation ->
2025-02-20 01:53:25.912 64521 INFO heat.engine.environment [-] Registered: [Plugin](User:False) AWS::EC2::Instance ->
2025-02-20 01:53:25.912 64521 INFO heat.engine.environment [-] Registered: [Plugin](User:False) AWS::EC2::InternetGateway ->
2025-02-20 01:53:25.912 64521 INFO heat.engine.environment [-] Registered: [Plugin](User:False) AWS::EC2::VPCGatewayAttachment ->
2025-02-20 01:53:25.912 64521 INFO heat.engine.environment [-] Registered: [Plugin](User:False) AWS::EC2::NetworkInterface ->
2025-02-20 01:53:25.912 64521 INFO heat.engine.environment [-] Registered: [Plugin](User:False) AWS::EC2::RouteTable ->
2025-02-20 01:53:25.912 64521 INFO heat.engine.environment [-] Registered: [Plugin](User:False) AWS::EC2::SubnetRouteTableAssociation ->
2025-02-20 01:53:25.912 64521 INFO heat.engine.environment [-] Registered: [Plugin](User:False) AWS::EC2::SecurityGroup ->
2025-02-20 01:53:25.912 64521 INFO heat.engine.environment [-] Registered: [Plugin](User:False) AWS::EC2::Subnet ->
2025-02-20 01:53:25.913 64521 INFO heat.engine.environment [-] Registered: [Plugin](User:False) AWS::EC2::Volume ->
2025-02-20 01:53:25.913 64521 INFO heat.engine.environment [-] Registered: [Plugin](User:False) AWS::EC2::VolumeAttachment ->
2025-02-20 01:53:25.913 64521 INFO heat.engine.environment [-] Registered: [Plugin](User:False) AWS::EC2::VPC ->
2025-02-20 01:53:25.913 64521 INFO heat.engine.environment [-] Registered: [Plugin](User:False) AWS::IAM::User ->
2025-02-20 01:53:25.913 64521 INFO heat.engine.environment [-] Registered: [Plugin](User:False) AWS::IAM::AccessKey ->
2025-02-20 01:53:25.913 64521 INFO heat.engine.environment [-] Registered: [Plugin](User:False) AWS::ElasticLoadBalancing::LoadBalancer ->
2025-02-20 01:53:25.913 64521 INFO heat.engine.environment [-] Registered: [Plugin](User:False) AWS::S3::Bucket ->
2025-02-20 01:53:25.913 64521 INFO heat.engine.environment [-] Registered: [Plugin](User:False) OS::Aodh::Alarm ->
2025-02-20 01:53:25.913 64521 INFO heat.engine.environment [-] Registered: [Plugin](User:False) OS::Aodh::CombinationAlarm ->
2025-02-20 01:53:25.913 64521 INFO heat.engine.environment [-] Registered: [Plugin](User:False) OS::Aodh::EventAlarm ->
2025-02-20 01:53:25.913 64521 INFO heat.engine.environment [-] Registered: [Plugin](User:False) OS::Aodh::LBMemberHealthAlarm ->
2025-02-20 01:53:25.913 64521 INFO heat.engine.environment [-] Registered: [Plugin](User:False) OS::Aodh::CompositeAlarm ->
2025-02-20 01:53:25.914 64521 INFO heat.engine.environment [-] Registered: [Plugin](User:False) OS::Aodh::GnocchiResourcesAlarm ->
2025-02-20 01:53:25.914 64521 INFO heat.engine.environment [-] Registered: [Plugin](User:False) OS::Aodh::GnocchiAggregationByMetricsAlarm ->
2025-02-20 01:53:25.914 64521 INFO heat.engine.environment [-] Registered: [Plugin](User:False) OS::Aodh::GnocchiAggregationByResourcesAlarm ->
2025-02-20 01:53:25.914 64521 INFO heat.engine.environment [-] Registered: [Plugin](User:False) OS::Barbican::GenericContainer ->
2025-02-20 01:53:25.914 64521 INFO heat.engine.environment [-] Registered: [Plugin](User:False) OS::Barbican::CertificateContainer ->
2025-02-20 01:53:25.914 64521 INFO heat.engine.environment [-] Registered: [Plugin](User:False) OS::Barbican::RSAContainer ->
2025-02-20 01:53:25.914 64521 INFO heat.engine.environment [-] Registered: [Plugin](User:False) OS::Barbican::Order ->
2025-02-20 01:53:25.914 64521 INFO heat.engine.environment [-] Registered: [Plugin](User:False) OS::Barbican::Secret ->
2025-02-20 01:53:25.914 64521 INFO heat.engine.environment [-] Registered: [Plugin](User:False) OS::Blazar::Host ->
2025-02-20 01:53:25.914 64521 INFO heat.engine.environment [-] Registered: [Plugin](User:False) OS::Blazar::Lease ->
2025-02-20 01:53:25.914 64521 INFO heat.engine.environment [-] Registered: [Plugin](User:False) OS::Cinder::EncryptedVolumeType ->
2025-02-20 01:53:25.914 64521 INFO heat.engine.environment [-] Registered: [Plugin](User:False) OS::Cinder::QoSSpecs ->
2025-02-20 01:53:25.915 64521 INFO heat.engine.environment [-] Registered: [Plugin](User:False) OS::Cinder::QoSAssociation ->
2025-02-20 01:53:25.915 64521 INFO heat.engine.environment [-] Registered: [Plugin](User:False) OS::Cinder::Quota ->
2025-02-20 01:53:25.915 64521 INFO heat.engine.environment [-] Registered: [Plugin](User:False) OS::Cinder::Volume ->
2025-02-20 01:53:25.915 64521 INFO heat.engine.environment [-] Registered: [Plugin](User:False) OS::Cinder::VolumeAttachment ->
2025-02-20 01:53:25.915 64521 INFO heat.engine.environment [-] Registered: [Plugin](User:False) OS::Cinder::VolumeType ->
2025-02-20 01:53:25.915 64521 INFO heat.engine.environment [-] Registered: [Plugin](User:False) OS::Designate::Domain ->
2025-02-20 01:53:25.915 64521 INFO heat.engine.environment [-] Registered: [Plugin](User:False) OS::Designate::Record ->
2025-02-20 01:53:25.915 64521 INFO heat.engine.environment [-] Registered: [Plugin](User:False) OS::Designate::RecordSet ->
2025-02-20 01:53:25.915 64521 INFO heat.engine.environment [-] Registered: [Plugin](User:False) OS::Designate::Zone ->
2025-02-20 01:53:25.915 64521 INFO heat.engine.environment [-] Registered: [Plugin](User:False) OS::Glance::Image ->
2025-02-20 01:53:25.915 64521 INFO heat.engine.environment [-] Registered: [Plugin](User:False) OS::Glance::WebImage ->
2025-02-20 01:53:25.916 64521 INFO heat.engine.environment [-] Registered: [Plugin](User:False) OS::Heat::AccessPolicy ->
2025-02-20 01:53:25.916 64521 INFO heat.engine.environment [-] Registered: [Plugin](User:False) OS::Heat::AutoScalingGroup ->
2025-02-20 01:53:25.916 64521 INFO heat.engine.environment [-] Registered: [Plugin](User:False) OS::Heat::CloudConfig ->
2025-02-20 01:53:25.916 64521 INFO heat.engine.environment [-] Registered: [Plugin](User:False) OS::Heat::Delay ->
2025-02-20 01:53:25.916 64521 INFO heat.engine.environment [-] Registered: [Plugin](User:False) OS::Heat::DeployedServer ->
2025-02-20 01:53:25.916 64521 INFO heat.engine.environment [-] Registered: [Plugin](User:False) OS::Heat::HARestarter ->
2025-02-20 01:53:25.916 64521 INFO heat.engine.environment [-] Registered: [Plugin](User:False) OS::Heat::InstanceGroup ->
2025-02-20 01:53:25.916 64521 INFO heat.engine.environment [-] Registered: [Plugin](User:False) OS::Heat::MultipartMime ->
2025-02-20 01:53:25.916 64521 INFO heat.engine.environment [-] Registered: [Plugin](User:False) OS::Heat::None ->
2025-02-20 01:53:25.916 64521 INFO heat.engine.environment [-] Registered: [Plugin](User:False) OS::Heat::RandomString ->
2025-02-20 01:53:25.916 64521 INFO heat.engine.environment [-] Registered: [Plugin](User:False) OS::Heat::Stack ->
2025-02-20 01:53:25.916 64521 INFO heat.engine.environment [-] Registered: [Plugin](User:False) OS::Heat::ResourceChain ->
2025-02-20 01:53:25.916 64521 INFO heat.engine.environment [-] Registered: [Plugin](User:False) OS::Heat::ResourceGroup ->
2025-02-20 01:53:25.917 64521 INFO heat.engine.environment [-] Registered: [Plugin](User:False) OS::Heat::ScalingPolicy ->
2025-02-20 01:53:25.917 64521 INFO heat.engine.environment [-] Registered: [Plugin](User:False) OS::Heat::SoftwareComponent ->
2025-02-20 01:53:25.917 64521 INFO heat.engine.environment [-] Registered: [Plugin](User:False) OS::Heat::SoftwareConfig ->
2025-02-20 01:53:25.917 64521 INFO heat.engine.environment [-] Registered: [Plugin](User:False) OS::Heat::SoftwareDeployment ->
2025-02-20 01:53:25.917 64521 INFO heat.engine.environment [-] Registered: [Plugin](User:False) OS::Heat::SoftwareDeploymentGroup ->
2025-02-20 01:53:25.917 64521 INFO heat.engine.environment [-] Registered: [Plugin](User:False) OS::Heat::SoftwareDeployments ->
2025-02-20 01:53:25.917 64521 INFO heat.engine.environment [-] Registered: [Plugin](User:False) OS::Heat::StructuredConfig ->
2025-02-20 01:53:25.917 64521 INFO heat.engine.environment [-] Registered: [Plugin](User:False) OS::Heat::StructuredDeployment ->
2025-02-20 01:53:25.917 64521 INFO heat.engine.environment [-] Registered: [Plugin](User:False) OS::Heat::StructuredDeploymentGroup ->
2025-02-20 01:53:25.917 64521 INFO heat.engine.environment [-] Registered: [Plugin](User:False) OS::Heat::StructuredDeployments ->
2025-02-20 01:53:25.917 64521 INFO heat.engine.environment [-] Registered: [Plugin](User:False) OS::Heat::SwiftSignal ->
2025-02-20 01:53:25.917 64521 INFO heat.engine.environment [-] Registered: [Plugin](User:False) OS::Heat::SwiftSignalHandle ->
2025-02-20 01:53:25.918 64521 INFO heat.engine.environment [-] Registered: [Plugin](User:False) OS::Heat::TestResource ->
2025-02-20 01:53:25.918 64521 INFO heat.engine.environment [-] Registered: [Plugin](User:False) OS::Heat::Value ->
2025-02-20 01:53:25.918 64521 INFO heat.engine.environment [-] Registered: [Plugin](User:False) OS::Heat::WaitCondition ->
2025-02-20 01:53:25.918 64521 INFO heat.engine.environment [-] Registered: [Plugin](User:False) OS::Heat::WaitConditionHandle ->
2025-02-20 01:53:25.918 64521 INFO heat.engine.environment [-] Registered: [Plugin](User:False) OS::Heat::UpdateWaitConditionHandle ->
2025-02-20 01:53:25.918 64521 INFO heat.engine.environment [-] Registered: [Plugin](User:False) OS::Ironic::Port ->
2025-02-20 01:53:25.918 64521 INFO heat.engine.environment [-] Registered: [Plugin](User:False) OS::Keystone::Domain ->
2025-02-20 01:53:25.918 64521 INFO heat.engine.environment [-] Registered: [Plugin](User:False) OS::Keystone::Endpoint ->
2025-02-20 01:53:25.918 64521 INFO heat.engine.environment [-] Registered: [Plugin](User:False) OS::Keystone::Group ->
2025-02-20 01:53:25.918 64521 INFO heat.engine.environment [-] Registered: [Plugin](User:False) OS::Keystone::Project ->
2025-02-20 01:53:25.918 64521 INFO heat.engine.environment [-] Registered: [Plugin](User:False) OS::Keystone::Region ->
2025-02-20 01:53:25.918 64521 INFO heat.engine.environment [-] Registered: [Plugin](User:False) OS::Keystone::Role ->
2025-02-20 01:53:25.919 64521 INFO heat.engine.environment [-] Registered: [Plugin](User:False) OS::Keystone::UserRoleAssignment ->
2025-02-20 01:53:25.919 64521 INFO heat.engine.environment [-] Registered: [Plugin](User:False) OS::Keystone::GroupRoleAssignment ->
2025-02-20 01:53:25.919 64521 INFO heat.engine.environment [-] Registered: [Plugin](User:False) OS::Keystone::Service ->
2025-02-20 01:53:25.919 64521 INFO heat.engine.environment [-] Registered: [Plugin](User:False) OS::Keystone::User ->
2025-02-20 01:53:25.919 64521 INFO heat.engine.environment [-] Registered: [Plugin](User:False) OS::Magnum::Bay ->
2025-02-20 01:53:25.919 64521 INFO heat.engine.environment [-] Registered: [Plugin](User:False) OS::Magnum::BayModel ->
2025-02-20 01:53:25.919 64521 INFO heat.engine.environment [-] Registered: [Plugin](User:False) OS::Magnum::Cluster ->
2025-02-20 01:53:25.919 64521 INFO heat.engine.environment [-] Registered: [Plugin](User:False) OS::Magnum::ClusterTemplate ->
2025-02-20 01:53:25.919 64521 INFO heat.engine.environment [-] Registered: [Plugin](User:False) OS::Manila::SecurityService ->
2025-02-20 01:53:25.919 64521 INFO heat.engine.environment [-] Registered: [Plugin](User:False) OS::Manila::Share ->
2025-02-20 01:53:25.919 64521 INFO heat.engine.environment [-] Registered: [Plugin](User:False) OS::Manila::ShareNetwork ->
2025-02-20 01:53:25.920 64521 INFO heat.engine.environment [-] Registered: [Plugin](User:False) OS::Manila::ShareType ->
2025-02-20 01:53:25.920 64521 INFO heat.engine.environment [-] Registered: [Plugin](User:False) OS::Mistral::CronTrigger ->
2025-02-20 01:53:25.920 64521 INFO heat.engine.environment [-] Registered: [Plugin](User:False) OS::Mistral::ExternalResource ->
2025-02-20 01:53:25.920 64521 INFO heat.engine.environment [-] Registered: [Plugin](User:False) OS::Mistral::Workflow ->
2025-02-20 01:53:25.920 64521 INFO heat.engine.environment [-] Registered: [Plugin](User:False) OS::Monasca::AlarmDefinition ->
2025-02-20 01:53:25.920 64521 INFO heat.engine.environment [-] Registered: [Plugin](User:False) OS::Monasca::Notification ->
2025-02-20 01:53:25.920 64521 INFO heat.engine.environment [-] Registered: [Plugin](User:False) OS::Neutron::AddressScope ->
2025-02-20 01:53:25.920 64521 INFO heat.engine.environment [-] Registered: [Plugin](User:False) OS::Neutron::ExtraRoute ->
2025-02-20 01:53:25.920 64521 INFO heat.engine.environment [-] Registered: [Plugin](User:False) OS::Neutron::ExtraRouteSet ->
2025-02-20 01:53:25.920 64521 INFO heat.engine.environment [-] Registered: [Plugin](User:False) OS::Neutron::Firewall ->
2025-02-20 01:53:25.920 64521 INFO heat.engine.environment [-] Registered: [Plugin](User:False) OS::Neutron::FirewallPolicy ->
2025-02-20 01:53:25.920 64521 INFO heat.engine.environment [-] Registered: [Plugin](User:False) OS::Neutron::FirewallRule ->
2025-02-20 01:53:25.921 64521 INFO heat.engine.environment [-] Registered: [Plugin](User:False) OS::Neutron::FloatingIP ->
2025-02-20 01:53:25.921 64521 INFO heat.engine.environment [-] Registered: [Plugin](User:False) OS::Neutron::FloatingIPAssociation ->
2025-02-20 01:53:25.921 64521 INFO heat.engine.environment [-] Registered: [Plugin](User:False) OS::Neutron::L2Gateway ->
2025-02-20 01:53:25.921 64521 INFO heat.engine.environment [-] Registered: [Plugin](User:False) OS::Neutron::L2GatewayConnection ->
2025-02-20 01:53:25.921 64521 INFO heat.engine.environment [-] Registered: [Plugin](User:False) OS::Neutron::LBaaS::HealthMonitor ->
2025-02-20 01:53:25.921 64521 INFO heat.engine.environment [-] Registered: [Plugin](User:False) OS::Neutron::LBaaS::L7Policy ->
2025-02-20 01:53:25.921 64521 INFO heat.engine.environment [-] Registered: [Plugin](User:False) OS::Neutron::LBaaS::L7Rule ->
2025-02-20 01:53:25.921 64521 INFO heat.engine.environment [-] Registered: [Plugin](User:False) OS::Neutron::LBaaS::Listener ->
2025-02-20 01:53:25.921 64521 INFO heat.engine.environment [-] Registered: [Plugin](User:False) OS::Neutron::LBaaS::LoadBalancer ->
2025-02-20 01:53:25.921 64521 INFO heat.engine.environment [-] Registered: [Plugin](User:False) OS::Neutron::LBaaS::Pool ->
2025-02-20 01:53:25.921 64521 INFO heat.engine.environment [-] Registered: [Plugin](User:False) OS::Neutron::LBaaS::PoolMember ->
2025-02-20 01:53:25.921 64521 INFO heat.engine.environment [-] Registered: [Plugin](User:False) OS::Neutron::HealthMonitor ->
2025-02-20 01:53:25.922 64521 INFO heat.engine.environment [-] Registered: [Plugin](User:False) OS::Neutron::Pool ->
2025-02-20 01:53:25.922 64521 INFO heat.engine.environment [-] Registered: [Plugin](User:False) OS::Neutron::PoolMember ->
2025-02-20 01:53:25.922 64521 INFO heat.engine.environment [-] Registered: [Plugin](User:False) OS::Neutron::LoadBalancer ->
2025-02-20 01:53:25.922 64521 INFO heat.engine.environment [-] Registered: [Plugin](User:False) OS::Neutron::MeteringLabel ->
2025-02-20 01:53:25.922 64521 INFO heat.engine.environment [-] Registered: [Plugin](User:False) OS::Neutron::MeteringRule ->
2025-02-20 01:53:25.922 64521 INFO heat.engine.environment [-] Registered: [Plugin](User:False) OS::Neutron::Net ->
2025-02-20 01:53:25.938 64521 INFO heat.engine.environment [-] Registered: [Plugin](User:False) OS::Neutron::NetworkGateway ->
2025-02-20 01:53:25.939 64521 INFO heat.engine.environment [-] Registered: [Plugin](User:False) OS::Neutron::Port ->
2025-02-20 01:53:25.939 64521 INFO heat.engine.environment [-] Registered: [Plugin](User:False) OS::Neutron::ProviderNet ->
2025-02-20 01:53:25.939 64521 INFO heat.engine.environment [-] Registered: [Plugin](User:False) OS::Neutron::QoSPolicy ->
2025-02-20 01:53:25.939 64521 INFO heat.engine.environment [-] Registered: [Plugin](User:False) OS::Neutron::QoSBandwidthLimitRule ->
2025-02-20 01:53:25.939 64521 INFO heat.engine.environment [-] Registered: [Plugin](User:False) OS::Neutron::QoSDscpMarkingRule ->
2025-02-20 01:53:25.939 64521 INFO heat.engine.environment [-] Registered: [Plugin](User:False) OS::Neutron::QoSMinimumBandwidthRule ->
2025-02-20 01:53:25.957 64521 INFO heat.engine.environment [-] Registered: [Plugin](User:False) OS::Neutron::Quota ->
2025-02-20 01:53:25.957 64521 INFO heat.engine.environment [-] Registered: [Plugin](User:False) OS::Neutron::RBACPolicy ->
2025-02-20 01:53:25.957 64521 INFO heat.engine.environment [-] Registered: [Plugin](User:False) OS::Neutron::Router ->
2025-02-20 01:53:25.957 64521 INFO heat.engine.environment [-] Registered: [Plugin](User:False) OS::Neutron::RouterInterface ->
2025-02-20 01:53:25.957 64521 INFO heat.engine.environment [-] Registered: [Plugin](User:False) OS::Neutron::RouterGateway ->
2025-02-20 01:53:25.957 64521 INFO heat.engine.environment [-] Registered: [Plugin](User:False) OS::Neutron::SecurityGroup ->
2025-02-20 01:53:25.957 64521 INFO heat.engine.environment [-] Registered: [Plugin](User:False) OS::Neutron::SecurityGroupRule ->
2025-02-20 01:53:25.958 64521 INFO heat.engine.environment [-] Registered: [Plugin](User:False) OS::Neutron::Segment ->
2025-02-20 01:53:25.958 64521 INFO heat.engine.environment [-] Registered: [Plugin](User:False) OS::Neutron::FlowClassifier ->
2025-02-20 01:53:25.958 64521 INFO heat.engine.environment [-] Registered: [Plugin](User:False) OS::Neutron::PortChain ->
2025-02-20 01:53:25.958 64521 INFO heat.engine.environment [-] Registered: [Plugin](User:False) OS::Neutron::PortPair ->
2025-02-20 01:53:25.958 64521 INFO heat.engine.environment [-] Registered: [Plugin](User:False) OS::Neutron::PortPairGroup ->
2025-02-20 01:53:25.958 64521 INFO heat.engine.environment [-] Registered: [Plugin](User:False) OS::Neutron::Subnet ->
2025-02-20 01:53:25.958 64521 INFO heat.engine.environment [-] Registered: [Plugin](User:False) OS::Neutron::SubnetPool ->
2025-02-20 01:53:25.958 64521 INFO heat.engine.environment [-] Registered: [Plugin](User:False) OS::Neutron::TaaS::TapFlow ->
2025-02-20 01:53:25.958 64521 INFO heat.engine.environment [-] Registered: [Plugin](User:False) OS::Neutron::TaaS::TapService ->
2025-02-20 01:53:25.958 64521 INFO heat.engine.environment [-] Registered: [Plugin](User:False) OS::Neutron::Trunk ->
2025-02-20 01:53:25.958 64521 INFO heat.engine.environment [-] Registered: [Plugin](User:False) OS::Neutron::VPNService ->
2025-02-20 01:53:25.958 64521 INFO heat.engine.environment [-] Registered: [Plugin](User:False) OS::Neutron::IPsecSiteConnection ->
2025-02-20 01:53:25.959 64521 INFO heat.engine.environment [-] Registered: [Plugin](User:False) OS::Neutron::IKEPolicy ->
2025-02-20 01:53:25.959 64521 INFO heat.engine.environment [-] Registered: [Plugin](User:False) OS::Neutron::IPsecPolicy ->
2025-02-20 01:53:25.959 64521 INFO heat.engine.environment [-] Registered: [Plugin](User:False) OS::Nova::Flavor ->
2025-02-20 01:53:25.959 64521 INFO heat.engine.environment [-] Registered: [Plugin](User:False) OS::Nova::FloatingIP ->
2025-02-20 01:53:25.959 64521 INFO heat.engine.environment [-] Registered: [Plugin](User:False) OS::Nova::FloatingIPAssociation ->
2025-02-20 01:53:25.959 64521 INFO heat.engine.environment [-] Registered: [Plugin](User:False) OS::Nova::HostAggregate ->
2025-02-20 01:53:25.959 64521 INFO heat.engine.environment [-] Registered: [Plugin](User:False) OS::Nova::KeyPair ->
2025-02-20 01:53:25.959 64521 INFO heat.engine.environment [-] Registered: [Plugin](User:False) OS::Nova::Quota ->
2025-02-20 01:53:25.959 64521 INFO heat.engine.environment [-] Registered: [Plugin](User:False) OS::Nova::Server ->
2025-02-20 01:53:25.959 64521 INFO heat.engine.environment [-] Registered: [Plugin](User:False) OS::Nova::ServerGroup ->
2025-02-20 01:53:25.959 64521 INFO heat.engine.environment [-] Registered: [Plugin](User:False) OS::Octavia::Flavor ->
2025-02-20 01:53:25.960 64521 INFO heat.engine.environment [-] Registered: [Plugin](User:False) OS::Octavia::FlavorProfile ->
