2025-02-20 01:59:42.659 69207 DEBUG oslo_db.sqlalchemy.engines [req-cd42fada-2426-4f99-8511-fa5206af317e - - - - -] MySQL server mode set to STRICT_TRANS_TABLES,STRICT_ALL_TABLES,NO_ZERO_IN_DATE,NO_ZERO_DATE,ERROR_FOR_DIVISION_BY_ZERO,TRADITIONAL,NO_ENGINE_SUBSTITUTION _check_effective_sql_mode /usr/lib/python3/dist-packages/oslo_db/sqlalchemy/engines.py:314
2025-02-20 01:59:42.709 69208 DEBUG heat.engine.service [req-21ec5d2f-1344-497d-b684-0427bf8c5971 - - - - -] Service 3d425492-e1a7-4720-94ba-f8998a97892c was aborted service_manage_cleanup /usr/lib/python3/dist-packages/heat/engine/service.py:2391
2025-02-20 01:59:42.712 69209 DEBUG heat.engine.service [req-09d0de5a-9351-497d-8ae9-7e3876bcce88 - - - - -] Service 3d425492-e1a7-4720-94ba-f8998a97892c was aborted service_manage_cleanup /usr/lib/python3/dist-packages/heat/engine/service.py:2391
2025-02-20 01:59:42.714 69207 DEBUG heat.engine.service [req-cd42fada-2426-4f99-8511-fa5206af317e - - - - -] Service 3d425492-e1a7-4720-94ba-f8998a97892c was aborted service_manage_cleanup /usr/lib/python3/dist-packages/heat/engine/service.py:2391
2025-02-20 01:59:42.723 69206 DEBUG heat.engine.service [req-ffa10661-38fb-4def-92ab-ac3afba64af5 - - - - -] Service 3d425492-e1a7-4720-94ba-f8998a97892c was aborted service_manage_cleanup /usr/lib/python3/dist-packages/heat/engine/service.py:2391
2025-02-20 01:59:42.727 69208 DEBUG heat.engine.service [req-21ec5d2f-1344-497d-b684-0427bf8c5971 - - - - -] Service 5820c80c-7446-4252-8ccf-d6f044bcb86c was aborted service_manage_cleanup /usr/lib/python3/dist-packages/heat/engine/service.py:2391
2025-02-20 01:59:42.729 69207 DEBUG heat.engine.service [req-cd42fada-2426-4f99-8511-fa5206af317e - - - - -] Service 5820c80c-7446-4252-8ccf-d6f044bcb86c was aborted service_manage_cleanup /usr/lib/python3/dist-packages/heat/engine/service.py:2391
2025-02-20 01:59:42.730 69209 DEBUG heat.engine.service [req-09d0de5a-9351-497d-8ae9-7e3876bcce88 - - - - -] Service 5820c80c-7446-4252-8ccf-d6f044bcb86c was aborted service_manage_cleanup /usr/lib/python3/dist-packages/heat/engine/service.py:2391
2025-02-20 01:59:42.733 69206 DEBUG heat.engine.service [req-ffa10661-38fb-4def-92ab-ac3afba64af5 - - - - -] Service 5820c80c-7446-4252-8ccf-d6f044bcb86c was aborted service_manage_cleanup /usr/lib/python3/dist-packages/heat/engine/service.py:2391
2025-02-20 01:59:42.751 69208 DEBUG heat.engine.service [req-21ec5d2f-1344-497d-b684-0427bf8c5971 - - - - -] Service 6db55cb5-3fc2-435b-917e-3663655557b3 was aborted service_manage_cleanup /usr/lib/python3/dist-packages/heat/engine/service.py:2391
2025-02-20 01:59:42.751 69207 DEBUG heat.engine.service [req-cd42fada-2426-4f99-8511-fa5206af317e - - - - -] Service 6db55cb5-3fc2-435b-917e-3663655557b3 was aborted service_manage_cleanup /usr/lib/python3/dist-packages/heat/engine/service.py:2391
2025-02-20 01:59:42.752 69209 DEBUG heat.engine.service [req-09d0de5a-9351-497d-8ae9-7e3876bcce88 - - - - -] Service 6db55cb5-3fc2-435b-917e-3663655557b3 was aborted service_manage_cleanup /usr/lib/python3/dist-packages/heat/engine/service.py:2391
2025-02-20 01:59:42.754 69206 DEBUG heat.engine.service [req-ffa10661-38fb-4def-92ab-ac3afba64af5 - - - - -] Service 6db55cb5-3fc2-435b-917e-3663655557b3 was aborted service_manage_cleanup /usr/lib/python3/dist-packages/heat/engine/service.py:2391
2025-02-20 01:59:42.772 69209 DEBUG heat.engine.service [req-09d0de5a-9351-497d-8ae9-7e3876bcce88 - - - - -] Service 7b1d47fb-7b74-4bd0-8ef7-d4fc42f87b2c was aborted service_manage_cleanup /usr/lib/python3/dist-packages/heat/engine/service.py:2391
2025-02-20 01:59:42.771 69208 DEBUG heat.engine.service [req-21ec5d2f-1344-497d-b684-0427bf8c5971 - - - - -] Service 7b1d47fb-7b74-4bd0-8ef7-d4fc42f87b2c was aborted service_manage_cleanup /usr/lib/python3/dist-packages/heat/engine/service.py:2391
2025-02-20 01:59:42.777 69207 DEBUG heat.engine.service [req-cd42fada-2426-4f99-8511-fa5206af317e - - - - -] Service 7b1d47fb-7b74-4bd0-8ef7-d4fc42f87b2c was aborted service_manage_cleanup /usr/lib/python3/dist-packages/heat/engine/service.py:2391
2025-02-20 01:59:42.779 69206 DEBUG heat.engine.service [req-ffa10661-38fb-4def-92ab-ac3afba64af5 - - - - -] Service 7b1d47fb-7b74-4bd0-8ef7-d4fc42f87b2c was aborted service_manage_cleanup /usr/lib/python3/dist-packages/heat/engine/service.py:2391
2025-02-20 01:59:42.790 69209 DEBUG heat.engine.service [req-09d0de5a-9351-497d-8ae9-7e3876bcce88 - - - - -] Service 80c8898b-0987-4b85-a47e-57d2daf32580 was aborted service_manage_cleanup /usr/lib/python3/dist-packages/heat/engine/service.py:2391
2025-02-20 01:59:42.791 69208 DEBUG heat.engine.service [req-21ec5d2f-1344-497d-b684-0427bf8c5971 - - - - -] Service 80c8898b-0987-4b85-a47e-57d2daf32580 was aborted service_manage_cleanup /usr/lib/python3/dist-packages/heat/engine/service.py:2391
2025-02-20 01:59:42.791 69206 DEBUG heat.engine.service [req-ffa10661-38fb-4def-92ab-ac3afba64af5 - - - - -] Service 80c8898b-0987-4b85-a47e-57d2daf32580 was aborted service_manage_cleanup /usr/lib/python3/dist-packages/heat/engine/service.py:2391
2025-02-20 01:59:42.793 69207 DEBUG heat.engine.service [req-cd42fada-2426-4f99-8511-fa5206af317e - - - - -] Service 80c8898b-0987-4b85-a47e-57d2daf32580 was aborted service_manage_cleanup /usr/lib/python3/dist-packages/heat/engine/service.py:2391
2025-02-20 01:59:42.810 69208 DEBUG heat.engine.service [req-21ec5d2f-1344-497d-b684-0427bf8c5971 - - - - -] Service 8c34b0f2-066f-4c1f-97bd-fb6a0a529d0f was aborted service_manage_cleanup /usr/lib/python3/dist-packages/heat/engine/service.py:2391
2025-02-20 01:59:42.812 69207 DEBUG heat.engine.service [req-cd42fada-2426-4f99-8511-fa5206af317e - - - - -] Service 8c34b0f2-066f-4c1f-97bd-fb6a0a529d0f was aborted service_manage_cleanup /usr/lib/python3/dist-packages/heat/engine/service.py:2391
2025-02-20 01:59:42.813 69206 DEBUG heat.engine.service [req-ffa10661-38fb-4def-92ab-ac3afba64af5 - - - - -] Service 8c34b0f2-066f-4c1f-97bd-fb6a0a529d0f was aborted service_manage_cleanup /usr/lib/python3/dist-packages/heat/engine/service.py:2391
2025-02-20 01:59:42.817 69209 DEBUG heat.engine.service [req-09d0de5a-9351-497d-8ae9-7e3876bcce88 - - - - -] Service 8c34b0f2-066f-4c1f-97bd-fb6a0a529d0f was aborted service_manage_cleanup /usr/lib/python3/dist-packages/heat/engine/service.py:2391
2025-02-20 01:59:42.834 69208 DEBUG heat.engine.service [req-21ec5d2f-1344-497d-b684-0427bf8c5971 - - - - -] Service 92d2bba0-7153-4d94-bae3-f1aebf0e21a3 was aborted service_manage_cleanup /usr/lib/python3/dist-packages/heat/engine/service.py:2391
2025-02-20 01:59:42.837 69206 DEBUG heat.engine.service [req-ffa10661-38fb-4def-92ab-ac3afba64af5 - - - - -] Service 92d2bba0-7153-4d94-bae3-f1aebf0e21a3 was aborted service_manage_cleanup /usr/lib/python3/dist-packages/heat/engine/service.py:2391
2025-02-20 01:59:42.840 69207 DEBUG heat.engine.service [req-cd42fada-2426-4f99-8511-fa5206af317e - - - - -] Service 92d2bba0-7153-4d94-bae3-f1aebf0e21a3 was aborted service_manage_cleanup /usr/lib/python3/dist-packages/heat/engine/service.py:2391
2025-02-20 01:59:42.840 69209 DEBUG heat.engine.service [req-09d0de5a-9351-497d-8ae9-7e3876bcce88 - - - - -] Service 92d2bba0-7153-4d94-bae3-f1aebf0e21a3 was aborted service_manage_cleanup /usr/lib/python3/dist-packages/heat/engine/service.py:2391
2025-02-20 01:59:42.861 69208 DEBUG heat.engine.service [req-21ec5d2f-1344-497d-b684-0427bf8c5971 - - - - -] Service 935c518c-896a-4693-8628-80c02ebe0c56 was aborted service_manage_cleanup /usr/lib/python3/dist-packages/heat/engine/service.py:2391
2025-02-20 01:59:42.869 69206 DEBUG heat.engine.service [req-ffa10661-38fb-4def-92ab-ac3afba64af5 - - - - -] Service 935c518c-896a-4693-8628-80c02ebe0c56 was aborted service_manage_cleanup /usr/lib/python3/dist-packages/heat/engine/service.py:2391
2025-02-20 01:59:42.871 69209 DEBUG heat.engine.service [req-09d0de5a-9351-497d-8ae9-7e3876bcce88 - - - - -] Service 935c518c-896a-4693-8628-80c02ebe0c56 was aborted service_manage_cleanup /usr/lib/python3/dist-packages/heat/engine/service.py:2391
2025-02-20 01:59:42.875 69207 DEBUG heat.engine.service [req-cd42fada-2426-4f99-8511-fa5206af317e - - - - -] Service 935c518c-896a-4693-8628-80c02ebe0c56 was aborted service_manage_cleanup /usr/lib/python3/dist-packages/heat/engine/service.py:2391
2025-02-20 01:59:42.883 69208 DEBUG heat.engine.service [req-21ec5d2f-1344-497d-b684-0427bf8c5971 - - - - -] Service 9919b53b-3bf6-49eb-9e90-1bec7b5dfa5a was aborted service_manage_cleanup /usr/lib/python3/dist-packages/heat/engine/service.py:2391
2025-02-20 01:59:42.884 69206 DEBUG heat.engine.service [req-ffa10661-38fb-4def-92ab-ac3afba64af5 - - - - -] Service 9919b53b-3bf6-49eb-9e90-1bec7b5dfa5a was aborted service_manage_cleanup /usr/lib/python3/dist-packages/heat/engine/service.py:2391
2025-02-20 01:59:42.885 69209 DEBUG heat.engine.service [req-09d0de5a-9351-497d-8ae9-7e3876bcce88 - - - - -] Service 9919b53b-3bf6-49eb-9e90-1bec7b5dfa5a was aborted service_manage_cleanup /usr/lib/python3/dist-packages/heat/engine/service.py:2391
2025-02-20 01:59:42.886 69207 DEBUG heat.engine.service [req-cd42fada-2426-4f99-8511-fa5206af317e - - - - -] Service 9919b53b-3bf6-49eb-9e90-1bec7b5dfa5a was aborted service_manage_cleanup /usr/lib/python3/dist-packages/heat/engine/service.py:2391
2025-02-20 01:59:42.902 69208 DEBUG heat.engine.service [req-21ec5d2f-1344-497d-b684-0427bf8c5971 - - - - -] Service a2e55c3c-837f-4be8-b5d7-a513a57d4220 was aborted service_manage_cleanup /usr/lib/python3/dist-packages/heat/engine/service.py:2391
2025-02-20 01:59:42.903 69209 DEBUG heat.engine.service [req-09d0de5a-9351-497d-8ae9-7e3876bcce88 - - - - -] Service a2e55c3c-837f-4be8-b5d7-a513a57d4220 was aborted service_manage_cleanup /usr/lib/python3/dist-packages/heat/engine/service.py:2391
2025-02-20 01:59:42.905 69206 DEBUG heat.engine.service [req-ffa10661-38fb-4def-92ab-ac3afba64af5 - - - - -] Service a2e55c3c-837f-4be8-b5d7-a513a57d4220 was aborted service_manage_cleanup /usr/lib/python3/dist-packages/heat/engine/service.py:2391
2025-02-20 01:59:42.907 69207 DEBUG heat.engine.service [req-cd42fada-2426-4f99-8511-fa5206af317e - - - - -] Service a2e55c3c-837f-4be8-b5d7-a513a57d4220 was aborted service_manage_cleanup /usr/lib/python3/dist-packages/heat/engine/service.py:2391
2025-02-20 01:59:42.922 69208 DEBUG heat.engine.service [req-21ec5d2f-1344-497d-b684-0427bf8c5971 - - - - -] Service bda1f42f-9b0a-45dc-b6e9-a61f58241737 was aborted service_manage_cleanup /usr/lib/python3/dist-packages/heat/engine/service.py:2391
2025-02-20 01:59:42.923 69206 DEBUG heat.engine.service [req-ffa10661-38fb-4def-92ab-ac3afba64af5 - - - - -] Service bda1f42f-9b0a-45dc-b6e9-a61f58241737 was aborted service_manage_cleanup /usr/lib/python3/dist-packages/heat/engine/service.py:2391
2025-02-20 01:59:42.924 69209 DEBUG heat.engine.service [req-09d0de5a-9351-497d-8ae9-7e3876bcce88 - - - - -] Service bda1f42f-9b0a-45dc-b6e9-a61f58241737 was aborted service_manage_cleanup /usr/lib/python3/dist-packages/heat/engine/service.py:2391
2025-02-20 01:59:42.927 69207 DEBUG heat.engine.service [req-cd42fada-2426-4f99-8511-fa5206af317e - - - - -] Service bda1f42f-9b0a-45dc-b6e9-a61f58241737 was aborted service_manage_cleanup /usr/lib/python3/dist-packages/heat/engine/service.py:2391
2025-02-20 01:59:42.939 69208 DEBUG heat.engine.service [req-21ec5d2f-1344-497d-b684-0427bf8c5971 - - - - -] Service d67237f9-f19f-43ab-8b85-77b640d30113 was aborted service_manage_cleanup /usr/lib/python3/dist-packages/heat/engine/service.py:2391
2025-02-20 01:59:42.940 69209 DEBUG heat.engine.service [req-09d0de5a-9351-497d-8ae9-7e3876bcce88 - - - - -] Service d67237f9-f19f-43ab-8b85-77b640d30113 was aborted service_manage_cleanup /usr/lib/python3/dist-packages/heat/engine/service.py:2391
2025-02-20 01:59:42.943 69206 DEBUG heat.engine.service [req-ffa10661-38fb-4def-92ab-ac3afba64af5 - - - - -] Service d67237f9-f19f-43ab-8b85-77b640d30113 was aborted service_manage_cleanup /usr/lib/python3/dist-packages/heat/engine/service.py:2391
2025-02-20 01:59:42.944 69207 DEBUG heat.engine.service [req-cd42fada-2426-4f99-8511-fa5206af317e - - - - -] Service d67237f9-f19f-43ab-8b85-77b640d30113 was aborted service_manage_cleanup /usr/lib/python3/dist-packages/heat/engine/service.py:2391
2025-02-20 01:59:42.999 69209 DEBUG heat.engine.service [req-068f3736-d421-46fd-a89d-c022cd77b6be - - - - -] Service f50a8b36-978a-48bb-bb65-995a20b55c5f is started service_manage_report /usr/lib/python3/dist-packages/heat/engine/service.py:2363
2025-02-20 01:59:43.010 69206 DEBUG heat.engine.service [req-e167c7ea-0f79-46ca-ab48-af1db887325a - - - - -] Service 8848ce56-a99c-4add-ba70-679c90b4d187 is started service_manage_report /usr/lib/python3/dist-packages/heat/engine/service.py:2363
2025-02-20 01:59:43.020 69207 DEBUG heat.engine.service [req-f09c26f2-6309-431d-bbf7-e84360ff21f8 - - - - -] Service 611f25f6-df14-4c3b-b295-e39df5b35343 is started service_manage_report /usr/lib/python3/dist-packages/heat/engine/service.py:2363
2025-02-20 01:59:43.036 69208 DEBUG heat.engine.service [req-3bcd0ef8-375a-4b91-b315-36bc7996ee1e - - - - -] Service 8b45cd75-d67f-4b68-8407-4043c4fd5722 is started service_manage_report /usr/lib/python3/dist-packages/heat/engine/service.py:2363
2025-02-20 01:59:43.058 69206 DEBUG heat.engine.service [req-e167c7ea-0f79-46ca-ab48-af1db887325a - - - - -] Service 8848ce56-a99c-4add-ba70-679c90b4d187 is updated service_manage_report /usr/lib/python3/dist-packages/heat/engine/service.py:2370
2025-02-20 01:59:43.058 69209 DEBUG heat.engine.service [req-068f3736-d421-46fd-a89d-c022cd77b6be - - - - -] Service f50a8b36-978a-48bb-bb65-995a20b55c5f is updated service_manage_report /usr/lib/python3/dist-packages/heat/engine/service.py:2370
2025-02-20 01:59:43.067 69207 DEBUG heat.engine.service [req-f09c26f2-6309-431d-bbf7-e84360ff21f8 - - - - -] Service 611f25f6-df14-4c3b-b295-e39df5b35343 is updated service_manage_report /usr/lib/python3/dist-packages/heat/engine/service.py:2370
2025-02-20 01:59:43.068 69208 DEBUG heat.engine.service [req-3bcd0ef8-375a-4b91-b315-36bc7996ee1e - - - - -] Service 8b45cd75-d67f-4b68-8407-4043c4fd5722 is updated service_manage_report /usr/lib/python3/dist-packages/heat/engine/service.py:2370
2025-02-20 02:00:42.988 69206 DEBUG heat.engine.service [req-811ea8f1-4ecb-4891-8e97-2ca70788f9a2 - - - - -] Service 8848ce56-a99c-4add-ba70-679c90b4d187 is updated service_manage_report /usr/lib/python3/dist-packages/heat/engine/service.py:2370
2025-02-20 02:00:42.989 69208 DEBUG heat.engine.service [req-00f37b43-a1ad-40ab-a8d3-bd0cdb01b28b - - - - -] Service 8b45cd75-d67f-4b68-8407-4043c4fd5722 is updated service_manage_report /usr/lib/python3/dist-packages/heat/engine/service.py:2370
2025-02-20 02:00:42.989 69207 DEBUG heat.engine.service [req-eafb7c3d-4fc9-404d-a357-6b45d82248a1 - - - - -] Service 611f25f6-df14-4c3b-b295-e39df5b35343 is updated service_manage_report /usr/lib/python3/dist-packages/heat/engine/service.py:2370
2025-02-20 02:00:42.989 69209 DEBUG heat.engine.service [req-03e363ee-bc05-4a63-9ff9-56799dcd2895 - - - - -] Service f50a8b36-978a-48bb-bb65-995a20b55c5f is updated service_manage_report /usr/lib/python3/dist-packages/heat/engine/service.py:2370
2025-02-20 02:00:49.290 69208 DEBUG heat.engine.service [-] Attempting to stop engine service... _stop_rpc_server /usr/lib/python3/dist-packages/heat/engine/service.py:437
2025-02-20 02:00:49.291 69207 DEBUG heat.engine.service [-] Attempting to stop engine service... _stop_rpc_server /usr/lib/python3/dist-packages/heat/engine/service.py:437
2025-02-20 02:00:49.291 69206 DEBUG heat.engine.service [-] Attempting to stop engine service... _stop_rpc_server /usr/lib/python3/dist-packages/heat/engine/service.py:437
2025-02-20 02:00:49.292 69209 DEBUG heat.engine.service [-] Attempting to stop engine service... _stop_rpc_server /usr/lib/python3/dist-packages/heat/engine/service.py:437
2025-02-20 02:00:49.298 68978 INFO oslo_service.service [-] Caught SIGTERM, stopping children
2025-02-20 02:00:49.299 68978 DEBUG oslo_concurrency.lockutils [-] Acquired lock "singleton_lock" lock /usr/lib/python3/dist-packages/oslo_concurrency/lockutils.py:294
2025-02-20 02:00:49.299 68978 DEBUG oslo_concurrency.lockutils [-] Releasing lock "singleton_lock" lock /usr/lib/python3/dist-packages/oslo_concurrency/lockutils.py:312
2025-02-20 02:00:49.300 68978 DEBUG oslo_service.service [-] Stop services. stop /usr/lib/python3/dist-packages/oslo_service/service.py:695
2025-02-20 02:00:49.300 68978 INFO heat.engine.service [-] All threads were gone, terminating engine
2025-02-20 02:00:49.300 68978 DEBUG oslo_service.service [-] Killing children. stop /usr/lib/python3/dist-packages/oslo_service/service.py:700
2025-02-20 02:00:49.339 68978 INFO oslo_service.service [-] Waiting on 4 children to exit
2025-02-20 02:00:49.340 68978 INFO oslo_service.service [-] Child 69206 killed by signal 15
2025-02-20 02:00:49.342 68978 INFO oslo_service.service [-] Child 69208 killed by signal 15
2025-02-20 02:00:49.345 68978 INFO oslo_service.service [-] Child 69207 killed by signal 15
2025-02-20 02:00:49.360 68978 INFO oslo_service.service [-] Child 69209 killed by signal 15
2025-02-20 02:00:51.225 70678 DEBUG oslo_concurrency.lockutils [-] Lock "context-manager" acquired by "neutron_lib.db.api._create_context_manager" :: waited 0.000s inner /usr/lib/python3/dist-packages/oslo_concurrency/lockutils.py:386
2025-02-20 02:00:51.225 70678 DEBUG oslo_concurrency.lockutils [-] Lock "context-manager" "released" by "neutron_lib.db.api._create_context_manager" :: held 0.001s inner /usr/lib/python3/dist-packages/oslo_concurrency/lockutils.py:400
2025-02-20 02:00:53.920 70678 WARNING heat.engine.environment [-] OS::Aodh::Alarm is DEPRECATED. Theshold alarm relies on ceilometer-api and has been deprecated in aodh since Ocata. Use OS::Aodh::GnocchiAggregationByResourcesAlarm instead.
2025-02-20 02:00:53.921 70678 WARNING heat.engine.environment [-] OS::Aodh::CombinationAlarm is HIDDEN. OS::Aodh::CombinationAlarm is deprecated and has been removed from Aodh, use OS::Aodh::CompositeAlarm instead.
2025-02-20 02:00:53.921 70678 WARNING heat.engine.environment [-] OS::Designate::Domain is HIDDEN. This resource has been removed, use OS::Designate::Zone instead.
2025-02-20 02:00:53.921 70678 WARNING heat.engine.environment [-] OS::Designate::Record is HIDDEN. This resource has been removed, use OS::Designate::RecordSet instead.
2025-02-20 02:00:53.922 70678 WARNING heat.engine.environment [-] OS::Glance::Image is DEPRECATED. Creating a Glance Image based on an existing URL location requires the Glance v1 API, which is deprecated.
2025-02-20 02:00:53.922 70678 WARNING heat.engine.environment [-] OS::Heat::HARestarter is HIDDEN. The HARestarter resource type has been removed. Existing stacks containing HARestarter resources can still be used, but the HARestarter resource will be a placeholder that does nothing.
2025-02-20 02:00:53.922 70678 WARNING heat.engine.environment [-] OS::Heat::SoftwareDeployments is HIDDEN. Please use OS::Heat::SoftwareDeploymentGroup instead.
2025-02-20 02:00:53.922 70678 WARNING heat.engine.environment [-] OS::Heat::StructuredDeployments is HIDDEN. Please use OS::Heat::StructuredDeploymentGroup instead.
2025-02-20 02:00:53.924 70678 WARNING heat.engine.environment [-] OS::Magnum::Bay is HIDDEN. Please use OS::Magnum::Cluster instead.
2025-02-20 02:00:53.924 70678 WARNING heat.engine.environment [-] OS::Magnum::BayModel is HIDDEN. Please use OS::Magnum::ClusterTemplate instead.
2025-02-20 02:00:53.924 70678 WARNING heat.engine.environment [-] OS::Neutron::ExtraRoute is UNSUPPORTED. Use this resource at your own risk.
2025-02-20 02:00:53.925 70678 WARNING heat.engine.environment [-] OS::Neutron::HealthMonitor is HIDDEN. Use LBaaS V2 instead.
2025-02-20 02:00:53.925 70678 WARNING heat.engine.environment [-] OS::Neutron::Pool is HIDDEN. Use LBaaS V2 instead.
2025-02-20 02:00:53.925 70678 WARNING heat.engine.environment [-] OS::Neutron::PoolMember is HIDDEN. Use LBaaS V2 instead.
2025-02-20 02:00:53.925 70678 WARNING heat.engine.environment [-] OS::Neutron::LoadBalancer is HIDDEN. Use LBaaS V2 instead.
2025-02-20 02:00:53.925 70678 WARNING heat.engine.environment [-] OS::Neutron::RouterGateway is HIDDEN. Use the `external_gateway_info` property in the router resource to set up the gateway.
2025-02-20 02:00:53.925 70678 WARNING heat.engine.environment [-] OS::Nova::FloatingIP is HIDDEN. Please use OS::Neutron::FloatingIP instead.
2025-02-20 02:00:53.925 70678 WARNING heat.engine.environment [-] OS::Nova::FloatingIPAssociation is HIDDEN. Please use OS::Neutron::FloatingIPAssociation instead.
2025-02-20 02:00:53.928 70678 INFO heat.engine.environment [-] Loading /etc/heat/environment.d/default.yaml
2025-02-20 02:00:53.929 70678 INFO heat.engine.environment [-] Registered: [Plugin](User:False) AWS::AutoScaling::AutoScalingGroup ->
2025-02-20 02:00:53.929 70678 INFO heat.engine.environment [-] Registered: [Plugin](User:False) AWS::AutoScaling::LaunchConfiguration ->
2025-02-20 02:00:53.929 70678 INFO heat.engine.environment [-] Registered: [Plugin](User:False) AWS::AutoScaling::ScalingPolicy ->
2025-02-20 02:00:53.929 70678 INFO heat.engine.environment [-] Registered: [Plugin](User:False) AWS::CloudFormation::Stack ->
2025-02-20 02:00:53.929 70678 INFO heat.engine.environment [-] Registered: [Plugin](User:False) AWS::CloudFormation::WaitCondition ->
2025-02-20 02:00:53.930 70678 INFO heat.engine.environment [-] Registered: [Plugin](User:False) AWS::CloudFormation::WaitConditionHandle ->
2025-02-20 02:00:53.930 70678 INFO heat.engine.environment [-] Registered: [Plugin](User:False) AWS::EC2::EIP ->
2025-02-20 02:00:53.930 70678 INFO heat.engine.environment [-] Registered: [Plugin](User:False) AWS::EC2::EIPAssociation ->
2025-02-20 02:00:53.930 70678 INFO heat.engine.environment [-] Registered: [Plugin](User:False) AWS::EC2::Instance ->
2025-02-20 02:00:53.930 70678 INFO heat.engine.environment [-] Registered: [Plugin](User:False) AWS::EC2::InternetGateway ->
2025-02-20 02:00:53.930 70678 INFO heat.engine.environment [-] Registered: [Plugin](User:False) AWS::EC2::VPCGatewayAttachment ->
2025-02-20 02:00:53.930 70678 INFO heat.engine.environment [-] Registered: [Plugin](User:False) AWS::EC2::NetworkInterface ->
2025-02-20 02:00:53.930 70678 INFO heat.engine.environment [-] Registered: [Plugin](User:False) AWS::EC2::RouteTable ->
2025-02-20 02:00:53.930 70678 INFO heat.engine.environment [-] Registered: [Plugin](User:False) AWS::EC2::SubnetRouteTableAssociation ->
2025-02-20 02:00:53.930 70678 INFO heat.engine.environment [-] Registered: [Plugin](User:False) AWS::EC2::SecurityGroup ->
2025-02-20 02:00:53.930 70678 INFO heat.engine.environment [-] Registered: [Plugin](User:False) AWS::EC2::Subnet ->
2025-02-20 02:00:53.930 70678 INFO heat.engine.environment [-] Registered: [Plugin](User:False) AWS::EC2::Volume ->
2025-02-20 02:00:53.931 70678 INFO heat.engine.environment [-] Registered: [Plugin](User:False) AWS::EC2::VolumeAttachment ->
2025-02-20 02:00:53.931 70678 INFO heat.engine.environment [-] Registered: [Plugin](User:False) AWS::EC2::VPC ->
2025-02-20 02:00:53.931 70678 INFO heat.engine.environment [-] Registered: [Plugin](User:False) AWS::IAM::User ->
2025-02-20 02:00:53.931 70678 INFO heat.engine.environment [-] Registered: [Plugin](User:False) AWS::IAM::AccessKey ->
2025-02-20 02:00:53.931 70678 INFO heat.engine.environment [-] Registered: [Plugin](User:False) AWS::ElasticLoadBalancing::LoadBalancer ->
2025-02-20 02:00:53.931 70678 INFO heat.engine.environment [-] Registered: [Plugin](User:False) AWS::S3::Bucket ->
2025-02-20 02:00:53.931 70678 INFO heat.engine.environment [-] Registered: [Plugin](User:False) OS::Aodh::Alarm ->
2025-02-20 02:00:53.931 70678 INFO heat.engine.environment [-] Registered: [Plugin](User:False) OS::Aodh::CombinationAlarm ->
2025-02-20 02:00:53.931 70678 INFO heat.engine.environment [-] Registered: [Plugin](User:False) OS::Aodh::EventAlarm ->
2025-02-20 02:00:53.931 70678 INFO heat.engine.environment [-] Registered: [Plugin](User:False) OS::Aodh::LBMemberHealthAlarm ->
2025-02-20 02:00:53.931 70678 INFO heat.engine.environment [-] Registered: [Plugin](User:False) OS::Aodh::CompositeAlarm ->
2025-02-20 02:00:53.932 70678 INFO heat.engine.environment [-] Registered: [Plugin](User:False) OS::Aodh::GnocchiResourcesAlarm ->
2025-02-20 02:00:53.932 70678 INFO heat.engine.environment [-] Registered: [Plugin](User:False) OS::Aodh::GnocchiAggregationByMetricsAlarm ->
2025-02-20 02:00:53.932 70678 INFO heat.engine.environment [-] Registered: [Plugin](User:False) OS::Aodh::GnocchiAggregationByResourcesAlarm ->
2025-02-20 02:00:53.932 70678 INFO heat.engine.environment [-] Registered: [Plugin](User:False) OS::Barbican::GenericContainer ->
2025-02-20 02:00:53.932 70678 INFO heat.engine.environment [-] Registered: [Plugin](User:False) OS::Barbican::CertificateContainer ->
2025-02-20 02:00:53.932 70678 INFO heat.engine.environment [-] Registered: [Plugin](User:False) OS::Barbican::RSAContainer ->
2025-02-20 02:00:53.932 70678 INFO heat.engine.environment [-] Registered: [Plugin](User:False) OS::Barbican::Order ->
2025-02-20 02:00:53.932 70678 INFO heat.engine.environment [-] Registered: [Plugin](User:False) OS::Barbican::Secret ->
2025-02-20 02:00:53.932 70678 INFO heat.engine.environment [-] Registered: [Plugin](User:False) OS::Blazar::Host ->
2025-02-20 02:00:53.932 70678 INFO heat.engine.environment [-] Registered: [Plugin](User:False) OS::Blazar::Lease ->
2025-02-20 02:00:53.932 70678 INFO heat.engine.environment [-] Registered: [Plugin](User:False) OS::Cinder::EncryptedVolumeType ->
2025-02-20 02:00:53.932 70678 INFO heat.engine.environment [-] Registered: [Plugin](User:False) OS::Cinder::QoSSpecs ->
2025-02-20 02:00:53.933 70678 INFO heat.engine.environment [-] Registered: [Plugin](User:False) OS::Cinder::QoSAssociation ->
2025-02-20 02:00:53.933 70678 INFO heat.engine.environment [-] Registered: [Plugin](User:False) OS::Cinder::Quota ->
2025-02-20 02:00:53.933 70678 INFO heat.engine.environment [-] Registered: [Plugin](User:False) OS::Cinder::Volume ->
2025-02-20 02:00:53.933 70678 INFO heat.engine.environment [-] Registered: [Plugin](User:False) OS::Cinder::VolumeAttachment ->
2025-02-20 02:00:53.933 70678 INFO heat.engine.environment [-] Registered: [Plugin](User:False) OS::Cinder::VolumeType ->
2025-02-20 02:00:53.933 70678 INFO heat.engine.environment [-] Registered: [Plugin](User:False) OS::Designate::Domain ->
2025-02-20 02:00:53.934 70678 INFO heat.engine.environment [-] Registered: [Plugin](User:False) OS::Designate::Record ->
2025-02-20 02:00:53.934 70678 INFO heat.engine.environment [-] Registered: [Plugin](User:False) OS::Designate::RecordSet ->
2025-02-20 02:00:53.934 70678 INFO heat.engine.environment [-] Registered: [Plugin](User:False) OS::Designate::Zone ->
2025-02-20 02:00:53.934 70678 INFO heat.engine.environment [-] Registered: [Plugin](User:False) OS::Glance::Image ->
2025-02-20 02:00:53.934 70678 INFO heat.engine.environment [-] Registered: [Plugin](User:False) OS::Glance::WebImage ->
2025-02-20 02:00:53.934 70678 INFO heat.engine.environment [-] Registered: [Plugin](User:False) OS::Heat::AccessPolicy ->
2025-02-20 02:00:53.934 70678 INFO heat.engine.environment [-] Registered: [Plugin](User:False) OS::Heat::AutoScalingGroup ->
2025-02-20 02:00:53.934 70678 INFO heat.engine.environment [-] Registered: [Plugin](User:False) OS::Heat::CloudConfig ->
2025-02-20 02:00:53.934 70678 INFO heat.engine.environment [-] Registered: [Plugin](User:False) OS::Heat::Delay ->
2025-02-20 02:00:53.934 70678 INFO heat.engine.environment [-] Registered: [Plugin](User:False) OS::Heat::DeployedServer ->
2025-02-20 02:00:53.934 70678 INFO heat.engine.environment [-] Registered: [Plugin](User:False) OS::Heat::HARestarter ->
2025-02-20 02:00:53.934 70678 INFO heat.engine.environment [-] Registered: [Plugin](User:False) OS::Heat::InstanceGroup ->
2025-02-20 02:00:53.935 70678 INFO heat.engine.environment [-] Registered: [Plugin](User:False) OS::Heat::MultipartMime ->
2025-02-20 02:00:53.935 70678 INFO heat.engine.environment [-] Registered: [Plugin](User:False) OS::Heat::None ->
2025-02-20 02:00:53.935 70678 INFO heat.engine.environment [-] Registered: [Plugin](User:False) OS::Heat::RandomString ->
2025-02-20 02:00:53.935 70678 INFO heat.engine.environment [-] Registered: [Plugin](User:False) OS::Heat::Stack ->
2025-02-20 02:00:53.935 70678 INFO heat.engine.environment [-] Registered: [Plugin](User:False) OS::Heat::ResourceChain ->
2025-02-20 02:00:53.935 70678 INFO heat.engine.environment [-] Registered: [Plugin](User:False) OS::Heat::ResourceGroup ->
2025-02-20 02:00:53.935 70678 INFO heat.engine.environment [-] Registered: [Plugin](User:False) OS::Heat::ScalingPolicy ->
2025-02-20 02:00:53.935 70678 INFO heat.engine.environment [-] Registered: [Plugin](User:False) OS::Heat::SoftwareComponent ->
2025-02-20 02:00:53.935 70678 INFO heat.engine.environment [-] Registered: [Plugin](User:False) OS::Heat::SoftwareConfig ->
2025-02-20 02:00:53.935 70678 INFO heat.engine.environment [-] Registered: [Plugin](User:False) OS::Heat::SoftwareDeployment ->
2025-02-20 02:00:53.935 70678 INFO heat.engine.environment [-] Registered: [Plugin](User:False) OS::Heat::SoftwareDeploymentGroup ->
2025-02-20 02:00:53.935 70678 INFO heat.engine.environment [-] Registered: [Plugin](User:False) OS::Heat::SoftwareDeployments ->
2025-02-20 02:00:53.936 70678 INFO heat.engine.environment [-] Registered: [Plugin](User:False) OS::Heat::StructuredConfig ->
2025-02-20 02:00:53.936 70678 INFO heat.engine.environment [-] Registered: [Plugin](User:False) OS::Heat::StructuredDeployment ->
2025-02-20 02:00:53.936 70678 INFO heat.engine.environment [-] Registered: [Plugin](User:False) OS::Heat::StructuredDeploymentGroup ->
2025-02-20 02:00:53.936 70678 INFO heat.engine.environment [-] Registered: [Plugin](User:False) OS::Heat::StructuredDeployments ->
2025-02-20 02:00:53.936 70678 INFO heat.engine.environment [-] Registered: [Plugin](User:False) OS::Heat::SwiftSignal ->
2025-02-20 02:00:53.936 70678 INFO heat.engine.environment [-] Registered: [Plugin](User:False) OS::Heat::SwiftSignalHandle ->
2025-02-20 02:00:53.936 70678 INFO heat.engine.environment [-] Registered: [Plugin](User:False) OS::Heat::TestResource ->
2025-02-20 02:00:53.936 70678 INFO heat.engine.environment [-] Registered: [Plugin](User:False) OS::Heat::Value ->
2025-02-20 02:00:53.936 70678 INFO heat.engine.environment [-] Registered: [Plugin](User:False) OS::Heat::WaitCondition ->
2025-02-20 02:00:53.936 70678 INFO heat.engine.environment [-] Registered: [Plugin](User:False) OS::Heat::WaitConditionHandle ->
2025-02-20 02:00:53.936 70678 INFO heat.engine.environment [-] Registered: [Plugin](User:False) OS::Heat::UpdateWaitConditionHandle ->
2025-02-20 02:00:53.936 70678 INFO heat.engine.environment [-] Registered: [Plugin](User:False) OS::Ironic::Port ->
2025-02-20 02:00:53.937 70678 INFO heat.engine.environment [-] Registered: [Plugin](User:False) OS::Keystone::Domain ->
2025-02-20 02:00:53.937 70678 INFO heat.engine.environment [-] Registered: [Plugin](User:False) OS::Keystone::Endpoint ->
2025-02-20 02:00:53.937 70678 INFO heat.engine.environment [-] Registered: [Plugin](User:False) OS::Keystone::Group ->
2025-02-20 02:00:53.937 70678 INFO heat.engine.environment [-] Registered: [Plugin](User:False) OS::Keystone::Project ->
2025-02-20 02:00:53.937 70678 INFO heat.engine.environment [-] Registered: [Plugin](User:False) OS::Keystone::Region ->
2025-02-20 02:00:53.937 70678 INFO heat.engine.environment [-] Registered: [Plugin](User:False) OS::Keystone::Role ->
2025-02-20 02:00:53.937 70678 INFO heat.engine.environment [-] Registered: [Plugin](User:False) OS::Keystone::UserRoleAssignment ->
2025-02-20 02:00:53.937 70678 INFO heat.engine.environment [-] Registered: [Plugin](User:False) OS::Keystone::GroupRoleAssignment ->
2025-02-20 02:00:53.937 70678 INFO heat.engine.environment [-] Registered: [Plugin](User:False) OS::Keystone::Service ->
2025-02-20 02:00:53.937 70678 INFO heat.engine.environment [-] Registered: [Plugin](User:False) OS::Keystone::User ->
2025-02-20 02:00:53.937 70678 INFO heat.engine.environment [-] Registered: [Plugin](User:False) OS::Magnum::Bay ->
2025-02-20 02:00:53.938 70678 INFO heat.engine.environment [-] Registered: [Plugin](User:False) OS::Magnum::BayModel ->
2025-02-20 02:00:53.938 70678 INFO heat.engine.environment [-] Registered: [Plugin](User:False) OS::Magnum::Cluster ->
2025-02-20 02:00:53.938 70678 INFO heat.engine.environment [-] Registered: [Plugin](User:False) OS::Magnum::ClusterTemplate ->
2025-02-20 02:00:53.938 70678 INFO heat.engine.environment [-] Registered: [Plugin](User:False) OS::Manila::SecurityService ->
2025-02-20 02:00:53.938 70678 INFO heat.engine.environment [-] Registered: [Plugin](User:False) OS::Manila::Share ->
2025-02-20 02:00:53.938 70678 INFO heat.engine.environment [-] Registered: [Plugin](User:False) OS::Manila::ShareNetwork ->
2025-02-20 02:00:53.938 70678 INFO heat.engine.environment [-] Registered: [Plugin](User:False) OS::Manila::ShareType ->
2025-02-20 02:00:53.938 70678 INFO heat.engine.environment [-] Registered: [Plugin](User:False) OS::Mistral::CronTrigger ->
2025-02-20 02:00:53.938 70678 INFO heat.engine.environment [-] Registered: [Plugin](User:False) OS::Mistral::ExternalResource ->
2025-02-20 02:00:53.938 70678 INFO heat.engine.environment [-] Registered: [Plugin](User:False) OS::Mistral::Workflow ->
2025-02-20 02:00:53.938 70678 INFO heat.engine.environment [-] Registered: [Plugin](User:False) OS::Monasca::AlarmDefinition ->
2025-02-20 02:00:53.939 70678 INFO heat.engine.environment [-] Registered: [Plugin](User:False) OS::Monasca::Notification ->
2025-02-20 02:00:53.939 70678 INFO heat.engine.environment [-] Registered: [Plugin](User:False) OS::Neutron::AddressScope ->
2025-02-20 02:00:53.939 70678 INFO heat.engine.environment [-] Registered: [Plugin](User:False) OS::Neutron::ExtraRoute ->
2025-02-20 02:00:53.939 70678 INFO heat.engine.environment [-] Registered: [Plugin](User:False) OS::Neutron::ExtraRouteSet ->
2025-02-20 02:00:53.939 70678 INFO heat.engine.environment [-] Registered: [Plugin](User:False) OS::Neutron::Firewall ->
2025-02-20 02:00:53.939 70678 INFO heat.engine.environment [-] Registered: [Plugin](User:False) OS::Neutron::FirewallPolicy ->
2025-02-20 02:00:53.939 70678 INFO heat.engine.environment [-] Registered: [Plugin](User:False) OS::Neutron::FirewallRule ->
2025-02-20 02:00:53.939 70678 INFO heat.engine.environment [-] Registered: [Plugin](User:False) OS::Neutron::FloatingIP ->
2025-02-20 02:00:53.939 70678 INFO heat.engine.environment [-] Registered: [Plugin](User:False) OS::Neutron::FloatingIPAssociation ->
2025-02-20 02:00:53.939 70678 INFO heat.engine.environment [-] Registered: [Plugin](User:False) OS::Neutron::L2Gateway ->
2025-02-20 02:00:53.939 70678 INFO heat.engine.environment [-] Registered: [Plugin](User:False) OS::Neutron::L2GatewayConnection ->
2025-02-20 02:00:53.939 70678 INFO heat.engine.environment [-] Registered: [Plugin](User:False) OS::Neutron::LBaaS::HealthMonitor ->
2025-02-20 02:00:53.940 70678 INFO heat.engine.environment [-] Registered: [Plugin](User:False) OS::Neutron::LBaaS::L7Policy ->
2025-02-20 02:00:53.940 70678 INFO heat.engine.environment [-] Registered: [Plugin](User:False) OS::Neutron::LBaaS::L7Rule ->
2025-02-20 02:00:53.940 70678 INFO heat.engine.environment [-] Registered: [Plugin](User:False) OS::Neutron::LBaaS::Listener ->
2025-02-20 02:00:53.940 70678 INFO heat.engine.environment [-] Registered: [Plugin](User:False) OS::Neutron::LBaaS::LoadBalancer ->
2025-02-20 02:00:53.940 70678 INFO heat.engine.environment [-] Registered: [Plugin](User:False) OS::Neutron::LBaaS::Pool ->
2025-02-20 02:00:53.940 70678 INFO heat.engine.environment [-] Registered: [Plugin](User:False) OS::Neutron::LBaaS::PoolMember ->
2025-02-20 02:00:53.940 70678 INFO heat.engine.environment [-] Registered: [Plugin](User:False) OS::Neutron::HealthMonitor ->
2025-02-20 02:00:53.940 70678 INFO heat.engine.environment [-] Registered: [Plugin](User:False) OS::Neutron::Pool ->
2025-02-20 02:00:53.940 70678 INFO heat.engine.environment [-] Registered: [Plugin](User:False) OS::Neutron::PoolMember ->
2025-02-20 02:00:53.940 70678 INFO heat.engine.environment [-] Registered: [Plugin](User:False) OS::Neutron::LoadBalancer ->
2025-02-20 02:00:53.940 70678 INFO heat.engine.environment [-] Registered: [Plugin](User:False) OS::Neutron::MeteringLabel ->
2025-02-20 02:00:53.941 70678 INFO heat.engine.environment [-] Registered: [Plugin](User:False) OS::Neutron::MeteringRule ->
2025-02-20 02:00:53.941 70678 INFO heat.engine.environment [-] Registered: [Plugin](User:False) OS::Neutron::Net ->
2025-02-20 02:00:53.941 70678 INFO heat.engine.environment [-] Registered: [Plugin](User:False) OS::Neutron::NetworkGateway ->
2025-02-20 02:00:53.941 70678 INFO heat.engine.environment [-] Registered: [Plugin](User:False) OS::Neutron::Port ->
2025-02-20 02:00:53.941 70678 INFO heat.engine.environment [-] Registered: [Plugin](User:False) OS::Neutron::ProviderNet ->
2025-02-20 02:00:53.941 70678 INFO heat.engine.environment [-] Registered: [Plugin](User:False) OS::Neutron::QoSPolicy ->
2025-02-20 02:00:53.941 70678 INFO heat.engine.environment [-] Registered: [Plugin](User:False) OS::Neutron::QoSBandwidthLimitRule ->
2025-02-20 02:00:53.941 70678 INFO heat.engine.environment [-] Registered: [Plugin](User:False) OS::Neutron::QoSDscpMarkingRule ->
2025-02-20 02:00:53.941 70678 INFO heat.engine.environment [-] Registered: [Plugin](User:False) OS::Neutron::QoSMinimumBandwidthRule ->
2025-02-20 02:00:53.941 70678 INFO heat.engine.environment [-] Registered: [Plugin](User:False) OS::Neutron::Quota ->
2025-02-20 02:00:53.941 70678 INFO heat.engine.environment [-] Registered: [Plugin](User:False) OS::Neutron::RBACPolicy ->
2025-02-20 02:00:53.941 70678 INFO heat.engine.environment [-] Registered: [Plugin](User:False) OS::Neutron::Router ->
2025-02-20 02:00:53.942 70678 INFO heat.engine.environment [-] Registered: [Plugin](User:False) OS::Neutron::RouterInterface ->
2025-02-20 02:00:53.942 70678 INFO heat.engine.environment [-] Registered: [Plugin](User:False) OS::Neutron::RouterGateway ->
2025-02-20 02:00:53.942 70678 INFO heat.engine.environment [-] Registered: [Plugin](User:False) OS::Neutron::SecurityGroup ->
2025-02-20 02:00:53.942 70678 INFO heat.engine.environment [-] Registered: [Plugin](User:False) OS::Neutron::SecurityGroupRule ->
2025-02-20 02:00:53.942 70678 INFO heat.engine.environment [-] Registered: [Plugin](User:False) OS::Neutron::Segment ->
2025-02-20 02:00:53.942 70678 INFO heat.engine.environment [-] Registered: [Plugin](User:False) OS::Neutron::FlowClassifier ->
2025-02-20 02:00:53.942 70678 INFO heat.engine.environment [-] Registered: [Plugin](User:False) OS::Neutron::PortChain ->
2025-02-20 02:00:53.942 70678 INFO heat.engine.environment [-] Registered: [Plugin](User:False) OS::Neutron::PortPair ->
2025-02-20 02:00:53.942 70678 INFO heat.engine.environment [-] Registered: [Plugin](User:False) OS::Neutron::PortPairGroup ->
2025-02-20 02:00:53.942 70678 INFO heat.engine.environment [-] Registered: [Plugin](User:False) OS::Neutron::Subnet ->
2025-02-20 02:00:53.942 70678 INFO heat.engine.environment [-] Registered: [Plugin](User:False) OS::Neutron::SubnetPool ->
2025-02-20 02:00:53.943 70678 INFO heat.engine.environment [-] Registered: [Plugin](User:False) OS::Neutron::TaaS::TapFlow ->
2025-02-20 02:00:53.943 70678 INFO heat.engine.environment [-] Registered: [Plugin](User:False) OS::Neutron::TaaS::TapService ->
2025-02-20 02:00:53.943 70678 INFO heat.engine.environment [-] Registered: [Plugin](User:False) OS::Neutron::Trunk ->
2025-02-20 02:00:53.943 70678 INFO heat.engine.environment [-] Registered: [Plugin](User:False) OS::Neutron::VPNService ->
2025-02-20 02:00:53.943 70678 INFO heat.engine.environment [-] Registered: [Plugin](User:False) OS::Neutron::IPsecSiteConnection ->
2025-02-20 02:00:53.943 70678 INFO heat.engine.environment [-] Registered: [Plugin](User:False) OS::Neutron::IKEPolicy ->
2025-02-20 02:00:53.943 70678 INFO heat.engine.environment [-] Registered: [Plugin](User:False) OS::Neutron::IPsecPolicy ->
2025-02-20 02:00:53.944 70678 INFO heat.engine.environment [-] Registered: [Plugin](User:False) OS::Nova::Flavor ->
2025-02-20 02:00:53.944 70678 INFO heat.engine.environment [-] Registered: [Plugin](User:False) OS::Nova::FloatingIP ->
2025-02-20 02:00:53.944 70678 INFO heat.engine.environment [-] Registered: [Plugin](User:False) OS::Nova::FloatingIPAssociation ->
2025-02-20 02:00:53.944 70678 INFO heat.engine.environment [-] Registered: [Plugin](User:False) OS::Nova::HostAggregate ->
2025-02-20 02:00:53.944 70678 INFO heat.engine.environment [-] Registered: [Plugin](User:False) OS::Nova::KeyPair ->
2025-02-20 02:00:53.944 70678 INFO heat.engine.environment [-] Registered: [Plugin](User:False) OS::Nova::Quota ->
2025-02-20 02:00:53.944 70678 INFO heat.engine.environment [-] Registered: [Plugin](User:False) OS::Nova::Server ->
2025-02-20 02:00:53.944 70678 INFO heat.engine.environment [-] Registered: [Plugin](User:False) OS::Nova::ServerGroup ->
2025-02-20 02:00:53.944 70678 INFO heat.engine.environment [-] Registered: [Plugin](User:False) OS::Octavia::Flavor ->
2025-02-20 02:00:53.944 70678 INFO heat.engine.environment [-] Registered: [Plugin](User:False) OS::Octavia::FlavorProfile ->
2025-02-20 02:00:53.944 70678 INFO heat.engine.environment [-] Registered: [Plugin](User:False) OS::Octavia::HealthMonitor ->
2025-02-20 02:00:53.944 70678 INFO heat.engine.environment [-] Registered: [Plugin](User:False) OS::Octavia::L7Policy ->
2025-02-20 02:00:53.945 70678 INFO heat.engine.environment [-] Registered: [Plugin](User:False) OS::Octavia::L7Rule ->
2025-02-20 02:00:53.945 70678 INFO heat.engine.environment [-] Registered: [Plugin](User:False) OS::Octavia::Listener ->
2025-02-20 02:00:53.945 70678 INFO heat.engine.environment [-] Registered: [Plugin](User:False) OS::Octavia::LoadBalancer ->
2025-02-20 02:00:53.945 70678 INFO heat.engine.environment [-] Registered: [Plugin](User:False) OS::Octavia::Pool ->
2025-02-20 02:00:53.945 70678 INFO heat.engine.environment [-] Registered: [Plugin](User:False) OS::Octavia::PoolMember ->
2025-02-20 02:00:53.945 70678 INFO heat.engine.environment [-] Registered: [Plugin](User:False) OS::Octavia::Quota ->
2025-02-20 02:00:53.945 70678 INFO heat.engine.environment [-] Registered: [Plugin](User:False) OS::Sahara::Cluster ->
2025-02-20 02:00:53.945 70678 INFO heat.engine.environment [-] Registered: [Plugin](User:False) OS::Sahara::DataSource ->
2025-02-20 02:00:53.945 70678 INFO heat.engine.environment [-] Registered: [Plugin](User:False) OS::Sahara::ImageRegistry ->
2025-02-20 02:00:53.945 70678 INFO heat.engine.environment [-] Registered: [Plugin](User:False) OS::Sahara::Job ->
2025-02-20 02:00:53.945 70678 INFO heat.engine.environment [-] Registered: [Plugin](User:False) OS::Sahara::JobBinary ->
2025-02-20 02:00:53.945 70678 INFO heat.engine.environment [-] Registered: [Plugin](User:False) OS::Sahara::NodeGroupTemplate ->
2025-02-20 02:00:53.946 70678 INFO heat.engine.environment [-] Registered: [Plugin](User:False) OS::Sahara::ClusterTemplate ->
2025-02-20 02:00:53.946 70678 INFO heat.engine.environment [-] Registered: [Plugin](User:False) OS::Senlin::Cluster ->
2025-02-20 02:00:53.946 70678 INFO heat.engine.environment [-] Registered: [Plugin](User:False) OS::Senlin::Node ->
2025-02-20 02:00:53.946 70678 INFO heat.engine.environment [-] Registered: [Plugin](User:False) OS::Senlin::Policy ->
2025-02-20 02:00:53.946 70678 INFO heat.engine.environment [-] Registered: [Plugin](User:False) OS::Senlin::Profile ->
2025-02-20 02:00:53.946 70678 INFO heat.engine.environment [-] Registered: [Plugin](User:False) OS::Senlin::Receiver ->
2025-02-20 02:00:53.946 70678 INFO heat.engine.environment [-] Registered: [Plugin](User:False) OS::Swift::Container ->
2025-02-20 02:00:53.946 70678 INFO heat.engine.environment [-] Registered: [Plugin](User:False) OS::Trove::Cluster ->
2025-02-20 02:00:53.946 70678 INFO heat.engine.environment [-] Registered: [Plugin](User:False) OS::Trove::Instance ->
2025-02-20 02:00:53.946 70678 INFO heat.engine.environment [-] Registered: [Plugin](User:False) OS::Vitrage::Template ->
2025-02-20 02:00:53.946 70678 INFO heat.engine.environment [-] Registered: [Plugin](User:False) OS::Zaqar::Queue ->
2025-02-20 02:00:53.946 70678 INFO heat.engine.environment [-] Registered: [Plugin](User:False) OS::Zaqar::SignedQueueURL ->
2025-02-20 02:00:53.947 70678 INFO heat.engine.environment [-] Registered: [Plugin](User:False) OS::Zaqar::Subscription ->
2025-02-20 02:00:53.947 70678 INFO heat.engine.environment [-] Registered: [Plugin](User:False) OS::Zaqar::MistralTrigger ->
2025-02-20 02:00:53.947 70678 INFO heat.engine.environment [-] Registered: [Plugin](User:False) OS::ContrailV2::AccessControlList ->
2025-02-20 02:00:53.947 70678 INFO heat.engine.environment [-] Registered: [Plugin](User:False) OS::ContrailV2::AddressGroup ->
2025-02-20 02:00:53.947 70678 INFO heat.engine.environment [-] Registered: [Plugin](User:False) OS::ContrailV2::Alarm ->
2025-02-20 02:00:53.947 70678 INFO heat.engine.environment [-] Registered: [Plugin](User:False) OS::ContrailV2::AliasIp ->
2025-02-20 02:00:53.947 70678 INFO heat.engine.environment [-] Registered: [Plugin](User:False) OS::ContrailV2::AliasIpPool ->
2025-02-20 02:00:53.947 70678 INFO heat.engine.environment [-] Registered: [Plugin](User:False) OS::ContrailV2::AnalyticsAlarmNode ->
2025-02-20 02:00:53.947 70678 INFO heat.engine.environment [-] Registered: [Plugin](User:False) OS::ContrailV2::AnalyticsNode ->
2025-02-20 02:00:53.947 70678 INFO heat.engine.environment [-] Registered: [Plugin](User:False) OS::ContrailV2::AnalyticsSnmpNode ->
2025-02-20 02:00:53.947 70678 INFO heat.engine.environment [-] Registered: [Plugin](User:False) OS::ContrailV2::ApiAccessList ->
2025-02-20 02:00:53.948 70678 INFO heat.engine.environment [-] Registered: [Plugin](User:False) OS::ContrailV2::ApplicationPolicySet ->
2025-02-20 02:00:53.948 70678 INFO heat.engine.environment [-] Registered: [Plugin](User:False) OS::ContrailV2::BgpAsAService ->
2025-02-20 02:00:53.948 70678 INFO heat.engine.environment [-] Registered: [Plugin](User:False) OS::ContrailV2::BgpRouter ->
2025-02-20 02:00:53.948 70678 INFO heat.engine.environment [-] Registered: [Plugin](User:False) OS::ContrailV2::Bgpvpn ->
2025-02-20 02:00:53.948 70678 INFO heat.engine.environment [-] Registered: [Plugin](User:False) OS::ContrailV2::BridgeDomain ->
2025-02-20 02:00:53.948 70678 INFO heat.engine.environment [-] Registered: [Plugin](User:False) OS::ContrailV2::Card ->
2025-02-20 02:00:53.948 70678 INFO heat.engine.environment [-] Registered: [Plugin](User:False) OS::ContrailV2::CliConfig ->
2025-02-20 02:00:53.948 70678 INFO heat.engine.environment [-] Registered: [Plugin](User:False) OS::ContrailV2::ConfigDatabaseNode ->
2025-02-20 02:00:53.948 70678 INFO heat.engine.environment [-] Registered: [Plugin](User:False) OS::ContrailV2::ConfigNode ->
2025-02-20 02:00:53.948 70678 INFO heat.engine.environment [-] Registered: [Plugin](User:False) OS::ContrailV2::ConfigProperties ->
2025-02-20 02:00:53.948 70678 INFO heat.engine.environment [-] Registered: [Plugin](User:False) OS::ContrailV2::ConfigRoot ->
2025-02-20 02:00:53.949 70678 INFO heat.engine.environment [-] Registered: [Plugin](User:False) OS::ContrailV2::ControlNodeZone ->
2025-02-20 02:00:53.949 70678 INFO heat.engine.environment [-] Registered: [Plugin](User:False) OS::ContrailV2::CustomerAttachment ->
2025-02-20 02:00:53.949 70678 INFO heat.engine.environment [-] Registered: [Plugin](User:False) OS::ContrailV2::DataCenterInterconnect ->
2025-02-20 02:00:53.949 70678 INFO heat.engine.environment [-] Registered: [Plugin](User:False) OS::ContrailV2::DatabaseNode ->
2025-02-20 02:00:53.949 70678 INFO heat.engine.environment [-] Registered: [Plugin](User:False) OS::ContrailV2::DeviceChassis ->
2025-02-20 02:00:53.949 70678 INFO heat.engine.environment [-] Registered: [Plugin](User:False) OS::ContrailV2::DeviceFunctionalGroup ->
2025-02-20 02:00:53.949 70678 INFO heat.engine.environment [-] Registered: [Plugin](User:False) OS::ContrailV2::DeviceImage ->
2025-02-20 02:00:53.949 70678 INFO heat.engine.environment [-] Registered: [Plugin](User:False) OS::ContrailV2::DevicemgrNode ->
2025-02-20 02:00:53.949 70678 INFO heat.engine.environment [-] Registered: [Plugin](User:False) OS::ContrailV2::DiscoveryServiceAssignment ->
2025-02-20 02:00:53.949 70678 INFO heat.engine.environment [-] Registered: [Plugin](User:False) OS::ContrailV2::Domain ->
2025-02-20 02:00:53.949 70678 INFO heat.engine.environment [-] Registered: [Plugin](User:False) OS::ContrailV2::DsaRule ->
2025-02-20 02:00:53.949 70678 INFO heat.engine.environment [-] Registered: [Plugin](User:False) OS::ContrailV2::E2ServiceProvider ->
2025-02-20 02:00:53.950 70678 INFO heat.engine.environment [-] Registered: [Plugin](User:False) OS::ContrailV2::Fabric ->
2025-02-20 02:00:53.950 70678 INFO heat.engine.environment [-] Registered: [Plugin](User:False) OS::ContrailV2::FabricNamespace ->
2025-02-20 02:00:53.950 70678 INFO heat.engine.environment [-] Registered: [Plugin](User:False) OS::ContrailV2::FeatureConfig ->
2025-02-20 02:00:53.950 70678 INFO heat.engine.environment [-] Registered: [Plugin](User:False) OS::ContrailV2::FeatureFlag ->
2025-02-20 02:00:53.950 70678 INFO heat.engine.environment [-] Registered: [Plugin](User:False) OS::ContrailV2::Feature ->
2025-02-20 02:00:53.950 70678 INFO heat.engine.environment [-] Registered: [Plugin](User:False) OS::ContrailV2::FirewallPolicy ->
2025-02-20 02:00:53.950 70678 INFO heat.engine.environment [-] Registered: [Plugin](User:False) OS::ContrailV2::FirewallRule ->
