2025-02-20 02:01:12.935 72269 DEBUG oslo_service.service [-] heat_api_cfn.workers = 4 log_opt_values /usr/lib/python3/dist-packages/oslo_config/cfg.py:2609
2025-02-20 02:01:12.935 72269 DEBUG oslo_service.service [-] heat_api_cloudwatch.backlog = 4096 log_opt_values /usr/lib/python3/dist-packages/oslo_config/cfg.py:2609
2025-02-20 02:01:12.936 72269 DEBUG oslo_service.service [-] heat_api_cloudwatch.bind_host = 0.0.0.0 log_opt_values /usr/lib/python3/dist-packages/oslo_config/cfg.py:2609
2025-02-20 02:01:12.936 72269 DEBUG oslo_service.service [-] heat_api_cloudwatch.bind_port = 8003 log_opt_values /usr/lib/python3/dist-packages/oslo_config/cfg.py:2609
2025-02-20 02:01:12.936 72269 DEBUG oslo_service.service [-] heat_api_cloudwatch.cert_file = None log_opt_values /usr/lib/python3/dist-packages/oslo_config/cfg.py:2609
2025-02-20 02:01:12.936 72269 DEBUG oslo_service.service [-] heat_api_cloudwatch.key_file = None log_opt_values /usr/lib/python3/dist-packages/oslo_config/cfg.py:2609
2025-02-20 02:01:12.936 72269 DEBUG oslo_service.service [-] heat_api_cloudwatch.max_header_line = 16384 log_opt_values /usr/lib/python3/dist-packages/oslo_config/cfg.py:2609
2025-02-20 02:01:12.936 72269 DEBUG oslo_service.service [-] heat_api_cloudwatch.tcp_keepidle = 600 log_opt_values /usr/lib/python3/dist-packages/oslo_config/cfg.py:2609
2025-02-20 02:01:12.936 72269 DEBUG oslo_service.service [-] heat_api_cloudwatch.workers = 1 log_opt_values /usr/lib/python3/dist-packages/oslo_config/cfg.py:2609
2025-02-20 02:01:12.936 72269 DEBUG oslo_service.service [-] eventlet_opts.client_socket_timeout = 900 log_opt_values /usr/lib/python3/dist-packages/oslo_config/cfg.py:2609
2025-02-20 02:01:12.936 72269 DEBUG oslo_service.service [-] eventlet_opts.wsgi_keep_alive = True log_opt_values /usr/lib/python3/dist-packages/oslo_config/cfg.py:2609
2025-02-20 02:01:12.937 72269 DEBUG oslo_service.service [-] paste_deploy.api_paste_config = /etc/heat/api-paste.ini log_opt_values /usr/lib/python3/dist-packages/oslo_config/cfg.py:2609
2025-02-20 02:01:12.937 72269 DEBUG oslo_service.service [-] paste_deploy.flavor = None log_opt_values /usr/lib/python3/dist-packages/oslo_config/cfg.py:2609
2025-02-20 02:01:12.937 72269 DEBUG oslo_service.service [-] auth_password.allowed_auth_uris = [] log_opt_values /usr/lib/python3/dist-packages/oslo_config/cfg.py:2609
2025-02-20 02:01:12.937 72509 INFO heat.engine.worker [-] Starting engine_worker (1.4) in engine cc558c68-0f49-4a5e-87b1-62350eb96015.
2025-02-20 02:01:12.937 72269 DEBUG oslo_service.service [-] auth_password.multi_cloud = False log_opt_values /usr/lib/python3/dist-packages/oslo_config/cfg.py:2609
2025-02-20 02:01:12.937 72269 DEBUG oslo_service.service [-] revision.heat_revision = unknown log_opt_values /usr/lib/python3/dist-packages/oslo_config/cfg.py:2609
2025-02-20 02:01:12.937 72269 DEBUG oslo_service.service [-] volumes.backups_enabled = True log_opt_values /usr/lib/python3/dist-packages/oslo_config/cfg.py:2609
2025-02-20 02:01:12.937 72269 DEBUG oslo_service.service [-] noauth.token_response = log_opt_values /usr/lib/python3/dist-packages/oslo_config/cfg.py:2609
2025-02-20 02:01:12.937 72269 DEBUG oslo_service.service [-] clients.ca_file = None log_opt_values /usr/lib/python3/dist-packages/oslo_config/cfg.py:2609
2025-02-20 02:01:12.937 72269 DEBUG oslo_service.service [-] clients.cert_file = None log_opt_values /usr/lib/python3/dist-packages/oslo_config/cfg.py:2609
2025-02-20 02:01:12.938 72269 DEBUG oslo_service.service [-] clients.endpoint_type = publicURL log_opt_values /usr/lib/python3/dist-packages/oslo_config/cfg.py:2609
2025-02-20 02:01:12.938 72269 DEBUG oslo_service.service [-] clients.insecure = False log_opt_values /usr/lib/python3/dist-packages/oslo_config/cfg.py:2609
2025-02-20 02:01:12.938 72269 DEBUG oslo_service.service [-] clients.key_file = None log_opt_values /usr/lib/python3/dist-packages/oslo_config/cfg.py:2609
2025-02-20 02:01:12.938 72269 DEBUG oslo_service.service [-] clients_aodh.ca_file = None log_opt_values /usr/lib/python3/dist-packages/oslo_config/cfg.py:2609
2025-02-20 02:01:12.938 72269 DEBUG oslo_service.service [-] clients_aodh.cert_file = None log_opt_values /usr/lib/python3/dist-packages/oslo_config/cfg.py:2609
2025-02-20 02:01:12.938 72269 DEBUG oslo_service.service [-] clients_aodh.endpoint_type = None log_opt_values /usr/lib/python3/dist-packages/oslo_config/cfg.py:2609
2025-02-20 02:01:12.938 72269 DEBUG oslo_service.service [-] clients_aodh.insecure = None log_opt_values /usr/lib/python3/dist-packages/oslo_config/cfg.py:2609
2025-02-20 02:01:12.938 72269 DEBUG oslo_service.service [-] clients_aodh.key_file = None log_opt_values /usr/lib/python3/dist-packages/oslo_config/cfg.py:2609
2025-02-20 02:01:12.938 72269 DEBUG oslo_service.service [-] clients_barbican.ca_file = None log_opt_values /usr/lib/python3/dist-packages/oslo_config/cfg.py:2609
2025-02-20 02:01:12.939 72269 DEBUG oslo_service.service [-] clients_barbican.cert_file = None log_opt_values /usr/lib/python3/dist-packages/oslo_config/cfg.py:2609
2025-02-20 02:01:12.939 72269 DEBUG oslo_service.service [-] clients_barbican.endpoint_type = None log_opt_values /usr/lib/python3/dist-packages/oslo_config/cfg.py:2609
2025-02-20 02:01:12.939 72269 DEBUG oslo_service.service [-] clients_barbican.insecure = None log_opt_values /usr/lib/python3/dist-packages/oslo_config/cfg.py:2609
2025-02-20 02:01:12.939 72269 DEBUG oslo_service.service [-] clients_barbican.key_file = None log_opt_values /usr/lib/python3/dist-packages/oslo_config/cfg.py:2609
2025-02-20 02:01:12.939 72269 DEBUG oslo_service.service [-] clients_cinder.ca_file = None log_opt_values /usr/lib/python3/dist-packages/oslo_config/cfg.py:2609
2025-02-20 02:01:12.939 72269 DEBUG oslo_service.service [-] clients_cinder.cert_file = None log_opt_values /usr/lib/python3/dist-packages/oslo_config/cfg.py:2609
2025-02-20 02:01:12.939 72269 DEBUG oslo_service.service [-] clients_cinder.endpoint_type = None log_opt_values /usr/lib/python3/dist-packages/oslo_config/cfg.py:2609
2025-02-20 02:01:12.939 72269 DEBUG oslo_service.service [-] clients_cinder.http_log_debug = False log_opt_values /usr/lib/python3/dist-packages/oslo_config/cfg.py:2609
2025-02-20 02:01:12.939 72269 DEBUG oslo_service.service [-] clients_cinder.insecure = None log_opt_values /usr/lib/python3/dist-packages/oslo_config/cfg.py:2609
2025-02-20 02:01:12.939 72269 DEBUG oslo_service.service [-] clients_cinder.key_file = None log_opt_values /usr/lib/python3/dist-packages/oslo_config/cfg.py:2609
2025-02-20 02:01:12.940 72269 DEBUG oslo_service.service [-] clients_designate.ca_file = None log_opt_values /usr/lib/python3/dist-packages/oslo_config/cfg.py:2609
2025-02-20 02:01:12.940 72269 DEBUG oslo_service.service [-] clients_designate.cert_file = None log_opt_values /usr/lib/python3/dist-packages/oslo_config/cfg.py:2609
2025-02-20 02:01:12.940 72269 DEBUG oslo_service.service [-] clients_designate.endpoint_type = None log_opt_values /usr/lib/python3/dist-packages/oslo_config/cfg.py:2609
2025-02-20 02:01:12.940 72269 DEBUG oslo_service.service [-] clients_designate.insecure = None log_opt_values /usr/lib/python3/dist-packages/oslo_config/cfg.py:2609
2025-02-20 02:01:12.940 72269 DEBUG oslo_service.service [-] clients_designate.key_file = None log_opt_values /usr/lib/python3/dist-packages/oslo_config/cfg.py:2609
2025-02-20 02:01:12.940 72269 DEBUG oslo_service.service [-] clients_glance.ca_file = None log_opt_values /usr/lib/python3/dist-packages/oslo_config/cfg.py:2609
2025-02-20 02:01:12.940 72269 DEBUG oslo_service.service [-] clients_glance.cert_file = None log_opt_values /usr/lib/python3/dist-packages/oslo_config/cfg.py:2609
2025-02-20 02:01:12.940 72269 DEBUG oslo_service.service [-] clients_glance.endpoint_type = None log_opt_values /usr/lib/python3/dist-packages/oslo_config/cfg.py:2609
2025-02-20 02:01:12.940 72269 DEBUG oslo_service.service [-] clients_glance.insecure = None log_opt_values /usr/lib/python3/dist-packages/oslo_config/cfg.py:2609
2025-02-20 02:01:12.940 72269 DEBUG oslo_service.service [-] clients_glance.key_file = None log_opt_values /usr/lib/python3/dist-packages/oslo_config/cfg.py:2609
2025-02-20 02:01:12.941 72269 DEBUG oslo_service.service [-] clients_heat.ca_file = None log_opt_values /usr/lib/python3/dist-packages/oslo_config/cfg.py:2609
2025-02-20 02:01:12.941 72269 DEBUG oslo_service.service [-] clients_heat.cert_file = None log_opt_values /usr/lib/python3/dist-packages/oslo_config/cfg.py:2609
2025-02-20 02:01:12.941 72269 DEBUG oslo_service.service [-] clients_heat.endpoint_type = None log_opt_values /usr/lib/python3/dist-packages/oslo_config/cfg.py:2609
2025-02-20 02:01:12.941 72269 DEBUG oslo_service.service [-] clients_heat.insecure = None log_opt_values /usr/lib/python3/dist-packages/oslo_config/cfg.py:2609
2025-02-20 02:01:12.941 72269 DEBUG oslo_service.service [-] clients_heat.key_file = None log_opt_values /usr/lib/python3/dist-packages/oslo_config/cfg.py:2609
2025-02-20 02:01:12.941 72269 DEBUG oslo_service.service [-] clients_heat.url = log_opt_values /usr/lib/python3/dist-packages/oslo_config/cfg.py:2609
2025-02-20 02:01:12.941 72269 DEBUG oslo_service.service [-] clients_keystone.auth_uri = http://252.24.220.159:5050 log_opt_values /usr/lib/python3/dist-packages/oslo_config/cfg.py:2609
2025-02-20 02:01:12.941 72269 DEBUG oslo_service.service [-] clients_keystone.ca_file = None log_opt_values /usr/lib/python3/dist-packages/oslo_config/cfg.py:2609
2025-02-20 02:01:12.941 72269 DEBUG oslo_service.service [-] clients_keystone.cert_file = None log_opt_values /usr/lib/python3/dist-packages/oslo_config/cfg.py:2609
2025-02-20 02:01:12.942 72269 DEBUG oslo_service.service [-] clients_keystone.endpoint_type = None log_opt_values /usr/lib/python3/dist-packages/oslo_config/cfg.py:2609
2025-02-20 02:01:12.942 72269 DEBUG oslo_service.service [-] clients_keystone.insecure = None log_opt_values /usr/lib/python3/dist-packages/oslo_config/cfg.py:2609
2025-02-20 02:01:12.942 72269 DEBUG oslo_service.service [-] clients_keystone.key_file = None log_opt_values /usr/lib/python3/dist-packages/oslo_config/cfg.py:2609
2025-02-20 02:01:12.942 72269 DEBUG oslo_service.service [-] clients_magnum.ca_file = None log_opt_values /usr/lib/python3/dist-packages/oslo_config/cfg.py:2609
2025-02-20 02:01:12.942 72269 DEBUG oslo_service.service [-] clients_magnum.cert_file = None log_opt_values /usr/lib/python3/dist-packages/oslo_config/cfg.py:2609
2025-02-20 02:01:12.942 72269 DEBUG oslo_service.service [-] clients_magnum.endpoint_type = None log_opt_values /usr/lib/python3/dist-packages/oslo_config/cfg.py:2609
2025-02-20 02:01:12.942 72269 DEBUG oslo_service.service [-] clients_magnum.insecure = None log_opt_values /usr/lib/python3/dist-packages/oslo_config/cfg.py:2609
2025-02-20 02:01:12.942 72269 DEBUG oslo_service.service [-] clients_magnum.key_file = None log_opt_values /usr/lib/python3/dist-packages/oslo_config/cfg.py:2609
2025-02-20 02:01:12.942 72269 DEBUG oslo_service.service [-] clients_manila.ca_file = None log_opt_values /usr/lib/python3/dist-packages/oslo_config/cfg.py:2609
2025-02-20 02:01:12.943 72269 DEBUG oslo_service.service [-] clients_manila.cert_file = None log_opt_values /usr/lib/python3/dist-packages/oslo_config/cfg.py:2609
2025-02-20 02:01:12.943 72269 DEBUG oslo_service.service [-] clients_manila.endpoint_type = None log_opt_values /usr/lib/python3/dist-packages/oslo_config/cfg.py:2609
2025-02-20 02:01:12.943 72269 DEBUG oslo_service.service [-] clients_manila.insecure = None log_opt_values /usr/lib/python3/dist-packages/oslo_config/cfg.py:2609
2025-02-20 02:01:12.943 72269 DEBUG oslo_service.service [-] clients_manila.key_file = None log_opt_values /usr/lib/python3/dist-packages/oslo_config/cfg.py:2609
2025-02-20 02:01:12.943 72269 DEBUG oslo_service.service [-] clients_mistral.ca_file = None log_opt_values /usr/lib/python3/dist-packages/oslo_config/cfg.py:2609
2025-02-20 02:01:12.943 72269 DEBUG oslo_service.service [-] clients_mistral.cert_file = None log_opt_values /usr/lib/python3/dist-packages/oslo_config/cfg.py:2609
2025-02-20 02:01:12.943 72269 DEBUG oslo_service.service [-] clients_mistral.endpoint_type = None log_opt_values /usr/lib/python3/dist-packages/oslo_config/cfg.py:2609
2025-02-20 02:01:12.943 72269 DEBUG oslo_service.service [-] clients_mistral.insecure = None log_opt_values /usr/lib/python3/dist-packages/oslo_config/cfg.py:2609
2025-02-20 02:01:12.943 72269 DEBUG oslo_service.service [-] clients_mistral.key_file = None log_opt_values /usr/lib/python3/dist-packages/oslo_config/cfg.py:2609
2025-02-20 02:01:12.943 72269 DEBUG oslo_service.service [-] clients_monasca.ca_file = None log_opt_values /usr/lib/python3/dist-packages/oslo_config/cfg.py:2609
2025-02-20 02:01:12.944 72269 DEBUG oslo_service.service [-] clients_monasca.cert_file = None log_opt_values /usr/lib/python3/dist-packages/oslo_config/cfg.py:2609
2025-02-20 02:01:12.944 72269 DEBUG oslo_service.service [-] clients_monasca.endpoint_type = None log_opt_values /usr/lib/python3/dist-packages/oslo_config/cfg.py:2609
2025-02-20 02:01:12.944 72269 DEBUG oslo_service.service [-] clients_monasca.insecure = None log_opt_values /usr/lib/python3/dist-packages/oslo_config/cfg.py:2609
2025-02-20 02:01:12.944 72269 DEBUG oslo_service.service [-] clients_monasca.key_file = None log_opt_values /usr/lib/python3/dist-packages/oslo_config/cfg.py:2609
2025-02-20 02:01:12.944 72269 DEBUG oslo_service.service [-] clients_neutron.ca_file = None log_opt_values /usr/lib/python3/dist-packages/oslo_config/cfg.py:2609
2025-02-20 02:01:12.944 72269 DEBUG oslo_service.service [-] clients_neutron.cert_file = None log_opt_values /usr/lib/python3/dist-packages/oslo_config/cfg.py:2609
2025-02-20 02:01:12.944 72269 DEBUG oslo_service.service [-] clients_neutron.endpoint_type = None log_opt_values /usr/lib/python3/dist-packages/oslo_config/cfg.py:2609
2025-02-20 02:01:12.944 72269 DEBUG oslo_service.service [-] clients_neutron.insecure = None log_opt_values /usr/lib/python3/dist-packages/oslo_config/cfg.py:2609
2025-02-20 02:01:12.944 72269 DEBUG oslo_service.service [-] clients_neutron.key_file = None log_opt_values /usr/lib/python3/dist-packages/oslo_config/cfg.py:2609
2025-02-20 02:01:12.944 72269 DEBUG oslo_service.service [-] clients_nova.ca_file = None log_opt_values /usr/lib/python3/dist-packages/oslo_config/cfg.py:2609
2025-02-20 02:01:12.945 72269 DEBUG oslo_service.service [-] clients_nova.cert_file = None log_opt_values /usr/lib/python3/dist-packages/oslo_config/cfg.py:2609
2025-02-20 02:01:12.945 72269 DEBUG oslo_service.service [-] clients_nova.endpoint_type = None log_opt_values /usr/lib/python3/dist-packages/oslo_config/cfg.py:2609
2025-02-20 02:01:12.945 72269 DEBUG oslo_service.service [-] clients_nova.http_log_debug = False log_opt_values /usr/lib/python3/dist-packages/oslo_config/cfg.py:2609
2025-02-20 02:01:12.945 72269 DEBUG oslo_service.service [-] clients_nova.insecure = None log_opt_values /usr/lib/python3/dist-packages/oslo_config/cfg.py:2609
2025-02-20 02:01:12.945 72269 DEBUG oslo_service.service [-] clients_nova.key_file = None log_opt_values /usr/lib/python3/dist-packages/oslo_config/cfg.py:2609
2025-02-20 02:01:12.945 72269 DEBUG oslo_service.service [-] clients_octavia.ca_file = None log_opt_values /usr/lib/python3/dist-packages/oslo_config/cfg.py:2609
2025-02-20 02:01:12.945 72269 DEBUG oslo_service.service [-] clients_octavia.cert_file = None log_opt_values /usr/lib/python3/dist-packages/oslo_config/cfg.py:2609
2025-02-20 02:01:12.945 72269 DEBUG oslo_service.service [-] clients_octavia.endpoint_type = None log_opt_values /usr/lib/python3/dist-packages/oslo_config/cfg.py:2609
2025-02-20 02:01:12.945 72269 DEBUG oslo_service.service [-] clients_octavia.insecure = None log_opt_values /usr/lib/python3/dist-packages/oslo_config/cfg.py:2609
2025-02-20 02:01:12.945 72269 DEBUG oslo_service.service [-] clients_octavia.key_file = None log_opt_values /usr/lib/python3/dist-packages/oslo_config/cfg.py:2609
2025-02-20 02:01:12.946 72269 DEBUG oslo_service.service [-] clients_sahara.ca_file = None log_opt_values /usr/lib/python3/dist-packages/oslo_config/cfg.py:2609
2025-02-20 02:01:12.946 72269 DEBUG oslo_service.service [-] clients_sahara.cert_file = None log_opt_values /usr/lib/python3/dist-packages/oslo_config/cfg.py:2609
2025-02-20 02:01:12.946 72269 DEBUG oslo_service.service [-] clients_sahara.endpoint_type = None log_opt_values /usr/lib/python3/dist-packages/oslo_config/cfg.py:2609
2025-02-20 02:01:12.946 72269 DEBUG oslo_service.service [-] clients_sahara.insecure = None log_opt_values /usr/lib/python3/dist-packages/oslo_config/cfg.py:2609
2025-02-20 02:01:12.946 72269 DEBUG oslo_service.service [-] clients_sahara.key_file = None log_opt_values /usr/lib/python3/dist-packages/oslo_config/cfg.py:2609
2025-02-20 02:01:12.946 72269 DEBUG oslo_service.service [-] clients_senlin.ca_file = None log_opt_values /usr/lib/python3/dist-packages/oslo_config/cfg.py:2609
2025-02-20 02:01:12.946 72269 DEBUG oslo_service.service [-] clients_senlin.cert_file = None log_opt_values /usr/lib/python3/dist-packages/oslo_config/cfg.py:2609
2025-02-20 02:01:12.946 72269 DEBUG oslo_service.service [-] clients_senlin.endpoint_type = None log_opt_values /usr/lib/python3/dist-packages/oslo_config/cfg.py:2609
2025-02-20 02:01:12.946 72269 DEBUG oslo_service.service [-] clients_senlin.insecure = None log_opt_values /usr/lib/python3/dist-packages/oslo_config/cfg.py:2609
2025-02-20 02:01:12.946 72269 DEBUG oslo_service.service [-] clients_senlin.key_file = None log_opt_values /usr/lib/python3/dist-packages/oslo_config/cfg.py:2609
2025-02-20 02:01:12.947 72269 DEBUG oslo_service.service [-] clients_swift.ca_file = None log_opt_values /usr/lib/python3/dist-packages/oslo_config/cfg.py:2609
2025-02-20 02:01:12.947 72269 DEBUG oslo_service.service [-] clients_swift.cert_file = None log_opt_values /usr/lib/python3/dist-packages/oslo_config/cfg.py:2609
2025-02-20 02:01:12.947 72269 DEBUG oslo_service.service [-] clients_swift.endpoint_type = None log_opt_values /usr/lib/python3/dist-packages/oslo_config/cfg.py:2609
2025-02-20 02:01:12.947 72269 DEBUG oslo_service.service [-] clients_swift.insecure = None log_opt_values /usr/lib/python3/dist-packages/oslo_config/cfg.py:2609
2025-02-20 02:01:12.947 72269 DEBUG oslo_service.service [-] clients_swift.key_file = None log_opt_values /usr/lib/python3/dist-packages/oslo_config/cfg.py:2609
2025-02-20 02:01:12.947 72269 DEBUG oslo_service.service [-] clients_trove.ca_file = None log_opt_values /usr/lib/python3/dist-packages/oslo_config/cfg.py:2609
2025-02-20 02:01:12.947 72269 DEBUG oslo_service.service [-] clients_trove.cert_file = None log_opt_values /usr/lib/python3/dist-packages/oslo_config/cfg.py:2609
2025-02-20 02:01:12.947 72269 DEBUG oslo_service.service [-] clients_trove.endpoint_type = None log_opt_values /usr/lib/python3/dist-packages/oslo_config/cfg.py:2609
2025-02-20 02:01:12.947 72269 DEBUG oslo_service.service [-] clients_trove.insecure = None log_opt_values /usr/lib/python3/dist-packages/oslo_config/cfg.py:2609
2025-02-20 02:01:12.948 72269 DEBUG oslo_service.service [-] clients_trove.key_file = None log_opt_values /usr/lib/python3/dist-packages/oslo_config/cfg.py:2609
2025-02-20 02:01:12.948 72269 DEBUG oslo_service.service [-] clients_vitrage.ca_file = None log_opt_values /usr/lib/python3/dist-packages/oslo_config/cfg.py:2609
2025-02-20 02:01:12.948 72269 DEBUG oslo_service.service [-] clients_vitrage.cert_file = None log_opt_values /usr/lib/python3/dist-packages/oslo_config/cfg.py:2609
2025-02-20 02:01:12.948 72269 DEBUG oslo_service.service [-] clients_vitrage.endpoint_type = None log_opt_values /usr/lib/python3/dist-packages/oslo_config/cfg.py:2609
2025-02-20 02:01:12.948 72269 DEBUG oslo_service.service [-] clients_vitrage.insecure = None log_opt_values /usr/lib/python3/dist-packages/oslo_config/cfg.py:2609
2025-02-20 02:01:12.948 72269 DEBUG oslo_service.service [-] clients_vitrage.key_file = None log_opt_values /usr/lib/python3/dist-packages/oslo_config/cfg.py:2609
2025-02-20 02:01:12.948 72269 DEBUG oslo_service.service [-] clients_zaqar.ca_file = None log_opt_values /usr/lib/python3/dist-packages/oslo_config/cfg.py:2609
2025-02-20 02:01:12.948 72269 DEBUG oslo_service.service [-] clients_zaqar.cert_file = None log_opt_values /usr/lib/python3/dist-packages/oslo_config/cfg.py:2609
2025-02-20 02:01:12.948 72269 DEBUG oslo_service.service [-] clients_zaqar.endpoint_type = None log_opt_values /usr/lib/python3/dist-packages/oslo_config/cfg.py:2609
2025-02-20 02:01:12.948 72269 DEBUG oslo_service.service [-] clients_zaqar.insecure = None log_opt_values /usr/lib/python3/dist-packages/oslo_config/cfg.py:2609
2025-02-20 02:01:12.949 72269 DEBUG oslo_service.service [-] clients_zaqar.key_file = None log_opt_values /usr/lib/python3/dist-packages/oslo_config/cfg.py:2609
2025-02-20 02:01:12.949 72269 DEBUG oslo_service.service [-] database.backend = sqlalchemy log_opt_values /usr/lib/python3/dist-packages/oslo_config/cfg.py:2609
2025-02-20 02:01:12.949 72269 DEBUG oslo_service.service [-] database.connection = **** log_opt_values /usr/lib/python3/dist-packages/oslo_config/cfg.py:2609
2025-02-20 02:01:12.949 72269 DEBUG oslo_service.service [-] database.connection_debug = 0 log_opt_values /usr/lib/python3/dist-packages/oslo_config/cfg.py:2609
2025-02-20 02:01:12.949 72269 DEBUG oslo_service.service [-] database.connection_parameters = log_opt_values /usr/lib/python3/dist-packages/oslo_config/cfg.py:2609
2025-02-20 02:01:12.949 72269 DEBUG oslo_service.service [-] database.connection_recycle_time = 3600 log_opt_values /usr/lib/python3/dist-packages/oslo_config/cfg.py:2609
2025-02-20 02:01:12.949 72269 DEBUG oslo_service.service [-] database.connection_trace = False log_opt_values /usr/lib/python3/dist-packages/oslo_config/cfg.py:2609
2025-02-20 02:01:12.949 72510 INFO heat.engine.worker [-] Starting engine_worker (1.4) in engine ea5b77c9-22e0-45bd-9310-41f256ba6b89.
2025-02-20 02:01:12.949 72269 DEBUG oslo_service.service [-] database.db_inc_retry_interval = True log_opt_values /usr/lib/python3/dist-packages/oslo_config/cfg.py:2609
2025-02-20 02:01:12.950 72269 DEBUG oslo_service.service [-] database.db_max_retries = 20 log_opt_values /usr/lib/python3/dist-packages/oslo_config/cfg.py:2609
2025-02-20 02:01:12.950 72269 DEBUG oslo_service.service [-] database.db_max_retry_interval = 10 log_opt_values /usr/lib/python3/dist-packages/oslo_config/cfg.py:2609
2025-02-20 02:01:12.950 72269 DEBUG oslo_service.service [-] database.db_retry_interval = 1 log_opt_values /usr/lib/python3/dist-packages/oslo_config/cfg.py:2609
2025-02-20 02:01:12.950 72269 DEBUG oslo_service.service [-] database.max_overflow = 50 log_opt_values /usr/lib/python3/dist-packages/oslo_config/cfg.py:2609
2025-02-20 02:01:12.950 72269 DEBUG oslo_service.service [-] database.max_pool_size = 5 log_opt_values /usr/lib/python3/dist-packages/oslo_config/cfg.py:2609
2025-02-20 02:01:12.950 72269 DEBUG oslo_service.service [-] database.max_retries = 10 log_opt_values /usr/lib/python3/dist-packages/oslo_config/cfg.py:2609
2025-02-20 02:01:12.950 72269 DEBUG oslo_service.service [-] database.mysql_enable_ndb = False log_opt_values /usr/lib/python3/dist-packages/oslo_config/cfg.py:2609
2025-02-20 02:01:12.950 72269 DEBUG oslo_service.service [-] database.mysql_sql_mode = TRADITIONAL log_opt_values /usr/lib/python3/dist-packages/oslo_config/cfg.py:2609
2025-02-20 02:01:12.950 72269 DEBUG oslo_service.service [-] database.pool_timeout = None log_opt_values /usr/lib/python3/dist-packages/oslo_config/cfg.py:2609
2025-02-20 02:01:12.951 72269 DEBUG oslo_service.service [-] database.retry_interval = 10 log_opt_values /usr/lib/python3/dist-packages/oslo_config/cfg.py:2609
2025-02-20 02:01:12.951 72269 DEBUG oslo_service.service [-] database.slave_connection = **** log_opt_values /usr/lib/python3/dist-packages/oslo_config/cfg.py:2609
2025-02-20 02:01:12.951 72269 DEBUG oslo_service.service [-] database.sqlite_synchronous = True log_opt_values /usr/lib/python3/dist-packages/oslo_config/cfg.py:2609
2025-02-20 02:01:12.951 72269 DEBUG oslo_service.service [-] database.use_db_reconnect = False log_opt_values /usr/lib/python3/dist-packages/oslo_config/cfg.py:2609
2025-02-20 02:01:12.951 72269 DEBUG oslo_service.service [-] oslo_messaging_metrics.metrics_buffer_size = 1000 log_opt_values /usr/lib/python3/dist-packages/oslo_config/cfg.py:2609
2025-02-20 02:01:12.951 72269 DEBUG oslo_service.service [-] oslo_messaging_metrics.metrics_enabled = False log_opt_values /usr/lib/python3/dist-packages/oslo_config/cfg.py:2609
2025-02-20 02:01:12.951 72269 DEBUG oslo_service.service [-] oslo_messaging_metrics.metrics_process_name = log_opt_values /usr/lib/python3/dist-packages/oslo_config/cfg.py:2609
2025-02-20 02:01:12.951 72269 DEBUG oslo_service.service [-] oslo_messaging_metrics.metrics_socket_file = /var/tmp/metrics_collector.sock log_opt_values /usr/lib/python3/dist-packages/oslo_config/cfg.py:2609
2025-02-20 02:01:12.952 72269 DEBUG oslo_service.service [-] oslo_messaging_metrics.metrics_thread_stop_timeout = 10 log_opt_values /usr/lib/python3/dist-packages/oslo_config/cfg.py:2609
2025-02-20 02:01:12.952 72269 DEBUG oslo_service.service [-] oslo_policy.enforce_new_defaults = False log_opt_values /usr/lib/python3/dist-packages/oslo_config/cfg.py:2609
2025-02-20 02:01:12.952 72269 DEBUG oslo_service.service [-] oslo_policy.enforce_scope = False log_opt_values /usr/lib/python3/dist-packages/oslo_config/cfg.py:2609
2025-02-20 02:01:12.952 72269 DEBUG oslo_service.service [-] oslo_policy.policy_default_rule = default log_opt_values /usr/lib/python3/dist-packages/oslo_config/cfg.py:2609
2025-02-20 02:01:12.952 72269 DEBUG oslo_service.service [-] oslo_policy.policy_dirs = ['policy.d'] log_opt_values /usr/lib/python3/dist-packages/oslo_config/cfg.py:2609
2025-02-20 02:01:12.953 72269 DEBUG oslo_service.service [-] oslo_policy.policy_file = policy.yaml log_opt_values /usr/lib/python3/dist-packages/oslo_config/cfg.py:2609
2025-02-20 02:01:12.953 72269 DEBUG oslo_service.service [-] oslo_policy.remote_content_type = application/x-www-form-urlencoded log_opt_values /usr/lib/python3/dist-packages/oslo_config/cfg.py:2609
2025-02-20 02:01:12.953 72269 DEBUG oslo_service.service [-] oslo_policy.remote_ssl_ca_crt_file = None log_opt_values /usr/lib/python3/dist-packages/oslo_config/cfg.py:2609
2025-02-20 02:01:12.953 72269 DEBUG oslo_service.service [-] oslo_policy.remote_ssl_client_crt_file = None log_opt_values /usr/lib/python3/dist-packages/oslo_config/cfg.py:2609
2025-02-20 02:01:12.953 72269 DEBUG oslo_service.service [-] oslo_policy.remote_ssl_client_key_file = None log_opt_values /usr/lib/python3/dist-packages/oslo_config/cfg.py:2609
2025-02-20 02:01:12.953 72269 DEBUG oslo_service.service [-] oslo_policy.remote_ssl_verify_server_crt = False log_opt_values /usr/lib/python3/dist-packages/oslo_config/cfg.py:2609
2025-02-20 02:01:12.954 72269 DEBUG oslo_service.service [-] trustee.auth_section = None log_opt_values /usr/lib/python3/dist-packages/oslo_config/cfg.py:2609
2025-02-20 02:01:12.954 72269 WARNING oslo_config.cfg [-] Deprecated: Option "auth_plugin" from group "trustee" is deprecated. Use option "auth_type" from group "trustee".
2025-02-20 02:01:12.954 72269 DEBUG oslo_service.service [-] trustee.auth_type = password log_opt_values /usr/lib/python3/dist-packages/oslo_config/cfg.py:2609
2025-02-20 02:01:12.954 72269 DEBUG oslo_service.service [-] oslo_versionedobjects.fatal_exception_format_errors = False log_opt_values /usr/lib/python3/dist-packages/oslo_config/cfg.py:2609
2025-02-20 02:01:12.954 72269 DEBUG oslo_service.service [-] oslo_messaging_rabbit.amqp_auto_delete = False log_opt_values /usr/lib/python3/dist-packages/oslo_config/cfg.py:2609
2025-02-20 02:01:12.954 72269 DEBUG oslo_service.service [-] oslo_messaging_rabbit.amqp_durable_queues = False log_opt_values /usr/lib/python3/dist-packages/oslo_config/cfg.py:2609
2025-02-20 02:01:12.955 72269 DEBUG oslo_service.service [-] oslo_messaging_rabbit.conn_pool_min_size = 2 log_opt_values /usr/lib/python3/dist-packages/oslo_config/cfg.py:2609
2025-02-20 02:01:12.955 72269 DEBUG oslo_service.service [-] oslo_messaging_rabbit.conn_pool_ttl = 1200 log_opt_values /usr/lib/python3/dist-packages/oslo_config/cfg.py:2609
2025-02-20 02:01:12.955 72269 DEBUG oslo_service.service [-] oslo_messaging_rabbit.direct_mandatory_flag = True log_opt_values /usr/lib/python3/dist-packages/oslo_config/cfg.py:2609
2025-02-20 02:01:12.955 72269 DEBUG oslo_service.service [-] oslo_messaging_rabbit.enable_cancel_on_failover = False log_opt_values /usr/lib/python3/dist-packages/oslo_config/cfg.py:2609
2025-02-20 02:01:12.955 72269 DEBUG oslo_service.service [-] oslo_messaging_rabbit.heartbeat_in_pthread = True log_opt_values /usr/lib/python3/dist-packages/oslo_config/cfg.py:2609
2025-02-20 02:01:12.955 72269 DEBUG oslo_service.service [-] oslo_messaging_rabbit.heartbeat_rate = 2 log_opt_values /usr/lib/python3/dist-packages/oslo_config/cfg.py:2609
2025-02-20 02:01:12.955 72269 DEBUG oslo_service.service [-] oslo_messaging_rabbit.heartbeat_timeout_threshold = 60 log_opt_values /usr/lib/python3/dist-packages/oslo_config/cfg.py:2609
2025-02-20 02:01:12.955 72269 DEBUG oslo_service.service [-] oslo_messaging_rabbit.kombu_compression = None log_opt_values /usr/lib/python3/dist-packages/oslo_config/cfg.py:2609
2025-02-20 02:01:12.955 72269 DEBUG oslo_service.service [-] oslo_messaging_rabbit.kombu_failover_strategy = round-robin log_opt_values /usr/lib/python3/dist-packages/oslo_config/cfg.py:2609
2025-02-20 02:01:12.956 72269 DEBUG oslo_service.service [-] oslo_messaging_rabbit.kombu_missing_consumer_retry_timeout = 60 log_opt_values /usr/lib/python3/dist-packages/oslo_config/cfg.py:2609
2025-02-20 02:01:12.956 72269 DEBUG oslo_service.service [-] oslo_messaging_rabbit.kombu_reconnect_delay = 1.0 log_opt_values /usr/lib/python3/dist-packages/oslo_config/cfg.py:2609
2025-02-20 02:01:12.956 72269 DEBUG oslo_service.service [-] oslo_messaging_rabbit.rabbit_ha_queues = False log_opt_values /usr/lib/python3/dist-packages/oslo_config/cfg.py:2609
2025-02-20 02:01:12.956 72269 DEBUG oslo_service.service [-] oslo_messaging_rabbit.rabbit_interval_max = 30 log_opt_values /usr/lib/python3/dist-packages/oslo_config/cfg.py:2609
2025-02-20 02:01:12.956 72269 DEBUG oslo_service.service [-] oslo_messaging_rabbit.rabbit_login_method = AMQPLAIN log_opt_values /usr/lib/python3/dist-packages/oslo_config/cfg.py:2609
2025-02-20 02:01:12.956 72269 DEBUG oslo_service.service [-] oslo_messaging_rabbit.rabbit_qos_prefetch_count = 0 log_opt_values /usr/lib/python3/dist-packages/oslo_config/cfg.py:2609
2025-02-20 02:01:12.956 72269 DEBUG oslo_service.service [-] oslo_messaging_rabbit.rabbit_quorum_queue = False log_opt_values /usr/lib/python3/dist-packages/oslo_config/cfg.py:2609
2025-02-20 02:01:12.956 72269 DEBUG oslo_service.service [-] oslo_messaging_rabbit.rabbit_retry_backoff = 2 log_opt_values /usr/lib/python3/dist-packages/oslo_config/cfg.py:2609
2025-02-20 02:01:12.956 72269 DEBUG oslo_service.service [-] oslo_messaging_rabbit.rabbit_retry_interval = 1 log_opt_values /usr/lib/python3/dist-packages/oslo_config/cfg.py:2609
2025-02-20 02:01:12.957 72269 DEBUG oslo_service.service [-] oslo_messaging_rabbit.rabbit_transient_queues_ttl = 1800 log_opt_values /usr/lib/python3/dist-packages/oslo_config/cfg.py:2609
2025-02-20 02:01:12.957 72269 DEBUG oslo_service.service [-] oslo_messaging_rabbit.rpc_conn_pool_size = 30 log_opt_values /usr/lib/python3/dist-packages/oslo_config/cfg.py:2609
2025-02-20 02:01:12.957 72269 DEBUG oslo_service.service [-] oslo_messaging_rabbit.ssl = False log_opt_values /usr/lib/python3/dist-packages/oslo_config/cfg.py:2609
2025-02-20 02:01:12.957 72269 DEBUG oslo_service.service [-] oslo_messaging_rabbit.ssl_ca_file = log_opt_values /usr/lib/python3/dist-packages/oslo_config/cfg.py:2609
2025-02-20 02:01:12.957 72508 INFO heat.engine.worker [-] Starting engine_worker (1.4) in engine bd81b49e-bf3d-4de5-93e6-c5534a1329ca.
2025-02-20 02:01:12.957 72269 DEBUG oslo_service.service [-] oslo_messaging_rabbit.ssl_cert_file = log_opt_values /usr/lib/python3/dist-packages/oslo_config/cfg.py:2609
2025-02-20 02:01:12.957 72269 DEBUG oslo_service.service [-] oslo_messaging_rabbit.ssl_key_file = log_opt_values /usr/lib/python3/dist-packages/oslo_config/cfg.py:2609
2025-02-20 02:01:12.957 72269 DEBUG oslo_service.service [-] oslo_messaging_rabbit.ssl_version = log_opt_values /usr/lib/python3/dist-packages/oslo_config/cfg.py:2609
2025-02-20 02:01:12.957 72269 DEBUG oslo_service.service [-] oslo_messaging_notifications.driver = [] log_opt_values /usr/lib/python3/dist-packages/oslo_config/cfg.py:2609
2025-02-20 02:01:12.957 72269 DEBUG oslo_service.service [-] oslo_messaging_notifications.retry = -1 log_opt_values /usr/lib/python3/dist-packages/oslo_config/cfg.py:2609
2025-02-20 02:01:12.958 72269 DEBUG oslo_service.service [-] oslo_messaging_notifications.topics = ['notifications'] log_opt_values /usr/lib/python3/dist-packages/oslo_config/cfg.py:2609
2025-02-20 02:01:12.958 72269 DEBUG oslo_service.service [-] oslo_messaging_notifications.transport_url = **** log_opt_values /usr/lib/python3/dist-packages/oslo_config/cfg.py:2609
2025-02-20 02:01:12.958 72269 DEBUG oslo_service.service [-] cache.backend = dogpile.cache.null log_opt_values /usr/lib/python3/dist-packages/oslo_config/cfg.py:2609
2025-02-20 02:01:12.958 72269 DEBUG oslo_service.service [-] cache.backend_argument = **** log_opt_values /usr/lib/python3/dist-packages/oslo_config/cfg.py:2609
2025-02-20 02:01:12.958 72269 DEBUG oslo_service.service [-] cache.config_prefix = cache.oslo log_opt_values /usr/lib/python3/dist-packages/oslo_config/cfg.py:2609
2025-02-20 02:01:12.958 72269 DEBUG oslo_service.service [-] cache.debug_cache_backend = False log_opt_values /usr/lib/python3/dist-packages/oslo_config/cfg.py:2609
2025-02-20 02:01:12.958 72269 DEBUG oslo_service.service [-] cache.enabled = False log_opt_values /usr/lib/python3/dist-packages/oslo_config/cfg.py:2609
2025-02-20 02:01:12.958 72269 DEBUG oslo_service.service [-] cache.expiration_time = 600 log_opt_values /usr/lib/python3/dist-packages/oslo_config/cfg.py:2609
2025-02-20 02:01:12.959 72269 DEBUG oslo_service.service [-] cache.memcache_dead_retry = 300 log_opt_values /usr/lib/python3/dist-packages/oslo_config/cfg.py:2609
2025-02-20 02:01:12.959 72269 DEBUG oslo_service.service [-] cache.memcache_pool_connection_get_timeout = 10 log_opt_values /usr/lib/python3/dist-packages/oslo_config/cfg.py:2609
2025-02-20 02:01:12.959 72269 DEBUG oslo_service.service [-] cache.memcache_pool_flush_on_reconnect = False log_opt_values /usr/lib/python3/dist-packages/oslo_config/cfg.py:2609
2025-02-20 02:01:12.959 72269 DEBUG oslo_service.service [-] cache.memcache_pool_maxsize = 10 log_opt_values /usr/lib/python3/dist-packages/oslo_config/cfg.py:2609
2025-02-20 02:01:12.959 72269 DEBUG oslo_service.service [-] cache.memcache_pool_unused_timeout = 60 log_opt_values /usr/lib/python3/dist-packages/oslo_config/cfg.py:2609
2025-02-20 02:01:12.959 72269 DEBUG oslo_service.service [-] cache.memcache_servers = ['localhost:11211'] log_opt_values /usr/lib/python3/dist-packages/oslo_config/cfg.py:2609
2025-02-20 02:01:12.959 72269 DEBUG oslo_service.service [-] cache.memcache_socket_timeout = 1.0 log_opt_values /usr/lib/python3/dist-packages/oslo_config/cfg.py:2609
2025-02-20 02:01:12.959 72269 DEBUG oslo_service.service [-] cache.proxies = [] log_opt_values /usr/lib/python3/dist-packages/oslo_config/cfg.py:2609
2025-02-20 02:01:12.960 72269 DEBUG oslo_service.service [-] cache.tls_allowed_ciphers = None log_opt_values /usr/lib/python3/dist-packages/oslo_config/cfg.py:2609
2025-02-20 02:01:12.960 72269 DEBUG oslo_service.service [-] cache.tls_cafile = None log_opt_values /usr/lib/python3/dist-packages/oslo_config/cfg.py:2609
2025-02-20 02:01:12.960 72269 DEBUG oslo_service.service [-] cache.tls_certfile = None log_opt_values /usr/lib/python3/dist-packages/oslo_config/cfg.py:2609
2025-02-20 02:01:12.960 72269 DEBUG oslo_service.service [-] cache.tls_enabled = False log_opt_values /usr/lib/python3/dist-packages/oslo_config/cfg.py:2609
2025-02-20 02:01:12.960 72269 DEBUG oslo_service.service [-] cache.tls_keyfile = None log_opt_values /usr/lib/python3/dist-packages/oslo_config/cfg.py:2609
2025-02-20 02:01:12.960 72269 DEBUG oslo_service.service [-] constraint_validation_cache.caching = True log_opt_values /usr/lib/python3/dist-packages/oslo_config/cfg.py:2609
2025-02-20 02:01:12.960 72269 DEBUG oslo_service.service [-] constraint_validation_cache.expiration_time = 60 log_opt_values /usr/lib/python3/dist-packages/oslo_config/cfg.py:2609
2025-02-20 02:01:12.960 72269 DEBUG oslo_service.service [-] service_extension_cache.caching = True log_opt_values /usr/lib/python3/dist-packages/oslo_config/cfg.py:2609
2025-02-20 02:01:12.960 72269 DEBUG oslo_service.service [-] service_extension_cache.expiration_time = 3600 log_opt_values /usr/lib/python3/dist-packages/oslo_config/cfg.py:2609
2025-02-20 02:01:12.961 72269 DEBUG oslo_service.service [-] resource_finder_cache.caching = True log_opt_values /usr/lib/python3/dist-packages/oslo_config/cfg.py:2609
2025-02-20 02:01:12.961 72269 DEBUG oslo_service.service [-] resource_finder_cache.expiration_time = 3600 log_opt_values /usr/lib/python3/dist-packages/oslo_config/cfg.py:2609
2025-02-20 02:01:12.961 72269 DEBUG oslo_service.service [-] yaql.limit_iterators = 200 log_opt_values /usr/lib/python3/dist-packages/oslo_config/cfg.py:2609
2025-02-20 02:01:12.961 72269 DEBUG oslo_service.service [-] yaql.memory_quota = 10000 log_opt_values /usr/lib/python3/dist-packages/oslo_config/cfg.py:2609
2025-02-20 02:01:12.961 72269 DEBUG oslo_service.service [-] ******************************************************************************** log_opt_values /usr/lib/python3/dist-packages/oslo_config/cfg.py:2613
2025-02-20 02:01:12.967 72511 INFO heat.engine.worker [-] Starting engine_worker (1.4) in engine 92e961e9-471b-4e02-93ce-9c683e607d7e.
2025-02-20 02:01:13.011 72509 DEBUG oslo_db.sqlalchemy.engines [req-cd47fdf1-a0c0-4eb0-aea4-ff94e380f6a8 - - - - -] MySQL server mode set to STRICT_TRANS_TABLES,STRICT_ALL_TABLES,NO_ZERO_IN_DATE,NO_ZERO_DATE,ERROR_FOR_DIVISION_BY_ZERO,TRADITIONAL,NO_ENGINE_SUBSTITUTION _check_effective_sql_mode /usr/lib/python3/dist-packages/oslo_db/sqlalchemy/engines.py:314
2025-02-20 02:01:13.020 72510 DEBUG oslo_db.sqlalchemy.engines [req-314828b3-21e7-4fdd-b1de-3d4ee7ce5a32 - - - - -] MySQL server mode set to STRICT_TRANS_TABLES,STRICT_ALL_TABLES,NO_ZERO_IN_DATE,NO_ZERO_DATE,ERROR_FOR_DIVISION_BY_ZERO,TRADITIONAL,NO_ENGINE_SUBSTITUTION _check_effective_sql_mode /usr/lib/python3/dist-packages/oslo_db/sqlalchemy/engines.py:314
2025-02-20 02:01:13.028 72511 DEBUG oslo_db.sqlalchemy.engines [req-b081c7aa-db50-4054-bfe6-51ff80e832dc - - - - -] MySQL server mode set to STRICT_TRANS_TABLES,STRICT_ALL_TABLES,NO_ZERO_IN_DATE,NO_ZERO_DATE,ERROR_FOR_DIVISION_BY_ZERO,TRADITIONAL,NO_ENGINE_SUBSTITUTION _check_effective_sql_mode /usr/lib/python3/dist-packages/oslo_db/sqlalchemy/engines.py:314
2025-02-20 02:01:13.048 72508 DEBUG oslo_db.sqlalchemy.engines [req-5e0c9da3-bb2c-4662-bdbd-a5b7669f74a9 - - - - -] MySQL server mode set to STRICT_TRANS_TABLES,STRICT_ALL_TABLES,NO_ZERO_IN_DATE,NO_ZERO_DATE,ERROR_FOR_DIVISION_BY_ZERO,TRADITIONAL,NO_ENGINE_SUBSTITUTION _check_effective_sql_mode /usr/lib/python3/dist-packages/oslo_db/sqlalchemy/engines.py:314
2025-02-20 02:01:13.091 72509 DEBUG heat.engine.service [req-e62fd35d-6e08-481d-ae34-63c4340e96c4 - - - - -] Service 48242259-94f7-4e81-af19-cc83455f0469 is started service_manage_report /usr/lib/python3/dist-packages/heat/engine/service.py:2363
2025-02-20 02:01:13.100 72511 DEBUG heat.engine.service [req-effede6b-ef48-4e4b-bf7c-eee0b07951c7 - - - - -] Service c5f090d0-5d2a-4679-b77b-9b90c8c1c0a1 is started service_manage_report /usr/lib/python3/dist-packages/heat/engine/service.py:2363
2025-02-20 02:01:13.102 72510 DEBUG heat.engine.service [req-2a3c3599-edcf-4880-88d2-478f009621eb - - - - -] Service 29aeaaff-1eec-4c5e-a37b-c1f410c74332 is started service_manage_report /usr/lib/python3/dist-packages/heat/engine/service.py:2363
2025-02-20 02:01:13.113 72509 DEBUG heat.engine.service [req-e62fd35d-6e08-481d-ae34-63c4340e96c4 - - - - -] Service 48242259-94f7-4e81-af19-cc83455f0469 is updated service_manage_report /usr/lib/python3/dist-packages/heat/engine/service.py:2370
2025-02-20 02:01:13.118 72511 DEBUG heat.engine.service [req-effede6b-ef48-4e4b-bf7c-eee0b07951c7 - - - - -] Service c5f090d0-5d2a-4679-b77b-9b90c8c1c0a1 is updated service_manage_report /usr/lib/python3/dist-packages/heat/engine/service.py:2370
2025-02-20 02:01:13.123 72510 DEBUG heat.engine.service [req-2a3c3599-edcf-4880-88d2-478f009621eb - - - - -] Service 29aeaaff-1eec-4c5e-a37b-c1f410c74332 is updated service_manage_report /usr/lib/python3/dist-packages/heat/engine/service.py:2370
2025-02-20 02:01:13.145 72508 DEBUG heat.engine.service [req-23c435ee-7da1-4611-aaf7-246d8a1577e4 - - - - -] Service 2b921da2-4bf1-4da0-b3b3-b619aacbb9c6 is started service_manage_report /usr/lib/python3/dist-packages/heat/engine/service.py:2363
2025-02-20 02:01:13.164 72508 DEBUG heat.engine.service [req-23c435ee-7da1-4611-aaf7-246d8a1577e4 - - - - -] Service 2b921da2-4bf1-4da0-b3b3-b619aacbb9c6 is updated service_manage_report /usr/lib/python3/dist-packages/heat/engine/service.py:2370
2025-02-20 02:02:13.080 72509 DEBUG heat.engine.service [req-179f7bec-ce46-4c23-811e-83e1f31d3ba9 - - - - -] Service 48242259-94f7-4e81-af19-cc83455f0469 is updated service_manage_report /usr/lib/python3/dist-packages/heat/engine/service.py:2370
2025-02-20 02:02:13.089 72510 DEBUG heat.engine.service [req-a98bd223-acab-4ef6-9a22-d1743103089c - - - - -] Service 29aeaaff-1eec-4c5e-a37b-c1f410c74332 is updated service_manage_report /usr/lib/python3/dist-packages/heat/engine/service.py:2370
2025-02-20 02:02:13.091 72511 DEBUG heat.engine.service [req-b21338ac-58b9-4b04-8662-c722c29a54d8 - - - - -] Service c5f090d0-5d2a-4679-b77b-9b90c8c1c0a1 is updated service_manage_report /usr/lib/python3/dist-packages/heat/engine/service.py:2370
2025-02-20 02:02:13.141 72508 DEBUG heat.engine.service [req-e063647b-9663-4bf6-9b37-d6597396a982 - - - - -] Service 2b921da2-4bf1-4da0-b3b3-b619aacbb9c6 is updated service_manage_report /usr/lib/python3/dist-packages/heat/engine/service.py:2370
2025-02-20 02:03:13.076 72509 DEBUG heat.engine.service [req-e5082167-dfa0-495d-a422-28c52b0b39b2 - - - - -] Service 48242259-94f7-4e81-af19-cc83455f0469 is updated service_manage_report /usr/lib/python3/dist-packages/heat/engine/service.py:2370
2025-02-20 02:03:13.083 72510 DEBUG heat.engine.service [req-99ad33e8-693b-48b3-95c5-a206f94cda9f - - - - -] Service 29aeaaff-1eec-4c5e-a37b-c1f410c74332 is updated service_manage_report /usr/lib/python3/dist-packages/heat/engine/service.py:2370
2025-02-20 02:03:13.096 72511 DEBUG heat.engine.service [req-a5af2ffd-d5a1-44db-859a-f3a2193ca550 - - - - -] Service c5f090d0-5d2a-4679-b77b-9b90c8c1c0a1 is updated service_manage_report /usr/lib/python3/dist-packages/heat/engine/service.py:2370
2025-02-20 02:03:13.138 72508 DEBUG heat.engine.service [req-0cb50224-1455-4721-a6a2-db003ddd2601 - - - - -] Service 2b921da2-4bf1-4da0-b3b3-b619aacbb9c6 is updated service_manage_report /usr/lib/python3/dist-packages/heat/engine/service.py:2370
2025-02-20 02:04:13.073 72509 DEBUG heat.engine.service [req-febd731f-5155-4844-84d4-0edf58f96ef4 - - - - -] Service 48242259-94f7-4e81-af19-cc83455f0469 is updated service_manage_report /usr/lib/python3/dist-packages/heat/engine/service.py:2370
2025-02-20 02:04:13.090 72510 DEBUG heat.engine.service [req-53129fb6-5ad8-40ed-ac3f-095129ca459f - - - - -] Service 29aeaaff-1eec-4c5e-a37b-c1f410c74332 is updated service_manage_report /usr/lib/python3/dist-packages/heat/engine/service.py:2370
2025-02-20 02:04:13.102 72511 DEBUG heat.engine.service [req-b01c72cd-b1d3-4fc9-b79a-fb7807388fbb - - - - -] Service c5f090d0-5d2a-4679-b77b-9b90c8c1c0a1 is updated service_manage_report /usr/lib/python3/dist-packages/heat/engine/service.py:2370
2025-02-20 02:04:13.134 72508 DEBUG heat.engine.service [req-585ab29a-8241-487d-a801-8795e490e900 - - - - -] Service 2b921da2-4bf1-4da0-b3b3-b619aacbb9c6 is updated service_manage_report /usr/lib/python3/dist-packages/heat/engine/service.py:2370
2025-02-20 02:05:13.072 72509 DEBUG heat.engine.service [req-87da44b7-22f2-40f6-8bd9-d66e1f0e264e - - - - -] Service 48242259-94f7-4e81-af19-cc83455f0469 is updated service_manage_report /usr/lib/python3/dist-packages/heat/engine/service.py:2370
2025-02-20 02:05:13.091 72510 DEBUG heat.engine.service [req-eafe0af4-6d57-4055-a4e5-74056cdabad7 - - - - -] Service 29aeaaff-1eec-4c5e-a37b-c1f410c74332 is updated service_manage_report /usr/lib/python3/dist-packages/heat/engine/service.py:2370
2025-02-20 02:05:13.100 72511 DEBUG heat.engine.service [req-94d60c91-f19c-44d4-b587-0c574ba365e7 - - - - -] Service c5f090d0-5d2a-4679-b77b-9b90c8c1c0a1 is updated service_manage_report /usr/lib/python3/dist-packages/heat/engine/service.py:2370
2025-02-20 02:05:13.135 72508 DEBUG heat.engine.service [req-3f859cae-072f-46ef-b0b6-37c7d886162e - - - - -] Service 2b921da2-4bf1-4da0-b3b3-b619aacbb9c6 is updated service_manage_report /usr/lib/python3/dist-packages/heat/engine/service.py:2370
2025-02-20 02:06:13.067 72509 DEBUG heat.engine.service [req-571fbe75-1924-480f-be29-b089f7d5c4d4 - - - - -] Service 48242259-94f7-4e81-af19-cc83455f0469 is updated service_manage_report /usr/lib/python3/dist-packages/heat/engine/service.py:2370
2025-02-20 02:06:13.088 72510 DEBUG heat.engine.service [req-5fc66a23-94ae-430d-898f-5f144916a78f - - - - -] Service 29aeaaff-1eec-4c5e-a37b-c1f410c74332 is updated service_manage_report /usr/lib/python3/dist-packages/heat/engine/service.py:2370
2025-02-20 02:06:13.096 72511 DEBUG heat.engine.service [req-5454a2cc-f7a9-4c84-b690-3fbe81b969e2 - - - - -] Service c5f090d0-5d2a-4679-b77b-9b90c8c1c0a1 is updated service_manage_report /usr/lib/python3/dist-packages/heat/engine/service.py:2370
2025-02-20 02:06:13.137 72508 DEBUG heat.engine.service [req-9729a9f3-7964-451f-a66b-dd321cabdb9a - - - - -] Service 2b921da2-4bf1-4da0-b3b3-b619aacbb9c6 is updated service_manage_report /usr/lib/python3/dist-packages/heat/engine/service.py:2370
2025-02-20 02:07:13.063 72509 DEBUG heat.engine.service [req-656cebc2-9166-4e6e-9ebd-66666317a61f - - - - -] Service 48242259-94f7-4e81-af19-cc83455f0469 is updated service_manage_report /usr/lib/python3/dist-packages/heat/engine/service.py:2370
2025-02-20 02:07:13.087 72510 DEBUG heat.engine.service [req-41c28985-b7b2-4899-9b7a-42bc84354147 - - - - -] Service 29aeaaff-1eec-4c5e-a37b-c1f410c74332 is updated service_manage_report /usr/lib/python3/dist-packages/heat/engine/service.py:2370
2025-02-20 02:07:13.096 72511 DEBUG heat.engine.service [req-5602dd3f-10c9-4e3b-9a2d-941ac88053b2 - - - - -] Service c5f090d0-5d2a-4679-b77b-9b90c8c1c0a1 is updated service_manage_report /usr/lib/python3/dist-packages/heat/engine/service.py:2370
2025-02-20 02:07:13.137 72508 DEBUG heat.engine.service [req-7a5b620b-1c96-4230-9e7b-130c3807bd1d - - - - -] Service 2b921da2-4bf1-4da0-b3b3-b619aacbb9c6 is updated service_manage_report /usr/lib/python3/dist-packages/heat/engine/service.py:2370
2025-02-20 02:08:13.064 72509 DEBUG heat.engine.service [req-5f1340a7-915f-4a58-9f01-c61f319be7ba - - - - -] Service 48242259-94f7-4e81-af19-cc83455f0469 is updated service_manage_report /usr/lib/python3/dist-packages/heat/engine/service.py:2370
2025-02-20 02:08:13.087 72510 DEBUG heat.engine.service [req-ca1867db-dfe6-4769-84dd-629f3d91d4db - - - - -] Service 29aeaaff-1eec-4c5e-a37b-c1f410c74332 is updated service_manage_report /usr/lib/python3/dist-packages/heat/engine/service.py:2370
2025-02-20 02:08:13.096 72511 DEBUG heat.engine.service [req-1f90fec7-44cf-4ad1-aabb-fcd78bfd686c - - - - -] Service c5f090d0-5d2a-4679-b77b-9b90c8c1c0a1 is updated service_manage_report /usr/lib/python3/dist-packages/heat/engine/service.py:2370
2025-02-20 02:08:13.135 72508 DEBUG heat.engine.service [req-ff44b0f3-dcc4-4d6f-9798-eb1b81ad0370 - - - - -] Service 2b921da2-4bf1-4da0-b3b3-b619aacbb9c6 is updated service_manage_report /usr/lib/python3/dist-packages/heat/engine/service.py:2370
2025-02-20 02:09:13.062 72509 DEBUG heat.engine.service [req-237c619d-4df6-41ce-98bb-8aff7b9c442f - - - - -] Service 48242259-94f7-4e81-af19-cc83455f0469 is updated service_manage_report /usr/lib/python3/dist-packages/heat/engine/service.py:2370
2025-02-20 02:09:13.084 72510 DEBUG heat.engine.service [req-13083e20-d614-4bd7-a206-def716c75470 - - - - -] Service 29aeaaff-1eec-4c5e-a37b-c1f410c74332 is updated service_manage_report /usr/lib/python3/dist-packages/heat/engine/service.py:2370
2025-02-20 02:09:13.092 72511 DEBUG heat.engine.service [req-7cee0250-7a25-4339-99d2-d641247764cc - - - - -] Service c5f090d0-5d2a-4679-b77b-9b90c8c1c0a1 is updated service_manage_report /usr/lib/python3/dist-packages/heat/engine/service.py:2370
2025-02-20 02:09:13.131 72508 DEBUG heat.engine.service [req-3226ad26-6bd4-412f-8562-88916037353c - - - - -] Service 2b921da2-4bf1-4da0-b3b3-b619aacbb9c6 is updated service_manage_report /usr/lib/python3/dist-packages/heat/engine/service.py:2370
2025-02-20 02:10:13.057 72509 DEBUG heat.engine.service [req-ad0f48e2-e690-40d6-8ac6-991c227cb365 - - - - -] Service 48242259-94f7-4e81-af19-cc83455f0469 is updated service_manage_report /usr/lib/python3/dist-packages/heat/engine/service.py:2370
2025-02-20 02:10:13.078 72510 DEBUG heat.engine.service [req-58070400-57b6-4ac8-8489-249bb4caece7 - - - - -] Service 29aeaaff-1eec-4c5e-a37b-c1f410c74332 is updated service_manage_report /usr/lib/python3/dist-packages/heat/engine/service.py:2370
