2025-02-20 02:08:50.838 7 DEBUG oslo_service.service [-] ml2_type_gre.tunnel_id_ranges = [] log_opt_values /var/lib/kolla/venv/lib/python3.6/site-packages/oslo_config/cfg.py:2611
2025-02-20 02:08:50.838 7 DEBUG oslo_service.service [-] ml2_type_vlan.network_vlan_ranges = [] log_opt_values /var/lib/kolla/venv/lib/python3.6/site-packages/oslo_config/cfg.py:2611
2025-02-20 02:08:50.838 7 DEBUG oslo_service.service [-] ml2_type_vxlan.vni_ranges = [] log_opt_values /var/lib/kolla/venv/lib/python3.6/site-packages/oslo_config/cfg.py:2611
2025-02-20 02:08:50.838 7 DEBUG oslo_service.service [-] ml2_type_vxlan.vxlan_group = None log_opt_values /var/lib/kolla/venv/lib/python3.6/site-packages/oslo_config/cfg.py:2611
2025-02-20 02:08:50.838 7 DEBUG oslo_service.service [-] database.backend = sqlalchemy log_opt_values /var/lib/kolla/venv/lib/python3.6/site-packages/oslo_config/cfg.py:2611
2025-02-20 02:08:50.838 7 DEBUG oslo_service.service [-] database.connection = **** log_opt_values /var/lib/kolla/venv/lib/python3.6/site-packages/oslo_config/cfg.py:2611
2025-02-20 02:08:50.839 7 DEBUG oslo_service.service [-] database.connection_debug = 0 log_opt_values /var/lib/kolla/venv/lib/python3.6/site-packages/oslo_config/cfg.py:2611
2025-02-20 02:08:50.839 7 DEBUG oslo_service.service [-] database.connection_parameters = log_opt_values /var/lib/kolla/venv/lib/python3.6/site-packages/oslo_config/cfg.py:2611
2025-02-20 02:08:50.839 7 DEBUG oslo_service.service [-] database.connection_recycle_time = 10 log_opt_values /var/lib/kolla/venv/lib/python3.6/site-packages/oslo_config/cfg.py:2611
2025-02-20 02:08:50.839 7 DEBUG oslo_service.service [-] database.connection_trace = False log_opt_values /var/lib/kolla/venv/lib/python3.6/site-packages/oslo_config/cfg.py:2611
2025-02-20 02:08:50.839 7 DEBUG oslo_service.service [-] database.db_inc_retry_interval = True log_opt_values /var/lib/kolla/venv/lib/python3.6/site-packages/oslo_config/cfg.py:2611
2025-02-20 02:08:50.839 7 DEBUG oslo_service.service [-] database.db_max_retries = 20 log_opt_values /var/lib/kolla/venv/lib/python3.6/site-packages/oslo_config/cfg.py:2611
2025-02-20 02:08:50.839 7 DEBUG oslo_service.service [-] database.db_max_retry_interval = 10 log_opt_values /var/lib/kolla/venv/lib/python3.6/site-packages/oslo_config/cfg.py:2611
2025-02-20 02:08:50.839 7 DEBUG oslo_service.service [-] database.db_retry_interval = 1 log_opt_values /var/lib/kolla/venv/lib/python3.6/site-packages/oslo_config/cfg.py:2611
2025-02-20 02:08:50.839 7 DEBUG oslo_service.service [-] database.max_overflow = 50 log_opt_values /var/lib/kolla/venv/lib/python3.6/site-packages/oslo_config/cfg.py:2611
2025-02-20 02:08:50.839 7 DEBUG oslo_service.service [-] database.max_pool_size = 1 log_opt_values /var/lib/kolla/venv/lib/python3.6/site-packages/oslo_config/cfg.py:2611
2025-02-20 02:08:50.839 7 DEBUG oslo_service.service [-] database.max_retries = -1 log_opt_values /var/lib/kolla/venv/lib/python3.6/site-packages/oslo_config/cfg.py:2611
2025-02-20 02:08:50.839 7 DEBUG oslo_service.service [-] database.mysql_enable_ndb = False log_opt_values /var/lib/kolla/venv/lib/python3.6/site-packages/oslo_config/cfg.py:2611
2025-02-20 02:08:50.839 7 DEBUG oslo_service.service [-] database.mysql_sql_mode = TRADITIONAL log_opt_values /var/lib/kolla/venv/lib/python3.6/site-packages/oslo_config/cfg.py:2611
2025-02-20 02:08:50.839 7 DEBUG oslo_service.service [-] database.pool_timeout = None log_opt_values /var/lib/kolla/venv/lib/python3.6/site-packages/oslo_config/cfg.py:2611
2025-02-20 02:08:50.839 7 DEBUG oslo_service.service [-] database.retry_interval = 10 log_opt_values /var/lib/kolla/venv/lib/python3.6/site-packages/oslo_config/cfg.py:2611
2025-02-20 02:08:50.839 7 DEBUG oslo_service.service [-] database.slave_connection = **** log_opt_values /var/lib/kolla/venv/lib/python3.6/site-packages/oslo_config/cfg.py:2611
2025-02-20 02:08:50.839 7 DEBUG oslo_service.service [-] database.sqlite_synchronous = True log_opt_values /var/lib/kolla/venv/lib/python3.6/site-packages/oslo_config/cfg.py:2611
2025-02-20 02:08:50.839 7 DEBUG oslo_service.service [-] database.use_db_reconnect = False log_opt_values /var/lib/kolla/venv/lib/python3.6/site-packages/oslo_config/cfg.py:2611
2025-02-20 02:08:50.840 7 DEBUG oslo_service.service [-] ******************************************************************************** log_opt_values /var/lib/kolla/venv/lib/python3.6/site-packages/oslo_config/cfg.py:2613
2025-02-20 02:08:52.406 22 DEBUG neutron.wsgi [-] (22) accepted ('10.0.0.30', 52336) server /var/lib/kolla/venv/lib/python3.6/site-packages/eventlet/wsgi.py:1004
2025-02-20 02:08:52.412 22 INFO neutron.wsgi [-] 10.0.0.30 "GET / HTTP/1.1" status: 200 len: 227 time: 0.0047235
2025-02-20 02:08:55.020 23 DEBUG neutron.api.rpc.handlers.dhcp_rpc [req-a6160951-c95b-4346-95de-6dcf8b2be37b - - - - -] get_active_networks_info from cn-jenkins-deploy-platform-ansible-os-2752-1 get_active_networks_info /var/lib/kolla/venv/lib/python3.6/site-packages/neutron/api/rpc/handlers/dhcp_rpc.py:159
2025-02-20 02:08:55.043 26 DEBUG neutron_lib.callbacks.manager [req-2cc45d83-46b5-4d08-8c26-ccf223620372 - - - - -] Publish callbacks ['neutron.services.segments.db._update_segment_host_mapping_for_agent-8734222810227', 'neutron.services.l3_router.l3_router_plugin.DVRResourceOperationHandler.create_fip_agent_gw_ports--9223372036854183676'] for agent (439ea26e-cab4-44c7-9bd2-d81fcd936340), after_create _notify_loop /var/lib/kolla/venv/lib/python3.6/site-packages/neutron_lib/callbacks/manager.py:177
2025-02-20 02:08:55.059 23 DEBUG neutron.scheduler.dhcp_agent_scheduler [req-a6160951-c95b-4346-95de-6dcf8b2be37b - - - - -] No non-hosted networks auto_schedule_networks /var/lib/kolla/venv/lib/python3.6/site-packages/neutron/scheduler/dhcp_agent_scheduler.py:60
2025-02-20 02:09:14.426 28 DEBUG neutron_lib.callbacks.manager [req-8dbd2d50-4c9b-472e-9a3c-17aed884ecbf - - - - -] Publish callbacks ['neutron.services.segments.db._update_segment_host_mapping_for_agent-8734222810227', 'neutron.services.l3_router.l3_router_plugin.DVRResourceOperationHandler.create_fip_agent_gw_ports--9223372036854183676'] for agent (99ccb307-eb39-4b47-86f8-0535dfeba129), after_create _notify_loop /var/lib/kolla/venv/lib/python3.6/site-packages/neutron_lib/callbacks/manager.py:177
2025-02-20 02:09:22.455 22 DEBUG neutron.wsgi [-] (22) accepted ('10.0.0.30', 44066) server /var/lib/kolla/venv/lib/python3.6/site-packages/eventlet/wsgi.py:1004
2025-02-20 02:09:22.459 22 INFO neutron.wsgi [-] 10.0.0.30 "GET / HTTP/1.1" status: 200 len: 227 time: 0.0033305
2025-02-20 02:09:25.032 27 DEBUG neutron_lib.callbacks.manager [req-08e7f477-918e-4ea7-a7ee-13a96b166269 - - - - -] Publish callbacks ['neutron.services.segments.db._update_segment_host_mapping_for_agent-8734222810227', 'neutron.plugins.ml2.plugin.Ml2Plugin._retry_binding_revived_agents-7618526'] for agent (439ea26e-cab4-44c7-9bd2-d81fcd936340), after_update _notify_loop /var/lib/kolla/venv/lib/python3.6/site-packages/neutron_lib/callbacks/manager.py:177
2025-02-20 02:09:44.404 23 DEBUG neutron_lib.callbacks.manager [req-8dbd2d50-4c9b-472e-9a3c-17aed884ecbf - - - - -] Publish callbacks ['neutron.services.segments.db._update_segment_host_mapping_for_agent-8734222810227', 'neutron.plugins.ml2.plugin.Ml2Plugin._retry_binding_revived_agents-7618526'] for agent (99ccb307-eb39-4b47-86f8-0535dfeba129), after_update _notify_loop /var/lib/kolla/venv/lib/python3.6/site-packages/neutron_lib/callbacks/manager.py:177
2025-02-20 02:09:52.500 22 DEBUG neutron.wsgi [-] (22) accepted ('10.0.0.30', 38110) server /var/lib/kolla/venv/lib/python3.6/site-packages/eventlet/wsgi.py:1004
2025-02-20 02:09:52.503 22 INFO neutron.wsgi [-] 10.0.0.30 "GET / HTTP/1.1" status: 200 len: 227 time: 0.0027709
2025-02-20 02:09:55.036 24 DEBUG neutron_lib.callbacks.manager [req-b48daa8d-8ad4-4b3b-8e57-27c12c8ce350 - - - - -] Publish callbacks ['neutron.services.segments.db._update_segment_host_mapping_for_agent-8734222810227', 'neutron.plugins.ml2.plugin.Ml2Plugin._retry_binding_revived_agents-7618526'] for agent (439ea26e-cab4-44c7-9bd2-d81fcd936340), after_update _notify_loop /var/lib/kolla/venv/lib/python3.6/site-packages/neutron_lib/callbacks/manager.py:177
2025-02-20 02:10:00.791 29 DEBUG neutron.db.agents_db [req-6f552099-cffd-406f-a2c9-a9e07990c88e - - - - -] Agent healthcheck: found 2 active agents agent_health_check /var/lib/kolla/venv/lib/python3.6/site-packages/neutron/db/agents_db.py:318
2025-02-20 02:10:14.417 25 DEBUG neutron_lib.callbacks.manager [req-8dbd2d50-4c9b-472e-9a3c-17aed884ecbf - - - - -] Publish callbacks ['neutron.services.segments.db._update_segment_host_mapping_for_agent-8734222810227', 'neutron.plugins.ml2.plugin.Ml2Plugin._retry_binding_revived_agents-7618526'] for agent (99ccb307-eb39-4b47-86f8-0535dfeba129), after_update _notify_loop /var/lib/kolla/venv/lib/python3.6/site-packages/neutron_lib/callbacks/manager.py:177
2025-02-20 02:10:22.544 22 DEBUG neutron.wsgi [-] (22) accepted ('10.0.0.30', 53234) server /var/lib/kolla/venv/lib/python3.6/site-packages/eventlet/wsgi.py:1004
2025-02-20 02:10:22.548 22 INFO neutron.wsgi [-] 10.0.0.30 "GET / HTTP/1.1" status: 200 len: 227 time: 0.0027566
2025-02-20 02:10:25.023 26 DEBUG neutron_lib.callbacks.manager [req-11ea8c27-6c48-4348-b768-22663e739ba6 - - - - -] Publish callbacks ['neutron.services.segments.db._update_segment_host_mapping_for_agent-8734222810227', 'neutron.plugins.ml2.plugin.Ml2Plugin._retry_binding_revived_agents-7618526'] for agent (439ea26e-cab4-44c7-9bd2-d81fcd936340), after_update _notify_loop /var/lib/kolla/venv/lib/python3.6/site-packages/neutron_lib/callbacks/manager.py:177
2025-02-20 02:10:37.787 29 DEBUG neutron.db.agents_db [req-6f552099-cffd-406f-a2c9-a9e07990c88e - - - - -] Agent healthcheck: found 2 active agents agent_health_check /var/lib/kolla/venv/lib/python3.6/site-packages/neutron/db/agents_db.py:318
2025-02-20 02:10:44.406 28 DEBUG neutron_lib.callbacks.manager [req-8dbd2d50-4c9b-472e-9a3c-17aed884ecbf - - - - -] Publish callbacks ['neutron.services.segments.db._update_segment_host_mapping_for_agent-8734222810227', 'neutron.plugins.ml2.plugin.Ml2Plugin._retry_binding_revived_agents-7618526'] for agent (99ccb307-eb39-4b47-86f8-0535dfeba129), after_update _notify_loop /var/lib/kolla/venv/lib/python3.6/site-packages/neutron_lib/callbacks/manager.py:177
2025-02-20 02:10:52.592 22 DEBUG neutron.wsgi [-] (22) accepted ('10.0.0.30', 50224) server /var/lib/kolla/venv/lib/python3.6/site-packages/eventlet/wsgi.py:1004
2025-02-20 02:10:52.596 22 INFO neutron.wsgi [-] 10.0.0.30 "GET / HTTP/1.1" status: 200 len: 227 time: 0.0026159
2025-02-20 02:10:55.031 27 DEBUG neutron_lib.callbacks.manager [req-a29ed5e0-dbd5-4bb6-bf94-b5bebd922e21 - - - - -] Publish callbacks ['neutron.services.segments.db._update_segment_host_mapping_for_agent-8734222810227', 'neutron.plugins.ml2.plugin.Ml2Plugin._retry_binding_revived_agents-7618526'] for agent (439ea26e-cab4-44c7-9bd2-d81fcd936340), after_update _notify_loop /var/lib/kolla/venv/lib/python3.6/site-packages/neutron_lib/callbacks/manager.py:177
2025-02-20 02:11:14.406 23 DEBUG neutron_lib.callbacks.manager [req-8dbd2d50-4c9b-472e-9a3c-17aed884ecbf - - - - -] Publish callbacks ['neutron.services.segments.db._update_segment_host_mapping_for_agent-8734222810227', 'neutron.plugins.ml2.plugin.Ml2Plugin._retry_binding_revived_agents-7618526'] for agent (99ccb307-eb39-4b47-86f8-0535dfeba129), after_update _notify_loop /var/lib/kolla/venv/lib/python3.6/site-packages/neutron_lib/callbacks/manager.py:177
2025-02-20 02:11:14.792 29 DEBUG neutron.db.agents_db [req-6f552099-cffd-406f-a2c9-a9e07990c88e - - - - -] Agent healthcheck: found 2 active agents agent_health_check /var/lib/kolla/venv/lib/python3.6/site-packages/neutron/db/agents_db.py:318
2025-02-20 02:11:22.640 22 DEBUG neutron.wsgi [-] (22) accepted ('10.0.0.30', 45058) server /var/lib/kolla/venv/lib/python3.6/site-packages/eventlet/wsgi.py:1004
2025-02-20 02:11:22.645 22 INFO neutron.wsgi [-] 10.0.0.30 "GET / HTTP/1.1" status: 200 len: 227 time: 0.0039766
2025-02-20 02:11:25.019 24 DEBUG neutron_lib.callbacks.manager [req-662c762e-a322-40ab-bd78-975b5a1c9e27 - - - - -] Publish callbacks ['neutron.services.segments.db._update_segment_host_mapping_for_agent-8734222810227', 'neutron.plugins.ml2.plugin.Ml2Plugin._retry_binding_revived_agents-7618526'] for agent (439ea26e-cab4-44c7-9bd2-d81fcd936340), after_update _notify_loop /var/lib/kolla/venv/lib/python3.6/site-packages/neutron_lib/callbacks/manager.py:177
2025-02-20 02:11:44.407 25 DEBUG neutron_lib.callbacks.manager [req-8dbd2d50-4c9b-472e-9a3c-17aed884ecbf - - - - -] Publish callbacks ['neutron.services.segments.db._update_segment_host_mapping_for_agent-8734222810227', 'neutron.plugins.ml2.plugin.Ml2Plugin._retry_binding_revived_agents-7618526'] for agent (99ccb307-eb39-4b47-86f8-0535dfeba129), after_update _notify_loop /var/lib/kolla/venv/lib/python3.6/site-packages/neutron_lib/callbacks/manager.py:177
2025-02-20 02:11:51.797 29 DEBUG neutron.db.agents_db [req-6f552099-cffd-406f-a2c9-a9e07990c88e - - - - -] Agent healthcheck: found 2 active agents agent_health_check /var/lib/kolla/venv/lib/python3.6/site-packages/neutron/db/agents_db.py:318
2025-02-20 02:11:52.687 22 DEBUG neutron.wsgi [-] (22) accepted ('10.0.0.30', 42826) server /var/lib/kolla/venv/lib/python3.6/site-packages/eventlet/wsgi.py:1004
2025-02-20 02:11:52.691 22 INFO neutron.wsgi [-] 10.0.0.30 "GET / HTTP/1.1" status: 200 len: 227 time: 0.0028572
2025-02-20 02:11:55.014 26 DEBUG neutron_lib.callbacks.manager [req-b9e7b000-c905-4066-9313-2d18fb2dcd08 - - - - -] Publish callbacks ['neutron.services.segments.db._update_segment_host_mapping_for_agent-8734222810227', 'neutron.plugins.ml2.plugin.Ml2Plugin._retry_binding_revived_agents-7618526'] for agent (439ea26e-cab4-44c7-9bd2-d81fcd936340), after_update _notify_loop /var/lib/kolla/venv/lib/python3.6/site-packages/neutron_lib/callbacks/manager.py:177
2025-02-20 02:12:14.409 28 DEBUG neutron_lib.callbacks.manager [req-8dbd2d50-4c9b-472e-9a3c-17aed884ecbf - - - - -] Publish callbacks ['neutron.services.segments.db._update_segment_host_mapping_for_agent-8734222810227', 'neutron.plugins.ml2.plugin.Ml2Plugin._retry_binding_revived_agents-7618526'] for agent (99ccb307-eb39-4b47-86f8-0535dfeba129), after_update _notify_loop /var/lib/kolla/venv/lib/python3.6/site-packages/neutron_lib/callbacks/manager.py:177
2025-02-20 02:12:22.733 22 DEBUG neutron.wsgi [-] (22) accepted ('10.0.0.30', 45602) server /var/lib/kolla/venv/lib/python3.6/site-packages/eventlet/wsgi.py:1004
2025-02-20 02:12:22.737 22 INFO neutron.wsgi [-] 10.0.0.30 "GET / HTTP/1.1" status: 200 len: 227 time: 0.0026281
2025-02-20 02:12:25.011 27 DEBUG neutron_lib.callbacks.manager [req-28c9775c-46f0-4158-bc3e-d7a599820102 - - - - -] Publish callbacks ['neutron.services.segments.db._update_segment_host_mapping_for_agent-8734222810227', 'neutron.plugins.ml2.plugin.Ml2Plugin._retry_binding_revived_agents-7618526'] for agent (439ea26e-cab4-44c7-9bd2-d81fcd936340), after_update _notify_loop /var/lib/kolla/venv/lib/python3.6/site-packages/neutron_lib/callbacks/manager.py:177
2025-02-20 02:12:28.803 29 DEBUG neutron.db.agents_db [req-6f552099-cffd-406f-a2c9-a9e07990c88e - - - - -] Agent healthcheck: found 2 active agents agent_health_check /var/lib/kolla/venv/lib/python3.6/site-packages/neutron/db/agents_db.py:318
2025-02-20 02:12:44.410 23 DEBUG neutron_lib.callbacks.manager [req-8dbd2d50-4c9b-472e-9a3c-17aed884ecbf - - - - -] Publish callbacks ['neutron.services.segments.db._update_segment_host_mapping_for_agent-8734222810227', 'neutron.plugins.ml2.plugin.Ml2Plugin._retry_binding_revived_agents-7618526'] for agent (99ccb307-eb39-4b47-86f8-0535dfeba129), after_update _notify_loop /var/lib/kolla/venv/lib/python3.6/site-packages/neutron_lib/callbacks/manager.py:177
2025-02-20 02:12:52.780 22 DEBUG neutron.wsgi [-] (22) accepted ('10.0.0.30', 45790) server /var/lib/kolla/venv/lib/python3.6/site-packages/eventlet/wsgi.py:1004
2025-02-20 02:12:52.784 22 INFO neutron.wsgi [-] 10.0.0.30 "GET / HTTP/1.1" status: 200 len: 227 time: 0.0025201
2025-02-20 02:12:55.007 24 DEBUG neutron_lib.callbacks.manager [req-fa44c3b0-f850-4127-9586-1a1f4a46a1d3 - - - - -] Publish callbacks ['neutron.services.segments.db._update_segment_host_mapping_for_agent-8734222810227', 'neutron.plugins.ml2.plugin.Ml2Plugin._retry_binding_revived_agents-7618526'] for agent (439ea26e-cab4-44c7-9bd2-d81fcd936340), after_update _notify_loop /var/lib/kolla/venv/lib/python3.6/site-packages/neutron_lib/callbacks/manager.py:177
2025-02-20 02:13:05.807 29 DEBUG neutron.db.agents_db [req-6f552099-cffd-406f-a2c9-a9e07990c88e - - - - -] Agent healthcheck: found 2 active agents agent_health_check /var/lib/kolla/venv/lib/python3.6/site-packages/neutron/db/agents_db.py:318
2025-02-20 02:13:14.412 25 DEBUG neutron_lib.callbacks.manager [req-8dbd2d50-4c9b-472e-9a3c-17aed884ecbf - - - - -] Publish callbacks ['neutron.services.segments.db._update_segment_host_mapping_for_agent-8734222810227', 'neutron.plugins.ml2.plugin.Ml2Plugin._retry_binding_revived_agents-7618526'] for agent (99ccb307-eb39-4b47-86f8-0535dfeba129), after_update _notify_loop /var/lib/kolla/venv/lib/python3.6/site-packages/neutron_lib/callbacks/manager.py:177
2025-02-20 02:13:22.827 22 DEBUG neutron.wsgi [-] (22) accepted ('10.0.0.30', 42764) server /var/lib/kolla/venv/lib/python3.6/site-packages/eventlet/wsgi.py:1004
2025-02-20 02:13:22.831 22 INFO neutron.wsgi [-] 10.0.0.30 "GET / HTTP/1.1" status: 200 len: 227 time: 0.0041184
2025-02-20 02:13:25.018 26 DEBUG neutron_lib.callbacks.manager [req-748a0e7c-17e3-494e-b971-9691ed014665 - - - - -] Publish callbacks ['neutron.services.segments.db._update_segment_host_mapping_for_agent-8734222810227', 'neutron.plugins.ml2.plugin.Ml2Plugin._retry_binding_revived_agents-7618526'] for agent (439ea26e-cab4-44c7-9bd2-d81fcd936340), after_update _notify_loop /var/lib/kolla/venv/lib/python3.6/site-packages/neutron_lib/callbacks/manager.py:177
2025-02-20 02:13:42.812 29 DEBUG neutron.db.agents_db [req-6f552099-cffd-406f-a2c9-a9e07990c88e - - - - -] Agent healthcheck: found 2 active agents agent_health_check /var/lib/kolla/venv/lib/python3.6/site-packages/neutron/db/agents_db.py:318
2025-02-20 02:13:44.418 28 DEBUG neutron_lib.callbacks.manager [req-8dbd2d50-4c9b-472e-9a3c-17aed884ecbf - - - - -] Publish callbacks ['neutron.services.segments.db._update_segment_host_mapping_for_agent-8734222810227', 'neutron.plugins.ml2.plugin.Ml2Plugin._retry_binding_revived_agents-7618526'] for agent (99ccb307-eb39-4b47-86f8-0535dfeba129), after_update _notify_loop /var/lib/kolla/venv/lib/python3.6/site-packages/neutron_lib/callbacks/manager.py:177
2025-02-20 02:13:52.874 22 DEBUG neutron.wsgi [-] (22) accepted ('10.0.0.30', 47208) server /var/lib/kolla/venv/lib/python3.6/site-packages/eventlet/wsgi.py:1004
2025-02-20 02:13:52.877 22 INFO neutron.wsgi [-] 10.0.0.30 "GET / HTTP/1.1" status: 200 len: 227 time: 0.0023434
2025-02-20 02:13:55.013 27 DEBUG neutron_lib.callbacks.manager [req-0bc1e7fc-a0aa-453f-b32a-f49811a15a5b - - - - -] Publish callbacks ['neutron.services.segments.db._update_segment_host_mapping_for_agent-8734222810227', 'neutron.plugins.ml2.plugin.Ml2Plugin._retry_binding_revived_agents-7618526'] for agent (439ea26e-cab4-44c7-9bd2-d81fcd936340), after_update _notify_loop /var/lib/kolla/venv/lib/python3.6/site-packages/neutron_lib/callbacks/manager.py:177
2025-02-20 02:14:14.419 23 DEBUG neutron_lib.callbacks.manager [req-8dbd2d50-4c9b-472e-9a3c-17aed884ecbf - - - - -] Publish callbacks ['neutron.services.segments.db._update_segment_host_mapping_for_agent-8734222810227', 'neutron.plugins.ml2.plugin.Ml2Plugin._retry_binding_revived_agents-7618526'] for agent (99ccb307-eb39-4b47-86f8-0535dfeba129), after_update _notify_loop /var/lib/kolla/venv/lib/python3.6/site-packages/neutron_lib/callbacks/manager.py:177
2025-02-20 02:14:19.818 29 DEBUG neutron.db.agents_db [req-6f552099-cffd-406f-a2c9-a9e07990c88e - - - - -] Agent healthcheck: found 2 active agents agent_health_check /var/lib/kolla/venv/lib/python3.6/site-packages/neutron/db/agents_db.py:318
2025-02-20 02:14:22.919 22 DEBUG neutron.wsgi [-] (22) accepted ('10.0.0.30', 35740) server /var/lib/kolla/venv/lib/python3.6/site-packages/eventlet/wsgi.py:1004
2025-02-20 02:14:22.922 22 INFO neutron.wsgi [-] 10.0.0.30 "GET / HTTP/1.1" status: 200 len: 227 time: 0.0027323
2025-02-20 02:14:25.017 24 DEBUG neutron_lib.callbacks.manager [req-2be74924-c511-49d9-af17-9a76be0cac0d - - - - -] Publish callbacks ['neutron.services.segments.db._update_segment_host_mapping_for_agent-8734222810227', 'neutron.plugins.ml2.plugin.Ml2Plugin._retry_binding_revived_agents-7618526'] for agent (439ea26e-cab4-44c7-9bd2-d81fcd936340), after_update _notify_loop /var/lib/kolla/venv/lib/python3.6/site-packages/neutron_lib/callbacks/manager.py:177
2025-02-20 02:14:44.421 25 DEBUG neutron_lib.callbacks.manager [req-8dbd2d50-4c9b-472e-9a3c-17aed884ecbf - - - - -] Publish callbacks ['neutron.services.segments.db._update_segment_host_mapping_for_agent-8734222810227', 'neutron.plugins.ml2.plugin.Ml2Plugin._retry_binding_revived_agents-7618526'] for agent (99ccb307-eb39-4b47-86f8-0535dfeba129), after_update _notify_loop /var/lib/kolla/venv/lib/python3.6/site-packages/neutron_lib/callbacks/manager.py:177
2025-02-20 02:14:52.964 22 DEBUG neutron.wsgi [-] (22) accepted ('10.0.0.30', 52948) server /var/lib/kolla/venv/lib/python3.6/site-packages/eventlet/wsgi.py:1004
2025-02-20 02:14:52.968 22 INFO neutron.wsgi [-] 10.0.0.30 "GET / HTTP/1.1" status: 200 len: 227 time: 0.0031884
2025-02-20 02:14:55.011 26 DEBUG neutron_lib.callbacks.manager [req-f372298a-a75a-4a2f-b442-332065a08205 - - - - -] Publish callbacks ['neutron.services.segments.db._update_segment_host_mapping_for_agent-8734222810227', 'neutron.plugins.ml2.plugin.Ml2Plugin._retry_binding_revived_agents-7618526'] for agent (439ea26e-cab4-44c7-9bd2-d81fcd936340), after_update _notify_loop /var/lib/kolla/venv/lib/python3.6/site-packages/neutron_lib/callbacks/manager.py:177
2025-02-20 02:14:56.823 29 DEBUG neutron.db.agents_db [req-6f552099-cffd-406f-a2c9-a9e07990c88e - - - - -] Agent healthcheck: found 2 active agents agent_health_check /var/lib/kolla/venv/lib/python3.6/site-packages/neutron/db/agents_db.py:318
2025-02-20 02:15:14.422 28 DEBUG neutron_lib.callbacks.manager [req-8dbd2d50-4c9b-472e-9a3c-17aed884ecbf - - - - -] Publish callbacks ['neutron.services.segments.db._update_segment_host_mapping_for_agent-8734222810227', 'neutron.plugins.ml2.plugin.Ml2Plugin._retry_binding_revived_agents-7618526'] for agent (99ccb307-eb39-4b47-86f8-0535dfeba129), after_update _notify_loop /var/lib/kolla/venv/lib/python3.6/site-packages/neutron_lib/callbacks/manager.py:177
2025-02-20 02:15:23.030 22 DEBUG neutron.wsgi [-] (22) accepted ('10.0.0.30', 54656) server /var/lib/kolla/venv/lib/python3.6/site-packages/eventlet/wsgi.py:1004
2025-02-20 02:15:23.064 22 INFO neutron.wsgi [-] 10.0.0.30 "GET / HTTP/1.1" status: 200 len: 227 time: 0.0026572
2025-02-20 02:15:25.017 27 DEBUG neutron_lib.callbacks.manager [req-84a4130e-484d-40d7-aaf8-d42c365d7e60 - - - - -] Publish callbacks ['neutron.services.segments.db._update_segment_host_mapping_for_agent-8734222810227', 'neutron.plugins.ml2.plugin.Ml2Plugin._retry_binding_revived_agents-7618526'] for agent (439ea26e-cab4-44c7-9bd2-d81fcd936340), after_update _notify_loop /var/lib/kolla/venv/lib/python3.6/site-packages/neutron_lib/callbacks/manager.py:177
2025-02-20 02:15:33.830 29 DEBUG neutron.db.agents_db [req-6f552099-cffd-406f-a2c9-a9e07990c88e - - - - -] Agent healthcheck: found 2 active agents agent_health_check /var/lib/kolla/venv/lib/python3.6/site-packages/neutron/db/agents_db.py:318
2025-02-20 02:15:44.423 23 DEBUG neutron_lib.callbacks.manager [req-8dbd2d50-4c9b-472e-9a3c-17aed884ecbf - - - - -] Publish callbacks ['neutron.services.segments.db._update_segment_host_mapping_for_agent-8734222810227', 'neutron.plugins.ml2.plugin.Ml2Plugin._retry_binding_revived_agents-7618526'] for agent (99ccb307-eb39-4b47-86f8-0535dfeba129), after_update _notify_loop /var/lib/kolla/venv/lib/python3.6/site-packages/neutron_lib/callbacks/manager.py:177
2025-02-20 02:15:53.108 22 DEBUG neutron.wsgi [-] (22) accepted ('10.0.0.30', 48318) server /var/lib/kolla/venv/lib/python3.6/site-packages/eventlet/wsgi.py:1004
2025-02-20 02:15:53.112 22 INFO neutron.wsgi [-] 10.0.0.30 "GET / HTTP/1.1" status: 200 len: 227 time: 0.0027292
2025-02-20 02:15:55.014 24 DEBUG neutron_lib.callbacks.manager [req-4a13d056-8fb9-41b6-aa84-198183eae457 - - - - -] Publish callbacks ['neutron.services.segments.db._update_segment_host_mapping_for_agent-8734222810227', 'neutron.plugins.ml2.plugin.Ml2Plugin._retry_binding_revived_agents-7618526'] for agent (439ea26e-cab4-44c7-9bd2-d81fcd936340), after_update _notify_loop /var/lib/kolla/venv/lib/python3.6/site-packages/neutron_lib/callbacks/manager.py:177
2025-02-20 02:16:10.834 29 DEBUG neutron.db.agents_db [req-6f552099-cffd-406f-a2c9-a9e07990c88e - - - - -] Agent healthcheck: found 2 active agents agent_health_check /var/lib/kolla/venv/lib/python3.6/site-packages/neutron/db/agents_db.py:318
2025-02-20 02:16:14.426 25 DEBUG neutron_lib.callbacks.manager [req-8dbd2d50-4c9b-472e-9a3c-17aed884ecbf - - - - -] Publish callbacks ['neutron.services.segments.db._update_segment_host_mapping_for_agent-8734222810227', 'neutron.plugins.ml2.plugin.Ml2Plugin._retry_binding_revived_agents-7618526'] for agent (99ccb307-eb39-4b47-86f8-0535dfeba129), after_update _notify_loop /var/lib/kolla/venv/lib/python3.6/site-packages/neutron_lib/callbacks/manager.py:177
2025-02-20 02:16:23.152 22 DEBUG neutron.wsgi [-] (22) accepted ('10.0.0.30', 54008) server /var/lib/kolla/venv/lib/python3.6/site-packages/eventlet/wsgi.py:1004
2025-02-20 02:16:23.156 22 INFO neutron.wsgi [-] 10.0.0.30 "GET / HTTP/1.1" status: 200 len: 227 time: 0.0025835
2025-02-20 02:16:25.010 26 DEBUG neutron_lib.callbacks.manager [req-f31a13fb-aef0-4926-a15e-b3d19ed5b1f3 - - - - -] Publish callbacks ['neutron.services.segments.db._update_segment_host_mapping_for_agent-8734222810227', 'neutron.plugins.ml2.plugin.Ml2Plugin._retry_binding_revived_agents-7618526'] for agent (439ea26e-cab4-44c7-9bd2-d81fcd936340), after_update _notify_loop /var/lib/kolla/venv/lib/python3.6/site-packages/neutron_lib/callbacks/manager.py:177
2025-02-20 02:16:44.429 28 DEBUG neutron_lib.callbacks.manager [req-8dbd2d50-4c9b-472e-9a3c-17aed884ecbf - - - - -] Publish callbacks ['neutron.services.segments.db._update_segment_host_mapping_for_agent-8734222810227', 'neutron.plugins.ml2.plugin.Ml2Plugin._retry_binding_revived_agents-7618526'] for agent (99ccb307-eb39-4b47-86f8-0535dfeba129), after_update _notify_loop /var/lib/kolla/venv/lib/python3.6/site-packages/neutron_lib/callbacks/manager.py:177
2025-02-20 02:16:47.840 29 DEBUG neutron.db.agents_db [req-6f552099-cffd-406f-a2c9-a9e07990c88e - - - - -] Agent healthcheck: found 2 active agents agent_health_check /var/lib/kolla/venv/lib/python3.6/site-packages/neutron/db/agents_db.py:318
2025-02-20 02:16:53.199 22 DEBUG neutron.wsgi [-] (22) accepted ('10.0.0.30', 41276) server /var/lib/kolla/venv/lib/python3.6/site-packages/eventlet/wsgi.py:1004
2025-02-20 02:16:53.202 22 INFO neutron.wsgi [-] 10.0.0.30 "GET / HTTP/1.1" status: 200 len: 227 time: 0.0025177
2025-02-20 02:16:55.007 27 DEBUG neutron_lib.callbacks.manager [req-bfcf6869-6cba-41e0-a66b-dfa2092846fa - - - - -] Publish callbacks ['neutron.services.segments.db._update_segment_host_mapping_for_agent-8734222810227', 'neutron.plugins.ml2.plugin.Ml2Plugin._retry_binding_revived_agents-7618526'] for agent (439ea26e-cab4-44c7-9bd2-d81fcd936340), after_update _notify_loop /var/lib/kolla/venv/lib/python3.6/site-packages/neutron_lib/callbacks/manager.py:177
2025-02-20 02:17:14.429 23 DEBUG neutron_lib.callbacks.manager [req-8dbd2d50-4c9b-472e-9a3c-17aed884ecbf - - - - -] Publish callbacks ['neutron.services.segments.db._update_segment_host_mapping_for_agent-8734222810227', 'neutron.plugins.ml2.plugin.Ml2Plugin._retry_binding_revived_agents-7618526'] for agent (99ccb307-eb39-4b47-86f8-0535dfeba129), after_update _notify_loop /var/lib/kolla/venv/lib/python3.6/site-packages/neutron_lib/callbacks/manager.py:177
2025-02-20 02:17:23.246 22 DEBUG neutron.wsgi [-] (22) accepted ('10.0.0.30', 51874) server /var/lib/kolla/venv/lib/python3.6/site-packages/eventlet/wsgi.py:1004
2025-02-20 02:17:23.249 22 INFO neutron.wsgi [-] 10.0.0.30 "GET / HTTP/1.1" status: 200 len: 227 time: 0.0026004
2025-02-20 02:17:24.845 29 DEBUG neutron.db.agents_db [req-6f552099-cffd-406f-a2c9-a9e07990c88e - - - - -] Agent healthcheck: found 2 active agents agent_health_check /var/lib/kolla/venv/lib/python3.6/site-packages/neutron/db/agents_db.py:318
2025-02-20 02:17:25.014 24 DEBUG neutron_lib.callbacks.manager [req-81a3d3c2-1c30-4b13-acfa-e1245c07ecd6 - - - - -] Publish callbacks ['neutron.services.segments.db._update_segment_host_mapping_for_agent-8734222810227', 'neutron.plugins.ml2.plugin.Ml2Plugin._retry_binding_revived_agents-7618526'] for agent (439ea26e-cab4-44c7-9bd2-d81fcd936340), after_update _notify_loop /var/lib/kolla/venv/lib/python3.6/site-packages/neutron_lib/callbacks/manager.py:177
2025-02-20 02:17:44.431 25 DEBUG neutron_lib.callbacks.manager [req-8dbd2d50-4c9b-472e-9a3c-17aed884ecbf - - - - -] Publish callbacks ['neutron.services.segments.db._update_segment_host_mapping_for_agent-8734222810227', 'neutron.plugins.ml2.plugin.Ml2Plugin._retry_binding_revived_agents-7618526'] for agent (99ccb307-eb39-4b47-86f8-0535dfeba129), after_update _notify_loop /var/lib/kolla/venv/lib/python3.6/site-packages/neutron_lib/callbacks/manager.py:177
2025-02-20 02:17:53.295 22 DEBUG neutron.wsgi [-] (22) accepted ('10.0.0.30', 48098) server /var/lib/kolla/venv/lib/python3.6/site-packages/eventlet/wsgi.py:1004
2025-02-20 02:17:53.300 22 INFO neutron.wsgi [-] 10.0.0.30 "GET / HTTP/1.1" status: 200 len: 227 time: 0.0039937
2025-02-20 02:17:55.012 26 DEBUG neutron_lib.callbacks.manager [req-3ad38fc0-920d-48be-bfd1-a740ecf95f9e - - - - -] Publish callbacks ['neutron.services.segments.db._update_segment_host_mapping_for_agent-8734222810227', 'neutron.plugins.ml2.plugin.Ml2Plugin._retry_binding_revived_agents-7618526'] for agent (439ea26e-cab4-44c7-9bd2-d81fcd936340), after_update _notify_loop /var/lib/kolla/venv/lib/python3.6/site-packages/neutron_lib/callbacks/manager.py:177
2025-02-20 02:18:01.851 29 DEBUG neutron.db.agents_db [req-6f552099-cffd-406f-a2c9-a9e07990c88e - - - - -] Agent healthcheck: found 2 active agents agent_health_check /var/lib/kolla/venv/lib/python3.6/site-packages/neutron/db/agents_db.py:318
2025-02-20 02:18:14.435 28 DEBUG neutron_lib.callbacks.manager [req-8dbd2d50-4c9b-472e-9a3c-17aed884ecbf - - - - -] Publish callbacks ['neutron.services.segments.db._update_segment_host_mapping_for_agent-8734222810227', 'neutron.plugins.ml2.plugin.Ml2Plugin._retry_binding_revived_agents-7618526'] for agent (99ccb307-eb39-4b47-86f8-0535dfeba129), after_update _notify_loop /var/lib/kolla/venv/lib/python3.6/site-packages/neutron_lib/callbacks/manager.py:177
2025-02-20 02:18:23.344 22 DEBUG neutron.wsgi [-] (22) accepted ('10.0.0.30', 50460) server /var/lib/kolla/venv/lib/python3.6/site-packages/eventlet/wsgi.py:1004
2025-02-20 02:18:23.348 22 INFO neutron.wsgi [-] 10.0.0.30 "GET / HTTP/1.1" status: 200 len: 227 time: 0.0030136
2025-02-20 02:18:25.008 27 DEBUG neutron_lib.callbacks.manager [req-2c2d7028-e6f0-4993-921a-aec3f272f597 - - - - -] Publish callbacks ['neutron.services.segments.db._update_segment_host_mapping_for_agent-8734222810227', 'neutron.plugins.ml2.plugin.Ml2Plugin._retry_binding_revived_agents-7618526'] for agent (439ea26e-cab4-44c7-9bd2-d81fcd936340), after_update _notify_loop /var/lib/kolla/venv/lib/python3.6/site-packages/neutron_lib/callbacks/manager.py:177
2025-02-20 02:18:38.857 29 DEBUG neutron.db.agents_db [req-6f552099-cffd-406f-a2c9-a9e07990c88e - - - - -] Agent healthcheck: found 2 active agents agent_health_check /var/lib/kolla/venv/lib/python3.6/site-packages/neutron/db/agents_db.py:318
2025-02-20 02:18:44.438 23 DEBUG neutron_lib.callbacks.manager [req-8dbd2d50-4c9b-472e-9a3c-17aed884ecbf - - - - -] Publish callbacks ['neutron.services.segments.db._update_segment_host_mapping_for_agent-8734222810227', 'neutron.plugins.ml2.plugin.Ml2Plugin._retry_binding_revived_agents-7618526'] for agent (99ccb307-eb39-4b47-86f8-0535dfeba129), after_update _notify_loop /var/lib/kolla/venv/lib/python3.6/site-packages/neutron_lib/callbacks/manager.py:177
2025-02-20 02:18:53.393 22 DEBUG neutron.wsgi [-] (22) accepted ('10.0.0.30', 43308) server /var/lib/kolla/venv/lib/python3.6/site-packages/eventlet/wsgi.py:1004
2025-02-20 02:18:53.397 22 INFO neutron.wsgi [-] 10.0.0.30 "GET / HTTP/1.1" status: 200 len: 227 time: 0.0032442
2025-02-20 02:18:55.005 24 DEBUG neutron_lib.callbacks.manager [req-f994316f-9839-4023-86ef-8b87743cd24c - - - - -] Publish callbacks ['neutron.services.segments.db._update_segment_host_mapping_for_agent-8734222810227', 'neutron.plugins.ml2.plugin.Ml2Plugin._retry_binding_revived_agents-7618526'] for agent (439ea26e-cab4-44c7-9bd2-d81fcd936340), after_update _notify_loop /var/lib/kolla/venv/lib/python3.6/site-packages/neutron_lib/callbacks/manager.py:177
2025-02-20 02:19:14.438 25 DEBUG neutron_lib.callbacks.manager [req-8dbd2d50-4c9b-472e-9a3c-17aed884ecbf - - - - -] Publish callbacks ['neutron.services.segments.db._update_segment_host_mapping_for_agent-8734222810227', 'neutron.plugins.ml2.plugin.Ml2Plugin._retry_binding_revived_agents-7618526'] for agent (99ccb307-eb39-4b47-86f8-0535dfeba129), after_update _notify_loop /var/lib/kolla/venv/lib/python3.6/site-packages/neutron_lib/callbacks/manager.py:177
2025-02-20 02:19:15.862 29 DEBUG neutron.db.agents_db [req-6f552099-cffd-406f-a2c9-a9e07990c88e - - - - -] Agent healthcheck: found 2 active agents agent_health_check /var/lib/kolla/venv/lib/python3.6/site-packages/neutron/db/agents_db.py:318
2025-02-20 02:19:23.448 22 DEBUG neutron.wsgi [-] (22) accepted ('10.0.0.30', 54080) server /var/lib/kolla/venv/lib/python3.6/site-packages/eventlet/wsgi.py:1004
2025-02-20 02:19:23.451 22 INFO neutron.wsgi [-] 10.0.0.30 "GET / HTTP/1.1" status: 200 len: 227 time: 0.0025134
2025-02-20 02:19:25.015 26 DEBUG neutron_lib.callbacks.manager [req-544ca586-0dd7-45b5-b448-1323303b3270 - - - - -] Publish callbacks ['neutron.services.segments.db._update_segment_host_mapping_for_agent-8734222810227', 'neutron.plugins.ml2.plugin.Ml2Plugin._retry_binding_revived_agents-7618526'] for agent (439ea26e-cab4-44c7-9bd2-d81fcd936340), after_update _notify_loop /var/lib/kolla/venv/lib/python3.6/site-packages/neutron_lib/callbacks/manager.py:177
2025-02-20 02:19:44.442 28 DEBUG neutron_lib.callbacks.manager [req-8dbd2d50-4c9b-472e-9a3c-17aed884ecbf - - - - -] Publish callbacks ['neutron.services.segments.db._update_segment_host_mapping_for_agent-8734222810227', 'neutron.plugins.ml2.plugin.Ml2Plugin._retry_binding_revived_agents-7618526'] for agent (99ccb307-eb39-4b47-86f8-0535dfeba129), after_update _notify_loop /var/lib/kolla/venv/lib/python3.6/site-packages/neutron_lib/callbacks/manager.py:177
2025-02-20 02:19:52.865 29 DEBUG neutron.db.agents_db [req-6f552099-cffd-406f-a2c9-a9e07990c88e - - - - -] Agent healthcheck: found 2 active agents agent_health_check /var/lib/kolla/venv/lib/python3.6/site-packages/neutron/db/agents_db.py:318
2025-02-20 02:19:53.530 22 DEBUG neutron.wsgi [-] (22) accepted ('10.0.0.30', 37004) server /var/lib/kolla/venv/lib/python3.6/site-packages/eventlet/wsgi.py:1004
2025-02-20 02:19:53.533 22 INFO neutron.wsgi [-] 10.0.0.30 "GET / HTTP/1.1" status: 200 len: 227 time: 0.0025673
2025-02-20 02:19:55.002 27 DEBUG neutron_lib.callbacks.manager [req-43b63016-38b7-4b79-8a96-b1ec61c71f23 - - - - -] Publish callbacks ['neutron.services.segments.db._update_segment_host_mapping_for_agent-8734222810227', 'neutron.plugins.ml2.plugin.Ml2Plugin._retry_binding_revived_agents-7618526'] for agent (439ea26e-cab4-44c7-9bd2-d81fcd936340), after_update _notify_loop /var/lib/kolla/venv/lib/python3.6/site-packages/neutron_lib/callbacks/manager.py:177
2025-02-20 02:20:12.022 7 INFO oslo_service.service [-] Caught SIGTERM, stopping children
2025-02-20 02:20:12.022 7 DEBUG oslo_concurrency.lockutils [-] Acquired lock "singleton_lock" lock /var/lib/kolla/venv/lib/python3.6/site-packages/oslo_concurrency/lockutils.py:294
2025-02-20 02:20:12.023 7 DEBUG oslo_concurrency.lockutils [-] Releasing lock "singleton_lock" lock /var/lib/kolla/venv/lib/python3.6/site-packages/oslo_concurrency/lockutils.py:312
2025-02-20 02:20:12.023 7 DEBUG oslo_service.service [-] Stop services. stop /var/lib/kolla/venv/lib/python3.6/site-packages/oslo_service/service.py:695
2025-02-20 02:20:12.023 7 DEBUG neutron.service [-] calling RpcWorker stop() stop /var/lib/kolla/venv/lib/python3.6/site-packages/neutron/service.py:138
2025-02-20 02:20:12.023 7 DEBUG neutron.service [-] calling RpcWorker stop() stop /var/lib/kolla/venv/lib/python3.6/site-packages/neutron/service.py:138
2025-02-20 02:20:12.023 7 DEBUG oslo_service.service [-] Killing children. stop /var/lib/kolla/venv/lib/python3.6/site-packages/oslo_service/service.py:700
2025-02-20 02:20:12.023 7 INFO oslo_service.service [-] Waiting on 8 children to exit
2025-02-20 02:20:12.024 22 INFO neutron.wsgi [-] (22) wsgi exited, is_accepting=True
2025-02-20 02:20:12.024 28 DEBUG neutron.service [-] calling RpcWorker stop() stop /var/lib/kolla/venv/lib/python3.6/site-packages/neutron/service.py:138
2025-02-20 02:20:12.024 26 DEBUG neutron.service [-] calling RpcWorker stop() stop /var/lib/kolla/venv/lib/python3.6/site-packages/neutron/service.py:138
2025-02-20 02:20:12.024 25 DEBUG neutron.service [-] calling RpcWorker stop() stop /var/lib/kolla/venv/lib/python3.6/site-packages/neutron/service.py:138
2025-02-20 02:20:12.024 22 DEBUG oslo_concurrency.lockutils [req-c622ffb8-1a58-4653-a79e-4acece2a375a - - - - -] Acquired lock "singleton_lock" lock /var/lib/kolla/venv/lib/python3.6/site-packages/oslo_concurrency/lockutils.py:294
2025-02-20 02:20:12.025 22 DEBUG oslo_concurrency.lockutils [req-c622ffb8-1a58-4653-a79e-4acece2a375a - - - - -] Releasing lock "singleton_lock" lock /var/lib/kolla/venv/lib/python3.6/site-packages/oslo_concurrency/lockutils.py:312
2025-02-20 02:20:12.024 26 DEBUG neutron.service [-] calling stop on stop /var/lib/kolla/venv/lib/python3.6/site-packages/neutron/service.py:141
2025-02-20 02:20:12.024 25 DEBUG neutron.service [-] calling stop on stop /var/lib/kolla/venv/lib/python3.6/site-packages/neutron/service.py:141
2025-02-20 02:20:12.024 28 DEBUG neutron.service [-] calling stop on stop /var/lib/kolla/venv/lib/python3.6/site-packages/neutron/service.py:141
2025-02-20 02:20:12.027 29 DEBUG neutron.service [-] calling RpcWorker stop() stop /var/lib/kolla/venv/lib/python3.6/site-packages/neutron/service.py:138
2025-02-20 02:20:12.027 27 DEBUG neutron.service [-] calling RpcWorker stop() stop /var/lib/kolla/venv/lib/python3.6/site-packages/neutron/service.py:138
2025-02-20 02:20:12.027 29 DEBUG neutron.service [-] calling stop on stop /var/lib/kolla/venv/lib/python3.6/site-packages/neutron/service.py:141
2025-02-20 02:20:12.029 7 INFO oslo_service.service [-] Child 22 exited with status 0
2025-02-20 02:20:12.029 23 DEBUG neutron.service [-] calling RpcWorker stop() stop /var/lib/kolla/venv/lib/python3.6/site-packages/neutron/service.py:138
2025-02-20 02:20:12.027 27 DEBUG neutron.service [-] calling stop on stop /var/lib/kolla/venv/lib/python3.6/site-packages/neutron/service.py:141
2025-02-20 02:20:12.029 23 DEBUG neutron.service [-] calling stop on stop /var/lib/kolla/venv/lib/python3.6/site-packages/neutron/service.py:141
2025-02-20 02:20:12.031 24 DEBUG neutron.service [-] calling RpcWorker stop() stop /var/lib/kolla/venv/lib/python3.6/site-packages/neutron/service.py:138
2025-02-20 02:20:12.031 24 DEBUG neutron.service [-] calling stop on stop /var/lib/kolla/venv/lib/python3.6/site-packages/neutron/service.py:141
2025-02-20 02:20:12.647 28 DEBUG oslo_concurrency.lockutils [req-c622ffb8-1a58-4653-a79e-4acece2a375a - - - - -] Acquired lock "singleton_lock" lock /var/lib/kolla/venv/lib/python3.6/site-packages/oslo_concurrency/lockutils.py:294
2025-02-20 02:20:12.647 28 DEBUG oslo_concurrency.lockutils [req-c622ffb8-1a58-4653-a79e-4acece2a375a - - - - -] Releasing lock "singleton_lock" lock /var/lib/kolla/venv/lib/python3.6/site-packages/oslo_concurrency/lockutils.py:312
2025-02-20 02:20:12.648 28 DEBUG neutron.service [req-c622ffb8-1a58-4653-a79e-4acece2a375a - - - - -] calling RpcWorker wait() _wait /var/lib/kolla/venv/lib/python3.6/site-packages/neutron/service.py:128
2025-02-20 02:20:12.648 28 DEBUG neutron.service [req-c622ffb8-1a58-4653-a79e-4acece2a375a - - - - -] calling wait on _wait /var/lib/kolla/venv/lib/python3.6/site-packages/neutron/service.py:131
2025-02-20 02:20:12.655 28 WARNING amqp [req-c622ffb8-1a58-4653-a79e-4acece2a375a - - - - -] Received method (60, 30) during closing channel 1. This method will be ignored
2025-02-20 02:20:12.656 28 DEBUG neutron.service [req-c622ffb8-1a58-4653-a79e-4acece2a375a - - - - -] returning from RpcWorker wait() _wait /var/lib/kolla/venv/lib/python3.6/site-packages/neutron/service.py:135
2025-02-20 02:20:12.660 7 INFO oslo_service.service [-] Child 28 exited with status 0
2025-02-20 02:20:13.198 27 DEBUG oslo_concurrency.lockutils [req-c622ffb8-1a58-4653-a79e-4acece2a375a - - - - -] Acquired lock "singleton_lock" lock /var/lib/kolla/venv/lib/python3.6/site-packages/oslo_concurrency/lockutils.py:294
2025-02-20 02:20:13.198 27 DEBUG oslo_concurrency.lockutils [req-c622ffb8-1a58-4653-a79e-4acece2a375a - - - - -] Releasing lock "singleton_lock" lock /var/lib/kolla/venv/lib/python3.6/site-packages/oslo_concurrency/lockutils.py:312
2025-02-20 02:20:13.198 27 DEBUG neutron.service [req-c622ffb8-1a58-4653-a79e-4acece2a375a - - - - -] calling RpcWorker wait() _wait /var/lib/kolla/venv/lib/python3.6/site-packages/neutron/service.py:128
2025-02-20 02:20:13.198 27 DEBUG neutron.service [req-c622ffb8-1a58-4653-a79e-4acece2a375a - - - - -] calling wait on _wait /var/lib/kolla/venv/lib/python3.6/site-packages/neutron/service.py:131
2025-02-20 02:20:13.204 26 DEBUG oslo_concurrency.lockutils [req-c622ffb8-1a58-4653-a79e-4acece2a375a - - - - -] Acquired lock "singleton_lock" lock /var/lib/kolla/venv/lib/python3.6/site-packages/oslo_concurrency/lockutils.py:294
2025-02-20 02:20:13.205 26 DEBUG oslo_concurrency.lockutils [req-c622ffb8-1a58-4653-a79e-4acece2a375a - - - - -] Releasing lock "singleton_lock" lock /var/lib/kolla/venv/lib/python3.6/site-packages/oslo_concurrency/lockutils.py:312
2025-02-20 02:20:13.205 26 DEBUG neutron.service [req-c622ffb8-1a58-4653-a79e-4acece2a375a - - - - -] calling RpcWorker wait() _wait /var/lib/kolla/venv/lib/python3.6/site-packages/neutron/service.py:128
2025-02-20 02:20:13.205 27 WARNING amqp [req-c622ffb8-1a58-4653-a79e-4acece2a375a - - - - -] Received method (60, 30) during closing channel 1. This method will be ignored
2025-02-20 02:20:13.205 26 DEBUG neutron.service [req-c622ffb8-1a58-4653-a79e-4acece2a375a - - - - -] calling wait on _wait /var/lib/kolla/venv/lib/python3.6/site-packages/neutron/service.py:131
2025-02-20 02:20:13.206 27 DEBUG neutron.service [req-c622ffb8-1a58-4653-a79e-4acece2a375a - - - - -] returning from RpcWorker wait() _wait /var/lib/kolla/venv/lib/python3.6/site-packages/neutron/service.py:135
2025-02-20 02:20:13.211 26 WARNING amqp [req-c622ffb8-1a58-4653-a79e-4acece2a375a - - - - -] Received method (60, 30) during closing channel 1. This method will be ignored
2025-02-20 02:20:13.212 26 DEBUG neutron.service [req-c622ffb8-1a58-4653-a79e-4acece2a375a - - - - -] returning from RpcWorker wait() _wait /var/lib/kolla/venv/lib/python3.6/site-packages/neutron/service.py:135
2025-02-20 02:20:13.213 7 INFO oslo_service.service [-] Child 27 exited with status 0
2025-02-20 02:20:13.217 7 INFO oslo_service.service [-] Child 26 exited with status 0
2025-02-20 02:20:14.446 23 DEBUG neutron_lib.callbacks.manager [req-8dbd2d50-4c9b-472e-9a3c-17aed884ecbf - - - - -] Publish callbacks ['neutron.services.segments.db._update_segment_host_mapping_for_agent-8734222810227', 'neutron.plugins.ml2.plugin.Ml2Plugin._retry_binding_revived_agents-7618526'] for agent (99ccb307-eb39-4b47-86f8-0535dfeba129), after_update _notify_loop /var/lib/kolla/venv/lib/python3.6/site-packages/neutron_lib/callbacks/manager.py:177
2025-02-20 02:20:15.795 24 DEBUG neutron.service [-] calling stop on stop /var/lib/kolla/venv/lib/python3.6/site-packages/neutron/service.py:141
2025-02-20 02:20:15.797 23 DEBUG neutron.service [-] calling stop on stop /var/lib/kolla/venv/lib/python3.6/site-packages/neutron/service.py:141
2025-02-20 02:20:15.801 23 DEBUG neutron.service [-] calling stop on stop /var/lib/kolla/venv/lib/python3.6/site-packages/neutron/service.py:141
2025-02-20 02:20:15.820 24 DEBUG neutron.service [-] calling stop on stop /var/lib/kolla/venv/lib/python3.6/site-packages/neutron/service.py:141
2025-02-20 02:20:15.826 29 DEBUG oslo_concurrency.lockutils [req-c622ffb8-1a58-4653-a79e-4acece2a375a - - - - -] Acquired lock "singleton_lock" lock /var/lib/kolla/venv/lib/python3.6/site-packages/oslo_concurrency/lockutils.py:294
2025-02-20 02:20:15.827 29 DEBUG oslo_concurrency.lockutils [req-c622ffb8-1a58-4653-a79e-4acece2a375a - - - - -] Releasing lock "singleton_lock" lock /var/lib/kolla/venv/lib/python3.6/site-packages/oslo_concurrency/lockutils.py:312
2025-02-20 02:20:15.827 29 DEBUG neutron.service [req-c622ffb8-1a58-4653-a79e-4acece2a375a - - - - -] calling RpcWorker wait() _wait /var/lib/kolla/venv/lib/python3.6/site-packages/neutron/service.py:128
2025-02-20 02:20:15.827 29 DEBUG neutron.service [req-c622ffb8-1a58-4653-a79e-4acece2a375a - - - - -] calling wait on _wait /var/lib/kolla/venv/lib/python3.6/site-packages/neutron/service.py:131
2025-02-20 02:20:15.830 24 DEBUG neutron.service [-] calling stop on stop /var/lib/kolla/venv/lib/python3.6/site-packages/neutron/service.py:141
2025-02-20 02:20:15.834 25 DEBUG neutron.service [-] calling stop on stop /var/lib/kolla/venv/lib/python3.6/site-packages/neutron/service.py:141
2025-02-20 02:20:15.835 29 WARNING amqp [req-c622ffb8-1a58-4653-a79e-4acece2a375a - - - - -] Received method (60, 30) during closing channel 1. This method will be ignored
2025-02-20 02:20:15.836 29 DEBUG neutron.service [req-c622ffb8-1a58-4653-a79e-4acece2a375a - - - - -] returning from RpcWorker wait() _wait /var/lib/kolla/venv/lib/python3.6/site-packages/neutron/service.py:135
2025-02-20 02:20:15.841 24 DEBUG oslo_concurrency.lockutils [req-c622ffb8-1a58-4653-a79e-4acece2a375a - - - - -] Acquired lock "singleton_lock" lock /var/lib/kolla/venv/lib/python3.6/site-packages/oslo_concurrency/lockutils.py:294
2025-02-20 02:20:15.841 24 DEBUG oslo_concurrency.lockutils [req-c622ffb8-1a58-4653-a79e-4acece2a375a - - - - -] Releasing lock "singleton_lock" lock /var/lib/kolla/venv/lib/python3.6/site-packages/oslo_concurrency/lockutils.py:312
2025-02-20 02:20:15.841 24 DEBUG neutron.service [req-c622ffb8-1a58-4653-a79e-4acece2a375a - - - - -] calling RpcWorker wait() _wait /var/lib/kolla/venv/lib/python3.6/site-packages/neutron/service.py:128
2025-02-20 02:20:15.841 24 DEBUG neutron.service [req-c622ffb8-1a58-4653-a79e-4acece2a375a - - - - -] calling wait on _wait /var/lib/kolla/venv/lib/python3.6/site-packages/neutron/service.py:131
2025-02-20 02:20:15.842 7 INFO oslo_service.service [-] Child 29 exited with status 0
2025-02-20 02:20:15.847 24 WARNING amqp [req-c622ffb8-1a58-4653-a79e-4acece2a375a - - - - -] Received method (60, 30) during closing channel 1. This method will be ignored
2025-02-20 02:20:15.847 24 DEBUG neutron.service [req-c622ffb8-1a58-4653-a79e-4acece2a375a - - - - -] calling wait on _wait /var/lib/kolla/venv/lib/python3.6/site-packages/neutron/service.py:131
2025-02-20 02:20:15.852 24 WARNING amqp [req-c622ffb8-1a58-4653-a79e-4acece2a375a - - - - -] Received method (60, 30) during closing channel 1. This method will be ignored
2025-02-20 02:20:15.852 24 DEBUG neutron.service [req-c622ffb8-1a58-4653-a79e-4acece2a375a - - - - -] calling wait on _wait /var/lib/kolla/venv/lib/python3.6/site-packages/neutron/service.py:131
2025-02-20 02:20:15.856 24 WARNING amqp [req-c622ffb8-1a58-4653-a79e-4acece2a375a - - - - -] Received method (60, 30) during closing channel 1. This method will be ignored
2025-02-20 02:20:15.858 24 DEBUG neutron.service [req-c622ffb8-1a58-4653-a79e-4acece2a375a - - - - -] calling wait on _wait /var/lib/kolla/venv/lib/python3.6/site-packages/neutron/service.py:131
2025-02-20 02:20:15.867 24 WARNING amqp [req-c622ffb8-1a58-4653-a79e-4acece2a375a - - - - -] Received method (60, 30) during closing channel 1. This method will be ignored
2025-02-20 02:20:15.867 24 DEBUG neutron.service [req-c622ffb8-1a58-4653-a79e-4acece2a375a - - - - -] returning from RpcWorker wait() _wait /var/lib/kolla/venv/lib/python3.6/site-packages/neutron/service.py:135
2025-02-20 02:20:15.874 7 INFO oslo_service.service [-] Child 24 exited with status 0
2025-02-20 02:20:16.494 23 DEBUG neutron.service [-] calling stop on stop /var/lib/kolla/venv/lib/python3.6/site-packages/neutron/service.py:141
2025-02-20 02:20:25.505 7 INFO neutron.common.config [-] Logging enabled!
2025-02-20 02:20:25.505 7 INFO neutron.common.config [-] /var/lib/kolla/venv/bin/neutron-server version 20.5.1.dev23
2025-02-20 02:20:25.505 7 DEBUG neutron.common.config [-] command line: /var/lib/kolla/venv/bin/neutron-server --config-file /etc/neutron/neutron.conf --config-file /etc/neutron/ContrailPlugin.ini --config-file /etc/neutron/api-paste.ini setup_logging /var/lib/kolla/venv/lib/python3.6/site-packages/neutron/common/config.py:115
2025-02-20 02:20:25.509 7 INFO neutron.common.config [-] Logging enabled!
