2025-02-17 02:10:03.067 7 DEBUG oslo_service.service [-] ml2_type_gre.tunnel_id_ranges = [] log_opt_values /var/lib/kolla/venv/lib/python3.6/site-packages/oslo_config/cfg.py:2611
2025-02-17 02:10:03.068 7 DEBUG oslo_service.service [-] ml2_type_vlan.network_vlan_ranges = [] log_opt_values /var/lib/kolla/venv/lib/python3.6/site-packages/oslo_config/cfg.py:2611
2025-02-17 02:10:03.068 7 DEBUG oslo_service.service [-] ml2_type_vxlan.vni_ranges = [] log_opt_values /var/lib/kolla/venv/lib/python3.6/site-packages/oslo_config/cfg.py:2611
2025-02-17 02:10:03.068 7 DEBUG oslo_service.service [-] ml2_type_vxlan.vxlan_group = None log_opt_values /var/lib/kolla/venv/lib/python3.6/site-packages/oslo_config/cfg.py:2611
2025-02-17 02:10:03.068 7 DEBUG oslo_service.service [-] database.backend = sqlalchemy log_opt_values /var/lib/kolla/venv/lib/python3.6/site-packages/oslo_config/cfg.py:2611
2025-02-17 02:10:03.068 7 DEBUG oslo_service.service [-] database.connection = **** log_opt_values /var/lib/kolla/venv/lib/python3.6/site-packages/oslo_config/cfg.py:2611
2025-02-17 02:10:03.068 7 DEBUG oslo_service.service [-] database.connection_debug = 0 log_opt_values /var/lib/kolla/venv/lib/python3.6/site-packages/oslo_config/cfg.py:2611
2025-02-17 02:10:03.068 7 DEBUG oslo_service.service [-] database.connection_parameters = log_opt_values /var/lib/kolla/venv/lib/python3.6/site-packages/oslo_config/cfg.py:2611
2025-02-17 02:10:03.068 7 DEBUG oslo_service.service [-] database.connection_recycle_time = 10 log_opt_values /var/lib/kolla/venv/lib/python3.6/site-packages/oslo_config/cfg.py:2611
2025-02-17 02:10:03.068 7 DEBUG oslo_service.service [-] database.connection_trace = False log_opt_values /var/lib/kolla/venv/lib/python3.6/site-packages/oslo_config/cfg.py:2611
2025-02-17 02:10:03.068 7 DEBUG oslo_service.service [-] database.db_inc_retry_interval = True log_opt_values /var/lib/kolla/venv/lib/python3.6/site-packages/oslo_config/cfg.py:2611
2025-02-17 02:10:03.068 7 DEBUG oslo_service.service [-] database.db_max_retries = 20 log_opt_values /var/lib/kolla/venv/lib/python3.6/site-packages/oslo_config/cfg.py:2611
2025-02-17 02:10:03.068 7 DEBUG oslo_service.service [-] database.db_max_retry_interval = 10 log_opt_values /var/lib/kolla/venv/lib/python3.6/site-packages/oslo_config/cfg.py:2611
2025-02-17 02:10:03.068 7 DEBUG oslo_service.service [-] database.db_retry_interval = 1 log_opt_values /var/lib/kolla/venv/lib/python3.6/site-packages/oslo_config/cfg.py:2611
2025-02-17 02:10:03.068 7 DEBUG oslo_service.service [-] database.max_overflow = 50 log_opt_values /var/lib/kolla/venv/lib/python3.6/site-packages/oslo_config/cfg.py:2611
2025-02-17 02:10:03.068 7 DEBUG oslo_service.service [-] database.max_pool_size = 1 log_opt_values /var/lib/kolla/venv/lib/python3.6/site-packages/oslo_config/cfg.py:2611
2025-02-17 02:10:03.069 7 DEBUG oslo_service.service [-] database.max_retries = -1 log_opt_values /var/lib/kolla/venv/lib/python3.6/site-packages/oslo_config/cfg.py:2611
2025-02-17 02:10:03.069 7 DEBUG oslo_service.service [-] database.mysql_enable_ndb = False log_opt_values /var/lib/kolla/venv/lib/python3.6/site-packages/oslo_config/cfg.py:2611
2025-02-17 02:10:03.069 7 DEBUG oslo_service.service [-] database.mysql_sql_mode = TRADITIONAL log_opt_values /var/lib/kolla/venv/lib/python3.6/site-packages/oslo_config/cfg.py:2611
2025-02-17 02:10:03.069 7 DEBUG oslo_service.service [-] database.pool_timeout = None log_opt_values /var/lib/kolla/venv/lib/python3.6/site-packages/oslo_config/cfg.py:2611
2025-02-17 02:10:03.069 7 DEBUG oslo_service.service [-] database.retry_interval = 10 log_opt_values /var/lib/kolla/venv/lib/python3.6/site-packages/oslo_config/cfg.py:2611
2025-02-17 02:10:03.069 7 DEBUG oslo_service.service [-] database.slave_connection = **** log_opt_values /var/lib/kolla/venv/lib/python3.6/site-packages/oslo_config/cfg.py:2611
2025-02-17 02:10:03.069 7 DEBUG oslo_service.service [-] database.sqlite_synchronous = True log_opt_values /var/lib/kolla/venv/lib/python3.6/site-packages/oslo_config/cfg.py:2611
2025-02-17 02:10:03.069 7 DEBUG oslo_service.service [-] database.use_db_reconnect = False log_opt_values /var/lib/kolla/venv/lib/python3.6/site-packages/oslo_config/cfg.py:2611
2025-02-17 02:10:03.069 7 DEBUG oslo_service.service [-] ******************************************************************************** log_opt_values /var/lib/kolla/venv/lib/python3.6/site-packages/oslo_config/cfg.py:2613
2025-02-17 02:10:04.165 22 DEBUG neutron.wsgi [-] (22) accepted ('10.0.0.36', 35514) server /var/lib/kolla/venv/lib/python3.6/site-packages/eventlet/wsgi.py:1004
2025-02-17 02:10:04.172 22 INFO neutron.wsgi [-] 10.0.0.36 "GET / HTTP/1.1" status: 200 len: 227 time: 0.0051270
2025-02-17 02:10:07.781 24 DEBUG neutron.api.rpc.handlers.dhcp_rpc [req-f6a25537-a08d-49e9-af58-b7ae2fe94323 - - - - -] get_active_networks_info from cn-jenkins-deploy-platform-ansible-os-2741-1 get_active_networks_info /var/lib/kolla/venv/lib/python3.6/site-packages/neutron/api/rpc/handlers/dhcp_rpc.py:159
2025-02-17 02:10:07.805 27 DEBUG neutron_lib.callbacks.manager [req-2bbd4efe-6024-4dde-8bd4-ffeb991e86fe - - - - -] Publish callbacks ['neutron.services.segments.db._update_segment_host_mapping_for_agent-8758115719539', 'neutron.services.l3_router.l3_router_plugin.DVRResourceOperationHandler.create_fip_agent_gw_ports-473859'] for agent (b98b9777-0bf1-43ab-b6e9-7ba4b6ec9aff), after_create _notify_loop /var/lib/kolla/venv/lib/python3.6/site-packages/neutron_lib/callbacks/manager.py:177
2025-02-17 02:10:07.832 24 DEBUG neutron.scheduler.dhcp_agent_scheduler [req-f6a25537-a08d-49e9-af58-b7ae2fe94323 - - - - -] No non-hosted networks auto_schedule_networks /var/lib/kolla/venv/lib/python3.6/site-packages/neutron/scheduler/dhcp_agent_scheduler.py:60
2025-02-17 02:10:28.110 28 DEBUG neutron_lib.callbacks.manager [req-aa5fe508-4f95-4440-8b47-2f7e5e95312d - - - - -] Publish callbacks ['neutron.services.segments.db._update_segment_host_mapping_for_agent-8758115719539', 'neutron.services.l3_router.l3_router_plugin.DVRResourceOperationHandler.create_fip_agent_gw_ports-473859'] for agent (ee3149e6-fd43-4e50-9847-9fa850900deb), after_create _notify_loop /var/lib/kolla/venv/lib/python3.6/site-packages/neutron_lib/callbacks/manager.py:177
2025-02-17 02:10:34.219 22 DEBUG neutron.wsgi [-] (22) accepted ('10.0.0.36', 54048) server /var/lib/kolla/venv/lib/python3.6/site-packages/eventlet/wsgi.py:1004
2025-02-17 02:10:34.223 22 INFO neutron.wsgi [-] 10.0.0.36 "GET / HTTP/1.1" status: 200 len: 227 time: 0.0033774
2025-02-17 02:10:37.783 26 DEBUG neutron_lib.callbacks.manager [req-3786e1b1-406b-4658-8cc3-b27d5a48e028 - - - - -] Publish callbacks ['neutron.services.segments.db._update_segment_host_mapping_for_agent-8758115719539', 'neutron.plugins.ml2.plugin.Ml2Plugin._retry_binding_revived_agents-3433864'] for agent (b98b9777-0bf1-43ab-b6e9-7ba4b6ec9aff), after_update _notify_loop /var/lib/kolla/venv/lib/python3.6/site-packages/neutron_lib/callbacks/manager.py:177
2025-02-17 02:10:53.042 29 DEBUG neutron.db.agents_db [req-69aaaf97-74ef-4d5f-b3f8-475abc91ec52 - - - - -] Agent healthcheck: found 2 active agents agent_health_check /var/lib/kolla/venv/lib/python3.6/site-packages/neutron/db/agents_db.py:318
2025-02-17 02:10:58.069 24 DEBUG neutron_lib.callbacks.manager [req-aa5fe508-4f95-4440-8b47-2f7e5e95312d - - - - -] Publish callbacks ['neutron.services.segments.db._update_segment_host_mapping_for_agent-8758115719539', 'neutron.plugins.ml2.plugin.Ml2Plugin._retry_binding_revived_agents-3433864'] for agent (ee3149e6-fd43-4e50-9847-9fa850900deb), after_update _notify_loop /var/lib/kolla/venv/lib/python3.6/site-packages/neutron_lib/callbacks/manager.py:177
2025-02-17 02:11:04.268 22 DEBUG neutron.wsgi [-] (22) accepted ('10.0.0.36', 43128) server /var/lib/kolla/venv/lib/python3.6/site-packages/eventlet/wsgi.py:1004
2025-02-17 02:11:04.272 22 INFO neutron.wsgi [-] 10.0.0.36 "GET / HTTP/1.1" status: 200 len: 227 time: 0.0029573
2025-02-17 02:11:07.785 23 DEBUG neutron_lib.callbacks.manager [req-4f0dd199-3648-4f88-8d88-d1dc58024b64 - - - - -] Publish callbacks ['neutron.services.segments.db._update_segment_host_mapping_for_agent-8758115719539', 'neutron.plugins.ml2.plugin.Ml2Plugin._retry_binding_revived_agents-3433864'] for agent (b98b9777-0bf1-43ab-b6e9-7ba4b6ec9aff), after_update _notify_loop /var/lib/kolla/venv/lib/python3.6/site-packages/neutron_lib/callbacks/manager.py:177
2025-02-17 02:11:28.113 25 DEBUG neutron_lib.callbacks.manager [req-aa5fe508-4f95-4440-8b47-2f7e5e95312d - - - - -] Publish callbacks ['neutron.services.segments.db._update_segment_host_mapping_for_agent-8758115719539', 'neutron.plugins.ml2.plugin.Ml2Plugin._retry_binding_revived_agents-3433864'] for agent (ee3149e6-fd43-4e50-9847-9fa850900deb), after_update _notify_loop /var/lib/kolla/venv/lib/python3.6/site-packages/neutron_lib/callbacks/manager.py:177
2025-02-17 02:11:30.031 29 DEBUG neutron.db.agents_db [req-69aaaf97-74ef-4d5f-b3f8-475abc91ec52 - - - - -] Agent healthcheck: found 2 active agents agent_health_check /var/lib/kolla/venv/lib/python3.6/site-packages/neutron/db/agents_db.py:318
2025-02-17 02:11:34.318 22 DEBUG neutron.wsgi [-] (22) accepted ('10.0.0.36', 36816) server /var/lib/kolla/venv/lib/python3.6/site-packages/eventlet/wsgi.py:1004
2025-02-17 02:11:34.323 22 INFO neutron.wsgi [-] 10.0.0.36 "GET / HTTP/1.1" status: 200 len: 227 time: 0.0040686
2025-02-17 02:11:37.770 27 DEBUG neutron_lib.callbacks.manager [req-42c1beb5-d1ae-4a77-9b39-d871d867fbcc - - - - -] Publish callbacks ['neutron.services.segments.db._update_segment_host_mapping_for_agent-8758115719539', 'neutron.plugins.ml2.plugin.Ml2Plugin._retry_binding_revived_agents-3433864'] for agent (b98b9777-0bf1-43ab-b6e9-7ba4b6ec9aff), after_update _notify_loop /var/lib/kolla/venv/lib/python3.6/site-packages/neutron_lib/callbacks/manager.py:177
2025-02-17 02:11:58.070 28 DEBUG neutron_lib.callbacks.manager [req-aa5fe508-4f95-4440-8b47-2f7e5e95312d - - - - -] Publish callbacks ['neutron.services.segments.db._update_segment_host_mapping_for_agent-8758115719539', 'neutron.plugins.ml2.plugin.Ml2Plugin._retry_binding_revived_agents-3433864'] for agent (ee3149e6-fd43-4e50-9847-9fa850900deb), after_update _notify_loop /var/lib/kolla/venv/lib/python3.6/site-packages/neutron_lib/callbacks/manager.py:177
2025-02-17 02:12:04.371 22 DEBUG neutron.wsgi [-] (22) accepted ('10.0.0.36', 41928) server /var/lib/kolla/venv/lib/python3.6/site-packages/eventlet/wsgi.py:1004
2025-02-17 02:12:04.377 22 INFO neutron.wsgi [-] 10.0.0.36 "GET / HTTP/1.1" status: 200 len: 227 time: 0.0039985
2025-02-17 02:12:07.031 29 DEBUG neutron.db.agents_db [req-69aaaf97-74ef-4d5f-b3f8-475abc91ec52 - - - - -] Agent healthcheck: found 2 active agents agent_health_check /var/lib/kolla/venv/lib/python3.6/site-packages/neutron/db/agents_db.py:318
2025-02-17 02:12:07.767 26 DEBUG neutron_lib.callbacks.manager [req-4a126cdc-a54c-43b5-a0a4-2d29eea1a3be - - - - -] Publish callbacks ['neutron.services.segments.db._update_segment_host_mapping_for_agent-8758115719539', 'neutron.plugins.ml2.plugin.Ml2Plugin._retry_binding_revived_agents-3433864'] for agent (b98b9777-0bf1-43ab-b6e9-7ba4b6ec9aff), after_update _notify_loop /var/lib/kolla/venv/lib/python3.6/site-packages/neutron_lib/callbacks/manager.py:177
2025-02-17 02:12:28.075 24 DEBUG neutron_lib.callbacks.manager [req-aa5fe508-4f95-4440-8b47-2f7e5e95312d - - - - -] Publish callbacks ['neutron.services.segments.db._update_segment_host_mapping_for_agent-8758115719539', 'neutron.plugins.ml2.plugin.Ml2Plugin._retry_binding_revived_agents-3433864'] for agent (ee3149e6-fd43-4e50-9847-9fa850900deb), after_update _notify_loop /var/lib/kolla/venv/lib/python3.6/site-packages/neutron_lib/callbacks/manager.py:177
2025-02-17 02:12:34.427 22 DEBUG neutron.wsgi [-] (22) accepted ('10.0.0.36', 49452) server /var/lib/kolla/venv/lib/python3.6/site-packages/eventlet/wsgi.py:1004
2025-02-17 02:12:34.431 22 INFO neutron.wsgi [-] 10.0.0.36 "GET / HTTP/1.1" status: 200 len: 227 time: 0.0033815
2025-02-17 02:12:37.767 23 DEBUG neutron_lib.callbacks.manager [req-44cde41a-962e-4f6d-bb6d-cdfc340b7f3b - - - - -] Publish callbacks ['neutron.services.segments.db._update_segment_host_mapping_for_agent-8758115719539', 'neutron.plugins.ml2.plugin.Ml2Plugin._retry_binding_revived_agents-3433864'] for agent (b98b9777-0bf1-43ab-b6e9-7ba4b6ec9aff), after_update _notify_loop /var/lib/kolla/venv/lib/python3.6/site-packages/neutron_lib/callbacks/manager.py:177
2025-02-17 02:12:44.029 29 DEBUG neutron.db.agents_db [req-69aaaf97-74ef-4d5f-b3f8-475abc91ec52 - - - - -] Agent healthcheck: found 2 active agents agent_health_check /var/lib/kolla/venv/lib/python3.6/site-packages/neutron/db/agents_db.py:318
2025-02-17 02:12:58.073 25 DEBUG neutron_lib.callbacks.manager [req-aa5fe508-4f95-4440-8b47-2f7e5e95312d - - - - -] Publish callbacks ['neutron.services.segments.db._update_segment_host_mapping_for_agent-8758115719539', 'neutron.plugins.ml2.plugin.Ml2Plugin._retry_binding_revived_agents-3433864'] for agent (ee3149e6-fd43-4e50-9847-9fa850900deb), after_update _notify_loop /var/lib/kolla/venv/lib/python3.6/site-packages/neutron_lib/callbacks/manager.py:177
2025-02-17 02:13:04.481 22 DEBUG neutron.wsgi [-] (22) accepted ('10.0.0.36', 51152) server /var/lib/kolla/venv/lib/python3.6/site-packages/eventlet/wsgi.py:1004
2025-02-17 02:13:04.486 22 INFO neutron.wsgi [-] 10.0.0.36 "GET / HTTP/1.1" status: 200 len: 227 time: 0.0042057
2025-02-17 02:13:07.765 27 DEBUG neutron_lib.callbacks.manager [req-35508f7e-27e3-4120-bfc0-1c3ef3cedf2d - - - - -] Publish callbacks ['neutron.services.segments.db._update_segment_host_mapping_for_agent-8758115719539', 'neutron.plugins.ml2.plugin.Ml2Plugin._retry_binding_revived_agents-3433864'] for agent (b98b9777-0bf1-43ab-b6e9-7ba4b6ec9aff), after_update _notify_loop /var/lib/kolla/venv/lib/python3.6/site-packages/neutron_lib/callbacks/manager.py:177
2025-02-17 02:13:21.027 29 DEBUG neutron.db.agents_db [req-69aaaf97-74ef-4d5f-b3f8-475abc91ec52 - - - - -] Agent healthcheck: found 2 active agents agent_health_check /var/lib/kolla/venv/lib/python3.6/site-packages/neutron/db/agents_db.py:318
2025-02-17 02:13:28.077 28 DEBUG neutron_lib.callbacks.manager [req-aa5fe508-4f95-4440-8b47-2f7e5e95312d - - - - -] Publish callbacks ['neutron.services.segments.db._update_segment_host_mapping_for_agent-8758115719539', 'neutron.plugins.ml2.plugin.Ml2Plugin._retry_binding_revived_agents-3433864'] for agent (ee3149e6-fd43-4e50-9847-9fa850900deb), after_update _notify_loop /var/lib/kolla/venv/lib/python3.6/site-packages/neutron_lib/callbacks/manager.py:177
2025-02-17 02:13:34.533 22 DEBUG neutron.wsgi [-] (22) accepted ('10.0.0.36', 52604) server /var/lib/kolla/venv/lib/python3.6/site-packages/eventlet/wsgi.py:1004
2025-02-17 02:13:34.537 22 INFO neutron.wsgi [-] 10.0.0.36 "GET / HTTP/1.1" status: 200 len: 227 time: 0.0027366
2025-02-17 02:13:37.761 26 DEBUG neutron_lib.callbacks.manager [req-ece7ca3d-590b-43fd-ad4c-4467bb316283 - - - - -] Publish callbacks ['neutron.services.segments.db._update_segment_host_mapping_for_agent-8758115719539', 'neutron.plugins.ml2.plugin.Ml2Plugin._retry_binding_revived_agents-3433864'] for agent (b98b9777-0bf1-43ab-b6e9-7ba4b6ec9aff), after_update _notify_loop /var/lib/kolla/venv/lib/python3.6/site-packages/neutron_lib/callbacks/manager.py:177
2025-02-17 02:13:58.024 29 DEBUG neutron.db.agents_db [req-69aaaf97-74ef-4d5f-b3f8-475abc91ec52 - - - - -] Agent healthcheck: found 2 active agents agent_health_check /var/lib/kolla/venv/lib/python3.6/site-packages/neutron/db/agents_db.py:318
2025-02-17 02:13:58.078 24 DEBUG neutron_lib.callbacks.manager [req-aa5fe508-4f95-4440-8b47-2f7e5e95312d - - - - -] Publish callbacks ['neutron.services.segments.db._update_segment_host_mapping_for_agent-8758115719539', 'neutron.plugins.ml2.plugin.Ml2Plugin._retry_binding_revived_agents-3433864'] for agent (ee3149e6-fd43-4e50-9847-9fa850900deb), after_update _notify_loop /var/lib/kolla/venv/lib/python3.6/site-packages/neutron_lib/callbacks/manager.py:177
2025-02-17 02:14:04.587 22 DEBUG neutron.wsgi [-] (22) accepted ('10.0.0.36', 60300) server /var/lib/kolla/venv/lib/python3.6/site-packages/eventlet/wsgi.py:1004
2025-02-17 02:14:04.591 22 INFO neutron.wsgi [-] 10.0.0.36 "GET / HTTP/1.1" status: 200 len: 227 time: 0.0033491
2025-02-17 02:14:07.758 23 DEBUG neutron_lib.callbacks.manager [req-10c15c9c-89b0-44c9-8b7c-0812bf3c05a4 - - - - -] Publish callbacks ['neutron.services.segments.db._update_segment_host_mapping_for_agent-8758115719539', 'neutron.plugins.ml2.plugin.Ml2Plugin._retry_binding_revived_agents-3433864'] for agent (b98b9777-0bf1-43ab-b6e9-7ba4b6ec9aff), after_update _notify_loop /var/lib/kolla/venv/lib/python3.6/site-packages/neutron_lib/callbacks/manager.py:177
2025-02-17 02:14:28.081 25 DEBUG neutron_lib.callbacks.manager [req-aa5fe508-4f95-4440-8b47-2f7e5e95312d - - - - -] Publish callbacks ['neutron.services.segments.db._update_segment_host_mapping_for_agent-8758115719539', 'neutron.plugins.ml2.plugin.Ml2Plugin._retry_binding_revived_agents-3433864'] for agent (ee3149e6-fd43-4e50-9847-9fa850900deb), after_update _notify_loop /var/lib/kolla/venv/lib/python3.6/site-packages/neutron_lib/callbacks/manager.py:177
2025-02-17 02:14:34.641 22 DEBUG neutron.wsgi [-] (22) accepted ('10.0.0.36', 40710) server /var/lib/kolla/venv/lib/python3.6/site-packages/eventlet/wsgi.py:1004
2025-02-17 02:14:34.647 22 INFO neutron.wsgi [-] 10.0.0.36 "GET / HTTP/1.1" status: 200 len: 227 time: 0.0048449
2025-02-17 02:14:35.022 29 DEBUG neutron.db.agents_db [req-69aaaf97-74ef-4d5f-b3f8-475abc91ec52 - - - - -] Agent healthcheck: found 2 active agents agent_health_check /var/lib/kolla/venv/lib/python3.6/site-packages/neutron/db/agents_db.py:318
2025-02-17 02:14:37.753 27 DEBUG neutron_lib.callbacks.manager [req-1b1de7ee-b1ac-48ae-a452-722b79d37f75 - - - - -] Publish callbacks ['neutron.services.segments.db._update_segment_host_mapping_for_agent-8758115719539', 'neutron.plugins.ml2.plugin.Ml2Plugin._retry_binding_revived_agents-3433864'] for agent (b98b9777-0bf1-43ab-b6e9-7ba4b6ec9aff), after_update _notify_loop /var/lib/kolla/venv/lib/python3.6/site-packages/neutron_lib/callbacks/manager.py:177
2025-02-17 02:14:58.083 28 DEBUG neutron_lib.callbacks.manager [req-aa5fe508-4f95-4440-8b47-2f7e5e95312d - - - - -] Publish callbacks ['neutron.services.segments.db._update_segment_host_mapping_for_agent-8758115719539', 'neutron.plugins.ml2.plugin.Ml2Plugin._retry_binding_revived_agents-3433864'] for agent (ee3149e6-fd43-4e50-9847-9fa850900deb), after_update _notify_loop /var/lib/kolla/venv/lib/python3.6/site-packages/neutron_lib/callbacks/manager.py:177
2025-02-17 02:15:04.694 22 DEBUG neutron.wsgi [-] (22) accepted ('10.0.0.36', 52044) server /var/lib/kolla/venv/lib/python3.6/site-packages/eventlet/wsgi.py:1004
2025-02-17 02:15:04.699 22 INFO neutron.wsgi [-] 10.0.0.36 "GET / HTTP/1.1" status: 200 len: 227 time: 0.0043139
2025-02-17 02:15:07.749 26 DEBUG neutron_lib.callbacks.manager [req-bb9c153d-4d53-4fea-9722-544f65df116a - - - - -] Publish callbacks ['neutron.services.segments.db._update_segment_host_mapping_for_agent-8758115719539', 'neutron.plugins.ml2.plugin.Ml2Plugin._retry_binding_revived_agents-3433864'] for agent (b98b9777-0bf1-43ab-b6e9-7ba4b6ec9aff), after_update _notify_loop /var/lib/kolla/venv/lib/python3.6/site-packages/neutron_lib/callbacks/manager.py:177
2025-02-17 02:15:12.019 29 DEBUG neutron.db.agents_db [req-69aaaf97-74ef-4d5f-b3f8-475abc91ec52 - - - - -] Agent healthcheck: found 2 active agents agent_health_check /var/lib/kolla/venv/lib/python3.6/site-packages/neutron/db/agents_db.py:318
2025-02-17 02:15:28.085 24 DEBUG neutron_lib.callbacks.manager [req-aa5fe508-4f95-4440-8b47-2f7e5e95312d - - - - -] Publish callbacks ['neutron.services.segments.db._update_segment_host_mapping_for_agent-8758115719539', 'neutron.plugins.ml2.plugin.Ml2Plugin._retry_binding_revived_agents-3433864'] for agent (ee3149e6-fd43-4e50-9847-9fa850900deb), after_update _notify_loop /var/lib/kolla/venv/lib/python3.6/site-packages/neutron_lib/callbacks/manager.py:177
2025-02-17 02:15:34.749 22 DEBUG neutron.wsgi [-] (22) accepted ('10.0.0.36', 49340) server /var/lib/kolla/venv/lib/python3.6/site-packages/eventlet/wsgi.py:1004
2025-02-17 02:15:34.753 22 INFO neutron.wsgi [-] 10.0.0.36 "GET / HTTP/1.1" status: 200 len: 227 time: 0.0028007
2025-02-17 02:15:37.746 23 DEBUG neutron_lib.callbacks.manager [req-49537410-a72c-4e71-8258-87d83630856a - - - - -] Publish callbacks ['neutron.services.segments.db._update_segment_host_mapping_for_agent-8758115719539', 'neutron.plugins.ml2.plugin.Ml2Plugin._retry_binding_revived_agents-3433864'] for agent (b98b9777-0bf1-43ab-b6e9-7ba4b6ec9aff), after_update _notify_loop /var/lib/kolla/venv/lib/python3.6/site-packages/neutron_lib/callbacks/manager.py:177
2025-02-17 02:15:49.016 29 DEBUG neutron.db.agents_db [req-69aaaf97-74ef-4d5f-b3f8-475abc91ec52 - - - - -] Agent healthcheck: found 2 active agents agent_health_check /var/lib/kolla/venv/lib/python3.6/site-packages/neutron/db/agents_db.py:318
2025-02-17 02:15:58.088 25 DEBUG neutron_lib.callbacks.manager [req-aa5fe508-4f95-4440-8b47-2f7e5e95312d - - - - -] Publish callbacks ['neutron.services.segments.db._update_segment_host_mapping_for_agent-8758115719539', 'neutron.plugins.ml2.plugin.Ml2Plugin._retry_binding_revived_agents-3433864'] for agent (ee3149e6-fd43-4e50-9847-9fa850900deb), after_update _notify_loop /var/lib/kolla/venv/lib/python3.6/site-packages/neutron_lib/callbacks/manager.py:177
2025-02-17 02:16:04.802 22 DEBUG neutron.wsgi [-] (22) accepted ('10.0.0.36', 43704) server /var/lib/kolla/venv/lib/python3.6/site-packages/eventlet/wsgi.py:1004
2025-02-17 02:16:04.806 22 INFO neutron.wsgi [-] 10.0.0.36 "GET / HTTP/1.1" status: 200 len: 227 time: 0.0029435
2025-02-17 02:16:07.746 27 DEBUG neutron_lib.callbacks.manager [req-c6bb97c1-dcc5-4e3f-83c6-8b852050f8ea - - - - -] Publish callbacks ['neutron.services.segments.db._update_segment_host_mapping_for_agent-8758115719539', 'neutron.plugins.ml2.plugin.Ml2Plugin._retry_binding_revived_agents-3433864'] for agent (b98b9777-0bf1-43ab-b6e9-7ba4b6ec9aff), after_update _notify_loop /var/lib/kolla/venv/lib/python3.6/site-packages/neutron_lib/callbacks/manager.py:177
2025-02-17 02:16:26.015 29 DEBUG neutron.db.agents_db [req-69aaaf97-74ef-4d5f-b3f8-475abc91ec52 - - - - -] Agent healthcheck: found 2 active agents agent_health_check /var/lib/kolla/venv/lib/python3.6/site-packages/neutron/db/agents_db.py:318
2025-02-17 02:16:28.090 28 DEBUG neutron_lib.callbacks.manager [req-aa5fe508-4f95-4440-8b47-2f7e5e95312d - - - - -] Publish callbacks ['neutron.services.segments.db._update_segment_host_mapping_for_agent-8758115719539', 'neutron.plugins.ml2.plugin.Ml2Plugin._retry_binding_revived_agents-3433864'] for agent (ee3149e6-fd43-4e50-9847-9fa850900deb), after_update _notify_loop /var/lib/kolla/venv/lib/python3.6/site-packages/neutron_lib/callbacks/manager.py:177
2025-02-17 02:16:34.859 22 DEBUG neutron.wsgi [-] (22) accepted ('10.0.0.36', 56764) server /var/lib/kolla/venv/lib/python3.6/site-packages/eventlet/wsgi.py:1004
2025-02-17 02:16:34.864 22 INFO neutron.wsgi [-] 10.0.0.36 "GET / HTTP/1.1" status: 200 len: 227 time: 0.0041754
2025-02-17 02:16:37.743 26 DEBUG neutron_lib.callbacks.manager [req-e77e7126-0d7d-45ce-b5e3-86e54445203d - - - - -] Publish callbacks ['neutron.services.segments.db._update_segment_host_mapping_for_agent-8758115719539', 'neutron.plugins.ml2.plugin.Ml2Plugin._retry_binding_revived_agents-3433864'] for agent (b98b9777-0bf1-43ab-b6e9-7ba4b6ec9aff), after_update _notify_loop /var/lib/kolla/venv/lib/python3.6/site-packages/neutron_lib/callbacks/manager.py:177
2025-02-17 02:16:58.091 24 DEBUG neutron_lib.callbacks.manager [req-aa5fe508-4f95-4440-8b47-2f7e5e95312d - - - - -] Publish callbacks ['neutron.services.segments.db._update_segment_host_mapping_for_agent-8758115719539', 'neutron.plugins.ml2.plugin.Ml2Plugin._retry_binding_revived_agents-3433864'] for agent (ee3149e6-fd43-4e50-9847-9fa850900deb), after_update _notify_loop /var/lib/kolla/venv/lib/python3.6/site-packages/neutron_lib/callbacks/manager.py:177
2025-02-17 02:17:03.016 29 DEBUG neutron.db.agents_db [req-69aaaf97-74ef-4d5f-b3f8-475abc91ec52 - - - - -] Agent healthcheck: found 2 active agents agent_health_check /var/lib/kolla/venv/lib/python3.6/site-packages/neutron/db/agents_db.py:318
2025-02-17 02:17:04.919 22 DEBUG neutron.wsgi [-] (22) accepted ('10.0.0.36', 42468) server /var/lib/kolla/venv/lib/python3.6/site-packages/eventlet/wsgi.py:1004
2025-02-17 02:17:04.923 22 INFO neutron.wsgi [-] 10.0.0.36 "GET / HTTP/1.1" status: 200 len: 227 time: 0.0032434
2025-02-17 02:17:07.743 23 DEBUG neutron_lib.callbacks.manager [req-bc62a7d1-2df6-43d8-b47a-f9a94647408c - - - - -] Publish callbacks ['neutron.services.segments.db._update_segment_host_mapping_for_agent-8758115719539', 'neutron.plugins.ml2.plugin.Ml2Plugin._retry_binding_revived_agents-3433864'] for agent (b98b9777-0bf1-43ab-b6e9-7ba4b6ec9aff), after_update _notify_loop /var/lib/kolla/venv/lib/python3.6/site-packages/neutron_lib/callbacks/manager.py:177
2025-02-17 02:17:28.093 25 DEBUG neutron_lib.callbacks.manager [req-aa5fe508-4f95-4440-8b47-2f7e5e95312d - - - - -] Publish callbacks ['neutron.services.segments.db._update_segment_host_mapping_for_agent-8758115719539', 'neutron.plugins.ml2.plugin.Ml2Plugin._retry_binding_revived_agents-3433864'] for agent (ee3149e6-fd43-4e50-9847-9fa850900deb), after_update _notify_loop /var/lib/kolla/venv/lib/python3.6/site-packages/neutron_lib/callbacks/manager.py:177
2025-02-17 02:17:34.972 22 DEBUG neutron.wsgi [-] (22) accepted ('10.0.0.36', 54584) server /var/lib/kolla/venv/lib/python3.6/site-packages/eventlet/wsgi.py:1004
2025-02-17 02:17:34.975 22 INFO neutron.wsgi [-] 10.0.0.36 "GET / HTTP/1.1" status: 200 len: 227 time: 0.0028715
2025-02-17 02:17:37.739 27 DEBUG neutron_lib.callbacks.manager [req-15f0bf97-a99f-4d48-8068-bc2796db75c0 - - - - -] Publish callbacks ['neutron.services.segments.db._update_segment_host_mapping_for_agent-8758115719539', 'neutron.plugins.ml2.plugin.Ml2Plugin._retry_binding_revived_agents-3433864'] for agent (b98b9777-0bf1-43ab-b6e9-7ba4b6ec9aff), after_update _notify_loop /var/lib/kolla/venv/lib/python3.6/site-packages/neutron_lib/callbacks/manager.py:177
2025-02-17 02:17:40.014 29 DEBUG neutron.db.agents_db [req-69aaaf97-74ef-4d5f-b3f8-475abc91ec52 - - - - -] Agent healthcheck: found 2 active agents agent_health_check /var/lib/kolla/venv/lib/python3.6/site-packages/neutron/db/agents_db.py:318
2025-02-17 02:17:58.095 28 DEBUG neutron_lib.callbacks.manager [req-aa5fe508-4f95-4440-8b47-2f7e5e95312d - - - - -] Publish callbacks ['neutron.services.segments.db._update_segment_host_mapping_for_agent-8758115719539', 'neutron.plugins.ml2.plugin.Ml2Plugin._retry_binding_revived_agents-3433864'] for agent (ee3149e6-fd43-4e50-9847-9fa850900deb), after_update _notify_loop /var/lib/kolla/venv/lib/python3.6/site-packages/neutron_lib/callbacks/manager.py:177
2025-02-17 02:18:05.023 22 DEBUG neutron.wsgi [-] (22) accepted ('10.0.0.36', 43710) server /var/lib/kolla/venv/lib/python3.6/site-packages/eventlet/wsgi.py:1004
2025-02-17 02:18:05.028 22 INFO neutron.wsgi [-] 10.0.0.36 "GET / HTTP/1.1" status: 200 len: 227 time: 0.0039043
2025-02-17 02:18:07.736 26 DEBUG neutron_lib.callbacks.manager [req-865168b4-bd53-4efd-961f-51d18beeeb83 - - - - -] Publish callbacks ['neutron.services.segments.db._update_segment_host_mapping_for_agent-8758115719539', 'neutron.plugins.ml2.plugin.Ml2Plugin._retry_binding_revived_agents-3433864'] for agent (b98b9777-0bf1-43ab-b6e9-7ba4b6ec9aff), after_update _notify_loop /var/lib/kolla/venv/lib/python3.6/site-packages/neutron_lib/callbacks/manager.py:177
2025-02-17 02:18:17.011 29 DEBUG neutron.db.agents_db [req-69aaaf97-74ef-4d5f-b3f8-475abc91ec52 - - - - -] Agent healthcheck: found 2 active agents agent_health_check /var/lib/kolla/venv/lib/python3.6/site-packages/neutron/db/agents_db.py:318
2025-02-17 02:18:28.099 24 DEBUG neutron_lib.callbacks.manager [req-aa5fe508-4f95-4440-8b47-2f7e5e95312d - - - - -] Publish callbacks ['neutron.services.segments.db._update_segment_host_mapping_for_agent-8758115719539', 'neutron.plugins.ml2.plugin.Ml2Plugin._retry_binding_revived_agents-3433864'] for agent (ee3149e6-fd43-4e50-9847-9fa850900deb), after_update _notify_loop /var/lib/kolla/venv/lib/python3.6/site-packages/neutron_lib/callbacks/manager.py:177
2025-02-17 02:18:35.079 22 DEBUG neutron.wsgi [-] (22) accepted ('10.0.0.36', 47826) server /var/lib/kolla/venv/lib/python3.6/site-packages/eventlet/wsgi.py:1004
2025-02-17 02:18:35.082 22 INFO neutron.wsgi [-] 10.0.0.36 "GET / HTTP/1.1" status: 200 len: 227 time: 0.0027976
2025-02-17 02:18:37.732 23 DEBUG neutron_lib.callbacks.manager [req-d12dccbb-f87e-4f09-93ea-b5b8acae603d - - - - -] Publish callbacks ['neutron.services.segments.db._update_segment_host_mapping_for_agent-8758115719539', 'neutron.plugins.ml2.plugin.Ml2Plugin._retry_binding_revived_agents-3433864'] for agent (b98b9777-0bf1-43ab-b6e9-7ba4b6ec9aff), after_update _notify_loop /var/lib/kolla/venv/lib/python3.6/site-packages/neutron_lib/callbacks/manager.py:177
2025-02-17 02:18:54.007 29 DEBUG neutron.db.agents_db [req-69aaaf97-74ef-4d5f-b3f8-475abc91ec52 - - - - -] Agent healthcheck: found 2 active agents agent_health_check /var/lib/kolla/venv/lib/python3.6/site-packages/neutron/db/agents_db.py:318
2025-02-17 02:18:58.099 25 DEBUG neutron_lib.callbacks.manager [req-aa5fe508-4f95-4440-8b47-2f7e5e95312d - - - - -] Publish callbacks ['neutron.services.segments.db._update_segment_host_mapping_for_agent-8758115719539', 'neutron.plugins.ml2.plugin.Ml2Plugin._retry_binding_revived_agents-3433864'] for agent (ee3149e6-fd43-4e50-9847-9fa850900deb), after_update _notify_loop /var/lib/kolla/venv/lib/python3.6/site-packages/neutron_lib/callbacks/manager.py:177
2025-02-17 02:19:05.127 22 DEBUG neutron.wsgi [-] (22) accepted ('10.0.0.36', 50020) server /var/lib/kolla/venv/lib/python3.6/site-packages/eventlet/wsgi.py:1004
2025-02-17 02:19:05.130 22 INFO neutron.wsgi [-] 10.0.0.36 "GET / HTTP/1.1" status: 200 len: 227 time: 0.0027092
2025-02-17 02:19:07.729 27 DEBUG neutron_lib.callbacks.manager [req-3c123629-31de-4d33-8b7c-dd1cafbdceb4 - - - - -] Publish callbacks ['neutron.services.segments.db._update_segment_host_mapping_for_agent-8758115719539', 'neutron.plugins.ml2.plugin.Ml2Plugin._retry_binding_revived_agents-3433864'] for agent (b98b9777-0bf1-43ab-b6e9-7ba4b6ec9aff), after_update _notify_loop /var/lib/kolla/venv/lib/python3.6/site-packages/neutron_lib/callbacks/manager.py:177
2025-02-17 02:19:28.103 28 DEBUG neutron_lib.callbacks.manager [req-aa5fe508-4f95-4440-8b47-2f7e5e95312d - - - - -] Publish callbacks ['neutron.services.segments.db._update_segment_host_mapping_for_agent-8758115719539', 'neutron.plugins.ml2.plugin.Ml2Plugin._retry_binding_revived_agents-3433864'] for agent (ee3149e6-fd43-4e50-9847-9fa850900deb), after_update _notify_loop /var/lib/kolla/venv/lib/python3.6/site-packages/neutron_lib/callbacks/manager.py:177
2025-02-17 02:19:31.007 29 DEBUG neutron.db.agents_db [req-69aaaf97-74ef-4d5f-b3f8-475abc91ec52 - - - - -] Agent healthcheck: found 2 active agents agent_health_check /var/lib/kolla/venv/lib/python3.6/site-packages/neutron/db/agents_db.py:318
2025-02-17 02:19:35.175 22 DEBUG neutron.wsgi [-] (22) accepted ('10.0.0.36', 45852) server /var/lib/kolla/venv/lib/python3.6/site-packages/eventlet/wsgi.py:1004
2025-02-17 02:19:35.179 22 INFO neutron.wsgi [-] 10.0.0.36 "GET / HTTP/1.1" status: 200 len: 227 time: 0.0031743
2025-02-17 02:19:37.725 26 DEBUG neutron_lib.callbacks.manager [req-80d203aa-90d1-4cd2-a352-0f1fff663296 - - - - -] Publish callbacks ['neutron.services.segments.db._update_segment_host_mapping_for_agent-8758115719539', 'neutron.plugins.ml2.plugin.Ml2Plugin._retry_binding_revived_agents-3433864'] for agent (b98b9777-0bf1-43ab-b6e9-7ba4b6ec9aff), after_update _notify_loop /var/lib/kolla/venv/lib/python3.6/site-packages/neutron_lib/callbacks/manager.py:177
2025-02-17 02:19:58.107 24 DEBUG neutron_lib.callbacks.manager [req-aa5fe508-4f95-4440-8b47-2f7e5e95312d - - - - -] Publish callbacks ['neutron.services.segments.db._update_segment_host_mapping_for_agent-8758115719539', 'neutron.plugins.ml2.plugin.Ml2Plugin._retry_binding_revived_agents-3433864'] for agent (ee3149e6-fd43-4e50-9847-9fa850900deb), after_update _notify_loop /var/lib/kolla/venv/lib/python3.6/site-packages/neutron_lib/callbacks/manager.py:177
2025-02-17 02:20:05.226 22 DEBUG neutron.wsgi [-] (22) accepted ('10.0.0.36', 45260) server /var/lib/kolla/venv/lib/python3.6/site-packages/eventlet/wsgi.py:1004
2025-02-17 02:20:05.229 22 INFO neutron.wsgi [-] 10.0.0.36 "GET / HTTP/1.1" status: 200 len: 227 time: 0.0029819
2025-02-17 02:20:07.723 23 DEBUG neutron_lib.callbacks.manager [req-a90c7bf1-d394-4e43-84c3-307c03b6190a - - - - -] Publish callbacks ['neutron.services.segments.db._update_segment_host_mapping_for_agent-8758115719539', 'neutron.plugins.ml2.plugin.Ml2Plugin._retry_binding_revived_agents-3433864'] for agent (b98b9777-0bf1-43ab-b6e9-7ba4b6ec9aff), after_update _notify_loop /var/lib/kolla/venv/lib/python3.6/site-packages/neutron_lib/callbacks/manager.py:177
2025-02-17 02:20:08.008 29 DEBUG neutron.db.agents_db [req-69aaaf97-74ef-4d5f-b3f8-475abc91ec52 - - - - -] Agent healthcheck: found 2 active agents agent_health_check /var/lib/kolla/venv/lib/python3.6/site-packages/neutron/db/agents_db.py:318
2025-02-17 02:20:28.108 25 DEBUG neutron_lib.callbacks.manager [req-aa5fe508-4f95-4440-8b47-2f7e5e95312d - - - - -] Publish callbacks ['neutron.services.segments.db._update_segment_host_mapping_for_agent-8758115719539', 'neutron.plugins.ml2.plugin.Ml2Plugin._retry_binding_revived_agents-3433864'] for agent (ee3149e6-fd43-4e50-9847-9fa850900deb), after_update _notify_loop /var/lib/kolla/venv/lib/python3.6/site-packages/neutron_lib/callbacks/manager.py:177
2025-02-17 02:20:35.278 22 DEBUG neutron.wsgi [-] (22) accepted ('10.0.0.36', 37098) server /var/lib/kolla/venv/lib/python3.6/site-packages/eventlet/wsgi.py:1004
2025-02-17 02:20:35.282 22 INFO neutron.wsgi [-] 10.0.0.36 "GET / HTTP/1.1" status: 200 len: 227 time: 0.0035918
2025-02-17 02:20:37.721 27 DEBUG neutron_lib.callbacks.manager [req-6a40dde1-432a-4894-842c-115a02b8f6c5 - - - - -] Publish callbacks ['neutron.services.segments.db._update_segment_host_mapping_for_agent-8758115719539', 'neutron.plugins.ml2.plugin.Ml2Plugin._retry_binding_revived_agents-3433864'] for agent (b98b9777-0bf1-43ab-b6e9-7ba4b6ec9aff), after_update _notify_loop /var/lib/kolla/venv/lib/python3.6/site-packages/neutron_lib/callbacks/manager.py:177
2025-02-17 02:20:45.006 29 DEBUG neutron.db.agents_db [req-69aaaf97-74ef-4d5f-b3f8-475abc91ec52 - - - - -] Agent healthcheck: found 2 active agents agent_health_check /var/lib/kolla/venv/lib/python3.6/site-packages/neutron/db/agents_db.py:318
2025-02-17 02:20:58.109 28 DEBUG neutron_lib.callbacks.manager [req-aa5fe508-4f95-4440-8b47-2f7e5e95312d - - - - -] Publish callbacks ['neutron.services.segments.db._update_segment_host_mapping_for_agent-8758115719539', 'neutron.plugins.ml2.plugin.Ml2Plugin._retry_binding_revived_agents-3433864'] for agent (ee3149e6-fd43-4e50-9847-9fa850900deb), after_update _notify_loop /var/lib/kolla/venv/lib/python3.6/site-packages/neutron_lib/callbacks/manager.py:177
2025-02-17 02:21:05.332 22 DEBUG neutron.wsgi [-] (22) accepted ('10.0.0.36', 53778) server /var/lib/kolla/venv/lib/python3.6/site-packages/eventlet/wsgi.py:1004
2025-02-17 02:21:05.335 22 INFO neutron.wsgi [-] 10.0.0.36 "GET / HTTP/1.1" status: 200 len: 227 time: 0.0028038
2025-02-17 02:21:07.716 26 DEBUG neutron_lib.callbacks.manager [req-e1900def-5a2f-40a2-bf19-67ebc7d8e0fa - - - - -] Publish callbacks ['neutron.services.segments.db._update_segment_host_mapping_for_agent-8758115719539', 'neutron.plugins.ml2.plugin.Ml2Plugin._retry_binding_revived_agents-3433864'] for agent (b98b9777-0bf1-43ab-b6e9-7ba4b6ec9aff), after_update _notify_loop /var/lib/kolla/venv/lib/python3.6/site-packages/neutron_lib/callbacks/manager.py:177
2025-02-17 02:21:22.003 29 DEBUG neutron.db.agents_db [req-69aaaf97-74ef-4d5f-b3f8-475abc91ec52 - - - - -] Agent healthcheck: found 2 active agents agent_health_check /var/lib/kolla/venv/lib/python3.6/site-packages/neutron/db/agents_db.py:318
2025-02-17 02:21:28.107 24 DEBUG neutron_lib.callbacks.manager [req-aa5fe508-4f95-4440-8b47-2f7e5e95312d - - - - -] Publish callbacks ['neutron.services.segments.db._update_segment_host_mapping_for_agent-8758115719539', 'neutron.plugins.ml2.plugin.Ml2Plugin._retry_binding_revived_agents-3433864'] for agent (ee3149e6-fd43-4e50-9847-9fa850900deb), after_update _notify_loop /var/lib/kolla/venv/lib/python3.6/site-packages/neutron_lib/callbacks/manager.py:177
2025-02-17 02:21:35.390 22 DEBUG neutron.wsgi [-] (22) accepted ('10.0.0.36', 53850) server /var/lib/kolla/venv/lib/python3.6/site-packages/eventlet/wsgi.py:1004
2025-02-17 02:21:35.394 22 INFO neutron.wsgi [-] 10.0.0.36 "GET / HTTP/1.1" status: 200 len: 227 time: 0.0028133
2025-02-17 02:21:37.724 23 DEBUG neutron_lib.callbacks.manager [req-91393cd4-85d4-483d-ac53-0b33b02d390f - - - - -] Publish callbacks ['neutron.services.segments.db._update_segment_host_mapping_for_agent-8758115719539', 'neutron.plugins.ml2.plugin.Ml2Plugin._retry_binding_revived_agents-3433864'] for agent (b98b9777-0bf1-43ab-b6e9-7ba4b6ec9aff), after_update _notify_loop /var/lib/kolla/venv/lib/python3.6/site-packages/neutron_lib/callbacks/manager.py:177
2025-02-17 02:21:58.127 25 DEBUG neutron_lib.callbacks.manager [req-aa5fe508-4f95-4440-8b47-2f7e5e95312d - - - - -] Publish callbacks ['neutron.services.segments.db._update_segment_host_mapping_for_agent-8758115719539', 'neutron.plugins.ml2.plugin.Ml2Plugin._retry_binding_revived_agents-3433864'] for agent (ee3149e6-fd43-4e50-9847-9fa850900deb), after_update _notify_loop /var/lib/kolla/venv/lib/python3.6/site-packages/neutron_lib/callbacks/manager.py:177
2025-02-17 02:21:59.000 29 DEBUG neutron.db.agents_db [req-69aaaf97-74ef-4d5f-b3f8-475abc91ec52 - - - - -] Agent healthcheck: found 2 active agents agent_health_check /var/lib/kolla/venv/lib/python3.6/site-packages/neutron/db/agents_db.py:318
2025-02-17 02:22:06.888 22 DEBUG neutron.wsgi [-] (22) accepted ('10.0.0.36', 39926) server /var/lib/kolla/venv/lib/python3.6/site-packages/eventlet/wsgi.py:1004
2025-02-17 02:22:06.892 22 INFO neutron.wsgi [-] 10.0.0.36 "GET / HTTP/1.1" status: 200 len: 227 time: 0.0032880
2025-02-17 02:22:07.777 27 DEBUG neutron_lib.callbacks.manager [req-3cf843b4-a34a-4933-bbcb-9becc927befe - - - - -] Publish callbacks ['neutron.services.segments.db._update_segment_host_mapping_for_agent-8758115719539', 'neutron.plugins.ml2.plugin.Ml2Plugin._retry_binding_revived_agents-3433864'] for agent (b98b9777-0bf1-43ab-b6e9-7ba4b6ec9aff), after_update _notify_loop /var/lib/kolla/venv/lib/python3.6/site-packages/neutron_lib/callbacks/manager.py:177
2025-02-17 02:22:28.111 28 DEBUG neutron_lib.callbacks.manager [req-aa5fe508-4f95-4440-8b47-2f7e5e95312d - - - - -] Publish callbacks ['neutron.services.segments.db._update_segment_host_mapping_for_agent-8758115719539', 'neutron.plugins.ml2.plugin.Ml2Plugin._retry_binding_revived_agents-3433864'] for agent (ee3149e6-fd43-4e50-9847-9fa850900deb), after_update _notify_loop /var/lib/kolla/venv/lib/python3.6/site-packages/neutron_lib/callbacks/manager.py:177
2025-02-17 02:22:33.386 7 INFO oslo_service.service [-] Caught SIGTERM, stopping children
2025-02-17 02:22:33.387 7 DEBUG oslo_concurrency.lockutils [-] Acquired lock "singleton_lock" lock /var/lib/kolla/venv/lib/python3.6/site-packages/oslo_concurrency/lockutils.py:294
2025-02-17 02:22:33.387 7 DEBUG oslo_concurrency.lockutils [-] Releasing lock "singleton_lock" lock /var/lib/kolla/venv/lib/python3.6/site-packages/oslo_concurrency/lockutils.py:312
2025-02-17 02:22:33.387 7 DEBUG oslo_service.service [-] Stop services. stop /var/lib/kolla/venv/lib/python3.6/site-packages/oslo_service/service.py:695
2025-02-17 02:22:33.387 7 DEBUG neutron.service [-] calling RpcWorker stop() stop /var/lib/kolla/venv/lib/python3.6/site-packages/neutron/service.py:138
2025-02-17 02:22:33.387 7 DEBUG neutron.service [-] calling RpcWorker stop() stop /var/lib/kolla/venv/lib/python3.6/site-packages/neutron/service.py:138
2025-02-17 02:22:33.388 7 DEBUG oslo_service.service [-] Killing children. stop /var/lib/kolla/venv/lib/python3.6/site-packages/oslo_service/service.py:700
2025-02-17 02:22:33.388 7 INFO oslo_service.service [-] Waiting on 8 children to exit
2025-02-17 02:22:33.388 22 INFO neutron.wsgi [-] (22) wsgi exited, is_accepting=True
2025-02-17 02:22:33.388 23 DEBUG neutron.service [-] calling RpcWorker stop() stop /var/lib/kolla/venv/lib/python3.6/site-packages/neutron/service.py:138
2025-02-17 02:22:33.388 24 DEBUG neutron.service [-] calling RpcWorker stop() stop /var/lib/kolla/venv/lib/python3.6/site-packages/neutron/service.py:138
2025-02-17 02:22:33.388 28 DEBUG neutron.service [-] calling RpcWorker stop() stop /var/lib/kolla/venv/lib/python3.6/site-packages/neutron/service.py:138
2025-02-17 02:22:33.389 22 DEBUG oslo_concurrency.lockutils [req-d1161e9c-3fcd-48c5-8386-5897089876fa - - - - -] Acquired lock "singleton_lock" lock /var/lib/kolla/venv/lib/python3.6/site-packages/oslo_concurrency/lockutils.py:294
2025-02-17 02:22:33.389 24 DEBUG neutron.service [-] calling stop on stop /var/lib/kolla/venv/lib/python3.6/site-packages/neutron/service.py:141
2025-02-17 02:22:33.390 22 DEBUG oslo_concurrency.lockutils [req-d1161e9c-3fcd-48c5-8386-5897089876fa - - - - -] Releasing lock "singleton_lock" lock /var/lib/kolla/venv/lib/python3.6/site-packages/oslo_concurrency/lockutils.py:312
2025-02-17 02:22:33.389 23 DEBUG neutron.service [-] calling stop on stop /var/lib/kolla/venv/lib/python3.6/site-packages/neutron/service.py:141
2025-02-17 02:22:33.389 28 DEBUG neutron.service [-] calling stop on stop /var/lib/kolla/venv/lib/python3.6/site-packages/neutron/service.py:141
2025-02-17 02:22:33.394 25 DEBUG neutron.service [-] calling RpcWorker stop() stop /var/lib/kolla/venv/lib/python3.6/site-packages/neutron/service.py:138
2025-02-17 02:22:33.394 25 DEBUG neutron.service [-] calling stop on stop /var/lib/kolla/venv/lib/python3.6/site-packages/neutron/service.py:141
2025-02-17 02:22:33.397 7 INFO oslo_service.service [-] Child 22 exited with status 0
2025-02-17 02:22:33.398 29 DEBUG neutron.service [-] calling RpcWorker stop() stop /var/lib/kolla/venv/lib/python3.6/site-packages/neutron/service.py:138
2025-02-17 02:22:33.398 29 DEBUG neutron.service [-] calling stop on stop /var/lib/kolla/venv/lib/python3.6/site-packages/neutron/service.py:141
2025-02-17 02:22:33.400 27 DEBUG neutron.service [-] calling RpcWorker stop() stop /var/lib/kolla/venv/lib/python3.6/site-packages/neutron/service.py:138
2025-02-17 02:22:33.400 27 DEBUG neutron.service [-] calling stop on stop /var/lib/kolla/venv/lib/python3.6/site-packages/neutron/service.py:141
2025-02-17 02:22:33.406 26 DEBUG neutron.service [-] calling RpcWorker stop() stop /var/lib/kolla/venv/lib/python3.6/site-packages/neutron/service.py:138
2025-02-17 02:22:33.406 26 DEBUG neutron.service [-] calling stop on stop /var/lib/kolla/venv/lib/python3.6/site-packages/neutron/service.py:141
2025-02-17 02:22:35.918 27 DEBUG oslo_concurrency.lockutils [req-d1161e9c-3fcd-48c5-8386-5897089876fa - - - - -] Acquired lock "singleton_lock" lock /var/lib/kolla/venv/lib/python3.6/site-packages/oslo_concurrency/lockutils.py:294
2025-02-17 02:22:35.919 27 DEBUG oslo_concurrency.lockutils [req-d1161e9c-3fcd-48c5-8386-5897089876fa - - - - -] Releasing lock "singleton_lock" lock /var/lib/kolla/venv/lib/python3.6/site-packages/oslo_concurrency/lockutils.py:312
2025-02-17 02:22:35.919 27 DEBUG neutron.service [req-d1161e9c-3fcd-48c5-8386-5897089876fa - - - - -] calling RpcWorker wait() _wait /var/lib/kolla/venv/lib/python3.6/site-packages/neutron/service.py:128
2025-02-17 02:22:35.919 27 DEBUG neutron.service [req-d1161e9c-3fcd-48c5-8386-5897089876fa - - - - -] calling wait on _wait /var/lib/kolla/venv/lib/python3.6/site-packages/neutron/service.py:131
2025-02-17 02:22:35.925 27 WARNING amqp [req-d1161e9c-3fcd-48c5-8386-5897089876fa - - - - -] Received method (60, 30) during closing channel 1. This method will be ignored
2025-02-17 02:22:35.926 27 DEBUG neutron.service [req-d1161e9c-3fcd-48c5-8386-5897089876fa - - - - -] returning from RpcWorker wait() _wait /var/lib/kolla/venv/lib/python3.6/site-packages/neutron/service.py:135
2025-02-17 02:22:35.932 7 INFO oslo_service.service [-] Child 27 exited with status 0
2025-02-17 02:22:36.305 28 DEBUG oslo_concurrency.lockutils [req-d1161e9c-3fcd-48c5-8386-5897089876fa - - - - -] Acquired lock "singleton_lock" lock /var/lib/kolla/venv/lib/python3.6/site-packages/oslo_concurrency/lockutils.py:294
2025-02-17 02:22:36.305 28 DEBUG oslo_concurrency.lockutils [req-d1161e9c-3fcd-48c5-8386-5897089876fa - - - - -] Releasing lock "singleton_lock" lock /var/lib/kolla/venv/lib/python3.6/site-packages/oslo_concurrency/lockutils.py:312
2025-02-17 02:22:36.305 28 DEBUG neutron.service [req-d1161e9c-3fcd-48c5-8386-5897089876fa - - - - -] calling RpcWorker wait() _wait /var/lib/kolla/venv/lib/python3.6/site-packages/neutron/service.py:128
2025-02-17 02:22:36.305 28 DEBUG neutron.service [req-d1161e9c-3fcd-48c5-8386-5897089876fa - - - - -] calling wait on _wait /var/lib/kolla/venv/lib/python3.6/site-packages/neutron/service.py:131
2025-02-17 02:22:36.311 28 WARNING amqp [req-d1161e9c-3fcd-48c5-8386-5897089876fa - - - - -] Received method (60, 30) during closing channel 1. This method will be ignored
2025-02-17 02:22:36.312 28 DEBUG neutron.service [req-d1161e9c-3fcd-48c5-8386-5897089876fa - - - - -] returning from RpcWorker wait() _wait /var/lib/kolla/venv/lib/python3.6/site-packages/neutron/service.py:135
2025-02-17 02:22:36.318 7 INFO oslo_service.service [-] Child 28 exited with status 0
2025-02-17 02:22:37.715 26 DEBUG oslo_concurrency.lockutils [req-d1161e9c-3fcd-48c5-8386-5897089876fa - - - - -] Acquired lock "singleton_lock" lock /var/lib/kolla/venv/lib/python3.6/site-packages/oslo_concurrency/lockutils.py:294
2025-02-17 02:22:37.715 26 DEBUG oslo_concurrency.lockutils [req-d1161e9c-3fcd-48c5-8386-5897089876fa - - - - -] Releasing lock "singleton_lock" lock /var/lib/kolla/venv/lib/python3.6/site-packages/oslo_concurrency/lockutils.py:312
2025-02-17 02:22:37.716 26 DEBUG neutron.service [req-d1161e9c-3fcd-48c5-8386-5897089876fa - - - - -] calling RpcWorker wait() _wait /var/lib/kolla/venv/lib/python3.6/site-packages/neutron/service.py:128
2025-02-17 02:22:37.716 26 DEBUG neutron.service [req-d1161e9c-3fcd-48c5-8386-5897089876fa - - - - -] calling wait on _wait /var/lib/kolla/venv/lib/python3.6/site-packages/neutron/service.py:131
2025-02-17 02:22:37.725 26 DEBUG neutron_lib.callbacks.manager [req-3f9d9a2e-d770-466b-9ebc-a8ed126f147b - - - - -] Publish callbacks ['neutron.services.segments.db._update_segment_host_mapping_for_agent-8758115719539', 'neutron.plugins.ml2.plugin.Ml2Plugin._retry_binding_revived_agents-3433864'] for agent (b98b9777-0bf1-43ab-b6e9-7ba4b6ec9aff), after_update _notify_loop /var/lib/kolla/venv/lib/python3.6/site-packages/neutron_lib/callbacks/manager.py:177
2025-02-17 02:22:37.769 26 WARNING amqp [req-d1161e9c-3fcd-48c5-8386-5897089876fa - - - - -] Received method (60, 30) during closing channel 1. This method will be ignored
2025-02-17 02:22:37.770 26 DEBUG neutron.service [req-d1161e9c-3fcd-48c5-8386-5897089876fa - - - - -] returning from RpcWorker wait() _wait /var/lib/kolla/venv/lib/python3.6/site-packages/neutron/service.py:135
2025-02-17 02:22:37.775 7 INFO oslo_service.service [-] Child 26 exited with status 0
2025-02-17 02:22:38.018 23 DEBUG neutron.service [-] calling stop on stop /var/lib/kolla/venv/lib/python3.6/site-packages/neutron/service.py:141
2025-02-17 02:22:38.020 24 DEBUG neutron.service [-] calling stop on stop /var/lib/kolla/venv/lib/python3.6/site-packages/neutron/service.py:141
2025-02-17 02:22:38.038 24 DEBUG neutron.service [-] calling stop on stop /var/lib/kolla/venv/lib/python3.6/site-packages/neutron/service.py:141
2025-02-17 02:22:38.039 23 DEBUG neutron.service [-] calling stop on stop /var/lib/kolla/venv/lib/python3.6/site-packages/neutron/service.py:141
2025-02-17 02:22:38.056 29 DEBUG oslo_concurrency.lockutils [req-d1161e9c-3fcd-48c5-8386-5897089876fa - - - - -] Acquired lock "singleton_lock" lock /var/lib/kolla/venv/lib/python3.6/site-packages/oslo_concurrency/lockutils.py:294
2025-02-17 02:22:38.057 29 DEBUG oslo_concurrency.lockutils [req-d1161e9c-3fcd-48c5-8386-5897089876fa - - - - -] Releasing lock "singleton_lock" lock /var/lib/kolla/venv/lib/python3.6/site-packages/oslo_concurrency/lockutils.py:312
2025-02-17 02:22:38.057 29 DEBUG neutron.service [req-d1161e9c-3fcd-48c5-8386-5897089876fa - - - - -] calling RpcWorker wait() _wait /var/lib/kolla/venv/lib/python3.6/site-packages/neutron/service.py:128
2025-02-17 02:22:38.058 29 DEBUG neutron.service [req-d1161e9c-3fcd-48c5-8386-5897089876fa - - - - -] calling wait on _wait /var/lib/kolla/venv/lib/python3.6/site-packages/neutron/service.py:131
2025-02-17 02:22:38.058 23 DEBUG neutron.service [-] calling stop on stop /var/lib/kolla/venv/lib/python3.6/site-packages/neutron/service.py:141
2025-02-17 02:22:38.058 25 DEBUG neutron.service [-] calling stop on stop /var/lib/kolla/venv/lib/python3.6/site-packages/neutron/service.py:141
2025-02-17 02:22:38.059 24 DEBUG neutron.service [-] calling stop on stop /var/lib/kolla/venv/lib/python3.6/site-packages/neutron/service.py:141
2025-02-17 02:22:38.064 29 WARNING amqp [req-d1161e9c-3fcd-48c5-8386-5897089876fa - - - - -] Received method (60, 30) during closing channel 1. This method will be ignored
