2025-02-06 00:32:30.881 36944 DEBUG oslo_service.service [-] clients_vitrage.insecure = None log_opt_values /usr/lib/python3/dist-packages/oslo_config/cfg.py:2609
2025-02-06 00:32:30.881 36944 DEBUG oslo_service.service [-] clients_vitrage.key_file = None log_opt_values /usr/lib/python3/dist-packages/oslo_config/cfg.py:2609
2025-02-06 00:32:30.882 36944 DEBUG oslo_service.service [-] clients_zaqar.ca_file = None log_opt_values /usr/lib/python3/dist-packages/oslo_config/cfg.py:2609
2025-02-06 00:32:30.882 36944 DEBUG oslo_service.service [-] clients_zaqar.cert_file = None log_opt_values /usr/lib/python3/dist-packages/oslo_config/cfg.py:2609
2025-02-06 00:32:30.882 36944 DEBUG oslo_service.service [-] clients_zaqar.endpoint_type = None log_opt_values /usr/lib/python3/dist-packages/oslo_config/cfg.py:2609
2025-02-06 00:32:30.882 36944 DEBUG oslo_service.service [-] clients_zaqar.insecure = None log_opt_values /usr/lib/python3/dist-packages/oslo_config/cfg.py:2609
2025-02-06 00:32:30.882 36944 DEBUG oslo_service.service [-] clients_zaqar.key_file = None log_opt_values /usr/lib/python3/dist-packages/oslo_config/cfg.py:2609
2025-02-06 00:32:30.882 36944 DEBUG oslo_service.service [-] database.backend = sqlalchemy log_opt_values /usr/lib/python3/dist-packages/oslo_config/cfg.py:2609
2025-02-06 00:32:30.882 36944 DEBUG oslo_service.service [-] database.connection = **** log_opt_values /usr/lib/python3/dist-packages/oslo_config/cfg.py:2609
2025-02-06 00:32:30.883 36944 DEBUG oslo_service.service [-] database.connection_debug = 0 log_opt_values /usr/lib/python3/dist-packages/oslo_config/cfg.py:2609
2025-02-06 00:32:30.884 36944 DEBUG oslo_service.service [-] database.connection_parameters = log_opt_values /usr/lib/python3/dist-packages/oslo_config/cfg.py:2609
2025-02-06 00:32:30.884 36944 DEBUG oslo_service.service [-] database.connection_recycle_time = 3600 log_opt_values /usr/lib/python3/dist-packages/oslo_config/cfg.py:2609
2025-02-06 00:32:30.884 36944 DEBUG oslo_service.service [-] database.connection_trace = False log_opt_values /usr/lib/python3/dist-packages/oslo_config/cfg.py:2609
2025-02-06 00:32:30.884 36944 DEBUG oslo_service.service [-] database.db_inc_retry_interval = True log_opt_values /usr/lib/python3/dist-packages/oslo_config/cfg.py:2609
2025-02-06 00:32:30.884 36944 DEBUG oslo_service.service [-] database.db_max_retries = 20 log_opt_values /usr/lib/python3/dist-packages/oslo_config/cfg.py:2609
2025-02-06 00:32:30.884 36944 DEBUG oslo_service.service [-] database.db_max_retry_interval = 10 log_opt_values /usr/lib/python3/dist-packages/oslo_config/cfg.py:2609
2025-02-06 00:32:30.885 36944 DEBUG oslo_service.service [-] database.db_retry_interval = 1 log_opt_values /usr/lib/python3/dist-packages/oslo_config/cfg.py:2609
2025-02-06 00:32:30.885 36944 DEBUG oslo_service.service [-] database.max_overflow = 50 log_opt_values /usr/lib/python3/dist-packages/oslo_config/cfg.py:2609
2025-02-06 00:32:30.885 36944 DEBUG oslo_service.service [-] database.max_pool_size = 5 log_opt_values /usr/lib/python3/dist-packages/oslo_config/cfg.py:2609
2025-02-06 00:32:30.885 36944 DEBUG oslo_service.service [-] database.max_retries = 10 log_opt_values /usr/lib/python3/dist-packages/oslo_config/cfg.py:2609
2025-02-06 00:32:30.885 36944 DEBUG oslo_service.service [-] database.mysql_enable_ndb = False log_opt_values /usr/lib/python3/dist-packages/oslo_config/cfg.py:2609
2025-02-06 00:32:30.886 36944 DEBUG oslo_service.service [-] database.mysql_sql_mode = TRADITIONAL log_opt_values /usr/lib/python3/dist-packages/oslo_config/cfg.py:2609
2025-02-06 00:32:30.886 36944 DEBUG oslo_service.service [-] database.pool_timeout = None log_opt_values /usr/lib/python3/dist-packages/oslo_config/cfg.py:2609
2025-02-06 00:32:30.886 36944 DEBUG oslo_service.service [-] database.retry_interval = 10 log_opt_values /usr/lib/python3/dist-packages/oslo_config/cfg.py:2609
2025-02-06 00:32:30.886 36944 DEBUG oslo_service.service [-] database.slave_connection = **** log_opt_values /usr/lib/python3/dist-packages/oslo_config/cfg.py:2609
2025-02-06 00:32:30.886 36944 DEBUG oslo_service.service [-] database.sqlite_synchronous = True log_opt_values /usr/lib/python3/dist-packages/oslo_config/cfg.py:2609
2025-02-06 00:32:30.887 36944 DEBUG oslo_service.service [-] database.use_db_reconnect = False log_opt_values /usr/lib/python3/dist-packages/oslo_config/cfg.py:2609
2025-02-06 00:32:30.887 36944 DEBUG oslo_service.service [-] oslo_messaging_metrics.metrics_buffer_size = 1000 log_opt_values /usr/lib/python3/dist-packages/oslo_config/cfg.py:2609
2025-02-06 00:32:30.887 36944 DEBUG oslo_service.service [-] oslo_messaging_metrics.metrics_enabled = False log_opt_values /usr/lib/python3/dist-packages/oslo_config/cfg.py:2609
2025-02-06 00:32:30.887 36944 DEBUG oslo_service.service [-] oslo_messaging_metrics.metrics_process_name = log_opt_values /usr/lib/python3/dist-packages/oslo_config/cfg.py:2609
2025-02-06 00:32:30.887 36944 DEBUG oslo_service.service [-] oslo_messaging_metrics.metrics_socket_file = /var/tmp/metrics_collector.sock log_opt_values /usr/lib/python3/dist-packages/oslo_config/cfg.py:2609
2025-02-06 00:32:30.887 36944 DEBUG oslo_service.service [-] oslo_messaging_metrics.metrics_thread_stop_timeout = 10 log_opt_values /usr/lib/python3/dist-packages/oslo_config/cfg.py:2609
2025-02-06 00:32:30.887 36944 DEBUG oslo_service.service [-] oslo_policy.enforce_new_defaults = False log_opt_values /usr/lib/python3/dist-packages/oslo_config/cfg.py:2609
2025-02-06 00:32:30.888 36944 DEBUG oslo_service.service [-] oslo_policy.enforce_scope = False log_opt_values /usr/lib/python3/dist-packages/oslo_config/cfg.py:2609
2025-02-06 00:32:30.888 36944 DEBUG oslo_service.service [-] oslo_policy.policy_default_rule = default log_opt_values /usr/lib/python3/dist-packages/oslo_config/cfg.py:2609
2025-02-06 00:32:30.888 36944 DEBUG oslo_service.service [-] oslo_policy.policy_dirs = ['policy.d'] log_opt_values /usr/lib/python3/dist-packages/oslo_config/cfg.py:2609
2025-02-06 00:32:30.889 36944 DEBUG oslo_service.service [-] oslo_policy.policy_file = policy.yaml log_opt_values /usr/lib/python3/dist-packages/oslo_config/cfg.py:2609
2025-02-06 00:32:30.889 36944 DEBUG oslo_service.service [-] oslo_policy.remote_content_type = application/x-www-form-urlencoded log_opt_values /usr/lib/python3/dist-packages/oslo_config/cfg.py:2609
2025-02-06 00:32:30.889 36944 DEBUG oslo_service.service [-] oslo_policy.remote_ssl_ca_crt_file = None log_opt_values /usr/lib/python3/dist-packages/oslo_config/cfg.py:2609
2025-02-06 00:32:30.889 36944 DEBUG oslo_service.service [-] oslo_policy.remote_ssl_client_crt_file = None log_opt_values /usr/lib/python3/dist-packages/oslo_config/cfg.py:2609
2025-02-06 00:32:30.889 36944 DEBUG oslo_service.service [-] oslo_policy.remote_ssl_client_key_file = None log_opt_values /usr/lib/python3/dist-packages/oslo_config/cfg.py:2609
2025-02-06 00:32:30.889 36944 DEBUG oslo_service.service [-] oslo_policy.remote_ssl_verify_server_crt = False log_opt_values /usr/lib/python3/dist-packages/oslo_config/cfg.py:2609
2025-02-06 00:32:30.889 36944 DEBUG oslo_service.service [-] trustee.auth_section = None log_opt_values /usr/lib/python3/dist-packages/oslo_config/cfg.py:2609
2025-02-06 00:32:30.890 36944 WARNING oslo_config.cfg [-] Deprecated: Option "auth_plugin" from group "trustee" is deprecated. Use option "auth_type" from group "trustee".
2025-02-06 00:32:30.890 36944 DEBUG oslo_service.service [-] trustee.auth_type = password log_opt_values /usr/lib/python3/dist-packages/oslo_config/cfg.py:2609
2025-02-06 00:32:30.891 36944 DEBUG oslo_service.service [-] oslo_versionedobjects.fatal_exception_format_errors = False log_opt_values /usr/lib/python3/dist-packages/oslo_config/cfg.py:2609
2025-02-06 00:32:30.891 36944 DEBUG oslo_service.service [-] oslo_messaging_rabbit.amqp_auto_delete = False log_opt_values /usr/lib/python3/dist-packages/oslo_config/cfg.py:2609
2025-02-06 00:32:30.891 36944 DEBUG oslo_service.service [-] oslo_messaging_rabbit.amqp_durable_queues = False log_opt_values /usr/lib/python3/dist-packages/oslo_config/cfg.py:2609
2025-02-06 00:32:30.891 36944 DEBUG oslo_service.service [-] oslo_messaging_rabbit.conn_pool_min_size = 2 log_opt_values /usr/lib/python3/dist-packages/oslo_config/cfg.py:2609
2025-02-06 00:32:30.891 36944 DEBUG oslo_service.service [-] oslo_messaging_rabbit.conn_pool_ttl = 1200 log_opt_values /usr/lib/python3/dist-packages/oslo_config/cfg.py:2609
2025-02-06 00:32:30.891 36944 DEBUG oslo_service.service [-] oslo_messaging_rabbit.direct_mandatory_flag = True log_opt_values /usr/lib/python3/dist-packages/oslo_config/cfg.py:2609
2025-02-06 00:32:30.891 36944 DEBUG oslo_service.service [-] oslo_messaging_rabbit.enable_cancel_on_failover = False log_opt_values /usr/lib/python3/dist-packages/oslo_config/cfg.py:2609
2025-02-06 00:32:30.892 36944 DEBUG oslo_service.service [-] oslo_messaging_rabbit.heartbeat_in_pthread = True log_opt_values /usr/lib/python3/dist-packages/oslo_config/cfg.py:2609
2025-02-06 00:32:30.892 36944 DEBUG oslo_service.service [-] oslo_messaging_rabbit.heartbeat_rate = 2 log_opt_values /usr/lib/python3/dist-packages/oslo_config/cfg.py:2609
2025-02-06 00:32:30.892 36944 DEBUG oslo_service.service [-] oslo_messaging_rabbit.heartbeat_timeout_threshold = 60 log_opt_values /usr/lib/python3/dist-packages/oslo_config/cfg.py:2609
2025-02-06 00:32:30.892 36944 DEBUG oslo_service.service [-] oslo_messaging_rabbit.kombu_compression = None log_opt_values /usr/lib/python3/dist-packages/oslo_config/cfg.py:2609
2025-02-06 00:32:30.892 36944 DEBUG oslo_service.service [-] oslo_messaging_rabbit.kombu_failover_strategy = round-robin log_opt_values /usr/lib/python3/dist-packages/oslo_config/cfg.py:2609
2025-02-06 00:32:30.892 36944 DEBUG oslo_service.service [-] oslo_messaging_rabbit.kombu_missing_consumer_retry_timeout = 60 log_opt_values /usr/lib/python3/dist-packages/oslo_config/cfg.py:2609
2025-02-06 00:32:30.893 36944 DEBUG oslo_service.service [-] oslo_messaging_rabbit.kombu_reconnect_delay = 1.0 log_opt_values /usr/lib/python3/dist-packages/oslo_config/cfg.py:2609
2025-02-06 00:32:30.893 36944 DEBUG oslo_service.service [-] oslo_messaging_rabbit.rabbit_ha_queues = False log_opt_values /usr/lib/python3/dist-packages/oslo_config/cfg.py:2609
2025-02-06 00:32:30.894 36944 DEBUG oslo_service.service [-] oslo_messaging_rabbit.rabbit_interval_max = 30 log_opt_values /usr/lib/python3/dist-packages/oslo_config/cfg.py:2609
2025-02-06 00:32:30.895 36944 DEBUG oslo_service.service [-] oslo_messaging_rabbit.rabbit_login_method = AMQPLAIN log_opt_values /usr/lib/python3/dist-packages/oslo_config/cfg.py:2609
2025-02-06 00:32:30.895 36944 DEBUG oslo_service.service [-] oslo_messaging_rabbit.rabbit_qos_prefetch_count = 0 log_opt_values /usr/lib/python3/dist-packages/oslo_config/cfg.py:2609
2025-02-06 00:32:30.895 36944 DEBUG oslo_service.service [-] oslo_messaging_rabbit.rabbit_quorum_queue = False log_opt_values /usr/lib/python3/dist-packages/oslo_config/cfg.py:2609
2025-02-06 00:32:30.895 36944 DEBUG oslo_service.service [-] oslo_messaging_rabbit.rabbit_retry_backoff = 2 log_opt_values /usr/lib/python3/dist-packages/oslo_config/cfg.py:2609
2025-02-06 00:32:30.898 36944 DEBUG oslo_service.service [-] oslo_messaging_rabbit.rabbit_retry_interval = 1 log_opt_values /usr/lib/python3/dist-packages/oslo_config/cfg.py:2609
2025-02-06 00:32:30.899 36944 DEBUG oslo_service.service [-] oslo_messaging_rabbit.rabbit_transient_queues_ttl = 1800 log_opt_values /usr/lib/python3/dist-packages/oslo_config/cfg.py:2609
2025-02-06 00:32:30.899 36944 DEBUG oslo_service.service [-] oslo_messaging_rabbit.rpc_conn_pool_size = 30 log_opt_values /usr/lib/python3/dist-packages/oslo_config/cfg.py:2609
2025-02-06 00:32:30.899 36944 DEBUG oslo_service.service [-] oslo_messaging_rabbit.ssl = False log_opt_values /usr/lib/python3/dist-packages/oslo_config/cfg.py:2609
2025-02-06 00:32:30.899 36944 DEBUG oslo_service.service [-] oslo_messaging_rabbit.ssl_ca_file = log_opt_values /usr/lib/python3/dist-packages/oslo_config/cfg.py:2609
2025-02-06 00:32:30.900 36944 DEBUG oslo_service.service [-] oslo_messaging_rabbit.ssl_cert_file = log_opt_values /usr/lib/python3/dist-packages/oslo_config/cfg.py:2609
2025-02-06 00:32:30.900 36944 DEBUG oslo_service.service [-] oslo_messaging_rabbit.ssl_key_file = log_opt_values /usr/lib/python3/dist-packages/oslo_config/cfg.py:2609
2025-02-06 00:32:30.900 36944 DEBUG oslo_service.service [-] oslo_messaging_rabbit.ssl_version = log_opt_values /usr/lib/python3/dist-packages/oslo_config/cfg.py:2609
2025-02-06 00:32:30.900 36944 DEBUG oslo_service.service [-] oslo_messaging_notifications.driver = [] log_opt_values /usr/lib/python3/dist-packages/oslo_config/cfg.py:2609
2025-02-06 00:32:30.900 36944 DEBUG oslo_service.service [-] oslo_messaging_notifications.retry = -1 log_opt_values /usr/lib/python3/dist-packages/oslo_config/cfg.py:2609
2025-02-06 00:32:30.900 36944 DEBUG oslo_service.service [-] oslo_messaging_notifications.topics = ['notifications'] log_opt_values /usr/lib/python3/dist-packages/oslo_config/cfg.py:2609
2025-02-06 00:32:30.901 36944 DEBUG oslo_service.service [-] oslo_messaging_notifications.transport_url = **** log_opt_values /usr/lib/python3/dist-packages/oslo_config/cfg.py:2609
2025-02-06 00:32:30.901 36944 DEBUG oslo_service.service [-] cache.backend = dogpile.cache.null log_opt_values /usr/lib/python3/dist-packages/oslo_config/cfg.py:2609
2025-02-06 00:32:30.902 36944 DEBUG oslo_service.service [-] cache.backend_argument = **** log_opt_values /usr/lib/python3/dist-packages/oslo_config/cfg.py:2609
2025-02-06 00:32:30.902 36944 DEBUG oslo_service.service [-] cache.config_prefix = cache.oslo log_opt_values /usr/lib/python3/dist-packages/oslo_config/cfg.py:2609
2025-02-06 00:32:30.902 36944 DEBUG oslo_service.service [-] cache.debug_cache_backend = False log_opt_values /usr/lib/python3/dist-packages/oslo_config/cfg.py:2609
2025-02-06 00:32:30.902 36944 DEBUG oslo_service.service [-] cache.enabled = False log_opt_values /usr/lib/python3/dist-packages/oslo_config/cfg.py:2609
2025-02-06 00:32:30.903 36944 DEBUG oslo_service.service [-] cache.expiration_time = 600 log_opt_values /usr/lib/python3/dist-packages/oslo_config/cfg.py:2609
2025-02-06 00:32:30.903 36944 DEBUG oslo_service.service [-] cache.memcache_dead_retry = 300 log_opt_values /usr/lib/python3/dist-packages/oslo_config/cfg.py:2609
2025-02-06 00:32:30.903 36944 DEBUG oslo_service.service [-] cache.memcache_pool_connection_get_timeout = 10 log_opt_values /usr/lib/python3/dist-packages/oslo_config/cfg.py:2609
2025-02-06 00:32:30.903 36944 DEBUG oslo_service.service [-] cache.memcache_pool_flush_on_reconnect = False log_opt_values /usr/lib/python3/dist-packages/oslo_config/cfg.py:2609
2025-02-06 00:32:30.903 36944 DEBUG oslo_service.service [-] cache.memcache_pool_maxsize = 10 log_opt_values /usr/lib/python3/dist-packages/oslo_config/cfg.py:2609
2025-02-06 00:32:30.903 36944 DEBUG oslo_service.service [-] cache.memcache_pool_unused_timeout = 60 log_opt_values /usr/lib/python3/dist-packages/oslo_config/cfg.py:2609
2025-02-06 00:32:30.904 36944 DEBUG oslo_service.service [-] cache.memcache_servers = ['localhost:11211'] log_opt_values /usr/lib/python3/dist-packages/oslo_config/cfg.py:2609
2025-02-06 00:32:30.904 36944 DEBUG oslo_service.service [-] cache.memcache_socket_timeout = 1.0 log_opt_values /usr/lib/python3/dist-packages/oslo_config/cfg.py:2609
2025-02-06 00:32:30.904 36944 DEBUG oslo_service.service [-] cache.proxies = [] log_opt_values /usr/lib/python3/dist-packages/oslo_config/cfg.py:2609
2025-02-06 00:32:30.904 36944 DEBUG oslo_service.service [-] cache.tls_allowed_ciphers = None log_opt_values /usr/lib/python3/dist-packages/oslo_config/cfg.py:2609
2025-02-06 00:32:30.904 36944 DEBUG oslo_service.service [-] cache.tls_cafile = None log_opt_values /usr/lib/python3/dist-packages/oslo_config/cfg.py:2609
2025-02-06 00:32:30.904 36944 DEBUG oslo_service.service [-] cache.tls_certfile = None log_opt_values /usr/lib/python3/dist-packages/oslo_config/cfg.py:2609
2025-02-06 00:32:30.904 36944 DEBUG oslo_service.service [-] cache.tls_enabled = False log_opt_values /usr/lib/python3/dist-packages/oslo_config/cfg.py:2609
2025-02-06 00:32:30.905 36944 DEBUG oslo_service.service [-] cache.tls_keyfile = None log_opt_values /usr/lib/python3/dist-packages/oslo_config/cfg.py:2609
2025-02-06 00:32:30.905 36944 DEBUG oslo_service.service [-] constraint_validation_cache.caching = True log_opt_values /usr/lib/python3/dist-packages/oslo_config/cfg.py:2609
2025-02-06 00:32:30.905 36944 DEBUG oslo_service.service [-] constraint_validation_cache.expiration_time = 60 log_opt_values /usr/lib/python3/dist-packages/oslo_config/cfg.py:2609
2025-02-06 00:32:30.905 36944 DEBUG oslo_service.service [-] service_extension_cache.caching = True log_opt_values /usr/lib/python3/dist-packages/oslo_config/cfg.py:2609
2025-02-06 00:32:30.905 36944 DEBUG oslo_service.service [-] service_extension_cache.expiration_time = 3600 log_opt_values /usr/lib/python3/dist-packages/oslo_config/cfg.py:2609
2025-02-06 00:32:30.905 36944 DEBUG oslo_service.service [-] resource_finder_cache.caching = True log_opt_values /usr/lib/python3/dist-packages/oslo_config/cfg.py:2609
2025-02-06 00:32:30.906 36944 DEBUG oslo_service.service [-] resource_finder_cache.expiration_time = 3600 log_opt_values /usr/lib/python3/dist-packages/oslo_config/cfg.py:2609
2025-02-06 00:32:30.906 36944 DEBUG oslo_service.service [-] yaql.limit_iterators = 200 log_opt_values /usr/lib/python3/dist-packages/oslo_config/cfg.py:2609
2025-02-06 00:32:30.906 36944 DEBUG oslo_service.service [-] yaql.memory_quota = 10000 log_opt_values /usr/lib/python3/dist-packages/oslo_config/cfg.py:2609
2025-02-06 00:32:30.906 36944 DEBUG oslo_service.service [-] ******************************************************************************** log_opt_values /usr/lib/python3/dist-packages/oslo_config/cfg.py:2613
2025-02-06 00:32:30.955 37168 DEBUG oslo_db.sqlalchemy.engines [req-28f5035e-bdd7-4954-9813-bea871b08013 - - - - -] MySQL server mode set to STRICT_TRANS_TABLES,STRICT_ALL_TABLES,NO_ZERO_IN_DATE,NO_ZERO_DATE,ERROR_FOR_DIVISION_BY_ZERO,TRADITIONAL,NO_ENGINE_SUBSTITUTION _check_effective_sql_mode /usr/lib/python3/dist-packages/oslo_db/sqlalchemy/engines.py:314
2025-02-06 00:32:30.958 37167 DEBUG oslo_db.sqlalchemy.engines [req-59aec998-591e-4ba5-a8e5-0d79154d7035 - - - - -] MySQL server mode set to STRICT_TRANS_TABLES,STRICT_ALL_TABLES,NO_ZERO_IN_DATE,NO_ZERO_DATE,ERROR_FOR_DIVISION_BY_ZERO,TRADITIONAL,NO_ENGINE_SUBSTITUTION _check_effective_sql_mode /usr/lib/python3/dist-packages/oslo_db/sqlalchemy/engines.py:314
2025-02-06 00:32:30.961 37166 DEBUG oslo_db.sqlalchemy.engines [req-f606a99d-ab1e-4799-a95f-4ec20bf8af9d - - - - -] MySQL server mode set to STRICT_TRANS_TABLES,STRICT_ALL_TABLES,NO_ZERO_IN_DATE,NO_ZERO_DATE,ERROR_FOR_DIVISION_BY_ZERO,TRADITIONAL,NO_ENGINE_SUBSTITUTION _check_effective_sql_mode /usr/lib/python3/dist-packages/oslo_db/sqlalchemy/engines.py:314
2025-02-06 00:32:30.963 37169 DEBUG oslo_db.sqlalchemy.engines [req-2565cc40-ff46-4e73-b356-dd0c161415fb - - - - -] MySQL server mode set to STRICT_TRANS_TABLES,STRICT_ALL_TABLES,NO_ZERO_IN_DATE,NO_ZERO_DATE,ERROR_FOR_DIVISION_BY_ZERO,TRADITIONAL,NO_ENGINE_SUBSTITUTION _check_effective_sql_mode /usr/lib/python3/dist-packages/oslo_db/sqlalchemy/engines.py:314
2025-02-06 00:32:31.034 37169 DEBUG heat.engine.service [req-911a52c3-fd05-4585-b4a2-28b92e55df29 - - - - -] Service c0b435ac-890b-4b5a-8e4b-4a9f0094367f is started service_manage_report /usr/lib/python3/dist-packages/heat/engine/service.py:2363
2025-02-06 00:32:31.045 37167 DEBUG heat.engine.service [req-8bac371e-97b4-4550-bb1e-beeaceed7ec5 - - - - -] Service c09007dc-4af6-46cf-9e50-db46197abcbc is started service_manage_report /usr/lib/python3/dist-packages/heat/engine/service.py:2363
2025-02-06 00:32:31.047 37166 DEBUG heat.engine.service [req-23f758cd-f84b-47a6-a3c2-34b2de6709bf - - - - -] Service c7bb8061-ba80-43bf-a265-39770aeceef8 is started service_manage_report /usr/lib/python3/dist-packages/heat/engine/service.py:2363
2025-02-06 00:32:31.051 37168 DEBUG heat.engine.service [req-63b54164-e3de-435b-9b92-eef8e25b9066 - - - - -] Service 4a839bab-8612-42f1-82a5-f0c7fb410497 is started service_manage_report /usr/lib/python3/dist-packages/heat/engine/service.py:2363
2025-02-06 00:32:31.058 37169 DEBUG heat.engine.service [req-911a52c3-fd05-4585-b4a2-28b92e55df29 - - - - -] Service c0b435ac-890b-4b5a-8e4b-4a9f0094367f is updated service_manage_report /usr/lib/python3/dist-packages/heat/engine/service.py:2370
2025-02-06 00:32:31.061 37167 DEBUG heat.engine.service [req-8bac371e-97b4-4550-bb1e-beeaceed7ec5 - - - - -] Service c09007dc-4af6-46cf-9e50-db46197abcbc is updated service_manage_report /usr/lib/python3/dist-packages/heat/engine/service.py:2370
2025-02-06 00:32:31.065 37166 DEBUG heat.engine.service [req-23f758cd-f84b-47a6-a3c2-34b2de6709bf - - - - -] Service c7bb8061-ba80-43bf-a265-39770aeceef8 is updated service_manage_report /usr/lib/python3/dist-packages/heat/engine/service.py:2370
2025-02-06 00:32:31.068 37168 DEBUG heat.engine.service [req-63b54164-e3de-435b-9b92-eef8e25b9066 - - - - -] Service 4a839bab-8612-42f1-82a5-f0c7fb410497 is updated service_manage_report /usr/lib/python3/dist-packages/heat/engine/service.py:2370
2025-02-06 00:33:31.035 37168 DEBUG heat.engine.service [req-d8adfc6d-ec64-4c9c-a6e7-03382a63a25b - - - - -] Service 4a839bab-8612-42f1-82a5-f0c7fb410497 is updated service_manage_report /usr/lib/python3/dist-packages/heat/engine/service.py:2370
2025-02-06 00:33:31.045 37166 DEBUG heat.engine.service [req-d6af3491-ec5c-4096-8cd1-a2c0fc97dd4c - - - - -] Service c7bb8061-ba80-43bf-a265-39770aeceef8 is updated service_manage_report /usr/lib/python3/dist-packages/heat/engine/service.py:2370
2025-02-06 00:33:31.045 37169 DEBUG heat.engine.service [req-b5f22d69-c5a0-462f-bd5f-887d72ad64ad - - - - -] Service c0b435ac-890b-4b5a-8e4b-4a9f0094367f is updated service_manage_report /usr/lib/python3/dist-packages/heat/engine/service.py:2370
2025-02-06 00:33:31.069 37167 DEBUG heat.engine.service [req-6b699e72-cb24-480c-9f6d-67edfe9a1ce5 - - - - -] Service c09007dc-4af6-46cf-9e50-db46197abcbc is updated service_manage_report /usr/lib/python3/dist-packages/heat/engine/service.py:2370
2025-02-06 00:34:31.021 37168 DEBUG heat.engine.service [req-b6e4fa06-eb6d-4023-98fd-75089a928ce3 - - - - -] Service 4a839bab-8612-42f1-82a5-f0c7fb410497 is updated service_manage_report /usr/lib/python3/dist-packages/heat/engine/service.py:2370
2025-02-06 00:34:31.026 37166 DEBUG heat.engine.service [req-e4cd27da-e382-4346-8560-e038f0fd5c6d - - - - -] Service c7bb8061-ba80-43bf-a265-39770aeceef8 is updated service_manage_report /usr/lib/python3/dist-packages/heat/engine/service.py:2370
2025-02-06 00:34:31.032 37167 DEBUG heat.engine.service [req-6af1defa-90a2-47f4-824c-e5e9e048f117 - - - - -] Service c09007dc-4af6-46cf-9e50-db46197abcbc is updated service_manage_report /usr/lib/python3/dist-packages/heat/engine/service.py:2370
2025-02-06 00:34:31.033 37169 DEBUG heat.engine.service [req-25d91f1b-8414-4edf-ab13-a655f53efdb7 - - - - -] Service c0b435ac-890b-4b5a-8e4b-4a9f0094367f is updated service_manage_report /usr/lib/python3/dist-packages/heat/engine/service.py:2370
2025-02-06 00:35:31.016 37168 DEBUG heat.engine.service [req-fcff471e-5f97-42ef-a23e-e5a8995438e9 - - - - -] Service 4a839bab-8612-42f1-82a5-f0c7fb410497 is updated service_manage_report /usr/lib/python3/dist-packages/heat/engine/service.py:2370
2025-02-06 00:35:31.025 37169 DEBUG heat.engine.service [req-d7608577-1a27-49ab-a734-79f32392ef81 - - - - -] Service c0b435ac-890b-4b5a-8e4b-4a9f0094367f is updated service_manage_report /usr/lib/python3/dist-packages/heat/engine/service.py:2370
2025-02-06 00:35:31.028 37166 DEBUG heat.engine.service [req-ac7c64f1-4d6f-44eb-b77f-bf4daf916593 - - - - -] Service c7bb8061-ba80-43bf-a265-39770aeceef8 is updated service_manage_report /usr/lib/python3/dist-packages/heat/engine/service.py:2370
2025-02-06 00:35:31.034 37167 DEBUG heat.engine.service [req-263ffc22-a480-4b4a-a23d-186cd7fa3d3f - - - - -] Service c09007dc-4af6-46cf-9e50-db46197abcbc is updated service_manage_report /usr/lib/python3/dist-packages/heat/engine/service.py:2370
2025-02-06 00:36:31.019 37168 DEBUG heat.engine.service [req-f783e617-b5bb-4491-a373-14f3f1523e80 - - - - -] Service 4a839bab-8612-42f1-82a5-f0c7fb410497 is updated service_manage_report /usr/lib/python3/dist-packages/heat/engine/service.py:2370
2025-02-06 00:36:31.031 37169 DEBUG heat.engine.service [req-8b3dfb09-ddaf-426e-8449-4210f6903935 - - - - -] Service c0b435ac-890b-4b5a-8e4b-4a9f0094367f is updated service_manage_report /usr/lib/python3/dist-packages/heat/engine/service.py:2370
2025-02-06 00:36:31.033 37166 DEBUG heat.engine.service [req-081e5f66-7ad1-4404-af87-bea7275cfca2 - - - - -] Service c7bb8061-ba80-43bf-a265-39770aeceef8 is updated service_manage_report /usr/lib/python3/dist-packages/heat/engine/service.py:2370
2025-02-06 00:36:31.038 37167 DEBUG heat.engine.service [req-0720c3e2-ffc6-483d-9356-28b4433fc9f9 - - - - -] Service c09007dc-4af6-46cf-9e50-db46197abcbc is updated service_manage_report /usr/lib/python3/dist-packages/heat/engine/service.py:2370
2025-02-06 00:37:31.022 37168 DEBUG heat.engine.service [req-5f3440d7-e375-4582-bc20-d4dae2e89d62 - - - - -] Service 4a839bab-8612-42f1-82a5-f0c7fb410497 is updated service_manage_report /usr/lib/python3/dist-packages/heat/engine/service.py:2370
2025-02-06 00:37:31.026 37169 DEBUG heat.engine.service [req-747003cc-0059-4dde-a16d-314a1cc721ce - - - - -] Service c0b435ac-890b-4b5a-8e4b-4a9f0094367f is updated service_manage_report /usr/lib/python3/dist-packages/heat/engine/service.py:2370
2025-02-06 00:37:31.037 37166 DEBUG heat.engine.service [req-f0416a66-8e9a-42ca-b00f-3bc5ae757325 - - - - -] Service c7bb8061-ba80-43bf-a265-39770aeceef8 is updated service_manage_report /usr/lib/python3/dist-packages/heat/engine/service.py:2370
2025-02-06 00:37:31.040 37167 DEBUG heat.engine.service [req-920b85d9-32c0-461e-92d0-4d02b1efa465 - - - - -] Service c09007dc-4af6-46cf-9e50-db46197abcbc is updated service_manage_report /usr/lib/python3/dist-packages/heat/engine/service.py:2370
2025-02-06 00:38:31.028 37168 DEBUG heat.engine.service [req-4ce8fdcb-c052-4367-aac6-6d854819e03b - - - - -] Service 4a839bab-8612-42f1-82a5-f0c7fb410497 is updated service_manage_report /usr/lib/python3/dist-packages/heat/engine/service.py:2370
2025-02-06 00:38:31.030 37169 DEBUG heat.engine.service [req-7a389d53-9044-4ef0-ae63-4ed3e597d762 - - - - -] Service c0b435ac-890b-4b5a-8e4b-4a9f0094367f is updated service_manage_report /usr/lib/python3/dist-packages/heat/engine/service.py:2370
2025-02-06 00:38:31.040 37166 DEBUG heat.engine.service [req-5bf74984-c75b-4cd1-a387-ca2ea3fcd6f6 - - - - -] Service c7bb8061-ba80-43bf-a265-39770aeceef8 is updated service_manage_report /usr/lib/python3/dist-packages/heat/engine/service.py:2370
2025-02-06 00:38:31.044 37167 DEBUG heat.engine.service [req-e6eafa17-372d-41ca-a00f-045e6e577eb0 - - - - -] Service c09007dc-4af6-46cf-9e50-db46197abcbc is updated service_manage_report /usr/lib/python3/dist-packages/heat/engine/service.py:2370
2025-02-06 00:39:31.033 37169 DEBUG heat.engine.service [req-fbf90a93-8c7f-4b93-b0f5-5431f50157fd - - - - -] Service c0b435ac-890b-4b5a-8e4b-4a9f0094367f is updated service_manage_report /usr/lib/python3/dist-packages/heat/engine/service.py:2370
2025-02-06 00:39:31.039 37168 DEBUG heat.engine.service [req-1184a16d-fd86-424f-a3d7-b98a0efbd0b3 - - - - -] Service 4a839bab-8612-42f1-82a5-f0c7fb410497 is updated service_manage_report /usr/lib/python3/dist-packages/heat/engine/service.py:2370
2025-02-06 00:39:31.042 37166 DEBUG heat.engine.service [req-2d1c1573-73fb-40b4-9223-f54b375404bd - - - - -] Service c7bb8061-ba80-43bf-a265-39770aeceef8 is updated service_manage_report /usr/lib/python3/dist-packages/heat/engine/service.py:2370
2025-02-06 00:39:31.045 37167 DEBUG heat.engine.service [req-c0d01d9a-ea1a-4ffe-9b61-20c0c3735184 - - - - -] Service c09007dc-4af6-46cf-9e50-db46197abcbc is updated service_manage_report /usr/lib/python3/dist-packages/heat/engine/service.py:2370
2025-02-06 00:40:31.033 37168 DEBUG heat.engine.service [req-5b415508-09b7-4739-abfc-9371ca50c37c - - - - -] Service 4a839bab-8612-42f1-82a5-f0c7fb410497 is updated service_manage_report /usr/lib/python3/dist-packages/heat/engine/service.py:2370
2025-02-06 00:40:31.035 37169 DEBUG heat.engine.service [req-f9787b4d-409a-4613-8721-752540e1744a - - - - -] Service c0b435ac-890b-4b5a-8e4b-4a9f0094367f is updated service_manage_report /usr/lib/python3/dist-packages/heat/engine/service.py:2370
2025-02-06 00:40:31.046 37166 DEBUG heat.engine.service [req-f413fb32-9025-4235-bc1a-da1a0bf3528f - - - - -] Service c7bb8061-ba80-43bf-a265-39770aeceef8 is updated service_manage_report /usr/lib/python3/dist-packages/heat/engine/service.py:2370
2025-02-06 00:40:31.047 37167 DEBUG heat.engine.service [req-da81f262-462d-4d0e-99f1-9c64c5f38db1 - - - - -] Service c09007dc-4af6-46cf-9e50-db46197abcbc is updated service_manage_report /usr/lib/python3/dist-packages/heat/engine/service.py:2370
2025-02-06 00:41:31.036 37168 DEBUG heat.engine.service [req-d5acefa9-15c1-4c30-99b3-2bcaf3dc7892 - - - - -] Service 4a839bab-8612-42f1-82a5-f0c7fb410497 is updated service_manage_report /usr/lib/python3/dist-packages/heat/engine/service.py:2370
2025-02-06 00:41:31.039 37169 DEBUG heat.engine.service [req-7b66f93a-f8b1-4b5f-b17d-adbcf12f7b60 - - - - -] Service c0b435ac-890b-4b5a-8e4b-4a9f0094367f is updated service_manage_report /usr/lib/python3/dist-packages/heat/engine/service.py:2370
2025-02-06 00:41:31.050 37166 DEBUG heat.engine.service [req-97e9a980-0aef-4f6f-8a29-0eced9f0b196 - - - - -] Service c7bb8061-ba80-43bf-a265-39770aeceef8 is updated service_manage_report /usr/lib/python3/dist-packages/heat/engine/service.py:2370
2025-02-06 00:41:31.051 37167 DEBUG heat.engine.service [req-973c461a-baf9-4bb4-904a-169afa602b83 - - - - -] Service c09007dc-4af6-46cf-9e50-db46197abcbc is updated service_manage_report /usr/lib/python3/dist-packages/heat/engine/service.py:2370
2025-02-06 00:42:31.038 37168 DEBUG heat.engine.service [req-f42bfb69-e74c-4777-9227-78bcec2ce7a2 - - - - -] Service 4a839bab-8612-42f1-82a5-f0c7fb410497 is updated service_manage_report /usr/lib/python3/dist-packages/heat/engine/service.py:2370
2025-02-06 00:42:31.041 37169 DEBUG heat.engine.service [req-c492d1e0-076d-4999-a5a0-2cec2694a492 - - - - -] Service c0b435ac-890b-4b5a-8e4b-4a9f0094367f is updated service_manage_report /usr/lib/python3/dist-packages/heat/engine/service.py:2370
2025-02-06 00:42:31.052 37166 DEBUG heat.engine.service [req-21183bda-fac6-4123-a552-3efb41399147 - - - - -] Service c7bb8061-ba80-43bf-a265-39770aeceef8 is updated service_manage_report /usr/lib/python3/dist-packages/heat/engine/service.py:2370
2025-02-06 00:42:31.055 37167 DEBUG heat.engine.service [req-3fd867ff-8030-4023-aaa7-1cfd493559bf - - - - -] Service c09007dc-4af6-46cf-9e50-db46197abcbc is updated service_manage_report /usr/lib/python3/dist-packages/heat/engine/service.py:2370
2025-02-06 00:43:31.045 37168 DEBUG heat.engine.service [req-fc5da953-ebe6-4dc0-ac4e-ad2795e43cc8 - - - - -] Service 4a839bab-8612-42f1-82a5-f0c7fb410497 is updated service_manage_report /usr/lib/python3/dist-packages/heat/engine/service.py:2370
2025-02-06 00:43:31.047 37169 DEBUG heat.engine.service [req-78f90412-5df9-4df2-aeda-102799a7e400 - - - - -] Service c0b435ac-890b-4b5a-8e4b-4a9f0094367f is updated service_manage_report /usr/lib/python3/dist-packages/heat/engine/service.py:2370
2025-02-06 00:43:31.054 37166 DEBUG heat.engine.service [req-106ad309-4645-482e-92d1-43d9598120f2 - - - - -] Service c7bb8061-ba80-43bf-a265-39770aeceef8 is updated service_manage_report /usr/lib/python3/dist-packages/heat/engine/service.py:2370
2025-02-06 00:43:31.058 37167 DEBUG heat.engine.service [req-b9e159b5-f499-44ed-b92e-d283f0c9f64b - - - - -] Service c09007dc-4af6-46cf-9e50-db46197abcbc is updated service_manage_report /usr/lib/python3/dist-packages/heat/engine/service.py:2370
2025-02-06 00:44:31.038 37168 DEBUG heat.engine.service [req-2da40a83-facb-4f52-bf3d-e9a2ce4a4f77 - - - - -] Service 4a839bab-8612-42f1-82a5-f0c7fb410497 is updated service_manage_report /usr/lib/python3/dist-packages/heat/engine/service.py:2370
2025-02-06 00:44:31.048 37169 DEBUG heat.engine.service [req-9cb6169d-4fab-4981-954e-3c819ddcf952 - - - - -] Service c0b435ac-890b-4b5a-8e4b-4a9f0094367f is updated service_manage_report /usr/lib/python3/dist-packages/heat/engine/service.py:2370
2025-02-06 00:44:31.056 37166 DEBUG heat.engine.service [req-5dcc3bf2-6e16-4927-aea9-ae4236d2094f - - - - -] Service c7bb8061-ba80-43bf-a265-39770aeceef8 is updated service_manage_report /usr/lib/python3/dist-packages/heat/engine/service.py:2370
2025-02-06 00:44:31.060 37167 DEBUG heat.engine.service [req-6e46d3c1-9853-4330-a12e-a63247d277c9 - - - - -] Service c09007dc-4af6-46cf-9e50-db46197abcbc is updated service_manage_report /usr/lib/python3/dist-packages/heat/engine/service.py:2370
2025-02-06 00:45:31.042 37168 DEBUG heat.engine.service [req-bec0eb9a-ecd6-477b-8aac-e92f1c379cc3 - - - - -] Service 4a839bab-8612-42f1-82a5-f0c7fb410497 is updated service_manage_report /usr/lib/python3/dist-packages/heat/engine/service.py:2370
2025-02-06 00:45:31.050 37169 DEBUG heat.engine.service [req-0e84c6c8-3012-4a31-98ac-ecc1451685ce - - - - -] Service c0b435ac-890b-4b5a-8e4b-4a9f0094367f is updated service_manage_report /usr/lib/python3/dist-packages/heat/engine/service.py:2370
2025-02-06 00:45:31.062 37166 DEBUG heat.engine.service [req-c77a6fa5-9d71-4000-8cf6-0093e0d47203 - - - - -] Service c7bb8061-ba80-43bf-a265-39770aeceef8 is updated service_manage_report /usr/lib/python3/dist-packages/heat/engine/service.py:2370
2025-02-06 00:45:31.064 37167 DEBUG heat.engine.service [req-66368bdd-0b5b-4224-8d71-4bfe19fc17ce - - - - -] Service c09007dc-4af6-46cf-9e50-db46197abcbc is updated service_manage_report /usr/lib/python3/dist-packages/heat/engine/service.py:2370
2025-02-06 00:46:31.048 37168 DEBUG heat.engine.service [req-d7d234a9-1ef6-4a2e-b086-1ce661357c13 - - - - -] Service 4a839bab-8612-42f1-82a5-f0c7fb410497 is updated service_manage_report /usr/lib/python3/dist-packages/heat/engine/service.py:2370
2025-02-06 00:46:31.054 37169 DEBUG heat.engine.service [req-ba1625d2-06d5-48e3-b52a-4e61e6930fe3 - - - - -] Service c0b435ac-890b-4b5a-8e4b-4a9f0094367f is updated service_manage_report /usr/lib/python3/dist-packages/heat/engine/service.py:2370
2025-02-06 00:46:31.055 37166 DEBUG heat.engine.service [req-e1115db2-18a8-4c5c-825f-b12e15adb84e - - - - -] Service c7bb8061-ba80-43bf-a265-39770aeceef8 is updated service_manage_report /usr/lib/python3/dist-packages/heat/engine/service.py:2370
2025-02-06 00:46:31.068 37167 DEBUG heat.engine.service [req-825762c6-ad07-4d1e-be0e-e9f4e89794be - - - - -] Service c09007dc-4af6-46cf-9e50-db46197abcbc is updated service_manage_report /usr/lib/python3/dist-packages/heat/engine/service.py:2370
2025-02-06 00:47:31.050 37168 DEBUG heat.engine.service [req-727be8c9-2205-4f7b-927f-cfc5b3de42ed - - - - -] Service 4a839bab-8612-42f1-82a5-f0c7fb410497 is updated service_manage_report /usr/lib/python3/dist-packages/heat/engine/service.py:2370
2025-02-06 00:47:31.059 37169 DEBUG heat.engine.service [req-dcdbf639-6b42-4e2f-a9e2-577ec480ec28 - - - - -] Service c0b435ac-890b-4b5a-8e4b-4a9f0094367f is updated service_manage_report /usr/lib/python3/dist-packages/heat/engine/service.py:2370
2025-02-06 00:47:31.060 37166 DEBUG heat.engine.service [req-99ab87c4-dcc1-4808-8603-b8148ffab938 - - - - -] Service c7bb8061-ba80-43bf-a265-39770aeceef8 is updated service_manage_report /usr/lib/python3/dist-packages/heat/engine/service.py:2370
2025-02-06 00:47:31.072 37167 DEBUG heat.engine.service [req-c2970883-5827-447f-a7bf-d9938351d053 - - - - -] Service c09007dc-4af6-46cf-9e50-db46197abcbc is updated service_manage_report /usr/lib/python3/dist-packages/heat/engine/service.py:2370