2025-02-06 02:06:15.322 7 DEBUG oslo_service.service [-] ml2_type_gre.tunnel_id_ranges = [] log_opt_values /var/lib/kolla/venv/lib/python3.6/site-packages/oslo_config/cfg.py:2611
2025-02-06 02:06:15.322 7 DEBUG oslo_service.service [-] ml2_type_vlan.network_vlan_ranges = [] log_opt_values /var/lib/kolla/venv/lib/python3.6/site-packages/oslo_config/cfg.py:2611
2025-02-06 02:06:15.322 7 DEBUG oslo_service.service [-] ml2_type_vxlan.vni_ranges = [] log_opt_values /var/lib/kolla/venv/lib/python3.6/site-packages/oslo_config/cfg.py:2611
2025-02-06 02:06:15.322 7 DEBUG oslo_service.service [-] ml2_type_vxlan.vxlan_group = None log_opt_values /var/lib/kolla/venv/lib/python3.6/site-packages/oslo_config/cfg.py:2611
2025-02-06 02:06:15.322 7 DEBUG oslo_service.service [-] database.backend = sqlalchemy log_opt_values /var/lib/kolla/venv/lib/python3.6/site-packages/oslo_config/cfg.py:2611
2025-02-06 02:06:15.322 7 DEBUG oslo_service.service [-] database.connection = **** log_opt_values /var/lib/kolla/venv/lib/python3.6/site-packages/oslo_config/cfg.py:2611
2025-02-06 02:06:15.322 7 DEBUG oslo_service.service [-] database.connection_debug = 0 log_opt_values /var/lib/kolla/venv/lib/python3.6/site-packages/oslo_config/cfg.py:2611
2025-02-06 02:06:15.322 7 DEBUG oslo_service.service [-] database.connection_parameters = log_opt_values /var/lib/kolla/venv/lib/python3.6/site-packages/oslo_config/cfg.py:2611
2025-02-06 02:06:15.323 7 DEBUG oslo_service.service [-] database.connection_recycle_time = 10 log_opt_values /var/lib/kolla/venv/lib/python3.6/site-packages/oslo_config/cfg.py:2611
2025-02-06 02:06:15.323 7 DEBUG oslo_service.service [-] database.connection_trace = False log_opt_values /var/lib/kolla/venv/lib/python3.6/site-packages/oslo_config/cfg.py:2611
2025-02-06 02:06:15.323 7 DEBUG oslo_service.service [-] database.db_inc_retry_interval = True log_opt_values /var/lib/kolla/venv/lib/python3.6/site-packages/oslo_config/cfg.py:2611
2025-02-06 02:06:15.323 7 DEBUG oslo_service.service [-] database.db_max_retries = 20 log_opt_values /var/lib/kolla/venv/lib/python3.6/site-packages/oslo_config/cfg.py:2611
2025-02-06 02:06:15.323 7 DEBUG oslo_service.service [-] database.db_max_retry_interval = 10 log_opt_values /var/lib/kolla/venv/lib/python3.6/site-packages/oslo_config/cfg.py:2611
2025-02-06 02:06:15.323 7 DEBUG oslo_service.service [-] database.db_retry_interval = 1 log_opt_values /var/lib/kolla/venv/lib/python3.6/site-packages/oslo_config/cfg.py:2611
2025-02-06 02:06:15.323 7 DEBUG oslo_service.service [-] database.max_overflow = 50 log_opt_values /var/lib/kolla/venv/lib/python3.6/site-packages/oslo_config/cfg.py:2611
2025-02-06 02:06:15.323 7 DEBUG oslo_service.service [-] database.max_pool_size = 1 log_opt_values /var/lib/kolla/venv/lib/python3.6/site-packages/oslo_config/cfg.py:2611
2025-02-06 02:06:15.323 7 DEBUG oslo_service.service [-] database.max_retries = -1 log_opt_values /var/lib/kolla/venv/lib/python3.6/site-packages/oslo_config/cfg.py:2611
2025-02-06 02:06:15.323 7 DEBUG oslo_service.service [-] database.mysql_enable_ndb = False log_opt_values /var/lib/kolla/venv/lib/python3.6/site-packages/oslo_config/cfg.py:2611
2025-02-06 02:06:15.323 7 DEBUG oslo_service.service [-] database.mysql_sql_mode = TRADITIONAL log_opt_values /var/lib/kolla/venv/lib/python3.6/site-packages/oslo_config/cfg.py:2611
2025-02-06 02:06:15.323 7 DEBUG oslo_service.service [-] database.pool_timeout = None log_opt_values /var/lib/kolla/venv/lib/python3.6/site-packages/oslo_config/cfg.py:2611
2025-02-06 02:06:15.323 7 DEBUG oslo_service.service [-] database.retry_interval = 10 log_opt_values /var/lib/kolla/venv/lib/python3.6/site-packages/oslo_config/cfg.py:2611
2025-02-06 02:06:15.323 7 DEBUG oslo_service.service [-] database.slave_connection = **** log_opt_values /var/lib/kolla/venv/lib/python3.6/site-packages/oslo_config/cfg.py:2611
2025-02-06 02:06:15.323 7 DEBUG oslo_service.service [-] database.sqlite_synchronous = True log_opt_values /var/lib/kolla/venv/lib/python3.6/site-packages/oslo_config/cfg.py:2611
2025-02-06 02:06:15.324 7 DEBUG oslo_service.service [-] database.use_db_reconnect = False log_opt_values /var/lib/kolla/venv/lib/python3.6/site-packages/oslo_config/cfg.py:2611
2025-02-06 02:06:15.324 7 DEBUG oslo_service.service [-] ******************************************************************************** log_opt_values /var/lib/kolla/venv/lib/python3.6/site-packages/oslo_config/cfg.py:2613
2025-02-06 02:06:16.783 22 DEBUG neutron.wsgi [-] (22) accepted ('10.0.0.35', 43502) server /var/lib/kolla/venv/lib/python3.6/site-packages/eventlet/wsgi.py:1004
2025-02-06 02:06:16.790 22 INFO neutron.wsgi [-] 10.0.0.35 "GET / HTTP/1.1" status: 200 len: 227 time: 0.0053332
2025-02-06 02:06:20.913 23 DEBUG neutron.api.rpc.handlers.dhcp_rpc [req-c363b591-0927-4ea5-8e68-05b23b21cbbb - - - - -] get_active_networks_info from cn-jenkins-deploy-platform-ansible-os-2699-1 get_active_networks_info /var/lib/kolla/venv/lib/python3.6/site-packages/neutron/api/rpc/handlers/dhcp_rpc.py:159
2025-02-06 02:06:20.937 26 DEBUG neutron_lib.callbacks.manager [req-5bb672cb-bd10-4d88-aaaa-85ad8c88c415 - - - - -] Publish callbacks ['neutron.services.segments.db._update_segment_host_mapping_for_agent-8743312893555', 'neutron.services.l3_router.l3_router_plugin.DVRResourceOperationHandler.create_fip_agent_gw_ports-596227'] for agent (b258ed58-9145-45f9-9c6a-b68d47d88851), after_create _notify_loop /var/lib/kolla/venv/lib/python3.6/site-packages/neutron_lib/callbacks/manager.py:177
2025-02-06 02:06:20.954 23 DEBUG neutron.scheduler.dhcp_agent_scheduler [req-c363b591-0927-4ea5-8e68-05b23b21cbbb - - - - -] No non-hosted networks auto_schedule_networks /var/lib/kolla/venv/lib/python3.6/site-packages/neutron/scheduler/dhcp_agent_scheduler.py:60
2025-02-06 02:06:37.897 28 DEBUG neutron_lib.callbacks.manager [req-d0237920-7a29-4cf9-bb69-1463016f35b6 - - - - -] Publish callbacks ['neutron.services.segments.db._update_segment_host_mapping_for_agent-8743312893555', 'neutron.services.l3_router.l3_router_plugin.DVRResourceOperationHandler.create_fip_agent_gw_ports-596227'] for agent (7151c32a-82e8-4292-a6ca-027f58295111), after_create _notify_loop /var/lib/kolla/venv/lib/python3.6/site-packages/neutron_lib/callbacks/manager.py:177
2025-02-06 02:06:46.834 22 DEBUG neutron.wsgi [-] (22) accepted ('10.0.0.35', 35310) server /var/lib/kolla/venv/lib/python3.6/site-packages/eventlet/wsgi.py:1004
2025-02-06 02:06:46.838 22 INFO neutron.wsgi [-] 10.0.0.35 "GET / HTTP/1.1" status: 200 len: 227 time: 0.0031962
2025-02-06 02:06:50.928 25 DEBUG neutron_lib.callbacks.manager [req-9b30857d-7ff4-45fe-bfdc-92906eedfcb7 - - - - -] Publish callbacks ['neutron.services.segments.db._update_segment_host_mapping_for_agent-8743312893555', 'neutron.plugins.ml2.plugin.Ml2Plugin._retry_binding_revived_agents--9223372036853406832'] for agent (b258ed58-9145-45f9-9c6a-b68d47d88851), after_update _notify_loop /var/lib/kolla/venv/lib/python3.6/site-packages/neutron_lib/callbacks/manager.py:177
2025-02-06 02:07:07.885 24 DEBUG neutron_lib.callbacks.manager [req-d0237920-7a29-4cf9-bb69-1463016f35b6 - - - - -] Publish callbacks ['neutron.services.segments.db._update_segment_host_mapping_for_agent-8743312893555', 'neutron.plugins.ml2.plugin.Ml2Plugin._retry_binding_revived_agents--9223372036853406832'] for agent (7151c32a-82e8-4292-a6ca-027f58295111), after_update _notify_loop /var/lib/kolla/venv/lib/python3.6/site-packages/neutron_lib/callbacks/manager.py:177
2025-02-06 02:07:08.273 29 DEBUG neutron.db.agents_db [req-fffbeef7-0892-47c4-9781-79f0e832dd3f - - - - -] Agent healthcheck: found 2 active agents agent_health_check /var/lib/kolla/venv/lib/python3.6/site-packages/neutron/db/agents_db.py:318
2025-02-06 02:07:16.882 22 DEBUG neutron.wsgi [-] (22) accepted ('10.0.0.35', 48488) server /var/lib/kolla/venv/lib/python3.6/site-packages/eventlet/wsgi.py:1004
2025-02-06 02:07:16.886 22 INFO neutron.wsgi [-] 10.0.0.35 "GET / HTTP/1.1" status: 200 len: 227 time: 0.0029182
2025-02-06 02:07:20.915 23 DEBUG neutron_lib.callbacks.manager [req-5f17f460-8d66-4819-9076-a96e3f806372 - - - - -] Publish callbacks ['neutron.services.segments.db._update_segment_host_mapping_for_agent-8743312893555', 'neutron.plugins.ml2.plugin.Ml2Plugin._retry_binding_revived_agents--9223372036853406832'] for agent (b258ed58-9145-45f9-9c6a-b68d47d88851), after_update _notify_loop /var/lib/kolla/venv/lib/python3.6/site-packages/neutron_lib/callbacks/manager.py:177
2025-02-06 02:07:37.887 27 DEBUG neutron_lib.callbacks.manager [req-d0237920-7a29-4cf9-bb69-1463016f35b6 - - - - -] Publish callbacks ['neutron.services.segments.db._update_segment_host_mapping_for_agent-8743312893555', 'neutron.plugins.ml2.plugin.Ml2Plugin._retry_binding_revived_agents--9223372036853406832'] for agent (7151c32a-82e8-4292-a6ca-027f58295111), after_update _notify_loop /var/lib/kolla/venv/lib/python3.6/site-packages/neutron_lib/callbacks/manager.py:177
2025-02-06 02:07:45.271 29 DEBUG neutron.db.agents_db [req-fffbeef7-0892-47c4-9781-79f0e832dd3f - - - - -] Agent healthcheck: found 2 active agents agent_health_check /var/lib/kolla/venv/lib/python3.6/site-packages/neutron/db/agents_db.py:318
2025-02-06 02:07:46.931 22 DEBUG neutron.wsgi [-] (22) accepted ('10.0.0.35', 48248) server /var/lib/kolla/venv/lib/python3.6/site-packages/eventlet/wsgi.py:1004
2025-02-06 02:07:46.935 22 INFO neutron.wsgi [-] 10.0.0.35 "GET / HTTP/1.1" status: 200 len: 227 time: 0.0028691
2025-02-06 02:07:50.913 26 DEBUG neutron_lib.callbacks.manager [req-6a9115c4-0f38-483b-82f0-f13b49c9783e - - - - -] Publish callbacks ['neutron.services.segments.db._update_segment_host_mapping_for_agent-8743312893555', 'neutron.plugins.ml2.plugin.Ml2Plugin._retry_binding_revived_agents--9223372036853406832'] for agent (b258ed58-9145-45f9-9c6a-b68d47d88851), after_update _notify_loop /var/lib/kolla/venv/lib/python3.6/site-packages/neutron_lib/callbacks/manager.py:177
2025-02-06 02:08:07.877 28 DEBUG neutron_lib.callbacks.manager [req-d0237920-7a29-4cf9-bb69-1463016f35b6 - - - - -] Publish callbacks ['neutron.services.segments.db._update_segment_host_mapping_for_agent-8743312893555', 'neutron.plugins.ml2.plugin.Ml2Plugin._retry_binding_revived_agents--9223372036853406832'] for agent (7151c32a-82e8-4292-a6ca-027f58295111), after_update _notify_loop /var/lib/kolla/venv/lib/python3.6/site-packages/neutron_lib/callbacks/manager.py:177
2025-02-06 02:08:16.981 22 DEBUG neutron.wsgi [-] (22) accepted ('10.0.0.35', 44994) server /var/lib/kolla/venv/lib/python3.6/site-packages/eventlet/wsgi.py:1004
2025-02-06 02:08:16.985 22 INFO neutron.wsgi [-] 10.0.0.35 "GET / HTTP/1.1" status: 200 len: 227 time: 0.0031075
2025-02-06 02:08:20.909 25 DEBUG neutron_lib.callbacks.manager [req-2a2916d1-0444-435d-967d-10e7eabb2f42 - - - - -] Publish callbacks ['neutron.services.segments.db._update_segment_host_mapping_for_agent-8743312893555', 'neutron.plugins.ml2.plugin.Ml2Plugin._retry_binding_revived_agents--9223372036853406832'] for agent (b258ed58-9145-45f9-9c6a-b68d47d88851), after_update _notify_loop /var/lib/kolla/venv/lib/python3.6/site-packages/neutron_lib/callbacks/manager.py:177
2025-02-06 02:08:22.268 29 DEBUG neutron.db.agents_db [req-fffbeef7-0892-47c4-9781-79f0e832dd3f - - - - -] Agent healthcheck: found 2 active agents agent_health_check /var/lib/kolla/venv/lib/python3.6/site-packages/neutron/db/agents_db.py:318
2025-02-06 02:08:37.875 24 DEBUG neutron_lib.callbacks.manager [req-d0237920-7a29-4cf9-bb69-1463016f35b6 - - - - -] Publish callbacks ['neutron.services.segments.db._update_segment_host_mapping_for_agent-8743312893555', 'neutron.plugins.ml2.plugin.Ml2Plugin._retry_binding_revived_agents--9223372036853406832'] for agent (7151c32a-82e8-4292-a6ca-027f58295111), after_update _notify_loop /var/lib/kolla/venv/lib/python3.6/site-packages/neutron_lib/callbacks/manager.py:177
2025-02-06 02:08:47.030 22 DEBUG neutron.wsgi [-] (22) accepted ('10.0.0.35', 45992) server /var/lib/kolla/venv/lib/python3.6/site-packages/eventlet/wsgi.py:1004
2025-02-06 02:08:47.034 22 INFO neutron.wsgi [-] 10.0.0.35 "GET / HTTP/1.1" status: 200 len: 227 time: 0.0030808
2025-02-06 02:08:50.911 23 DEBUG neutron_lib.callbacks.manager [req-a41a0165-7355-49ba-996e-e3c7eec8b826 - - - - -] Publish callbacks ['neutron.services.segments.db._update_segment_host_mapping_for_agent-8743312893555', 'neutron.plugins.ml2.plugin.Ml2Plugin._retry_binding_revived_agents--9223372036853406832'] for agent (b258ed58-9145-45f9-9c6a-b68d47d88851), after_update _notify_loop /var/lib/kolla/venv/lib/python3.6/site-packages/neutron_lib/callbacks/manager.py:177
2025-02-06 02:08:59.266 29 DEBUG neutron.db.agents_db [req-fffbeef7-0892-47c4-9781-79f0e832dd3f - - - - -] Agent healthcheck: found 2 active agents agent_health_check /var/lib/kolla/venv/lib/python3.6/site-packages/neutron/db/agents_db.py:318
2025-02-06 02:09:07.877 27 DEBUG neutron_lib.callbacks.manager [req-d0237920-7a29-4cf9-bb69-1463016f35b6 - - - - -] Publish callbacks ['neutron.services.segments.db._update_segment_host_mapping_for_agent-8743312893555', 'neutron.plugins.ml2.plugin.Ml2Plugin._retry_binding_revived_agents--9223372036853406832'] for agent (7151c32a-82e8-4292-a6ca-027f58295111), after_update _notify_loop /var/lib/kolla/venv/lib/python3.6/site-packages/neutron_lib/callbacks/manager.py:177
2025-02-06 02:09:17.081 22 DEBUG neutron.wsgi [-] (22) accepted ('10.0.0.35', 49590) server /var/lib/kolla/venv/lib/python3.6/site-packages/eventlet/wsgi.py:1004
2025-02-06 02:09:17.085 22 INFO neutron.wsgi [-] 10.0.0.35 "GET / HTTP/1.1" status: 200 len: 227 time: 0.0028205
2025-02-06 02:09:20.907 26 DEBUG neutron_lib.callbacks.manager [req-ffdf9600-1b0d-44ca-91c6-63cdcea8a786 - - - - -] Publish callbacks ['neutron.services.segments.db._update_segment_host_mapping_for_agent-8743312893555', 'neutron.plugins.ml2.plugin.Ml2Plugin._retry_binding_revived_agents--9223372036853406832'] for agent (b258ed58-9145-45f9-9c6a-b68d47d88851), after_update _notify_loop /var/lib/kolla/venv/lib/python3.6/site-packages/neutron_lib/callbacks/manager.py:177
2025-02-06 02:09:36.263 29 DEBUG neutron.db.agents_db [req-fffbeef7-0892-47c4-9781-79f0e832dd3f - - - - -] Agent healthcheck: found 2 active agents agent_health_check /var/lib/kolla/venv/lib/python3.6/site-packages/neutron/db/agents_db.py:318
2025-02-06 02:09:37.878 28 DEBUG neutron_lib.callbacks.manager [req-d0237920-7a29-4cf9-bb69-1463016f35b6 - - - - -] Publish callbacks ['neutron.services.segments.db._update_segment_host_mapping_for_agent-8743312893555', 'neutron.plugins.ml2.plugin.Ml2Plugin._retry_binding_revived_agents--9223372036853406832'] for agent (7151c32a-82e8-4292-a6ca-027f58295111), after_update _notify_loop /var/lib/kolla/venv/lib/python3.6/site-packages/neutron_lib/callbacks/manager.py:177
2025-02-06 02:09:47.129 22 DEBUG neutron.wsgi [-] (22) accepted ('10.0.0.35', 53828) server /var/lib/kolla/venv/lib/python3.6/site-packages/eventlet/wsgi.py:1004
2025-02-06 02:09:47.133 22 INFO neutron.wsgi [-] 10.0.0.35 "GET / HTTP/1.1" status: 200 len: 227 time: 0.0028114
2025-02-06 02:09:50.903 25 DEBUG neutron_lib.callbacks.manager [req-b045513d-54a2-421b-b10c-92012461f21e - - - - -] Publish callbacks ['neutron.services.segments.db._update_segment_host_mapping_for_agent-8743312893555', 'neutron.plugins.ml2.plugin.Ml2Plugin._retry_binding_revived_agents--9223372036853406832'] for agent (b258ed58-9145-45f9-9c6a-b68d47d88851), after_update _notify_loop /var/lib/kolla/venv/lib/python3.6/site-packages/neutron_lib/callbacks/manager.py:177
2025-02-06 02:10:07.880 24 DEBUG neutron_lib.callbacks.manager [req-d0237920-7a29-4cf9-bb69-1463016f35b6 - - - - -] Publish callbacks ['neutron.services.segments.db._update_segment_host_mapping_for_agent-8743312893555', 'neutron.plugins.ml2.plugin.Ml2Plugin._retry_binding_revived_agents--9223372036853406832'] for agent (7151c32a-82e8-4292-a6ca-027f58295111), after_update _notify_loop /var/lib/kolla/venv/lib/python3.6/site-packages/neutron_lib/callbacks/manager.py:177
2025-02-06 02:10:13.260 29 DEBUG neutron.db.agents_db [req-fffbeef7-0892-47c4-9781-79f0e832dd3f - - - - -] Agent healthcheck: found 2 active agents agent_health_check /var/lib/kolla/venv/lib/python3.6/site-packages/neutron/db/agents_db.py:318
2025-02-06 02:10:17.177 22 DEBUG neutron.wsgi [-] (22) accepted ('10.0.0.35', 46214) server /var/lib/kolla/venv/lib/python3.6/site-packages/eventlet/wsgi.py:1004
2025-02-06 02:10:17.181 22 INFO neutron.wsgi [-] 10.0.0.35 "GET / HTTP/1.1" status: 200 len: 227 time: 0.0028472
2025-02-06 02:10:20.900 23 DEBUG neutron_lib.callbacks.manager [req-06b05121-03af-4e2d-85c1-1dc263bf69df - - - - -] Publish callbacks ['neutron.services.segments.db._update_segment_host_mapping_for_agent-8743312893555', 'neutron.plugins.ml2.plugin.Ml2Plugin._retry_binding_revived_agents--9223372036853406832'] for agent (b258ed58-9145-45f9-9c6a-b68d47d88851), after_update _notify_loop /var/lib/kolla/venv/lib/python3.6/site-packages/neutron_lib/callbacks/manager.py:177
2025-02-06 02:10:37.883 27 DEBUG neutron_lib.callbacks.manager [req-d0237920-7a29-4cf9-bb69-1463016f35b6 - - - - -] Publish callbacks ['neutron.services.segments.db._update_segment_host_mapping_for_agent-8743312893555', 'neutron.plugins.ml2.plugin.Ml2Plugin._retry_binding_revived_agents--9223372036853406832'] for agent (7151c32a-82e8-4292-a6ca-027f58295111), after_update _notify_loop /var/lib/kolla/venv/lib/python3.6/site-packages/neutron_lib/callbacks/manager.py:177
2025-02-06 02:10:47.227 22 DEBUG neutron.wsgi [-] (22) accepted ('10.0.0.35', 59446) server /var/lib/kolla/venv/lib/python3.6/site-packages/eventlet/wsgi.py:1004
2025-02-06 02:10:47.232 22 INFO neutron.wsgi [-] 10.0.0.35 "GET / HTTP/1.1" status: 200 len: 227 time: 0.0048058
2025-02-06 02:10:50.256 29 DEBUG neutron.db.agents_db [req-fffbeef7-0892-47c4-9781-79f0e832dd3f - - - - -] Agent healthcheck: found 2 active agents agent_health_check /var/lib/kolla/venv/lib/python3.6/site-packages/neutron/db/agents_db.py:318
2025-02-06 02:10:50.898 26 DEBUG neutron_lib.callbacks.manager [req-45b29208-d401-4e46-b35a-1031ff9b7209 - - - - -] Publish callbacks ['neutron.services.segments.db._update_segment_host_mapping_for_agent-8743312893555', 'neutron.plugins.ml2.plugin.Ml2Plugin._retry_binding_revived_agents--9223372036853406832'] for agent (b258ed58-9145-45f9-9c6a-b68d47d88851), after_update _notify_loop /var/lib/kolla/venv/lib/python3.6/site-packages/neutron_lib/callbacks/manager.py:177
2025-02-06 02:11:07.886 28 DEBUG neutron_lib.callbacks.manager [req-d0237920-7a29-4cf9-bb69-1463016f35b6 - - - - -] Publish callbacks ['neutron.services.segments.db._update_segment_host_mapping_for_agent-8743312893555', 'neutron.plugins.ml2.plugin.Ml2Plugin._retry_binding_revived_agents--9223372036853406832'] for agent (7151c32a-82e8-4292-a6ca-027f58295111), after_update _notify_loop /var/lib/kolla/venv/lib/python3.6/site-packages/neutron_lib/callbacks/manager.py:177
2025-02-06 02:11:17.276 22 DEBUG neutron.wsgi [-] (22) accepted ('10.0.0.35', 40854) server /var/lib/kolla/venv/lib/python3.6/site-packages/eventlet/wsgi.py:1004
2025-02-06 02:11:17.279 22 INFO neutron.wsgi [-] 10.0.0.35 "GET / HTTP/1.1" status: 200 len: 227 time: 0.0026894
2025-02-06 02:11:20.895 25 DEBUG neutron_lib.callbacks.manager [req-f35ea37d-fec9-4cf2-a65f-79bd4455520b - - - - -] Publish callbacks ['neutron.services.segments.db._update_segment_host_mapping_for_agent-8743312893555', 'neutron.plugins.ml2.plugin.Ml2Plugin._retry_binding_revived_agents--9223372036853406832'] for agent (b258ed58-9145-45f9-9c6a-b68d47d88851), after_update _notify_loop /var/lib/kolla/venv/lib/python3.6/site-packages/neutron_lib/callbacks/manager.py:177
2025-02-06 02:11:27.252 29 DEBUG neutron.db.agents_db [req-fffbeef7-0892-47c4-9781-79f0e832dd3f - - - - -] Agent healthcheck: found 2 active agents agent_health_check /var/lib/kolla/venv/lib/python3.6/site-packages/neutron/db/agents_db.py:318
2025-02-06 02:11:37.888 24 DEBUG neutron_lib.callbacks.manager [req-d0237920-7a29-4cf9-bb69-1463016f35b6 - - - - -] Publish callbacks ['neutron.services.segments.db._update_segment_host_mapping_for_agent-8743312893555', 'neutron.plugins.ml2.plugin.Ml2Plugin._retry_binding_revived_agents--9223372036853406832'] for agent (7151c32a-82e8-4292-a6ca-027f58295111), after_update _notify_loop /var/lib/kolla/venv/lib/python3.6/site-packages/neutron_lib/callbacks/manager.py:177
2025-02-06 02:11:47.327 22 DEBUG neutron.wsgi [-] (22) accepted ('10.0.0.35', 59652) server /var/lib/kolla/venv/lib/python3.6/site-packages/eventlet/wsgi.py:1004
2025-02-06 02:11:47.333 22 INFO neutron.wsgi [-] 10.0.0.35 "GET / HTTP/1.1" status: 200 len: 227 time: 0.0037353
2025-02-06 02:11:50.935 23 DEBUG neutron_lib.callbacks.manager [req-9bff2e2c-b909-46f7-a271-4fe2ae429d04 - - - - -] Publish callbacks ['neutron.services.segments.db._update_segment_host_mapping_for_agent-8743312893555', 'neutron.plugins.ml2.plugin.Ml2Plugin._retry_binding_revived_agents--9223372036853406832'] for agent (b258ed58-9145-45f9-9c6a-b68d47d88851), after_update _notify_loop /var/lib/kolla/venv/lib/python3.6/site-packages/neutron_lib/callbacks/manager.py:177
2025-02-06 02:12:04.250 29 DEBUG neutron.db.agents_db [req-fffbeef7-0892-47c4-9781-79f0e832dd3f - - - - -] Agent healthcheck: found 2 active agents agent_health_check /var/lib/kolla/venv/lib/python3.6/site-packages/neutron/db/agents_db.py:318
2025-02-06 02:12:07.889 27 DEBUG neutron_lib.callbacks.manager [req-d0237920-7a29-4cf9-bb69-1463016f35b6 - - - - -] Publish callbacks ['neutron.services.segments.db._update_segment_host_mapping_for_agent-8743312893555', 'neutron.plugins.ml2.plugin.Ml2Plugin._retry_binding_revived_agents--9223372036853406832'] for agent (7151c32a-82e8-4292-a6ca-027f58295111), after_update _notify_loop /var/lib/kolla/venv/lib/python3.6/site-packages/neutron_lib/callbacks/manager.py:177
2025-02-06 02:12:17.378 22 DEBUG neutron.wsgi [-] (22) accepted ('10.0.0.35', 40886) server /var/lib/kolla/venv/lib/python3.6/site-packages/eventlet/wsgi.py:1004
2025-02-06 02:12:17.381 22 INFO neutron.wsgi [-] 10.0.0.35 "GET / HTTP/1.1" status: 200 len: 227 time: 0.0028372
2025-02-06 02:12:20.893 26 DEBUG neutron_lib.callbacks.manager [req-ca3aa63f-588d-47af-8949-67c98522f516 - - - - -] Publish callbacks ['neutron.services.segments.db._update_segment_host_mapping_for_agent-8743312893555', 'neutron.plugins.ml2.plugin.Ml2Plugin._retry_binding_revived_agents--9223372036853406832'] for agent (b258ed58-9145-45f9-9c6a-b68d47d88851), after_update _notify_loop /var/lib/kolla/venv/lib/python3.6/site-packages/neutron_lib/callbacks/manager.py:177
2025-02-06 02:12:37.890 28 DEBUG neutron_lib.callbacks.manager [req-d0237920-7a29-4cf9-bb69-1463016f35b6 - - - - -] Publish callbacks ['neutron.services.segments.db._update_segment_host_mapping_for_agent-8743312893555', 'neutron.plugins.ml2.plugin.Ml2Plugin._retry_binding_revived_agents--9223372036853406832'] for agent (7151c32a-82e8-4292-a6ca-027f58295111), after_update _notify_loop /var/lib/kolla/venv/lib/python3.6/site-packages/neutron_lib/callbacks/manager.py:177
2025-02-06 02:12:41.247 29 DEBUG neutron.db.agents_db [req-fffbeef7-0892-47c4-9781-79f0e832dd3f - - - - -] Agent healthcheck: found 2 active agents agent_health_check /var/lib/kolla/venv/lib/python3.6/site-packages/neutron/db/agents_db.py:318
2025-02-06 02:12:47.425 22 DEBUG neutron.wsgi [-] (22) accepted ('10.0.0.35', 50596) server /var/lib/kolla/venv/lib/python3.6/site-packages/eventlet/wsgi.py:1004
2025-02-06 02:12:47.430 22 INFO neutron.wsgi [-] 10.0.0.35 "GET / HTTP/1.1" status: 200 len: 227 time: 0.0043061
2025-02-06 02:12:50.902 25 DEBUG neutron_lib.callbacks.manager [req-4717be6c-6b06-4bef-a2c8-3028399ae6fd - - - - -] Publish callbacks ['neutron.services.segments.db._update_segment_host_mapping_for_agent-8743312893555', 'neutron.plugins.ml2.plugin.Ml2Plugin._retry_binding_revived_agents--9223372036853406832'] for agent (b258ed58-9145-45f9-9c6a-b68d47d88851), after_update _notify_loop /var/lib/kolla/venv/lib/python3.6/site-packages/neutron_lib/callbacks/manager.py:177
2025-02-06 02:13:07.893 24 DEBUG neutron_lib.callbacks.manager [req-d0237920-7a29-4cf9-bb69-1463016f35b6 - - - - -] Publish callbacks ['neutron.services.segments.db._update_segment_host_mapping_for_agent-8743312893555', 'neutron.plugins.ml2.plugin.Ml2Plugin._retry_binding_revived_agents--9223372036853406832'] for agent (7151c32a-82e8-4292-a6ca-027f58295111), after_update _notify_loop /var/lib/kolla/venv/lib/python3.6/site-packages/neutron_lib/callbacks/manager.py:177
2025-02-06 02:13:17.475 22 DEBUG neutron.wsgi [-] (22) accepted ('10.0.0.35', 55752) server /var/lib/kolla/venv/lib/python3.6/site-packages/eventlet/wsgi.py:1004
2025-02-06 02:13:17.479 22 INFO neutron.wsgi [-] 10.0.0.35 "GET / HTTP/1.1" status: 200 len: 227 time: 0.0033729
2025-02-06 02:13:18.244 29 DEBUG neutron.db.agents_db [req-fffbeef7-0892-47c4-9781-79f0e832dd3f - - - - -] Agent healthcheck: found 2 active agents agent_health_check /var/lib/kolla/venv/lib/python3.6/site-packages/neutron/db/agents_db.py:318
2025-02-06 02:13:20.890 23 DEBUG neutron_lib.callbacks.manager [req-5ad65fb9-cf50-4796-a9f3-dc7e6eb1aa3a - - - - -] Publish callbacks ['neutron.services.segments.db._update_segment_host_mapping_for_agent-8743312893555', 'neutron.plugins.ml2.plugin.Ml2Plugin._retry_binding_revived_agents--9223372036853406832'] for agent (b258ed58-9145-45f9-9c6a-b68d47d88851), after_update _notify_loop /var/lib/kolla/venv/lib/python3.6/site-packages/neutron_lib/callbacks/manager.py:177
2025-02-06 02:13:37.895 27 DEBUG neutron_lib.callbacks.manager [req-d0237920-7a29-4cf9-bb69-1463016f35b6 - - - - -] Publish callbacks ['neutron.services.segments.db._update_segment_host_mapping_for_agent-8743312893555', 'neutron.plugins.ml2.plugin.Ml2Plugin._retry_binding_revived_agents--9223372036853406832'] for agent (7151c32a-82e8-4292-a6ca-027f58295111), after_update _notify_loop /var/lib/kolla/venv/lib/python3.6/site-packages/neutron_lib/callbacks/manager.py:177
2025-02-06 02:13:47.525 22 DEBUG neutron.wsgi [-] (22) accepted ('10.0.0.35', 38152) server /var/lib/kolla/venv/lib/python3.6/site-packages/eventlet/wsgi.py:1004
2025-02-06 02:13:47.529 22 INFO neutron.wsgi [-] 10.0.0.35 "GET / HTTP/1.1" status: 200 len: 227 time: 0.0027473
2025-02-06 02:13:50.886 26 DEBUG neutron_lib.callbacks.manager [req-d95a48ba-d6cd-4861-aa9a-1502a81ed7ea - - - - -] Publish callbacks ['neutron.services.segments.db._update_segment_host_mapping_for_agent-8743312893555', 'neutron.plugins.ml2.plugin.Ml2Plugin._retry_binding_revived_agents--9223372036853406832'] for agent (b258ed58-9145-45f9-9c6a-b68d47d88851), after_update _notify_loop /var/lib/kolla/venv/lib/python3.6/site-packages/neutron_lib/callbacks/manager.py:177
2025-02-06 02:13:55.239 29 DEBUG neutron.db.agents_db [req-fffbeef7-0892-47c4-9781-79f0e832dd3f - - - - -] Agent healthcheck: found 2 active agents agent_health_check /var/lib/kolla/venv/lib/python3.6/site-packages/neutron/db/agents_db.py:318
2025-02-06 02:14:07.897 28 DEBUG neutron_lib.callbacks.manager [req-d0237920-7a29-4cf9-bb69-1463016f35b6 - - - - -] Publish callbacks ['neutron.services.segments.db._update_segment_host_mapping_for_agent-8743312893555', 'neutron.plugins.ml2.plugin.Ml2Plugin._retry_binding_revived_agents--9223372036853406832'] for agent (7151c32a-82e8-4292-a6ca-027f58295111), after_update _notify_loop /var/lib/kolla/venv/lib/python3.6/site-packages/neutron_lib/callbacks/manager.py:177
2025-02-06 02:14:17.576 22 DEBUG neutron.wsgi [-] (22) accepted ('10.0.0.35', 38664) server /var/lib/kolla/venv/lib/python3.6/site-packages/eventlet/wsgi.py:1004
2025-02-06 02:14:17.580 22 INFO neutron.wsgi [-] 10.0.0.35 "GET / HTTP/1.1" status: 200 len: 227 time: 0.0029271
2025-02-06 02:14:20.884 25 DEBUG neutron_lib.callbacks.manager [req-97e000e6-a45c-4cc2-8ee8-2c5d02da7b42 - - - - -] Publish callbacks ['neutron.services.segments.db._update_segment_host_mapping_for_agent-8743312893555', 'neutron.plugins.ml2.plugin.Ml2Plugin._retry_binding_revived_agents--9223372036853406832'] for agent (b258ed58-9145-45f9-9c6a-b68d47d88851), after_update _notify_loop /var/lib/kolla/venv/lib/python3.6/site-packages/neutron_lib/callbacks/manager.py:177
2025-02-06 02:14:32.249 29 DEBUG neutron.db.agents_db [req-fffbeef7-0892-47c4-9781-79f0e832dd3f - - - - -] Agent healthcheck: found 2 active agents agent_health_check /var/lib/kolla/venv/lib/python3.6/site-packages/neutron/db/agents_db.py:318
2025-02-06 02:14:37.901 24 DEBUG neutron_lib.callbacks.manager [req-d0237920-7a29-4cf9-bb69-1463016f35b6 - - - - -] Publish callbacks ['neutron.services.segments.db._update_segment_host_mapping_for_agent-8743312893555', 'neutron.plugins.ml2.plugin.Ml2Plugin._retry_binding_revived_agents--9223372036853406832'] for agent (7151c32a-82e8-4292-a6ca-027f58295111), after_update _notify_loop /var/lib/kolla/venv/lib/python3.6/site-packages/neutron_lib/callbacks/manager.py:177
2025-02-06 02:14:47.630 22 DEBUG neutron.wsgi [-] (22) accepted ('10.0.0.35', 39032) server /var/lib/kolla/venv/lib/python3.6/site-packages/eventlet/wsgi.py:1004
2025-02-06 02:14:47.634 22 INFO neutron.wsgi [-] 10.0.0.35 "GET / HTTP/1.1" status: 200 len: 227 time: 0.0028598
2025-02-06 02:14:50.880 23 DEBUG neutron_lib.callbacks.manager [req-b96c6d7f-331f-4142-8b2e-5007b9a6b24b - - - - -] Publish callbacks ['neutron.services.segments.db._update_segment_host_mapping_for_agent-8743312893555', 'neutron.plugins.ml2.plugin.Ml2Plugin._retry_binding_revived_agents--9223372036853406832'] for agent (b258ed58-9145-45f9-9c6a-b68d47d88851), after_update _notify_loop /var/lib/kolla/venv/lib/python3.6/site-packages/neutron_lib/callbacks/manager.py:177
2025-02-06 02:15:07.905 27 DEBUG neutron_lib.callbacks.manager [req-d0237920-7a29-4cf9-bb69-1463016f35b6 - - - - -] Publish callbacks ['neutron.services.segments.db._update_segment_host_mapping_for_agent-8743312893555', 'neutron.plugins.ml2.plugin.Ml2Plugin._retry_binding_revived_agents--9223372036853406832'] for agent (7151c32a-82e8-4292-a6ca-027f58295111), after_update _notify_loop /var/lib/kolla/venv/lib/python3.6/site-packages/neutron_lib/callbacks/manager.py:177
2025-02-06 02:15:09.246 29 DEBUG neutron.db.agents_db [req-fffbeef7-0892-47c4-9781-79f0e832dd3f - - - - -] Agent healthcheck: found 2 active agents agent_health_check /var/lib/kolla/venv/lib/python3.6/site-packages/neutron/db/agents_db.py:318
2025-02-06 02:15:17.677 22 DEBUG neutron.wsgi [-] (22) accepted ('10.0.0.35', 36860) server /var/lib/kolla/venv/lib/python3.6/site-packages/eventlet/wsgi.py:1004
2025-02-06 02:15:17.681 22 INFO neutron.wsgi [-] 10.0.0.35 "GET / HTTP/1.1" status: 200 len: 227 time: 0.0027082
2025-02-06 02:15:20.876 26 DEBUG neutron_lib.callbacks.manager [req-34d22b12-5f5d-4e2c-b6ed-019de4080adb - - - - -] Publish callbacks ['neutron.services.segments.db._update_segment_host_mapping_for_agent-8743312893555', 'neutron.plugins.ml2.plugin.Ml2Plugin._retry_binding_revived_agents--9223372036853406832'] for agent (b258ed58-9145-45f9-9c6a-b68d47d88851), after_update _notify_loop /var/lib/kolla/venv/lib/python3.6/site-packages/neutron_lib/callbacks/manager.py:177
2025-02-06 02:15:37.903 28 DEBUG neutron_lib.callbacks.manager [req-d0237920-7a29-4cf9-bb69-1463016f35b6 - - - - -] Publish callbacks ['neutron.services.segments.db._update_segment_host_mapping_for_agent-8743312893555', 'neutron.plugins.ml2.plugin.Ml2Plugin._retry_binding_revived_agents--9223372036853406832'] for agent (7151c32a-82e8-4292-a6ca-027f58295111), after_update _notify_loop /var/lib/kolla/venv/lib/python3.6/site-packages/neutron_lib/callbacks/manager.py:177
2025-02-06 02:15:46.243 29 DEBUG neutron.db.agents_db [req-fffbeef7-0892-47c4-9781-79f0e832dd3f - - - - -] Agent healthcheck: found 2 active agents agent_health_check /var/lib/kolla/venv/lib/python3.6/site-packages/neutron/db/agents_db.py:318
2025-02-06 02:15:47.727 22 DEBUG neutron.wsgi [-] (22) accepted ('10.0.0.35', 37674) server /var/lib/kolla/venv/lib/python3.6/site-packages/eventlet/wsgi.py:1004
2025-02-06 02:15:47.731 22 INFO neutron.wsgi [-] 10.0.0.35 "GET / HTTP/1.1" status: 200 len: 227 time: 0.0032458
2025-02-06 02:15:50.873 25 DEBUG neutron_lib.callbacks.manager [req-5c890f06-d231-47e0-b6e4-20ea5cd1ecbc - - - - -] Publish callbacks ['neutron.services.segments.db._update_segment_host_mapping_for_agent-8743312893555', 'neutron.plugins.ml2.plugin.Ml2Plugin._retry_binding_revived_agents--9223372036853406832'] for agent (b258ed58-9145-45f9-9c6a-b68d47d88851), after_update _notify_loop /var/lib/kolla/venv/lib/python3.6/site-packages/neutron_lib/callbacks/manager.py:177
2025-02-06 02:16:07.905 24 DEBUG neutron_lib.callbacks.manager [req-d0237920-7a29-4cf9-bb69-1463016f35b6 - - - - -] Publish callbacks ['neutron.services.segments.db._update_segment_host_mapping_for_agent-8743312893555', 'neutron.plugins.ml2.plugin.Ml2Plugin._retry_binding_revived_agents--9223372036853406832'] for agent (7151c32a-82e8-4292-a6ca-027f58295111), after_update _notify_loop /var/lib/kolla/venv/lib/python3.6/site-packages/neutron_lib/callbacks/manager.py:177
2025-02-06 02:16:17.775 22 DEBUG neutron.wsgi [-] (22) accepted ('10.0.0.35', 43192) server /var/lib/kolla/venv/lib/python3.6/site-packages/eventlet/wsgi.py:1004
2025-02-06 02:16:17.779 22 INFO neutron.wsgi [-] 10.0.0.35 "GET / HTTP/1.1" status: 200 len: 227 time: 0.0028040
2025-02-06 02:16:20.870 23 DEBUG neutron_lib.callbacks.manager [req-6531659a-a2d8-4787-8c31-f7291ee6f809 - - - - -] Publish callbacks ['neutron.services.segments.db._update_segment_host_mapping_for_agent-8743312893555', 'neutron.plugins.ml2.plugin.Ml2Plugin._retry_binding_revived_agents--9223372036853406832'] for agent (b258ed58-9145-45f9-9c6a-b68d47d88851), after_update _notify_loop /var/lib/kolla/venv/lib/python3.6/site-packages/neutron_lib/callbacks/manager.py:177
2025-02-06 02:16:23.240 29 DEBUG neutron.db.agents_db [req-fffbeef7-0892-47c4-9781-79f0e832dd3f - - - - -] Agent healthcheck: found 2 active agents agent_health_check /var/lib/kolla/venv/lib/python3.6/site-packages/neutron/db/agents_db.py:318
2025-02-06 02:16:37.907 27 DEBUG neutron_lib.callbacks.manager [req-d0237920-7a29-4cf9-bb69-1463016f35b6 - - - - -] Publish callbacks ['neutron.services.segments.db._update_segment_host_mapping_for_agent-8743312893555', 'neutron.plugins.ml2.plugin.Ml2Plugin._retry_binding_revived_agents--9223372036853406832'] for agent (7151c32a-82e8-4292-a6ca-027f58295111), after_update _notify_loop /var/lib/kolla/venv/lib/python3.6/site-packages/neutron_lib/callbacks/manager.py:177
2025-02-06 02:16:47.829 22 DEBUG neutron.wsgi [-] (22) accepted ('10.0.0.35', 47290) server /var/lib/kolla/venv/lib/python3.6/site-packages/eventlet/wsgi.py:1004
2025-02-06 02:16:47.835 22 INFO neutron.wsgi [-] 10.0.0.35 "GET / HTTP/1.1" status: 200 len: 227 time: 0.0028450
2025-02-06 02:16:50.868 26 DEBUG neutron_lib.callbacks.manager [req-aec48c2a-b06c-41af-ae43-eadd01478614 - - - - -] Publish callbacks ['neutron.services.segments.db._update_segment_host_mapping_for_agent-8743312893555', 'neutron.plugins.ml2.plugin.Ml2Plugin._retry_binding_revived_agents--9223372036853406832'] for agent (b258ed58-9145-45f9-9c6a-b68d47d88851), after_update _notify_loop /var/lib/kolla/venv/lib/python3.6/site-packages/neutron_lib/callbacks/manager.py:177
2025-02-06 02:17:00.236 29 DEBUG neutron.db.agents_db [req-fffbeef7-0892-47c4-9781-79f0e832dd3f - - - - -] Agent healthcheck: found 2 active agents agent_health_check /var/lib/kolla/venv/lib/python3.6/site-packages/neutron/db/agents_db.py:318
2025-02-06 02:17:07.908 28 DEBUG neutron_lib.callbacks.manager [req-d0237920-7a29-4cf9-bb69-1463016f35b6 - - - - -] Publish callbacks ['neutron.services.segments.db._update_segment_host_mapping_for_agent-8743312893555', 'neutron.plugins.ml2.plugin.Ml2Plugin._retry_binding_revived_agents--9223372036853406832'] for agent (7151c32a-82e8-4292-a6ca-027f58295111), after_update _notify_loop /var/lib/kolla/venv/lib/python3.6/site-packages/neutron_lib/callbacks/manager.py:177
2025-02-06 02:17:17.884 22 DEBUG neutron.wsgi [-] (22) accepted ('10.0.0.35', 54468) server /var/lib/kolla/venv/lib/python3.6/site-packages/eventlet/wsgi.py:1004
2025-02-06 02:17:17.887 22 INFO neutron.wsgi [-] 10.0.0.35 "GET / HTTP/1.1" status: 200 len: 227 time: 0.0027192
2025-02-06 02:17:20.866 25 DEBUG neutron_lib.callbacks.manager [req-9522f4b1-2095-493a-a043-0119f675d1c3 - - - - -] Publish callbacks ['neutron.services.segments.db._update_segment_host_mapping_for_agent-8743312893555', 'neutron.plugins.ml2.plugin.Ml2Plugin._retry_binding_revived_agents--9223372036853406832'] for agent (b258ed58-9145-45f9-9c6a-b68d47d88851), after_update _notify_loop /var/lib/kolla/venv/lib/python3.6/site-packages/neutron_lib/callbacks/manager.py:177
2025-02-06 02:17:37.234 29 DEBUG neutron.db.agents_db [req-fffbeef7-0892-47c4-9781-79f0e832dd3f - - - - -] Agent healthcheck: found 2 active agents agent_health_check /var/lib/kolla/venv/lib/python3.6/site-packages/neutron/db/agents_db.py:318
2025-02-06 02:17:37.910 24 DEBUG neutron_lib.callbacks.manager [req-d0237920-7a29-4cf9-bb69-1463016f35b6 - - - - -] Publish callbacks ['neutron.services.segments.db._update_segment_host_mapping_for_agent-8743312893555', 'neutron.plugins.ml2.plugin.Ml2Plugin._retry_binding_revived_agents--9223372036853406832'] for agent (7151c32a-82e8-4292-a6ca-027f58295111), after_update _notify_loop /var/lib/kolla/venv/lib/python3.6/site-packages/neutron_lib/callbacks/manager.py:177
2025-02-06 02:17:47.941 22 DEBUG neutron.wsgi [-] (22) accepted ('10.0.0.35', 36880) server /var/lib/kolla/venv/lib/python3.6/site-packages/eventlet/wsgi.py:1004
2025-02-06 02:17:47.944 22 INFO neutron.wsgi [-] 10.0.0.35 "GET / HTTP/1.1" status: 200 len: 227 time: 0.0028536
2025-02-06 02:17:50.863 23 DEBUG neutron_lib.callbacks.manager [req-a091c50f-df64-48dc-bb9b-f3a8b9a180c0 - - - - -] Publish callbacks ['neutron.services.segments.db._update_segment_host_mapping_for_agent-8743312893555', 'neutron.plugins.ml2.plugin.Ml2Plugin._retry_binding_revived_agents--9223372036853406832'] for agent (b258ed58-9145-45f9-9c6a-b68d47d88851), after_update _notify_loop /var/lib/kolla/venv/lib/python3.6/site-packages/neutron_lib/callbacks/manager.py:177
2025-02-06 02:17:56.518 7 INFO oslo_service.service [-] Caught SIGTERM, stopping children
2025-02-06 02:17:56.518 7 DEBUG oslo_concurrency.lockutils [-] Acquired lock "singleton_lock" lock /var/lib/kolla/venv/lib/python3.6/site-packages/oslo_concurrency/lockutils.py:294
2025-02-06 02:17:56.519 7 DEBUG oslo_concurrency.lockutils [-] Releasing lock "singleton_lock" lock /var/lib/kolla/venv/lib/python3.6/site-packages/oslo_concurrency/lockutils.py:312
2025-02-06 02:17:56.519 7 DEBUG oslo_service.service [-] Stop services. stop /var/lib/kolla/venv/lib/python3.6/site-packages/oslo_service/service.py:695
2025-02-06 02:17:56.519 7 DEBUG neutron.service [-] calling RpcWorker stop() stop /var/lib/kolla/venv/lib/python3.6/site-packages/neutron/service.py:138
2025-02-06 02:17:56.519 7 DEBUG neutron.service [-] calling RpcWorker stop() stop /var/lib/kolla/venv/lib/python3.6/site-packages/neutron/service.py:138
2025-02-06 02:17:56.519 7 DEBUG oslo_service.service [-] Killing children. stop /var/lib/kolla/venv/lib/python3.6/site-packages/oslo_service/service.py:700
2025-02-06 02:17:56.519 7 INFO oslo_service.service [-] Waiting on 8 children to exit
2025-02-06 02:17:56.520 29 DEBUG neutron.service [-] calling RpcWorker stop() stop /var/lib/kolla/venv/lib/python3.6/site-packages/neutron/service.py:138
2025-02-06 02:17:56.520 26 DEBUG neutron.service [-] calling RpcWorker stop() stop /var/lib/kolla/venv/lib/python3.6/site-packages/neutron/service.py:138
2025-02-06 02:17:56.520 29 DEBUG neutron.service [-] calling stop on stop /var/lib/kolla/venv/lib/python3.6/site-packages/neutron/service.py:141
2025-02-06 02:17:56.522 22 INFO neutron.wsgi [-] (22) wsgi exited, is_accepting=True
2025-02-06 02:17:56.522 22 DEBUG oslo_concurrency.lockutils [req-c9277623-6969-4a72-8e38-dd4587c10376 - - - - -] Acquired lock "singleton_lock" lock /var/lib/kolla/venv/lib/python3.6/site-packages/oslo_concurrency/lockutils.py:294
2025-02-06 02:17:56.523 22 DEBUG oslo_concurrency.lockutils [req-c9277623-6969-4a72-8e38-dd4587c10376 - - - - -] Releasing lock "singleton_lock" lock /var/lib/kolla/venv/lib/python3.6/site-packages/oslo_concurrency/lockutils.py:312
2025-02-06 02:17:56.520 26 DEBUG neutron.service [-] calling stop on stop /var/lib/kolla/venv/lib/python3.6/site-packages/neutron/service.py:141
2025-02-06 02:17:56.527 7 INFO oslo_service.service [-] Child 22 exited with status 0
2025-02-06 02:17:56.527 24 DEBUG neutron.service [-] calling RpcWorker stop() stop /var/lib/kolla/venv/lib/python3.6/site-packages/neutron/service.py:138
2025-02-06 02:17:56.528 24 DEBUG neutron.service [-] calling stop on stop /var/lib/kolla/venv/lib/python3.6/site-packages/neutron/service.py:141
2025-02-06 02:17:56.531 28 DEBUG neutron.service [-] calling RpcWorker stop() stop /var/lib/kolla/venv/lib/python3.6/site-packages/neutron/service.py:138
2025-02-06 02:17:56.532 25 DEBUG neutron.service [-] calling RpcWorker stop() stop /var/lib/kolla/venv/lib/python3.6/site-packages/neutron/service.py:138
2025-02-06 02:17:56.532 27 DEBUG neutron.service [-] calling RpcWorker stop() stop /var/lib/kolla/venv/lib/python3.6/site-packages/neutron/service.py:138
2025-02-06 02:17:56.534 23 DEBUG neutron.service [-] calling RpcWorker stop() stop /var/lib/kolla/venv/lib/python3.6/site-packages/neutron/service.py:138
2025-02-06 02:17:56.532 27 DEBUG neutron.service [-] calling stop on stop /var/lib/kolla/venv/lib/python3.6/site-packages/neutron/service.py:141
2025-02-06 02:17:56.534 23 DEBUG neutron.service [-] calling stop on stop /var/lib/kolla/venv/lib/python3.6/site-packages/neutron/service.py:141
2025-02-06 02:17:56.532 25 DEBUG neutron.service [-] calling stop on stop /var/lib/kolla/venv/lib/python3.6/site-packages/neutron/service.py:141
2025-02-06 02:17:56.531 28 DEBUG neutron.service [-] calling stop on stop /var/lib/kolla/venv/lib/python3.6/site-packages/neutron/service.py:141
2025-02-06 02:18:00.270 23 DEBUG neutron.service [-] calling stop on stop /var/lib/kolla/venv/lib/python3.6/site-packages/neutron/service.py:141
2025-02-06 02:18:00.276 25 DEBUG neutron.service [-] calling stop on stop /var/lib/kolla/venv/lib/python3.6/site-packages/neutron/service.py:141
2025-02-06 02:18:00.280 26 DEBUG oslo_concurrency.lockutils [req-c9277623-6969-4a72-8e38-dd4587c10376 - - - - -] Acquired lock "singleton_lock" lock /var/lib/kolla/venv/lib/python3.6/site-packages/oslo_concurrency/lockutils.py:294
2025-02-06 02:18:00.280 24 DEBUG neutron.service [-] calling stop on stop /var/lib/kolla/venv/lib/python3.6/site-packages/neutron/service.py:141
2025-02-06 02:18:00.281 26 DEBUG oslo_concurrency.lockutils [req-c9277623-6969-4a72-8e38-dd4587c10376 - - - - -] Releasing lock "singleton_lock" lock /var/lib/kolla/venv/lib/python3.6/site-packages/oslo_concurrency/lockutils.py:312
2025-02-06 02:18:00.281 26 DEBUG neutron.service [req-c9277623-6969-4a72-8e38-dd4587c10376 - - - - -] calling RpcWorker wait() _wait /var/lib/kolla/venv/lib/python3.6/site-packages/neutron/service.py:128
2025-02-06 02:18:00.281 26 DEBUG neutron.service [req-c9277623-6969-4a72-8e38-dd4587c10376 - - - - -] calling wait on _wait /var/lib/kolla/venv/lib/python3.6/site-packages/neutron/service.py:131
2025-02-06 02:18:00.288 28 DEBUG oslo_concurrency.lockutils [req-c9277623-6969-4a72-8e38-dd4587c10376 - - - - -] Acquired lock "singleton_lock" lock /var/lib/kolla/venv/lib/python3.6/site-packages/oslo_concurrency/lockutils.py:294
2025-02-06 02:18:00.288 28 DEBUG oslo_concurrency.lockutils [req-c9277623-6969-4a72-8e38-dd4587c10376 - - - - -] Releasing lock "singleton_lock" lock /var/lib/kolla/venv/lib/python3.6/site-packages/oslo_concurrency/lockutils.py:312
2025-02-06 02:18:00.288 28 DEBUG neutron.service [req-c9277623-6969-4a72-8e38-dd4587c10376 - - - - -] calling RpcWorker wait() _wait /var/lib/kolla/venv/lib/python3.6/site-packages/neutron/service.py:128
2025-02-06 02:18:00.288 28 DEBUG neutron.service [req-c9277623-6969-4a72-8e38-dd4587c10376 - - - - -] calling wait on _wait /var/lib/kolla/venv/lib/python3.6/site-packages/neutron/service.py:131
2025-02-06 02:18:00.289 26 WARNING amqp [req-c9277623-6969-4a72-8e38-dd4587c10376 - - - - -] Received method (60, 30) during closing channel 1. This method will be ignored
2025-02-06 02:18:00.290 26 DEBUG neutron.service [req-c9277623-6969-4a72-8e38-dd4587c10376 - - - - -] returning from RpcWorker wait() _wait /var/lib/kolla/venv/lib/python3.6/site-packages/neutron/service.py:135
2025-02-06 02:18:00.292 23 DEBUG neutron.service [-] calling stop on stop /var/lib/kolla/venv/lib/python3.6/site-packages/neutron/service.py:141
2025-02-06 02:18:00.293 28 WARNING amqp [req-c9277623-6969-4a72-8e38-dd4587c10376 - - - - -] Received method (60, 30) during closing channel 1. This method will be ignored
2025-02-06 02:18:00.294 28 DEBUG neutron.service [req-c9277623-6969-4a72-8e38-dd4587c10376 - - - - -] returning from RpcWorker wait() _wait /var/lib/kolla/venv/lib/python3.6/site-packages/neutron/service.py:135
2025-02-06 02:18:00.298 25 DEBUG neutron.service [-] calling stop on stop /var/lib/kolla/venv/lib/python3.6/site-packages/neutron/service.py:141
2025-02-06 02:18:00.299 7 INFO oslo_service.service [-] Child 28 exited with status 0
2025-02-06 02:18:00.300 7 INFO oslo_service.service [-] Child 26 exited with status 0
2025-02-06 02:18:00.300 29 DEBUG oslo_concurrency.lockutils [req-c9277623-6969-4a72-8e38-dd4587c10376 - - - - -] Acquired lock "singleton_lock" lock /var/lib/kolla/venv/lib/python3.6/site-packages/oslo_concurrency/lockutils.py:294
2025-02-06 02:18:00.301 29 DEBUG oslo_concurrency.lockutils [req-c9277623-6969-4a72-8e38-dd4587c10376 - - - - -] Releasing lock "singleton_lock" lock /var/lib/kolla/venv/lib/python3.6/site-packages/oslo_concurrency/lockutils.py:312
2025-02-06 02:18:00.301 29 DEBUG neutron.service [req-c9277623-6969-4a72-8e38-dd4587c10376 - - - - -] calling RpcWorker wait() _wait /var/lib/kolla/venv/lib/python3.6/site-packages/neutron/service.py:128
2025-02-06 02:18:00.301 29 DEBUG neutron.service [req-c9277623-6969-4a72-8e38-dd4587c10376 - - - - -] calling wait on _wait /var/lib/kolla/venv/lib/python3.6/site-packages/neutron/service.py:131
2025-02-06 02:18:00.306 29 WARNING amqp [req-c9277623-6969-4a72-8e38-dd4587c10376 - - - - -] Received method (60, 30) during closing channel 1. This method will be ignored
2025-02-06 02:18:00.306 29 DEBUG neutron.service [req-c9277623-6969-4a72-8e38-dd4587c10376 - - - - -] returning from RpcWorker wait() _wait /var/lib/kolla/venv/lib/python3.6/site-packages/neutron/service.py:135
2025-02-06 02:18:00.307 24 DEBUG neutron.service [-] calling stop on stop /var/lib/kolla/venv/lib/python3.6/site-packages/neutron/service.py:141
2025-02-06 02:18:00.311 7 INFO oslo_service.service [-] Child 29 exited with status 0
2025-02-06 02:18:00.344 27 DEBUG oslo_concurrency.lockutils [req-c9277623-6969-4a72-8e38-dd4587c10376 - - - - -] Acquired lock "singleton_lock" lock /var/lib/kolla/venv/lib/python3.6/site-packages/oslo_concurrency/lockutils.py:294
2025-02-06 02:18:00.345 27 DEBUG oslo_concurrency.lockutils [req-c9277623-6969-4a72-8e38-dd4587c10376 - - - - -] Releasing lock "singleton_lock" lock /var/lib/kolla/venv/lib/python3.6/site-packages/oslo_concurrency/lockutils.py:312
2025-02-06 02:18:00.345 27 DEBUG neutron.service [req-c9277623-6969-4a72-8e38-dd4587c10376 - - - - -] calling RpcWorker wait() _wait /var/lib/kolla/venv/lib/python3.6/site-packages/neutron/service.py:128
2025-02-06 02:18:00.345 27 DEBUG neutron.service [req-c9277623-6969-4a72-8e38-dd4587c10376 - - - - -] calling wait on _wait /var/lib/kolla/venv/lib/python3.6/site-packages/neutron/service.py:131
2025-02-06 02:18:00.352 27 WARNING amqp [req-c9277623-6969-4a72-8e38-dd4587c10376 - - - - -] Received method (60, 30) during closing channel 1. This method will be ignored
2025-02-06 02:18:00.352 27 DEBUG neutron.service [req-c9277623-6969-4a72-8e38-dd4587c10376 - - - - -] returning from RpcWorker wait() _wait /var/lib/kolla/venv/lib/python3.6/site-packages/neutron/service.py:135
2025-02-06 02:18:00.357 7 INFO oslo_service.service [-] Child 27 exited with status 0
2025-02-06 02:18:01.113 24 DEBUG neutron.service [-] calling stop on stop /var/lib/kolla/venv/lib/python3.6/site-packages/neutron/service.py:141
2025-02-06 02:18:04.055 23 DEBUG neutron.service [-] calling stop on stop /var/lib/kolla/venv/lib/python3.6/site-packages/neutron/service.py:141
2025-02-06 02:18:04.066 25 DEBUG neutron.service [-] calling stop on stop /var/lib/kolla/venv/lib/python3.6/site-packages/neutron/service.py:141
2025-02-06 02:18:05.322 25 DEBUG oslo_concurrency.lockutils [req-c9277623-6969-4a72-8e38-dd4587c10376 - - - - -] Acquired lock "singleton_lock" lock /var/lib/kolla/venv/lib/python3.6/site-packages/oslo_concurrency/lockutils.py:294
2025-02-06 02:18:05.323 25 DEBUG oslo_concurrency.lockutils [req-c9277623-6969-4a72-8e38-dd4587c10376 - - - - -] Releasing lock "singleton_lock" lock /var/lib/kolla/venv/lib/python3.6/site-packages/oslo_concurrency/lockutils.py:312
2025-02-06 02:18:05.323 25 DEBUG neutron.service [req-c9277623-6969-4a72-8e38-dd4587c10376 - - - - -] calling RpcWorker wait() _wait /var/lib/kolla/venv/lib/python3.6/site-packages/neutron/service.py:128
2025-02-06 02:18:05.323 25 DEBUG neutron.service [req-c9277623-6969-4a72-8e38-dd4587c10376 - - - - -] calling wait on _wait /var/lib/kolla/venv/lib/python3.6/site-packages/neutron/service.py:131
2025-02-06 02:18:05.329 25 WARNING amqp [req-c9277623-6969-4a72-8e38-dd4587c10376 - - - - -] Received method (60, 30) during closing channel 1. This method will be ignored
2025-02-06 02:18:05.330 25 DEBUG neutron.service [req-c9277623-6969-4a72-8e38-dd4587c10376 - - - - -] calling wait on _wait /var/lib/kolla/venv/lib/python3.6/site-packages/neutron/service.py:131
