2025-02-03 02:09:46.118 7 DEBUG oslo_service.service [-] ml2_type_vlan.network_vlan_ranges = [] log_opt_values /var/lib/kolla/venv/lib/python3.6/site-packages/oslo_config/cfg.py:2611
2025-02-03 02:09:46.118 7 DEBUG oslo_service.service [-] ml2_type_vxlan.vni_ranges = [] log_opt_values /var/lib/kolla/venv/lib/python3.6/site-packages/oslo_config/cfg.py:2611
2025-02-03 02:09:46.118 7 DEBUG oslo_service.service [-] ml2_type_vxlan.vxlan_group = None log_opt_values /var/lib/kolla/venv/lib/python3.6/site-packages/oslo_config/cfg.py:2611
2025-02-03 02:09:46.118 7 DEBUG oslo_service.service [-] database.backend = sqlalchemy log_opt_values /var/lib/kolla/venv/lib/python3.6/site-packages/oslo_config/cfg.py:2611
2025-02-03 02:09:46.118 7 DEBUG oslo_service.service [-] database.connection = **** log_opt_values /var/lib/kolla/venv/lib/python3.6/site-packages/oslo_config/cfg.py:2611
2025-02-03 02:09:46.118 7 DEBUG oslo_service.service [-] database.connection_debug = 0 log_opt_values /var/lib/kolla/venv/lib/python3.6/site-packages/oslo_config/cfg.py:2611
2025-02-03 02:09:46.118 7 DEBUG oslo_service.service [-] database.connection_parameters = log_opt_values /var/lib/kolla/venv/lib/python3.6/site-packages/oslo_config/cfg.py:2611
2025-02-03 02:09:46.118 7 DEBUG oslo_service.service [-] database.connection_recycle_time = 10 log_opt_values /var/lib/kolla/venv/lib/python3.6/site-packages/oslo_config/cfg.py:2611
2025-02-03 02:09:46.118 7 DEBUG oslo_service.service [-] database.connection_trace = False log_opt_values /var/lib/kolla/venv/lib/python3.6/site-packages/oslo_config/cfg.py:2611
2025-02-03 02:09:46.120 7 DEBUG oslo_service.service [-] database.db_inc_retry_interval = True log_opt_values /var/lib/kolla/venv/lib/python3.6/site-packages/oslo_config/cfg.py:2611
2025-02-03 02:09:46.120 7 DEBUG oslo_service.service [-] database.db_max_retries = 20 log_opt_values /var/lib/kolla/venv/lib/python3.6/site-packages/oslo_config/cfg.py:2611
2025-02-03 02:09:46.120 7 DEBUG oslo_service.service [-] database.db_max_retry_interval = 10 log_opt_values /var/lib/kolla/venv/lib/python3.6/site-packages/oslo_config/cfg.py:2611
2025-02-03 02:09:46.120 7 DEBUG oslo_service.service [-] database.db_retry_interval = 1 log_opt_values /var/lib/kolla/venv/lib/python3.6/site-packages/oslo_config/cfg.py:2611
2025-02-03 02:09:46.120 7 DEBUG oslo_service.service [-] database.max_overflow = 50 log_opt_values /var/lib/kolla/venv/lib/python3.6/site-packages/oslo_config/cfg.py:2611
2025-02-03 02:09:46.120 7 DEBUG oslo_service.service [-] database.max_pool_size = 1 log_opt_values /var/lib/kolla/venv/lib/python3.6/site-packages/oslo_config/cfg.py:2611
2025-02-03 02:09:46.120 7 DEBUG oslo_service.service [-] database.max_retries = -1 log_opt_values /var/lib/kolla/venv/lib/python3.6/site-packages/oslo_config/cfg.py:2611
2025-02-03 02:09:46.120 7 DEBUG oslo_service.service [-] database.mysql_enable_ndb = False log_opt_values /var/lib/kolla/venv/lib/python3.6/site-packages/oslo_config/cfg.py:2611
2025-02-03 02:09:46.120 7 DEBUG oslo_service.service [-] database.mysql_sql_mode = TRADITIONAL log_opt_values /var/lib/kolla/venv/lib/python3.6/site-packages/oslo_config/cfg.py:2611
2025-02-03 02:09:46.120 7 DEBUG oslo_service.service [-] database.pool_timeout = None log_opt_values /var/lib/kolla/venv/lib/python3.6/site-packages/oslo_config/cfg.py:2611
2025-02-03 02:09:46.121 7 DEBUG oslo_service.service [-] database.retry_interval = 10 log_opt_values /var/lib/kolla/venv/lib/python3.6/site-packages/oslo_config/cfg.py:2611
2025-02-03 02:09:46.121 7 DEBUG oslo_service.service [-] database.slave_connection = **** log_opt_values /var/lib/kolla/venv/lib/python3.6/site-packages/oslo_config/cfg.py:2611
2025-02-03 02:09:46.121 7 DEBUG oslo_service.service [-] database.sqlite_synchronous = True log_opt_values /var/lib/kolla/venv/lib/python3.6/site-packages/oslo_config/cfg.py:2611
2025-02-03 02:09:46.121 7 DEBUG oslo_service.service [-] database.use_db_reconnect = False log_opt_values /var/lib/kolla/venv/lib/python3.6/site-packages/oslo_config/cfg.py:2611
2025-02-03 02:09:46.121 7 DEBUG oslo_service.service [-] ******************************************************************************** log_opt_values /var/lib/kolla/venv/lib/python3.6/site-packages/oslo_config/cfg.py:2613
2025-02-03 02:09:47.913 22 DEBUG neutron.wsgi [-] (22) accepted ('10.0.0.23', 41846) server /var/lib/kolla/venv/lib/python3.6/site-packages/eventlet/wsgi.py:1004
2025-02-03 02:09:47.920 22 INFO neutron.wsgi [-] 10.0.0.23 "GET / HTTP/1.1" status: 200 len: 227 time: 0.0047693
2025-02-03 02:09:50.173 23 DEBUG neutron.api.rpc.handlers.dhcp_rpc [req-ff5987c4-cbd8-4816-9694-14bd71e84858 - - - - -] get_active_networks_info from cn-jenkins-deploy-platform-ansible-os-2675-1 get_active_networks_info /var/lib/kolla/venv/lib/python3.6/site-packages/neutron/api/rpc/handlers/dhcp_rpc.py:159
2025-02-03 02:09:50.201 27 DEBUG neutron_lib.callbacks.manager [req-9e64c622-8c9f-40f1-bcc0-19b3dca1502a - - - - -] Publish callbacks ['neutron.services.segments.db._update_segment_host_mapping_for_agent-8772354727027', 'neutron.services.l3_router.l3_router_plugin.DVRResourceOperationHandler.create_fip_agent_gw_ports-1771779'] for agent (bf1599bd-269d-4876-8b3f-f98e8b0aa4ca), after_create _notify_loop /var/lib/kolla/venv/lib/python3.6/site-packages/neutron_lib/callbacks/manager.py:177
2025-02-03 02:09:50.214 23 DEBUG neutron.scheduler.dhcp_agent_scheduler [req-ff5987c4-cbd8-4816-9694-14bd71e84858 - - - - -] No non-hosted networks auto_schedule_networks /var/lib/kolla/venv/lib/python3.6/site-packages/neutron/scheduler/dhcp_agent_scheduler.py:60
2025-02-03 02:10:11.770 26 DEBUG neutron_lib.callbacks.manager [req-a090b850-624a-4580-888e-1c52c85c77df - - - - -] Publish callbacks ['neutron.services.segments.db._update_segment_host_mapping_for_agent-8772354727027', 'neutron.services.l3_router.l3_router_plugin.DVRResourceOperationHandler.create_fip_agent_gw_ports-1771779'] for agent (a525e56f-f701-4cdd-bca2-66eb390e522e), after_create _notify_loop /var/lib/kolla/venv/lib/python3.6/site-packages/neutron_lib/callbacks/manager.py:177
2025-02-03 02:10:17.964 22 DEBUG neutron.wsgi [-] (22) accepted ('10.0.0.23', 58120) server /var/lib/kolla/venv/lib/python3.6/site-packages/eventlet/wsgi.py:1004
2025-02-03 02:10:17.969 22 INFO neutron.wsgi [-] 10.0.0.23 "GET / HTTP/1.1" status: 200 len: 227 time: 0.0036373
2025-02-03 02:10:20.310 28 DEBUG neutron_lib.callbacks.manager [req-47991aa3-6a88-4edb-a08a-fe2c14f34119 - - - - -] Publish callbacks ['neutron.services.segments.db._update_segment_host_mapping_for_agent-8772354727027', 'neutron.plugins.ml2.plugin.Ml2Plugin._retry_binding_revived_agents--9223372036851335280'] for agent (bf1599bd-269d-4876-8b3f-f98e8b0aa4ca), after_update _notify_loop /var/lib/kolla/venv/lib/python3.6/site-packages/neutron_lib/callbacks/manager.py:177
2025-02-03 02:10:27.015 29 DEBUG neutron.db.agents_db [req-0c95c034-7540-4f51-9742-327ff5e086a7 - - - - -] Agent healthcheck: found 2 active agents agent_health_check /var/lib/kolla/venv/lib/python3.6/site-packages/neutron/db/agents_db.py:318
2025-02-03 02:10:41.757 25 DEBUG neutron_lib.callbacks.manager [req-a090b850-624a-4580-888e-1c52c85c77df - - - - -] Publish callbacks ['neutron.services.segments.db._update_segment_host_mapping_for_agent-8772354727027', 'neutron.plugins.ml2.plugin.Ml2Plugin._retry_binding_revived_agents--9223372036851335280'] for agent (a525e56f-f701-4cdd-bca2-66eb390e522e), after_update _notify_loop /var/lib/kolla/venv/lib/python3.6/site-packages/neutron_lib/callbacks/manager.py:177
2025-02-03 02:10:48.012 22 DEBUG neutron.wsgi [-] (22) accepted ('10.0.0.23', 50982) server /var/lib/kolla/venv/lib/python3.6/site-packages/eventlet/wsgi.py:1004
2025-02-03 02:10:48.015 22 INFO neutron.wsgi [-] 10.0.0.23 "GET / HTTP/1.1" status: 200 len: 227 time: 0.0026388
2025-02-03 02:10:50.184 23 DEBUG neutron_lib.callbacks.manager [req-1460b6e6-a870-4144-9acd-06d0f0c599a5 - - - - -] Publish callbacks ['neutron.services.segments.db._update_segment_host_mapping_for_agent-8772354727027', 'neutron.plugins.ml2.plugin.Ml2Plugin._retry_binding_revived_agents--9223372036851335280'] for agent (bf1599bd-269d-4876-8b3f-f98e8b0aa4ca), after_update _notify_loop /var/lib/kolla/venv/lib/python3.6/site-packages/neutron_lib/callbacks/manager.py:177
2025-02-03 02:11:04.014 29 DEBUG neutron.db.agents_db [req-0c95c034-7540-4f51-9742-327ff5e086a7 - - - - -] Agent healthcheck: found 2 active agents agent_health_check /var/lib/kolla/venv/lib/python3.6/site-packages/neutron/db/agents_db.py:318
2025-02-03 02:11:11.759 24 DEBUG neutron_lib.callbacks.manager [req-a090b850-624a-4580-888e-1c52c85c77df - - - - -] Publish callbacks ['neutron.services.segments.db._update_segment_host_mapping_for_agent-8772354727027', 'neutron.plugins.ml2.plugin.Ml2Plugin._retry_binding_revived_agents--9223372036851335280'] for agent (a525e56f-f701-4cdd-bca2-66eb390e522e), after_update _notify_loop /var/lib/kolla/venv/lib/python3.6/site-packages/neutron_lib/callbacks/manager.py:177
2025-02-03 02:11:18.061 22 DEBUG neutron.wsgi [-] (22) accepted ('10.0.0.23', 43232) server /var/lib/kolla/venv/lib/python3.6/site-packages/eventlet/wsgi.py:1004
2025-02-03 02:11:18.065 22 INFO neutron.wsgi [-] 10.0.0.23 "GET / HTTP/1.1" status: 200 len: 227 time: 0.0025146
2025-02-03 02:11:20.184 27 DEBUG neutron_lib.callbacks.manager [req-9da4bdf7-1655-4497-b451-8ffb5076a98e - - - - -] Publish callbacks ['neutron.services.segments.db._update_segment_host_mapping_for_agent-8772354727027', 'neutron.plugins.ml2.plugin.Ml2Plugin._retry_binding_revived_agents--9223372036851335280'] for agent (bf1599bd-269d-4876-8b3f-f98e8b0aa4ca), after_update _notify_loop /var/lib/kolla/venv/lib/python3.6/site-packages/neutron_lib/callbacks/manager.py:177
2025-02-03 02:11:41.011 29 DEBUG neutron.db.agents_db [req-0c95c034-7540-4f51-9742-327ff5e086a7 - - - - -] Agent healthcheck: found 2 active agents agent_health_check /var/lib/kolla/venv/lib/python3.6/site-packages/neutron/db/agents_db.py:318
2025-02-03 02:11:41.747 26 DEBUG neutron_lib.callbacks.manager [req-a090b850-624a-4580-888e-1c52c85c77df - - - - -] Publish callbacks ['neutron.services.segments.db._update_segment_host_mapping_for_agent-8772354727027', 'neutron.plugins.ml2.plugin.Ml2Plugin._retry_binding_revived_agents--9223372036851335280'] for agent (a525e56f-f701-4cdd-bca2-66eb390e522e), after_update _notify_loop /var/lib/kolla/venv/lib/python3.6/site-packages/neutron_lib/callbacks/manager.py:177
2025-02-03 02:11:48.110 22 DEBUG neutron.wsgi [-] (22) accepted ('10.0.0.23', 58714) server /var/lib/kolla/venv/lib/python3.6/site-packages/eventlet/wsgi.py:1004
2025-02-03 02:11:48.115 22 INFO neutron.wsgi [-] 10.0.0.23 "GET / HTTP/1.1" status: 200 len: 227 time: 0.0045865
2025-02-03 02:11:50.179 28 DEBUG neutron_lib.callbacks.manager [req-05b93ee8-e869-4d69-b9d6-fdb642030163 - - - - -] Publish callbacks ['neutron.services.segments.db._update_segment_host_mapping_for_agent-8772354727027', 'neutron.plugins.ml2.plugin.Ml2Plugin._retry_binding_revived_agents--9223372036851335280'] for agent (bf1599bd-269d-4876-8b3f-f98e8b0aa4ca), after_update _notify_loop /var/lib/kolla/venv/lib/python3.6/site-packages/neutron_lib/callbacks/manager.py:177
2025-02-03 02:12:11.747 25 DEBUG neutron_lib.callbacks.manager [req-a090b850-624a-4580-888e-1c52c85c77df - - - - -] Publish callbacks ['neutron.services.segments.db._update_segment_host_mapping_for_agent-8772354727027', 'neutron.plugins.ml2.plugin.Ml2Plugin._retry_binding_revived_agents--9223372036851335280'] for agent (a525e56f-f701-4cdd-bca2-66eb390e522e), after_update _notify_loop /var/lib/kolla/venv/lib/python3.6/site-packages/neutron_lib/callbacks/manager.py:177
2025-02-03 02:12:18.010 29 DEBUG neutron.db.agents_db [req-0c95c034-7540-4f51-9742-327ff5e086a7 - - - - -] Agent healthcheck: found 2 active agents agent_health_check /var/lib/kolla/venv/lib/python3.6/site-packages/neutron/db/agents_db.py:318
2025-02-03 02:12:18.165 22 DEBUG neutron.wsgi [-] (22) accepted ('10.0.0.23', 46316) server /var/lib/kolla/venv/lib/python3.6/site-packages/eventlet/wsgi.py:1004
2025-02-03 02:12:18.169 22 INFO neutron.wsgi [-] 10.0.0.23 "GET / HTTP/1.1" status: 200 len: 227 time: 0.0027549
2025-02-03 02:12:20.175 23 DEBUG neutron_lib.callbacks.manager [req-a55a8368-699e-4a05-9720-3e11f0515219 - - - - -] Publish callbacks ['neutron.services.segments.db._update_segment_host_mapping_for_agent-8772354727027', 'neutron.plugins.ml2.plugin.Ml2Plugin._retry_binding_revived_agents--9223372036851335280'] for agent (bf1599bd-269d-4876-8b3f-f98e8b0aa4ca), after_update _notify_loop /var/lib/kolla/venv/lib/python3.6/site-packages/neutron_lib/callbacks/manager.py:177
2025-02-03 02:12:41.749 24 DEBUG neutron_lib.callbacks.manager [req-a090b850-624a-4580-888e-1c52c85c77df - - - - -] Publish callbacks ['neutron.services.segments.db._update_segment_host_mapping_for_agent-8772354727027', 'neutron.plugins.ml2.plugin.Ml2Plugin._retry_binding_revived_agents--9223372036851335280'] for agent (a525e56f-f701-4cdd-bca2-66eb390e522e), after_update _notify_loop /var/lib/kolla/venv/lib/python3.6/site-packages/neutron_lib/callbacks/manager.py:177
2025-02-03 02:12:48.211 22 DEBUG neutron.wsgi [-] (22) accepted ('10.0.0.23', 44520) server /var/lib/kolla/venv/lib/python3.6/site-packages/eventlet/wsgi.py:1004
2025-02-03 02:12:48.214 22 INFO neutron.wsgi [-] 10.0.0.23 "GET / HTTP/1.1" status: 200 len: 227 time: 0.0024748
2025-02-03 02:12:50.180 27 DEBUG neutron_lib.callbacks.manager [req-6dc70a62-cd9b-4139-9d96-410bdee4b063 - - - - -] Publish callbacks ['neutron.services.segments.db._update_segment_host_mapping_for_agent-8772354727027', 'neutron.plugins.ml2.plugin.Ml2Plugin._retry_binding_revived_agents--9223372036851335280'] for agent (bf1599bd-269d-4876-8b3f-f98e8b0aa4ca), after_update _notify_loop /var/lib/kolla/venv/lib/python3.6/site-packages/neutron_lib/callbacks/manager.py:177
2025-02-03 02:12:55.010 29 DEBUG neutron.db.agents_db [req-0c95c034-7540-4f51-9742-327ff5e086a7 - - - - -] Agent healthcheck: found 2 active agents agent_health_check /var/lib/kolla/venv/lib/python3.6/site-packages/neutron/db/agents_db.py:318
2025-02-03 02:13:11.751 26 DEBUG neutron_lib.callbacks.manager [req-a090b850-624a-4580-888e-1c52c85c77df - - - - -] Publish callbacks ['neutron.services.segments.db._update_segment_host_mapping_for_agent-8772354727027', 'neutron.plugins.ml2.plugin.Ml2Plugin._retry_binding_revived_agents--9223372036851335280'] for agent (a525e56f-f701-4cdd-bca2-66eb390e522e), after_update _notify_loop /var/lib/kolla/venv/lib/python3.6/site-packages/neutron_lib/callbacks/manager.py:177
2025-02-03 02:13:18.255 22 DEBUG neutron.wsgi [-] (22) accepted ('10.0.0.23', 57920) server /var/lib/kolla/venv/lib/python3.6/site-packages/eventlet/wsgi.py:1004
2025-02-03 02:13:18.259 22 INFO neutron.wsgi [-] 10.0.0.23 "GET / HTTP/1.1" status: 200 len: 227 time: 0.0025244
2025-02-03 02:13:20.187 28 DEBUG neutron_lib.callbacks.manager [req-3781666e-e182-4456-8ba7-1e387c7b58fc - - - - -] Publish callbacks ['neutron.services.segments.db._update_segment_host_mapping_for_agent-8772354727027', 'neutron.plugins.ml2.plugin.Ml2Plugin._retry_binding_revived_agents--9223372036851335280'] for agent (bf1599bd-269d-4876-8b3f-f98e8b0aa4ca), after_update _notify_loop /var/lib/kolla/venv/lib/python3.6/site-packages/neutron_lib/callbacks/manager.py:177
2025-02-03 02:13:32.010 29 DEBUG neutron.db.agents_db [req-0c95c034-7540-4f51-9742-327ff5e086a7 - - - - -] Agent healthcheck: found 2 active agents agent_health_check /var/lib/kolla/venv/lib/python3.6/site-packages/neutron/db/agents_db.py:318
2025-02-03 02:13:41.753 25 DEBUG neutron_lib.callbacks.manager [req-a090b850-624a-4580-888e-1c52c85c77df - - - - -] Publish callbacks ['neutron.services.segments.db._update_segment_host_mapping_for_agent-8772354727027', 'neutron.plugins.ml2.plugin.Ml2Plugin._retry_binding_revived_agents--9223372036851335280'] for agent (a525e56f-f701-4cdd-bca2-66eb390e522e), after_update _notify_loop /var/lib/kolla/venv/lib/python3.6/site-packages/neutron_lib/callbacks/manager.py:177
2025-02-03 02:13:48.304 22 DEBUG neutron.wsgi [-] (22) accepted ('10.0.0.23', 38120) server /var/lib/kolla/venv/lib/python3.6/site-packages/eventlet/wsgi.py:1004
2025-02-03 02:13:48.307 22 INFO neutron.wsgi [-] 10.0.0.23 "GET / HTTP/1.1" status: 200 len: 227 time: 0.0024917
2025-02-03 02:13:50.183 23 DEBUG neutron_lib.callbacks.manager [req-479a5c49-067c-4adf-a001-6d64534a1995 - - - - -] Publish callbacks ['neutron.services.segments.db._update_segment_host_mapping_for_agent-8772354727027', 'neutron.plugins.ml2.plugin.Ml2Plugin._retry_binding_revived_agents--9223372036851335280'] for agent (bf1599bd-269d-4876-8b3f-f98e8b0aa4ca), after_update _notify_loop /var/lib/kolla/venv/lib/python3.6/site-packages/neutron_lib/callbacks/manager.py:177
2025-02-03 02:14:09.012 29 DEBUG neutron.db.agents_db [req-0c95c034-7540-4f51-9742-327ff5e086a7 - - - - -] Agent healthcheck: found 2 active agents agent_health_check /var/lib/kolla/venv/lib/python3.6/site-packages/neutron/db/agents_db.py:318
2025-02-03 02:14:11.755 24 DEBUG neutron_lib.callbacks.manager [req-a090b850-624a-4580-888e-1c52c85c77df - - - - -] Publish callbacks ['neutron.services.segments.db._update_segment_host_mapping_for_agent-8772354727027', 'neutron.plugins.ml2.plugin.Ml2Plugin._retry_binding_revived_agents--9223372036851335280'] for agent (a525e56f-f701-4cdd-bca2-66eb390e522e), after_update _notify_loop /var/lib/kolla/venv/lib/python3.6/site-packages/neutron_lib/callbacks/manager.py:177
2025-02-03 02:14:18.361 22 DEBUG neutron.wsgi [-] (22) accepted ('10.0.0.23', 38386) server /var/lib/kolla/venv/lib/python3.6/site-packages/eventlet/wsgi.py:1004
2025-02-03 02:14:18.366 22 INFO neutron.wsgi [-] 10.0.0.23 "GET / HTTP/1.1" status: 200 len: 227 time: 0.0043085
2025-02-03 02:14:20.259 27 DEBUG neutron_lib.callbacks.manager [req-2c4dc4cb-4ac6-4ca5-8134-dc650ccba9f8 - - - - -] Publish callbacks ['neutron.services.segments.db._update_segment_host_mapping_for_agent-8772354727027', 'neutron.plugins.ml2.plugin.Ml2Plugin._retry_binding_revived_agents--9223372036851335280'] for agent (bf1599bd-269d-4876-8b3f-f98e8b0aa4ca), after_update _notify_loop /var/lib/kolla/venv/lib/python3.6/site-packages/neutron_lib/callbacks/manager.py:177
2025-02-03 02:14:41.758 26 DEBUG neutron_lib.callbacks.manager [req-a090b850-624a-4580-888e-1c52c85c77df - - - - -] Publish callbacks ['neutron.services.segments.db._update_segment_host_mapping_for_agent-8772354727027', 'neutron.plugins.ml2.plugin.Ml2Plugin._retry_binding_revived_agents--9223372036851335280'] for agent (a525e56f-f701-4cdd-bca2-66eb390e522e), after_update _notify_loop /var/lib/kolla/venv/lib/python3.6/site-packages/neutron_lib/callbacks/manager.py:177
2025-02-03 02:14:46.012 29 DEBUG neutron.db.agents_db [req-0c95c034-7540-4f51-9742-327ff5e086a7 - - - - -] Agent healthcheck: found 2 active agents agent_health_check /var/lib/kolla/venv/lib/python3.6/site-packages/neutron/db/agents_db.py:318
2025-02-03 02:14:48.408 22 DEBUG neutron.wsgi [-] (22) accepted ('10.0.0.23', 45152) server /var/lib/kolla/venv/lib/python3.6/site-packages/eventlet/wsgi.py:1004
2025-02-03 02:14:48.412 22 INFO neutron.wsgi [-] 10.0.0.23 "GET / HTTP/1.1" status: 200 len: 227 time: 0.0024965
2025-02-03 02:14:50.191 28 DEBUG neutron_lib.callbacks.manager [req-4ff736a9-7b23-4533-bb5d-c2c52e3c8c16 - - - - -] Publish callbacks ['neutron.services.segments.db._update_segment_host_mapping_for_agent-8772354727027', 'neutron.plugins.ml2.plugin.Ml2Plugin._retry_binding_revived_agents--9223372036851335280'] for agent (bf1599bd-269d-4876-8b3f-f98e8b0aa4ca), after_update _notify_loop /var/lib/kolla/venv/lib/python3.6/site-packages/neutron_lib/callbacks/manager.py:177
2025-02-03 02:15:11.769 25 DEBUG neutron_lib.callbacks.manager [req-a090b850-624a-4580-888e-1c52c85c77df - - - - -] Publish callbacks ['neutron.services.segments.db._update_segment_host_mapping_for_agent-8772354727027', 'neutron.plugins.ml2.plugin.Ml2Plugin._retry_binding_revived_agents--9223372036851335280'] for agent (a525e56f-f701-4cdd-bca2-66eb390e522e), after_update _notify_loop /var/lib/kolla/venv/lib/python3.6/site-packages/neutron_lib/callbacks/manager.py:177
2025-02-03 02:15:18.457 22 DEBUG neutron.wsgi [-] (22) accepted ('10.0.0.23', 41568) server /var/lib/kolla/venv/lib/python3.6/site-packages/eventlet/wsgi.py:1004
2025-02-03 02:15:18.462 22 INFO neutron.wsgi [-] 10.0.0.23 "GET / HTTP/1.1" status: 200 len: 227 time: 0.0034752
2025-02-03 02:15:20.179 23 DEBUG neutron_lib.callbacks.manager [req-1d8c332d-5b78-4138-b943-450d1af5bc1e - - - - -] Publish callbacks ['neutron.services.segments.db._update_segment_host_mapping_for_agent-8772354727027', 'neutron.plugins.ml2.plugin.Ml2Plugin._retry_binding_revived_agents--9223372036851335280'] for agent (bf1599bd-269d-4876-8b3f-f98e8b0aa4ca), after_update _notify_loop /var/lib/kolla/venv/lib/python3.6/site-packages/neutron_lib/callbacks/manager.py:177
2025-02-03 02:15:23.009 29 DEBUG neutron.db.agents_db [req-0c95c034-7540-4f51-9742-327ff5e086a7 - - - - -] Agent healthcheck: found 2 active agents agent_health_check /var/lib/kolla/venv/lib/python3.6/site-packages/neutron/db/agents_db.py:318
2025-02-03 02:15:41.763 24 DEBUG neutron_lib.callbacks.manager [req-a090b850-624a-4580-888e-1c52c85c77df - - - - -] Publish callbacks ['neutron.services.segments.db._update_segment_host_mapping_for_agent-8772354727027', 'neutron.plugins.ml2.plugin.Ml2Plugin._retry_binding_revived_agents--9223372036851335280'] for agent (a525e56f-f701-4cdd-bca2-66eb390e522e), after_update _notify_loop /var/lib/kolla/venv/lib/python3.6/site-packages/neutron_lib/callbacks/manager.py:177
2025-02-03 02:15:48.503 22 DEBUG neutron.wsgi [-] (22) accepted ('10.0.0.23', 46210) server /var/lib/kolla/venv/lib/python3.6/site-packages/eventlet/wsgi.py:1004
2025-02-03 02:15:48.506 22 INFO neutron.wsgi [-] 10.0.0.23 "GET / HTTP/1.1" status: 200 len: 227 time: 0.0024786
2025-02-03 02:15:50.176 27 DEBUG neutron_lib.callbacks.manager [req-4d98633b-2f2e-471e-aa11-203d65ae55f3 - - - - -] Publish callbacks ['neutron.services.segments.db._update_segment_host_mapping_for_agent-8772354727027', 'neutron.plugins.ml2.plugin.Ml2Plugin._retry_binding_revived_agents--9223372036851335280'] for agent (bf1599bd-269d-4876-8b3f-f98e8b0aa4ca), after_update _notify_loop /var/lib/kolla/venv/lib/python3.6/site-packages/neutron_lib/callbacks/manager.py:177
2025-02-03 02:16:00.020 29 DEBUG neutron.db.agents_db [req-0c95c034-7540-4f51-9742-327ff5e086a7 - - - - -] Agent healthcheck: found 2 active agents agent_health_check /var/lib/kolla/venv/lib/python3.6/site-packages/neutron/db/agents_db.py:318
2025-02-03 02:16:11.767 26 DEBUG neutron_lib.callbacks.manager [req-a090b850-624a-4580-888e-1c52c85c77df - - - - -] Publish callbacks ['neutron.services.segments.db._update_segment_host_mapping_for_agent-8772354727027', 'neutron.plugins.ml2.plugin.Ml2Plugin._retry_binding_revived_agents--9223372036851335280'] for agent (a525e56f-f701-4cdd-bca2-66eb390e522e), after_update _notify_loop /var/lib/kolla/venv/lib/python3.6/site-packages/neutron_lib/callbacks/manager.py:177
2025-02-03 02:16:18.547 22 DEBUG neutron.wsgi [-] (22) accepted ('10.0.0.23', 57042) server /var/lib/kolla/venv/lib/python3.6/site-packages/eventlet/wsgi.py:1004
2025-02-03 02:16:18.551 22 INFO neutron.wsgi [-] 10.0.0.23 "GET / HTTP/1.1" status: 200 len: 227 time: 0.0033188
2025-02-03 02:16:20.181 28 DEBUG neutron_lib.callbacks.manager [req-6cf267f3-743a-44c4-ad4c-c02f9959cac0 - - - - -] Publish callbacks ['neutron.services.segments.db._update_segment_host_mapping_for_agent-8772354727027', 'neutron.plugins.ml2.plugin.Ml2Plugin._retry_binding_revived_agents--9223372036851335280'] for agent (bf1599bd-269d-4876-8b3f-f98e8b0aa4ca), after_update _notify_loop /var/lib/kolla/venv/lib/python3.6/site-packages/neutron_lib/callbacks/manager.py:177
2025-02-03 02:16:37.016 29 DEBUG neutron.db.agents_db [req-0c95c034-7540-4f51-9742-327ff5e086a7 - - - - -] Agent healthcheck: found 2 active agents agent_health_check /var/lib/kolla/venv/lib/python3.6/site-packages/neutron/db/agents_db.py:318
2025-02-03 02:16:41.766 25 DEBUG neutron_lib.callbacks.manager [req-a090b850-624a-4580-888e-1c52c85c77df - - - - -] Publish callbacks ['neutron.services.segments.db._update_segment_host_mapping_for_agent-8772354727027', 'neutron.plugins.ml2.plugin.Ml2Plugin._retry_binding_revived_agents--9223372036851335280'] for agent (a525e56f-f701-4cdd-bca2-66eb390e522e), after_update _notify_loop /var/lib/kolla/venv/lib/python3.6/site-packages/neutron_lib/callbacks/manager.py:177
2025-02-03 02:16:48.594 22 DEBUG neutron.wsgi [-] (22) accepted ('10.0.0.23', 39110) server /var/lib/kolla/venv/lib/python3.6/site-packages/eventlet/wsgi.py:1004
2025-02-03 02:16:48.598 22 INFO neutron.wsgi [-] 10.0.0.23 "GET / HTTP/1.1" status: 200 len: 227 time: 0.0027452
2025-02-03 02:16:50.178 23 DEBUG neutron_lib.callbacks.manager [req-3c51c103-8e68-4b57-a4d4-00308a414d14 - - - - -] Publish callbacks ['neutron.services.segments.db._update_segment_host_mapping_for_agent-8772354727027', 'neutron.plugins.ml2.plugin.Ml2Plugin._retry_binding_revived_agents--9223372036851335280'] for agent (bf1599bd-269d-4876-8b3f-f98e8b0aa4ca), after_update _notify_loop /var/lib/kolla/venv/lib/python3.6/site-packages/neutron_lib/callbacks/manager.py:177
2025-02-03 02:17:11.770 24 DEBUG neutron_lib.callbacks.manager [req-a090b850-624a-4580-888e-1c52c85c77df - - - - -] Publish callbacks ['neutron.services.segments.db._update_segment_host_mapping_for_agent-8772354727027', 'neutron.plugins.ml2.plugin.Ml2Plugin._retry_binding_revived_agents--9223372036851335280'] for agent (a525e56f-f701-4cdd-bca2-66eb390e522e), after_update _notify_loop /var/lib/kolla/venv/lib/python3.6/site-packages/neutron_lib/callbacks/manager.py:177
2025-02-03 02:17:14.026 29 DEBUG neutron.db.agents_db [req-0c95c034-7540-4f51-9742-327ff5e086a7 - - - - -] Agent healthcheck: found 2 active agents agent_health_check /var/lib/kolla/venv/lib/python3.6/site-packages/neutron/db/agents_db.py:318
2025-02-03 02:17:18.641 22 DEBUG neutron.wsgi [-] (22) accepted ('10.0.0.23', 57836) server /var/lib/kolla/venv/lib/python3.6/site-packages/eventlet/wsgi.py:1004
2025-02-03 02:17:18.644 22 INFO neutron.wsgi [-] 10.0.0.23 "GET / HTTP/1.1" status: 200 len: 227 time: 0.0023952
2025-02-03 02:17:20.175 27 DEBUG neutron_lib.callbacks.manager [req-6b4fee4b-3620-4af2-9b5f-69e608b00dd4 - - - - -] Publish callbacks ['neutron.services.segments.db._update_segment_host_mapping_for_agent-8772354727027', 'neutron.plugins.ml2.plugin.Ml2Plugin._retry_binding_revived_agents--9223372036851335280'] for agent (bf1599bd-269d-4876-8b3f-f98e8b0aa4ca), after_update _notify_loop /var/lib/kolla/venv/lib/python3.6/site-packages/neutron_lib/callbacks/manager.py:177
2025-02-03 02:17:41.772 26 DEBUG neutron_lib.callbacks.manager [req-a090b850-624a-4580-888e-1c52c85c77df - - - - -] Publish callbacks ['neutron.services.segments.db._update_segment_host_mapping_for_agent-8772354727027', 'neutron.plugins.ml2.plugin.Ml2Plugin._retry_binding_revived_agents--9223372036851335280'] for agent (a525e56f-f701-4cdd-bca2-66eb390e522e), after_update _notify_loop /var/lib/kolla/venv/lib/python3.6/site-packages/neutron_lib/callbacks/manager.py:177
2025-02-03 02:17:48.689 22 DEBUG neutron.wsgi [-] (22) accepted ('10.0.0.23', 35454) server /var/lib/kolla/venv/lib/python3.6/site-packages/eventlet/wsgi.py:1004
2025-02-03 02:17:48.693 22 INFO neutron.wsgi [-] 10.0.0.23 "GET / HTTP/1.1" status: 200 len: 227 time: 0.0025694
2025-02-03 02:17:50.176 28 DEBUG neutron_lib.callbacks.manager [req-41aced4f-00ad-4e3d-b152-0b3cb2edfd38 - - - - -] Publish callbacks ['neutron.services.segments.db._update_segment_host_mapping_for_agent-8772354727027', 'neutron.plugins.ml2.plugin.Ml2Plugin._retry_binding_revived_agents--9223372036851335280'] for agent (bf1599bd-269d-4876-8b3f-f98e8b0aa4ca), after_update _notify_loop /var/lib/kolla/venv/lib/python3.6/site-packages/neutron_lib/callbacks/manager.py:177
2025-02-03 02:17:51.025 29 DEBUG neutron.db.agents_db [req-0c95c034-7540-4f51-9742-327ff5e086a7 - - - - -] Agent healthcheck: found 2 active agents agent_health_check /var/lib/kolla/venv/lib/python3.6/site-packages/neutron/db/agents_db.py:318
2025-02-03 02:18:11.776 25 DEBUG neutron_lib.callbacks.manager [req-a090b850-624a-4580-888e-1c52c85c77df - - - - -] Publish callbacks ['neutron.services.segments.db._update_segment_host_mapping_for_agent-8772354727027', 'neutron.plugins.ml2.plugin.Ml2Plugin._retry_binding_revived_agents--9223372036851335280'] for agent (a525e56f-f701-4cdd-bca2-66eb390e522e), after_update _notify_loop /var/lib/kolla/venv/lib/python3.6/site-packages/neutron_lib/callbacks/manager.py:177
2025-02-03 02:18:18.738 22 DEBUG neutron.wsgi [-] (22) accepted ('10.0.0.23', 46552) server /var/lib/kolla/venv/lib/python3.6/site-packages/eventlet/wsgi.py:1004
2025-02-03 02:18:18.741 22 INFO neutron.wsgi [-] 10.0.0.23 "GET / HTTP/1.1" status: 200 len: 227 time: 0.0024385
2025-02-03 02:18:20.172 23 DEBUG neutron_lib.callbacks.manager [req-597b655f-a48a-4d88-836f-34088b1d652b - - - - -] Publish callbacks ['neutron.services.segments.db._update_segment_host_mapping_for_agent-8772354727027', 'neutron.plugins.ml2.plugin.Ml2Plugin._retry_binding_revived_agents--9223372036851335280'] for agent (bf1599bd-269d-4876-8b3f-f98e8b0aa4ca), after_update _notify_loop /var/lib/kolla/venv/lib/python3.6/site-packages/neutron_lib/callbacks/manager.py:177
2025-02-03 02:18:28.038 29 DEBUG neutron.db.agents_db [req-0c95c034-7540-4f51-9742-327ff5e086a7 - - - - -] Agent healthcheck: found 2 active agents agent_health_check /var/lib/kolla/venv/lib/python3.6/site-packages/neutron/db/agents_db.py:318
2025-02-03 02:18:41.776 24 DEBUG neutron_lib.callbacks.manager [req-a090b850-624a-4580-888e-1c52c85c77df - - - - -] Publish callbacks ['neutron.services.segments.db._update_segment_host_mapping_for_agent-8772354727027', 'neutron.plugins.ml2.plugin.Ml2Plugin._retry_binding_revived_agents--9223372036851335280'] for agent (a525e56f-f701-4cdd-bca2-66eb390e522e), after_update _notify_loop /var/lib/kolla/venv/lib/python3.6/site-packages/neutron_lib/callbacks/manager.py:177
2025-02-03 02:18:48.797 22 DEBUG neutron.wsgi [-] (22) accepted ('10.0.0.23', 43796) server /var/lib/kolla/venv/lib/python3.6/site-packages/eventlet/wsgi.py:1004
2025-02-03 02:18:48.801 22 INFO neutron.wsgi [-] 10.0.0.23 "GET / HTTP/1.1" status: 200 len: 227 time: 0.0027406
2025-02-03 02:18:50.173 27 DEBUG neutron_lib.callbacks.manager [req-1f568bea-7a27-4e72-961d-a827d225f9c5 - - - - -] Publish callbacks ['neutron.services.segments.db._update_segment_host_mapping_for_agent-8772354727027', 'neutron.plugins.ml2.plugin.Ml2Plugin._retry_binding_revived_agents--9223372036851335280'] for agent (bf1599bd-269d-4876-8b3f-f98e8b0aa4ca), after_update _notify_loop /var/lib/kolla/venv/lib/python3.6/site-packages/neutron_lib/callbacks/manager.py:177
2025-02-03 02:19:05.034 29 DEBUG neutron.db.agents_db [req-0c95c034-7540-4f51-9742-327ff5e086a7 - - - - -] Agent healthcheck: found 2 active agents agent_health_check /var/lib/kolla/venv/lib/python3.6/site-packages/neutron/db/agents_db.py:318
2025-02-03 02:19:11.778 26 DEBUG neutron_lib.callbacks.manager [req-a090b850-624a-4580-888e-1c52c85c77df - - - - -] Publish callbacks ['neutron.services.segments.db._update_segment_host_mapping_for_agent-8772354727027', 'neutron.plugins.ml2.plugin.Ml2Plugin._retry_binding_revived_agents--9223372036851335280'] for agent (a525e56f-f701-4cdd-bca2-66eb390e522e), after_update _notify_loop /var/lib/kolla/venv/lib/python3.6/site-packages/neutron_lib/callbacks/manager.py:177
2025-02-03 02:19:18.848 22 DEBUG neutron.wsgi [-] (22) accepted ('10.0.0.23', 38772) server /var/lib/kolla/venv/lib/python3.6/site-packages/eventlet/wsgi.py:1004
2025-02-03 02:19:18.852 22 INFO neutron.wsgi [-] 10.0.0.23 "GET / HTTP/1.1" status: 200 len: 227 time: 0.0027149
2025-02-03 02:19:20.185 28 DEBUG neutron_lib.callbacks.manager [req-2acb10b8-9203-4b4a-9b8f-b7bcfbd8ea2b - - - - -] Publish callbacks ['neutron.services.segments.db._update_segment_host_mapping_for_agent-8772354727027', 'neutron.plugins.ml2.plugin.Ml2Plugin._retry_binding_revived_agents--9223372036851335280'] for agent (bf1599bd-269d-4876-8b3f-f98e8b0aa4ca), after_update _notify_loop /var/lib/kolla/venv/lib/python3.6/site-packages/neutron_lib/callbacks/manager.py:177
2025-02-03 02:19:41.779 25 DEBUG neutron_lib.callbacks.manager [req-a090b850-624a-4580-888e-1c52c85c77df - - - - -] Publish callbacks ['neutron.services.segments.db._update_segment_host_mapping_for_agent-8772354727027', 'neutron.plugins.ml2.plugin.Ml2Plugin._retry_binding_revived_agents--9223372036851335280'] for agent (a525e56f-f701-4cdd-bca2-66eb390e522e), after_update _notify_loop /var/lib/kolla/venv/lib/python3.6/site-packages/neutron_lib/callbacks/manager.py:177
2025-02-03 02:19:42.041 29 DEBUG neutron.db.agents_db [req-0c95c034-7540-4f51-9742-327ff5e086a7 - - - - -] Agent healthcheck: found 2 active agents agent_health_check /var/lib/kolla/venv/lib/python3.6/site-packages/neutron/db/agents_db.py:318
2025-02-03 02:19:48.894 22 DEBUG neutron.wsgi [-] (22) accepted ('10.0.0.23', 38702) server /var/lib/kolla/venv/lib/python3.6/site-packages/eventlet/wsgi.py:1004
2025-02-03 02:19:48.898 22 INFO neutron.wsgi [-] 10.0.0.23 "GET / HTTP/1.1" status: 200 len: 227 time: 0.0035970
2025-02-03 02:19:50.172 23 DEBUG neutron_lib.callbacks.manager [req-c293cd2c-f286-43df-bfae-f65dfd94b99b - - - - -] Publish callbacks ['neutron.services.segments.db._update_segment_host_mapping_for_agent-8772354727027', 'neutron.plugins.ml2.plugin.Ml2Plugin._retry_binding_revived_agents--9223372036851335280'] for agent (bf1599bd-269d-4876-8b3f-f98e8b0aa4ca), after_update _notify_loop /var/lib/kolla/venv/lib/python3.6/site-packages/neutron_lib/callbacks/manager.py:177
2025-02-03 02:20:11.781 24 DEBUG neutron_lib.callbacks.manager [req-a090b850-624a-4580-888e-1c52c85c77df - - - - -] Publish callbacks ['neutron.services.segments.db._update_segment_host_mapping_for_agent-8772354727027', 'neutron.plugins.ml2.plugin.Ml2Plugin._retry_binding_revived_agents--9223372036851335280'] for agent (a525e56f-f701-4cdd-bca2-66eb390e522e), after_update _notify_loop /var/lib/kolla/venv/lib/python3.6/site-packages/neutron_lib/callbacks/manager.py:177
2025-02-03 02:20:18.942 22 DEBUG neutron.wsgi [-] (22) accepted ('10.0.0.23', 54644) server /var/lib/kolla/venv/lib/python3.6/site-packages/eventlet/wsgi.py:1004
2025-02-03 02:20:18.947 22 INFO neutron.wsgi [-] 10.0.0.23 "GET / HTTP/1.1" status: 200 len: 227 time: 0.0026486
2025-02-03 02:20:19.039 29 DEBUG neutron.db.agents_db [req-0c95c034-7540-4f51-9742-327ff5e086a7 - - - - -] Agent healthcheck: found 2 active agents agent_health_check /var/lib/kolla/venv/lib/python3.6/site-packages/neutron/db/agents_db.py:318
2025-02-03 02:20:20.169 27 DEBUG neutron_lib.callbacks.manager [req-eb101404-1929-4018-95c1-abba4ad96ff6 - - - - -] Publish callbacks ['neutron.services.segments.db._update_segment_host_mapping_for_agent-8772354727027', 'neutron.plugins.ml2.plugin.Ml2Plugin._retry_binding_revived_agents--9223372036851335280'] for agent (bf1599bd-269d-4876-8b3f-f98e8b0aa4ca), after_update _notify_loop /var/lib/kolla/venv/lib/python3.6/site-packages/neutron_lib/callbacks/manager.py:177
2025-02-03 02:20:41.790 26 DEBUG neutron_lib.callbacks.manager [req-a090b850-624a-4580-888e-1c52c85c77df - - - - -] Publish callbacks ['neutron.services.segments.db._update_segment_host_mapping_for_agent-8772354727027', 'neutron.plugins.ml2.plugin.Ml2Plugin._retry_binding_revived_agents--9223372036851335280'] for agent (a525e56f-f701-4cdd-bca2-66eb390e522e), after_update _notify_loop /var/lib/kolla/venv/lib/python3.6/site-packages/neutron_lib/callbacks/manager.py:177
2025-02-03 02:20:49.001 22 DEBUG neutron.wsgi [-] (22) accepted ('10.0.0.23', 56636) server /var/lib/kolla/venv/lib/python3.6/site-packages/eventlet/wsgi.py:1004
2025-02-03 02:20:49.004 22 INFO neutron.wsgi [-] 10.0.0.23 "GET / HTTP/1.1" status: 200 len: 227 time: 0.0025532
2025-02-03 02:20:50.164 28 DEBUG neutron_lib.callbacks.manager [req-2d21750f-ce5a-4ed5-986c-6c15fb9a00f2 - - - - -] Publish callbacks ['neutron.services.segments.db._update_segment_host_mapping_for_agent-8772354727027', 'neutron.plugins.ml2.plugin.Ml2Plugin._retry_binding_revived_agents--9223372036851335280'] for agent (bf1599bd-269d-4876-8b3f-f98e8b0aa4ca), after_update _notify_loop /var/lib/kolla/venv/lib/python3.6/site-packages/neutron_lib/callbacks/manager.py:177
2025-02-03 02:20:56.045 29 DEBUG neutron.db.agents_db [req-0c95c034-7540-4f51-9742-327ff5e086a7 - - - - -] Agent healthcheck: found 2 active agents agent_health_check /var/lib/kolla/venv/lib/python3.6/site-packages/neutron/db/agents_db.py:318
2025-02-03 02:20:57.358 7 INFO oslo_service.service [-] Caught SIGTERM, stopping children
2025-02-03 02:20:57.359 7 DEBUG oslo_concurrency.lockutils [-] Acquired lock "singleton_lock" lock /var/lib/kolla/venv/lib/python3.6/site-packages/oslo_concurrency/lockutils.py:294
2025-02-03 02:20:57.359 7 DEBUG oslo_concurrency.lockutils [-] Releasing lock "singleton_lock" lock /var/lib/kolla/venv/lib/python3.6/site-packages/oslo_concurrency/lockutils.py:312
2025-02-03 02:20:57.359 7 DEBUG oslo_service.service [-] Stop services. stop /var/lib/kolla/venv/lib/python3.6/site-packages/oslo_service/service.py:695
2025-02-03 02:20:57.359 7 DEBUG neutron.service [-] calling RpcWorker stop() stop /var/lib/kolla/venv/lib/python3.6/site-packages/neutron/service.py:138
2025-02-03 02:20:57.360 7 DEBUG neutron.service [-] calling RpcWorker stop() stop /var/lib/kolla/venv/lib/python3.6/site-packages/neutron/service.py:138
2025-02-03 02:20:57.360 7 DEBUG oslo_service.service [-] Killing children. stop /var/lib/kolla/venv/lib/python3.6/site-packages/oslo_service/service.py:700
2025-02-03 02:20:57.360 7 INFO oslo_service.service [-] Waiting on 8 children to exit
2025-02-03 02:20:57.360 22 INFO neutron.wsgi [-] (22) wsgi exited, is_accepting=True
2025-02-03 02:20:57.360 25 DEBUG neutron.service [-] calling RpcWorker stop() stop /var/lib/kolla/venv/lib/python3.6/site-packages/neutron/service.py:138
2025-02-03 02:20:57.360 24 DEBUG neutron.service [-] calling RpcWorker stop() stop /var/lib/kolla/venv/lib/python3.6/site-packages/neutron/service.py:138
2025-02-03 02:20:57.360 26 DEBUG neutron.service [-] calling RpcWorker stop() stop /var/lib/kolla/venv/lib/python3.6/site-packages/neutron/service.py:138
2025-02-03 02:20:57.361 22 DEBUG oslo_concurrency.lockutils [req-05d28678-c791-45e2-b788-25c4c599e187 - - - - -] Acquired lock "singleton_lock" lock /var/lib/kolla/venv/lib/python3.6/site-packages/oslo_concurrency/lockutils.py:294
2025-02-03 02:20:57.361 22 DEBUG oslo_concurrency.lockutils [req-05d28678-c791-45e2-b788-25c4c599e187 - - - - -] Releasing lock "singleton_lock" lock /var/lib/kolla/venv/lib/python3.6/site-packages/oslo_concurrency/lockutils.py:312
2025-02-03 02:20:57.361 25 DEBUG neutron.service [-] calling stop on stop /var/lib/kolla/venv/lib/python3.6/site-packages/neutron/service.py:141
2025-02-03 02:20:57.361 26 DEBUG neutron.service [-] calling stop on stop /var/lib/kolla/venv/lib/python3.6/site-packages/neutron/service.py:141
2025-02-03 02:20:57.361 24 DEBUG neutron.service [-] calling stop on stop /var/lib/kolla/venv/lib/python3.6/site-packages/neutron/service.py:141
2025-02-03 02:20:57.363 27 DEBUG neutron.service [-] calling RpcWorker stop() stop /var/lib/kolla/venv/lib/python3.6/site-packages/neutron/service.py:138
2025-02-03 02:20:57.363 28 DEBUG neutron.service [-] calling RpcWorker stop() stop /var/lib/kolla/venv/lib/python3.6/site-packages/neutron/service.py:138
2025-02-03 02:20:57.364 29 DEBUG neutron.service [-] calling RpcWorker stop() stop /var/lib/kolla/venv/lib/python3.6/site-packages/neutron/service.py:138
2025-02-03 02:20:57.365 23 DEBUG neutron.service [-] calling RpcWorker stop() stop /var/lib/kolla/venv/lib/python3.6/site-packages/neutron/service.py:138
2025-02-03 02:20:57.365 7 INFO oslo_service.service [-] Child 22 exited with status 0
2025-02-03 02:20:57.364 28 DEBUG neutron.service [-] calling stop on stop /var/lib/kolla/venv/lib/python3.6/site-packages/neutron/service.py:141
2025-02-03 02:20:57.365 23 DEBUG neutron.service [-] calling stop on stop /var/lib/kolla/venv/lib/python3.6/site-packages/neutron/service.py:141
2025-02-03 02:20:57.364 29 DEBUG neutron.service [-] calling stop on stop /var/lib/kolla/venv/lib/python3.6/site-packages/neutron/service.py:141
2025-02-03 02:20:57.364 27 DEBUG neutron.service [-] calling stop on stop /var/lib/kolla/venv/lib/python3.6/site-packages/neutron/service.py:141
2025-02-03 02:20:58.361 28 DEBUG oslo_concurrency.lockutils [req-05d28678-c791-45e2-b788-25c4c599e187 - - - - -] Acquired lock "singleton_lock" lock /var/lib/kolla/venv/lib/python3.6/site-packages/oslo_concurrency/lockutils.py:294
2025-02-03 02:20:58.361 28 DEBUG oslo_concurrency.lockutils [req-05d28678-c791-45e2-b788-25c4c599e187 - - - - -] Releasing lock "singleton_lock" lock /var/lib/kolla/venv/lib/python3.6/site-packages/oslo_concurrency/lockutils.py:312
2025-02-03 02:20:58.361 28 DEBUG neutron.service [req-05d28678-c791-45e2-b788-25c4c599e187 - - - - -] calling RpcWorker wait() _wait /var/lib/kolla/venv/lib/python3.6/site-packages/neutron/service.py:128
2025-02-03 02:20:58.361 28 DEBUG neutron.service [req-05d28678-c791-45e2-b788-25c4c599e187 - - - - -] calling wait on _wait /var/lib/kolla/venv/lib/python3.6/site-packages/neutron/service.py:131
2025-02-03 02:20:58.368 28 WARNING amqp [req-05d28678-c791-45e2-b788-25c4c599e187 - - - - -] Received method (60, 30) during closing channel 1. This method will be ignored
2025-02-03 02:20:58.369 28 DEBUG neutron.service [req-05d28678-c791-45e2-b788-25c4c599e187 - - - - -] returning from RpcWorker wait() _wait /var/lib/kolla/venv/lib/python3.6/site-packages/neutron/service.py:135
2025-02-03 02:20:58.370 27 DEBUG oslo_concurrency.lockutils [req-05d28678-c791-45e2-b788-25c4c599e187 - - - - -] Acquired lock "singleton_lock" lock /var/lib/kolla/venv/lib/python3.6/site-packages/oslo_concurrency/lockutils.py:294
2025-02-03 02:20:58.371 27 DEBUG oslo_concurrency.lockutils [req-05d28678-c791-45e2-b788-25c4c599e187 - - - - -] Releasing lock "singleton_lock" lock /var/lib/kolla/venv/lib/python3.6/site-packages/oslo_concurrency/lockutils.py:312
2025-02-03 02:20:58.371 27 DEBUG neutron.service [req-05d28678-c791-45e2-b788-25c4c599e187 - - - - -] calling RpcWorker wait() _wait /var/lib/kolla/venv/lib/python3.6/site-packages/neutron/service.py:128
2025-02-03 02:20:58.371 27 DEBUG neutron.service [req-05d28678-c791-45e2-b788-25c4c599e187 - - - - -] calling wait on _wait /var/lib/kolla/venv/lib/python3.6/site-packages/neutron/service.py:131
2025-02-03 02:20:58.376 27 WARNING amqp [req-05d28678-c791-45e2-b788-25c4c599e187 - - - - -] Received method (60, 30) during closing channel 1. This method will be ignored
2025-02-03 02:20:58.376 27 DEBUG neutron.service [req-05d28678-c791-45e2-b788-25c4c599e187 - - - - -] returning from RpcWorker wait() _wait /var/lib/kolla/venv/lib/python3.6/site-packages/neutron/service.py:135
2025-02-03 02:20:58.378 7 INFO oslo_service.service [-] Child 28 exited with status 0
2025-02-03 02:20:58.382 7 INFO oslo_service.service [-] Child 27 exited with status 0
2025-02-03 02:20:59.989 26 DEBUG oslo_concurrency.lockutils [req-05d28678-c791-45e2-b788-25c4c599e187 - - - - -] Acquired lock "singleton_lock" lock /var/lib/kolla/venv/lib/python3.6/site-packages/oslo_concurrency/lockutils.py:294
2025-02-03 02:20:59.990 26 DEBUG oslo_concurrency.lockutils [req-05d28678-c791-45e2-b788-25c4c599e187 - - - - -] Releasing lock "singleton_lock" lock /var/lib/kolla/venv/lib/python3.6/site-packages/oslo_concurrency/lockutils.py:312
2025-02-03 02:20:59.990 26 DEBUG neutron.service [req-05d28678-c791-45e2-b788-25c4c599e187 - - - - -] calling RpcWorker wait() _wait /var/lib/kolla/venv/lib/python3.6/site-packages/neutron/service.py:128
2025-02-03 02:20:59.990 26 DEBUG neutron.service [req-05d28678-c791-45e2-b788-25c4c599e187 - - - - -] calling wait on _wait /var/lib/kolla/venv/lib/python3.6/site-packages/neutron/service.py:131
2025-02-03 02:20:59.996 26 WARNING amqp [req-05d28678-c791-45e2-b788-25c4c599e187 - - - - -] Received method (60, 30) during closing channel 1. This method will be ignored
2025-02-03 02:20:59.997 26 DEBUG neutron.service [req-05d28678-c791-45e2-b788-25c4c599e187 - - - - -] returning from RpcWorker wait() _wait /var/lib/kolla/venv/lib/python3.6/site-packages/neutron/service.py:135
2025-02-03 02:21:00.003 7 INFO oslo_service.service [-] Child 26 exited with status 0
2025-02-03 02:21:01.014 23 DEBUG neutron.service [-] calling stop on stop /var/lib/kolla/venv/lib/python3.6/site-packages/neutron/service.py:141
2025-02-03 02:21:01.025 24 DEBUG neutron.service [-] calling stop on stop /var/lib/kolla/venv/lib/python3.6/site-packages/neutron/service.py:141
2025-02-03 02:21:01.030 25 DEBUG neutron.service [-] calling stop on stop /var/lib/kolla/venv/lib/python3.6/site-packages/neutron/service.py:141
2025-02-03 02:21:01.031 23 DEBUG neutron.service [-] calling stop on stop /var/lib/kolla/venv/lib/python3.6/site-packages/neutron/service.py:141
2025-02-03 02:21:01.038 25 DEBUG neutron.service [-] calling stop on stop /var/lib/kolla/venv/lib/python3.6/site-packages/neutron/service.py:141
2025-02-03 02:21:01.038 24 DEBUG neutron.service [-] calling stop on stop /var/lib/kolla/venv/lib/python3.6/site-packages/neutron/service.py:141
2025-02-03 02:21:01.042 29 DEBUG oslo_concurrency.lockutils [req-05d28678-c791-45e2-b788-25c4c599e187 - - - - -] Acquired lock "singleton_lock" lock /var/lib/kolla/venv/lib/python3.6/site-packages/oslo_concurrency/lockutils.py:294
2025-02-03 02:21:01.043 29 DEBUG oslo_concurrency.lockutils [req-05d28678-c791-45e2-b788-25c4c599e187 - - - - -] Releasing lock "singleton_lock" lock /var/lib/kolla/venv/lib/python3.6/site-packages/oslo_concurrency/lockutils.py:312
2025-02-03 02:21:01.043 29 DEBUG neutron.service [req-05d28678-c791-45e2-b788-25c4c599e187 - - - - -] calling RpcWorker wait() _wait /var/lib/kolla/venv/lib/python3.6/site-packages/neutron/service.py:128
2025-02-03 02:21:01.043 29 DEBUG neutron.service [req-05d28678-c791-45e2-b788-25c4c599e187 - - - - -] calling wait on _wait /var/lib/kolla/venv/lib/python3.6/site-packages/neutron/service.py:131
2025-02-03 02:21:01.050 29 WARNING amqp [req-05d28678-c791-45e2-b788-25c4c599e187 - - - - -] Received method (60, 30) during closing channel 1. This method will be ignored
2025-02-03 02:21:01.052 29 DEBUG neutron.service [req-05d28678-c791-45e2-b788-25c4c599e187 - - - - -] returning from RpcWorker wait() _wait /var/lib/kolla/venv/lib/python3.6/site-packages/neutron/service.py:135
2025-02-03 02:21:01.054 25 DEBUG neutron.service [-] calling stop on stop /var/lib/kolla/venv/lib/python3.6/site-packages/neutron/service.py:141
2025-02-03 02:21:01.057 24 DEBUG neutron.service [-] calling stop on stop /var/lib/kolla/venv/lib/python3.6/site-packages/neutron/service.py:141
2025-02-03 02:21:01.058 23 DEBUG neutron.service [-] calling stop on stop /var/lib/kolla/venv/lib/python3.6/site-packages/neutron/service.py:141
2025-02-03 02:21:01.059 7 INFO oslo_service.service [-] Child 29 exited with status 0
2025-02-03 02:21:01.066 25 DEBUG oslo_concurrency.lockutils [req-05d28678-c791-45e2-b788-25c4c599e187 - - - - -] Acquired lock "singleton_lock" lock /var/lib/kolla/venv/lib/python3.6/site-packages/oslo_concurrency/lockutils.py:294
2025-02-03 02:21:01.067 25 DEBUG oslo_concurrency.lockutils [req-05d28678-c791-45e2-b788-25c4c599e187 - - - - -] Releasing lock "singleton_lock" lock /var/lib/kolla/venv/lib/python3.6/site-packages/oslo_concurrency/lockutils.py:312
2025-02-03 02:21:01.068 25 DEBUG neutron.service [req-05d28678-c791-45e2-b788-25c4c599e187 - - - - -] calling RpcWorker wait() _wait /var/lib/kolla/venv/lib/python3.6/site-packages/neutron/service.py:128
2025-02-03 02:21:01.068 25 DEBUG neutron.service [req-05d28678-c791-45e2-b788-25c4c599e187 - - - - -] calling wait on _wait /var/lib/kolla/venv/lib/python3.6/site-packages/neutron/service.py:131
2025-02-03 02:21:01.068 23 DEBUG oslo_concurrency.lockutils [req-05d28678-c791-45e2-b788-25c4c599e187 - - - - -] Acquired lock "singleton_lock" lock /var/lib/kolla/venv/lib/python3.6/site-packages/oslo_concurrency/lockutils.py:294
2025-02-03 02:21:01.069 23 DEBUG oslo_concurrency.lockutils [req-05d28678-c791-45e2-b788-25c4c599e187 - - - - -] Releasing lock "singleton_lock" lock /var/lib/kolla/venv/lib/python3.6/site-packages/oslo_concurrency/lockutils.py:312
2025-02-03 02:21:01.069 23 DEBUG neutron.service [req-05d28678-c791-45e2-b788-25c4c599e187 - - - - -] calling RpcWorker wait() _wait /var/lib/kolla/venv/lib/python3.6/site-packages/neutron/service.py:128
2025-02-03 02:21:01.069 23 DEBUG neutron.service [req-05d28678-c791-45e2-b788-25c4c599e187 - - - - -] calling wait on _wait /var/lib/kolla/venv/lib/python3.6/site-packages/neutron/service.py:131
2025-02-03 02:21:01.072 24 DEBUG oslo_concurrency.lockutils [req-05d28678-c791-45e2-b788-25c4c599e187 - - - - -] Acquired lock "singleton_lock" lock /var/lib/kolla/venv/lib/python3.6/site-packages/oslo_concurrency/lockutils.py:294
2025-02-03 02:21:01.073 24 DEBUG oslo_concurrency.lockutils [req-05d28678-c791-45e2-b788-25c4c599e187 - - - - -] Releasing lock "singleton_lock" lock /var/lib/kolla/venv/lib/python3.6/site-packages/oslo_concurrency/lockutils.py:312
2025-02-03 02:21:01.074 24 DEBUG neutron.service [req-05d28678-c791-45e2-b788-25c4c599e187 - - - - -] calling RpcWorker wait() _wait /var/lib/kolla/venv/lib/python3.6/site-packages/neutron/service.py:128
2025-02-03 02:21:01.074 24 DEBUG neutron.service [req-05d28678-c791-45e2-b788-25c4c599e187 - - - - -] calling wait on _wait /var/lib/kolla/venv/lib/python3.6/site-packages/neutron/service.py:131
