2025-01-30 00:37:21.844 128360 DEBUG oslo_service.service [req-fdf42c01-ab8b-4ce3-8fda-25f1171c0972 - - - - -] max_logfile_size_mb = 200 log_opt_values /usr/lib/python3/dist-packages/oslo_config/cfg.py:2602
2025-01-30 00:37:21.844 128360 DEBUG oslo_service.service [req-fdf42c01-ab8b-4ce3-8fda-25f1171c0972 - - - - -] maximum_instance_delete_attempts = 5 log_opt_values /usr/lib/python3/dist-packages/oslo_config/cfg.py:2602
2025-01-30 00:37:21.845 128360 DEBUG oslo_service.service [req-fdf42c01-ab8b-4ce3-8fda-25f1171c0972 - - - - -] metadata_listen = 0.0.0.0 log_opt_values /usr/lib/python3/dist-packages/oslo_config/cfg.py:2602
2025-01-30 00:37:21.845 128360 DEBUG oslo_service.service [req-fdf42c01-ab8b-4ce3-8fda-25f1171c0972 - - - - -] metadata_listen_port = 8765 log_opt_values /usr/lib/python3/dist-packages/oslo_config/cfg.py:2602
2025-01-30 00:37:21.845 128360 DEBUG oslo_service.service [req-fdf42c01-ab8b-4ce3-8fda-25f1171c0972 - - - - -] metadata_workers = None log_opt_values /usr/lib/python3/dist-packages/oslo_config/cfg.py:2602
2025-01-30 00:37:21.846 128360 DEBUG oslo_service.service [req-fdf42c01-ab8b-4ce3-8fda-25f1171c0972 - - - - -] migrate_max_retries = -1 log_opt_values /usr/lib/python3/dist-packages/oslo_config/cfg.py:2602
2025-01-30 00:37:21.846 128360 DEBUG oslo_service.service [req-fdf42c01-ab8b-4ce3-8fda-25f1171c0972 - - - - -] mkisofs_cmd = genisoimage log_opt_values /usr/lib/python3/dist-packages/oslo_config/cfg.py:2602
2025-01-30 00:37:21.846 128360 DEBUG oslo_service.service [req-fdf42c01-ab8b-4ce3-8fda-25f1171c0972 - - - - -] my_block_storage_ip = 252.30.148.199 log_opt_values /usr/lib/python3/dist-packages/oslo_config/cfg.py:2602
2025-01-30 00:37:21.846 128360 DEBUG oslo_service.service [req-fdf42c01-ab8b-4ce3-8fda-25f1171c0972 - - - - -] my_ip = 252.30.148.199 log_opt_values /usr/lib/python3/dist-packages/oslo_config/cfg.py:2602
2025-01-30 00:37:21.847 129898 DEBUG oslo_db.sqlalchemy.engines [req-26b05fd9-5947-46d3-8d94-15e003b70a70 - - - - -] MySQL server mode set to STRICT_TRANS_TABLES,STRICT_ALL_TABLES,NO_ZERO_IN_DATE,NO_ZERO_DATE,ERROR_FOR_DIVISION_BY_ZERO,TRADITIONAL,NO_ENGINE_SUBSTITUTION _check_effective_sql_mode /usr/lib/python3/dist-packages/oslo_db/sqlalchemy/engines.py:314
2025-01-30 00:37:21.848 128360 DEBUG oslo_service.service [req-fdf42c01-ab8b-4ce3-8fda-25f1171c0972 - - - - -] network_allocate_retries = 0 log_opt_values /usr/lib/python3/dist-packages/oslo_config/cfg.py:2602
2025-01-30 00:37:21.848 128360 DEBUG oslo_service.service [req-fdf42c01-ab8b-4ce3-8fda-25f1171c0972 - - - - -] non_inheritable_image_properties = ['cache_in_nova', 'bittorrent'] log_opt_values /usr/lib/python3/dist-packages/oslo_config/cfg.py:2602
2025-01-30 00:37:21.848 128360 DEBUG oslo_service.service [req-fdf42c01-ab8b-4ce3-8fda-25f1171c0972 - - - - -] osapi_compute_listen = 0.0.0.0 log_opt_values /usr/lib/python3/dist-packages/oslo_config/cfg.py:2602
2025-01-30 00:37:21.849 128360 DEBUG oslo_service.service [req-fdf42c01-ab8b-4ce3-8fda-25f1171c0972 - - - - -] osapi_compute_listen_port = 8764 log_opt_values /usr/lib/python3/dist-packages/oslo_config/cfg.py:2602
2025-01-30 00:37:21.849 128360 DEBUG oslo_service.service [req-fdf42c01-ab8b-4ce3-8fda-25f1171c0972 - - - - -] osapi_compute_unique_server_name_scope = log_opt_values /usr/lib/python3/dist-packages/oslo_config/cfg.py:2602
2025-01-30 00:37:21.849 128360 DEBUG oslo_service.service [req-fdf42c01-ab8b-4ce3-8fda-25f1171c0972 - - - - -] osapi_compute_workers = 4 log_opt_values /usr/lib/python3/dist-packages/oslo_config/cfg.py:2602
2025-01-30 00:37:21.849 128360 DEBUG oslo_service.service [req-fdf42c01-ab8b-4ce3-8fda-25f1171c0972 - - - - -] password_length = 12 log_opt_values /usr/lib/python3/dist-packages/oslo_config/cfg.py:2602
2025-01-30 00:37:21.850 128360 DEBUG oslo_service.service [req-fdf42c01-ab8b-4ce3-8fda-25f1171c0972 - - - - -] periodic_enable = True log_opt_values /usr/lib/python3/dist-packages/oslo_config/cfg.py:2602
2025-01-30 00:37:21.850 128360 DEBUG oslo_service.service [req-fdf42c01-ab8b-4ce3-8fda-25f1171c0972 - - - - -] periodic_fuzzy_delay = 60 log_opt_values /usr/lib/python3/dist-packages/oslo_config/cfg.py:2602
2025-01-30 00:37:21.850 128360 DEBUG oslo_service.service [req-fdf42c01-ab8b-4ce3-8fda-25f1171c0972 - - - - -] pointer_model = usbtablet log_opt_values /usr/lib/python3/dist-packages/oslo_config/cfg.py:2602
2025-01-30 00:37:21.850 128360 DEBUG oslo_service.service [req-fdf42c01-ab8b-4ce3-8fda-25f1171c0972 - - - - -] preallocate_images = none log_opt_values /usr/lib/python3/dist-packages/oslo_config/cfg.py:2602
2025-01-30 00:37:21.850 128360 DEBUG oslo_service.service [req-fdf42c01-ab8b-4ce3-8fda-25f1171c0972 - - - - -] publish_errors = False log_opt_values /usr/lib/python3/dist-packages/oslo_config/cfg.py:2602
2025-01-30 00:37:21.851 128360 DEBUG oslo_service.service [req-fdf42c01-ab8b-4ce3-8fda-25f1171c0972 - - - - -] pybasedir = /usr/lib/python3/dist-packages log_opt_values /usr/lib/python3/dist-packages/oslo_config/cfg.py:2602
2025-01-30 00:37:21.851 128360 DEBUG oslo_service.service [req-fdf42c01-ab8b-4ce3-8fda-25f1171c0972 - - - - -] ram_allocation_ratio = 0.98 log_opt_values /usr/lib/python3/dist-packages/oslo_config/cfg.py:2602
2025-01-30 00:37:21.851 128360 DEBUG oslo_service.service [req-fdf42c01-ab8b-4ce3-8fda-25f1171c0972 - - - - -] rate_limit_burst = 0 log_opt_values /usr/lib/python3/dist-packages/oslo_config/cfg.py:2602
2025-01-30 00:37:21.851 128360 DEBUG oslo_service.service [req-fdf42c01-ab8b-4ce3-8fda-25f1171c0972 - - - - -] rate_limit_except_level = CRITICAL log_opt_values /usr/lib/python3/dist-packages/oslo_config/cfg.py:2602
2025-01-30 00:37:21.851 128360 DEBUG oslo_service.service [req-fdf42c01-ab8b-4ce3-8fda-25f1171c0972 - - - - -] rate_limit_interval = 0 log_opt_values /usr/lib/python3/dist-packages/oslo_config/cfg.py:2602
2025-01-30 00:37:21.852 128360 DEBUG oslo_service.service [req-fdf42c01-ab8b-4ce3-8fda-25f1171c0972 - - - - -] reboot_timeout = 0 log_opt_values /usr/lib/python3/dist-packages/oslo_config/cfg.py:2602
2025-01-30 00:37:21.852 128360 DEBUG oslo_service.service [req-fdf42c01-ab8b-4ce3-8fda-25f1171c0972 - - - - -] reclaim_instance_interval = 0 log_opt_values /usr/lib/python3/dist-packages/oslo_config/cfg.py:2602
2025-01-30 00:37:21.852 128360 DEBUG oslo_service.service [req-fdf42c01-ab8b-4ce3-8fda-25f1171c0972 - - - - -] record = None log_opt_values /usr/lib/python3/dist-packages/oslo_config/cfg.py:2602
2025-01-30 00:37:21.852 128360 DEBUG oslo_service.service [req-fdf42c01-ab8b-4ce3-8fda-25f1171c0972 - - - - -] report_interval = 10 log_opt_values /usr/lib/python3/dist-packages/oslo_config/cfg.py:2602
2025-01-30 00:37:21.852 128360 DEBUG oslo_service.service [req-fdf42c01-ab8b-4ce3-8fda-25f1171c0972 - - - - -] rescue_timeout = 0 log_opt_values /usr/lib/python3/dist-packages/oslo_config/cfg.py:2602
2025-01-30 00:37:21.854 128360 DEBUG oslo_service.service [req-fdf42c01-ab8b-4ce3-8fda-25f1171c0972 - - - - -] reserved_host_cpus = 0 log_opt_values /usr/lib/python3/dist-packages/oslo_config/cfg.py:2602
2025-01-30 00:37:21.854 128360 DEBUG oslo_service.service [req-fdf42c01-ab8b-4ce3-8fda-25f1171c0972 - - - - -] reserved_host_disk_mb = 0 log_opt_values /usr/lib/python3/dist-packages/oslo_config/cfg.py:2602
2025-01-30 00:37:21.854 128360 DEBUG oslo_service.service [req-fdf42c01-ab8b-4ce3-8fda-25f1171c0972 - - - - -] reserved_host_memory_mb = 512 log_opt_values /usr/lib/python3/dist-packages/oslo_config/cfg.py:2602
2025-01-30 00:37:21.855 128360 DEBUG oslo_service.service [req-fdf42c01-ab8b-4ce3-8fda-25f1171c0972 - - - - -] reserved_huge_pages = None log_opt_values /usr/lib/python3/dist-packages/oslo_config/cfg.py:2602
2025-01-30 00:37:21.855 128360 DEBUG oslo_service.service [req-fdf42c01-ab8b-4ce3-8fda-25f1171c0972 - - - - -] resize_confirm_window = 0 log_opt_values /usr/lib/python3/dist-packages/oslo_config/cfg.py:2602
2025-01-30 00:37:21.855 128360 DEBUG oslo_service.service [req-fdf42c01-ab8b-4ce3-8fda-25f1171c0972 - - - - -] resize_fs_using_block_device = False log_opt_values /usr/lib/python3/dist-packages/oslo_config/cfg.py:2602
2025-01-30 00:37:21.855 128360 DEBUG oslo_service.service [req-fdf42c01-ab8b-4ce3-8fda-25f1171c0972 - - - - -] resume_guests_state_on_host_boot = False log_opt_values /usr/lib/python3/dist-packages/oslo_config/cfg.py:2602
2025-01-30 00:37:21.855 128360 DEBUG oslo_service.service [req-fdf42c01-ab8b-4ce3-8fda-25f1171c0972 - - - - -] rootwrap_config = /etc/nova/rootwrap.conf log_opt_values /usr/lib/python3/dist-packages/oslo_config/cfg.py:2602
2025-01-30 00:37:21.856 128360 DEBUG oslo_service.service [req-fdf42c01-ab8b-4ce3-8fda-25f1171c0972 - - - - -] run_external_periodic_tasks = True log_opt_values /usr/lib/python3/dist-packages/oslo_config/cfg.py:2602
2025-01-30 00:37:21.856 128360 DEBUG oslo_service.service [req-fdf42c01-ab8b-4ce3-8fda-25f1171c0972 - - - - -] running_deleted_instance_action = reap log_opt_values /usr/lib/python3/dist-packages/oslo_config/cfg.py:2602
2025-01-30 00:37:21.857 128360 DEBUG oslo_service.service [req-fdf42c01-ab8b-4ce3-8fda-25f1171c0972 - - - - -] running_deleted_instance_poll_interval = 1800 log_opt_values /usr/lib/python3/dist-packages/oslo_config/cfg.py:2602
2025-01-30 00:37:21.857 128360 DEBUG oslo_service.service [req-fdf42c01-ab8b-4ce3-8fda-25f1171c0972 - - - - -] running_deleted_instance_timeout = 0 log_opt_values /usr/lib/python3/dist-packages/oslo_config/cfg.py:2602
2025-01-30 00:37:21.857 128360 DEBUG oslo_service.service [req-fdf42c01-ab8b-4ce3-8fda-25f1171c0972 - - - - -] scheduler_instance_sync_interval = 120 log_opt_values /usr/lib/python3/dist-packages/oslo_config/cfg.py:2602
2025-01-30 00:37:21.858 128360 DEBUG oslo_service.service [req-fdf42c01-ab8b-4ce3-8fda-25f1171c0972 - - - - -] service_down_time = 60 log_opt_values /usr/lib/python3/dist-packages/oslo_config/cfg.py:2602
2025-01-30 00:37:21.858 128360 DEBUG oslo_service.service [req-fdf42c01-ab8b-4ce3-8fda-25f1171c0972 - - - - -] servicegroup_driver = db log_opt_values /usr/lib/python3/dist-packages/oslo_config/cfg.py:2602
2025-01-30 00:37:21.858 128360 DEBUG oslo_service.service [req-fdf42c01-ab8b-4ce3-8fda-25f1171c0972 - - - - -] shelved_offload_time = 0 log_opt_values /usr/lib/python3/dist-packages/oslo_config/cfg.py:2602
2025-01-30 00:37:21.859 128360 DEBUG oslo_service.service [req-fdf42c01-ab8b-4ce3-8fda-25f1171c0972 - - - - -] shelved_poll_interval = 3600 log_opt_values /usr/lib/python3/dist-packages/oslo_config/cfg.py:2602
2025-01-30 00:37:21.859 128360 DEBUG oslo_service.service [req-fdf42c01-ab8b-4ce3-8fda-25f1171c0972 - - - - -] shutdown_timeout = 60 log_opt_values /usr/lib/python3/dist-packages/oslo_config/cfg.py:2602
2025-01-30 00:37:21.859 128360 DEBUG oslo_service.service [req-fdf42c01-ab8b-4ce3-8fda-25f1171c0972 - - - - -] source_is_ipv6 = False log_opt_values /usr/lib/python3/dist-packages/oslo_config/cfg.py:2602
2025-01-30 00:37:21.859 128360 DEBUG oslo_service.service [req-fdf42c01-ab8b-4ce3-8fda-25f1171c0972 - - - - -] ssl_only = False log_opt_values /usr/lib/python3/dist-packages/oslo_config/cfg.py:2602
2025-01-30 00:37:21.859 128360 DEBUG oslo_service.service [req-fdf42c01-ab8b-4ce3-8fda-25f1171c0972 - - - - -] state_path = /var/lib/nova log_opt_values /usr/lib/python3/dist-packages/oslo_config/cfg.py:2602
2025-01-30 00:37:21.859 129889 DEBUG nova.service [req-1d7a1e31-d7ff-4ed5-9942-8214d8029874 - - - - -] Creating RPC server for service scheduler start /usr/lib/python3/dist-packages/nova/service.py:182
2025-01-30 00:37:21.860 128360 DEBUG oslo_service.service [req-fdf42c01-ab8b-4ce3-8fda-25f1171c0972 - - - - -] sync_power_state_interval = 600 log_opt_values /usr/lib/python3/dist-packages/oslo_config/cfg.py:2602
2025-01-30 00:37:21.861 128360 DEBUG oslo_service.service [req-fdf42c01-ab8b-4ce3-8fda-25f1171c0972 - - - - -] sync_power_state_pool_size = 1000 log_opt_values /usr/lib/python3/dist-packages/oslo_config/cfg.py:2602
2025-01-30 00:37:21.861 128360 DEBUG oslo_service.service [req-fdf42c01-ab8b-4ce3-8fda-25f1171c0972 - - - - -] syslog_log_facility = LOG_USER log_opt_values /usr/lib/python3/dist-packages/oslo_config/cfg.py:2602
2025-01-30 00:37:21.861 128360 DEBUG oslo_service.service [req-fdf42c01-ab8b-4ce3-8fda-25f1171c0972 - - - - -] tempdir = None log_opt_values /usr/lib/python3/dist-packages/oslo_config/cfg.py:2602
2025-01-30 00:37:21.862 128360 DEBUG oslo_service.service [req-fdf42c01-ab8b-4ce3-8fda-25f1171c0972 - - - - -] timeout_nbd = 10 log_opt_values /usr/lib/python3/dist-packages/oslo_config/cfg.py:2602
2025-01-30 00:37:21.862 128360 DEBUG oslo_service.service [req-fdf42c01-ab8b-4ce3-8fda-25f1171c0972 - - - - -] transport_url = **** log_opt_values /usr/lib/python3/dist-packages/oslo_config/cfg.py:2602
2025-01-30 00:37:21.862 128360 DEBUG oslo_service.service [req-fdf42c01-ab8b-4ce3-8fda-25f1171c0972 - - - - -] update_resources_interval = 0 log_opt_values /usr/lib/python3/dist-packages/oslo_config/cfg.py:2602
2025-01-30 00:37:21.863 128360 DEBUG oslo_service.service [req-fdf42c01-ab8b-4ce3-8fda-25f1171c0972 - - - - -] use_cow_images = True log_opt_values /usr/lib/python3/dist-packages/oslo_config/cfg.py:2602
2025-01-30 00:37:21.863 128360 DEBUG oslo_service.service [req-fdf42c01-ab8b-4ce3-8fda-25f1171c0972 - - - - -] use_eventlog = False log_opt_values /usr/lib/python3/dist-packages/oslo_config/cfg.py:2602
2025-01-30 00:37:21.864 128360 DEBUG oslo_service.service [req-fdf42c01-ab8b-4ce3-8fda-25f1171c0972 - - - - -] use_journal = False log_opt_values /usr/lib/python3/dist-packages/oslo_config/cfg.py:2602
2025-01-30 00:37:21.864 128360 DEBUG oslo_service.service [req-fdf42c01-ab8b-4ce3-8fda-25f1171c0972 - - - - -] use_json = False log_opt_values /usr/lib/python3/dist-packages/oslo_config/cfg.py:2602
2025-01-30 00:37:21.864 128360 DEBUG oslo_service.service [req-fdf42c01-ab8b-4ce3-8fda-25f1171c0972 - - - - -] use_rootwrap_daemon = False log_opt_values /usr/lib/python3/dist-packages/oslo_config/cfg.py:2602
2025-01-30 00:37:21.865 128360 DEBUG oslo_service.service [req-fdf42c01-ab8b-4ce3-8fda-25f1171c0972 - - - - -] use_stderr = False log_opt_values /usr/lib/python3/dist-packages/oslo_config/cfg.py:2602
2025-01-30 00:37:21.865 128360 DEBUG oslo_service.service [req-fdf42c01-ab8b-4ce3-8fda-25f1171c0972 - - - - -] use_syslog = False log_opt_values /usr/lib/python3/dist-packages/oslo_config/cfg.py:2602
2025-01-30 00:37:21.865 128360 DEBUG oslo_service.service [req-fdf42c01-ab8b-4ce3-8fda-25f1171c0972 - - - - -] vcpu_pin_set = None log_opt_values /usr/lib/python3/dist-packages/oslo_config/cfg.py:2602
2025-01-30 00:37:21.865 128360 DEBUG oslo_service.service [req-fdf42c01-ab8b-4ce3-8fda-25f1171c0972 - - - - -] vif_plugging_is_fatal = True log_opt_values /usr/lib/python3/dist-packages/oslo_config/cfg.py:2602
2025-01-30 00:37:21.868 128360 DEBUG oslo_service.service [req-fdf42c01-ab8b-4ce3-8fda-25f1171c0972 - - - - -] vif_plugging_timeout = 300 log_opt_values /usr/lib/python3/dist-packages/oslo_config/cfg.py:2602
2025-01-30 00:37:21.868 128360 DEBUG oslo_service.service [req-fdf42c01-ab8b-4ce3-8fda-25f1171c0972 - - - - -] virt_mkfs = [] log_opt_values /usr/lib/python3/dist-packages/oslo_config/cfg.py:2602
2025-01-30 00:37:21.869 128360 DEBUG oslo_service.service [req-fdf42c01-ab8b-4ce3-8fda-25f1171c0972 - - - - -] volume_usage_poll_interval = 0 log_opt_values /usr/lib/python3/dist-packages/oslo_config/cfg.py:2602
2025-01-30 00:37:21.869 128360 DEBUG oslo_service.service [req-fdf42c01-ab8b-4ce3-8fda-25f1171c0972 - - - - -] watch_log_file = False log_opt_values /usr/lib/python3/dist-packages/oslo_config/cfg.py:2602
2025-01-30 00:37:21.869 128360 DEBUG oslo_service.service [req-fdf42c01-ab8b-4ce3-8fda-25f1171c0972 - - - - -] web = /usr/share/spice-html5 log_opt_values /usr/lib/python3/dist-packages/oslo_config/cfg.py:2602
2025-01-30 00:37:21.869 129896 DEBUG nova.service [req-bd1db68d-5b18-4c86-9dfa-5b7552235d1c - - - - -] Creating RPC server for service scheduler start /usr/lib/python3/dist-packages/nova/service.py:182
2025-01-30 00:37:21.869 128360 DEBUG oslo_service.service [req-fdf42c01-ab8b-4ce3-8fda-25f1171c0972 - - - - -] oslo_concurrency.disable_process_locking = False log_opt_values /usr/lib/python3/dist-packages/oslo_config/cfg.py:2609
2025-01-30 00:37:21.870 128360 DEBUG oslo_service.service [req-fdf42c01-ab8b-4ce3-8fda-25f1171c0972 - - - - -] oslo_concurrency.lock_path = /var/lock/nova log_opt_values /usr/lib/python3/dist-packages/oslo_config/cfg.py:2609
2025-01-30 00:37:21.870 128360 WARNING oslo_config.cfg [req-fdf42c01-ab8b-4ce3-8fda-25f1171c0972 - - - - -] Deprecated: Option "auth_strategy" from group "api" is deprecated for removal ( The only non-default choice, ``noauth2``, is for internal development and testing purposes only and should not be used in deployments. This option and its middleware, NoAuthMiddleware[V2_18], will be removed in a future release. ). Its value may be silently ignored in the future.
2025-01-30 00:37:21.871 129891 DEBUG nova.service [req-fbd37c14-5f9c-4f37-986d-2d92b60eafc7 - - - - -] Creating RPC server for service scheduler start /usr/lib/python3/dist-packages/nova/service.py:182
2025-01-30 00:37:21.871 128360 DEBUG oslo_service.service [req-fdf42c01-ab8b-4ce3-8fda-25f1171c0972 - - - - -] api.auth_strategy = keystone log_opt_values /usr/lib/python3/dist-packages/oslo_config/cfg.py:2609
2025-01-30 00:37:21.872 128360 DEBUG oslo_service.service [req-fdf42c01-ab8b-4ce3-8fda-25f1171c0972 - - - - -] api.compute_link_prefix = None log_opt_values /usr/lib/python3/dist-packages/oslo_config/cfg.py:2609
2025-01-30 00:37:21.872 128360 DEBUG oslo_service.service [req-fdf42c01-ab8b-4ce3-8fda-25f1171c0972 - - - - -] api.config_drive_skip_versions = 1.0 2007-01-19 2007-03-01 2007-08-29 2007-10-10 2007-12-15 2008-02-01 2008-09-01 log_opt_values /usr/lib/python3/dist-packages/oslo_config/cfg.py:2609
2025-01-30 00:37:21.872 128360 DEBUG oslo_service.service [req-fdf42c01-ab8b-4ce3-8fda-25f1171c0972 - - - - -] api.dhcp_domain = novalocal log_opt_values /usr/lib/python3/dist-packages/oslo_config/cfg.py:2609
2025-01-30 00:37:21.872 128360 DEBUG oslo_service.service [req-fdf42c01-ab8b-4ce3-8fda-25f1171c0972 - - - - -] api.enable_instance_password = True log_opt_values /usr/lib/python3/dist-packages/oslo_config/cfg.py:2609
2025-01-30 00:37:21.873 128360 DEBUG oslo_service.service [req-fdf42c01-ab8b-4ce3-8fda-25f1171c0972 - - - - -] api.glance_link_prefix = None log_opt_values /usr/lib/python3/dist-packages/oslo_config/cfg.py:2609
2025-01-30 00:37:21.873 128360 DEBUG oslo_service.service [req-fdf42c01-ab8b-4ce3-8fda-25f1171c0972 - - - - -] api.instance_list_cells_batch_fixed_size = 100 log_opt_values /usr/lib/python3/dist-packages/oslo_config/cfg.py:2609
2025-01-30 00:37:21.873 128360 DEBUG oslo_service.service [req-fdf42c01-ab8b-4ce3-8fda-25f1171c0972 - - - - -] api.instance_list_cells_batch_strategy = distributed log_opt_values /usr/lib/python3/dist-packages/oslo_config/cfg.py:2609
2025-01-30 00:37:21.874 128360 DEBUG oslo_service.service [req-fdf42c01-ab8b-4ce3-8fda-25f1171c0972 - - - - -] api.instance_list_per_project_cells = False log_opt_values /usr/lib/python3/dist-packages/oslo_config/cfg.py:2609
2025-01-30 00:37:21.874 128360 DEBUG oslo_service.service [req-fdf42c01-ab8b-4ce3-8fda-25f1171c0972 - - - - -] api.list_records_by_skipping_down_cells = True log_opt_values /usr/lib/python3/dist-packages/oslo_config/cfg.py:2609
2025-01-30 00:37:21.874 128360 DEBUG oslo_service.service [req-fdf42c01-ab8b-4ce3-8fda-25f1171c0972 - - - - -] api.local_metadata_per_cell = False log_opt_values /usr/lib/python3/dist-packages/oslo_config/cfg.py:2609
2025-01-30 00:37:21.874 128360 DEBUG oslo_service.service [req-fdf42c01-ab8b-4ce3-8fda-25f1171c0972 - - - - -] api.max_limit = 1000 log_opt_values /usr/lib/python3/dist-packages/oslo_config/cfg.py:2609
2025-01-30 00:37:21.874 128360 DEBUG oslo_service.service [req-fdf42c01-ab8b-4ce3-8fda-25f1171c0972 - - - - -] api.metadata_cache_expiration = 15 log_opt_values /usr/lib/python3/dist-packages/oslo_config/cfg.py:2609
2025-01-30 00:37:21.875 128360 DEBUG oslo_service.service [req-fdf42c01-ab8b-4ce3-8fda-25f1171c0972 - - - - -] api.neutron_default_tenant_id = default log_opt_values /usr/lib/python3/dist-packages/oslo_config/cfg.py:2609
2025-01-30 00:37:21.876 128360 DEBUG oslo_service.service [req-fdf42c01-ab8b-4ce3-8fda-25f1171c0972 - - - - -] api.use_forwarded_for = False log_opt_values /usr/lib/python3/dist-packages/oslo_config/cfg.py:2609
2025-01-30 00:37:21.876 128360 DEBUG oslo_service.service [req-fdf42c01-ab8b-4ce3-8fda-25f1171c0972 - - - - -] api.use_neutron_default_nets = False log_opt_values /usr/lib/python3/dist-packages/oslo_config/cfg.py:2609
2025-01-30 00:37:21.876 128360 DEBUG oslo_service.service [req-fdf42c01-ab8b-4ce3-8fda-25f1171c0972 - - - - -] api.vendordata_dynamic_connect_timeout = 5 log_opt_values /usr/lib/python3/dist-packages/oslo_config/cfg.py:2609
2025-01-30 00:37:21.876 128360 DEBUG oslo_service.service [req-fdf42c01-ab8b-4ce3-8fda-25f1171c0972 - - - - -] api.vendordata_dynamic_failure_fatal = False log_opt_values /usr/lib/python3/dist-packages/oslo_config/cfg.py:2609
2025-01-30 00:37:21.877 128360 DEBUG oslo_service.service [req-fdf42c01-ab8b-4ce3-8fda-25f1171c0972 - - - - -] api.vendordata_dynamic_read_timeout = 5 log_opt_values /usr/lib/python3/dist-packages/oslo_config/cfg.py:2609
2025-01-30 00:37:21.877 128360 DEBUG oslo_service.service [req-fdf42c01-ab8b-4ce3-8fda-25f1171c0972 - - - - -] api.vendordata_dynamic_ssl_certfile = log_opt_values /usr/lib/python3/dist-packages/oslo_config/cfg.py:2609
2025-01-30 00:37:21.877 128360 DEBUG oslo_service.service [req-fdf42c01-ab8b-4ce3-8fda-25f1171c0972 - - - - -] api.vendordata_dynamic_targets = [] log_opt_values /usr/lib/python3/dist-packages/oslo_config/cfg.py:2609
2025-01-30 00:37:21.877 128360 DEBUG oslo_service.service [req-fdf42c01-ab8b-4ce3-8fda-25f1171c0972 - - - - -] api.vendordata_jsonfile_path = None log_opt_values /usr/lib/python3/dist-packages/oslo_config/cfg.py:2609
2025-01-30 00:37:21.877 128360 DEBUG oslo_service.service [req-fdf42c01-ab8b-4ce3-8fda-25f1171c0972 - - - - -] api.vendordata_providers = ['StaticJSON'] log_opt_values /usr/lib/python3/dist-packages/oslo_config/cfg.py:2609
2025-01-30 00:37:21.878 128360 DEBUG oslo_service.service [req-fdf42c01-ab8b-4ce3-8fda-25f1171c0972 - - - - -] cache.backend = dogpile.cache.null log_opt_values /usr/lib/python3/dist-packages/oslo_config/cfg.py:2609
2025-01-30 00:37:21.878 128360 DEBUG oslo_service.service [req-fdf42c01-ab8b-4ce3-8fda-25f1171c0972 - - - - -] cache.backend_argument = **** log_opt_values /usr/lib/python3/dist-packages/oslo_config/cfg.py:2609
2025-01-30 00:37:21.878 128360 DEBUG oslo_service.service [req-fdf42c01-ab8b-4ce3-8fda-25f1171c0972 - - - - -] cache.config_prefix = cache.oslo log_opt_values /usr/lib/python3/dist-packages/oslo_config/cfg.py:2609
2025-01-30 00:37:21.878 128360 DEBUG oslo_service.service [req-fdf42c01-ab8b-4ce3-8fda-25f1171c0972 - - - - -] cache.debug_cache_backend = False log_opt_values /usr/lib/python3/dist-packages/oslo_config/cfg.py:2609
2025-01-30 00:37:21.878 128360 DEBUG oslo_service.service [req-fdf42c01-ab8b-4ce3-8fda-25f1171c0972 - - - - -] cache.enabled = False log_opt_values /usr/lib/python3/dist-packages/oslo_config/cfg.py:2609
2025-01-30 00:37:21.879 128360 DEBUG oslo_service.service [req-fdf42c01-ab8b-4ce3-8fda-25f1171c0972 - - - - -] cache.expiration_time = 600 log_opt_values /usr/lib/python3/dist-packages/oslo_config/cfg.py:2609
2025-01-30 00:37:21.879 128360 DEBUG oslo_service.service [req-fdf42c01-ab8b-4ce3-8fda-25f1171c0972 - - - - -] cache.memcache_dead_retry = 300 log_opt_values /usr/lib/python3/dist-packages/oslo_config/cfg.py:2609
2025-01-30 00:37:21.879 128360 DEBUG oslo_service.service [req-fdf42c01-ab8b-4ce3-8fda-25f1171c0972 - - - - -] cache.memcache_pool_connection_get_timeout = 10 log_opt_values /usr/lib/python3/dist-packages/oslo_config/cfg.py:2609
2025-01-30 00:37:21.879 128360 DEBUG oslo_service.service [req-fdf42c01-ab8b-4ce3-8fda-25f1171c0972 - - - - -] cache.memcache_pool_flush_on_reconnect = False log_opt_values /usr/lib/python3/dist-packages/oslo_config/cfg.py:2609
2025-01-30 00:37:21.879 128360 DEBUG oslo_service.service [req-fdf42c01-ab8b-4ce3-8fda-25f1171c0972 - - - - -] cache.memcache_pool_maxsize = 10 log_opt_values /usr/lib/python3/dist-packages/oslo_config/cfg.py:2609
2025-01-30 00:37:21.880 128360 DEBUG oslo_service.service [req-fdf42c01-ab8b-4ce3-8fda-25f1171c0972 - - - - -] cache.memcache_pool_unused_timeout = 60 log_opt_values /usr/lib/python3/dist-packages/oslo_config/cfg.py:2609
2025-01-30 00:37:21.880 128360 DEBUG oslo_service.service [req-fdf42c01-ab8b-4ce3-8fda-25f1171c0972 - - - - -] cache.memcache_servers = ['localhost:11211'] log_opt_values /usr/lib/python3/dist-packages/oslo_config/cfg.py:2609
2025-01-30 00:37:21.880 128360 DEBUG oslo_service.service [req-fdf42c01-ab8b-4ce3-8fda-25f1171c0972 - - - - -] cache.memcache_socket_timeout = 1.0 log_opt_values /usr/lib/python3/dist-packages/oslo_config/cfg.py:2609
2025-01-30 00:37:21.880 128360 DEBUG oslo_service.service [req-fdf42c01-ab8b-4ce3-8fda-25f1171c0972 - - - - -] cache.proxies = [] log_opt_values /usr/lib/python3/dist-packages/oslo_config/cfg.py:2609
2025-01-30 00:37:21.880 128360 DEBUG oslo_service.service [req-fdf42c01-ab8b-4ce3-8fda-25f1171c0972 - - - - -] cache.tls_allowed_ciphers = None log_opt_values /usr/lib/python3/dist-packages/oslo_config/cfg.py:2609
2025-01-30 00:37:21.880 128360 DEBUG oslo_service.service [req-fdf42c01-ab8b-4ce3-8fda-25f1171c0972 - - - - -] cache.tls_cafile = None log_opt_values /usr/lib/python3/dist-packages/oslo_config/cfg.py:2609
2025-01-30 00:37:21.881 128360 DEBUG oslo_service.service [req-fdf42c01-ab8b-4ce3-8fda-25f1171c0972 - - - - -] cache.tls_certfile = None log_opt_values /usr/lib/python3/dist-packages/oslo_config/cfg.py:2609
2025-01-30 00:37:21.881 128360 DEBUG oslo_service.service [req-fdf42c01-ab8b-4ce3-8fda-25f1171c0972 - - - - -] cache.tls_enabled = False log_opt_values /usr/lib/python3/dist-packages/oslo_config/cfg.py:2609
2025-01-30 00:37:21.881 128360 DEBUG oslo_service.service [req-fdf42c01-ab8b-4ce3-8fda-25f1171c0972 - - - - -] cache.tls_keyfile = None log_opt_values /usr/lib/python3/dist-packages/oslo_config/cfg.py:2609
2025-01-30 00:37:21.881 128360 DEBUG oslo_service.service [req-fdf42c01-ab8b-4ce3-8fda-25f1171c0972 - - - - -] cinder.auth_section = None log_opt_values /usr/lib/python3/dist-packages/oslo_config/cfg.py:2609
2025-01-30 00:37:21.881 128360 DEBUG oslo_service.service [req-fdf42c01-ab8b-4ce3-8fda-25f1171c0972 - - - - -] cinder.auth_type = None log_opt_values /usr/lib/python3/dist-packages/oslo_config/cfg.py:2609
2025-01-30 00:37:21.881 128360 DEBUG oslo_service.service [req-fdf42c01-ab8b-4ce3-8fda-25f1171c0972 - - - - -] cinder.cafile = None log_opt_values /usr/lib/python3/dist-packages/oslo_config/cfg.py:2609
2025-01-30 00:37:21.882 128360 DEBUG oslo_service.service [req-fdf42c01-ab8b-4ce3-8fda-25f1171c0972 - - - - -] cinder.catalog_info = volumev3::publicURL log_opt_values /usr/lib/python3/dist-packages/oslo_config/cfg.py:2609
2025-01-30 00:37:21.882 128360 DEBUG oslo_service.service [req-fdf42c01-ab8b-4ce3-8fda-25f1171c0972 - - - - -] cinder.certfile = None log_opt_values /usr/lib/python3/dist-packages/oslo_config/cfg.py:2609
2025-01-30 00:37:21.882 128360 DEBUG oslo_service.service [req-fdf42c01-ab8b-4ce3-8fda-25f1171c0972 - - - - -] cinder.collect_timing = False log_opt_values /usr/lib/python3/dist-packages/oslo_config/cfg.py:2609
2025-01-30 00:37:21.883 128360 DEBUG oslo_service.service [req-fdf42c01-ab8b-4ce3-8fda-25f1171c0972 - - - - -] cinder.cross_az_attach = True log_opt_values /usr/lib/python3/dist-packages/oslo_config/cfg.py:2609
2025-01-30 00:37:21.883 128360 DEBUG oslo_service.service [req-fdf42c01-ab8b-4ce3-8fda-25f1171c0972 - - - - -] cinder.debug = False log_opt_values /usr/lib/python3/dist-packages/oslo_config/cfg.py:2609
2025-01-30 00:37:21.883 128360 DEBUG oslo_service.service [req-fdf42c01-ab8b-4ce3-8fda-25f1171c0972 - - - - -] cinder.endpoint_template = None log_opt_values /usr/lib/python3/dist-packages/oslo_config/cfg.py:2609
2025-01-30 00:37:21.883 128360 DEBUG oslo_service.service [req-fdf42c01-ab8b-4ce3-8fda-25f1171c0972 - - - - -] cinder.http_retries = 3 log_opt_values /usr/lib/python3/dist-packages/oslo_config/cfg.py:2609
2025-01-30 00:37:21.883 128360 DEBUG oslo_service.service [req-fdf42c01-ab8b-4ce3-8fda-25f1171c0972 - - - - -] cinder.insecure = False log_opt_values /usr/lib/python3/dist-packages/oslo_config/cfg.py:2609
2025-01-30 00:37:21.884 128360 DEBUG oslo_service.service [req-fdf42c01-ab8b-4ce3-8fda-25f1171c0972 - - - - -] cinder.keyfile = None log_opt_values /usr/lib/python3/dist-packages/oslo_config/cfg.py:2609
2025-01-30 00:37:21.884 129898 DEBUG nova.service [req-26b05fd9-5947-46d3-8d94-15e003b70a70 - - - - -] Creating RPC server for service scheduler start /usr/lib/python3/dist-packages/nova/service.py:182
2025-01-30 00:37:21.885 128360 DEBUG oslo_service.service [req-fdf42c01-ab8b-4ce3-8fda-25f1171c0972 - - - - -] cinder.os_region_name = None log_opt_values /usr/lib/python3/dist-packages/oslo_config/cfg.py:2609
2025-01-30 00:37:21.885 128360 DEBUG oslo_service.service [req-fdf42c01-ab8b-4ce3-8fda-25f1171c0972 - - - - -] cinder.split_loggers = False log_opt_values /usr/lib/python3/dist-packages/oslo_config/cfg.py:2609
2025-01-30 00:37:21.886 128360 DEBUG oslo_service.service [req-fdf42c01-ab8b-4ce3-8fda-25f1171c0972 - - - - -] cinder.timeout = None log_opt_values /usr/lib/python3/dist-packages/oslo_config/cfg.py:2609
2025-01-30 00:37:21.887 128360 DEBUG oslo_service.service [req-fdf42c01-ab8b-4ce3-8fda-25f1171c0972 - - - - -] compute.consecutive_build_service_disable_threshold = 10 log_opt_values /usr/lib/python3/dist-packages/oslo_config/cfg.py:2609
2025-01-30 00:37:21.887 128360 DEBUG oslo_service.service [req-fdf42c01-ab8b-4ce3-8fda-25f1171c0972 - - - - -] compute.cpu_dedicated_set = None log_opt_values /usr/lib/python3/dist-packages/oslo_config/cfg.py:2609
2025-01-30 00:37:21.890 128360 DEBUG oslo_service.service [req-fdf42c01-ab8b-4ce3-8fda-25f1171c0972 - - - - -] compute.cpu_shared_set = None log_opt_values /usr/lib/python3/dist-packages/oslo_config/cfg.py:2609
2025-01-30 00:37:21.892 128360 DEBUG oslo_service.service [req-fdf42c01-ab8b-4ce3-8fda-25f1171c0972 - - - - -] compute.image_type_exclude_list = [] log_opt_values /usr/lib/python3/dist-packages/oslo_config/cfg.py:2609
2025-01-30 00:37:21.893 128360 DEBUG oslo_service.service [req-fdf42c01-ab8b-4ce3-8fda-25f1171c0972 - - - - -] compute.live_migration_wait_for_vif_plug = True log_opt_values /usr/lib/python3/dist-packages/oslo_config/cfg.py:2609
2025-01-30 00:37:21.893 128360 DEBUG oslo_service.service [req-fdf42c01-ab8b-4ce3-8fda-25f1171c0972 - - - - -] compute.max_concurrent_disk_ops = 0 log_opt_values /usr/lib/python3/dist-packages/oslo_config/cfg.py:2609
2025-01-30 00:37:21.894 128360 DEBUG oslo_service.service [req-fdf42c01-ab8b-4ce3-8fda-25f1171c0972 - - - - -] compute.max_disk_devices_to_attach = -1 log_opt_values /usr/lib/python3/dist-packages/oslo_config/cfg.py:2609
2025-01-30 00:37:21.895 128360 DEBUG oslo_service.service [req-fdf42c01-ab8b-4ce3-8fda-25f1171c0972 - - - - -] compute.packing_host_numa_cells_allocation_strategy = True log_opt_values /usr/lib/python3/dist-packages/oslo_config/cfg.py:2609
2025-01-30 00:37:21.896 128360 DEBUG oslo_service.service [req-fdf42c01-ab8b-4ce3-8fda-25f1171c0972 - - - - -] compute.provider_config_location = /etc/nova/provider_config/ log_opt_values /usr/lib/python3/dist-packages/oslo_config/cfg.py:2609
2025-01-30 00:37:21.896 128360 DEBUG oslo_service.service [req-fdf42c01-ab8b-4ce3-8fda-25f1171c0972 - - - - -] compute.resource_provider_association_refresh = 300 log_opt_values /usr/lib/python3/dist-packages/oslo_config/cfg.py:2609
2025-01-30 00:37:21.896 128360 DEBUG oslo_service.service [req-fdf42c01-ab8b-4ce3-8fda-25f1171c0972 - - - - -] compute.shutdown_retry_interval = 10 log_opt_values /usr/lib/python3/dist-packages/oslo_config/cfg.py:2609
2025-01-30 00:37:21.897 128360 DEBUG oslo_service.service [req-fdf42c01-ab8b-4ce3-8fda-25f1171c0972 - - - - -] compute.vmdk_allowed_types = ['streamOptimized', 'monolithicSparse'] log_opt_values /usr/lib/python3/dist-packages/oslo_config/cfg.py:2609
2025-01-30 00:37:21.900 128360 DEBUG oslo_service.service [req-fdf42c01-ab8b-4ce3-8fda-25f1171c0972 - - - - -] conductor.workers = 4 log_opt_values /usr/lib/python3/dist-packages/oslo_config/cfg.py:2609
2025-01-30 00:37:21.901 128360 DEBUG oslo_service.service [req-fdf42c01-ab8b-4ce3-8fda-25f1171c0972 - - - - -] console.allowed_origins = [] log_opt_values /usr/lib/python3/dist-packages/oslo_config/cfg.py:2609
2025-01-30 00:37:21.902 128360 DEBUG oslo_service.service [req-fdf42c01-ab8b-4ce3-8fda-25f1171c0972 - - - - -] console.ssl_ciphers = None log_opt_values /usr/lib/python3/dist-packages/oslo_config/cfg.py:2609
2025-01-30 00:37:21.904 128360 DEBUG oslo_service.service [req-fdf42c01-ab8b-4ce3-8fda-25f1171c0972 - - - - -] console.ssl_minimum_version = default log_opt_values /usr/lib/python3/dist-packages/oslo_config/cfg.py:2609
2025-01-30 00:37:21.905 129889 DEBUG oslo_messaging._drivers.amqpdriver [-] Listener is running poll /usr/lib/python3/dist-packages/oslo_messaging/_drivers/amqpdriver.py:343
2025-01-30 00:37:21.905 129889 DEBUG oslo_messaging._drivers.amqpdriver [-] AMQPListener connection consume poll /usr/lib/python3/dist-packages/oslo_messaging/_drivers/amqpdriver.py:357
2025-01-30 00:37:21.905 128360 DEBUG oslo_service.service [req-fdf42c01-ab8b-4ce3-8fda-25f1171c0972 - - - - -] consoleauth.token_ttl = 600 log_opt_values /usr/lib/python3/dist-packages/oslo_config/cfg.py:2609
2025-01-30 00:37:21.906 128360 DEBUG oslo_service.service [req-fdf42c01-ab8b-4ce3-8fda-25f1171c0972 - - - - -] cyborg.cafile = None log_opt_values /usr/lib/python3/dist-packages/oslo_config/cfg.py:2609
2025-01-30 00:37:21.906 129889 DEBUG nova.service [req-1d7a1e31-d7ff-4ed5-9942-8214d8029874 - - - - -] Join ServiceGroup membership for this service scheduler start /usr/lib/python3/dist-packages/nova/service.py:199
2025-01-30 00:37:21.906 128360 DEBUG oslo_service.service [req-fdf42c01-ab8b-4ce3-8fda-25f1171c0972 - - - - -] cyborg.certfile = None log_opt_values /usr/lib/python3/dist-packages/oslo_config/cfg.py:2609
2025-01-30 00:37:21.907 129896 DEBUG oslo_messaging._drivers.amqpdriver [-] Listener is running poll /usr/lib/python3/dist-packages/oslo_messaging/_drivers/amqpdriver.py:343
2025-01-30 00:37:21.908 129896 DEBUG oslo_messaging._drivers.amqpdriver [-] AMQPListener connection consume poll /usr/lib/python3/dist-packages/oslo_messaging/_drivers/amqpdriver.py:357
2025-01-30 00:37:21.908 129889 DEBUG nova.servicegroup.drivers.db [req-1d7a1e31-d7ff-4ed5-9942-8214d8029874 - - - - -] DB_Driver: join new ServiceGroup member juju-3dcf65-0-lxd-7 to the scheduler group, service = join /usr/lib/python3/dist-packages/nova/servicegroup/drivers/db.py:44
2025-01-30 00:37:21.908 128360 DEBUG oslo_service.service [req-fdf42c01-ab8b-4ce3-8fda-25f1171c0972 - - - - -] cyborg.collect_timing = False log_opt_values /usr/lib/python3/dist-packages/oslo_config/cfg.py:2609
2025-01-30 00:37:21.911 129889 DEBUG oslo_messaging._drivers.amqpdriver [-] AMQPListener connection timeout poll /usr/lib/python3/dist-packages/oslo_messaging/_drivers/amqpdriver.py:360
2025-01-30 00:37:21.912 128360 DEBUG oslo_service.service [req-fdf42c01-ab8b-4ce3-8fda-25f1171c0972 - - - - -] cyborg.connect_retries = None log_opt_values /usr/lib/python3/dist-packages/oslo_config/cfg.py:2609
2025-01-30 00:37:21.911 129896 DEBUG nova.service [req-bd1db68d-5b18-4c86-9dfa-5b7552235d1c - - - - -] Join ServiceGroup membership for this service scheduler start /usr/lib/python3/dist-packages/nova/service.py:199
2025-01-30 00:37:21.912 128360 DEBUG oslo_service.service [req-fdf42c01-ab8b-4ce3-8fda-25f1171c0972 - - - - -] cyborg.connect_retry_delay = None log_opt_values /usr/lib/python3/dist-packages/oslo_config/cfg.py:2609
2025-01-30 00:37:21.913 129889 DEBUG oslo_messaging._drivers.amqpdriver [-] Listener is running poll /usr/lib/python3/dist-packages/oslo_messaging/_drivers/amqpdriver.py:343
2025-01-30 00:37:21.914 129891 DEBUG oslo_messaging._drivers.amqpdriver [-] Listener is running poll /usr/lib/python3/dist-packages/oslo_messaging/_drivers/amqpdriver.py:343
2025-01-30 00:37:21.915 129889 DEBUG oslo_messaging._drivers.amqpdriver [-] AMQPListener connection consume poll /usr/lib/python3/dist-packages/oslo_messaging/_drivers/amqpdriver.py:357
2025-01-30 00:37:21.915 129891 DEBUG oslo_messaging._drivers.amqpdriver [-] AMQPListener connection consume poll /usr/lib/python3/dist-packages/oslo_messaging/_drivers/amqpdriver.py:357
2025-01-30 00:37:21.915 128360 DEBUG oslo_service.service [req-fdf42c01-ab8b-4ce3-8fda-25f1171c0972 - - - - -] cyborg.endpoint_override = None log_opt_values /usr/lib/python3/dist-packages/oslo_config/cfg.py:2609
2025-01-30 00:37:21.915 129896 DEBUG nova.servicegroup.drivers.db [req-bd1db68d-5b18-4c86-9dfa-5b7552235d1c - - - - -] DB_Driver: join new ServiceGroup member juju-3dcf65-0-lxd-7 to the scheduler group, service = join /usr/lib/python3/dist-packages/nova/servicegroup/drivers/db.py:44
2025-01-30 00:37:21.915 128360 DEBUG oslo_service.service [req-fdf42c01-ab8b-4ce3-8fda-25f1171c0972 - - - - -] cyborg.insecure = False log_opt_values /usr/lib/python3/dist-packages/oslo_config/cfg.py:2609
2025-01-30 00:37:21.915 128360 DEBUG oslo_service.service [req-fdf42c01-ab8b-4ce3-8fda-25f1171c0972 - - - - -] cyborg.keyfile = None log_opt_values /usr/lib/python3/dist-packages/oslo_config/cfg.py:2609
2025-01-30 00:37:21.916 128360 DEBUG oslo_service.service [req-fdf42c01-ab8b-4ce3-8fda-25f1171c0972 - - - - -] cyborg.max_version = None log_opt_values /usr/lib/python3/dist-packages/oslo_config/cfg.py:2609
2025-01-30 00:37:21.916 129891 DEBUG nova.service [req-fbd37c14-5f9c-4f37-986d-2d92b60eafc7 - - - - -] Join ServiceGroup membership for this service scheduler start /usr/lib/python3/dist-packages/nova/service.py:199
2025-01-30 00:37:21.916 128360 DEBUG oslo_service.service [req-fdf42c01-ab8b-4ce3-8fda-25f1171c0972 - - - - -] cyborg.min_version = None log_opt_values /usr/lib/python3/dist-packages/oslo_config/cfg.py:2609
2025-01-30 00:37:21.916 129891 DEBUG nova.servicegroup.drivers.db [req-fbd37c14-5f9c-4f37-986d-2d92b60eafc7 - - - - -] DB_Driver: join new ServiceGroup member juju-3dcf65-0-lxd-7 to the scheduler group, service = join /usr/lib/python3/dist-packages/nova/servicegroup/drivers/db.py:44
2025-01-30 00:37:21.916 128360 DEBUG oslo_service.service [req-fdf42c01-ab8b-4ce3-8fda-25f1171c0972 - - - - -] cyborg.region_name = None log_opt_values /usr/lib/python3/dist-packages/oslo_config/cfg.py:2609
2025-01-30 00:37:21.916 128360 DEBUG oslo_service.service [req-fdf42c01-ab8b-4ce3-8fda-25f1171c0972 - - - - -] cyborg.service_name = None log_opt_values /usr/lib/python3/dist-packages/oslo_config/cfg.py:2609
2025-01-30 00:37:21.917 128360 DEBUG oslo_service.service [req-fdf42c01-ab8b-4ce3-8fda-25f1171c0972 - - - - -] cyborg.service_type = accelerator log_opt_values /usr/lib/python3/dist-packages/oslo_config/cfg.py:2609
2025-01-30 00:37:21.917 128360 DEBUG oslo_service.service [req-fdf42c01-ab8b-4ce3-8fda-25f1171c0972 - - - - -] cyborg.split_loggers = False log_opt_values /usr/lib/python3/dist-packages/oslo_config/cfg.py:2609
2025-01-30 00:37:21.917 128360 DEBUG oslo_service.service [req-fdf42c01-ab8b-4ce3-8fda-25f1171c0972 - - - - -] cyborg.status_code_retries = None log_opt_values /usr/lib/python3/dist-packages/oslo_config/cfg.py:2609
2025-01-30 00:37:21.918 129896 DEBUG oslo_messaging._drivers.amqpdriver [-] AMQPListener connection timeout poll /usr/lib/python3/dist-packages/oslo_messaging/_drivers/amqpdriver.py:360
2025-01-30 00:37:21.918 128360 DEBUG oslo_service.service [req-fdf42c01-ab8b-4ce3-8fda-25f1171c0972 - - - - -] cyborg.status_code_retry_delay = None log_opt_values /usr/lib/python3/dist-packages/oslo_config/cfg.py:2609
2025-01-30 00:37:21.918 129898 DEBUG oslo_messaging._drivers.amqpdriver [-] Listener is running poll /usr/lib/python3/dist-packages/oslo_messaging/_drivers/amqpdriver.py:343
2025-01-30 00:37:21.919 129896 DEBUG oslo_messaging._drivers.amqpdriver [-] Listener is running poll /usr/lib/python3/dist-packages/oslo_messaging/_drivers/amqpdriver.py:343
2025-01-30 00:37:21.919 128360 DEBUG oslo_service.service [req-fdf42c01-ab8b-4ce3-8fda-25f1171c0972 - - - - -] cyborg.timeout = None log_opt_values /usr/lib/python3/dist-packages/oslo_config/cfg.py:2609
2025-01-30 00:37:21.919 129896 DEBUG oslo_messaging._drivers.amqpdriver [-] AMQPListener connection consume poll /usr/lib/python3/dist-packages/oslo_messaging/_drivers/amqpdriver.py:357
2025-01-30 00:37:21.919 129898 DEBUG oslo_messaging._drivers.amqpdriver [-] AMQPListener connection consume poll /usr/lib/python3/dist-packages/oslo_messaging/_drivers/amqpdriver.py:357
2025-01-30 00:37:21.919 128360 DEBUG oslo_service.service [req-fdf42c01-ab8b-4ce3-8fda-25f1171c0972 - - - - -] cyborg.valid_interfaces = ['internal', 'public'] log_opt_values /usr/lib/python3/dist-packages/oslo_config/cfg.py:2609
2025-01-30 00:37:21.919 129891 DEBUG oslo_messaging._drivers.amqpdriver [-] AMQPListener connection timeout poll /usr/lib/python3/dist-packages/oslo_messaging/_drivers/amqpdriver.py:360
2025-01-30 00:37:21.919 128360 DEBUG oslo_service.service [req-fdf42c01-ab8b-4ce3-8fda-25f1171c0972 - - - - -] cyborg.version = None log_opt_values /usr/lib/python3/dist-packages/oslo_config/cfg.py:2609
2025-01-30 00:37:21.920 129891 DEBUG oslo_messaging._drivers.amqpdriver [-] Listener is running poll /usr/lib/python3/dist-packages/oslo_messaging/_drivers/amqpdriver.py:343
2025-01-30 00:37:21.919 129898 DEBUG nova.service [req-26b05fd9-5947-46d3-8d94-15e003b70a70 - - - - -] Join ServiceGroup membership for this service scheduler start /usr/lib/python3/dist-packages/nova/service.py:199
2025-01-30 00:37:21.920 129891 DEBUG oslo_messaging._drivers.amqpdriver [-] AMQPListener connection consume poll /usr/lib/python3/dist-packages/oslo_messaging/_drivers/amqpdriver.py:357
2025-01-30 00:37:21.920 128360 DEBUG oslo_service.service [req-fdf42c01-ab8b-4ce3-8fda-25f1171c0972 - - - - -] database.backend = sqlalchemy log_opt_values /usr/lib/python3/dist-packages/oslo_config/cfg.py:2609
2025-01-30 00:37:21.920 129898 DEBUG nova.servicegroup.drivers.db [req-26b05fd9-5947-46d3-8d94-15e003b70a70 - - - - -] DB_Driver: join new ServiceGroup member juju-3dcf65-0-lxd-7 to the scheduler group, service = join /usr/lib/python3/dist-packages/nova/servicegroup/drivers/db.py:44
2025-01-30 00:37:21.920 128360 DEBUG oslo_service.service [req-fdf42c01-ab8b-4ce3-8fda-25f1171c0972 - - - - -] database.connection = **** log_opt_values /usr/lib/python3/dist-packages/oslo_config/cfg.py:2609
2025-01-30 00:37:21.920 128360 DEBUG oslo_service.service [req-fdf42c01-ab8b-4ce3-8fda-25f1171c0972 - - - - -] database.connection_debug = 0 log_opt_values /usr/lib/python3/dist-packages/oslo_config/cfg.py:2609
2025-01-30 00:37:21.921 128360 DEBUG oslo_service.service [req-fdf42c01-ab8b-4ce3-8fda-25f1171c0972 - - - - -] database.connection_parameters = log_opt_values /usr/lib/python3/dist-packages/oslo_config/cfg.py:2609
2025-01-30 00:37:21.921 128360 DEBUG oslo_service.service [req-fdf42c01-ab8b-4ce3-8fda-25f1171c0972 - - - - -] database.connection_recycle_time = 3600 log_opt_values /usr/lib/python3/dist-packages/oslo_config/cfg.py:2609
2025-01-30 00:37:21.921 128360 DEBUG oslo_service.service [req-fdf42c01-ab8b-4ce3-8fda-25f1171c0972 - - - - -] database.connection_trace = False log_opt_values /usr/lib/python3/dist-packages/oslo_config/cfg.py:2609
2025-01-30 00:37:21.921 128360 DEBUG oslo_service.service [req-fdf42c01-ab8b-4ce3-8fda-25f1171c0972 - - - - -] database.db_inc_retry_interval = True log_opt_values /usr/lib/python3/dist-packages/oslo_config/cfg.py:2609
2025-01-30 00:37:21.922 128360 DEBUG oslo_service.service [req-fdf42c01-ab8b-4ce3-8fda-25f1171c0972 - - - - -] database.db_max_retries = 20 log_opt_values /usr/lib/python3/dist-packages/oslo_config/cfg.py:2609
2025-01-30 00:37:21.922 128360 DEBUG oslo_service.service [req-fdf42c01-ab8b-4ce3-8fda-25f1171c0972 - - - - -] database.db_max_retry_interval = 10 log_opt_values /usr/lib/python3/dist-packages/oslo_config/cfg.py:2609
2025-01-30 00:37:21.922 128360 DEBUG oslo_service.service [req-fdf42c01-ab8b-4ce3-8fda-25f1171c0972 - - - - -] database.db_retry_interval = 1 log_opt_values /usr/lib/python3/dist-packages/oslo_config/cfg.py:2609
2025-01-30 00:37:21.922 128360 DEBUG oslo_service.service [req-fdf42c01-ab8b-4ce3-8fda-25f1171c0972 - - - - -] database.max_overflow = 50 log_opt_values /usr/lib/python3/dist-packages/oslo_config/cfg.py:2609
2025-01-30 00:37:21.922 128360 DEBUG oslo_service.service [req-fdf42c01-ab8b-4ce3-8fda-25f1171c0972 - - - - -] database.max_pool_size = 4 log_opt_values /usr/lib/python3/dist-packages/oslo_config/cfg.py:2609
2025-01-30 00:37:21.923 128360 DEBUG oslo_service.service [req-fdf42c01-ab8b-4ce3-8fda-25f1171c0972 - - - - -] database.max_retries = 10 log_opt_values /usr/lib/python3/dist-packages/oslo_config/cfg.py:2609
2025-01-30 00:37:21.923 128360 DEBUG oslo_service.service [req-fdf42c01-ab8b-4ce3-8fda-25f1171c0972 - - - - -] database.mysql_enable_ndb = False log_opt_values /usr/lib/python3/dist-packages/oslo_config/cfg.py:2609
2025-01-30 00:37:21.923 128360 DEBUG oslo_service.service [req-fdf42c01-ab8b-4ce3-8fda-25f1171c0972 - - - - -] database.mysql_sql_mode = TRADITIONAL log_opt_values /usr/lib/python3/dist-packages/oslo_config/cfg.py:2609
2025-01-30 00:37:21.923 128360 DEBUG oslo_service.service [req-fdf42c01-ab8b-4ce3-8fda-25f1171c0972 - - - - -] database.pool_timeout = None log_opt_values /usr/lib/python3/dist-packages/oslo_config/cfg.py:2609
2025-01-30 00:37:21.923 128360 DEBUG oslo_service.service [req-fdf42c01-ab8b-4ce3-8fda-25f1171c0972 - - - - -] database.retry_interval = 10 log_opt_values /usr/lib/python3/dist-packages/oslo_config/cfg.py:2609
2025-01-30 00:37:21.923 128360 DEBUG oslo_service.service [req-fdf42c01-ab8b-4ce3-8fda-25f1171c0972 - - - - -] database.slave_connection = **** log_opt_values /usr/lib/python3/dist-packages/oslo_config/cfg.py:2609
2025-01-30 00:37:21.923 129898 DEBUG oslo_messaging._drivers.amqpdriver [-] AMQPListener connection timeout poll /usr/lib/python3/dist-packages/oslo_messaging/_drivers/amqpdriver.py:360
2025-01-30 00:37:21.924 128360 DEBUG oslo_service.service [req-fdf42c01-ab8b-4ce3-8fda-25f1171c0972 - - - - -] database.sqlite_synchronous = True log_opt_values /usr/lib/python3/dist-packages/oslo_config/cfg.py:2609
2025-01-30 00:37:21.924 129898 DEBUG oslo_messaging._drivers.amqpdriver [-] Listener is running poll /usr/lib/python3/dist-packages/oslo_messaging/_drivers/amqpdriver.py:343
2025-01-30 00:37:21.924 128360 DEBUG oslo_service.service [req-fdf42c01-ab8b-4ce3-8fda-25f1171c0972 - - - - -] database.use_db_reconnect = False log_opt_values /usr/lib/python3/dist-packages/oslo_config/cfg.py:2609
2025-01-30 00:37:21.924 129898 DEBUG oslo_messaging._drivers.amqpdriver [-] AMQPListener connection consume poll /usr/lib/python3/dist-packages/oslo_messaging/_drivers/amqpdriver.py:357
2025-01-30 00:37:21.924 128360 DEBUG oslo_service.service [req-fdf42c01-ab8b-4ce3-8fda-25f1171c0972 - - - - -] api_database.backend = sqlalchemy log_opt_values /usr/lib/python3/dist-packages/oslo_config/cfg.py:2609
2025-01-30 00:37:21.924 128360 DEBUG oslo_service.service [req-fdf42c01-ab8b-4ce3-8fda-25f1171c0972 - - - - -] api_database.connection = **** log_opt_values /usr/lib/python3/dist-packages/oslo_config/cfg.py:2609
2025-01-30 00:37:21.924 128360 DEBUG oslo_service.service [req-fdf42c01-ab8b-4ce3-8fda-25f1171c0972 - - - - -] api_database.connection_debug = 0 log_opt_values /usr/lib/python3/dist-packages/oslo_config/cfg.py:2609
2025-01-30 00:37:21.925 128360 DEBUG oslo_service.service [req-fdf42c01-ab8b-4ce3-8fda-25f1171c0972 - - - - -] api_database.connection_parameters = log_opt_values /usr/lib/python3/dist-packages/oslo_config/cfg.py:2609
2025-01-30 00:37:21.926 128360 DEBUG oslo_service.service [req-fdf42c01-ab8b-4ce3-8fda-25f1171c0972 - - - - -] api_database.connection_recycle_time = 3600 log_opt_values /usr/lib/python3/dist-packages/oslo_config/cfg.py:2609
2025-01-30 00:37:21.926 128360 DEBUG oslo_service.service [req-fdf42c01-ab8b-4ce3-8fda-25f1171c0972 - - - - -] api_database.connection_trace = False log_opt_values /usr/lib/python3/dist-packages/oslo_config/cfg.py:2609
2025-01-30 00:37:21.926 128360 DEBUG oslo_service.service [req-fdf42c01-ab8b-4ce3-8fda-25f1171c0972 - - - - -] api_database.db_inc_retry_interval = True log_opt_values /usr/lib/python3/dist-packages/oslo_config/cfg.py:2609
2025-01-30 00:37:21.928 128360 DEBUG oslo_service.service [req-fdf42c01-ab8b-4ce3-8fda-25f1171c0972 - - - - -] api_database.db_max_retries = 20 log_opt_values /usr/lib/python3/dist-packages/oslo_config/cfg.py:2609
2025-01-30 00:37:21.928 128360 DEBUG oslo_service.service [req-fdf42c01-ab8b-4ce3-8fda-25f1171c0972 - - - - -] api_database.db_max_retry_interval = 10 log_opt_values /usr/lib/python3/dist-packages/oslo_config/cfg.py:2609
2025-01-30 00:37:21.928 128360 DEBUG oslo_service.service [req-fdf42c01-ab8b-4ce3-8fda-25f1171c0972 - - - - -] api_database.db_retry_interval = 1 log_opt_values /usr/lib/python3/dist-packages/oslo_config/cfg.py:2609
2025-01-30 00:37:21.928 128360 DEBUG oslo_service.service [req-fdf42c01-ab8b-4ce3-8fda-25f1171c0972 - - - - -] api_database.max_overflow = 50 log_opt_values /usr/lib/python3/dist-packages/oslo_config/cfg.py:2609
2025-01-30 00:37:21.929 128360 DEBUG oslo_service.service [req-fdf42c01-ab8b-4ce3-8fda-25f1171c0972 - - - - -] api_database.max_pool_size = 4 log_opt_values /usr/lib/python3/dist-packages/oslo_config/cfg.py:2609
