2025-01-30 00:38:52.560 135333 DEBUG oslo_concurrency.lockutils [req-db9b44b1-b0f4-4eac-9cd9-e5ad36e02067 - - - - -] Releasing lock "singleton_lock" lock /usr/lib/python3/dist-packages/oslo_concurrency/lockutils.py:312
2025-01-30 00:38:52.565 134611 INFO oslo_service.service [req-db9b44b1-b0f4-4eac-9cd9-e5ad36e02067 - - - - -] Child 135333 exited with status 0
2025-01-30 00:38:54.291 139714 DEBUG oslo_db.sqlalchemy.engines [req-428c8249-451c-44e9-871b-68187dbb5dd8 - - - - -] MySQL server mode set to STRICT_TRANS_TABLES,STRICT_ALL_TABLES,NO_ZERO_IN_DATE,NO_ZERO_DATE,ERROR_FOR_DIVISION_BY_ZERO,TRADITIONAL,NO_ENGINE_SUBSTITUTION _check_effective_sql_mode /usr/lib/python3/dist-packages/oslo_db/sqlalchemy/engines.py:314
2025-01-30 00:38:54.326 139714 DEBUG nova.scheduler.host_manager [req-428c8249-451c-44e9-871b-68187dbb5dd8 - - - - -] Found 1 cells: b4c87dd0-a4f9-432a-aa4e-47d0465ee14d refresh_cells_caches /usr/lib/python3/dist-packages/nova/scheduler/host_manager.py:730
2025-01-30 00:38:54.326 139714 DEBUG nova.scheduler.host_manager [req-428c8249-451c-44e9-871b-68187dbb5dd8 - - - - -] Found 0 disabled cells: refresh_cells_caches /usr/lib/python3/dist-packages/nova/scheduler/host_manager.py:742
2025-01-30 00:38:54.330 139714 WARNING nova.scheduler.filters.availability_zone_filter [req-428c8249-451c-44e9-871b-68187dbb5dd8 - - - - -] The 'AvailabilityZoneFilter' is deprecated since the 24.0.0 (Xena) release. Since the 18.0.0 (Rocky) release, nova has supported mapping AZs to placement aggregates. The feature is enabled by the 'query_placement_for_availability_zone' config option and is now enabled by default. As such, the 'AvailabilityZoneFilter' is no longer required. Nova is currently configured to use both placement and the AvailabilityZoneFilter for AZ enforcement.
2025-01-30 00:38:54.425 139714 DEBUG nova.scheduler.host_manager [req-428c8249-451c-44e9-871b-68187dbb5dd8 - - - - -] START:_async_init_instance_info _async_init_instance_info /usr/lib/python3/dist-packages/nova/scheduler/host_manager.py:411
2025-01-30 00:38:54.427 139714 DEBUG oslo_concurrency.lockutils [req-258033cf-ec73-43d4-8577-e81392a77f0f - - - - -] Lock "b4c87dd0-a4f9-432a-aa4e-47d0465ee14d" acquired by "nova.context.set_target_cell..get_or_set_cached_cell_and_set_connections" :: waited 0.000s inner /usr/lib/python3/dist-packages/oslo_concurrency/lockutils.py:386
2025-01-30 00:38:54.429 139714 DEBUG oslo_concurrency.lockutils [req-258033cf-ec73-43d4-8577-e81392a77f0f - - - - -] Lock "b4c87dd0-a4f9-432a-aa4e-47d0465ee14d" "released" by "nova.context.set_target_cell..get_or_set_cached_cell_and_set_connections" :: held 0.002s inner /usr/lib/python3/dist-packages/oslo_concurrency/lockutils.py:400
2025-01-30 00:38:54.478 139714 DEBUG oslo_db.sqlalchemy.engines [req-258033cf-ec73-43d4-8577-e81392a77f0f - - - - -] MySQL server mode set to STRICT_TRANS_TABLES,STRICT_ALL_TABLES,NO_ZERO_IN_DATE,NO_ZERO_DATE,ERROR_FOR_DIVISION_BY_ZERO,TRADITIONAL,NO_ENGINE_SUBSTITUTION _check_effective_sql_mode /usr/lib/python3/dist-packages/oslo_db/sqlalchemy/engines.py:314
2025-01-30 00:38:54.510 139714 DEBUG nova.scheduler.host_manager [req-258033cf-ec73-43d4-8577-e81392a77f0f - - - - -] Total number of compute nodes: 1 _async_init_instance_info /usr/lib/python3/dist-packages/nova/scheduler/host_manager.py:424
2025-01-30 00:38:54.511 139714 DEBUG oslo_concurrency.lockutils [req-258033cf-ec73-43d4-8577-e81392a77f0f - - - - -] Lock "b4c87dd0-a4f9-432a-aa4e-47d0465ee14d" acquired by "nova.context.set_target_cell..get_or_set_cached_cell_and_set_connections" :: waited 0.000s inner /usr/lib/python3/dist-packages/oslo_concurrency/lockutils.py:386
2025-01-30 00:38:54.512 139714 DEBUG oslo_concurrency.lockutils [req-258033cf-ec73-43d4-8577-e81392a77f0f - - - - -] Lock "b4c87dd0-a4f9-432a-aa4e-47d0465ee14d" "released" by "nova.context.set_target_cell..get_or_set_cached_cell_and_set_connections" :: held 0.000s inner /usr/lib/python3/dist-packages/oslo_concurrency/lockutils.py:400
2025-01-30 00:38:54.624 139714 DEBUG nova.scheduler.host_manager [req-258033cf-ec73-43d4-8577-e81392a77f0f - - - - -] Adding 0 instances for hosts 10-20 _async_init_instance_info /usr/lib/python3/dist-packages/nova/scheduler/host_manager.py:443
2025-01-30 00:38:54.624 139714 DEBUG nova.scheduler.host_manager [req-258033cf-ec73-43d4-8577-e81392a77f0f - - - - -] END:_async_init_instance_info _async_init_instance_info /usr/lib/python3/dist-packages/nova/scheduler/host_manager.py:454
2025-01-30 00:38:54.759 139714 DEBUG nova.context [req-428c8249-451c-44e9-871b-68187dbb5dd8 - - - - -] Found 2 cells: 00000000-0000-0000-0000-000000000000(cell0),b4c87dd0-a4f9-432a-aa4e-47d0465ee14d(cell1) load_cells /usr/lib/python3/dist-packages/nova/context.py:464
2025-01-30 00:38:54.760 139714 DEBUG oslo_concurrency.lockutils [req-eb7aadb8-325b-484c-965e-bb2bfa085016 - - - - -] Lock "00000000-0000-0000-0000-000000000000" acquired by "nova.context.set_target_cell..get_or_set_cached_cell_and_set_connections" :: waited 0.000s inner /usr/lib/python3/dist-packages/oslo_concurrency/lockutils.py:386
2025-01-30 00:38:54.761 139714 DEBUG oslo_concurrency.lockutils [req-eb7aadb8-325b-484c-965e-bb2bfa085016 - - - - -] Lock "00000000-0000-0000-0000-000000000000" "released" by "nova.context.set_target_cell..get_or_set_cached_cell_and_set_connections" :: held 0.001s inner /usr/lib/python3/dist-packages/oslo_concurrency/lockutils.py:400
2025-01-30 00:38:54.761 139714 DEBUG oslo_concurrency.lockutils [req-eb7aadb8-325b-484c-965e-bb2bfa085016 - - - - -] Lock "b4c87dd0-a4f9-432a-aa4e-47d0465ee14d" acquired by "nova.context.set_target_cell..get_or_set_cached_cell_and_set_connections" :: waited 0.000s inner /usr/lib/python3/dist-packages/oslo_concurrency/lockutils.py:386
2025-01-30 00:38:54.761 139714 DEBUG oslo_concurrency.lockutils [req-eb7aadb8-325b-484c-965e-bb2bfa085016 - - - - -] Lock "b4c87dd0-a4f9-432a-aa4e-47d0465ee14d" "released" by "nova.context.set_target_cell..get_or_set_cached_cell_and_set_connections" :: held 0.000s inner /usr/lib/python3/dist-packages/oslo_concurrency/lockutils.py:400
2025-01-30 00:38:54.776 139714 DEBUG oslo_db.sqlalchemy.engines [req-eb7aadb8-325b-484c-965e-bb2bfa085016 - - - - -] MySQL server mode set to STRICT_TRANS_TABLES,STRICT_ALL_TABLES,NO_ZERO_IN_DATE,NO_ZERO_DATE,ERROR_FOR_DIVISION_BY_ZERO,TRADITIONAL,NO_ENGINE_SUBSTITUTION _check_effective_sql_mode /usr/lib/python3/dist-packages/oslo_db/sqlalchemy/engines.py:314
2025-01-30 00:38:54.786 139714 DEBUG oslo_concurrency.lockutils [req-eb7aadb8-325b-484c-965e-bb2bfa085016 - - - - -] Acquired lock "singleton_lock" lock /usr/lib/python3/dist-packages/oslo_concurrency/lockutils.py:294
2025-01-30 00:38:54.787 139714 DEBUG oslo_concurrency.lockutils [req-eb7aadb8-325b-484c-965e-bb2bfa085016 - - - - -] Releasing lock "singleton_lock" lock /usr/lib/python3/dist-packages/oslo_concurrency/lockutils.py:312
2025-01-30 00:38:54.787 139714 INFO oslo_service.service [req-eb7aadb8-325b-484c-965e-bb2bfa085016 - - - - -] Starting 4 workers
2025-01-30 00:38:54.790 139714 DEBUG oslo_service.service [req-eb7aadb8-325b-484c-965e-bb2bfa085016 - - - - -] Started child 140165 _start_child /usr/lib/python3/dist-packages/oslo_service/service.py:575
2025-01-30 00:38:54.795 140165 INFO nova.service [-] Starting scheduler node (version 25.2.1)
2025-01-30 00:38:54.795 139714 DEBUG oslo_service.service [req-eb7aadb8-325b-484c-965e-bb2bfa085016 - - - - -] Started child 140166 _start_child /usr/lib/python3/dist-packages/oslo_service/service.py:575
2025-01-30 00:38:54.799 140166 INFO nova.service [-] Starting scheduler node (version 25.2.1)
2025-01-30 00:38:54.800 139714 DEBUG oslo_service.service [req-eb7aadb8-325b-484c-965e-bb2bfa085016 - - - - -] Started child 140167 _start_child /usr/lib/python3/dist-packages/oslo_service/service.py:575
2025-01-30 00:38:54.805 139714 DEBUG oslo_service.service [req-eb7aadb8-325b-484c-965e-bb2bfa085016 - - - - -] Started child 140168 _start_child /usr/lib/python3/dist-packages/oslo_service/service.py:575
2025-01-30 00:38:54.807 139714 DEBUG oslo_service.service [req-eb7aadb8-325b-484c-965e-bb2bfa085016 - - - - -] Full set of CONF: wait /usr/lib/python3/dist-packages/oslo_service/service.py:649
2025-01-30 00:38:54.809 140168 INFO nova.service [-] Starting scheduler node (version 25.2.1)
2025-01-30 00:38:54.810 139714 DEBUG oslo_service.service [req-eb7aadb8-325b-484c-965e-bb2bfa085016 - - - - -] ******************************************************************************** log_opt_values /usr/lib/python3/dist-packages/oslo_config/cfg.py:2589
2025-01-30 00:38:54.810 139714 DEBUG oslo_service.service [req-eb7aadb8-325b-484c-965e-bb2bfa085016 - - - - -] Configuration options gathered from: log_opt_values /usr/lib/python3/dist-packages/oslo_config/cfg.py:2590
2025-01-30 00:38:54.810 139714 DEBUG oslo_service.service [req-eb7aadb8-325b-484c-965e-bb2bfa085016 - - - - -] command line args: ['--config-file=/etc/nova/nova.conf', '--log-file=/var/log/nova/nova-scheduler.log'] log_opt_values /usr/lib/python3/dist-packages/oslo_config/cfg.py:2591
2025-01-30 00:38:54.810 140166 DEBUG oslo_db.sqlalchemy.engines [req-ca979e02-3a78-4ef4-9610-7c35d7bc5710 - - - - -] MySQL server mode set to STRICT_TRANS_TABLES,STRICT_ALL_TABLES,NO_ZERO_IN_DATE,NO_ZERO_DATE,ERROR_FOR_DIVISION_BY_ZERO,TRADITIONAL,NO_ENGINE_SUBSTITUTION _check_effective_sql_mode /usr/lib/python3/dist-packages/oslo_db/sqlalchemy/engines.py:314
2025-01-30 00:38:54.811 139714 DEBUG oslo_service.service [req-eb7aadb8-325b-484c-965e-bb2bfa085016 - - - - -] config files: ['/etc/nova/nova.conf'] log_opt_values /usr/lib/python3/dist-packages/oslo_config/cfg.py:2592
2025-01-30 00:38:54.811 139714 DEBUG oslo_service.service [req-eb7aadb8-325b-484c-965e-bb2bfa085016 - - - - -] ================================================================================ log_opt_values /usr/lib/python3/dist-packages/oslo_config/cfg.py:2594
2025-01-30 00:38:54.812 139714 DEBUG oslo_service.service [req-eb7aadb8-325b-484c-965e-bb2bfa085016 - - - - -] allow_resize_to_same_host = False log_opt_values /usr/lib/python3/dist-packages/oslo_config/cfg.py:2602
2025-01-30 00:38:54.813 139714 DEBUG oslo_service.service [req-eb7aadb8-325b-484c-965e-bb2bfa085016 - - - - -] arq_binding_timeout = 300 log_opt_values /usr/lib/python3/dist-packages/oslo_config/cfg.py:2602
2025-01-30 00:38:54.814 139714 DEBUG oslo_service.service [req-eb7aadb8-325b-484c-965e-bb2bfa085016 - - - - -] block_device_allocate_retries = 60 log_opt_values /usr/lib/python3/dist-packages/oslo_config/cfg.py:2602
2025-01-30 00:38:54.814 139714 DEBUG oslo_service.service [req-eb7aadb8-325b-484c-965e-bb2bfa085016 - - - - -] block_device_allocate_retries_interval = 3 log_opt_values /usr/lib/python3/dist-packages/oslo_config/cfg.py:2602
2025-01-30 00:38:54.814 139714 DEBUG oslo_service.service [req-eb7aadb8-325b-484c-965e-bb2bfa085016 - - - - -] cert = self.pem log_opt_values /usr/lib/python3/dist-packages/oslo_config/cfg.py:2602
2025-01-30 00:38:54.814 139714 DEBUG oslo_service.service [req-eb7aadb8-325b-484c-965e-bb2bfa085016 - - - - -] compute_driver = libvirt.LibvirtDriver log_opt_values /usr/lib/python3/dist-packages/oslo_config/cfg.py:2602
2025-01-30 00:38:54.815 139714 DEBUG oslo_service.service [req-eb7aadb8-325b-484c-965e-bb2bfa085016 - - - - -] compute_monitors = [] log_opt_values /usr/lib/python3/dist-packages/oslo_config/cfg.py:2602
2025-01-30 00:38:54.816 139714 DEBUG oslo_service.service [req-eb7aadb8-325b-484c-965e-bb2bfa085016 - - - - -] config_dir = [] log_opt_values /usr/lib/python3/dist-packages/oslo_config/cfg.py:2602
2025-01-30 00:38:54.816 139714 DEBUG oslo_service.service [req-eb7aadb8-325b-484c-965e-bb2bfa085016 - - - - -] config_drive_format = iso9660 log_opt_values /usr/lib/python3/dist-packages/oslo_config/cfg.py:2602
2025-01-30 00:38:54.816 140165 DEBUG oslo_db.sqlalchemy.engines [req-377751ad-6546-4eab-8f51-07b321835d6f - - - - -] MySQL server mode set to STRICT_TRANS_TABLES,STRICT_ALL_TABLES,NO_ZERO_IN_DATE,NO_ZERO_DATE,ERROR_FOR_DIVISION_BY_ZERO,TRADITIONAL,NO_ENGINE_SUBSTITUTION _check_effective_sql_mode /usr/lib/python3/dist-packages/oslo_db/sqlalchemy/engines.py:314
2025-01-30 00:38:54.816 139714 DEBUG oslo_service.service [req-eb7aadb8-325b-484c-965e-bb2bfa085016 - - - - -] config_file = ['/etc/nova/nova.conf'] log_opt_values /usr/lib/python3/dist-packages/oslo_config/cfg.py:2602
2025-01-30 00:38:54.817 139714 DEBUG oslo_service.service [req-eb7aadb8-325b-484c-965e-bb2bfa085016 - - - - -] config_source = [] log_opt_values /usr/lib/python3/dist-packages/oslo_config/cfg.py:2602
2025-01-30 00:38:54.817 139714 DEBUG oslo_service.service [req-eb7aadb8-325b-484c-965e-bb2bfa085016 - - - - -] console_host = juju-3dcf65-0-lxd-7 log_opt_values /usr/lib/python3/dist-packages/oslo_config/cfg.py:2602
2025-01-30 00:38:54.817 139714 DEBUG oslo_service.service [req-eb7aadb8-325b-484c-965e-bb2bfa085016 - - - - -] control_exchange = nova log_opt_values /usr/lib/python3/dist-packages/oslo_config/cfg.py:2602
2025-01-30 00:38:54.817 139714 DEBUG oslo_service.service [req-eb7aadb8-325b-484c-965e-bb2bfa085016 - - - - -] cpu_allocation_ratio = 2.0 log_opt_values /usr/lib/python3/dist-packages/oslo_config/cfg.py:2602
2025-01-30 00:38:54.817 139714 DEBUG oslo_service.service [req-eb7aadb8-325b-484c-965e-bb2bfa085016 - - - - -] daemon = False log_opt_values /usr/lib/python3/dist-packages/oslo_config/cfg.py:2602
2025-01-30 00:38:54.818 139714 DEBUG oslo_service.service [req-eb7aadb8-325b-484c-965e-bb2bfa085016 - - - - -] debug = True log_opt_values /usr/lib/python3/dist-packages/oslo_config/cfg.py:2602
2025-01-30 00:38:54.818 139714 DEBUG oslo_service.service [req-eb7aadb8-325b-484c-965e-bb2bfa085016 - - - - -] default_access_ip_network_name = None log_opt_values /usr/lib/python3/dist-packages/oslo_config/cfg.py:2602
2025-01-30 00:38:54.818 139714 DEBUG oslo_service.service [req-eb7aadb8-325b-484c-965e-bb2bfa085016 - - - - -] default_availability_zone = nova log_opt_values /usr/lib/python3/dist-packages/oslo_config/cfg.py:2602
2025-01-30 00:38:54.818 139714 DEBUG oslo_service.service [req-eb7aadb8-325b-484c-965e-bb2bfa085016 - - - - -] default_ephemeral_format = None log_opt_values /usr/lib/python3/dist-packages/oslo_config/cfg.py:2602
2025-01-30 00:38:54.818 139714 DEBUG oslo_service.service [req-eb7aadb8-325b-484c-965e-bb2bfa085016 - - - - -] default_log_levels = ['amqp=WARN', 'amqplib=WARN', 'boto=WARN', 'qpid=WARN', 'sqlalchemy=WARN', 'suds=INFO', 'oslo.messaging=INFO', 'oslo_messaging=DEBUG', 'iso8601=WARN', 'requests.packages.urllib3.connectionpool=WARN', 'urllib3.connectionpool=WARN', 'websocket=WARN', 'requests.packages.urllib3.util.retry=WARN', 'urllib3.util.retry=WARN', 'keystonemiddleware=WARN', 'routes.middleware=WARN', 'stevedore=WARN', 'taskflow=WARN', 'keystoneauth=WARN', 'oslo.cache=INFO', 'dogpile.core.dogpile=INFO', 'glanceclient=WARN', 'oslo.privsep.daemon=INFO'] log_opt_values /usr/lib/python3/dist-packages/oslo_config/cfg.py:2602
2025-01-30 00:38:54.819 139714 DEBUG oslo_service.service [req-eb7aadb8-325b-484c-965e-bb2bfa085016 - - - - -] default_schedule_zone = None log_opt_values /usr/lib/python3/dist-packages/oslo_config/cfg.py:2602
2025-01-30 00:38:54.822 139714 DEBUG oslo_service.service [req-eb7aadb8-325b-484c-965e-bb2bfa085016 - - - - -] disk_allocation_ratio = 1.0 log_opt_values /usr/lib/python3/dist-packages/oslo_config/cfg.py:2602
2025-01-30 00:38:54.822 139714 DEBUG oslo_service.service [req-eb7aadb8-325b-484c-965e-bb2bfa085016 - - - - -] enable_new_services = True log_opt_values /usr/lib/python3/dist-packages/oslo_config/cfg.py:2602
2025-01-30 00:38:54.822 139714 DEBUG oslo_service.service [req-eb7aadb8-325b-484c-965e-bb2bfa085016 - - - - -] enabled_apis = ['osapi_compute', 'metadata'] log_opt_values /usr/lib/python3/dist-packages/oslo_config/cfg.py:2602
2025-01-30 00:38:54.822 139714 DEBUG oslo_service.service [req-eb7aadb8-325b-484c-965e-bb2bfa085016 - - - - -] enabled_ssl_apis = [] log_opt_values /usr/lib/python3/dist-packages/oslo_config/cfg.py:2602
2025-01-30 00:38:54.822 140168 DEBUG oslo_db.sqlalchemy.engines [req-115de459-f691-4feb-9fa6-15d6422ab055 - - - - -] MySQL server mode set to STRICT_TRANS_TABLES,STRICT_ALL_TABLES,NO_ZERO_IN_DATE,NO_ZERO_DATE,ERROR_FOR_DIVISION_BY_ZERO,TRADITIONAL,NO_ENGINE_SUBSTITUTION _check_effective_sql_mode /usr/lib/python3/dist-packages/oslo_db/sqlalchemy/engines.py:314
2025-01-30 00:38:54.823 139714 DEBUG oslo_service.service [req-eb7aadb8-325b-484c-965e-bb2bfa085016 - - - - -] fatal_deprecations = False log_opt_values /usr/lib/python3/dist-packages/oslo_config/cfg.py:2602
2025-01-30 00:38:54.823 139714 DEBUG oslo_service.service [req-eb7aadb8-325b-484c-965e-bb2bfa085016 - - - - -] flat_injected = False log_opt_values /usr/lib/python3/dist-packages/oslo_config/cfg.py:2602
2025-01-30 00:38:54.823 139714 DEBUG oslo_service.service [req-eb7aadb8-325b-484c-965e-bb2bfa085016 - - - - -] force_config_drive = False log_opt_values /usr/lib/python3/dist-packages/oslo_config/cfg.py:2602
2025-01-30 00:38:54.824 139714 DEBUG oslo_service.service [req-eb7aadb8-325b-484c-965e-bb2bfa085016 - - - - -] force_raw_images = True log_opt_values /usr/lib/python3/dist-packages/oslo_config/cfg.py:2602
2025-01-30 00:38:54.824 139714 DEBUG oslo_service.service [req-eb7aadb8-325b-484c-965e-bb2bfa085016 - - - - -] graceful_shutdown_timeout = 60 log_opt_values /usr/lib/python3/dist-packages/oslo_config/cfg.py:2602
2025-01-30 00:38:54.824 139714 DEBUG oslo_service.service [req-eb7aadb8-325b-484c-965e-bb2bfa085016 - - - - -] heal_instance_info_cache_interval = 60 log_opt_values /usr/lib/python3/dist-packages/oslo_config/cfg.py:2602
2025-01-30 00:38:54.825 139714 DEBUG oslo_service.service [req-eb7aadb8-325b-484c-965e-bb2bfa085016 - - - - -] host = juju-3dcf65-0-lxd-7 log_opt_values /usr/lib/python3/dist-packages/oslo_config/cfg.py:2602
2025-01-30 00:38:54.825 139714 DEBUG oslo_service.service [req-eb7aadb8-325b-484c-965e-bb2bfa085016 - - - - -] initial_cpu_allocation_ratio = 16.0 log_opt_values /usr/lib/python3/dist-packages/oslo_config/cfg.py:2602
2025-01-30 00:38:54.825 139714 DEBUG oslo_service.service [req-eb7aadb8-325b-484c-965e-bb2bfa085016 - - - - -] initial_disk_allocation_ratio = 1.0 log_opt_values /usr/lib/python3/dist-packages/oslo_config/cfg.py:2602
2025-01-30 00:38:54.825 140166 DEBUG nova.service [req-ca979e02-3a78-4ef4-9610-7c35d7bc5710 - - - - -] Creating RPC server for service scheduler start /usr/lib/python3/dist-packages/nova/service.py:182
2025-01-30 00:38:54.826 140167 INFO nova.service [-] Starting scheduler node (version 25.2.1)
2025-01-30 00:38:54.825 139714 DEBUG oslo_service.service [req-eb7aadb8-325b-484c-965e-bb2bfa085016 - - - - -] initial_ram_allocation_ratio = 1.5 log_opt_values /usr/lib/python3/dist-packages/oslo_config/cfg.py:2602
2025-01-30 00:38:54.829 140165 DEBUG nova.service [req-377751ad-6546-4eab-8f51-07b321835d6f - - - - -] Creating RPC server for service scheduler start /usr/lib/python3/dist-packages/nova/service.py:182
2025-01-30 00:38:54.830 139714 DEBUG oslo_service.service [req-eb7aadb8-325b-484c-965e-bb2bfa085016 - - - - -] injected_network_template = /usr/lib/python3/dist-packages/nova/virt/interfaces.template log_opt_values /usr/lib/python3/dist-packages/oslo_config/cfg.py:2602
2025-01-30 00:38:54.830 139714 DEBUG oslo_service.service [req-eb7aadb8-325b-484c-965e-bb2bfa085016 - - - - -] instance_build_timeout = 0 log_opt_values /usr/lib/python3/dist-packages/oslo_config/cfg.py:2602
2025-01-30 00:38:54.830 139714 DEBUG oslo_service.service [req-eb7aadb8-325b-484c-965e-bb2bfa085016 - - - - -] instance_delete_interval = 300 log_opt_values /usr/lib/python3/dist-packages/oslo_config/cfg.py:2602
2025-01-30 00:38:54.830 139714 DEBUG oslo_service.service [req-eb7aadb8-325b-484c-965e-bb2bfa085016 - - - - -] instance_format = [instance: %(uuid)s] log_opt_values /usr/lib/python3/dist-packages/oslo_config/cfg.py:2602
2025-01-30 00:38:54.830 139714 DEBUG oslo_service.service [req-eb7aadb8-325b-484c-965e-bb2bfa085016 - - - - -] instance_name_template = instance-%08x log_opt_values /usr/lib/python3/dist-packages/oslo_config/cfg.py:2602
2025-01-30 00:38:54.831 139714 DEBUG oslo_service.service [req-eb7aadb8-325b-484c-965e-bb2bfa085016 - - - - -] instance_usage_audit = False log_opt_values /usr/lib/python3/dist-packages/oslo_config/cfg.py:2602
2025-01-30 00:38:54.831 139714 DEBUG oslo_service.service [req-eb7aadb8-325b-484c-965e-bb2bfa085016 - - - - -] instance_usage_audit_period = month log_opt_values /usr/lib/python3/dist-packages/oslo_config/cfg.py:2602
2025-01-30 00:38:54.831 139714 DEBUG oslo_service.service [req-eb7aadb8-325b-484c-965e-bb2bfa085016 - - - - -] instance_uuid_format = [instance: %(uuid)s] log_opt_values /usr/lib/python3/dist-packages/oslo_config/cfg.py:2602
2025-01-30 00:38:54.831 139714 DEBUG oslo_service.service [req-eb7aadb8-325b-484c-965e-bb2bfa085016 - - - - -] instances_path = /var/lib/nova/instances log_opt_values /usr/lib/python3/dist-packages/oslo_config/cfg.py:2602
2025-01-30 00:38:54.831 139714 DEBUG oslo_service.service [req-eb7aadb8-325b-484c-965e-bb2bfa085016 - - - - -] internal_service_availability_zone = internal log_opt_values /usr/lib/python3/dist-packages/oslo_config/cfg.py:2602
2025-01-30 00:38:54.832 139714 DEBUG oslo_service.service [req-eb7aadb8-325b-484c-965e-bb2bfa085016 - - - - -] key = None log_opt_values /usr/lib/python3/dist-packages/oslo_config/cfg.py:2602
2025-01-30 00:38:54.832 139714 DEBUG oslo_service.service [req-eb7aadb8-325b-484c-965e-bb2bfa085016 - - - - -] live_migration_retry_count = 30 log_opt_values /usr/lib/python3/dist-packages/oslo_config/cfg.py:2602
2025-01-30 00:38:54.832 139714 DEBUG oslo_service.service [req-eb7aadb8-325b-484c-965e-bb2bfa085016 - - - - -] log_config_append = None log_opt_values /usr/lib/python3/dist-packages/oslo_config/cfg.py:2602
2025-01-30 00:38:54.832 139714 DEBUG oslo_service.service [req-eb7aadb8-325b-484c-965e-bb2bfa085016 - - - - -] log_date_format = %Y-%m-%d %H:%M:%S log_opt_values /usr/lib/python3/dist-packages/oslo_config/cfg.py:2602
2025-01-30 00:38:54.832 139714 DEBUG oslo_service.service [req-eb7aadb8-325b-484c-965e-bb2bfa085016 - - - - -] log_dir = /var/log/nova log_opt_values /usr/lib/python3/dist-packages/oslo_config/cfg.py:2602
2025-01-30 00:38:54.832 139714 DEBUG oslo_service.service [req-eb7aadb8-325b-484c-965e-bb2bfa085016 - - - - -] log_file = /var/log/nova/nova-scheduler.log log_opt_values /usr/lib/python3/dist-packages/oslo_config/cfg.py:2602
2025-01-30 00:38:54.832 139714 DEBUG oslo_service.service [req-eb7aadb8-325b-484c-965e-bb2bfa085016 - - - - -] log_options = True log_opt_values /usr/lib/python3/dist-packages/oslo_config/cfg.py:2602
2025-01-30 00:38:54.833 139714 DEBUG oslo_service.service [req-eb7aadb8-325b-484c-965e-bb2bfa085016 - - - - -] log_rotate_interval = 1 log_opt_values /usr/lib/python3/dist-packages/oslo_config/cfg.py:2602
2025-01-30 00:38:54.833 139714 DEBUG oslo_service.service [req-eb7aadb8-325b-484c-965e-bb2bfa085016 - - - - -] log_rotate_interval_type = days log_opt_values /usr/lib/python3/dist-packages/oslo_config/cfg.py:2602
2025-01-30 00:38:54.833 139714 DEBUG oslo_service.service [req-eb7aadb8-325b-484c-965e-bb2bfa085016 - - - - -] log_rotation_type = none log_opt_values /usr/lib/python3/dist-packages/oslo_config/cfg.py:2602
2025-01-30 00:38:54.833 139714 DEBUG oslo_service.service [req-eb7aadb8-325b-484c-965e-bb2bfa085016 - - - - -] logging_context_format_string = %(asctime)s.%(msecs)03d %(process)d %(levelname)s %(name)s [%(request_id)s %(user_identity)s] %(instance)s%(message)s log_opt_values /usr/lib/python3/dist-packages/oslo_config/cfg.py:2602
2025-01-30 00:38:54.834 139714 DEBUG oslo_service.service [req-eb7aadb8-325b-484c-965e-bb2bfa085016 - - - - -] logging_debug_format_suffix = %(funcName)s %(pathname)s:%(lineno)d log_opt_values /usr/lib/python3/dist-packages/oslo_config/cfg.py:2602
2025-01-30 00:38:54.836 139714 DEBUG oslo_service.service [req-eb7aadb8-325b-484c-965e-bb2bfa085016 - - - - -] logging_default_format_string = %(asctime)s.%(msecs)03d %(process)d %(levelname)s %(name)s [-] %(instance)s%(message)s log_opt_values /usr/lib/python3/dist-packages/oslo_config/cfg.py:2602
2025-01-30 00:38:54.836 139714 DEBUG oslo_service.service [req-eb7aadb8-325b-484c-965e-bb2bfa085016 - - - - -] logging_exception_prefix = %(asctime)s.%(msecs)03d %(process)d ERROR %(name)s %(instance)s log_opt_values /usr/lib/python3/dist-packages/oslo_config/cfg.py:2602
2025-01-30 00:38:54.836 139714 DEBUG oslo_service.service [req-eb7aadb8-325b-484c-965e-bb2bfa085016 - - - - -] logging_user_identity_format = %(user)s %(project)s %(domain)s %(user_domain)s %(project_domain)s log_opt_values /usr/lib/python3/dist-packages/oslo_config/cfg.py:2602
2025-01-30 00:38:54.836 139714 DEBUG oslo_service.service [req-eb7aadb8-325b-484c-965e-bb2bfa085016 - - - - -] long_rpc_timeout = 1800 log_opt_values /usr/lib/python3/dist-packages/oslo_config/cfg.py:2602
2025-01-30 00:38:54.836 139714 DEBUG oslo_service.service [req-eb7aadb8-325b-484c-965e-bb2bfa085016 - - - - -] max_concurrent_builds = 10 log_opt_values /usr/lib/python3/dist-packages/oslo_config/cfg.py:2602
2025-01-30 00:38:54.838 139714 DEBUG oslo_service.service [req-eb7aadb8-325b-484c-965e-bb2bfa085016 - - - - -] max_concurrent_live_migrations = 1 log_opt_values /usr/lib/python3/dist-packages/oslo_config/cfg.py:2602
2025-01-30 00:38:54.838 139714 DEBUG oslo_service.service [req-eb7aadb8-325b-484c-965e-bb2bfa085016 - - - - -] max_concurrent_snapshots = 5 log_opt_values /usr/lib/python3/dist-packages/oslo_config/cfg.py:2602
2025-01-30 00:38:54.838 139714 DEBUG oslo_service.service [req-eb7aadb8-325b-484c-965e-bb2bfa085016 - - - - -] max_local_block_devices = 3 log_opt_values /usr/lib/python3/dist-packages/oslo_config/cfg.py:2602
2025-01-30 00:38:54.838 139714 DEBUG oslo_service.service [req-eb7aadb8-325b-484c-965e-bb2bfa085016 - - - - -] max_logfile_count = 30 log_opt_values /usr/lib/python3/dist-packages/oslo_config/cfg.py:2602
2025-01-30 00:38:54.838 139714 DEBUG oslo_service.service [req-eb7aadb8-325b-484c-965e-bb2bfa085016 - - - - -] max_logfile_size_mb = 200 log_opt_values /usr/lib/python3/dist-packages/oslo_config/cfg.py:2602
2025-01-30 00:38:54.838 139714 DEBUG oslo_service.service [req-eb7aadb8-325b-484c-965e-bb2bfa085016 - - - - -] maximum_instance_delete_attempts = 5 log_opt_values /usr/lib/python3/dist-packages/oslo_config/cfg.py:2602
2025-01-30 00:38:54.839 139714 DEBUG oslo_service.service [req-eb7aadb8-325b-484c-965e-bb2bfa085016 - - - - -] metadata_listen = 0.0.0.0 log_opt_values /usr/lib/python3/dist-packages/oslo_config/cfg.py:2602
2025-01-30 00:38:54.840 139714 DEBUG oslo_service.service [req-eb7aadb8-325b-484c-965e-bb2bfa085016 - - - - -] metadata_listen_port = 8765 log_opt_values /usr/lib/python3/dist-packages/oslo_config/cfg.py:2602
2025-01-30 00:38:54.840 139714 DEBUG oslo_service.service [req-eb7aadb8-325b-484c-965e-bb2bfa085016 - - - - -] metadata_workers = None log_opt_values /usr/lib/python3/dist-packages/oslo_config/cfg.py:2602
2025-01-30 00:38:54.840 139714 DEBUG oslo_service.service [req-eb7aadb8-325b-484c-965e-bb2bfa085016 - - - - -] migrate_max_retries = -1 log_opt_values /usr/lib/python3/dist-packages/oslo_config/cfg.py:2602
2025-01-30 00:38:54.840 139714 DEBUG oslo_service.service [req-eb7aadb8-325b-484c-965e-bb2bfa085016 - - - - -] mkisofs_cmd = genisoimage log_opt_values /usr/lib/python3/dist-packages/oslo_config/cfg.py:2602
2025-01-30 00:38:54.840 139714 DEBUG oslo_service.service [req-eb7aadb8-325b-484c-965e-bb2bfa085016 - - - - -] my_block_storage_ip = 252.30.148.199 log_opt_values /usr/lib/python3/dist-packages/oslo_config/cfg.py:2602
2025-01-30 00:38:54.840 139714 DEBUG oslo_service.service [req-eb7aadb8-325b-484c-965e-bb2bfa085016 - - - - -] my_ip = 252.30.148.199 log_opt_values /usr/lib/python3/dist-packages/oslo_config/cfg.py:2602
2025-01-30 00:38:54.841 139714 DEBUG oslo_service.service [req-eb7aadb8-325b-484c-965e-bb2bfa085016 - - - - -] network_allocate_retries = 0 log_opt_values /usr/lib/python3/dist-packages/oslo_config/cfg.py:2602
2025-01-30 00:38:54.842 139714 DEBUG oslo_service.service [req-eb7aadb8-325b-484c-965e-bb2bfa085016 - - - - -] non_inheritable_image_properties = ['cache_in_nova', 'bittorrent'] log_opt_values /usr/lib/python3/dist-packages/oslo_config/cfg.py:2602
2025-01-30 00:38:54.842 139714 DEBUG oslo_service.service [req-eb7aadb8-325b-484c-965e-bb2bfa085016 - - - - -] osapi_compute_listen = 0.0.0.0 log_opt_values /usr/lib/python3/dist-packages/oslo_config/cfg.py:2602
2025-01-30 00:38:54.842 139714 DEBUG oslo_service.service [req-eb7aadb8-325b-484c-965e-bb2bfa085016 - - - - -] osapi_compute_listen_port = 8764 log_opt_values /usr/lib/python3/dist-packages/oslo_config/cfg.py:2602
2025-01-30 00:38:54.842 139714 DEBUG oslo_service.service [req-eb7aadb8-325b-484c-965e-bb2bfa085016 - - - - -] osapi_compute_unique_server_name_scope = log_opt_values /usr/lib/python3/dist-packages/oslo_config/cfg.py:2602
2025-01-30 00:38:54.842 139714 DEBUG oslo_service.service [req-eb7aadb8-325b-484c-965e-bb2bfa085016 - - - - -] osapi_compute_workers = 4 log_opt_values /usr/lib/python3/dist-packages/oslo_config/cfg.py:2602
2025-01-30 00:38:54.842 139714 DEBUG oslo_service.service [req-eb7aadb8-325b-484c-965e-bb2bfa085016 - - - - -] password_length = 12 log_opt_values /usr/lib/python3/dist-packages/oslo_config/cfg.py:2602
2025-01-30 00:38:54.843 139714 DEBUG oslo_service.service [req-eb7aadb8-325b-484c-965e-bb2bfa085016 - - - - -] periodic_enable = True log_opt_values /usr/lib/python3/dist-packages/oslo_config/cfg.py:2602
2025-01-30 00:38:54.843 139714 DEBUG oslo_service.service [req-eb7aadb8-325b-484c-965e-bb2bfa085016 - - - - -] periodic_fuzzy_delay = 60 log_opt_values /usr/lib/python3/dist-packages/oslo_config/cfg.py:2602
2025-01-30 00:38:54.843 139714 DEBUG oslo_service.service [req-eb7aadb8-325b-484c-965e-bb2bfa085016 - - - - -] pointer_model = usbtablet log_opt_values /usr/lib/python3/dist-packages/oslo_config/cfg.py:2602
2025-01-30 00:38:54.843 139714 DEBUG oslo_service.service [req-eb7aadb8-325b-484c-965e-bb2bfa085016 - - - - -] preallocate_images = none log_opt_values /usr/lib/python3/dist-packages/oslo_config/cfg.py:2602
2025-01-30 00:38:54.844 139714 DEBUG oslo_service.service [req-eb7aadb8-325b-484c-965e-bb2bfa085016 - - - - -] publish_errors = False log_opt_values /usr/lib/python3/dist-packages/oslo_config/cfg.py:2602
2025-01-30 00:38:54.844 139714 DEBUG oslo_service.service [req-eb7aadb8-325b-484c-965e-bb2bfa085016 - - - - -] pybasedir = /usr/lib/python3/dist-packages log_opt_values /usr/lib/python3/dist-packages/oslo_config/cfg.py:2602
2025-01-30 00:38:54.844 139714 DEBUG oslo_service.service [req-eb7aadb8-325b-484c-965e-bb2bfa085016 - - - - -] ram_allocation_ratio = 0.98 log_opt_values /usr/lib/python3/dist-packages/oslo_config/cfg.py:2602
2025-01-30 00:38:54.844 139714 DEBUG oslo_service.service [req-eb7aadb8-325b-484c-965e-bb2bfa085016 - - - - -] rate_limit_burst = 0 log_opt_values /usr/lib/python3/dist-packages/oslo_config/cfg.py:2602
2025-01-30 00:38:54.844 139714 DEBUG oslo_service.service [req-eb7aadb8-325b-484c-965e-bb2bfa085016 - - - - -] rate_limit_except_level = CRITICAL log_opt_values /usr/lib/python3/dist-packages/oslo_config/cfg.py:2602
2025-01-30 00:38:54.844 139714 DEBUG oslo_service.service [req-eb7aadb8-325b-484c-965e-bb2bfa085016 - - - - -] rate_limit_interval = 0 log_opt_values /usr/lib/python3/dist-packages/oslo_config/cfg.py:2602
2025-01-30 00:38:54.845 139714 DEBUG oslo_service.service [req-eb7aadb8-325b-484c-965e-bb2bfa085016 - - - - -] reboot_timeout = 0 log_opt_values /usr/lib/python3/dist-packages/oslo_config/cfg.py:2602
2025-01-30 00:38:54.845 140168 DEBUG nova.service [req-115de459-f691-4feb-9fa6-15d6422ab055 - - - - -] Creating RPC server for service scheduler start /usr/lib/python3/dist-packages/nova/service.py:182
2025-01-30 00:38:54.845 139714 DEBUG oslo_service.service [req-eb7aadb8-325b-484c-965e-bb2bfa085016 - - - - -] reclaim_instance_interval = 0 log_opt_values /usr/lib/python3/dist-packages/oslo_config/cfg.py:2602
2025-01-30 00:38:54.845 139714 DEBUG oslo_service.service [req-eb7aadb8-325b-484c-965e-bb2bfa085016 - - - - -] record = None log_opt_values /usr/lib/python3/dist-packages/oslo_config/cfg.py:2602
2025-01-30 00:38:54.846 139714 DEBUG oslo_service.service [req-eb7aadb8-325b-484c-965e-bb2bfa085016 - - - - -] report_interval = 10 log_opt_values /usr/lib/python3/dist-packages/oslo_config/cfg.py:2602
2025-01-30 00:38:54.846 139714 DEBUG oslo_service.service [req-eb7aadb8-325b-484c-965e-bb2bfa085016 - - - - -] rescue_timeout = 0 log_opt_values /usr/lib/python3/dist-packages/oslo_config/cfg.py:2602
2025-01-30 00:38:54.846 139714 DEBUG oslo_service.service [req-eb7aadb8-325b-484c-965e-bb2bfa085016 - - - - -] reserved_host_cpus = 0 log_opt_values /usr/lib/python3/dist-packages/oslo_config/cfg.py:2602
2025-01-30 00:38:54.846 139714 DEBUG oslo_service.service [req-eb7aadb8-325b-484c-965e-bb2bfa085016 - - - - -] reserved_host_disk_mb = 0 log_opt_values /usr/lib/python3/dist-packages/oslo_config/cfg.py:2602
2025-01-30 00:38:54.846 139714 DEBUG oslo_service.service [req-eb7aadb8-325b-484c-965e-bb2bfa085016 - - - - -] reserved_host_memory_mb = 512 log_opt_values /usr/lib/python3/dist-packages/oslo_config/cfg.py:2602
2025-01-30 00:38:54.847 139714 DEBUG oslo_service.service [req-eb7aadb8-325b-484c-965e-bb2bfa085016 - - - - -] reserved_huge_pages = None log_opt_values /usr/lib/python3/dist-packages/oslo_config/cfg.py:2602
2025-01-30 00:38:54.847 139714 DEBUG oslo_service.service [req-eb7aadb8-325b-484c-965e-bb2bfa085016 - - - - -] resize_confirm_window = 0 log_opt_values /usr/lib/python3/dist-packages/oslo_config/cfg.py:2602
2025-01-30 00:38:54.847 139714 DEBUG oslo_service.service [req-eb7aadb8-325b-484c-965e-bb2bfa085016 - - - - -] resize_fs_using_block_device = False log_opt_values /usr/lib/python3/dist-packages/oslo_config/cfg.py:2602
2025-01-30 00:38:54.847 139714 DEBUG oslo_service.service [req-eb7aadb8-325b-484c-965e-bb2bfa085016 - - - - -] resume_guests_state_on_host_boot = False log_opt_values /usr/lib/python3/dist-packages/oslo_config/cfg.py:2602
2025-01-30 00:38:54.847 139714 DEBUG oslo_service.service [req-eb7aadb8-325b-484c-965e-bb2bfa085016 - - - - -] rootwrap_config = /etc/nova/rootwrap.conf log_opt_values /usr/lib/python3/dist-packages/oslo_config/cfg.py:2602
2025-01-30 00:38:54.848 139714 DEBUG oslo_service.service [req-eb7aadb8-325b-484c-965e-bb2bfa085016 - - - - -] run_external_periodic_tasks = True log_opt_values /usr/lib/python3/dist-packages/oslo_config/cfg.py:2602
2025-01-30 00:38:54.848 139714 DEBUG oslo_service.service [req-eb7aadb8-325b-484c-965e-bb2bfa085016 - - - - -] running_deleted_instance_action = reap log_opt_values /usr/lib/python3/dist-packages/oslo_config/cfg.py:2602
2025-01-30 00:38:54.848 139714 DEBUG oslo_service.service [req-eb7aadb8-325b-484c-965e-bb2bfa085016 - - - - -] running_deleted_instance_poll_interval = 1800 log_opt_values /usr/lib/python3/dist-packages/oslo_config/cfg.py:2602
2025-01-30 00:38:54.848 139714 DEBUG oslo_service.service [req-eb7aadb8-325b-484c-965e-bb2bfa085016 - - - - -] running_deleted_instance_timeout = 0 log_opt_values /usr/lib/python3/dist-packages/oslo_config/cfg.py:2602
2025-01-30 00:38:54.849 140167 DEBUG oslo_db.sqlalchemy.engines [req-b4e839e7-d38f-4cc0-92af-c862375c579b - - - - -] MySQL server mode set to STRICT_TRANS_TABLES,STRICT_ALL_TABLES,NO_ZERO_IN_DATE,NO_ZERO_DATE,ERROR_FOR_DIVISION_BY_ZERO,TRADITIONAL,NO_ENGINE_SUBSTITUTION _check_effective_sql_mode /usr/lib/python3/dist-packages/oslo_db/sqlalchemy/engines.py:314
2025-01-30 00:38:54.848 139714 DEBUG oslo_service.service [req-eb7aadb8-325b-484c-965e-bb2bfa085016 - - - - -] scheduler_instance_sync_interval = 120 log_opt_values /usr/lib/python3/dist-packages/oslo_config/cfg.py:2602
2025-01-30 00:38:54.849 139714 DEBUG oslo_service.service [req-eb7aadb8-325b-484c-965e-bb2bfa085016 - - - - -] service_down_time = 60 log_opt_values /usr/lib/python3/dist-packages/oslo_config/cfg.py:2602
2025-01-30 00:38:54.850 139714 DEBUG oslo_service.service [req-eb7aadb8-325b-484c-965e-bb2bfa085016 - - - - -] servicegroup_driver = db log_opt_values /usr/lib/python3/dist-packages/oslo_config/cfg.py:2602
2025-01-30 00:38:54.851 139714 DEBUG oslo_service.service [req-eb7aadb8-325b-484c-965e-bb2bfa085016 - - - - -] shelved_offload_time = 0 log_opt_values /usr/lib/python3/dist-packages/oslo_config/cfg.py:2602
2025-01-30 00:38:54.852 139714 DEBUG oslo_service.service [req-eb7aadb8-325b-484c-965e-bb2bfa085016 - - - - -] shelved_poll_interval = 3600 log_opt_values /usr/lib/python3/dist-packages/oslo_config/cfg.py:2602
2025-01-30 00:38:54.852 139714 DEBUG oslo_service.service [req-eb7aadb8-325b-484c-965e-bb2bfa085016 - - - - -] shutdown_timeout = 60 log_opt_values /usr/lib/python3/dist-packages/oslo_config/cfg.py:2602
2025-01-30 00:38:54.852 139714 DEBUG oslo_service.service [req-eb7aadb8-325b-484c-965e-bb2bfa085016 - - - - -] source_is_ipv6 = False log_opt_values /usr/lib/python3/dist-packages/oslo_config/cfg.py:2602
2025-01-30 00:38:54.853 139714 DEBUG oslo_service.service [req-eb7aadb8-325b-484c-965e-bb2bfa085016 - - - - -] ssl_only = False log_opt_values /usr/lib/python3/dist-packages/oslo_config/cfg.py:2602
2025-01-30 00:38:54.853 139714 DEBUG oslo_service.service [req-eb7aadb8-325b-484c-965e-bb2bfa085016 - - - - -] state_path = /var/lib/nova log_opt_values /usr/lib/python3/dist-packages/oslo_config/cfg.py:2602
2025-01-30 00:38:54.854 139714 DEBUG oslo_service.service [req-eb7aadb8-325b-484c-965e-bb2bfa085016 - - - - -] sync_power_state_interval = 600 log_opt_values /usr/lib/python3/dist-packages/oslo_config/cfg.py:2602
2025-01-30 00:38:54.854 139714 DEBUG oslo_service.service [req-eb7aadb8-325b-484c-965e-bb2bfa085016 - - - - -] sync_power_state_pool_size = 1000 log_opt_values /usr/lib/python3/dist-packages/oslo_config/cfg.py:2602
2025-01-30 00:38:54.855 140165 DEBUG oslo_messaging._drivers.amqpdriver [-] Listener is running poll /usr/lib/python3/dist-packages/oslo_messaging/_drivers/amqpdriver.py:343
2025-01-30 00:38:54.856 140165 DEBUG oslo_messaging._drivers.amqpdriver [-] AMQPListener connection consume poll /usr/lib/python3/dist-packages/oslo_messaging/_drivers/amqpdriver.py:357
2025-01-30 00:38:54.854 139714 DEBUG oslo_service.service [req-eb7aadb8-325b-484c-965e-bb2bfa085016 - - - - -] syslog_log_facility = LOG_USER log_opt_values /usr/lib/python3/dist-packages/oslo_config/cfg.py:2602
2025-01-30 00:38:54.856 140166 DEBUG oslo_messaging._drivers.amqpdriver [-] Listener is running poll /usr/lib/python3/dist-packages/oslo_messaging/_drivers/amqpdriver.py:343
2025-01-30 00:38:54.856 140166 DEBUG oslo_messaging._drivers.amqpdriver [-] AMQPListener connection consume poll /usr/lib/python3/dist-packages/oslo_messaging/_drivers/amqpdriver.py:357
2025-01-30 00:38:54.857 140165 DEBUG nova.service [req-377751ad-6546-4eab-8f51-07b321835d6f - - - - -] Join ServiceGroup membership for this service scheduler start /usr/lib/python3/dist-packages/nova/service.py:199
2025-01-30 00:38:54.858 140165 DEBUG nova.servicegroup.drivers.db [req-377751ad-6546-4eab-8f51-07b321835d6f - - - - -] DB_Driver: join new ServiceGroup member juju-3dcf65-0-lxd-7 to the scheduler group, service = join /usr/lib/python3/dist-packages/nova/servicegroup/drivers/db.py:44
2025-01-30 00:38:54.858 140166 DEBUG nova.service [req-ca979e02-3a78-4ef4-9610-7c35d7bc5710 - - - - -] Join ServiceGroup membership for this service scheduler start /usr/lib/python3/dist-packages/nova/service.py:199
2025-01-30 00:38:54.859 140166 DEBUG nova.servicegroup.drivers.db [req-ca979e02-3a78-4ef4-9610-7c35d7bc5710 - - - - -] DB_Driver: join new ServiceGroup member juju-3dcf65-0-lxd-7 to the scheduler group, service = join /usr/lib/python3/dist-packages/nova/servicegroup/drivers/db.py:44
2025-01-30 00:38:54.856 139714 DEBUG oslo_service.service [req-eb7aadb8-325b-484c-965e-bb2bfa085016 - - - - -] tempdir = None log_opt_values /usr/lib/python3/dist-packages/oslo_config/cfg.py:2602
2025-01-30 00:38:54.860 139714 DEBUG oslo_service.service [req-eb7aadb8-325b-484c-965e-bb2bfa085016 - - - - -] timeout_nbd = 10 log_opt_values /usr/lib/python3/dist-packages/oslo_config/cfg.py:2602
2025-01-30 00:38:54.860 139714 DEBUG oslo_service.service [req-eb7aadb8-325b-484c-965e-bb2bfa085016 - - - - -] transport_url = **** log_opt_values /usr/lib/python3/dist-packages/oslo_config/cfg.py:2602
2025-01-30 00:38:54.860 140165 DEBUG oslo_messaging._drivers.amqpdriver [-] AMQPListener connection timeout poll /usr/lib/python3/dist-packages/oslo_messaging/_drivers/amqpdriver.py:360
2025-01-30 00:38:54.860 139714 DEBUG oslo_service.service [req-eb7aadb8-325b-484c-965e-bb2bfa085016 - - - - -] update_resources_interval = 0 log_opt_values /usr/lib/python3/dist-packages/oslo_config/cfg.py:2602
2025-01-30 00:38:54.860 140165 DEBUG oslo_messaging._drivers.amqpdriver [-] Listener is running poll /usr/lib/python3/dist-packages/oslo_messaging/_drivers/amqpdriver.py:343
2025-01-30 00:38:54.860 140165 DEBUG oslo_messaging._drivers.amqpdriver [-] AMQPListener connection consume poll /usr/lib/python3/dist-packages/oslo_messaging/_drivers/amqpdriver.py:357
2025-01-30 00:38:54.860 139714 DEBUG oslo_service.service [req-eb7aadb8-325b-484c-965e-bb2bfa085016 - - - - -] use_cow_images = True log_opt_values /usr/lib/python3/dist-packages/oslo_config/cfg.py:2602
2025-01-30 00:38:54.861 139714 DEBUG oslo_service.service [req-eb7aadb8-325b-484c-965e-bb2bfa085016 - - - - -] use_eventlog = False log_opt_values /usr/lib/python3/dist-packages/oslo_config/cfg.py:2602
2025-01-30 00:38:54.861 139714 DEBUG oslo_service.service [req-eb7aadb8-325b-484c-965e-bb2bfa085016 - - - - -] use_journal = False log_opt_values /usr/lib/python3/dist-packages/oslo_config/cfg.py:2602
2025-01-30 00:38:54.862 139714 DEBUG oslo_service.service [req-eb7aadb8-325b-484c-965e-bb2bfa085016 - - - - -] use_json = False log_opt_values /usr/lib/python3/dist-packages/oslo_config/cfg.py:2602
2025-01-30 00:38:54.862 139714 DEBUG oslo_service.service [req-eb7aadb8-325b-484c-965e-bb2bfa085016 - - - - -] use_rootwrap_daemon = False log_opt_values /usr/lib/python3/dist-packages/oslo_config/cfg.py:2602
2025-01-30 00:38:54.863 140166 DEBUG oslo_messaging._drivers.amqpdriver [-] AMQPListener connection timeout poll /usr/lib/python3/dist-packages/oslo_messaging/_drivers/amqpdriver.py:360
2025-01-30 00:38:54.863 140166 DEBUG oslo_messaging._drivers.amqpdriver [-] Listener is running poll /usr/lib/python3/dist-packages/oslo_messaging/_drivers/amqpdriver.py:343
2025-01-30 00:38:54.863 140166 DEBUG oslo_messaging._drivers.amqpdriver [-] AMQPListener connection consume poll /usr/lib/python3/dist-packages/oslo_messaging/_drivers/amqpdriver.py:357
2025-01-30 00:38:54.864 139714 DEBUG oslo_service.service [req-eb7aadb8-325b-484c-965e-bb2bfa085016 - - - - -] use_stderr = False log_opt_values /usr/lib/python3/dist-packages/oslo_config/cfg.py:2602
2025-01-30 00:38:54.864 139714 DEBUG oslo_service.service [req-eb7aadb8-325b-484c-965e-bb2bfa085016 - - - - -] use_syslog = False log_opt_values /usr/lib/python3/dist-packages/oslo_config/cfg.py:2602
2025-01-30 00:38:54.864 139714 DEBUG oslo_service.service [req-eb7aadb8-325b-484c-965e-bb2bfa085016 - - - - -] vcpu_pin_set = None log_opt_values /usr/lib/python3/dist-packages/oslo_config/cfg.py:2602
2025-01-30 00:38:54.865 139714 DEBUG oslo_service.service [req-eb7aadb8-325b-484c-965e-bb2bfa085016 - - - - -] vif_plugging_is_fatal = True log_opt_values /usr/lib/python3/dist-packages/oslo_config/cfg.py:2602
2025-01-30 00:38:54.865 139714 DEBUG oslo_service.service [req-eb7aadb8-325b-484c-965e-bb2bfa085016 - - - - -] vif_plugging_timeout = 300 log_opt_values /usr/lib/python3/dist-packages/oslo_config/cfg.py:2602
2025-01-30 00:38:54.865 139714 DEBUG oslo_service.service [req-eb7aadb8-325b-484c-965e-bb2bfa085016 - - - - -] virt_mkfs = [] log_opt_values /usr/lib/python3/dist-packages/oslo_config/cfg.py:2602
2025-01-30 00:38:54.866 139714 DEBUG oslo_service.service [req-eb7aadb8-325b-484c-965e-bb2bfa085016 - - - - -] volume_usage_poll_interval = 0 log_opt_values /usr/lib/python3/dist-packages/oslo_config/cfg.py:2602
2025-01-30 00:38:54.866 139714 DEBUG oslo_service.service [req-eb7aadb8-325b-484c-965e-bb2bfa085016 - - - - -] watch_log_file = False log_opt_values /usr/lib/python3/dist-packages/oslo_config/cfg.py:2602
2025-01-30 00:38:54.866 139714 DEBUG oslo_service.service [req-eb7aadb8-325b-484c-965e-bb2bfa085016 - - - - -] web = /usr/share/spice-html5 log_opt_values /usr/lib/python3/dist-packages/oslo_config/cfg.py:2602
2025-01-30 00:38:54.866 139714 DEBUG oslo_service.service [req-eb7aadb8-325b-484c-965e-bb2bfa085016 - - - - -] oslo_concurrency.disable_process_locking = False log_opt_values /usr/lib/python3/dist-packages/oslo_config/cfg.py:2609
2025-01-30 00:38:54.867 139714 DEBUG oslo_service.service [req-eb7aadb8-325b-484c-965e-bb2bfa085016 - - - - -] oslo_concurrency.lock_path = /var/lock/nova log_opt_values /usr/lib/python3/dist-packages/oslo_config/cfg.py:2609
2025-01-30 00:38:54.868 140167 DEBUG nova.service [req-b4e839e7-d38f-4cc0-92af-c862375c579b - - - - -] Creating RPC server for service scheduler start /usr/lib/python3/dist-packages/nova/service.py:182
2025-01-30 00:38:54.868 139714 WARNING oslo_config.cfg [req-eb7aadb8-325b-484c-965e-bb2bfa085016 - - - - -] Deprecated: Option "auth_strategy" from group "api" is deprecated for removal ( The only non-default choice, ``noauth2``, is for internal development and testing purposes only and should not be used in deployments. This option and its middleware, NoAuthMiddleware[V2_18], will be removed in a future release. ). Its value may be silently ignored in the future.
2025-01-30 00:38:54.868 139714 DEBUG oslo_service.service [req-eb7aadb8-325b-484c-965e-bb2bfa085016 - - - - -] api.auth_strategy = keystone log_opt_values /usr/lib/python3/dist-packages/oslo_config/cfg.py:2609
2025-01-30 00:38:54.869 139714 DEBUG oslo_service.service [req-eb7aadb8-325b-484c-965e-bb2bfa085016 - - - - -] api.compute_link_prefix = None log_opt_values /usr/lib/python3/dist-packages/oslo_config/cfg.py:2609
2025-01-30 00:38:54.870 139714 DEBUG oslo_service.service [req-eb7aadb8-325b-484c-965e-bb2bfa085016 - - - - -] api.config_drive_skip_versions = 1.0 2007-01-19 2007-03-01 2007-08-29 2007-10-10 2007-12-15 2008-02-01 2008-09-01 log_opt_values /usr/lib/python3/dist-packages/oslo_config/cfg.py:2609
2025-01-30 00:38:54.870 139714 DEBUG oslo_service.service [req-eb7aadb8-325b-484c-965e-bb2bfa085016 - - - - -] api.dhcp_domain = novalocal log_opt_values /usr/lib/python3/dist-packages/oslo_config/cfg.py:2609
2025-01-30 00:38:54.871 139714 DEBUG oslo_service.service [req-eb7aadb8-325b-484c-965e-bb2bfa085016 - - - - -] api.enable_instance_password = True log_opt_values /usr/lib/python3/dist-packages/oslo_config/cfg.py:2609
2025-01-30 00:38:54.871 139714 DEBUG oslo_service.service [req-eb7aadb8-325b-484c-965e-bb2bfa085016 - - - - -] api.glance_link_prefix = None log_opt_values /usr/lib/python3/dist-packages/oslo_config/cfg.py:2609
2025-01-30 00:38:54.872 139714 DEBUG oslo_service.service [req-eb7aadb8-325b-484c-965e-bb2bfa085016 - - - - -] api.instance_list_cells_batch_fixed_size = 100 log_opt_values /usr/lib/python3/dist-packages/oslo_config/cfg.py:2609
2025-01-30 00:38:54.872 140168 DEBUG oslo_messaging._drivers.amqpdriver [-] Listener is running poll /usr/lib/python3/dist-packages/oslo_messaging/_drivers/amqpdriver.py:343
2025-01-30 00:38:54.872 139714 DEBUG oslo_service.service [req-eb7aadb8-325b-484c-965e-bb2bfa085016 - - - - -] api.instance_list_cells_batch_strategy = distributed log_opt_values /usr/lib/python3/dist-packages/oslo_config/cfg.py:2609
2025-01-30 00:38:54.872 140168 DEBUG oslo_messaging._drivers.amqpdriver [-] AMQPListener connection consume poll /usr/lib/python3/dist-packages/oslo_messaging/_drivers/amqpdriver.py:357
2025-01-30 00:38:54.872 139714 DEBUG oslo_service.service [req-eb7aadb8-325b-484c-965e-bb2bfa085016 - - - - -] api.instance_list_per_project_cells = False log_opt_values /usr/lib/python3/dist-packages/oslo_config/cfg.py:2609
2025-01-30 00:38:54.873 139714 DEBUG oslo_service.service [req-eb7aadb8-325b-484c-965e-bb2bfa085016 - - - - -] api.list_records_by_skipping_down_cells = True log_opt_values /usr/lib/python3/dist-packages/oslo_config/cfg.py:2609
2025-01-30 00:38:54.873 140168 DEBUG nova.service [req-115de459-f691-4feb-9fa6-15d6422ab055 - - - - -] Join ServiceGroup membership for this service scheduler start /usr/lib/python3/dist-packages/nova/service.py:199
2025-01-30 00:38:54.873 139714 DEBUG oslo_service.service [req-eb7aadb8-325b-484c-965e-bb2bfa085016 - - - - -] api.local_metadata_per_cell = False log_opt_values /usr/lib/python3/dist-packages/oslo_config/cfg.py:2609
2025-01-30 00:38:54.873 140168 DEBUG nova.servicegroup.drivers.db [req-115de459-f691-4feb-9fa6-15d6422ab055 - - - - -] DB_Driver: join new ServiceGroup member juju-3dcf65-0-lxd-7 to the scheduler group, service = join /usr/lib/python3/dist-packages/nova/servicegroup/drivers/db.py:44
2025-01-30 00:38:54.874 139714 DEBUG oslo_service.service [req-eb7aadb8-325b-484c-965e-bb2bfa085016 - - - - -] api.max_limit = 1000 log_opt_values /usr/lib/python3/dist-packages/oslo_config/cfg.py:2609
2025-01-30 00:38:54.874 139714 DEBUG oslo_service.service [req-eb7aadb8-325b-484c-965e-bb2bfa085016 - - - - -] api.metadata_cache_expiration = 15 log_opt_values /usr/lib/python3/dist-packages/oslo_config/cfg.py:2609
2025-01-30 00:38:54.874 139714 DEBUG oslo_service.service [req-eb7aadb8-325b-484c-965e-bb2bfa085016 - - - - -] api.neutron_default_tenant_id = default log_opt_values /usr/lib/python3/dist-packages/oslo_config/cfg.py:2609
2025-01-30 00:38:54.875 139714 DEBUG oslo_service.service [req-eb7aadb8-325b-484c-965e-bb2bfa085016 - - - - -] api.use_forwarded_for = False log_opt_values /usr/lib/python3/dist-packages/oslo_config/cfg.py:2609
