2025-01-30 00:38:38.022 134616 DEBUG oslo_service.service [req-9b0b04b2-3706-4307-809d-968c91333fce - - - - -] oslo_concurrency.lock_path = /var/lock/nova log_opt_values /usr/lib/python3/dist-packages/oslo_config/cfg.py:2609
2025-01-30 00:38:38.023 134616 DEBUG oslo_service.service [req-9b0b04b2-3706-4307-809d-968c91333fce - - - - -] oslo_messaging_metrics.metrics_buffer_size = 1000 log_opt_values /usr/lib/python3/dist-packages/oslo_config/cfg.py:2609
2025-01-30 00:38:38.023 134616 DEBUG oslo_service.service [req-9b0b04b2-3706-4307-809d-968c91333fce - - - - -] oslo_messaging_metrics.metrics_enabled = False log_opt_values /usr/lib/python3/dist-packages/oslo_config/cfg.py:2609
2025-01-30 00:38:38.024 134616 DEBUG oslo_service.service [req-9b0b04b2-3706-4307-809d-968c91333fce - - - - -] oslo_messaging_metrics.metrics_process_name = log_opt_values /usr/lib/python3/dist-packages/oslo_config/cfg.py:2609
2025-01-30 00:38:38.024 134616 DEBUG oslo_service.service [req-9b0b04b2-3706-4307-809d-968c91333fce - - - - -] oslo_messaging_metrics.metrics_socket_file = /var/tmp/metrics_collector.sock log_opt_values /usr/lib/python3/dist-packages/oslo_config/cfg.py:2609
2025-01-30 00:38:38.024 134616 DEBUG oslo_service.service [req-9b0b04b2-3706-4307-809d-968c91333fce - - - - -] oslo_messaging_metrics.metrics_thread_stop_timeout = 10 log_opt_values /usr/lib/python3/dist-packages/oslo_config/cfg.py:2609
2025-01-30 00:38:38.024 135526 DEBUG nova.service [req-09aeb378-35e7-42de-a82d-0e8e404843ab - - - - -] Creating RPC server for service conductor start /usr/lib/python3/dist-packages/nova/service.py:182
2025-01-30 00:38:38.025 134616 WARNING oslo_config.cfg [req-9b0b04b2-3706-4307-809d-968c91333fce - - - - -] Deprecated: Option "auth_strategy" from group "api" is deprecated for removal ( The only non-default choice, ``noauth2``, is for internal development and testing purposes only and should not be used in deployments. This option and its middleware, NoAuthMiddleware[V2_18], will be removed in a future release. ). Its value may be silently ignored in the future.
2025-01-30 00:38:38.025 134616 DEBUG oslo_service.service [req-9b0b04b2-3706-4307-809d-968c91333fce - - - - -] api.auth_strategy = keystone log_opt_values /usr/lib/python3/dist-packages/oslo_config/cfg.py:2609
2025-01-30 00:38:38.026 134616 DEBUG oslo_service.service [req-9b0b04b2-3706-4307-809d-968c91333fce - - - - -] api.compute_link_prefix = None log_opt_values /usr/lib/python3/dist-packages/oslo_config/cfg.py:2609
2025-01-30 00:38:38.026 134616 DEBUG oslo_service.service [req-9b0b04b2-3706-4307-809d-968c91333fce - - - - -] api.config_drive_skip_versions = 1.0 2007-01-19 2007-03-01 2007-08-29 2007-10-10 2007-12-15 2008-02-01 2008-09-01 log_opt_values /usr/lib/python3/dist-packages/oslo_config/cfg.py:2609
2025-01-30 00:38:38.026 134616 DEBUG oslo_service.service [req-9b0b04b2-3706-4307-809d-968c91333fce - - - - -] api.dhcp_domain = novalocal log_opt_values /usr/lib/python3/dist-packages/oslo_config/cfg.py:2609
2025-01-30 00:38:38.027 134616 DEBUG oslo_service.service [req-9b0b04b2-3706-4307-809d-968c91333fce - - - - -] api.enable_instance_password = True log_opt_values /usr/lib/python3/dist-packages/oslo_config/cfg.py:2609
2025-01-30 00:38:38.027 134616 DEBUG oslo_service.service [req-9b0b04b2-3706-4307-809d-968c91333fce - - - - -] api.glance_link_prefix = None log_opt_values /usr/lib/python3/dist-packages/oslo_config/cfg.py:2609
2025-01-30 00:38:38.027 134616 DEBUG oslo_service.service [req-9b0b04b2-3706-4307-809d-968c91333fce - - - - -] api.instance_list_cells_batch_fixed_size = 100 log_opt_values /usr/lib/python3/dist-packages/oslo_config/cfg.py:2609
2025-01-30 00:38:38.028 134616 DEBUG oslo_service.service [req-9b0b04b2-3706-4307-809d-968c91333fce - - - - -] api.instance_list_cells_batch_strategy = distributed log_opt_values /usr/lib/python3/dist-packages/oslo_config/cfg.py:2609
2025-01-30 00:38:38.028 134616 DEBUG oslo_service.service [req-9b0b04b2-3706-4307-809d-968c91333fce - - - - -] api.instance_list_per_project_cells = False log_opt_values /usr/lib/python3/dist-packages/oslo_config/cfg.py:2609
2025-01-30 00:38:38.028 134616 DEBUG oslo_service.service [req-9b0b04b2-3706-4307-809d-968c91333fce - - - - -] api.list_records_by_skipping_down_cells = True log_opt_values /usr/lib/python3/dist-packages/oslo_config/cfg.py:2609
2025-01-30 00:38:38.028 134616 DEBUG oslo_service.service [req-9b0b04b2-3706-4307-809d-968c91333fce - - - - -] api.local_metadata_per_cell = False log_opt_values /usr/lib/python3/dist-packages/oslo_config/cfg.py:2609
2025-01-30 00:38:38.029 134616 DEBUG oslo_service.service [req-9b0b04b2-3706-4307-809d-968c91333fce - - - - -] api.max_limit = 1000 log_opt_values /usr/lib/python3/dist-packages/oslo_config/cfg.py:2609
2025-01-30 00:38:38.029 134616 DEBUG oslo_service.service [req-9b0b04b2-3706-4307-809d-968c91333fce - - - - -] api.metadata_cache_expiration = 15 log_opt_values /usr/lib/python3/dist-packages/oslo_config/cfg.py:2609
2025-01-30 00:38:38.029 134616 DEBUG oslo_service.service [req-9b0b04b2-3706-4307-809d-968c91333fce - - - - -] api.neutron_default_tenant_id = default log_opt_values /usr/lib/python3/dist-packages/oslo_config/cfg.py:2609
2025-01-30 00:38:38.029 134616 DEBUG oslo_service.service [req-9b0b04b2-3706-4307-809d-968c91333fce - - - - -] api.use_forwarded_for = False log_opt_values /usr/lib/python3/dist-packages/oslo_config/cfg.py:2609
2025-01-30 00:38:38.029 134616 DEBUG oslo_service.service [req-9b0b04b2-3706-4307-809d-968c91333fce - - - - -] api.use_neutron_default_nets = False log_opt_values /usr/lib/python3/dist-packages/oslo_config/cfg.py:2609
2025-01-30 00:38:38.030 134616 DEBUG oslo_service.service [req-9b0b04b2-3706-4307-809d-968c91333fce - - - - -] api.vendordata_dynamic_connect_timeout = 5 log_opt_values /usr/lib/python3/dist-packages/oslo_config/cfg.py:2609
2025-01-30 00:38:38.030 134616 DEBUG oslo_service.service [req-9b0b04b2-3706-4307-809d-968c91333fce - - - - -] api.vendordata_dynamic_failure_fatal = False log_opt_values /usr/lib/python3/dist-packages/oslo_config/cfg.py:2609
2025-01-30 00:38:38.030 134616 DEBUG oslo_service.service [req-9b0b04b2-3706-4307-809d-968c91333fce - - - - -] api.vendordata_dynamic_read_timeout = 5 log_opt_values /usr/lib/python3/dist-packages/oslo_config/cfg.py:2609
2025-01-30 00:38:38.030 134616 DEBUG oslo_service.service [req-9b0b04b2-3706-4307-809d-968c91333fce - - - - -] api.vendordata_dynamic_ssl_certfile = log_opt_values /usr/lib/python3/dist-packages/oslo_config/cfg.py:2609
2025-01-30 00:38:38.031 134616 DEBUG oslo_service.service [req-9b0b04b2-3706-4307-809d-968c91333fce - - - - -] api.vendordata_dynamic_targets = [] log_opt_values /usr/lib/python3/dist-packages/oslo_config/cfg.py:2609
2025-01-30 00:38:38.031 134616 DEBUG oslo_service.service [req-9b0b04b2-3706-4307-809d-968c91333fce - - - - -] api.vendordata_jsonfile_path = None log_opt_values /usr/lib/python3/dist-packages/oslo_config/cfg.py:2609
2025-01-30 00:38:38.031 134616 DEBUG oslo_service.service [req-9b0b04b2-3706-4307-809d-968c91333fce - - - - -] api.vendordata_providers = ['StaticJSON'] log_opt_values /usr/lib/python3/dist-packages/oslo_config/cfg.py:2609
2025-01-30 00:38:38.031 134616 DEBUG oslo_service.service [req-9b0b04b2-3706-4307-809d-968c91333fce - - - - -] cache.backend = dogpile.cache.null log_opt_values /usr/lib/python3/dist-packages/oslo_config/cfg.py:2609
2025-01-30 00:38:38.031 135521 DEBUG nova.service [req-5a931657-bb9d-4ecb-beb7-71113d5df1f2 - - - - -] Creating RPC server for service conductor start /usr/lib/python3/dist-packages/nova/service.py:182
2025-01-30 00:38:38.031 134616 DEBUG oslo_service.service [req-9b0b04b2-3706-4307-809d-968c91333fce - - - - -] cache.backend_argument = **** log_opt_values /usr/lib/python3/dist-packages/oslo_config/cfg.py:2609
2025-01-30 00:38:38.032 134616 DEBUG oslo_service.service [req-9b0b04b2-3706-4307-809d-968c91333fce - - - - -] cache.config_prefix = cache.oslo log_opt_values /usr/lib/python3/dist-packages/oslo_config/cfg.py:2609
2025-01-30 00:38:38.032 134616 DEBUG oslo_service.service [req-9b0b04b2-3706-4307-809d-968c91333fce - - - - -] cache.debug_cache_backend = False log_opt_values /usr/lib/python3/dist-packages/oslo_config/cfg.py:2609
2025-01-30 00:38:38.032 134616 DEBUG oslo_service.service [req-9b0b04b2-3706-4307-809d-968c91333fce - - - - -] cache.enabled = False log_opt_values /usr/lib/python3/dist-packages/oslo_config/cfg.py:2609
2025-01-30 00:38:38.032 134616 DEBUG oslo_service.service [req-9b0b04b2-3706-4307-809d-968c91333fce - - - - -] cache.expiration_time = 600 log_opt_values /usr/lib/python3/dist-packages/oslo_config/cfg.py:2609
2025-01-30 00:38:38.033 134616 DEBUG oslo_service.service [req-9b0b04b2-3706-4307-809d-968c91333fce - - - - -] cache.memcache_dead_retry = 300 log_opt_values /usr/lib/python3/dist-packages/oslo_config/cfg.py:2609
2025-01-30 00:38:38.033 134616 DEBUG oslo_service.service [req-9b0b04b2-3706-4307-809d-968c91333fce - - - - -] cache.memcache_pool_connection_get_timeout = 10 log_opt_values /usr/lib/python3/dist-packages/oslo_config/cfg.py:2609
2025-01-30 00:38:38.033 134616 DEBUG oslo_service.service [req-9b0b04b2-3706-4307-809d-968c91333fce - - - - -] cache.memcache_pool_flush_on_reconnect = False log_opt_values /usr/lib/python3/dist-packages/oslo_config/cfg.py:2609
2025-01-30 00:38:38.033 134616 DEBUG oslo_service.service [req-9b0b04b2-3706-4307-809d-968c91333fce - - - - -] cache.memcache_pool_maxsize = 10 log_opt_values /usr/lib/python3/dist-packages/oslo_config/cfg.py:2609
2025-01-30 00:38:38.034 134616 DEBUG oslo_service.service [req-9b0b04b2-3706-4307-809d-968c91333fce - - - - -] cache.memcache_pool_unused_timeout = 60 log_opt_values /usr/lib/python3/dist-packages/oslo_config/cfg.py:2609
2025-01-30 00:38:38.034 134616 DEBUG oslo_service.service [req-9b0b04b2-3706-4307-809d-968c91333fce - - - - -] cache.memcache_servers = ['localhost:11211'] log_opt_values /usr/lib/python3/dist-packages/oslo_config/cfg.py:2609
2025-01-30 00:38:38.034 134616 DEBUG oslo_service.service [req-9b0b04b2-3706-4307-809d-968c91333fce - - - - -] cache.memcache_socket_timeout = 1.0 log_opt_values /usr/lib/python3/dist-packages/oslo_config/cfg.py:2609
2025-01-30 00:38:38.035 134616 DEBUG oslo_service.service [req-9b0b04b2-3706-4307-809d-968c91333fce - - - - -] cache.proxies = [] log_opt_values /usr/lib/python3/dist-packages/oslo_config/cfg.py:2609
2025-01-30 00:38:38.035 134616 DEBUG oslo_service.service [req-9b0b04b2-3706-4307-809d-968c91333fce - - - - -] cache.tls_allowed_ciphers = None log_opt_values /usr/lib/python3/dist-packages/oslo_config/cfg.py:2609
2025-01-30 00:38:38.035 134616 DEBUG oslo_service.service [req-9b0b04b2-3706-4307-809d-968c91333fce - - - - -] cache.tls_cafile = None log_opt_values /usr/lib/python3/dist-packages/oslo_config/cfg.py:2609
2025-01-30 00:38:38.035 134616 DEBUG oslo_service.service [req-9b0b04b2-3706-4307-809d-968c91333fce - - - - -] cache.tls_certfile = None log_opt_values /usr/lib/python3/dist-packages/oslo_config/cfg.py:2609
2025-01-30 00:38:38.035 134616 DEBUG oslo_service.service [req-9b0b04b2-3706-4307-809d-968c91333fce - - - - -] cache.tls_enabled = False log_opt_values /usr/lib/python3/dist-packages/oslo_config/cfg.py:2609
2025-01-30 00:38:38.036 134616 DEBUG oslo_service.service [req-9b0b04b2-3706-4307-809d-968c91333fce - - - - -] cache.tls_keyfile = None log_opt_values /usr/lib/python3/dist-packages/oslo_config/cfg.py:2609
2025-01-30 00:38:38.036 134616 DEBUG oslo_service.service [req-9b0b04b2-3706-4307-809d-968c91333fce - - - - -] cinder.auth_section = None log_opt_values /usr/lib/python3/dist-packages/oslo_config/cfg.py:2609
2025-01-30 00:38:38.036 134616 DEBUG oslo_service.service [req-9b0b04b2-3706-4307-809d-968c91333fce - - - - -] cinder.auth_type = None log_opt_values /usr/lib/python3/dist-packages/oslo_config/cfg.py:2609
2025-01-30 00:38:38.036 134616 DEBUG oslo_service.service [req-9b0b04b2-3706-4307-809d-968c91333fce - - - - -] cinder.cafile = None log_opt_values /usr/lib/python3/dist-packages/oslo_config/cfg.py:2609
2025-01-30 00:38:38.036 135533 DEBUG nova.service [req-c47b37d8-c4d5-4c3e-a87f-c7602dbb2f66 - - - - -] Creating RPC server for service conductor start /usr/lib/python3/dist-packages/nova/service.py:182
2025-01-30 00:38:38.037 134616 DEBUG oslo_service.service [req-9b0b04b2-3706-4307-809d-968c91333fce - - - - -] cinder.catalog_info = volumev3::publicURL log_opt_values /usr/lib/python3/dist-packages/oslo_config/cfg.py:2609
2025-01-30 00:38:38.037 134616 DEBUG oslo_service.service [req-9b0b04b2-3706-4307-809d-968c91333fce - - - - -] cinder.certfile = None log_opt_values /usr/lib/python3/dist-packages/oslo_config/cfg.py:2609
2025-01-30 00:38:38.037 134616 DEBUG oslo_service.service [req-9b0b04b2-3706-4307-809d-968c91333fce - - - - -] cinder.collect_timing = False log_opt_values /usr/lib/python3/dist-packages/oslo_config/cfg.py:2609
2025-01-30 00:38:38.037 134616 DEBUG oslo_service.service [req-9b0b04b2-3706-4307-809d-968c91333fce - - - - -] cinder.cross_az_attach = True log_opt_values /usr/lib/python3/dist-packages/oslo_config/cfg.py:2609
2025-01-30 00:38:38.038 134616 DEBUG oslo_service.service [req-9b0b04b2-3706-4307-809d-968c91333fce - - - - -] cinder.debug = False log_opt_values /usr/lib/python3/dist-packages/oslo_config/cfg.py:2609
2025-01-30 00:38:38.038 134616 DEBUG oslo_service.service [req-9b0b04b2-3706-4307-809d-968c91333fce - - - - -] cinder.endpoint_template = None log_opt_values /usr/lib/python3/dist-packages/oslo_config/cfg.py:2609
2025-01-30 00:38:38.038 134616 DEBUG oslo_service.service [req-9b0b04b2-3706-4307-809d-968c91333fce - - - - -] cinder.http_retries = 3 log_opt_values /usr/lib/python3/dist-packages/oslo_config/cfg.py:2609
2025-01-30 00:38:38.039 134616 DEBUG oslo_service.service [req-9b0b04b2-3706-4307-809d-968c91333fce - - - - -] cinder.insecure = False log_opt_values /usr/lib/python3/dist-packages/oslo_config/cfg.py:2609
2025-01-30 00:38:38.039 134616 DEBUG oslo_service.service [req-9b0b04b2-3706-4307-809d-968c91333fce - - - - -] cinder.keyfile = None log_opt_values /usr/lib/python3/dist-packages/oslo_config/cfg.py:2609
2025-01-30 00:38:38.039 134616 DEBUG oslo_service.service [req-9b0b04b2-3706-4307-809d-968c91333fce - - - - -] cinder.os_region_name = None log_opt_values /usr/lib/python3/dist-packages/oslo_config/cfg.py:2609
2025-01-30 00:38:38.039 134616 DEBUG oslo_service.service [req-9b0b04b2-3706-4307-809d-968c91333fce - - - - -] cinder.split_loggers = False log_opt_values /usr/lib/python3/dist-packages/oslo_config/cfg.py:2609
2025-01-30 00:38:38.039 134616 DEBUG oslo_service.service [req-9b0b04b2-3706-4307-809d-968c91333fce - - - - -] cinder.timeout = None log_opt_values /usr/lib/python3/dist-packages/oslo_config/cfg.py:2609
2025-01-30 00:38:38.039 134616 DEBUG oslo_service.service [req-9b0b04b2-3706-4307-809d-968c91333fce - - - - -] compute.consecutive_build_service_disable_threshold = 10 log_opt_values /usr/lib/python3/dist-packages/oslo_config/cfg.py:2609
2025-01-30 00:38:38.040 134616 DEBUG oslo_service.service [req-9b0b04b2-3706-4307-809d-968c91333fce - - - - -] compute.cpu_dedicated_set = None log_opt_values /usr/lib/python3/dist-packages/oslo_config/cfg.py:2609
2025-01-30 00:38:38.040 134616 DEBUG oslo_service.service [req-9b0b04b2-3706-4307-809d-968c91333fce - - - - -] compute.cpu_shared_set = None log_opt_values /usr/lib/python3/dist-packages/oslo_config/cfg.py:2609
2025-01-30 00:38:38.040 134616 DEBUG oslo_service.service [req-9b0b04b2-3706-4307-809d-968c91333fce - - - - -] compute.image_type_exclude_list = [] log_opt_values /usr/lib/python3/dist-packages/oslo_config/cfg.py:2609
2025-01-30 00:38:38.040 134616 DEBUG oslo_service.service [req-9b0b04b2-3706-4307-809d-968c91333fce - - - - -] compute.live_migration_wait_for_vif_plug = True log_opt_values /usr/lib/python3/dist-packages/oslo_config/cfg.py:2609
2025-01-30 00:38:38.041 134616 DEBUG oslo_service.service [req-9b0b04b2-3706-4307-809d-968c91333fce - - - - -] compute.max_concurrent_disk_ops = 0 log_opt_values /usr/lib/python3/dist-packages/oslo_config/cfg.py:2609
2025-01-30 00:38:38.041 134616 DEBUG oslo_service.service [req-9b0b04b2-3706-4307-809d-968c91333fce - - - - -] compute.max_disk_devices_to_attach = -1 log_opt_values /usr/lib/python3/dist-packages/oslo_config/cfg.py:2609
2025-01-30 00:38:38.041 134616 DEBUG oslo_service.service [req-9b0b04b2-3706-4307-809d-968c91333fce - - - - -] compute.packing_host_numa_cells_allocation_strategy = True log_opt_values /usr/lib/python3/dist-packages/oslo_config/cfg.py:2609
2025-01-30 00:38:38.041 134616 DEBUG oslo_service.service [req-9b0b04b2-3706-4307-809d-968c91333fce - - - - -] compute.provider_config_location = /etc/nova/provider_config/ log_opt_values /usr/lib/python3/dist-packages/oslo_config/cfg.py:2609
2025-01-30 00:38:38.041 134616 DEBUG oslo_service.service [req-9b0b04b2-3706-4307-809d-968c91333fce - - - - -] compute.resource_provider_association_refresh = 300 log_opt_values /usr/lib/python3/dist-packages/oslo_config/cfg.py:2609
2025-01-30 00:38:38.042 134616 DEBUG oslo_service.service [req-9b0b04b2-3706-4307-809d-968c91333fce - - - - -] compute.shutdown_retry_interval = 10 log_opt_values /usr/lib/python3/dist-packages/oslo_config/cfg.py:2609
2025-01-30 00:38:38.042 134616 DEBUG oslo_service.service [req-9b0b04b2-3706-4307-809d-968c91333fce - - - - -] compute.vmdk_allowed_types = ['streamOptimized', 'monolithicSparse'] log_opt_values /usr/lib/python3/dist-packages/oslo_config/cfg.py:2609
2025-01-30 00:38:38.042 134616 DEBUG oslo_service.service [req-9b0b04b2-3706-4307-809d-968c91333fce - - - - -] conductor.workers = 4 log_opt_values /usr/lib/python3/dist-packages/oslo_config/cfg.py:2609
2025-01-30 00:38:38.042 134616 DEBUG oslo_service.service [req-9b0b04b2-3706-4307-809d-968c91333fce - - - - -] console.allowed_origins = [] log_opt_values /usr/lib/python3/dist-packages/oslo_config/cfg.py:2609
2025-01-30 00:38:38.043 134616 DEBUG oslo_service.service [req-9b0b04b2-3706-4307-809d-968c91333fce - - - - -] console.ssl_ciphers = None log_opt_values /usr/lib/python3/dist-packages/oslo_config/cfg.py:2609
2025-01-30 00:38:38.043 134616 DEBUG oslo_service.service [req-9b0b04b2-3706-4307-809d-968c91333fce - - - - -] console.ssl_minimum_version = default log_opt_values /usr/lib/python3/dist-packages/oslo_config/cfg.py:2609
2025-01-30 00:38:38.043 134616 DEBUG oslo_service.service [req-9b0b04b2-3706-4307-809d-968c91333fce - - - - -] consoleauth.token_ttl = 600 log_opt_values /usr/lib/python3/dist-packages/oslo_config/cfg.py:2609
2025-01-30 00:38:38.043 134616 DEBUG oslo_service.service [req-9b0b04b2-3706-4307-809d-968c91333fce - - - - -] cyborg.cafile = None log_opt_values /usr/lib/python3/dist-packages/oslo_config/cfg.py:2609
2025-01-30 00:38:38.044 134616 DEBUG oslo_service.service [req-9b0b04b2-3706-4307-809d-968c91333fce - - - - -] cyborg.certfile = None log_opt_values /usr/lib/python3/dist-packages/oslo_config/cfg.py:2609
2025-01-30 00:38:38.044 134616 DEBUG oslo_service.service [req-9b0b04b2-3706-4307-809d-968c91333fce - - - - -] cyborg.collect_timing = False log_opt_values /usr/lib/python3/dist-packages/oslo_config/cfg.py:2609
2025-01-30 00:38:38.044 134616 DEBUG oslo_service.service [req-9b0b04b2-3706-4307-809d-968c91333fce - - - - -] cyborg.connect_retries = None log_opt_values /usr/lib/python3/dist-packages/oslo_config/cfg.py:2609
2025-01-30 00:38:38.044 134616 DEBUG oslo_service.service [req-9b0b04b2-3706-4307-809d-968c91333fce - - - - -] cyborg.connect_retry_delay = None log_opt_values /usr/lib/python3/dist-packages/oslo_config/cfg.py:2609
2025-01-30 00:38:38.044 134616 DEBUG oslo_service.service [req-9b0b04b2-3706-4307-809d-968c91333fce - - - - -] cyborg.endpoint_override = None log_opt_values /usr/lib/python3/dist-packages/oslo_config/cfg.py:2609
2025-01-30 00:38:38.045 134616 DEBUG oslo_service.service [req-9b0b04b2-3706-4307-809d-968c91333fce - - - - -] cyborg.insecure = False log_opt_values /usr/lib/python3/dist-packages/oslo_config/cfg.py:2609
2025-01-30 00:38:38.045 134616 DEBUG oslo_service.service [req-9b0b04b2-3706-4307-809d-968c91333fce - - - - -] cyborg.keyfile = None log_opt_values /usr/lib/python3/dist-packages/oslo_config/cfg.py:2609
2025-01-30 00:38:38.045 134616 DEBUG oslo_service.service [req-9b0b04b2-3706-4307-809d-968c91333fce - - - - -] cyborg.max_version = None log_opt_values /usr/lib/python3/dist-packages/oslo_config/cfg.py:2609
2025-01-30 00:38:38.045 134616 DEBUG oslo_service.service [req-9b0b04b2-3706-4307-809d-968c91333fce - - - - -] cyborg.min_version = None log_opt_values /usr/lib/python3/dist-packages/oslo_config/cfg.py:2609
2025-01-30 00:38:38.045 134616 DEBUG oslo_service.service [req-9b0b04b2-3706-4307-809d-968c91333fce - - - - -] cyborg.region_name = None log_opt_values /usr/lib/python3/dist-packages/oslo_config/cfg.py:2609
2025-01-30 00:38:38.046 134616 DEBUG oslo_service.service [req-9b0b04b2-3706-4307-809d-968c91333fce - - - - -] cyborg.service_name = None log_opt_values /usr/lib/python3/dist-packages/oslo_config/cfg.py:2609
2025-01-30 00:38:38.046 134616 DEBUG oslo_service.service [req-9b0b04b2-3706-4307-809d-968c91333fce - - - - -] cyborg.service_type = accelerator log_opt_values /usr/lib/python3/dist-packages/oslo_config/cfg.py:2609
2025-01-30 00:38:38.046 134616 DEBUG oslo_service.service [req-9b0b04b2-3706-4307-809d-968c91333fce - - - - -] cyborg.split_loggers = False log_opt_values /usr/lib/python3/dist-packages/oslo_config/cfg.py:2609
2025-01-30 00:38:38.047 134616 DEBUG oslo_service.service [req-9b0b04b2-3706-4307-809d-968c91333fce - - - - -] cyborg.status_code_retries = None log_opt_values /usr/lib/python3/dist-packages/oslo_config/cfg.py:2609
2025-01-30 00:38:38.047 134616 DEBUG oslo_service.service [req-9b0b04b2-3706-4307-809d-968c91333fce - - - - -] cyborg.status_code_retry_delay = None log_opt_values /usr/lib/python3/dist-packages/oslo_config/cfg.py:2609
2025-01-30 00:38:38.047 134616 DEBUG oslo_service.service [req-9b0b04b2-3706-4307-809d-968c91333fce - - - - -] cyborg.timeout = None log_opt_values /usr/lib/python3/dist-packages/oslo_config/cfg.py:2609
2025-01-30 00:38:38.047 134616 DEBUG oslo_service.service [req-9b0b04b2-3706-4307-809d-968c91333fce - - - - -] cyborg.valid_interfaces = ['internal', 'public'] log_opt_values /usr/lib/python3/dist-packages/oslo_config/cfg.py:2609
2025-01-30 00:38:38.048 134616 DEBUG oslo_service.service [req-9b0b04b2-3706-4307-809d-968c91333fce - - - - -] cyborg.version = None log_opt_values /usr/lib/python3/dist-packages/oslo_config/cfg.py:2609
2025-01-30 00:38:38.048 134616 DEBUG oslo_service.service [req-9b0b04b2-3706-4307-809d-968c91333fce - - - - -] database.backend = sqlalchemy log_opt_values /usr/lib/python3/dist-packages/oslo_config/cfg.py:2609
2025-01-30 00:38:38.048 134616 DEBUG oslo_service.service [req-9b0b04b2-3706-4307-809d-968c91333fce - - - - -] database.connection = **** log_opt_values /usr/lib/python3/dist-packages/oslo_config/cfg.py:2609
2025-01-30 00:38:38.048 134616 DEBUG oslo_service.service [req-9b0b04b2-3706-4307-809d-968c91333fce - - - - -] database.connection_debug = 0 log_opt_values /usr/lib/python3/dist-packages/oslo_config/cfg.py:2609
2025-01-30 00:38:38.060 135527 DEBUG nova.service [req-09e48d7c-e637-4d0e-ba56-563626587f0e - - - - -] Creating RPC server for service conductor start /usr/lib/python3/dist-packages/nova/service.py:182
2025-01-30 00:38:38.061 134616 DEBUG oslo_service.service [req-9b0b04b2-3706-4307-809d-968c91333fce - - - - -] database.connection_parameters = log_opt_values /usr/lib/python3/dist-packages/oslo_config/cfg.py:2609
2025-01-30 00:38:38.062 134616 DEBUG oslo_service.service [req-9b0b04b2-3706-4307-809d-968c91333fce - - - - -] database.connection_recycle_time = 3600 log_opt_values /usr/lib/python3/dist-packages/oslo_config/cfg.py:2609
2025-01-30 00:38:38.062 134616 DEBUG oslo_service.service [req-9b0b04b2-3706-4307-809d-968c91333fce - - - - -] database.connection_trace = False log_opt_values /usr/lib/python3/dist-packages/oslo_config/cfg.py:2609
2025-01-30 00:38:38.063 134616 DEBUG oslo_service.service [req-9b0b04b2-3706-4307-809d-968c91333fce - - - - -] database.db_inc_retry_interval = True log_opt_values /usr/lib/python3/dist-packages/oslo_config/cfg.py:2609
2025-01-30 00:38:38.063 134616 DEBUG oslo_service.service [req-9b0b04b2-3706-4307-809d-968c91333fce - - - - -] database.db_max_retries = 20 log_opt_values /usr/lib/python3/dist-packages/oslo_config/cfg.py:2609
2025-01-30 00:38:38.063 134616 DEBUG oslo_service.service [req-9b0b04b2-3706-4307-809d-968c91333fce - - - - -] database.db_max_retry_interval = 10 log_opt_values /usr/lib/python3/dist-packages/oslo_config/cfg.py:2609
2025-01-30 00:38:38.063 134616 DEBUG oslo_service.service [req-9b0b04b2-3706-4307-809d-968c91333fce - - - - -] database.db_retry_interval = 1 log_opt_values /usr/lib/python3/dist-packages/oslo_config/cfg.py:2609
2025-01-30 00:38:38.064 134616 DEBUG oslo_service.service [req-9b0b04b2-3706-4307-809d-968c91333fce - - - - -] database.max_overflow = 50 log_opt_values /usr/lib/python3/dist-packages/oslo_config/cfg.py:2609
2025-01-30 00:38:38.064 134616 DEBUG oslo_service.service [req-9b0b04b2-3706-4307-809d-968c91333fce - - - - -] database.max_pool_size = 4 log_opt_values /usr/lib/python3/dist-packages/oslo_config/cfg.py:2609
2025-01-30 00:38:38.064 134616 DEBUG oslo_service.service [req-9b0b04b2-3706-4307-809d-968c91333fce - - - - -] database.max_retries = 10 log_opt_values /usr/lib/python3/dist-packages/oslo_config/cfg.py:2609
2025-01-30 00:38:38.064 134616 DEBUG oslo_service.service [req-9b0b04b2-3706-4307-809d-968c91333fce - - - - -] database.mysql_enable_ndb = False log_opt_values /usr/lib/python3/dist-packages/oslo_config/cfg.py:2609
2025-01-30 00:38:38.064 134616 DEBUG oslo_service.service [req-9b0b04b2-3706-4307-809d-968c91333fce - - - - -] database.mysql_sql_mode = TRADITIONAL log_opt_values /usr/lib/python3/dist-packages/oslo_config/cfg.py:2609
2025-01-30 00:38:38.065 134616 DEBUG oslo_service.service [req-9b0b04b2-3706-4307-809d-968c91333fce - - - - -] database.pool_timeout = None log_opt_values /usr/lib/python3/dist-packages/oslo_config/cfg.py:2609
2025-01-30 00:38:38.065 134616 DEBUG oslo_service.service [req-9b0b04b2-3706-4307-809d-968c91333fce - - - - -] database.retry_interval = 10 log_opt_values /usr/lib/python3/dist-packages/oslo_config/cfg.py:2609
2025-01-30 00:38:38.065 134616 DEBUG oslo_service.service [req-9b0b04b2-3706-4307-809d-968c91333fce - - - - -] database.slave_connection = **** log_opt_values /usr/lib/python3/dist-packages/oslo_config/cfg.py:2609
2025-01-30 00:38:38.065 134616 DEBUG oslo_service.service [req-9b0b04b2-3706-4307-809d-968c91333fce - - - - -] database.sqlite_synchronous = True log_opt_values /usr/lib/python3/dist-packages/oslo_config/cfg.py:2609
2025-01-30 00:38:38.066 134616 DEBUG oslo_service.service [req-9b0b04b2-3706-4307-809d-968c91333fce - - - - -] database.use_db_reconnect = False log_opt_values /usr/lib/python3/dist-packages/oslo_config/cfg.py:2609
2025-01-30 00:38:38.065 135533 DEBUG oslo_messaging._drivers.amqpdriver [-] Listener is running poll /usr/lib/python3/dist-packages/oslo_messaging/_drivers/amqpdriver.py:343
2025-01-30 00:38:38.066 134616 DEBUG oslo_service.service [req-9b0b04b2-3706-4307-809d-968c91333fce - - - - -] api_database.backend = sqlalchemy log_opt_values /usr/lib/python3/dist-packages/oslo_config/cfg.py:2609
2025-01-30 00:38:38.066 135533 DEBUG oslo_messaging._drivers.amqpdriver [-] AMQPListener connection consume poll /usr/lib/python3/dist-packages/oslo_messaging/_drivers/amqpdriver.py:357
2025-01-30 00:38:38.066 134616 DEBUG oslo_service.service [req-9b0b04b2-3706-4307-809d-968c91333fce - - - - -] api_database.connection = **** log_opt_values /usr/lib/python3/dist-packages/oslo_config/cfg.py:2609
2025-01-30 00:38:38.066 134616 DEBUG oslo_service.service [req-9b0b04b2-3706-4307-809d-968c91333fce - - - - -] api_database.connection_debug = 0 log_opt_values /usr/lib/python3/dist-packages/oslo_config/cfg.py:2609
2025-01-30 00:38:38.066 134616 DEBUG oslo_service.service [req-9b0b04b2-3706-4307-809d-968c91333fce - - - - -] api_database.connection_parameters = log_opt_values /usr/lib/python3/dist-packages/oslo_config/cfg.py:2609
2025-01-30 00:38:38.067 134616 DEBUG oslo_service.service [req-9b0b04b2-3706-4307-809d-968c91333fce - - - - -] api_database.connection_recycle_time = 3600 log_opt_values /usr/lib/python3/dist-packages/oslo_config/cfg.py:2609
2025-01-30 00:38:38.066 135533 DEBUG nova.service [req-c47b37d8-c4d5-4c3e-a87f-c7602dbb2f66 - - - - -] Join ServiceGroup membership for this service conductor start /usr/lib/python3/dist-packages/nova/service.py:199
2025-01-30 00:38:38.067 134616 DEBUG oslo_service.service [req-9b0b04b2-3706-4307-809d-968c91333fce - - - - -] api_database.connection_trace = False log_opt_values /usr/lib/python3/dist-packages/oslo_config/cfg.py:2609
2025-01-30 00:38:38.067 134616 DEBUG oslo_service.service [req-9b0b04b2-3706-4307-809d-968c91333fce - - - - -] api_database.db_inc_retry_interval = True log_opt_values /usr/lib/python3/dist-packages/oslo_config/cfg.py:2609
2025-01-30 00:38:38.067 135533 DEBUG nova.servicegroup.drivers.db [req-c47b37d8-c4d5-4c3e-a87f-c7602dbb2f66 - - - - -] DB_Driver: join new ServiceGroup member juju-3dcf65-0-lxd-7 to the conductor group, service = join /usr/lib/python3/dist-packages/nova/servicegroup/drivers/db.py:44
2025-01-30 00:38:38.067 134616 DEBUG oslo_service.service [req-9b0b04b2-3706-4307-809d-968c91333fce - - - - -] api_database.db_max_retries = 20 log_opt_values /usr/lib/python3/dist-packages/oslo_config/cfg.py:2609
2025-01-30 00:38:38.067 134616 DEBUG oslo_service.service [req-9b0b04b2-3706-4307-809d-968c91333fce - - - - -] api_database.db_max_retry_interval = 10 log_opt_values /usr/lib/python3/dist-packages/oslo_config/cfg.py:2609
2025-01-30 00:38:38.068 134616 DEBUG oslo_service.service [req-9b0b04b2-3706-4307-809d-968c91333fce - - - - -] api_database.db_retry_interval = 1 log_opt_values /usr/lib/python3/dist-packages/oslo_config/cfg.py:2609
2025-01-30 00:38:38.068 134616 DEBUG oslo_service.service [req-9b0b04b2-3706-4307-809d-968c91333fce - - - - -] api_database.max_overflow = 50 log_opt_values /usr/lib/python3/dist-packages/oslo_config/cfg.py:2609
2025-01-30 00:38:38.068 134616 DEBUG oslo_service.service [req-9b0b04b2-3706-4307-809d-968c91333fce - - - - -] api_database.max_pool_size = 4 log_opt_values /usr/lib/python3/dist-packages/oslo_config/cfg.py:2609
2025-01-30 00:38:38.068 134616 DEBUG oslo_service.service [req-9b0b04b2-3706-4307-809d-968c91333fce - - - - -] api_database.max_retries = 10 log_opt_values /usr/lib/python3/dist-packages/oslo_config/cfg.py:2609
2025-01-30 00:38:38.068 134616 DEBUG oslo_service.service [req-9b0b04b2-3706-4307-809d-968c91333fce - - - - -] api_database.mysql_enable_ndb = False log_opt_values /usr/lib/python3/dist-packages/oslo_config/cfg.py:2609
2025-01-30 00:38:38.068 134616 DEBUG oslo_service.service [req-9b0b04b2-3706-4307-809d-968c91333fce - - - - -] api_database.mysql_sql_mode = TRADITIONAL log_opt_values /usr/lib/python3/dist-packages/oslo_config/cfg.py:2609
2025-01-30 00:38:38.069 134616 DEBUG oslo_service.service [req-9b0b04b2-3706-4307-809d-968c91333fce - - - - -] api_database.pool_timeout = None log_opt_values /usr/lib/python3/dist-packages/oslo_config/cfg.py:2609
2025-01-30 00:38:38.069 134616 DEBUG oslo_service.service [req-9b0b04b2-3706-4307-809d-968c91333fce - - - - -] api_database.retry_interval = 10 log_opt_values /usr/lib/python3/dist-packages/oslo_config/cfg.py:2609
2025-01-30 00:38:38.069 134616 DEBUG oslo_service.service [req-9b0b04b2-3706-4307-809d-968c91333fce - - - - -] api_database.slave_connection = **** log_opt_values /usr/lib/python3/dist-packages/oslo_config/cfg.py:2609
2025-01-30 00:38:38.069 134616 DEBUG oslo_service.service [req-9b0b04b2-3706-4307-809d-968c91333fce - - - - -] api_database.sqlite_synchronous = True log_opt_values /usr/lib/python3/dist-packages/oslo_config/cfg.py:2609
2025-01-30 00:38:38.070 134616 DEBUG oslo_service.service [req-9b0b04b2-3706-4307-809d-968c91333fce - - - - -] devices.enabled_mdev_types = [] log_opt_values /usr/lib/python3/dist-packages/oslo_config/cfg.py:2609
2025-01-30 00:38:38.070 135533 DEBUG oslo_messaging._drivers.amqpdriver [-] AMQPListener connection timeout poll /usr/lib/python3/dist-packages/oslo_messaging/_drivers/amqpdriver.py:360
2025-01-30 00:38:38.070 134616 DEBUG oslo_service.service [req-9b0b04b2-3706-4307-809d-968c91333fce - - - - -] ephemeral_storage_encryption.cipher = aes-xts-plain64 log_opt_values /usr/lib/python3/dist-packages/oslo_config/cfg.py:2609
2025-01-30 00:38:38.070 134616 DEBUG oslo_service.service [req-9b0b04b2-3706-4307-809d-968c91333fce - - - - -] ephemeral_storage_encryption.enabled = False log_opt_values /usr/lib/python3/dist-packages/oslo_config/cfg.py:2609
2025-01-30 00:38:38.070 135533 DEBUG oslo_messaging._drivers.amqpdriver [-] Listener is running poll /usr/lib/python3/dist-packages/oslo_messaging/_drivers/amqpdriver.py:343
2025-01-30 00:38:38.070 134616 DEBUG oslo_service.service [req-9b0b04b2-3706-4307-809d-968c91333fce - - - - -] ephemeral_storage_encryption.key_size = 512 log_opt_values /usr/lib/python3/dist-packages/oslo_config/cfg.py:2609
2025-01-30 00:38:38.070 135533 DEBUG oslo_messaging._drivers.amqpdriver [-] AMQPListener connection consume poll /usr/lib/python3/dist-packages/oslo_messaging/_drivers/amqpdriver.py:357
2025-01-30 00:38:38.069 135521 DEBUG oslo_messaging._drivers.amqpdriver [-] Listener is running poll /usr/lib/python3/dist-packages/oslo_messaging/_drivers/amqpdriver.py:343
2025-01-30 00:38:38.071 134616 WARNING oslo_config.cfg [req-9b0b04b2-3706-4307-809d-968c91333fce - - - - -] Deprecated: Option "api_servers" from group "glance" is deprecated for removal ( Support for image service configuration via standard keystoneauth1 Adapter options was added in the 17.0.0 Queens release. The api_servers option was retained temporarily to allow consumers time to cut over to a real load balancing solution. ). Its value may be silently ignored in the future.
2025-01-30 00:38:38.071 134616 DEBUG oslo_service.service [req-9b0b04b2-3706-4307-809d-968c91333fce - - - - -] glance.api_servers = ['http://252.30.190.202:9292'] log_opt_values /usr/lib/python3/dist-packages/oslo_config/cfg.py:2609
2025-01-30 00:38:38.071 135521 DEBUG oslo_messaging._drivers.amqpdriver [-] AMQPListener connection consume poll /usr/lib/python3/dist-packages/oslo_messaging/_drivers/amqpdriver.py:357
2025-01-30 00:38:38.071 134616 DEBUG oslo_service.service [req-9b0b04b2-3706-4307-809d-968c91333fce - - - - -] glance.cafile = None log_opt_values /usr/lib/python3/dist-packages/oslo_config/cfg.py:2609
2025-01-30 00:38:38.071 134616 DEBUG oslo_service.service [req-9b0b04b2-3706-4307-809d-968c91333fce - - - - -] glance.certfile = None log_opt_values /usr/lib/python3/dist-packages/oslo_config/cfg.py:2609
2025-01-30 00:38:38.071 134616 DEBUG oslo_service.service [req-9b0b04b2-3706-4307-809d-968c91333fce - - - - -] glance.collect_timing = False log_opt_values /usr/lib/python3/dist-packages/oslo_config/cfg.py:2609
2025-01-30 00:38:38.072 134616 DEBUG oslo_service.service [req-9b0b04b2-3706-4307-809d-968c91333fce - - - - -] glance.connect_retries = None log_opt_values /usr/lib/python3/dist-packages/oslo_config/cfg.py:2609
2025-01-30 00:38:38.072 134616 DEBUG oslo_service.service [req-9b0b04b2-3706-4307-809d-968c91333fce - - - - -] glance.connect_retry_delay = None log_opt_values /usr/lib/python3/dist-packages/oslo_config/cfg.py:2609
2025-01-30 00:38:38.072 135521 DEBUG nova.service [req-5a931657-bb9d-4ecb-beb7-71113d5df1f2 - - - - -] Join ServiceGroup membership for this service conductor start /usr/lib/python3/dist-packages/nova/service.py:199
2025-01-30 00:38:38.073 134616 DEBUG oslo_service.service [req-9b0b04b2-3706-4307-809d-968c91333fce - - - - -] glance.debug = False log_opt_values /usr/lib/python3/dist-packages/oslo_config/cfg.py:2609
2025-01-30 00:38:38.073 134616 DEBUG oslo_service.service [req-9b0b04b2-3706-4307-809d-968c91333fce - - - - -] glance.default_trusted_certificate_ids = [] log_opt_values /usr/lib/python3/dist-packages/oslo_config/cfg.py:2609
2025-01-30 00:38:38.073 134616 DEBUG oslo_service.service [req-9b0b04b2-3706-4307-809d-968c91333fce - - - - -] glance.enable_certificate_validation = False log_opt_values /usr/lib/python3/dist-packages/oslo_config/cfg.py:2609
2025-01-30 00:38:38.073 134616 DEBUG oslo_service.service [req-9b0b04b2-3706-4307-809d-968c91333fce - - - - -] glance.enable_rbd_download = False log_opt_values /usr/lib/python3/dist-packages/oslo_config/cfg.py:2609
2025-01-30 00:38:38.073 135521 DEBUG nova.servicegroup.drivers.db [req-5a931657-bb9d-4ecb-beb7-71113d5df1f2 - - - - -] DB_Driver: join new ServiceGroup member juju-3dcf65-0-lxd-7 to the conductor group, service = join /usr/lib/python3/dist-packages/nova/servicegroup/drivers/db.py:44
2025-01-30 00:38:38.074 134616 DEBUG oslo_service.service [req-9b0b04b2-3706-4307-809d-968c91333fce - - - - -] glance.endpoint_override = None log_opt_values /usr/lib/python3/dist-packages/oslo_config/cfg.py:2609
2025-01-30 00:38:38.074 134616 DEBUG oslo_service.service [req-9b0b04b2-3706-4307-809d-968c91333fce - - - - -] glance.insecure = False log_opt_values /usr/lib/python3/dist-packages/oslo_config/cfg.py:2609
2025-01-30 00:38:38.074 134616 DEBUG oslo_service.service [req-9b0b04b2-3706-4307-809d-968c91333fce - - - - -] glance.keyfile = None log_opt_values /usr/lib/python3/dist-packages/oslo_config/cfg.py:2609
2025-01-30 00:38:38.074 135526 DEBUG oslo_messaging._drivers.amqpdriver [-] Listener is running poll /usr/lib/python3/dist-packages/oslo_messaging/_drivers/amqpdriver.py:343
2025-01-30 00:38:38.074 134616 DEBUG oslo_service.service [req-9b0b04b2-3706-4307-809d-968c91333fce - - - - -] glance.max_version = None log_opt_values /usr/lib/python3/dist-packages/oslo_config/cfg.py:2609
2025-01-30 00:38:38.074 135526 DEBUG oslo_messaging._drivers.amqpdriver [-] AMQPListener connection consume poll /usr/lib/python3/dist-packages/oslo_messaging/_drivers/amqpdriver.py:357
2025-01-30 00:38:38.074 134616 DEBUG oslo_service.service [req-9b0b04b2-3706-4307-809d-968c91333fce - - - - -] glance.min_version = None log_opt_values /usr/lib/python3/dist-packages/oslo_config/cfg.py:2609
2025-01-30 00:38:38.075 134616 DEBUG oslo_service.service [req-9b0b04b2-3706-4307-809d-968c91333fce - - - - -] glance.num_retries = 3 log_opt_values /usr/lib/python3/dist-packages/oslo_config/cfg.py:2609
2025-01-30 00:38:38.075 134616 DEBUG oslo_service.service [req-9b0b04b2-3706-4307-809d-968c91333fce - - - - -] glance.rbd_ceph_conf = log_opt_values /usr/lib/python3/dist-packages/oslo_config/cfg.py:2609
2025-01-30 00:38:38.075 134616 DEBUG oslo_service.service [req-9b0b04b2-3706-4307-809d-968c91333fce - - - - -] glance.rbd_connect_timeout = 5 log_opt_values /usr/lib/python3/dist-packages/oslo_config/cfg.py:2609
2025-01-30 00:38:38.075 134616 DEBUG oslo_service.service [req-9b0b04b2-3706-4307-809d-968c91333fce - - - - -] glance.rbd_pool = log_opt_values /usr/lib/python3/dist-packages/oslo_config/cfg.py:2609
2025-01-30 00:38:38.075 134616 DEBUG oslo_service.service [req-9b0b04b2-3706-4307-809d-968c91333fce - - - - -] glance.rbd_user = log_opt_values /usr/lib/python3/dist-packages/oslo_config/cfg.py:2609
2025-01-30 00:38:38.076 134616 DEBUG oslo_service.service [req-9b0b04b2-3706-4307-809d-968c91333fce - - - - -] glance.region_name = None log_opt_values /usr/lib/python3/dist-packages/oslo_config/cfg.py:2609
2025-01-30 00:38:38.076 134616 DEBUG oslo_service.service [req-9b0b04b2-3706-4307-809d-968c91333fce - - - - -] glance.service_name = None log_opt_values /usr/lib/python3/dist-packages/oslo_config/cfg.py:2609
2025-01-30 00:38:38.076 134616 DEBUG oslo_service.service [req-9b0b04b2-3706-4307-809d-968c91333fce - - - - -] glance.service_type = image log_opt_values /usr/lib/python3/dist-packages/oslo_config/cfg.py:2609
2025-01-30 00:38:38.076 134616 DEBUG oslo_service.service [req-9b0b04b2-3706-4307-809d-968c91333fce - - - - -] glance.split_loggers = False log_opt_values /usr/lib/python3/dist-packages/oslo_config/cfg.py:2609
2025-01-30 00:38:38.076 135526 DEBUG nova.service [req-09aeb378-35e7-42de-a82d-0e8e404843ab - - - - -] Join ServiceGroup membership for this service conductor start /usr/lib/python3/dist-packages/nova/service.py:199
2025-01-30 00:38:38.076 134616 DEBUG oslo_service.service [req-9b0b04b2-3706-4307-809d-968c91333fce - - - - -] glance.status_code_retries = None log_opt_values /usr/lib/python3/dist-packages/oslo_config/cfg.py:2609
2025-01-30 00:38:38.077 134616 DEBUG oslo_service.service [req-9b0b04b2-3706-4307-809d-968c91333fce - - - - -] glance.status_code_retry_delay = None log_opt_values /usr/lib/python3/dist-packages/oslo_config/cfg.py:2609
2025-01-30 00:38:38.077 135526 DEBUG nova.servicegroup.drivers.db [req-09aeb378-35e7-42de-a82d-0e8e404843ab - - - - -] DB_Driver: join new ServiceGroup member juju-3dcf65-0-lxd-7 to the conductor group, service = join /usr/lib/python3/dist-packages/nova/servicegroup/drivers/db.py:44
2025-01-30 00:38:38.077 134616 DEBUG oslo_service.service [req-9b0b04b2-3706-4307-809d-968c91333fce - - - - -] glance.timeout = None log_opt_values /usr/lib/python3/dist-packages/oslo_config/cfg.py:2609
2025-01-30 00:38:38.077 134616 DEBUG oslo_service.service [req-9b0b04b2-3706-4307-809d-968c91333fce - - - - -] glance.valid_interfaces = ['internal', 'public'] log_opt_values /usr/lib/python3/dist-packages/oslo_config/cfg.py:2609
2025-01-30 00:38:38.077 134616 DEBUG oslo_service.service [req-9b0b04b2-3706-4307-809d-968c91333fce - - - - -] glance.verify_glance_signatures = False log_opt_values /usr/lib/python3/dist-packages/oslo_config/cfg.py:2609
2025-01-30 00:38:38.077 134616 DEBUG oslo_service.service [req-9b0b04b2-3706-4307-809d-968c91333fce - - - - -] glance.version = None log_opt_values /usr/lib/python3/dist-packages/oslo_config/cfg.py:2609
2025-01-30 00:38:38.078 134616 DEBUG oslo_service.service [req-9b0b04b2-3706-4307-809d-968c91333fce - - - - -] guestfs.debug = False log_opt_values /usr/lib/python3/dist-packages/oslo_config/cfg.py:2609
2025-01-30 00:38:38.078 134616 DEBUG oslo_service.service [req-9b0b04b2-3706-4307-809d-968c91333fce - - - - -] hyperv.config_drive_cdrom = False log_opt_values /usr/lib/python3/dist-packages/oslo_config/cfg.py:2609
2025-01-30 00:38:38.078 135521 DEBUG oslo_messaging._drivers.amqpdriver [-] AMQPListener connection timeout poll /usr/lib/python3/dist-packages/oslo_messaging/_drivers/amqpdriver.py:360
2025-01-30 00:38:38.078 134616 DEBUG oslo_service.service [req-9b0b04b2-3706-4307-809d-968c91333fce - - - - -] hyperv.config_drive_inject_password = False log_opt_values /usr/lib/python3/dist-packages/oslo_config/cfg.py:2609
2025-01-30 00:38:38.078 134616 DEBUG oslo_service.service [req-9b0b04b2-3706-4307-809d-968c91333fce - - - - -] hyperv.dynamic_memory_ratio = 1.0 log_opt_values /usr/lib/python3/dist-packages/oslo_config/cfg.py:2609
2025-01-30 00:38:38.079 134616 DEBUG oslo_service.service [req-9b0b04b2-3706-4307-809d-968c91333fce - - - - -] hyperv.enable_instance_metrics_collection = False log_opt_values /usr/lib/python3/dist-packages/oslo_config/cfg.py:2609
2025-01-30 00:38:38.079 135526 DEBUG oslo_messaging._drivers.amqpdriver [-] AMQPListener connection timeout poll /usr/lib/python3/dist-packages/oslo_messaging/_drivers/amqpdriver.py:360
2025-01-30 00:38:38.078 135521 DEBUG oslo_messaging._drivers.amqpdriver [-] Listener is running poll /usr/lib/python3/dist-packages/oslo_messaging/_drivers/amqpdriver.py:343
2025-01-30 00:38:38.079 135526 DEBUG oslo_messaging._drivers.amqpdriver [-] Listener is running poll /usr/lib/python3/dist-packages/oslo_messaging/_drivers/amqpdriver.py:343
2025-01-30 00:38:38.079 134616 DEBUG oslo_service.service [req-9b0b04b2-3706-4307-809d-968c91333fce - - - - -] hyperv.enable_remotefx = False log_opt_values /usr/lib/python3/dist-packages/oslo_config/cfg.py:2609
2025-01-30 00:38:38.079 135526 DEBUG oslo_messaging._drivers.amqpdriver [-] AMQPListener connection consume poll /usr/lib/python3/dist-packages/oslo_messaging/_drivers/amqpdriver.py:357
2025-01-30 00:38:38.079 135521 DEBUG oslo_messaging._drivers.amqpdriver [-] AMQPListener connection consume poll /usr/lib/python3/dist-packages/oslo_messaging/_drivers/amqpdriver.py:357
2025-01-30 00:38:38.079 134616 DEBUG oslo_service.service [req-9b0b04b2-3706-4307-809d-968c91333fce - - - - -] hyperv.instances_path_share = log_opt_values /usr/lib/python3/dist-packages/oslo_config/cfg.py:2609
2025-01-30 00:38:38.079 134616 DEBUG oslo_service.service [req-9b0b04b2-3706-4307-809d-968c91333fce - - - - -] hyperv.iscsi_initiator_list = [] log_opt_values /usr/lib/python3/dist-packages/oslo_config/cfg.py:2609
2025-01-30 00:38:38.080 134616 DEBUG oslo_service.service [req-9b0b04b2-3706-4307-809d-968c91333fce - - - - -] hyperv.limit_cpu_features = False log_opt_values /usr/lib/python3/dist-packages/oslo_config/cfg.py:2609
2025-01-30 00:38:38.080 134616 DEBUG oslo_service.service [req-9b0b04b2-3706-4307-809d-968c91333fce - - - - -] hyperv.mounted_disk_query_retry_count = 10 log_opt_values /usr/lib/python3/dist-packages/oslo_config/cfg.py:2609
2025-01-30 00:38:38.080 134616 DEBUG oslo_service.service [req-9b0b04b2-3706-4307-809d-968c91333fce - - - - -] hyperv.mounted_disk_query_retry_interval = 5 log_opt_values /usr/lib/python3/dist-packages/oslo_config/cfg.py:2609
2025-01-30 00:38:38.080 134616 DEBUG oslo_service.service [req-9b0b04b2-3706-4307-809d-968c91333fce - - - - -] hyperv.power_state_check_timeframe = 60 log_opt_values /usr/lib/python3/dist-packages/oslo_config/cfg.py:2609
2025-01-30 00:38:38.080 134616 DEBUG oslo_service.service [req-9b0b04b2-3706-4307-809d-968c91333fce - - - - -] hyperv.power_state_event_polling_interval = 2 log_opt_values /usr/lib/python3/dist-packages/oslo_config/cfg.py:2609
2025-01-30 00:38:38.080 134616 DEBUG oslo_service.service [req-9b0b04b2-3706-4307-809d-968c91333fce - - - - -] hyperv.qemu_img_cmd = qemu-img.exe log_opt_values /usr/lib/python3/dist-packages/oslo_config/cfg.py:2609
2025-01-30 00:38:38.081 134616 DEBUG oslo_service.service [req-9b0b04b2-3706-4307-809d-968c91333fce - - - - -] hyperv.use_multipath_io = False log_opt_values /usr/lib/python3/dist-packages/oslo_config/cfg.py:2609
2025-01-30 00:38:38.081 134616 DEBUG oslo_service.service [req-9b0b04b2-3706-4307-809d-968c91333fce - - - - -] hyperv.volume_attach_retry_count = 10 log_opt_values /usr/lib/python3/dist-packages/oslo_config/cfg.py:2609
2025-01-30 00:38:38.081 134616 DEBUG oslo_service.service [req-9b0b04b2-3706-4307-809d-968c91333fce - - - - -] hyperv.volume_attach_retry_interval = 5 log_opt_values /usr/lib/python3/dist-packages/oslo_config/cfg.py:2609
2025-01-30 00:38:38.081 134616 DEBUG oslo_service.service [req-9b0b04b2-3706-4307-809d-968c91333fce - - - - -] hyperv.vswitch_name = None log_opt_values /usr/lib/python3/dist-packages/oslo_config/cfg.py:2609
2025-01-30 00:38:38.081 134616 DEBUG oslo_service.service [req-9b0b04b2-3706-4307-809d-968c91333fce - - - - -] hyperv.wait_soft_reboot_seconds = 60 log_opt_values /usr/lib/python3/dist-packages/oslo_config/cfg.py:2609
2025-01-30 00:38:38.082 134616 DEBUG oslo_service.service [req-9b0b04b2-3706-4307-809d-968c91333fce - - - - -] mks.enabled = False log_opt_values /usr/lib/python3/dist-packages/oslo_config/cfg.py:2609
2025-01-30 00:38:38.082 134616 DEBUG oslo_service.service [req-9b0b04b2-3706-4307-809d-968c91333fce - - - - -] mks.mksproxy_base_url = http://127.0.0.1:6090/ log_opt_values /usr/lib/python3/dist-packages/oslo_config/cfg.py:2609
2025-01-30 00:38:38.082 134616 DEBUG oslo_service.service [req-9b0b04b2-3706-4307-809d-968c91333fce - - - - -] image_cache.manager_interval = 2400 log_opt_values /usr/lib/python3/dist-packages/oslo_config/cfg.py:2609
2025-01-30 00:38:38.083 134616 DEBUG oslo_service.service [req-9b0b04b2-3706-4307-809d-968c91333fce - - - - -] image_cache.precache_concurrency = 1 log_opt_values /usr/lib/python3/dist-packages/oslo_config/cfg.py:2609
2025-01-30 00:38:38.083 134616 DEBUG oslo_service.service [req-9b0b04b2-3706-4307-809d-968c91333fce - - - - -] image_cache.remove_unused_base_images = True log_opt_values /usr/lib/python3/dist-packages/oslo_config/cfg.py:2609
2025-01-30 00:38:38.083 134616 DEBUG oslo_service.service [req-9b0b04b2-3706-4307-809d-968c91333fce - - - - -] image_cache.remove_unused_original_minimum_age_seconds = 86400 log_opt_values /usr/lib/python3/dist-packages/oslo_config/cfg.py:2609
2025-01-30 00:38:38.083 134616 DEBUG oslo_service.service [req-9b0b04b2-3706-4307-809d-968c91333fce - - - - -] image_cache.remove_unused_resized_minimum_age_seconds = 3600 log_opt_values /usr/lib/python3/dist-packages/oslo_config/cfg.py:2609
2025-01-30 00:38:38.084 134616 DEBUG oslo_service.service [req-9b0b04b2-3706-4307-809d-968c91333fce - - - - -] image_cache.subdirectory_name = _base log_opt_values /usr/lib/python3/dist-packages/oslo_config/cfg.py:2609
2025-01-30 00:38:38.084 135527 DEBUG oslo_messaging._drivers.amqpdriver [-] Listener is running poll /usr/lib/python3/dist-packages/oslo_messaging/_drivers/amqpdriver.py:343
2025-01-30 00:38:38.084 135527 DEBUG oslo_messaging._drivers.amqpdriver [-] AMQPListener connection consume poll /usr/lib/python3/dist-packages/oslo_messaging/_drivers/amqpdriver.py:357
2025-01-30 00:38:38.084 134616 DEBUG oslo_service.service [req-9b0b04b2-3706-4307-809d-968c91333fce - - - - -] ironic.api_max_retries = 60 log_opt_values /usr/lib/python3/dist-packages/oslo_config/cfg.py:2609
2025-01-30 00:38:38.084 134616 DEBUG oslo_service.service [req-9b0b04b2-3706-4307-809d-968c91333fce - - - - -] ironic.api_retry_interval = 2 log_opt_values /usr/lib/python3/dist-packages/oslo_config/cfg.py:2609
2025-01-30 00:38:38.084 134616 DEBUG oslo_service.service [req-9b0b04b2-3706-4307-809d-968c91333fce - - - - -] ironic.auth_section = None log_opt_values /usr/lib/python3/dist-packages/oslo_config/cfg.py:2609
