2025-01-27 02:12:35.689 72449 DEBUG oslo_service.service [-] oslo_messaging_rabbit.rabbit_interval_max = 30 log_opt_values /usr/lib/python3/dist-packages/oslo_config/cfg.py:2609
2025-01-27 02:12:35.689 72449 DEBUG oslo_service.service [-] oslo_messaging_rabbit.rabbit_login_method = AMQPLAIN log_opt_values /usr/lib/python3/dist-packages/oslo_config/cfg.py:2609
2025-01-27 02:12:35.689 72449 DEBUG oslo_service.service [-] oslo_messaging_rabbit.rabbit_qos_prefetch_count = 0 log_opt_values /usr/lib/python3/dist-packages/oslo_config/cfg.py:2609
2025-01-27 02:12:35.689 72449 DEBUG oslo_service.service [-] oslo_messaging_rabbit.rabbit_quorum_queue = False log_opt_values /usr/lib/python3/dist-packages/oslo_config/cfg.py:2609
2025-01-27 02:12:35.689 72449 DEBUG oslo_service.service [-] oslo_messaging_rabbit.rabbit_retry_backoff = 2 log_opt_values /usr/lib/python3/dist-packages/oslo_config/cfg.py:2609
2025-01-27 02:12:35.689 72449 DEBUG oslo_service.service [-] oslo_messaging_rabbit.rabbit_retry_interval = 1 log_opt_values /usr/lib/python3/dist-packages/oslo_config/cfg.py:2609
2025-01-27 02:12:35.689 72449 DEBUG oslo_service.service [-] oslo_messaging_rabbit.rabbit_transient_queues_ttl = 1800 log_opt_values /usr/lib/python3/dist-packages/oslo_config/cfg.py:2609
2025-01-27 02:12:35.689 72449 DEBUG oslo_service.service [-] oslo_messaging_rabbit.rpc_conn_pool_size = 30 log_opt_values /usr/lib/python3/dist-packages/oslo_config/cfg.py:2609
2025-01-27 02:12:35.690 72449 DEBUG oslo_service.service [-] oslo_messaging_rabbit.ssl = False log_opt_values /usr/lib/python3/dist-packages/oslo_config/cfg.py:2609
2025-01-27 02:12:35.690 72449 DEBUG oslo_service.service [-] oslo_messaging_rabbit.ssl_ca_file = log_opt_values /usr/lib/python3/dist-packages/oslo_config/cfg.py:2609
2025-01-27 02:12:35.691 72449 DEBUG oslo_service.service [-] oslo_messaging_rabbit.ssl_cert_file = log_opt_values /usr/lib/python3/dist-packages/oslo_config/cfg.py:2609
2025-01-27 02:12:35.691 72449 DEBUG oslo_service.service [-] oslo_messaging_rabbit.ssl_key_file = log_opt_values /usr/lib/python3/dist-packages/oslo_config/cfg.py:2609
2025-01-27 02:12:35.691 72449 DEBUG oslo_service.service [-] oslo_messaging_rabbit.ssl_version = log_opt_values /usr/lib/python3/dist-packages/oslo_config/cfg.py:2609
2025-01-27 02:12:35.691 72681 INFO heat.engine.worker [-] Starting engine_worker (1.4) in engine 15fd6791-a380-4286-84db-fd2d68f2adea.
2025-01-27 02:12:35.691 72449 DEBUG oslo_service.service [-] oslo_messaging_notifications.driver = [] log_opt_values /usr/lib/python3/dist-packages/oslo_config/cfg.py:2609
2025-01-27 02:12:35.691 72449 DEBUG oslo_service.service [-] oslo_messaging_notifications.retry = -1 log_opt_values /usr/lib/python3/dist-packages/oslo_config/cfg.py:2609
2025-01-27 02:12:35.692 72449 DEBUG oslo_service.service [-] oslo_messaging_notifications.topics = ['notifications'] log_opt_values /usr/lib/python3/dist-packages/oslo_config/cfg.py:2609
2025-01-27 02:12:35.692 72449 DEBUG oslo_service.service [-] oslo_messaging_notifications.transport_url = **** log_opt_values /usr/lib/python3/dist-packages/oslo_config/cfg.py:2609
2025-01-27 02:12:35.692 72449 DEBUG oslo_service.service [-] cache.backend = dogpile.cache.null log_opt_values /usr/lib/python3/dist-packages/oslo_config/cfg.py:2609
2025-01-27 02:12:35.692 72449 DEBUG oslo_service.service [-] cache.backend_argument = **** log_opt_values /usr/lib/python3/dist-packages/oslo_config/cfg.py:2609
2025-01-27 02:12:35.692 72449 DEBUG oslo_service.service [-] cache.config_prefix = cache.oslo log_opt_values /usr/lib/python3/dist-packages/oslo_config/cfg.py:2609
2025-01-27 02:12:35.692 72449 DEBUG oslo_service.service [-] cache.debug_cache_backend = False log_opt_values /usr/lib/python3/dist-packages/oslo_config/cfg.py:2609
2025-01-27 02:12:35.693 72449 DEBUG oslo_service.service [-] cache.enabled = False log_opt_values /usr/lib/python3/dist-packages/oslo_config/cfg.py:2609
2025-01-27 02:12:35.693 72449 DEBUG oslo_service.service [-] cache.expiration_time = 600 log_opt_values /usr/lib/python3/dist-packages/oslo_config/cfg.py:2609
2025-01-27 02:12:35.693 72449 DEBUG oslo_service.service [-] cache.memcache_dead_retry = 300 log_opt_values /usr/lib/python3/dist-packages/oslo_config/cfg.py:2609
2025-01-27 02:12:35.693 72449 DEBUG oslo_service.service [-] cache.memcache_pool_connection_get_timeout = 10 log_opt_values /usr/lib/python3/dist-packages/oslo_config/cfg.py:2609
2025-01-27 02:12:35.694 72449 DEBUG oslo_service.service [-] cache.memcache_pool_flush_on_reconnect = False log_opt_values /usr/lib/python3/dist-packages/oslo_config/cfg.py:2609
2025-01-27 02:12:35.694 72449 DEBUG oslo_service.service [-] cache.memcache_pool_maxsize = 10 log_opt_values /usr/lib/python3/dist-packages/oslo_config/cfg.py:2609
2025-01-27 02:12:35.694 72449 DEBUG oslo_service.service [-] cache.memcache_pool_unused_timeout = 60 log_opt_values /usr/lib/python3/dist-packages/oslo_config/cfg.py:2609
2025-01-27 02:12:35.695 72449 DEBUG oslo_service.service [-] cache.memcache_servers = ['localhost:11211'] log_opt_values /usr/lib/python3/dist-packages/oslo_config/cfg.py:2609
2025-01-27 02:12:35.695 72449 DEBUG oslo_service.service [-] cache.memcache_socket_timeout = 1.0 log_opt_values /usr/lib/python3/dist-packages/oslo_config/cfg.py:2609
2025-01-27 02:12:35.695 72449 DEBUG oslo_service.service [-] cache.proxies = [] log_opt_values /usr/lib/python3/dist-packages/oslo_config/cfg.py:2609
2025-01-27 02:12:35.695 72449 DEBUG oslo_service.service [-] cache.tls_allowed_ciphers = None log_opt_values /usr/lib/python3/dist-packages/oslo_config/cfg.py:2609
2025-01-27 02:12:35.696 72449 DEBUG oslo_service.service [-] cache.tls_cafile = None log_opt_values /usr/lib/python3/dist-packages/oslo_config/cfg.py:2609
2025-01-27 02:12:35.696 72449 DEBUG oslo_service.service [-] cache.tls_certfile = None log_opt_values /usr/lib/python3/dist-packages/oslo_config/cfg.py:2609
2025-01-27 02:12:35.697 72449 DEBUG oslo_service.service [-] cache.tls_enabled = False log_opt_values /usr/lib/python3/dist-packages/oslo_config/cfg.py:2609
2025-01-27 02:12:35.697 72449 DEBUG oslo_service.service [-] cache.tls_keyfile = None log_opt_values /usr/lib/python3/dist-packages/oslo_config/cfg.py:2609
2025-01-27 02:12:35.697 72449 DEBUG oslo_service.service [-] constraint_validation_cache.caching = True log_opt_values /usr/lib/python3/dist-packages/oslo_config/cfg.py:2609
2025-01-27 02:12:35.697 72449 DEBUG oslo_service.service [-] constraint_validation_cache.expiration_time = 60 log_opt_values /usr/lib/python3/dist-packages/oslo_config/cfg.py:2609
2025-01-27 02:12:35.697 72449 DEBUG oslo_service.service [-] service_extension_cache.caching = True log_opt_values /usr/lib/python3/dist-packages/oslo_config/cfg.py:2609
2025-01-27 02:12:35.697 72449 DEBUG oslo_service.service [-] service_extension_cache.expiration_time = 3600 log_opt_values /usr/lib/python3/dist-packages/oslo_config/cfg.py:2609
2025-01-27 02:12:35.698 72449 DEBUG oslo_service.service [-] resource_finder_cache.caching = True log_opt_values /usr/lib/python3/dist-packages/oslo_config/cfg.py:2609
2025-01-27 02:12:35.698 72449 DEBUG oslo_service.service [-] resource_finder_cache.expiration_time = 3600 log_opt_values /usr/lib/python3/dist-packages/oslo_config/cfg.py:2609
2025-01-27 02:12:35.698 72449 DEBUG oslo_service.service [-] yaql.limit_iterators = 200 log_opt_values /usr/lib/python3/dist-packages/oslo_config/cfg.py:2609
2025-01-27 02:12:35.699 72449 DEBUG oslo_service.service [-] yaql.memory_quota = 10000 log_opt_values /usr/lib/python3/dist-packages/oslo_config/cfg.py:2609
2025-01-27 02:12:35.699 72449 DEBUG oslo_service.service [-] ******************************************************************************** log_opt_values /usr/lib/python3/dist-packages/oslo_config/cfg.py:2613
2025-01-27 02:12:35.701 72682 INFO heat.engine.worker [-] Starting engine_worker (1.4) in engine fb257eb2-d2ea-4931-8912-2db61d53eb2f.
2025-01-27 02:12:35.756 72679 DEBUG oslo_db.sqlalchemy.engines [req-92f72cd6-b437-46ef-a7fd-2b0e928eab3a - - - - -] MySQL server mode set to STRICT_TRANS_TABLES,STRICT_ALL_TABLES,NO_ZERO_IN_DATE,NO_ZERO_DATE,ERROR_FOR_DIVISION_BY_ZERO,TRADITIONAL,NO_ENGINE_SUBSTITUTION _check_effective_sql_mode /usr/lib/python3/dist-packages/oslo_db/sqlalchemy/engines.py:314
2025-01-27 02:12:35.777 72680 DEBUG oslo_db.sqlalchemy.engines [req-fb9b3d3a-8be2-4f9a-b210-541a596b4833 - - - - -] MySQL server mode set to STRICT_TRANS_TABLES,STRICT_ALL_TABLES,NO_ZERO_IN_DATE,NO_ZERO_DATE,ERROR_FOR_DIVISION_BY_ZERO,TRADITIONAL,NO_ENGINE_SUBSTITUTION _check_effective_sql_mode /usr/lib/python3/dist-packages/oslo_db/sqlalchemy/engines.py:314
2025-01-27 02:12:35.776 72681 DEBUG oslo_db.sqlalchemy.engines [req-cdb93b64-5699-4a22-9c94-0413001c6107 - - - - -] MySQL server mode set to STRICT_TRANS_TABLES,STRICT_ALL_TABLES,NO_ZERO_IN_DATE,NO_ZERO_DATE,ERROR_FOR_DIVISION_BY_ZERO,TRADITIONAL,NO_ENGINE_SUBSTITUTION _check_effective_sql_mode /usr/lib/python3/dist-packages/oslo_db/sqlalchemy/engines.py:314
2025-01-27 02:12:35.780 72682 DEBUG oslo_db.sqlalchemy.engines [req-5bb19b69-b405-4c5f-83e2-04b4c81ab2d1 - - - - -] MySQL server mode set to STRICT_TRANS_TABLES,STRICT_ALL_TABLES,NO_ZERO_IN_DATE,NO_ZERO_DATE,ERROR_FOR_DIVISION_BY_ZERO,TRADITIONAL,NO_ENGINE_SUBSTITUTION _check_effective_sql_mode /usr/lib/python3/dist-packages/oslo_db/sqlalchemy/engines.py:314
2025-01-27 02:12:35.826 72680 DEBUG heat.engine.service [req-fb9b3d3a-8be2-4f9a-b210-541a596b4833 - - - - -] Service 16f20194-c920-41df-9d30-b1aa7476f6a6 was aborted service_manage_cleanup /usr/lib/python3/dist-packages/heat/engine/service.py:2391
2025-01-27 02:12:35.830 72679 DEBUG heat.engine.service [req-92f72cd6-b437-46ef-a7fd-2b0e928eab3a - - - - -] Service 16f20194-c920-41df-9d30-b1aa7476f6a6 was aborted service_manage_cleanup /usr/lib/python3/dist-packages/heat/engine/service.py:2391
2025-01-27 02:12:35.833 72682 DEBUG heat.engine.service [req-5bb19b69-b405-4c5f-83e2-04b4c81ab2d1 - - - - -] Service 16f20194-c920-41df-9d30-b1aa7476f6a6 was aborted service_manage_cleanup /usr/lib/python3/dist-packages/heat/engine/service.py:2391
2025-01-27 02:12:35.839 72681 DEBUG heat.engine.service [req-cdb93b64-5699-4a22-9c94-0413001c6107 - - - - -] Service 16f20194-c920-41df-9d30-b1aa7476f6a6 was aborted service_manage_cleanup /usr/lib/python3/dist-packages/heat/engine/service.py:2391
2025-01-27 02:12:35.845 72680 DEBUG heat.engine.service [req-fb9b3d3a-8be2-4f9a-b210-541a596b4833 - - - - -] Service 1e851f10-1d1c-4196-96ec-5690ea02ede0 was aborted service_manage_cleanup /usr/lib/python3/dist-packages/heat/engine/service.py:2391
2025-01-27 02:12:35.846 72679 DEBUG heat.engine.service [req-92f72cd6-b437-46ef-a7fd-2b0e928eab3a - - - - -] Service 1e851f10-1d1c-4196-96ec-5690ea02ede0 was aborted service_manage_cleanup /usr/lib/python3/dist-packages/heat/engine/service.py:2391
2025-01-27 02:12:35.848 72682 DEBUG heat.engine.service [req-5bb19b69-b405-4c5f-83e2-04b4c81ab2d1 - - - - -] Service 1e851f10-1d1c-4196-96ec-5690ea02ede0 was aborted service_manage_cleanup /usr/lib/python3/dist-packages/heat/engine/service.py:2391
2025-01-27 02:12:35.849 72681 DEBUG heat.engine.service [req-cdb93b64-5699-4a22-9c94-0413001c6107 - - - - -] Service 1e851f10-1d1c-4196-96ec-5690ea02ede0 was aborted service_manage_cleanup /usr/lib/python3/dist-packages/heat/engine/service.py:2391
2025-01-27 02:12:35.859 72680 DEBUG heat.engine.service [req-fb9b3d3a-8be2-4f9a-b210-541a596b4833 - - - - -] Service 24b8936b-0b8d-475f-afb4-0c53cbbeb3d4 was aborted service_manage_cleanup /usr/lib/python3/dist-packages/heat/engine/service.py:2391
2025-01-27 02:12:35.859 72679 DEBUG heat.engine.service [req-92f72cd6-b437-46ef-a7fd-2b0e928eab3a - - - - -] Service 24b8936b-0b8d-475f-afb4-0c53cbbeb3d4 was aborted service_manage_cleanup /usr/lib/python3/dist-packages/heat/engine/service.py:2391
2025-01-27 02:12:35.860 72682 DEBUG heat.engine.service [req-5bb19b69-b405-4c5f-83e2-04b4c81ab2d1 - - - - -] Service 24b8936b-0b8d-475f-afb4-0c53cbbeb3d4 was aborted service_manage_cleanup /usr/lib/python3/dist-packages/heat/engine/service.py:2391
2025-01-27 02:12:35.861 72681 DEBUG heat.engine.service [req-cdb93b64-5699-4a22-9c94-0413001c6107 - - - - -] Service 24b8936b-0b8d-475f-afb4-0c53cbbeb3d4 was aborted service_manage_cleanup /usr/lib/python3/dist-packages/heat/engine/service.py:2391
2025-01-27 02:12:35.872 72680 DEBUG heat.engine.service [req-fb9b3d3a-8be2-4f9a-b210-541a596b4833 - - - - -] Service 297ab671-5702-49b0-be7f-a78ddee0c5a9 was aborted service_manage_cleanup /usr/lib/python3/dist-packages/heat/engine/service.py:2391
2025-01-27 02:12:35.873 72679 DEBUG heat.engine.service [req-92f72cd6-b437-46ef-a7fd-2b0e928eab3a - - - - -] Service 297ab671-5702-49b0-be7f-a78ddee0c5a9 was aborted service_manage_cleanup /usr/lib/python3/dist-packages/heat/engine/service.py:2391
2025-01-27 02:12:35.874 72682 DEBUG heat.engine.service [req-5bb19b69-b405-4c5f-83e2-04b4c81ab2d1 - - - - -] Service 297ab671-5702-49b0-be7f-a78ddee0c5a9 was aborted service_manage_cleanup /usr/lib/python3/dist-packages/heat/engine/service.py:2391
2025-01-27 02:12:35.875 72681 DEBUG heat.engine.service [req-cdb93b64-5699-4a22-9c94-0413001c6107 - - - - -] Service 297ab671-5702-49b0-be7f-a78ddee0c5a9 was aborted service_manage_cleanup /usr/lib/python3/dist-packages/heat/engine/service.py:2391
2025-01-27 02:12:35.889 72680 DEBUG heat.engine.service [req-fb9b3d3a-8be2-4f9a-b210-541a596b4833 - - - - -] Service 3fede6ee-4c56-420d-b036-52de5de3b697 was aborted service_manage_cleanup /usr/lib/python3/dist-packages/heat/engine/service.py:2391
2025-01-27 02:12:35.890 72682 DEBUG heat.engine.service [req-5bb19b69-b405-4c5f-83e2-04b4c81ab2d1 - - - - -] Service 3fede6ee-4c56-420d-b036-52de5de3b697 was aborted service_manage_cleanup /usr/lib/python3/dist-packages/heat/engine/service.py:2391
2025-01-27 02:12:35.890 72681 DEBUG heat.engine.service [req-cdb93b64-5699-4a22-9c94-0413001c6107 - - - - -] Service 3fede6ee-4c56-420d-b036-52de5de3b697 was aborted service_manage_cleanup /usr/lib/python3/dist-packages/heat/engine/service.py:2391
2025-01-27 02:12:35.895 72679 DEBUG heat.engine.service [req-92f72cd6-b437-46ef-a7fd-2b0e928eab3a - - - - -] Service 3fede6ee-4c56-420d-b036-52de5de3b697 was aborted service_manage_cleanup /usr/lib/python3/dist-packages/heat/engine/service.py:2391
2025-01-27 02:12:35.903 72680 DEBUG heat.engine.service [req-fb9b3d3a-8be2-4f9a-b210-541a596b4833 - - - - -] Service 5b844aff-b33d-4cd6-95fa-23b7989466a4 was aborted service_manage_cleanup /usr/lib/python3/dist-packages/heat/engine/service.py:2391
2025-01-27 02:12:35.904 72681 DEBUG heat.engine.service [req-cdb93b64-5699-4a22-9c94-0413001c6107 - - - - -] Service 5b844aff-b33d-4cd6-95fa-23b7989466a4 was aborted service_manage_cleanup /usr/lib/python3/dist-packages/heat/engine/service.py:2391
2025-01-27 02:12:35.904 72682 DEBUG heat.engine.service [req-5bb19b69-b405-4c5f-83e2-04b4c81ab2d1 - - - - -] Service 5b844aff-b33d-4cd6-95fa-23b7989466a4 was aborted service_manage_cleanup /usr/lib/python3/dist-packages/heat/engine/service.py:2391
2025-01-27 02:12:35.907 72679 DEBUG heat.engine.service [req-92f72cd6-b437-46ef-a7fd-2b0e928eab3a - - - - -] Service 5b844aff-b33d-4cd6-95fa-23b7989466a4 was aborted service_manage_cleanup /usr/lib/python3/dist-packages/heat/engine/service.py:2391
2025-01-27 02:12:35.915 72680 DEBUG heat.engine.service [req-fb9b3d3a-8be2-4f9a-b210-541a596b4833 - - - - -] Service 6df19fb0-f78d-4186-bd12-324570371c57 was aborted service_manage_cleanup /usr/lib/python3/dist-packages/heat/engine/service.py:2391
2025-01-27 02:12:35.915 72681 DEBUG heat.engine.service [req-cdb93b64-5699-4a22-9c94-0413001c6107 - - - - -] Service 6df19fb0-f78d-4186-bd12-324570371c57 was aborted service_manage_cleanup /usr/lib/python3/dist-packages/heat/engine/service.py:2391
2025-01-27 02:12:35.916 72682 DEBUG heat.engine.service [req-5bb19b69-b405-4c5f-83e2-04b4c81ab2d1 - - - - -] Service 6df19fb0-f78d-4186-bd12-324570371c57 was aborted service_manage_cleanup /usr/lib/python3/dist-packages/heat/engine/service.py:2391
2025-01-27 02:12:35.919 72679 DEBUG heat.engine.service [req-92f72cd6-b437-46ef-a7fd-2b0e928eab3a - - - - -] Service 6df19fb0-f78d-4186-bd12-324570371c57 was aborted service_manage_cleanup /usr/lib/python3/dist-packages/heat/engine/service.py:2391
2025-01-27 02:12:35.928 72681 DEBUG heat.engine.service [req-cdb93b64-5699-4a22-9c94-0413001c6107 - - - - -] Service 6e44056f-abc3-43c6-9513-cbe26de4f4a0 was aborted service_manage_cleanup /usr/lib/python3/dist-packages/heat/engine/service.py:2391
2025-01-27 02:12:35.930 72680 DEBUG heat.engine.service [req-fb9b3d3a-8be2-4f9a-b210-541a596b4833 - - - - -] Service 6e44056f-abc3-43c6-9513-cbe26de4f4a0 was aborted service_manage_cleanup /usr/lib/python3/dist-packages/heat/engine/service.py:2391
2025-01-27 02:12:35.930 72682 DEBUG heat.engine.service [req-5bb19b69-b405-4c5f-83e2-04b4c81ab2d1 - - - - -] Service 6e44056f-abc3-43c6-9513-cbe26de4f4a0 was aborted service_manage_cleanup /usr/lib/python3/dist-packages/heat/engine/service.py:2391
2025-01-27 02:12:35.931 72679 DEBUG heat.engine.service [req-92f72cd6-b437-46ef-a7fd-2b0e928eab3a - - - - -] Service 6e44056f-abc3-43c6-9513-cbe26de4f4a0 was aborted service_manage_cleanup /usr/lib/python3/dist-packages/heat/engine/service.py:2391
2025-01-27 02:12:35.940 72681 DEBUG heat.engine.service [req-cdb93b64-5699-4a22-9c94-0413001c6107 - - - - -] Service 858effa2-5261-467c-9fc1-b4db945b0d1e was aborted service_manage_cleanup /usr/lib/python3/dist-packages/heat/engine/service.py:2391
2025-01-27 02:12:35.941 72682 DEBUG heat.engine.service [req-5bb19b69-b405-4c5f-83e2-04b4c81ab2d1 - - - - -] Service 858effa2-5261-467c-9fc1-b4db945b0d1e was aborted service_manage_cleanup /usr/lib/python3/dist-packages/heat/engine/service.py:2391
2025-01-27 02:12:35.942 72679 DEBUG heat.engine.service [req-92f72cd6-b437-46ef-a7fd-2b0e928eab3a - - - - -] Service 858effa2-5261-467c-9fc1-b4db945b0d1e was aborted service_manage_cleanup /usr/lib/python3/dist-packages/heat/engine/service.py:2391
2025-01-27 02:12:35.943 72680 DEBUG heat.engine.service [req-fb9b3d3a-8be2-4f9a-b210-541a596b4833 - - - - -] Service 858effa2-5261-467c-9fc1-b4db945b0d1e was aborted service_manage_cleanup /usr/lib/python3/dist-packages/heat/engine/service.py:2391
2025-01-27 02:12:35.954 72681 DEBUG heat.engine.service [req-cdb93b64-5699-4a22-9c94-0413001c6107 - - - - -] Service 8bf9f873-8a03-4d21-a401-0961a2dfed3d was aborted service_manage_cleanup /usr/lib/python3/dist-packages/heat/engine/service.py:2391
2025-01-27 02:12:35.954 72682 DEBUG heat.engine.service [req-5bb19b69-b405-4c5f-83e2-04b4c81ab2d1 - - - - -] Service 8bf9f873-8a03-4d21-a401-0961a2dfed3d was aborted service_manage_cleanup /usr/lib/python3/dist-packages/heat/engine/service.py:2391
2025-01-27 02:12:35.955 72679 DEBUG heat.engine.service [req-92f72cd6-b437-46ef-a7fd-2b0e928eab3a - - - - -] Service 8bf9f873-8a03-4d21-a401-0961a2dfed3d was aborted service_manage_cleanup /usr/lib/python3/dist-packages/heat/engine/service.py:2391
2025-01-27 02:12:35.958 72680 DEBUG heat.engine.service [req-fb9b3d3a-8be2-4f9a-b210-541a596b4833 - - - - -] Service 8bf9f873-8a03-4d21-a401-0961a2dfed3d was aborted service_manage_cleanup /usr/lib/python3/dist-packages/heat/engine/service.py:2391
2025-01-27 02:12:35.977 72681 DEBUG heat.engine.service [req-cdb93b64-5699-4a22-9c94-0413001c6107 - - - - -] Service 97ef8313-b1b0-442e-a1a3-e5361b551f8a was aborted service_manage_cleanup /usr/lib/python3/dist-packages/heat/engine/service.py:2391
2025-01-27 02:12:35.982 72682 DEBUG heat.engine.service [req-5bb19b69-b405-4c5f-83e2-04b4c81ab2d1 - - - - -] Service 97ef8313-b1b0-442e-a1a3-e5361b551f8a was aborted service_manage_cleanup /usr/lib/python3/dist-packages/heat/engine/service.py:2391
2025-01-27 02:12:35.982 72680 DEBUG heat.engine.service [req-fb9b3d3a-8be2-4f9a-b210-541a596b4833 - - - - -] Service 97ef8313-b1b0-442e-a1a3-e5361b551f8a was aborted service_manage_cleanup /usr/lib/python3/dist-packages/heat/engine/service.py:2391
2025-01-27 02:12:35.983 72679 DEBUG heat.engine.service [req-92f72cd6-b437-46ef-a7fd-2b0e928eab3a - - - - -] Service 97ef8313-b1b0-442e-a1a3-e5361b551f8a was aborted service_manage_cleanup /usr/lib/python3/dist-packages/heat/engine/service.py:2391
2025-01-27 02:12:35.989 72681 DEBUG heat.engine.service [req-cdb93b64-5699-4a22-9c94-0413001c6107 - - - - -] Service cddba402-1f9e-47a8-a50f-9220ea69bc68 was aborted service_manage_cleanup /usr/lib/python3/dist-packages/heat/engine/service.py:2391
2025-01-27 02:12:35.989 72682 DEBUG heat.engine.service [req-5bb19b69-b405-4c5f-83e2-04b4c81ab2d1 - - - - -] Service cddba402-1f9e-47a8-a50f-9220ea69bc68 was aborted service_manage_cleanup /usr/lib/python3/dist-packages/heat/engine/service.py:2391
2025-01-27 02:12:35.990 72680 DEBUG heat.engine.service [req-fb9b3d3a-8be2-4f9a-b210-541a596b4833 - - - - -] Service cddba402-1f9e-47a8-a50f-9220ea69bc68 was aborted service_manage_cleanup /usr/lib/python3/dist-packages/heat/engine/service.py:2391
2025-01-27 02:12:35.994 72679 DEBUG heat.engine.service [req-92f72cd6-b437-46ef-a7fd-2b0e928eab3a - - - - -] Service cddba402-1f9e-47a8-a50f-9220ea69bc68 was aborted service_manage_cleanup /usr/lib/python3/dist-packages/heat/engine/service.py:2391
2025-01-27 02:12:36.022 72681 DEBUG heat.engine.service [req-1894ac26-b353-4289-816a-613d114782bf - - - - -] Service 6d2da990-f660-41bc-a9f4-7ed60185eb2c is started service_manage_report /usr/lib/python3/dist-packages/heat/engine/service.py:2363
2025-01-27 02:12:36.026 72680 DEBUG heat.engine.service [req-7422cc6a-234c-4e9f-8396-f347b9ea06d8 - - - - -] Service 41f5dfd8-c214-4685-85f9-11aa21fba16f is started service_manage_report /usr/lib/python3/dist-packages/heat/engine/service.py:2363
2025-01-27 02:12:36.026 72682 DEBUG heat.engine.service [req-d9deb1c2-2645-43d0-80c9-c01e5d2d5772 - - - - -] Service aa9ea638-cfb9-4388-a2b4-9c9d40b3cf77 is started service_manage_report /usr/lib/python3/dist-packages/heat/engine/service.py:2363
2025-01-27 02:12:36.035 72679 DEBUG heat.engine.service [req-3e27d330-0fae-411b-92e5-6ebe5fab5730 - - - - -] Service 1f42622a-5f5a-4a39-89e7-f7c09a69f8ac is started service_manage_report /usr/lib/python3/dist-packages/heat/engine/service.py:2363
2025-01-27 02:12:36.057 72681 DEBUG heat.engine.service [req-1894ac26-b353-4289-816a-613d114782bf - - - - -] Service 6d2da990-f660-41bc-a9f4-7ed60185eb2c is updated service_manage_report /usr/lib/python3/dist-packages/heat/engine/service.py:2370
2025-01-27 02:12:36.069 72682 DEBUG heat.engine.service [req-d9deb1c2-2645-43d0-80c9-c01e5d2d5772 - - - - -] Service aa9ea638-cfb9-4388-a2b4-9c9d40b3cf77 is updated service_manage_report /usr/lib/python3/dist-packages/heat/engine/service.py:2370
2025-01-27 02:12:36.070 72680 DEBUG heat.engine.service [req-7422cc6a-234c-4e9f-8396-f347b9ea06d8 - - - - -] Service 41f5dfd8-c214-4685-85f9-11aa21fba16f is updated service_manage_report /usr/lib/python3/dist-packages/heat/engine/service.py:2370
2025-01-27 02:12:36.075 72679 DEBUG heat.engine.service [req-3e27d330-0fae-411b-92e5-6ebe5fab5730 - - - - -] Service 1f42622a-5f5a-4a39-89e7-f7c09a69f8ac is updated service_manage_report /usr/lib/python3/dist-packages/heat/engine/service.py:2370
2025-01-27 02:13:36.023 72679 DEBUG heat.engine.service [req-c73d86eb-bdff-4264-8a7c-7528b44be057 - - - - -] Service 1f42622a-5f5a-4a39-89e7-f7c09a69f8ac is updated service_manage_report /usr/lib/python3/dist-packages/heat/engine/service.py:2370
2025-01-27 02:13:36.026 72681 DEBUG heat.engine.service [req-4a185482-de2a-4256-8d82-18fa1abf23f1 - - - - -] Service 6d2da990-f660-41bc-a9f4-7ed60185eb2c is updated service_manage_report /usr/lib/python3/dist-packages/heat/engine/service.py:2370
2025-01-27 02:13:36.026 72680 DEBUG heat.engine.service [req-99c1f376-d0b5-4fde-ae7e-41157b19e542 - - - - -] Service 41f5dfd8-c214-4685-85f9-11aa21fba16f is updated service_manage_report /usr/lib/python3/dist-packages/heat/engine/service.py:2370
2025-01-27 02:13:36.026 72682 DEBUG heat.engine.service [req-feb662eb-495f-4d04-82ba-01744de0245f - - - - -] Service aa9ea638-cfb9-4388-a2b4-9c9d40b3cf77 is updated service_manage_report /usr/lib/python3/dist-packages/heat/engine/service.py:2370
2025-01-27 02:13:48.257 72680 DEBUG heat.engine.service [-] Attempting to stop engine service... _stop_rpc_server /usr/lib/python3/dist-packages/heat/engine/service.py:437
2025-01-27 02:13:48.257 72682 DEBUG heat.engine.service [-] Attempting to stop engine service... _stop_rpc_server /usr/lib/python3/dist-packages/heat/engine/service.py:437
2025-01-27 02:13:48.257 72679 DEBUG heat.engine.service [-] Attempting to stop engine service... _stop_rpc_server /usr/lib/python3/dist-packages/heat/engine/service.py:437
2025-01-27 02:13:48.257 72681 DEBUG heat.engine.service [-] Attempting to stop engine service... _stop_rpc_server /usr/lib/python3/dist-packages/heat/engine/service.py:437
2025-01-27 02:13:48.268 72449 INFO oslo_service.service [-] Caught SIGTERM, stopping children
2025-01-27 02:13:48.268 72449 DEBUG oslo_concurrency.lockutils [-] Acquired lock "singleton_lock" lock /usr/lib/python3/dist-packages/oslo_concurrency/lockutils.py:294
2025-01-27 02:13:48.268 72449 DEBUG oslo_concurrency.lockutils [-] Releasing lock "singleton_lock" lock /usr/lib/python3/dist-packages/oslo_concurrency/lockutils.py:312
2025-01-27 02:13:48.268 72449 DEBUG oslo_service.service [-] Stop services. stop /usr/lib/python3/dist-packages/oslo_service/service.py:695
2025-01-27 02:13:48.269 72449 INFO heat.engine.service [-] All threads were gone, terminating engine
2025-01-27 02:13:48.269 72449 DEBUG oslo_service.service [-] Killing children. stop /usr/lib/python3/dist-packages/oslo_service/service.py:700
2025-01-27 02:13:48.290 72449 INFO oslo_service.service [-] Waiting on 4 children to exit
2025-01-27 02:13:48.291 72449 INFO oslo_service.service [-] Child 72679 killed by signal 15
2025-01-27 02:13:48.291 72449 INFO oslo_service.service [-] Child 72680 killed by signal 15
2025-01-27 02:13:48.291 72449 INFO oslo_service.service [-] Child 72681 killed by signal 15
2025-01-27 02:13:48.302 72449 INFO oslo_service.service [-] Child 72682 killed by signal 15
2025-01-27 02:13:50.223 74051 DEBUG oslo_concurrency.lockutils [-] Lock "context-manager" acquired by "neutron_lib.db.api._create_context_manager" :: waited 0.000s inner /usr/lib/python3/dist-packages/oslo_concurrency/lockutils.py:386
2025-01-27 02:13:50.224 74051 DEBUG oslo_concurrency.lockutils [-] Lock "context-manager" "released" by "neutron_lib.db.api._create_context_manager" :: held 0.000s inner /usr/lib/python3/dist-packages/oslo_concurrency/lockutils.py:400
2025-01-27 02:13:52.524 74051 WARNING heat.engine.environment [-] OS::Aodh::Alarm is DEPRECATED. Theshold alarm relies on ceilometer-api and has been deprecated in aodh since Ocata. Use OS::Aodh::GnocchiAggregationByResourcesAlarm instead.
2025-01-27 02:13:52.525 74051 WARNING heat.engine.environment [-] OS::Aodh::CombinationAlarm is HIDDEN. OS::Aodh::CombinationAlarm is deprecated and has been removed from Aodh, use OS::Aodh::CompositeAlarm instead.
2025-01-27 02:13:52.526 74051 WARNING heat.engine.environment [-] OS::Designate::Domain is HIDDEN. This resource has been removed, use OS::Designate::Zone instead.
2025-01-27 02:13:52.526 74051 WARNING heat.engine.environment [-] OS::Designate::Record is HIDDEN. This resource has been removed, use OS::Designate::RecordSet instead.
2025-01-27 02:13:52.526 74051 WARNING heat.engine.environment [-] OS::Glance::Image is DEPRECATED. Creating a Glance Image based on an existing URL location requires the Glance v1 API, which is deprecated.
2025-01-27 02:13:52.526 74051 WARNING heat.engine.environment [-] OS::Heat::HARestarter is HIDDEN. The HARestarter resource type has been removed. Existing stacks containing HARestarter resources can still be used, but the HARestarter resource will be a placeholder that does nothing.
2025-01-27 02:13:52.527 74051 WARNING heat.engine.environment [-] OS::Heat::SoftwareDeployments is HIDDEN. Please use OS::Heat::SoftwareDeploymentGroup instead.
2025-01-27 02:13:52.527 74051 WARNING heat.engine.environment [-] OS::Heat::StructuredDeployments is HIDDEN. Please use OS::Heat::StructuredDeploymentGroup instead.
2025-01-27 02:13:52.527 74051 WARNING heat.engine.environment [-] OS::Magnum::Bay is HIDDEN. Please use OS::Magnum::Cluster instead.
2025-01-27 02:13:52.527 74051 WARNING heat.engine.environment [-] OS::Magnum::BayModel is HIDDEN. Please use OS::Magnum::ClusterTemplate instead.
2025-01-27 02:13:52.527 74051 WARNING heat.engine.environment [-] OS::Neutron::ExtraRoute is UNSUPPORTED. Use this resource at your own risk.
2025-01-27 02:13:52.528 74051 WARNING heat.engine.environment [-] OS::Neutron::HealthMonitor is HIDDEN. Use LBaaS V2 instead.
2025-01-27 02:13:52.528 74051 WARNING heat.engine.environment [-] OS::Neutron::Pool is HIDDEN. Use LBaaS V2 instead.
2025-01-27 02:13:52.528 74051 WARNING heat.engine.environment [-] OS::Neutron::PoolMember is HIDDEN. Use LBaaS V2 instead.
2025-01-27 02:13:52.528 74051 WARNING heat.engine.environment [-] OS::Neutron::LoadBalancer is HIDDEN. Use LBaaS V2 instead.
2025-01-27 02:13:52.528 74051 WARNING heat.engine.environment [-] OS::Neutron::RouterGateway is HIDDEN. Use the `external_gateway_info` property in the router resource to set up the gateway.
2025-01-27 02:13:52.529 74051 WARNING heat.engine.environment [-] OS::Nova::FloatingIP is HIDDEN. Please use OS::Neutron::FloatingIP instead.
2025-01-27 02:13:52.529 74051 WARNING heat.engine.environment [-] OS::Nova::FloatingIPAssociation is HIDDEN. Please use OS::Neutron::FloatingIPAssociation instead.
2025-01-27 02:13:52.531 74051 INFO heat.engine.environment [-] Loading /etc/heat/environment.d/default.yaml
2025-01-27 02:13:52.533 74051 INFO heat.engine.environment [-] Registered: [Plugin](User:False) AWS::AutoScaling::AutoScalingGroup ->
2025-01-27 02:13:52.533 74051 INFO heat.engine.environment [-] Registered: [Plugin](User:False) AWS::AutoScaling::LaunchConfiguration ->
2025-01-27 02:13:52.533 74051 INFO heat.engine.environment [-] Registered: [Plugin](User:False) AWS::AutoScaling::ScalingPolicy ->
2025-01-27 02:13:52.533 74051 INFO heat.engine.environment [-] Registered: [Plugin](User:False) AWS::CloudFormation::Stack ->
2025-01-27 02:13:52.533 74051 INFO heat.engine.environment [-] Registered: [Plugin](User:False) AWS::CloudFormation::WaitCondition ->
2025-01-27 02:13:52.534 74051 INFO heat.engine.environment [-] Registered: [Plugin](User:False) AWS::CloudFormation::WaitConditionHandle ->
2025-01-27 02:13:52.534 74051 INFO heat.engine.environment [-] Registered: [Plugin](User:False) AWS::EC2::EIP ->
2025-01-27 02:13:52.534 74051 INFO heat.engine.environment [-] Registered: [Plugin](User:False) AWS::EC2::EIPAssociation ->
2025-01-27 02:13:52.534 74051 INFO heat.engine.environment [-] Registered: [Plugin](User:False) AWS::EC2::Instance ->
2025-01-27 02:13:52.534 74051 INFO heat.engine.environment [-] Registered: [Plugin](User:False) AWS::EC2::InternetGateway ->
2025-01-27 02:13:52.534 74051 INFO heat.engine.environment [-] Registered: [Plugin](User:False) AWS::EC2::VPCGatewayAttachment ->
2025-01-27 02:13:52.534 74051 INFO heat.engine.environment [-] Registered: [Plugin](User:False) AWS::EC2::NetworkInterface ->
2025-01-27 02:13:52.534 74051 INFO heat.engine.environment [-] Registered: [Plugin](User:False) AWS::EC2::RouteTable ->
2025-01-27 02:13:52.534 74051 INFO heat.engine.environment [-] Registered: [Plugin](User:False) AWS::EC2::SubnetRouteTableAssociation ->
2025-01-27 02:13:52.535 74051 INFO heat.engine.environment [-] Registered: [Plugin](User:False) AWS::EC2::SecurityGroup ->
2025-01-27 02:13:52.535 74051 INFO heat.engine.environment [-] Registered: [Plugin](User:False) AWS::EC2::Subnet ->
2025-01-27 02:13:52.535 74051 INFO heat.engine.environment [-] Registered: [Plugin](User:False) AWS::EC2::Volume ->
2025-01-27 02:13:52.535 74051 INFO heat.engine.environment [-] Registered: [Plugin](User:False) AWS::EC2::VolumeAttachment ->
2025-01-27 02:13:52.535 74051 INFO heat.engine.environment [-] Registered: [Plugin](User:False) AWS::EC2::VPC ->
2025-01-27 02:13:52.535 74051 INFO heat.engine.environment [-] Registered: [Plugin](User:False) AWS::IAM::User ->
2025-01-27 02:13:52.535 74051 INFO heat.engine.environment [-] Registered: [Plugin](User:False) AWS::IAM::AccessKey ->
2025-01-27 02:13:52.535 74051 INFO heat.engine.environment [-] Registered: [Plugin](User:False) AWS::ElasticLoadBalancing::LoadBalancer ->
2025-01-27 02:13:52.535 74051 INFO heat.engine.environment [-] Registered: [Plugin](User:False) AWS::S3::Bucket ->
2025-01-27 02:13:52.535 74051 INFO heat.engine.environment [-] Registered: [Plugin](User:False) OS::Aodh::Alarm ->
2025-01-27 02:13:52.535 74051 INFO heat.engine.environment [-] Registered: [Plugin](User:False) OS::Aodh::CombinationAlarm ->
2025-01-27 02:13:52.536 74051 INFO heat.engine.environment [-] Registered: [Plugin](User:False) OS::Aodh::EventAlarm ->
2025-01-27 02:13:52.536 74051 INFO heat.engine.environment [-] Registered: [Plugin](User:False) OS::Aodh::LBMemberHealthAlarm ->
2025-01-27 02:13:52.536 74051 INFO heat.engine.environment [-] Registered: [Plugin](User:False) OS::Aodh::CompositeAlarm ->
2025-01-27 02:13:52.536 74051 INFO heat.engine.environment [-] Registered: [Plugin](User:False) OS::Aodh::GnocchiResourcesAlarm ->
2025-01-27 02:13:52.536 74051 INFO heat.engine.environment [-] Registered: [Plugin](User:False) OS::Aodh::GnocchiAggregationByMetricsAlarm ->
2025-01-27 02:13:52.536 74051 INFO heat.engine.environment [-] Registered: [Plugin](User:False) OS::Aodh::GnocchiAggregationByResourcesAlarm ->
2025-01-27 02:13:52.536 74051 INFO heat.engine.environment [-] Registered: [Plugin](User:False) OS::Barbican::GenericContainer ->
2025-01-27 02:13:52.536 74051 INFO heat.engine.environment [-] Registered: [Plugin](User:False) OS::Barbican::CertificateContainer ->
2025-01-27 02:13:52.536 74051 INFO heat.engine.environment [-] Registered: [Plugin](User:False) OS::Barbican::RSAContainer ->
2025-01-27 02:13:52.537 74051 INFO heat.engine.environment [-] Registered: [Plugin](User:False) OS::Barbican::Order ->
2025-01-27 02:13:52.537 74051 INFO heat.engine.environment [-] Registered: [Plugin](User:False) OS::Barbican::Secret ->
2025-01-27 02:13:52.537 74051 INFO heat.engine.environment [-] Registered: [Plugin](User:False) OS::Blazar::Host ->
2025-01-27 02:13:52.537 74051 INFO heat.engine.environment [-] Registered: [Plugin](User:False) OS::Blazar::Lease ->
2025-01-27 02:13:52.537 74051 INFO heat.engine.environment [-] Registered: [Plugin](User:False) OS::Cinder::EncryptedVolumeType ->
2025-01-27 02:13:52.537 74051 INFO heat.engine.environment [-] Registered: [Plugin](User:False) OS::Cinder::QoSSpecs ->
2025-01-27 02:13:52.537 74051 INFO heat.engine.environment [-] Registered: [Plugin](User:False) OS::Cinder::QoSAssociation ->
2025-01-27 02:13:52.537 74051 INFO heat.engine.environment [-] Registered: [Plugin](User:False) OS::Cinder::Quota ->
2025-01-27 02:13:52.537 74051 INFO heat.engine.environment [-] Registered: [Plugin](User:False) OS::Cinder::Volume ->
2025-01-27 02:13:52.537 74051 INFO heat.engine.environment [-] Registered: [Plugin](User:False) OS::Cinder::VolumeAttachment ->
2025-01-27 02:13:52.537 74051 INFO heat.engine.environment [-] Registered: [Plugin](User:False) OS::Cinder::VolumeType ->
2025-01-27 02:13:52.538 74051 INFO heat.engine.environment [-] Registered: [Plugin](User:False) OS::Designate::Domain ->
2025-01-27 02:13:52.538 74051 INFO heat.engine.environment [-] Registered: [Plugin](User:False) OS::Designate::Record ->
2025-01-27 02:13:52.538 74051 INFO heat.engine.environment [-] Registered: [Plugin](User:False) OS::Designate::RecordSet ->
2025-01-27 02:13:52.538 74051 INFO heat.engine.environment [-] Registered: [Plugin](User:False) OS::Designate::Zone ->
2025-01-27 02:13:52.538 74051 INFO heat.engine.environment [-] Registered: [Plugin](User:False) OS::Glance::Image ->
2025-01-27 02:13:52.538 74051 INFO heat.engine.environment [-] Registered: [Plugin](User:False) OS::Glance::WebImage ->
2025-01-27 02:13:52.538 74051 INFO heat.engine.environment [-] Registered: [Plugin](User:False) OS::Heat::AccessPolicy ->
2025-01-27 02:13:52.538 74051 INFO heat.engine.environment [-] Registered: [Plugin](User:False) OS::Heat::AutoScalingGroup ->
2025-01-27 02:13:52.538 74051 INFO heat.engine.environment [-] Registered: [Plugin](User:False) OS::Heat::CloudConfig ->
2025-01-27 02:13:52.538 74051 INFO heat.engine.environment [-] Registered: [Plugin](User:False) OS::Heat::Delay ->
2025-01-27 02:13:52.539 74051 INFO heat.engine.environment [-] Registered: [Plugin](User:False) OS::Heat::DeployedServer ->
2025-01-27 02:13:52.539 74051 INFO heat.engine.environment [-] Registered: [Plugin](User:False) OS::Heat::HARestarter ->
2025-01-27 02:13:52.539 74051 INFO heat.engine.environment [-] Registered: [Plugin](User:False) OS::Heat::InstanceGroup ->
2025-01-27 02:13:52.539 74051 INFO heat.engine.environment [-] Registered: [Plugin](User:False) OS::Heat::MultipartMime ->
2025-01-27 02:13:52.539 74051 INFO heat.engine.environment [-] Registered: [Plugin](User:False) OS::Heat::None ->
2025-01-27 02:13:52.539 74051 INFO heat.engine.environment [-] Registered: [Plugin](User:False) OS::Heat::RandomString ->
2025-01-27 02:13:52.539 74051 INFO heat.engine.environment [-] Registered: [Plugin](User:False) OS::Heat::Stack ->
2025-01-27 02:13:52.539 74051 INFO heat.engine.environment [-] Registered: [Plugin](User:False) OS::Heat::ResourceChain ->
2025-01-27 02:13:52.540 74051 INFO heat.engine.environment [-] Registered: [Plugin](User:False) OS::Heat::ResourceGroup ->
2025-01-27 02:13:52.540 74051 INFO heat.engine.environment [-] Registered: [Plugin](User:False) OS::Heat::ScalingPolicy ->
2025-01-27 02:13:52.540 74051 INFO heat.engine.environment [-] Registered: [Plugin](User:False) OS::Heat::SoftwareComponent ->
2025-01-27 02:13:52.540 74051 INFO heat.engine.environment [-] Registered: [Plugin](User:False) OS::Heat::SoftwareConfig ->
2025-01-27 02:13:52.540 74051 INFO heat.engine.environment [-] Registered: [Plugin](User:False) OS::Heat::SoftwareDeployment ->
2025-01-27 02:13:52.540 74051 INFO heat.engine.environment [-] Registered: [Plugin](User:False) OS::Heat::SoftwareDeploymentGroup ->
2025-01-27 02:13:52.540 74051 INFO heat.engine.environment [-] Registered: [Plugin](User:False) OS::Heat::SoftwareDeployments ->
2025-01-27 02:13:52.540 74051 INFO heat.engine.environment [-] Registered: [Plugin](User:False) OS::Heat::StructuredConfig ->
2025-01-27 02:13:52.540 74051 INFO heat.engine.environment [-] Registered: [Plugin](User:False) OS::Heat::StructuredDeployment ->
2025-01-27 02:13:52.540 74051 INFO heat.engine.environment [-] Registered: [Plugin](User:False) OS::Heat::StructuredDeploymentGroup ->
2025-01-27 02:13:52.541 74051 INFO heat.engine.environment [-] Registered: [Plugin](User:False) OS::Heat::StructuredDeployments ->
2025-01-27 02:13:52.541 74051 INFO heat.engine.environment [-] Registered: [Plugin](User:False) OS::Heat::SwiftSignal ->
2025-01-27 02:13:52.541 74051 INFO heat.engine.environment [-] Registered: [Plugin](User:False) OS::Heat::SwiftSignalHandle ->
2025-01-27 02:13:52.541 74051 INFO heat.engine.environment [-] Registered: [Plugin](User:False) OS::Heat::TestResource ->
2025-01-27 02:13:52.541 74051 INFO heat.engine.environment [-] Registered: [Plugin](User:False) OS::Heat::Value ->
2025-01-27 02:13:52.541 74051 INFO heat.engine.environment [-] Registered: [Plugin](User:False) OS::Heat::WaitCondition ->
2025-01-27 02:13:52.541 74051 INFO heat.engine.environment [-] Registered: [Plugin](User:False) OS::Heat::WaitConditionHandle ->
2025-01-27 02:13:52.541 74051 INFO heat.engine.environment [-] Registered: [Plugin](User:False) OS::Heat::UpdateWaitConditionHandle ->
2025-01-27 02:13:52.541 74051 INFO heat.engine.environment [-] Registered: [Plugin](User:False) OS::Ironic::Port ->
2025-01-27 02:13:52.541 74051 INFO heat.engine.environment [-] Registered: [Plugin](User:False) OS::Keystone::Domain ->
2025-01-27 02:13:52.542 74051 INFO heat.engine.environment [-] Registered: [Plugin](User:False) OS::Keystone::Endpoint ->
2025-01-27 02:13:52.542 74051 INFO heat.engine.environment [-] Registered: [Plugin](User:False) OS::Keystone::Group ->
2025-01-27 02:13:52.542 74051 INFO heat.engine.environment [-] Registered: [Plugin](User:False) OS::Keystone::Project ->
2025-01-27 02:13:52.542 74051 INFO heat.engine.environment [-] Registered: [Plugin](User:False) OS::Keystone::Region ->
2025-01-27 02:13:52.542 74051 INFO heat.engine.environment [-] Registered: [Plugin](User:False) OS::Keystone::Role ->
2025-01-27 02:13:52.542 74051 INFO heat.engine.environment [-] Registered: [Plugin](User:False) OS::Keystone::UserRoleAssignment ->
2025-01-27 02:13:52.542 74051 INFO heat.engine.environment [-] Registered: [Plugin](User:False) OS::Keystone::GroupRoleAssignment ->
2025-01-27 02:13:52.542 74051 INFO heat.engine.environment [-] Registered: [Plugin](User:False) OS::Keystone::Service ->
2025-01-27 02:13:52.542 74051 INFO heat.engine.environment [-] Registered: [Plugin](User:False) OS::Keystone::User ->
2025-01-27 02:13:52.542 74051 INFO heat.engine.environment [-] Registered: [Plugin](User:False) OS::Magnum::Bay ->
2025-01-27 02:13:52.542 74051 INFO heat.engine.environment [-] Registered: [Plugin](User:False) OS::Magnum::BayModel ->
2025-01-27 02:13:52.543 74051 INFO heat.engine.environment [-] Registered: [Plugin](User:False) OS::Magnum::Cluster ->
2025-01-27 02:13:52.543 74051 INFO heat.engine.environment [-] Registered: [Plugin](User:False) OS::Magnum::ClusterTemplate ->
2025-01-27 02:13:52.543 74051 INFO heat.engine.environment [-] Registered: [Plugin](User:False) OS::Manila::SecurityService ->
2025-01-27 02:13:52.543 74051 INFO heat.engine.environment [-] Registered: [Plugin](User:False) OS::Manila::Share ->
2025-01-27 02:13:52.543 74051 INFO heat.engine.environment [-] Registered: [Plugin](User:False) OS::Manila::ShareNetwork ->
2025-01-27 02:13:52.543 74051 INFO heat.engine.environment [-] Registered: [Plugin](User:False) OS::Manila::ShareType ->
2025-01-27 02:13:52.543 74051 INFO heat.engine.environment [-] Registered: [Plugin](User:False) OS::Mistral::CronTrigger ->
2025-01-27 02:13:52.543 74051 INFO heat.engine.environment [-] Registered: [Plugin](User:False) OS::Mistral::ExternalResource ->
2025-01-27 02:13:52.543 74051 INFO heat.engine.environment [-] Registered: [Plugin](User:False) OS::Mistral::Workflow ->
2025-01-27 02:13:52.544 74051 INFO heat.engine.environment [-] Registered: [Plugin](User:False) OS::Monasca::AlarmDefinition ->
2025-01-27 02:13:52.544 74051 INFO heat.engine.environment [-] Registered: [Plugin](User:False) OS::Monasca::Notification ->
2025-01-27 02:13:52.544 74051 INFO heat.engine.environment [-] Registered: [Plugin](User:False) OS::Neutron::AddressScope ->
2025-01-27 02:13:52.544 74051 INFO heat.engine.environment [-] Registered: [Plugin](User:False) OS::Neutron::ExtraRoute ->
2025-01-27 02:13:52.544 74051 INFO heat.engine.environment [-] Registered: [Plugin](User:False) OS::Neutron::ExtraRouteSet ->
2025-01-27 02:13:52.544 74051 INFO heat.engine.environment [-] Registered: [Plugin](User:False) OS::Neutron::Firewall ->
2025-01-27 02:13:52.544 74051 INFO heat.engine.environment [-] Registered: [Plugin](User:False) OS::Neutron::FirewallPolicy ->
2025-01-27 02:13:52.544 74051 INFO heat.engine.environment [-] Registered: [Plugin](User:False) OS::Neutron::FirewallRule ->
2025-01-27 02:13:52.544 74051 INFO heat.engine.environment [-] Registered: [Plugin](User:False) OS::Neutron::FloatingIP ->
2025-01-27 02:13:52.545 74051 INFO heat.engine.environment [-] Registered: [Plugin](User:False) OS::Neutron::FloatingIPAssociation ->
2025-01-27 02:13:52.545 74051 INFO heat.engine.environment [-] Registered: [Plugin](User:False) OS::Neutron::L2Gateway ->
2025-01-27 02:13:52.545 74051 INFO heat.engine.environment [-] Registered: [Plugin](User:False) OS::Neutron::L2GatewayConnection ->
2025-01-27 02:13:52.545 74051 INFO heat.engine.environment [-] Registered: [Plugin](User:False) OS::Neutron::LBaaS::HealthMonitor ->
2025-01-27 02:13:52.545 74051 INFO heat.engine.environment [-] Registered: [Plugin](User:False) OS::Neutron::LBaaS::L7Policy ->
2025-01-27 02:13:52.545 74051 INFO heat.engine.environment [-] Registered: [Plugin](User:False) OS::Neutron::LBaaS::L7Rule ->
2025-01-27 02:13:52.545 74051 INFO heat.engine.environment [-] Registered: [Plugin](User:False) OS::Neutron::LBaaS::Listener ->
2025-01-27 02:13:52.545 74051 INFO heat.engine.environment [-] Registered: [Plugin](User:False) OS::Neutron::LBaaS::LoadBalancer ->
2025-01-27 02:13:52.545 74051 INFO heat.engine.environment [-] Registered: [Plugin](User:False) OS::Neutron::LBaaS::Pool ->
2025-01-27 02:13:52.545 74051 INFO heat.engine.environment [-] Registered: [Plugin](User:False) OS::Neutron::LBaaS::PoolMember ->
2025-01-27 02:13:52.546 74051 INFO heat.engine.environment [-] Registered: [Plugin](User:False) OS::Neutron::HealthMonitor ->
2025-01-27 02:13:52.546 74051 INFO heat.engine.environment [-] Registered: [Plugin](User:False) OS::Neutron::Pool ->
2025-01-27 02:13:52.546 74051 INFO heat.engine.environment [-] Registered: [Plugin](User:False) OS::Neutron::PoolMember ->
2025-01-27 02:13:52.546 74051 INFO heat.engine.environment [-] Registered: [Plugin](User:False) OS::Neutron::LoadBalancer ->
2025-01-27 02:13:52.546 74051 INFO heat.engine.environment [-] Registered: [Plugin](User:False) OS::Neutron::MeteringLabel ->
2025-01-27 02:13:52.546 74051 INFO heat.engine.environment [-] Registered: [Plugin](User:False) OS::Neutron::MeteringRule ->
2025-01-27 02:13:52.546 74051 INFO heat.engine.environment [-] Registered: [Plugin](User:False) OS::Neutron::Net ->
2025-01-27 02:13:52.546 74051 INFO heat.engine.environment [-] Registered: [Plugin](User:False) OS::Neutron::NetworkGateway ->
2025-01-27 02:13:52.546 74051 INFO heat.engine.environment [-] Registered: [Plugin](User:False) OS::Neutron::Port ->
2025-01-27 02:13:52.547 74051 INFO heat.engine.environment [-] Registered: [Plugin](User:False) OS::Neutron::ProviderNet ->
2025-01-27 02:13:52.547 74051 INFO heat.engine.environment [-] Registered: [Plugin](User:False) OS::Neutron::QoSPolicy ->
2025-01-27 02:13:52.547 74051 INFO heat.engine.environment [-] Registered: [Plugin](User:False) OS::Neutron::QoSBandwidthLimitRule ->
2025-01-27 02:13:52.547 74051 INFO heat.engine.environment [-] Registered: [Plugin](User:False) OS::Neutron::QoSDscpMarkingRule ->
2025-01-27 02:13:52.547 74051 INFO heat.engine.environment [-] Registered: [Plugin](User:False) OS::Neutron::QoSMinimumBandwidthRule ->
2025-01-27 02:13:52.547 74051 INFO heat.engine.environment [-] Registered: [Plugin](User:False) OS::Neutron::Quota ->
2025-01-27 02:13:52.547 74051 INFO heat.engine.environment [-] Registered: [Plugin](User:False) OS::Neutron::RBACPolicy ->
2025-01-27 02:13:52.547 74051 INFO heat.engine.environment [-] Registered: [Plugin](User:False) OS::Neutron::Router ->
2025-01-27 02:13:52.547 74051 INFO heat.engine.environment [-] Registered: [Plugin](User:False) OS::Neutron::RouterInterface ->
2025-01-27 02:13:52.547 74051 INFO heat.engine.environment [-] Registered: [Plugin](User:False) OS::Neutron::RouterGateway ->
2025-01-27 02:13:52.547 74051 INFO heat.engine.environment [-] Registered: [Plugin](User:False) OS::Neutron::SecurityGroup ->
2025-01-27 02:13:52.548 74051 INFO heat.engine.environment [-] Registered: [Plugin](User:False) OS::Neutron::SecurityGroupRule ->
2025-01-27 02:13:52.548 74051 INFO heat.engine.environment [-] Registered: [Plugin](User:False) OS::Neutron::Segment ->
2025-01-27 02:13:52.548 74051 INFO heat.engine.environment [-] Registered: [Plugin](User:False) OS::Neutron::FlowClassifier ->
2025-01-27 02:13:52.548 74051 INFO heat.engine.environment [-] Registered: [Plugin](User:False) OS::Neutron::PortChain ->
2025-01-27 02:13:52.548 74051 INFO heat.engine.environment [-] Registered: [Plugin](User:False) OS::Neutron::PortPair ->
2025-01-27 02:13:52.548 74051 INFO heat.engine.environment [-] Registered: [Plugin](User:False) OS::Neutron::PortPairGroup ->
2025-01-27 02:13:52.548 74051 INFO heat.engine.environment [-] Registered: [Plugin](User:False) OS::Neutron::Subnet ->
2025-01-27 02:13:52.548 74051 INFO heat.engine.environment [-] Registered: [Plugin](User:False) OS::Neutron::SubnetPool ->
2025-01-27 02:13:52.548 74051 INFO heat.engine.environment [-] Registered: [Plugin](User:False) OS::Neutron::TaaS::TapFlow ->
2025-01-27 02:13:52.548 74051 INFO heat.engine.environment [-] Registered: [Plugin](User:False) OS::Neutron::TaaS::TapService ->
2025-01-27 02:13:52.549 74051 INFO heat.engine.environment [-] Registered: [Plugin](User:False) OS::Neutron::Trunk ->
2025-01-27 02:13:52.549 74051 INFO heat.engine.environment [-] Registered: [Plugin](User:False) OS::Neutron::VPNService ->
2025-01-27 02:13:52.549 74051 INFO heat.engine.environment [-] Registered: [Plugin](User:False) OS::Neutron::IPsecSiteConnection ->
2025-01-27 02:13:52.549 74051 INFO heat.engine.environment [-] Registered: [Plugin](User:False) OS::Neutron::IKEPolicy ->
2025-01-27 02:13:52.549 74051 INFO heat.engine.environment [-] Registered: [Plugin](User:False) OS::Neutron::IPsecPolicy ->
2025-01-27 02:13:52.549 74051 INFO heat.engine.environment [-] Registered: [Plugin](User:False) OS::Nova::Flavor ->
2025-01-27 02:13:52.549 74051 INFO heat.engine.environment [-] Registered: [Plugin](User:False) OS::Nova::FloatingIP ->
2025-01-27 02:13:52.549 74051 INFO heat.engine.environment [-] Registered: [Plugin](User:False) OS::Nova::FloatingIPAssociation ->
2025-01-27 02:13:52.549 74051 INFO heat.engine.environment [-] Registered: [Plugin](User:False) OS::Nova::HostAggregate ->
2025-01-27 02:13:52.550 74051 INFO heat.engine.environment [-] Registered: [Plugin](User:False) OS::Nova::KeyPair ->
