2025-01-27 01:50:25.130 34380 DEBUG heat.engine.service [req-8cb67722-2873-4d17-b596-21edc2228a2f - - - - -] Service 3fede6ee-4c56-420d-b036-52de5de3b697 is updated service_manage_report /usr/lib/python3/dist-packages/heat/engine/service.py:2370
2025-01-27 01:51:24.974 34379 DEBUG heat.engine.service [req-440b62b7-7680-4374-954a-de1a69dc1745 - - - - -] Service 1e851f10-1d1c-4196-96ec-5690ea02ede0 is updated service_manage_report /usr/lib/python3/dist-packages/heat/engine/service.py:2370
2025-01-27 01:51:25.036 34381 DEBUG heat.engine.service [req-719a31f4-d24c-4e10-bf13-f0a0ee4af7a1 - - - - -] Service 16f20194-c920-41df-9d30-b1aa7476f6a6 is updated service_manage_report /usr/lib/python3/dist-packages/heat/engine/service.py:2370
2025-01-27 01:51:25.107 34378 DEBUG heat.engine.service [req-e07d0261-aff8-425c-bc72-88efaf368cad - - - - -] Service 5b844aff-b33d-4cd6-95fa-23b7989466a4 is updated service_manage_report /usr/lib/python3/dist-packages/heat/engine/service.py:2370
2025-01-27 01:51:25.133 34380 DEBUG heat.engine.service [req-b15e487f-250d-4133-b7ad-48da5ecb3ef7 - - - - -] Service 3fede6ee-4c56-420d-b036-52de5de3b697 is updated service_manage_report /usr/lib/python3/dist-packages/heat/engine/service.py:2370
2025-01-27 01:52:24.978 34379 DEBUG heat.engine.service [req-5b7ccfcb-523f-4e55-874f-259a757fb7cc - - - - -] Service 1e851f10-1d1c-4196-96ec-5690ea02ede0 is updated service_manage_report /usr/lib/python3/dist-packages/heat/engine/service.py:2370
2025-01-27 01:52:25.040 34381 DEBUG heat.engine.service [req-7ba36745-bc89-49c4-b595-a7e3c62d52ee - - - - -] Service 16f20194-c920-41df-9d30-b1aa7476f6a6 is updated service_manage_report /usr/lib/python3/dist-packages/heat/engine/service.py:2370
2025-01-27 01:52:25.110 34378 DEBUG heat.engine.service [req-2fc0fdfc-9cf2-4c1e-b748-654e88855394 - - - - -] Service 5b844aff-b33d-4cd6-95fa-23b7989466a4 is updated service_manage_report /usr/lib/python3/dist-packages/heat/engine/service.py:2370
2025-01-27 01:52:25.137 34380 DEBUG heat.engine.service [req-cab0ff81-de6e-43fd-b082-294046d7e4c6 - - - - -] Service 3fede6ee-4c56-420d-b036-52de5de3b697 is updated service_manage_report /usr/lib/python3/dist-packages/heat/engine/service.py:2370
2025-01-27 01:53:24.983 34379 DEBUG heat.engine.service [req-400911a0-a2fa-480d-818b-e59fc87dcf9c - - - - -] Service 1e851f10-1d1c-4196-96ec-5690ea02ede0 is updated service_manage_report /usr/lib/python3/dist-packages/heat/engine/service.py:2370
2025-01-27 01:53:25.043 34381 DEBUG heat.engine.service [req-724205a3-e69a-42e9-a162-639b547e59aa - - - - -] Service 16f20194-c920-41df-9d30-b1aa7476f6a6 is updated service_manage_report /usr/lib/python3/dist-packages/heat/engine/service.py:2370
2025-01-27 01:53:25.115 34378 DEBUG heat.engine.service [req-4f48ff36-4d44-4a5d-8b1b-95aa9ceb93d3 - - - - -] Service 5b844aff-b33d-4cd6-95fa-23b7989466a4 is updated service_manage_report /usr/lib/python3/dist-packages/heat/engine/service.py:2370
2025-01-27 01:53:25.143 34380 DEBUG heat.engine.service [req-885e687d-e542-4866-814c-23e3cef95147 - - - - -] Service 3fede6ee-4c56-420d-b036-52de5de3b697 is updated service_manage_report /usr/lib/python3/dist-packages/heat/engine/service.py:2370
2025-01-27 01:54:24.979 34379 DEBUG heat.engine.service [req-b848eb2a-179c-4bb0-ac47-eb8890a1e3d7 - - - - -] Service 1e851f10-1d1c-4196-96ec-5690ea02ede0 is updated service_manage_report /usr/lib/python3/dist-packages/heat/engine/service.py:2370
2025-01-27 01:54:25.051 34381 DEBUG heat.engine.service [req-3c0d2471-3137-4961-9369-fdbbae4fbaa8 - - - - -] Service 16f20194-c920-41df-9d30-b1aa7476f6a6 is updated service_manage_report /usr/lib/python3/dist-packages/heat/engine/service.py:2370
2025-01-27 01:54:25.120 34378 DEBUG heat.engine.service [req-7741d11a-e56d-4cba-b207-ddd6016389c7 - - - - -] Service 5b844aff-b33d-4cd6-95fa-23b7989466a4 is updated service_manage_report /usr/lib/python3/dist-packages/heat/engine/service.py:2370
2025-01-27 01:54:25.149 34380 DEBUG heat.engine.service [req-2ddca66c-b6e9-4ef8-ab9b-203d53202214 - - - - -] Service 3fede6ee-4c56-420d-b036-52de5de3b697 is updated service_manage_report /usr/lib/python3/dist-packages/heat/engine/service.py:2370
2025-01-27 01:55:24.973 34379 DEBUG heat.engine.service [req-650bf59c-39ef-4919-8468-968b3dd56a87 - - - - -] Service 1e851f10-1d1c-4196-96ec-5690ea02ede0 is updated service_manage_report /usr/lib/python3/dist-packages/heat/engine/service.py:2370
2025-01-27 01:55:25.044 34381 DEBUG heat.engine.service [req-25e94d87-6803-4d39-844f-f82a4b4df08d - - - - -] Service 16f20194-c920-41df-9d30-b1aa7476f6a6 is updated service_manage_report /usr/lib/python3/dist-packages/heat/engine/service.py:2370
2025-01-27 01:55:25.124 34378 DEBUG heat.engine.service [req-ee720e13-5340-4766-af00-4ca7147be895 - - - - -] Service 5b844aff-b33d-4cd6-95fa-23b7989466a4 is updated service_manage_report /usr/lib/python3/dist-packages/heat/engine/service.py:2370
2025-01-27 01:55:25.152 34380 DEBUG heat.engine.service [req-2d672fb0-8338-4b56-9006-ec614b8b238b - - - - -] Service 3fede6ee-4c56-420d-b036-52de5de3b697 is updated service_manage_report /usr/lib/python3/dist-packages/heat/engine/service.py:2370
2025-01-27 01:56:24.977 34379 DEBUG heat.engine.service [req-aef18693-1ea9-493c-b613-822936662cd8 - - - - -] Service 1e851f10-1d1c-4196-96ec-5690ea02ede0 is updated service_manage_report /usr/lib/python3/dist-packages/heat/engine/service.py:2370
2025-01-27 01:56:25.048 34381 DEBUG heat.engine.service [req-96327444-235d-4062-8f8c-0a021a25e44b - - - - -] Service 16f20194-c920-41df-9d30-b1aa7476f6a6 is updated service_manage_report /usr/lib/python3/dist-packages/heat/engine/service.py:2370
2025-01-27 01:56:25.127 34378 DEBUG heat.engine.service [req-b372acbd-dfa7-4d11-86a5-dd11bfd8ed35 - - - - -] Service 5b844aff-b33d-4cd6-95fa-23b7989466a4 is updated service_manage_report /usr/lib/python3/dist-packages/heat/engine/service.py:2370
2025-01-27 01:56:25.154 34380 DEBUG heat.engine.service [req-3427a0de-3505-4107-bb01-8d5058426f60 - - - - -] Service 3fede6ee-4c56-420d-b036-52de5de3b697 is updated service_manage_report /usr/lib/python3/dist-packages/heat/engine/service.py:2370
2025-01-27 01:57:24.980 34379 DEBUG heat.engine.service [req-64e3e344-b37a-45f8-ae30-fd39d70625a9 - - - - -] Service 1e851f10-1d1c-4196-96ec-5690ea02ede0 is updated service_manage_report /usr/lib/python3/dist-packages/heat/engine/service.py:2370
2025-01-27 01:57:25.052 34381 DEBUG heat.engine.service [req-a36a0739-a9ce-4b32-8bbc-715d016d481f - - - - -] Service 16f20194-c920-41df-9d30-b1aa7476f6a6 is updated service_manage_report /usr/lib/python3/dist-packages/heat/engine/service.py:2370
2025-01-27 01:57:25.132 34378 DEBUG heat.engine.service [req-6da7e09a-a8e1-4203-abc3-960a384e2cd5 - - - - -] Service 5b844aff-b33d-4cd6-95fa-23b7989466a4 is updated service_manage_report /usr/lib/python3/dist-packages/heat/engine/service.py:2370
2025-01-27 01:57:25.159 34380 DEBUG heat.engine.service [req-d4e01978-5398-4a7e-937c-e90fa9824322 - - - - -] Service 3fede6ee-4c56-420d-b036-52de5de3b697 is updated service_manage_report /usr/lib/python3/dist-packages/heat/engine/service.py:2370
2025-01-27 01:58:24.986 34379 DEBUG heat.engine.service [req-258d301a-509e-46a8-8659-843140ed9a6a - - - - -] Service 1e851f10-1d1c-4196-96ec-5690ea02ede0 is updated service_manage_report /usr/lib/python3/dist-packages/heat/engine/service.py:2370
2025-01-27 01:58:25.057 34381 DEBUG heat.engine.service [req-670367ea-bb44-4012-9aff-638726aecf70 - - - - -] Service 16f20194-c920-41df-9d30-b1aa7476f6a6 is updated service_manage_report /usr/lib/python3/dist-packages/heat/engine/service.py:2370
2025-01-27 01:58:25.136 34378 DEBUG heat.engine.service [req-b36bd3a2-d475-4776-9eb7-8f9b25431eaa - - - - -] Service 5b844aff-b33d-4cd6-95fa-23b7989466a4 is updated service_manage_report /usr/lib/python3/dist-packages/heat/engine/service.py:2370
2025-01-27 01:58:25.161 34380 DEBUG heat.engine.service [req-0b7d929a-6cb9-4d7f-a145-2de40babb8c5 - - - - -] Service 3fede6ee-4c56-420d-b036-52de5de3b697 is updated service_manage_report /usr/lib/python3/dist-packages/heat/engine/service.py:2370
2025-01-27 01:59:24.989 34379 DEBUG heat.engine.service [req-59a1bee4-9965-459e-ab3d-992efee5a3ef - - - - -] Service 1e851f10-1d1c-4196-96ec-5690ea02ede0 is updated service_manage_report /usr/lib/python3/dist-packages/heat/engine/service.py:2370
2025-01-27 01:59:25.061 34381 DEBUG heat.engine.service [req-518af253-a6e6-4e48-b813-3a9bd0a4adbb - - - - -] Service 16f20194-c920-41df-9d30-b1aa7476f6a6 is updated service_manage_report /usr/lib/python3/dist-packages/heat/engine/service.py:2370
2025-01-27 01:59:25.138 34378 DEBUG heat.engine.service [req-d993e047-6841-4cfd-9a84-6f968f7c13df - - - - -] Service 5b844aff-b33d-4cd6-95fa-23b7989466a4 is updated service_manage_report /usr/lib/python3/dist-packages/heat/engine/service.py:2370
2025-01-27 01:59:25.167 34380 DEBUG heat.engine.service [req-e530a92b-819c-40e1-b5ab-5659a81c224d - - - - -] Service 3fede6ee-4c56-420d-b036-52de5de3b697 is updated service_manage_report /usr/lib/python3/dist-packages/heat/engine/service.py:2370
2025-01-27 02:00:24.993 34379 DEBUG heat.engine.service [req-15a28e61-a067-4b7d-8019-eacab64e84c4 - - - - -] Service 1e851f10-1d1c-4196-96ec-5690ea02ede0 is updated service_manage_report /usr/lib/python3/dist-packages/heat/engine/service.py:2370
2025-01-27 02:00:25.065 34381 DEBUG heat.engine.service [req-623cb9c0-ff5b-4881-acae-bb25f86b91ef - - - - -] Service 16f20194-c920-41df-9d30-b1aa7476f6a6 is updated service_manage_report /usr/lib/python3/dist-packages/heat/engine/service.py:2370
2025-01-27 02:00:25.145 34378 DEBUG heat.engine.service [req-e574c1b0-3e17-4a00-ac4c-dc42b023d684 - - - - -] Service 5b844aff-b33d-4cd6-95fa-23b7989466a4 is updated service_manage_report /usr/lib/python3/dist-packages/heat/engine/service.py:2370
2025-01-27 02:00:25.172 34380 DEBUG heat.engine.service [req-4291380a-18ad-4b08-9b53-de8cf1dbc3d6 - - - - -] Service 3fede6ee-4c56-420d-b036-52de5de3b697 is updated service_manage_report /usr/lib/python3/dist-packages/heat/engine/service.py:2370
2025-01-27 02:01:25.003 34379 DEBUG heat.engine.service [req-690d5031-c60d-4c58-9357-11e1fd597d2c - - - - -] Service 1e851f10-1d1c-4196-96ec-5690ea02ede0 is updated service_manage_report /usr/lib/python3/dist-packages/heat/engine/service.py:2370
2025-01-27 02:01:25.070 34381 DEBUG heat.engine.service [req-627ee1a2-336d-48a9-9aa2-a5bd1b8c64b9 - - - - -] Service 16f20194-c920-41df-9d30-b1aa7476f6a6 is updated service_manage_report /usr/lib/python3/dist-packages/heat/engine/service.py:2370
2025-01-27 02:01:25.140 34378 DEBUG heat.engine.service [req-630cac20-b4f6-4304-8108-30fbb0b32cfe - - - - -] Service 5b844aff-b33d-4cd6-95fa-23b7989466a4 is updated service_manage_report /usr/lib/python3/dist-packages/heat/engine/service.py:2370
2025-01-27 02:01:25.176 34380 DEBUG heat.engine.service [req-491bc7e9-a5bc-4b7c-9937-5dae90c3e1c2 - - - - -] Service 3fede6ee-4c56-420d-b036-52de5de3b697 is updated service_manage_report /usr/lib/python3/dist-packages/heat/engine/service.py:2370
2025-01-27 02:02:24.998 34379 DEBUG heat.engine.service [req-c425f1d3-25f0-4158-89e0-98ae482b8feb - - - - -] Service 1e851f10-1d1c-4196-96ec-5690ea02ede0 is updated service_manage_report /usr/lib/python3/dist-packages/heat/engine/service.py:2370
2025-01-27 02:02:25.073 34381 DEBUG heat.engine.service [req-d1ede95d-f272-4a8e-8999-bd826969d7ea - - - - -] Service 16f20194-c920-41df-9d30-b1aa7476f6a6 is updated service_manage_report /usr/lib/python3/dist-packages/heat/engine/service.py:2370
2025-01-27 02:02:25.133 34378 DEBUG heat.engine.service [req-7e53bf4c-321e-4bae-80e6-e31756d95daa - - - - -] Service 5b844aff-b33d-4cd6-95fa-23b7989466a4 is updated service_manage_report /usr/lib/python3/dist-packages/heat/engine/service.py:2370
2025-01-27 02:02:25.182 34380 DEBUG heat.engine.service [req-9e5e43d7-a719-4640-a401-b41fbae26735 - - - - -] Service 3fede6ee-4c56-420d-b036-52de5de3b697 is updated service_manage_report /usr/lib/python3/dist-packages/heat/engine/service.py:2370
2025-01-27 02:03:25.003 34379 DEBUG heat.engine.service [req-83db70ea-1e41-49e7-847e-e74561cdeefc - - - - -] Service 1e851f10-1d1c-4196-96ec-5690ea02ede0 is updated service_manage_report /usr/lib/python3/dist-packages/heat/engine/service.py:2370
2025-01-27 02:03:25.077 34381 DEBUG heat.engine.service [req-dc901b97-91b9-49f8-b745-ac190ef0af0e - - - - -] Service 16f20194-c920-41df-9d30-b1aa7476f6a6 is updated service_manage_report /usr/lib/python3/dist-packages/heat/engine/service.py:2370
2025-01-27 02:03:25.137 34378 DEBUG heat.engine.service [req-6fb415e5-830a-4ed4-9004-cf64dbcc96b7 - - - - -] Service 5b844aff-b33d-4cd6-95fa-23b7989466a4 is updated service_manage_report /usr/lib/python3/dist-packages/heat/engine/service.py:2370
2025-01-27 02:03:25.179 34380 DEBUG heat.engine.service [req-976ab823-f19c-4adb-aa48-d9bcbe20c299 - - - - -] Service 3fede6ee-4c56-420d-b036-52de5de3b697 is updated service_manage_report /usr/lib/python3/dist-packages/heat/engine/service.py:2370
2025-01-27 02:04:25.009 34379 DEBUG heat.engine.service [req-da30c689-930a-431f-9bc4-ae829f9fad65 - - - - -] Service 1e851f10-1d1c-4196-96ec-5690ea02ede0 is updated service_manage_report /usr/lib/python3/dist-packages/heat/engine/service.py:2370
2025-01-27 02:04:25.082 34381 DEBUG heat.engine.service [req-51736a0c-ec17-4028-883c-6bdd1375f5e7 - - - - -] Service 16f20194-c920-41df-9d30-b1aa7476f6a6 is updated service_manage_report /usr/lib/python3/dist-packages/heat/engine/service.py:2370
2025-01-27 02:04:25.141 34378 DEBUG heat.engine.service [req-8ce380d2-8bd0-4fa0-ba24-c72d9010bd5b - - - - -] Service 5b844aff-b33d-4cd6-95fa-23b7989466a4 is updated service_manage_report /usr/lib/python3/dist-packages/heat/engine/service.py:2370
2025-01-27 02:04:25.172 34380 DEBUG heat.engine.service [req-f984810c-79a8-48d8-9e06-33f878befa0a - - - - -] Service 3fede6ee-4c56-420d-b036-52de5de3b697 is updated service_manage_report /usr/lib/python3/dist-packages/heat/engine/service.py:2370
2025-01-27 02:05:25.051 34379 DEBUG heat.engine.service [req-6f603d22-b62d-4f97-a0e0-61be81c8a0c7 - - - - -] Service 1e851f10-1d1c-4196-96ec-5690ea02ede0 is updated service_manage_report /usr/lib/python3/dist-packages/heat/engine/service.py:2370
2025-01-27 02:05:25.159 34381 DEBUG heat.engine.service [req-b58327e3-823c-4c1f-9553-7ff2889506bd - - - - -] Service 16f20194-c920-41df-9d30-b1aa7476f6a6 is updated service_manage_report /usr/lib/python3/dist-packages/heat/engine/service.py:2370
2025-01-27 02:05:25.247 34380 DEBUG heat.engine.service [req-a8aa3849-ff2c-4f03-a8bc-4a0fe346de33 - - - - -] Service 3fede6ee-4c56-420d-b036-52de5de3b697 is updated service_manage_report /usr/lib/python3/dist-packages/heat/engine/service.py:2370
2025-01-27 02:05:25.278 34378 DEBUG heat.engine.service [req-1ce84a79-c247-4e0e-816d-525df0bce9ef - - - - -] Service 5b844aff-b33d-4cd6-95fa-23b7989466a4 is updated service_manage_report /usr/lib/python3/dist-packages/heat/engine/service.py:2370
2025-01-27 02:06:25.057 34379 DEBUG heat.engine.service [req-6e586911-9b5b-4205-ac97-dd5d71605ff2 - - - - -] Service 1e851f10-1d1c-4196-96ec-5690ea02ede0 is updated service_manage_report /usr/lib/python3/dist-packages/heat/engine/service.py:2370
2025-01-27 02:06:25.100 34381 DEBUG heat.engine.service [req-379209d3-e673-4c25-8fd2-d8d6e14d27ba - - - - -] Service 16f20194-c920-41df-9d30-b1aa7476f6a6 is updated service_manage_report /usr/lib/python3/dist-packages/heat/engine/service.py:2370
2025-01-27 02:06:25.150 34378 DEBUG heat.engine.service [req-62ff57ee-082e-4ec1-b26f-c2c6cb4e160f - - - - -] Service 5b844aff-b33d-4cd6-95fa-23b7989466a4 is updated service_manage_report /usr/lib/python3/dist-packages/heat/engine/service.py:2370
2025-01-27 02:06:25.275 34380 DEBUG heat.engine.service [req-534c8c7c-3e86-47de-8cd4-4f13c4182843 - - - - -] Service 3fede6ee-4c56-420d-b036-52de5de3b697 is updated service_manage_report /usr/lib/python3/dist-packages/heat/engine/service.py:2370
2025-01-27 02:06:42.908 34378 DEBUG heat.engine.service [-] Attempting to stop engine service... _stop_rpc_server /usr/lib/python3/dist-packages/heat/engine/service.py:437
2025-01-27 02:06:42.908 34379 DEBUG heat.engine.service [-] Attempting to stop engine service... _stop_rpc_server /usr/lib/python3/dist-packages/heat/engine/service.py:437
2025-01-27 02:06:42.909 34380 DEBUG heat.engine.service [-] Attempting to stop engine service... _stop_rpc_server /usr/lib/python3/dist-packages/heat/engine/service.py:437
2025-01-27 02:06:42.909 34381 DEBUG heat.engine.service [-] Attempting to stop engine service... _stop_rpc_server /usr/lib/python3/dist-packages/heat/engine/service.py:437
2025-01-27 02:06:42.914 34149 INFO oslo_service.service [-] Caught SIGTERM, stopping children
2025-01-27 02:06:42.985 34149 DEBUG oslo_concurrency.lockutils [-] Acquired lock "singleton_lock" lock /usr/lib/python3/dist-packages/oslo_concurrency/lockutils.py:294
2025-01-27 02:06:42.991 34149 DEBUG oslo_concurrency.lockutils [-] Releasing lock "singleton_lock" lock /usr/lib/python3/dist-packages/oslo_concurrency/lockutils.py:312
2025-01-27 02:06:42.992 34149 DEBUG oslo_service.service [-] Stop services. stop /usr/lib/python3/dist-packages/oslo_service/service.py:695
2025-01-27 02:06:42.992 34149 INFO heat.engine.service [-] All threads were gone, terminating engine
2025-01-27 02:06:42.992 34149 DEBUG oslo_service.service [-] Killing children. stop /usr/lib/python3/dist-packages/oslo_service/service.py:700
2025-01-27 02:06:42.993 34149 INFO oslo_service.service [-] Waiting on 4 children to exit
2025-01-27 02:06:43.001 34149 INFO oslo_service.service [-] Child 34379 killed by signal 15
2025-01-27 02:06:43.003 34149 INFO oslo_service.service [-] Child 34378 killed by signal 15
2025-01-27 02:06:43.004 34149 INFO oslo_service.service [-] Child 34380 killed by signal 15
2025-01-27 02:06:43.004 34149 INFO oslo_service.service [-] Child 34381 killed by signal 15
2025-01-27 02:06:45.187 67954 DEBUG oslo_concurrency.lockutils [-] Lock "context-manager" acquired by "neutron_lib.db.api._create_context_manager" :: waited 0.000s inner /usr/lib/python3/dist-packages/oslo_concurrency/lockutils.py:386
2025-01-27 02:06:45.188 67954 DEBUG oslo_concurrency.lockutils [-] Lock "context-manager" "released" by "neutron_lib.db.api._create_context_manager" :: held 0.001s inner /usr/lib/python3/dist-packages/oslo_concurrency/lockutils.py:400
2025-01-27 02:06:45.426 67954 WARNING heat.engine.environment [-] OS::Aodh::Alarm is DEPRECATED. Theshold alarm relies on ceilometer-api and has been deprecated in aodh since Ocata. Use OS::Aodh::GnocchiAggregationByResourcesAlarm instead.
2025-01-27 02:06:45.426 67954 WARNING heat.engine.environment [-] OS::Aodh::CombinationAlarm is HIDDEN. OS::Aodh::CombinationAlarm is deprecated and has been removed from Aodh, use OS::Aodh::CompositeAlarm instead.
2025-01-27 02:06:45.426 67954 WARNING heat.engine.environment [-] OS::Designate::Domain is HIDDEN. This resource has been removed, use OS::Designate::Zone instead.
2025-01-27 02:06:45.426 67954 WARNING heat.engine.environment [-] OS::Designate::Record is HIDDEN. This resource has been removed, use OS::Designate::RecordSet instead.
2025-01-27 02:06:45.427 67954 WARNING heat.engine.environment [-] OS::Glance::Image is DEPRECATED. Creating a Glance Image based on an existing URL location requires the Glance v1 API, which is deprecated.
2025-01-27 02:06:45.427 67954 WARNING heat.engine.environment [-] OS::Heat::HARestarter is HIDDEN. The HARestarter resource type has been removed. Existing stacks containing HARestarter resources can still be used, but the HARestarter resource will be a placeholder that does nothing.
2025-01-27 02:06:45.427 67954 WARNING heat.engine.environment [-] OS::Heat::SoftwareDeployments is HIDDEN. Please use OS::Heat::SoftwareDeploymentGroup instead.
2025-01-27 02:06:45.427 67954 WARNING heat.engine.environment [-] OS::Heat::StructuredDeployments is HIDDEN. Please use OS::Heat::StructuredDeploymentGroup instead.
2025-01-27 02:06:45.427 67954 WARNING heat.engine.environment [-] OS::Magnum::Bay is HIDDEN. Please use OS::Magnum::Cluster instead.
2025-01-27 02:06:45.428 67954 WARNING heat.engine.environment [-] OS::Magnum::BayModel is HIDDEN. Please use OS::Magnum::ClusterTemplate instead.
2025-01-27 02:06:45.428 67954 WARNING heat.engine.environment [-] OS::Neutron::ExtraRoute is UNSUPPORTED. Use this resource at your own risk.
2025-01-27 02:06:45.428 67954 WARNING heat.engine.environment [-] OS::Neutron::HealthMonitor is HIDDEN. Use LBaaS V2 instead.
2025-01-27 02:06:45.428 67954 WARNING heat.engine.environment [-] OS::Neutron::Pool is HIDDEN. Use LBaaS V2 instead.
2025-01-27 02:06:45.428 67954 WARNING heat.engine.environment [-] OS::Neutron::PoolMember is HIDDEN. Use LBaaS V2 instead.
2025-01-27 02:06:45.428 67954 WARNING heat.engine.environment [-] OS::Neutron::LoadBalancer is HIDDEN. Use LBaaS V2 instead.
2025-01-27 02:06:45.429 67954 WARNING heat.engine.environment [-] OS::Neutron::RouterGateway is HIDDEN. Use the `external_gateway_info` property in the router resource to set up the gateway.
2025-01-27 02:06:45.429 67954 WARNING heat.engine.environment [-] OS::Nova::FloatingIP is HIDDEN. Please use OS::Neutron::FloatingIP instead.
2025-01-27 02:06:45.429 67954 WARNING heat.engine.environment [-] OS::Nova::FloatingIPAssociation is HIDDEN. Please use OS::Neutron::FloatingIPAssociation instead.
2025-01-27 02:06:45.430 67954 INFO heat.engine.environment [-] Loading /etc/heat/environment.d/default.yaml
2025-01-27 02:06:45.432 67954 INFO heat.engine.environment [-] Registered: [Plugin](User:False) AWS::AutoScaling::AutoScalingGroup ->
2025-01-27 02:06:45.432 67954 INFO heat.engine.environment [-] Registered: [Plugin](User:False) AWS::AutoScaling::LaunchConfiguration ->
2025-01-27 02:06:45.432 67954 INFO heat.engine.environment [-] Registered: [Plugin](User:False) AWS::AutoScaling::ScalingPolicy ->
2025-01-27 02:06:45.432 67954 INFO heat.engine.environment [-] Registered: [Plugin](User:False) AWS::CloudFormation::Stack ->
2025-01-27 02:06:45.433 67954 INFO heat.engine.environment [-] Registered: [Plugin](User:False) AWS::CloudFormation::WaitCondition ->
2025-01-27 02:06:45.433 67954 INFO heat.engine.environment [-] Registered: [Plugin](User:False) AWS::CloudFormation::WaitConditionHandle ->
2025-01-27 02:06:45.433 67954 INFO heat.engine.environment [-] Registered: [Plugin](User:False) AWS::EC2::EIP ->
2025-01-27 02:06:45.433 67954 INFO heat.engine.environment [-] Registered: [Plugin](User:False) AWS::EC2::EIPAssociation ->
2025-01-27 02:06:45.433 67954 INFO heat.engine.environment [-] Registered: [Plugin](User:False) AWS::EC2::Instance ->
2025-01-27 02:06:45.433 67954 INFO heat.engine.environment [-] Registered: [Plugin](User:False) AWS::EC2::InternetGateway ->
2025-01-27 02:06:45.433 67954 INFO heat.engine.environment [-] Registered: [Plugin](User:False) AWS::EC2::VPCGatewayAttachment ->
2025-01-27 02:06:45.433 67954 INFO heat.engine.environment [-] Registered: [Plugin](User:False) AWS::EC2::NetworkInterface ->
2025-01-27 02:06:45.433 67954 INFO heat.engine.environment [-] Registered: [Plugin](User:False) AWS::EC2::RouteTable ->
2025-01-27 02:06:45.433 67954 INFO heat.engine.environment [-] Registered: [Plugin](User:False) AWS::EC2::SubnetRouteTableAssociation ->
2025-01-27 02:06:45.434 67954 INFO heat.engine.environment [-] Registered: [Plugin](User:False) AWS::EC2::SecurityGroup ->
2025-01-27 02:06:45.434 67954 INFO heat.engine.environment [-] Registered: [Plugin](User:False) AWS::EC2::Subnet ->
2025-01-27 02:06:45.434 67954 INFO heat.engine.environment [-] Registered: [Plugin](User:False) AWS::EC2::Volume ->
2025-01-27 02:06:45.434 67954 INFO heat.engine.environment [-] Registered: [Plugin](User:False) AWS::EC2::VolumeAttachment ->
2025-01-27 02:06:45.434 67954 INFO heat.engine.environment [-] Registered: [Plugin](User:False) AWS::EC2::VPC ->
2025-01-27 02:06:45.434 67954 INFO heat.engine.environment [-] Registered: [Plugin](User:False) AWS::IAM::User ->
2025-01-27 02:06:45.434 67954 INFO heat.engine.environment [-] Registered: [Plugin](User:False) AWS::IAM::AccessKey ->
2025-01-27 02:06:45.434 67954 INFO heat.engine.environment [-] Registered: [Plugin](User:False) AWS::ElasticLoadBalancing::LoadBalancer ->
2025-01-27 02:06:45.434 67954 INFO heat.engine.environment [-] Registered: [Plugin](User:False) AWS::S3::Bucket ->
2025-01-27 02:06:45.434 67954 INFO heat.engine.environment [-] Registered: [Plugin](User:False) OS::Aodh::Alarm ->
2025-01-27 02:06:45.434 67954 INFO heat.engine.environment [-] Registered: [Plugin](User:False) OS::Aodh::CombinationAlarm ->
2025-01-27 02:06:45.435 67954 INFO heat.engine.environment [-] Registered: [Plugin](User:False) OS::Aodh::EventAlarm ->
2025-01-27 02:06:45.435 67954 INFO heat.engine.environment [-] Registered: [Plugin](User:False) OS::Aodh::LBMemberHealthAlarm ->
2025-01-27 02:06:45.435 67954 INFO heat.engine.environment [-] Registered: [Plugin](User:False) OS::Aodh::CompositeAlarm ->
2025-01-27 02:06:45.435 67954 INFO heat.engine.environment [-] Registered: [Plugin](User:False) OS::Aodh::GnocchiResourcesAlarm ->
2025-01-27 02:06:45.435 67954 INFO heat.engine.environment [-] Registered: [Plugin](User:False) OS::Aodh::GnocchiAggregationByMetricsAlarm ->
2025-01-27 02:06:45.435 67954 INFO heat.engine.environment [-] Registered: [Plugin](User:False) OS::Aodh::GnocchiAggregationByResourcesAlarm ->
2025-01-27 02:06:45.435 67954 INFO heat.engine.environment [-] Registered: [Plugin](User:False) OS::Barbican::GenericContainer ->
2025-01-27 02:06:45.435 67954 INFO heat.engine.environment [-] Registered: [Plugin](User:False) OS::Barbican::CertificateContainer ->
2025-01-27 02:06:45.435 67954 INFO heat.engine.environment [-] Registered: [Plugin](User:False) OS::Barbican::RSAContainer ->
2025-01-27 02:06:45.435 67954 INFO heat.engine.environment [-] Registered: [Plugin](User:False) OS::Barbican::Order ->
2025-01-27 02:06:45.436 67954 INFO heat.engine.environment [-] Registered: [Plugin](User:False) OS::Barbican::Secret ->
2025-01-27 02:06:45.436 67954 INFO heat.engine.environment [-] Registered: [Plugin](User:False) OS::Blazar::Host ->
2025-01-27 02:06:45.436 67954 INFO heat.engine.environment [-] Registered: [Plugin](User:False) OS::Blazar::Lease ->
2025-01-27 02:06:45.436 67954 INFO heat.engine.environment [-] Registered: [Plugin](User:False) OS::Cinder::EncryptedVolumeType ->
2025-01-27 02:06:45.436 67954 INFO heat.engine.environment [-] Registered: [Plugin](User:False) OS::Cinder::QoSSpecs ->
2025-01-27 02:06:45.436 67954 INFO heat.engine.environment [-] Registered: [Plugin](User:False) OS::Cinder::QoSAssociation ->
2025-01-27 02:06:45.437 67954 INFO heat.engine.environment [-] Registered: [Plugin](User:False) OS::Cinder::Quota ->
2025-01-27 02:06:45.437 67954 INFO heat.engine.environment [-] Registered: [Plugin](User:False) OS::Cinder::Volume ->
2025-01-27 02:06:45.437 67954 INFO heat.engine.environment [-] Registered: [Plugin](User:False) OS::Cinder::VolumeAttachment ->
2025-01-27 02:06:45.437 67954 INFO heat.engine.environment [-] Registered: [Plugin](User:False) OS::Cinder::VolumeType ->
2025-01-27 02:06:45.437 67954 INFO heat.engine.environment [-] Registered: [Plugin](User:False) OS::Designate::Domain ->
2025-01-27 02:06:45.437 67954 INFO heat.engine.environment [-] Registered: [Plugin](User:False) OS::Designate::Record ->
2025-01-27 02:06:45.437 67954 INFO heat.engine.environment [-] Registered: [Plugin](User:False) OS::Designate::RecordSet ->
2025-01-27 02:06:45.437 67954 INFO heat.engine.environment [-] Registered: [Plugin](User:False) OS::Designate::Zone ->
2025-01-27 02:06:45.437 67954 INFO heat.engine.environment [-] Registered: [Plugin](User:False) OS::Glance::Image ->
2025-01-27 02:06:45.437 67954 INFO heat.engine.environment [-] Registered: [Plugin](User:False) OS::Glance::WebImage ->
2025-01-27 02:06:45.438 67954 INFO heat.engine.environment [-] Registered: [Plugin](User:False) OS::Heat::AccessPolicy ->
2025-01-27 02:06:45.438 67954 INFO heat.engine.environment [-] Registered: [Plugin](User:False) OS::Heat::AutoScalingGroup ->
2025-01-27 02:06:45.438 67954 INFO heat.engine.environment [-] Registered: [Plugin](User:False) OS::Heat::CloudConfig ->
2025-01-27 02:06:45.438 67954 INFO heat.engine.environment [-] Registered: [Plugin](User:False) OS::Heat::Delay ->
2025-01-27 02:06:45.438 67954 INFO heat.engine.environment [-] Registered: [Plugin](User:False) OS::Heat::DeployedServer ->
2025-01-27 02:06:45.438 67954 INFO heat.engine.environment [-] Registered: [Plugin](User:False) OS::Heat::HARestarter ->
2025-01-27 02:06:45.438 67954 INFO heat.engine.environment [-] Registered: [Plugin](User:False) OS::Heat::InstanceGroup ->
2025-01-27 02:06:45.438 67954 INFO heat.engine.environment [-] Registered: [Plugin](User:False) OS::Heat::MultipartMime ->
2025-01-27 02:06:45.438 67954 INFO heat.engine.environment [-] Registered: [Plugin](User:False) OS::Heat::None ->
2025-01-27 02:06:45.438 67954 INFO heat.engine.environment [-] Registered: [Plugin](User:False) OS::Heat::RandomString ->
2025-01-27 02:06:45.438 67954 INFO heat.engine.environment [-] Registered: [Plugin](User:False) OS::Heat::Stack ->
2025-01-27 02:06:45.439 67954 INFO heat.engine.environment [-] Registered: [Plugin](User:False) OS::Heat::ResourceChain ->
2025-01-27 02:06:45.439 67954 INFO heat.engine.environment [-] Registered: [Plugin](User:False) OS::Heat::ResourceGroup ->
2025-01-27 02:06:45.439 67954 INFO heat.engine.environment [-] Registered: [Plugin](User:False) OS::Heat::ScalingPolicy ->
2025-01-27 02:06:45.439 67954 INFO heat.engine.environment [-] Registered: [Plugin](User:False) OS::Heat::SoftwareComponent ->
2025-01-27 02:06:45.439 67954 INFO heat.engine.environment [-] Registered: [Plugin](User:False) OS::Heat::SoftwareConfig ->
2025-01-27 02:06:45.439 67954 INFO heat.engine.environment [-] Registered: [Plugin](User:False) OS::Heat::SoftwareDeployment ->
2025-01-27 02:06:45.439 67954 INFO heat.engine.environment [-] Registered: [Plugin](User:False) OS::Heat::SoftwareDeploymentGroup ->
2025-01-27 02:06:45.439 67954 INFO heat.engine.environment [-] Registered: [Plugin](User:False) OS::Heat::SoftwareDeployments ->
2025-01-27 02:06:45.439 67954 INFO heat.engine.environment [-] Registered: [Plugin](User:False) OS::Heat::StructuredConfig ->
2025-01-27 02:06:45.439 67954 INFO heat.engine.environment [-] Registered: [Plugin](User:False) OS::Heat::StructuredDeployment ->
2025-01-27 02:06:45.439 67954 INFO heat.engine.environment [-] Registered: [Plugin](User:False) OS::Heat::StructuredDeploymentGroup ->
2025-01-27 02:06:45.439 67954 INFO heat.engine.environment [-] Registered: [Plugin](User:False) OS::Heat::StructuredDeployments ->
2025-01-27 02:06:45.440 67954 INFO heat.engine.environment [-] Registered: [Plugin](User:False) OS::Heat::SwiftSignal ->
2025-01-27 02:06:45.440 67954 INFO heat.engine.environment [-] Registered: [Plugin](User:False) OS::Heat::SwiftSignalHandle ->
2025-01-27 02:06:45.440 67954 INFO heat.engine.environment [-] Registered: [Plugin](User:False) OS::Heat::TestResource ->
2025-01-27 02:06:45.440 67954 INFO heat.engine.environment [-] Registered: [Plugin](User:False) OS::Heat::Value ->
2025-01-27 02:06:45.440 67954 INFO heat.engine.environment [-] Registered: [Plugin](User:False) OS::Heat::WaitCondition ->
2025-01-27 02:06:45.440 67954 INFO heat.engine.environment [-] Registered: [Plugin](User:False) OS::Heat::WaitConditionHandle ->
2025-01-27 02:06:45.440 67954 INFO heat.engine.environment [-] Registered: [Plugin](User:False) OS::Heat::UpdateWaitConditionHandle ->
2025-01-27 02:06:45.440 67954 INFO heat.engine.environment [-] Registered: [Plugin](User:False) OS::Ironic::Port ->
2025-01-27 02:06:45.440 67954 INFO heat.engine.environment [-] Registered: [Plugin](User:False) OS::Keystone::Domain ->
2025-01-27 02:06:45.440 67954 INFO heat.engine.environment [-] Registered: [Plugin](User:False) OS::Keystone::Endpoint ->
2025-01-27 02:06:45.440 67954 INFO heat.engine.environment [-] Registered: [Plugin](User:False) OS::Keystone::Group ->
2025-01-27 02:06:45.441 67954 INFO heat.engine.environment [-] Registered: [Plugin](User:False) OS::Keystone::Project ->
2025-01-27 02:06:45.441 67954 INFO heat.engine.environment [-] Registered: [Plugin](User:False) OS::Keystone::Region ->
2025-01-27 02:06:45.441 67954 INFO heat.engine.environment [-] Registered: [Plugin](User:False) OS::Keystone::Role ->
2025-01-27 02:06:45.441 67954 INFO heat.engine.environment [-] Registered: [Plugin](User:False) OS::Keystone::UserRoleAssignment ->
2025-01-27 02:06:45.441 67954 INFO heat.engine.environment [-] Registered: [Plugin](User:False) OS::Keystone::GroupRoleAssignment ->
2025-01-27 02:06:45.441 67954 INFO heat.engine.environment [-] Registered: [Plugin](User:False) OS::Keystone::Service ->
2025-01-27 02:06:45.441 67954 INFO heat.engine.environment [-] Registered: [Plugin](User:False) OS::Keystone::User ->
2025-01-27 02:06:45.441 67954 INFO heat.engine.environment [-] Registered: [Plugin](User:False) OS::Magnum::Bay ->
2025-01-27 02:06:45.441 67954 INFO heat.engine.environment [-] Registered: [Plugin](User:False) OS::Magnum::BayModel ->
2025-01-27 02:06:45.441 67954 INFO heat.engine.environment [-] Registered: [Plugin](User:False) OS::Magnum::Cluster ->
2025-01-27 02:06:45.441 67954 INFO heat.engine.environment [-] Registered: [Plugin](User:False) OS::Magnum::ClusterTemplate ->
2025-01-27 02:06:45.442 67954 INFO heat.engine.environment [-] Registered: [Plugin](User:False) OS::Manila::SecurityService ->
2025-01-27 02:06:45.442 67954 INFO heat.engine.environment [-] Registered: [Plugin](User:False) OS::Manila::Share ->
2025-01-27 02:06:45.442 67954 INFO heat.engine.environment [-] Registered: [Plugin](User:False) OS::Manila::ShareNetwork ->
2025-01-27 02:06:45.442 67954 INFO heat.engine.environment [-] Registered: [Plugin](User:False) OS::Manila::ShareType ->
2025-01-27 02:06:45.442 67954 INFO heat.engine.environment [-] Registered: [Plugin](User:False) OS::Mistral::CronTrigger ->
2025-01-27 02:06:45.442 67954 INFO heat.engine.environment [-] Registered: [Plugin](User:False) OS::Mistral::ExternalResource ->
2025-01-27 02:06:45.442 67954 INFO heat.engine.environment [-] Registered: [Plugin](User:False) OS::Mistral::Workflow ->
2025-01-27 02:06:45.442 67954 INFO heat.engine.environment [-] Registered: [Plugin](User:False) OS::Monasca::AlarmDefinition ->
2025-01-27 02:06:45.442 67954 INFO heat.engine.environment [-] Registered: [Plugin](User:False) OS::Monasca::Notification ->
2025-01-27 02:06:45.442 67954 INFO heat.engine.environment [-] Registered: [Plugin](User:False) OS::Neutron::AddressScope ->
2025-01-27 02:06:45.442 67954 INFO heat.engine.environment [-] Registered: [Plugin](User:False) OS::Neutron::ExtraRoute ->
2025-01-27 02:06:45.442 67954 INFO heat.engine.environment [-] Registered: [Plugin](User:False) OS::Neutron::ExtraRouteSet ->
2025-01-27 02:06:45.443 67954 INFO heat.engine.environment [-] Registered: [Plugin](User:False) OS::Neutron::Firewall ->
2025-01-27 02:06:45.443 67954 INFO heat.engine.environment [-] Registered: [Plugin](User:False) OS::Neutron::FirewallPolicy ->
2025-01-27 02:06:45.443 67954 INFO heat.engine.environment [-] Registered: [Plugin](User:False) OS::Neutron::FirewallRule ->
2025-01-27 02:06:45.443 67954 INFO heat.engine.environment [-] Registered: [Plugin](User:False) OS::Neutron::FloatingIP ->
2025-01-27 02:06:45.443 67954 INFO heat.engine.environment [-] Registered: [Plugin](User:False) OS::Neutron::FloatingIPAssociation ->
2025-01-27 02:06:45.443 67954 INFO heat.engine.environment [-] Registered: [Plugin](User:False) OS::Neutron::L2Gateway ->
2025-01-27 02:06:45.443 67954 INFO heat.engine.environment [-] Registered: [Plugin](User:False) OS::Neutron::L2GatewayConnection ->
2025-01-27 02:06:45.443 67954 INFO heat.engine.environment [-] Registered: [Plugin](User:False) OS::Neutron::LBaaS::HealthMonitor ->
2025-01-27 02:06:45.443 67954 INFO heat.engine.environment [-] Registered: [Plugin](User:False) OS::Neutron::LBaaS::L7Policy ->
2025-01-27 02:06:45.443 67954 INFO heat.engine.environment [-] Registered: [Plugin](User:False) OS::Neutron::LBaaS::L7Rule ->
2025-01-27 02:06:45.443 67954 INFO heat.engine.environment [-] Registered: [Plugin](User:False) OS::Neutron::LBaaS::Listener ->
2025-01-27 02:06:45.443 67954 INFO heat.engine.environment [-] Registered: [Plugin](User:False) OS::Neutron::LBaaS::LoadBalancer ->
2025-01-27 02:06:45.444 67954 INFO heat.engine.environment [-] Registered: [Plugin](User:False) OS::Neutron::LBaaS::Pool ->
2025-01-27 02:06:45.444 67954 INFO heat.engine.environment [-] Registered: [Plugin](User:False) OS::Neutron::LBaaS::PoolMember ->
2025-01-27 02:06:45.444 67954 INFO heat.engine.environment [-] Registered: [Plugin](User:False) OS::Neutron::HealthMonitor ->
2025-01-27 02:06:45.444 67954 INFO heat.engine.environment [-] Registered: [Plugin](User:False) OS::Neutron::Pool ->
2025-01-27 02:06:45.444 67954 INFO heat.engine.environment [-] Registered: [Plugin](User:False) OS::Neutron::PoolMember ->
2025-01-27 02:06:45.444 67954 INFO heat.engine.environment [-] Registered: [Plugin](User:False) OS::Neutron::LoadBalancer ->
2025-01-27 02:06:45.444 67954 INFO heat.engine.environment [-] Registered: [Plugin](User:False) OS::Neutron::MeteringLabel ->
2025-01-27 02:06:45.444 67954 INFO heat.engine.environment [-] Registered: [Plugin](User:False) OS::Neutron::MeteringRule ->
2025-01-27 02:06:45.444 67954 INFO heat.engine.environment [-] Registered: [Plugin](User:False) OS::Neutron::Net ->
2025-01-27 02:06:45.444 67954 INFO heat.engine.environment [-] Registered: [Plugin](User:False) OS::Neutron::NetworkGateway ->
2025-01-27 02:06:45.444 67954 INFO heat.engine.environment [-] Registered: [Plugin](User:False) OS::Neutron::Port ->
2025-01-27 02:06:45.444 67954 INFO heat.engine.environment [-] Registered: [Plugin](User:False) OS::Neutron::ProviderNet ->
2025-01-27 02:06:45.445 67954 INFO heat.engine.environment [-] Registered: [Plugin](User:False) OS::Neutron::QoSPolicy ->
2025-01-27 02:06:45.445 67954 INFO heat.engine.environment [-] Registered: [Plugin](User:False) OS::Neutron::QoSBandwidthLimitRule ->
2025-01-27 02:06:45.445 67954 INFO heat.engine.environment [-] Registered: [Plugin](User:False) OS::Neutron::QoSDscpMarkingRule ->
2025-01-27 02:06:45.445 67954 INFO heat.engine.environment [-] Registered: [Plugin](User:False) OS::Neutron::QoSMinimumBandwidthRule ->
2025-01-27 02:06:45.445 67954 INFO heat.engine.environment [-] Registered: [Plugin](User:False) OS::Neutron::Quota ->
2025-01-27 02:06:45.445 67954 INFO heat.engine.environment [-] Registered: [Plugin](User:False) OS::Neutron::RBACPolicy ->
2025-01-27 02:06:45.445 67954 INFO heat.engine.environment [-] Registered: [Plugin](User:False) OS::Neutron::Router ->
2025-01-27 02:06:45.445 67954 INFO heat.engine.environment [-] Registered: [Plugin](User:False) OS::Neutron::RouterInterface ->
2025-01-27 02:06:45.445 67954 INFO heat.engine.environment [-] Registered: [Plugin](User:False) OS::Neutron::RouterGateway ->
2025-01-27 02:06:45.445 67954 INFO heat.engine.environment [-] Registered: [Plugin](User:False) OS::Neutron::SecurityGroup ->
2025-01-27 02:06:45.445 67954 INFO heat.engine.environment [-] Registered: [Plugin](User:False) OS::Neutron::SecurityGroupRule ->
2025-01-27 02:06:45.445 67954 INFO heat.engine.environment [-] Registered: [Plugin](User:False) OS::Neutron::Segment ->
2025-01-27 02:06:45.446 67954 INFO heat.engine.environment [-] Registered: [Plugin](User:False) OS::Neutron::FlowClassifier ->
2025-01-27 02:06:45.446 67954 INFO heat.engine.environment [-] Registered: [Plugin](User:False) OS::Neutron::PortChain ->
2025-01-27 02:06:45.446 67954 INFO heat.engine.environment [-] Registered: [Plugin](User:False) OS::Neutron::PortPair ->
2025-01-27 02:06:45.446 67954 INFO heat.engine.environment [-] Registered: [Plugin](User:False) OS::Neutron::PortPairGroup ->
2025-01-27 02:06:45.446 67954 INFO heat.engine.environment [-] Registered: [Plugin](User:False) OS::Neutron::Subnet ->
2025-01-27 02:06:45.446 67954 INFO heat.engine.environment [-] Registered: [Plugin](User:False) OS::Neutron::SubnetPool ->
2025-01-27 02:06:45.446 67954 INFO heat.engine.environment [-] Registered: [Plugin](User:False) OS::Neutron::TaaS::TapFlow ->
2025-01-27 02:06:45.446 67954 INFO heat.engine.environment [-] Registered: [Plugin](User:False) OS::Neutron::TaaS::TapService ->
2025-01-27 02:06:45.446 67954 INFO heat.engine.environment [-] Registered: [Plugin](User:False) OS::Neutron::Trunk ->
2025-01-27 02:06:45.446 67954 INFO heat.engine.environment [-] Registered: [Plugin](User:False) OS::Neutron::VPNService ->
2025-01-27 02:06:45.447 67954 INFO heat.engine.environment [-] Registered: [Plugin](User:False) OS::Neutron::IPsecSiteConnection ->
2025-01-27 02:06:45.447 67954 INFO heat.engine.environment [-] Registered: [Plugin](User:False) OS::Neutron::IKEPolicy ->
2025-01-27 02:06:45.447 67954 INFO heat.engine.environment [-] Registered: [Plugin](User:False) OS::Neutron::IPsecPolicy ->
2025-01-27 02:06:45.447 67954 INFO heat.engine.environment [-] Registered: [Plugin](User:False) OS::Nova::Flavor ->
2025-01-27 02:06:45.447 67954 INFO heat.engine.environment [-] Registered: [Plugin](User:False) OS::Nova::FloatingIP ->
2025-01-27 02:06:45.447 67954 INFO heat.engine.environment [-] Registered: [Plugin](User:False) OS::Nova::FloatingIPAssociation ->
2025-01-27 02:06:45.447 67954 INFO heat.engine.environment [-] Registered: [Plugin](User:False) OS::Nova::HostAggregate ->
2025-01-27 02:06:45.447 67954 INFO heat.engine.environment [-] Registered: [Plugin](User:False) OS::Nova::KeyPair ->
2025-01-27 02:06:45.447 67954 INFO heat.engine.environment [-] Registered: [Plugin](User:False) OS::Nova::Quota ->
2025-01-27 02:06:45.447 67954 INFO heat.engine.environment [-] Registered: [Plugin](User:False) OS::Nova::Server ->
2025-01-27 02:06:45.447 67954 INFO heat.engine.environment [-] Registered: [Plugin](User:False) OS::Nova::ServerGroup ->
2025-01-27 02:06:45.447 67954 INFO heat.engine.environment [-] Registered: [Plugin](User:False) OS::Octavia::Flavor ->
2025-01-27 02:06:45.448 67954 INFO heat.engine.environment [-] Registered: [Plugin](User:False) OS::Octavia::FlavorProfile ->
2025-01-27 02:06:45.448 67954 INFO heat.engine.environment [-] Registered: [Plugin](User:False) OS::Octavia::HealthMonitor ->
2025-01-27 02:06:45.448 67954 INFO heat.engine.environment [-] Registered: [Plugin](User:False) OS::Octavia::L7Policy ->
2025-01-27 02:06:45.448 67954 INFO heat.engine.environment [-] Registered: [Plugin](User:False) OS::Octavia::L7Rule ->
2025-01-27 02:06:45.448 67954 INFO heat.engine.environment [-] Registered: [Plugin](User:False) OS::Octavia::Listener ->
2025-01-27 02:06:45.448 67954 INFO heat.engine.environment [-] Registered: [Plugin](User:False) OS::Octavia::LoadBalancer ->
2025-01-27 02:06:45.448 67954 INFO heat.engine.environment [-] Registered: [Plugin](User:False) OS::Octavia::Pool ->
2025-01-27 02:06:45.448 67954 INFO heat.engine.environment [-] Registered: [Plugin](User:False) OS::Octavia::PoolMember ->
2025-01-27 02:06:45.448 67954 INFO heat.engine.environment [-] Registered: [Plugin](User:False) OS::Octavia::Quota ->
2025-01-27 02:06:45.448 67954 INFO heat.engine.environment [-] Registered: [Plugin](User:False) OS::Sahara::Cluster ->
2025-01-27 02:06:45.448 67954 INFO heat.engine.environment [-] Registered: [Plugin](User:False) OS::Sahara::DataSource ->
2025-01-27 02:06:45.449 67954 INFO heat.engine.environment [-] Registered: [Plugin](User:False) OS::Sahara::ImageRegistry ->
2025-01-27 02:06:45.449 67954 INFO heat.engine.environment [-] Registered: [Plugin](User:False) OS::Sahara::Job ->
2025-01-27 02:06:45.449 67954 INFO heat.engine.environment [-] Registered: [Plugin](User:False) OS::Sahara::JobBinary ->
2025-01-27 02:06:45.449 67954 INFO heat.engine.environment [-] Registered: [Plugin](User:False) OS::Sahara::NodeGroupTemplate ->
2025-01-27 02:06:45.449 67954 INFO heat.engine.environment [-] Registered: [Plugin](User:False) OS::Sahara::ClusterTemplate ->
2025-01-27 02:06:45.449 67954 INFO heat.engine.environment [-] Registered: [Plugin](User:False) OS::Senlin::Cluster ->
2025-01-27 02:06:45.449 67954 INFO heat.engine.environment [-] Registered: [Plugin](User:False) OS::Senlin::Node ->
2025-01-27 02:06:45.449 67954 INFO heat.engine.environment [-] Registered: [Plugin](User:False) OS::Senlin::Policy ->
2025-01-27 02:06:45.449 67954 INFO heat.engine.environment [-] Registered: [Plugin](User:False) OS::Senlin::Profile ->
2025-01-27 02:06:45.449 67954 INFO heat.engine.environment [-] Registered: [Plugin](User:False) OS::Senlin::Receiver ->
2025-01-27 02:06:45.449 67954 INFO heat.engine.environment [-] Registered: [Plugin](User:False) OS::Swift::Container ->
2025-01-27 02:06:45.449 67954 INFO heat.engine.environment [-] Registered: [Plugin](User:False) OS::Trove::Cluster ->
2025-01-27 02:06:45.450 67954 INFO heat.engine.environment [-] Registered: [Plugin](User:False) OS::Trove::Instance ->
2025-01-27 02:06:45.450 67954 INFO heat.engine.environment [-] Registered: [Plugin](User:False) OS::Vitrage::Template ->
2025-01-27 02:06:45.450 67954 INFO heat.engine.environment [-] Registered: [Plugin](User:False) OS::Zaqar::Queue ->
2025-01-27 02:06:45.450 67954 INFO heat.engine.environment [-] Registered: [Plugin](User:False) OS::Zaqar::SignedQueueURL ->
2025-01-27 02:06:45.450 67954 INFO heat.engine.environment [-] Registered: [Plugin](User:False) OS::Zaqar::Subscription ->
2025-01-27 02:06:45.450 67954 INFO heat.engine.environment [-] Registered: [Plugin](User:False) OS::Zaqar::MistralTrigger ->
2025-01-27 02:06:45.450 67954 INFO heat.engine.environment [-] Registered: [Wildcard Mapping](User:False) OS::Quantum* -> OS::Neutron*
2025-01-27 02:06:45.450 67954 INFO heat.engine.environment [-] Registered: [Template](User:False) AWS::CloudWatch::Alarm -> file:///etc/heat/templates/AWS_CloudWatch_Alarm.yaml
2025-01-27 02:06:45.450 67954 INFO heat.engine.environment [-] Registered: [Mapping](User:False) OS::Metering::Alarm -> OS::Aodh::Alarm
2025-01-27 02:06:45.451 67954 INFO heat.engine.environment [-] Registered: [Template](User:False) AWS::RDS::DBInstance -> file:///etc/heat/templates/AWS_RDS_DBInstance.yaml
2025-01-27 02:06:45.451 67954 INFO heat.engine.environment [-] Registered: [Mapping](User:False) OS::Ceilometer::Alarm -> OS::Aodh::Alarm
2025-01-27 02:06:45.451 67954 INFO heat.engine.environment [-] Registered: [Mapping](User:False) OS::Ceilometer::GnocchiResourcesAlarm -> OS::Aodh::GnocchiResourcesAlarm
2025-01-27 02:06:45.451 67954 INFO heat.engine.environment [-] Registered: [Mapping](User:False) OS::Ceilometer::GnocchiAggregationByMetricsAlarm -> OS::Aodh::GnocchiAggregationByMetricsAlarm
2025-01-27 02:06:45.451 67954 INFO heat.engine.environment [-] Registered: [Mapping](User:False) OS::Ceilometer::GnocchiAggregationByResourcesAlarm -> OS::Aodh::GnocchiAggregationByResourcesAlarm
2025-01-27 02:06:45.451 67954 INFO heat.engine.environment [-] Registered: [Mapping](User:False) OS::Ceilometer::CombinationAlarm -> OS::Aodh::CombinationAlarm
2025-01-27 02:06:45.461 67954 DEBUG oslo_concurrency.lockutils [-] Acquired lock "singleton_lock" lock /usr/lib/python3/dist-packages/oslo_concurrency/lockutils.py:294
2025-01-27 02:06:45.462 67954 DEBUG oslo_concurrency.lockutils [-] Releasing lock "singleton_lock" lock /usr/lib/python3/dist-packages/oslo_concurrency/lockutils.py:312
2025-01-27 02:06:45.462 67954 INFO oslo_service.service [-] Starting 4 workers
2025-01-27 02:06:45.466 67954 DEBUG oslo_service.service [-] Started child 68167 _start_child /usr/lib/python3/dist-packages/oslo_service/service.py:575
2025-01-27 02:06:45.471 68167 DEBUG heat.engine.service [-] Starting listener for engine b408c1a1-20af-4f8b-bb61-7ed0e79404be start /usr/lib/python3/dist-packages/heat/engine/service.py:392
2025-01-27 02:06:45.471 67954 DEBUG oslo_service.service [-] Started child 68168 _start_child /usr/lib/python3/dist-packages/oslo_service/service.py:575
2025-01-27 02:06:45.475 67954 DEBUG oslo_service.service [-] Started child 68169 _start_child /usr/lib/python3/dist-packages/oslo_service/service.py:575
2025-01-27 02:06:45.476 68168 DEBUG heat.engine.service [-] Starting listener for engine fca41bc7-164b-4072-a116-9f29ac791937 start /usr/lib/python3/dist-packages/heat/engine/service.py:392
2025-01-27 02:06:45.480 68169 DEBUG heat.engine.service [-] Starting listener for engine 370a6dd4-9dcb-42e2-9445-4bdea8bd6d66 start /usr/lib/python3/dist-packages/heat/engine/service.py:392
2025-01-27 02:06:45.480 67954 DEBUG oslo_service.service [-] Started child 68170 _start_child /usr/lib/python3/dist-packages/oslo_service/service.py:575
2025-01-27 02:06:45.481 67954 DEBUG oslo_service.service [-] Full set of CONF: wait /usr/lib/python3/dist-packages/oslo_service/service.py:649
2025-01-27 02:06:45.481 67954 DEBUG oslo_service.service [-] ******************************************************************************** log_opt_values /usr/lib/python3/dist-packages/oslo_config/cfg.py:2589
2025-01-27 02:06:45.481 67954 DEBUG oslo_service.service [-] Configuration options gathered from: log_opt_values /usr/lib/python3/dist-packages/oslo_config/cfg.py:2590
2025-01-27 02:06:45.482 67954 DEBUG oslo_service.service [-] command line args: ['--config-file=/etc/heat/heat.conf', '--log-file=/var/log/heat/heat-engine.log'] log_opt_values /usr/lib/python3/dist-packages/oslo_config/cfg.py:2591
2025-01-27 02:06:45.483 67954 DEBUG oslo_service.service [-] config files: ['/etc/heat/heat.conf'] log_opt_values /usr/lib/python3/dist-packages/oslo_config/cfg.py:2592
2025-01-27 02:06:45.483 67954 DEBUG oslo_service.service [-] ================================================================================ log_opt_values /usr/lib/python3/dist-packages/oslo_config/cfg.py:2594
