2025-01-27 00:28:24.752 34149 DEBUG oslo_service.service [-] clients_zaqar.insecure = None log_opt_values /usr/lib/python3/dist-packages/oslo_config/cfg.py:2609
2025-01-27 00:28:24.752 34149 DEBUG oslo_service.service [-] clients_zaqar.key_file = None log_opt_values /usr/lib/python3/dist-packages/oslo_config/cfg.py:2609
2025-01-27 00:28:24.752 34149 DEBUG oslo_service.service [-] database.backend = sqlalchemy log_opt_values /usr/lib/python3/dist-packages/oslo_config/cfg.py:2609
2025-01-27 00:28:24.752 34149 DEBUG oslo_service.service [-] database.connection = **** log_opt_values /usr/lib/python3/dist-packages/oslo_config/cfg.py:2609
2025-01-27 00:28:24.753 34149 DEBUG oslo_service.service [-] database.connection_debug = 0 log_opt_values /usr/lib/python3/dist-packages/oslo_config/cfg.py:2609
2025-01-27 00:28:24.753 34149 DEBUG oslo_service.service [-] database.connection_parameters = log_opt_values /usr/lib/python3/dist-packages/oslo_config/cfg.py:2609
2025-01-27 00:28:24.753 34149 DEBUG oslo_service.service [-] database.connection_recycle_time = 3600 log_opt_values /usr/lib/python3/dist-packages/oslo_config/cfg.py:2609
2025-01-27 00:28:24.753 34149 DEBUG oslo_service.service [-] database.connection_trace = False log_opt_values /usr/lib/python3/dist-packages/oslo_config/cfg.py:2609
2025-01-27 00:28:24.753 34149 DEBUG oslo_service.service [-] database.db_inc_retry_interval = True log_opt_values /usr/lib/python3/dist-packages/oslo_config/cfg.py:2609
2025-01-27 00:28:24.759 34149 DEBUG oslo_service.service [-] database.db_max_retries = 20 log_opt_values /usr/lib/python3/dist-packages/oslo_config/cfg.py:2609
2025-01-27 00:28:24.759 34149 DEBUG oslo_service.service [-] database.db_max_retry_interval = 10 log_opt_values /usr/lib/python3/dist-packages/oslo_config/cfg.py:2609
2025-01-27 00:28:24.759 34149 DEBUG oslo_service.service [-] database.db_retry_interval = 1 log_opt_values /usr/lib/python3/dist-packages/oslo_config/cfg.py:2609
2025-01-27 00:28:24.760 34149 DEBUG oslo_service.service [-] database.max_overflow = 50 log_opt_values /usr/lib/python3/dist-packages/oslo_config/cfg.py:2609
2025-01-27 00:28:24.760 34149 DEBUG oslo_service.service [-] database.max_pool_size = 5 log_opt_values /usr/lib/python3/dist-packages/oslo_config/cfg.py:2609
2025-01-27 00:28:24.760 34149 DEBUG oslo_service.service [-] database.max_retries = 10 log_opt_values /usr/lib/python3/dist-packages/oslo_config/cfg.py:2609
2025-01-27 00:28:24.760 34149 DEBUG oslo_service.service [-] database.mysql_enable_ndb = False log_opt_values /usr/lib/python3/dist-packages/oslo_config/cfg.py:2609
2025-01-27 00:28:24.761 34149 DEBUG oslo_service.service [-] database.mysql_sql_mode = TRADITIONAL log_opt_values /usr/lib/python3/dist-packages/oslo_config/cfg.py:2609
2025-01-27 00:28:24.761 34149 DEBUG oslo_service.service [-] database.pool_timeout = None log_opt_values /usr/lib/python3/dist-packages/oslo_config/cfg.py:2609
2025-01-27 00:28:24.761 34149 DEBUG oslo_service.service [-] database.retry_interval = 10 log_opt_values /usr/lib/python3/dist-packages/oslo_config/cfg.py:2609
2025-01-27 00:28:24.764 34149 DEBUG oslo_service.service [-] database.slave_connection = **** log_opt_values /usr/lib/python3/dist-packages/oslo_config/cfg.py:2609
2025-01-27 00:28:24.766 34149 DEBUG oslo_service.service [-] database.sqlite_synchronous = True log_opt_values /usr/lib/python3/dist-packages/oslo_config/cfg.py:2609
2025-01-27 00:28:24.767 34149 DEBUG oslo_service.service [-] database.use_db_reconnect = False log_opt_values /usr/lib/python3/dist-packages/oslo_config/cfg.py:2609
2025-01-27 00:28:24.767 34149 DEBUG oslo_service.service [-] oslo_messaging_metrics.metrics_buffer_size = 1000 log_opt_values /usr/lib/python3/dist-packages/oslo_config/cfg.py:2609
2025-01-27 00:28:24.768 34149 DEBUG oslo_service.service [-] oslo_messaging_metrics.metrics_enabled = False log_opt_values /usr/lib/python3/dist-packages/oslo_config/cfg.py:2609
2025-01-27 00:28:24.768 34149 DEBUG oslo_service.service [-] oslo_messaging_metrics.metrics_process_name = log_opt_values /usr/lib/python3/dist-packages/oslo_config/cfg.py:2609
2025-01-27 00:28:24.768 34149 DEBUG oslo_service.service [-] oslo_messaging_metrics.metrics_socket_file = /var/tmp/metrics_collector.sock log_opt_values /usr/lib/python3/dist-packages/oslo_config/cfg.py:2609
2025-01-27 00:28:24.768 34149 DEBUG oslo_service.service [-] oslo_messaging_metrics.metrics_thread_stop_timeout = 10 log_opt_values /usr/lib/python3/dist-packages/oslo_config/cfg.py:2609
2025-01-27 00:28:24.768 34149 DEBUG oslo_service.service [-] oslo_policy.enforce_new_defaults = False log_opt_values /usr/lib/python3/dist-packages/oslo_config/cfg.py:2609
2025-01-27 00:28:24.768 34149 DEBUG oslo_service.service [-] oslo_policy.enforce_scope = False log_opt_values /usr/lib/python3/dist-packages/oslo_config/cfg.py:2609
2025-01-27 00:28:24.770 34149 DEBUG oslo_service.service [-] oslo_policy.policy_default_rule = default log_opt_values /usr/lib/python3/dist-packages/oslo_config/cfg.py:2609
2025-01-27 00:28:24.770 34149 DEBUG oslo_service.service [-] oslo_policy.policy_dirs = ['policy.d'] log_opt_values /usr/lib/python3/dist-packages/oslo_config/cfg.py:2609
2025-01-27 00:28:24.770 34149 DEBUG oslo_service.service [-] oslo_policy.policy_file = policy.yaml log_opt_values /usr/lib/python3/dist-packages/oslo_config/cfg.py:2609
2025-01-27 00:28:24.771 34149 DEBUG oslo_service.service [-] oslo_policy.remote_content_type = application/x-www-form-urlencoded log_opt_values /usr/lib/python3/dist-packages/oslo_config/cfg.py:2609
2025-01-27 00:28:24.771 34149 DEBUG oslo_service.service [-] oslo_policy.remote_ssl_ca_crt_file = None log_opt_values /usr/lib/python3/dist-packages/oslo_config/cfg.py:2609
2025-01-27 00:28:24.771 34149 DEBUG oslo_service.service [-] oslo_policy.remote_ssl_client_crt_file = None log_opt_values /usr/lib/python3/dist-packages/oslo_config/cfg.py:2609
2025-01-27 00:28:24.773 34149 DEBUG oslo_service.service [-] oslo_policy.remote_ssl_client_key_file = None log_opt_values /usr/lib/python3/dist-packages/oslo_config/cfg.py:2609
2025-01-27 00:28:24.774 34149 DEBUG oslo_service.service [-] oslo_policy.remote_ssl_verify_server_crt = False log_opt_values /usr/lib/python3/dist-packages/oslo_config/cfg.py:2609
2025-01-27 00:28:24.775 34149 DEBUG oslo_service.service [-] trustee.auth_section = None log_opt_values /usr/lib/python3/dist-packages/oslo_config/cfg.py:2609
2025-01-27 00:28:24.775 34149 WARNING oslo_config.cfg [-] Deprecated: Option "auth_plugin" from group "trustee" is deprecated. Use option "auth_type" from group "trustee".
2025-01-27 00:28:24.777 34149 DEBUG oslo_service.service [-] trustee.auth_type = password log_opt_values /usr/lib/python3/dist-packages/oslo_config/cfg.py:2609
2025-01-27 00:28:24.777 34149 DEBUG oslo_service.service [-] oslo_versionedobjects.fatal_exception_format_errors = False log_opt_values /usr/lib/python3/dist-packages/oslo_config/cfg.py:2609
2025-01-27 00:28:24.778 34149 DEBUG oslo_service.service [-] oslo_messaging_rabbit.amqp_auto_delete = False log_opt_values /usr/lib/python3/dist-packages/oslo_config/cfg.py:2609
2025-01-27 00:28:24.781 34149 DEBUG oslo_service.service [-] oslo_messaging_rabbit.amqp_durable_queues = False log_opt_values /usr/lib/python3/dist-packages/oslo_config/cfg.py:2609
2025-01-27 00:28:24.781 34149 DEBUG oslo_service.service [-] oslo_messaging_rabbit.conn_pool_min_size = 2 log_opt_values /usr/lib/python3/dist-packages/oslo_config/cfg.py:2609
2025-01-27 00:28:24.785 34149 DEBUG oslo_service.service [-] oslo_messaging_rabbit.conn_pool_ttl = 1200 log_opt_values /usr/lib/python3/dist-packages/oslo_config/cfg.py:2609
2025-01-27 00:28:24.786 34149 DEBUG oslo_service.service [-] oslo_messaging_rabbit.direct_mandatory_flag = True log_opt_values /usr/lib/python3/dist-packages/oslo_config/cfg.py:2609
2025-01-27 00:28:24.786 34149 DEBUG oslo_service.service [-] oslo_messaging_rabbit.enable_cancel_on_failover = False log_opt_values /usr/lib/python3/dist-packages/oslo_config/cfg.py:2609
2025-01-27 00:28:24.786 34149 DEBUG oslo_service.service [-] oslo_messaging_rabbit.heartbeat_in_pthread = True log_opt_values /usr/lib/python3/dist-packages/oslo_config/cfg.py:2609
2025-01-27 00:28:24.786 34149 DEBUG oslo_service.service [-] oslo_messaging_rabbit.heartbeat_rate = 2 log_opt_values /usr/lib/python3/dist-packages/oslo_config/cfg.py:2609
2025-01-27 00:28:24.787 34149 DEBUG oslo_service.service [-] oslo_messaging_rabbit.heartbeat_timeout_threshold = 60 log_opt_values /usr/lib/python3/dist-packages/oslo_config/cfg.py:2609
2025-01-27 00:28:24.788 34149 DEBUG oslo_service.service [-] oslo_messaging_rabbit.kombu_compression = None log_opt_values /usr/lib/python3/dist-packages/oslo_config/cfg.py:2609
2025-01-27 00:28:24.788 34149 DEBUG oslo_service.service [-] oslo_messaging_rabbit.kombu_failover_strategy = round-robin log_opt_values /usr/lib/python3/dist-packages/oslo_config/cfg.py:2609
2025-01-27 00:28:24.788 34149 DEBUG oslo_service.service [-] oslo_messaging_rabbit.kombu_missing_consumer_retry_timeout = 60 log_opt_values /usr/lib/python3/dist-packages/oslo_config/cfg.py:2609
2025-01-27 00:28:24.788 34149 DEBUG oslo_service.service [-] oslo_messaging_rabbit.kombu_reconnect_delay = 1.0 log_opt_values /usr/lib/python3/dist-packages/oslo_config/cfg.py:2609
2025-01-27 00:28:24.788 34149 DEBUG oslo_service.service [-] oslo_messaging_rabbit.rabbit_ha_queues = False log_opt_values /usr/lib/python3/dist-packages/oslo_config/cfg.py:2609
2025-01-27 00:28:24.788 34149 DEBUG oslo_service.service [-] oslo_messaging_rabbit.rabbit_interval_max = 30 log_opt_values /usr/lib/python3/dist-packages/oslo_config/cfg.py:2609
2025-01-27 00:28:24.788 34149 DEBUG oslo_service.service [-] oslo_messaging_rabbit.rabbit_login_method = AMQPLAIN log_opt_values /usr/lib/python3/dist-packages/oslo_config/cfg.py:2609
2025-01-27 00:28:24.789 34149 DEBUG oslo_service.service [-] oslo_messaging_rabbit.rabbit_qos_prefetch_count = 0 log_opt_values /usr/lib/python3/dist-packages/oslo_config/cfg.py:2609
2025-01-27 00:28:24.789 34149 DEBUG oslo_service.service [-] oslo_messaging_rabbit.rabbit_quorum_queue = False log_opt_values /usr/lib/python3/dist-packages/oslo_config/cfg.py:2609
2025-01-27 00:28:24.789 34149 DEBUG oslo_service.service [-] oslo_messaging_rabbit.rabbit_retry_backoff = 2 log_opt_values /usr/lib/python3/dist-packages/oslo_config/cfg.py:2609
2025-01-27 00:28:24.789 34149 DEBUG oslo_service.service [-] oslo_messaging_rabbit.rabbit_retry_interval = 1 log_opt_values /usr/lib/python3/dist-packages/oslo_config/cfg.py:2609
2025-01-27 00:28:24.789 34149 DEBUG oslo_service.service [-] oslo_messaging_rabbit.rabbit_transient_queues_ttl = 1800 log_opt_values /usr/lib/python3/dist-packages/oslo_config/cfg.py:2609
2025-01-27 00:28:24.789 34149 DEBUG oslo_service.service [-] oslo_messaging_rabbit.rpc_conn_pool_size = 30 log_opt_values /usr/lib/python3/dist-packages/oslo_config/cfg.py:2609
2025-01-27 00:28:24.789 34149 DEBUG oslo_service.service [-] oslo_messaging_rabbit.ssl = False log_opt_values /usr/lib/python3/dist-packages/oslo_config/cfg.py:2609
2025-01-27 00:28:24.790 34149 DEBUG oslo_service.service [-] oslo_messaging_rabbit.ssl_ca_file = log_opt_values /usr/lib/python3/dist-packages/oslo_config/cfg.py:2609
2025-01-27 00:28:24.790 34149 DEBUG oslo_service.service [-] oslo_messaging_rabbit.ssl_cert_file = log_opt_values /usr/lib/python3/dist-packages/oslo_config/cfg.py:2609
2025-01-27 00:28:24.790 34149 DEBUG oslo_service.service [-] oslo_messaging_rabbit.ssl_key_file = log_opt_values /usr/lib/python3/dist-packages/oslo_config/cfg.py:2609
2025-01-27 00:28:24.790 34149 DEBUG oslo_service.service [-] oslo_messaging_rabbit.ssl_version = log_opt_values /usr/lib/python3/dist-packages/oslo_config/cfg.py:2609
2025-01-27 00:28:24.790 34149 DEBUG oslo_service.service [-] oslo_messaging_notifications.driver = [] log_opt_values /usr/lib/python3/dist-packages/oslo_config/cfg.py:2609
2025-01-27 00:28:24.791 34149 DEBUG oslo_service.service [-] oslo_messaging_notifications.retry = -1 log_opt_values /usr/lib/python3/dist-packages/oslo_config/cfg.py:2609
2025-01-27 00:28:24.791 34149 DEBUG oslo_service.service [-] oslo_messaging_notifications.topics = ['notifications'] log_opt_values /usr/lib/python3/dist-packages/oslo_config/cfg.py:2609
2025-01-27 00:28:24.791 34149 DEBUG oslo_service.service [-] oslo_messaging_notifications.transport_url = **** log_opt_values /usr/lib/python3/dist-packages/oslo_config/cfg.py:2609
2025-01-27 00:28:24.791 34149 DEBUG oslo_service.service [-] cache.backend = dogpile.cache.null log_opt_values /usr/lib/python3/dist-packages/oslo_config/cfg.py:2609
2025-01-27 00:28:24.791 34149 DEBUG oslo_service.service [-] cache.backend_argument = **** log_opt_values /usr/lib/python3/dist-packages/oslo_config/cfg.py:2609
2025-01-27 00:28:24.791 34149 DEBUG oslo_service.service [-] cache.config_prefix = cache.oslo log_opt_values /usr/lib/python3/dist-packages/oslo_config/cfg.py:2609
2025-01-27 00:28:24.791 34149 DEBUG oslo_service.service [-] cache.debug_cache_backend = False log_opt_values /usr/lib/python3/dist-packages/oslo_config/cfg.py:2609
2025-01-27 00:28:24.792 34149 DEBUG oslo_service.service [-] cache.enabled = False log_opt_values /usr/lib/python3/dist-packages/oslo_config/cfg.py:2609
2025-01-27 00:28:24.792 34149 DEBUG oslo_service.service [-] cache.expiration_time = 600 log_opt_values /usr/lib/python3/dist-packages/oslo_config/cfg.py:2609
2025-01-27 00:28:24.792 34149 DEBUG oslo_service.service [-] cache.memcache_dead_retry = 300 log_opt_values /usr/lib/python3/dist-packages/oslo_config/cfg.py:2609
2025-01-27 00:28:24.792 34149 DEBUG oslo_service.service [-] cache.memcache_pool_connection_get_timeout = 10 log_opt_values /usr/lib/python3/dist-packages/oslo_config/cfg.py:2609
2025-01-27 00:28:24.792 34149 DEBUG oslo_service.service [-] cache.memcache_pool_flush_on_reconnect = False log_opt_values /usr/lib/python3/dist-packages/oslo_config/cfg.py:2609
2025-01-27 00:28:24.792 34149 DEBUG oslo_service.service [-] cache.memcache_pool_maxsize = 10 log_opt_values /usr/lib/python3/dist-packages/oslo_config/cfg.py:2609
2025-01-27 00:28:24.792 34149 DEBUG oslo_service.service [-] cache.memcache_pool_unused_timeout = 60 log_opt_values /usr/lib/python3/dist-packages/oslo_config/cfg.py:2609
2025-01-27 00:28:24.792 34149 DEBUG oslo_service.service [-] cache.memcache_servers = ['localhost:11211'] log_opt_values /usr/lib/python3/dist-packages/oslo_config/cfg.py:2609
2025-01-27 00:28:24.793 34149 DEBUG oslo_service.service [-] cache.memcache_socket_timeout = 1.0 log_opt_values /usr/lib/python3/dist-packages/oslo_config/cfg.py:2609
2025-01-27 00:28:24.793 34149 DEBUG oslo_service.service [-] cache.proxies = [] log_opt_values /usr/lib/python3/dist-packages/oslo_config/cfg.py:2609
2025-01-27 00:28:24.793 34149 DEBUG oslo_service.service [-] cache.tls_allowed_ciphers = None log_opt_values /usr/lib/python3/dist-packages/oslo_config/cfg.py:2609
2025-01-27 00:28:24.793 34149 DEBUG oslo_service.service [-] cache.tls_cafile = None log_opt_values /usr/lib/python3/dist-packages/oslo_config/cfg.py:2609
2025-01-27 00:28:24.793 34149 DEBUG oslo_service.service [-] cache.tls_certfile = None log_opt_values /usr/lib/python3/dist-packages/oslo_config/cfg.py:2609
2025-01-27 00:28:24.793 34149 DEBUG oslo_service.service [-] cache.tls_enabled = False log_opt_values /usr/lib/python3/dist-packages/oslo_config/cfg.py:2609
2025-01-27 00:28:24.793 34149 DEBUG oslo_service.service [-] cache.tls_keyfile = None log_opt_values /usr/lib/python3/dist-packages/oslo_config/cfg.py:2609
2025-01-27 00:28:24.794 34149 DEBUG oslo_service.service [-] constraint_validation_cache.caching = True log_opt_values /usr/lib/python3/dist-packages/oslo_config/cfg.py:2609
2025-01-27 00:28:24.794 34149 DEBUG oslo_service.service [-] constraint_validation_cache.expiration_time = 60 log_opt_values /usr/lib/python3/dist-packages/oslo_config/cfg.py:2609
2025-01-27 00:28:24.794 34149 DEBUG oslo_service.service [-] service_extension_cache.caching = True log_opt_values /usr/lib/python3/dist-packages/oslo_config/cfg.py:2609
2025-01-27 00:28:24.794 34379 DEBUG heat.engine.service [req-58b661f7-04c1-4db6-b451-a497e0693348 - - - - -] Service 1e851f10-1d1c-4196-96ec-5690ea02ede0 is started service_manage_report /usr/lib/python3/dist-packages/heat/engine/service.py:2363
2025-01-27 00:28:24.794 34149 DEBUG oslo_service.service [-] service_extension_cache.expiration_time = 3600 log_opt_values /usr/lib/python3/dist-packages/oslo_config/cfg.py:2609
2025-01-27 00:28:24.794 34149 DEBUG oslo_service.service [-] resource_finder_cache.caching = True log_opt_values /usr/lib/python3/dist-packages/oslo_config/cfg.py:2609
2025-01-27 00:28:24.794 34149 DEBUG oslo_service.service [-] resource_finder_cache.expiration_time = 3600 log_opt_values /usr/lib/python3/dist-packages/oslo_config/cfg.py:2609
2025-01-27 00:28:24.794 34149 DEBUG oslo_service.service [-] yaql.limit_iterators = 200 log_opt_values /usr/lib/python3/dist-packages/oslo_config/cfg.py:2609
2025-01-27 00:28:24.795 34149 DEBUG oslo_service.service [-] yaql.memory_quota = 10000 log_opt_values /usr/lib/python3/dist-packages/oslo_config/cfg.py:2609
2025-01-27 00:28:24.795 34149 DEBUG oslo_service.service [-] ******************************************************************************** log_opt_values /usr/lib/python3/dist-packages/oslo_config/cfg.py:2613
2025-01-27 00:28:24.814 34380 DEBUG oslo_db.sqlalchemy.engines [req-9b1d048e-441c-4e0f-bca4-54d1b3e48446 - - - - -] MySQL server mode set to STRICT_TRANS_TABLES,STRICT_ALL_TABLES,NO_ZERO_IN_DATE,NO_ZERO_DATE,ERROR_FOR_DIVISION_BY_ZERO,TRADITIONAL,NO_ENGINE_SUBSTITUTION _check_effective_sql_mode /usr/lib/python3/dist-packages/oslo_db/sqlalchemy/engines.py:314
2025-01-27 00:28:24.817 34379 DEBUG heat.engine.service [req-58b661f7-04c1-4db6-b451-a497e0693348 - - - - -] Service 1e851f10-1d1c-4196-96ec-5690ea02ede0 is updated service_manage_report /usr/lib/python3/dist-packages/heat/engine/service.py:2370
2025-01-27 00:28:24.837 34381 DEBUG heat.engine.service [req-d86883cd-f44f-4859-87e1-297f45c138ff - - - - -] Service 16f20194-c920-41df-9d30-b1aa7476f6a6 is started service_manage_report /usr/lib/python3/dist-packages/heat/engine/service.py:2363
2025-01-27 00:28:24.864 34381 DEBUG heat.engine.service [req-d86883cd-f44f-4859-87e1-297f45c138ff - - - - -] Service 16f20194-c920-41df-9d30-b1aa7476f6a6 is updated service_manage_report /usr/lib/python3/dist-packages/heat/engine/service.py:2370
2025-01-27 00:28:24.869 34378 DEBUG heat.engine.service [req-0c55d10a-1835-499d-88ab-675a5217bd0d - - - - -] Service 5b844aff-b33d-4cd6-95fa-23b7989466a4 is started service_manage_report /usr/lib/python3/dist-packages/heat/engine/service.py:2363
2025-01-27 00:28:24.893 34378 DEBUG heat.engine.service [req-0c55d10a-1835-499d-88ab-675a5217bd0d - - - - -] Service 5b844aff-b33d-4cd6-95fa-23b7989466a4 is updated service_manage_report /usr/lib/python3/dist-packages/heat/engine/service.py:2370
2025-01-27 00:28:24.910 34380 DEBUG heat.engine.service [req-6b0e6e03-3ea5-4704-9551-16e90b4aedfb - - - - -] Service 3fede6ee-4c56-420d-b036-52de5de3b697 is started service_manage_report /usr/lib/python3/dist-packages/heat/engine/service.py:2363
2025-01-27 00:28:24.940 34380 DEBUG heat.engine.service [req-6b0e6e03-3ea5-4704-9551-16e90b4aedfb - - - - -] Service 3fede6ee-4c56-420d-b036-52de5de3b697 is updated service_manage_report /usr/lib/python3/dist-packages/heat/engine/service.py:2370
2025-01-27 00:29:24.776 34379 DEBUG heat.engine.service [req-afd4e6f0-b6af-41e0-9862-6e88a3a2e27d - - - - -] Service 1e851f10-1d1c-4196-96ec-5690ea02ede0 is updated service_manage_report /usr/lib/python3/dist-packages/heat/engine/service.py:2370
2025-01-27 00:29:24.828 34381 DEBUG heat.engine.service [req-bc416185-83e6-4b49-af45-ce0dfdfd203f - - - - -] Service 16f20194-c920-41df-9d30-b1aa7476f6a6 is updated service_manage_report /usr/lib/python3/dist-packages/heat/engine/service.py:2370
2025-01-27 00:29:24.859 34378 DEBUG heat.engine.service [req-ca58c0d3-9077-49cd-96cd-59d011ac6ea4 - - - - -] Service 5b844aff-b33d-4cd6-95fa-23b7989466a4 is updated service_manage_report /usr/lib/python3/dist-packages/heat/engine/service.py:2370
2025-01-27 00:29:24.905 34380 DEBUG heat.engine.service [req-5ac0acb1-05b2-4f76-b978-654e4c30b3fe - - - - -] Service 3fede6ee-4c56-420d-b036-52de5de3b697 is updated service_manage_report /usr/lib/python3/dist-packages/heat/engine/service.py:2370
2025-01-27 00:30:24.782 34379 DEBUG heat.engine.service [req-3c6fc544-eaef-4b96-a5ef-07ffb281965b - - - - -] Service 1e851f10-1d1c-4196-96ec-5690ea02ede0 is updated service_manage_report /usr/lib/python3/dist-packages/heat/engine/service.py:2370
2025-01-27 00:30:24.847 34381 DEBUG heat.engine.service [req-2dde8b16-631c-4a74-948b-b70cb6f3a5c3 - - - - -] Service 16f20194-c920-41df-9d30-b1aa7476f6a6 is updated service_manage_report /usr/lib/python3/dist-packages/heat/engine/service.py:2370
2025-01-27 00:30:24.881 34378 DEBUG heat.engine.service [req-d51eb8e8-e363-4195-b121-76486b469aaf - - - - -] Service 5b844aff-b33d-4cd6-95fa-23b7989466a4 is updated service_manage_report /usr/lib/python3/dist-packages/heat/engine/service.py:2370
2025-01-27 00:30:24.919 34380 DEBUG heat.engine.service [req-312cf396-5293-4a54-8a9d-1a3d15a1b460 - - - - -] Service 3fede6ee-4c56-420d-b036-52de5de3b697 is updated service_manage_report /usr/lib/python3/dist-packages/heat/engine/service.py:2370
2025-01-27 00:31:24.777 34379 DEBUG heat.engine.service [req-1213d14d-e6fa-4109-af2f-6dd04e13d2ee - - - - -] Service 1e851f10-1d1c-4196-96ec-5690ea02ede0 is updated service_manage_report /usr/lib/python3/dist-packages/heat/engine/service.py:2370
2025-01-27 00:31:24.837 34381 DEBUG heat.engine.service [req-a0502860-48ba-4602-8d7e-087d198df5ba - - - - -] Service 16f20194-c920-41df-9d30-b1aa7476f6a6 is updated service_manage_report /usr/lib/python3/dist-packages/heat/engine/service.py:2370
2025-01-27 00:31:24.863 34378 DEBUG heat.engine.service [req-816a72d4-bfe8-48f8-bb60-6999b5408236 - - - - -] Service 5b844aff-b33d-4cd6-95fa-23b7989466a4 is updated service_manage_report /usr/lib/python3/dist-packages/heat/engine/service.py:2370
2025-01-27 00:31:24.904 34380 DEBUG heat.engine.service [req-fb78d67e-e436-43b2-a51e-220bd5c54fa9 - - - - -] Service 3fede6ee-4c56-420d-b036-52de5de3b697 is updated service_manage_report /usr/lib/python3/dist-packages/heat/engine/service.py:2370
2025-01-27 00:32:24.789 34379 DEBUG heat.engine.service [req-dec32bec-2051-4e33-8aaa-0feaaf2271c5 - - - - -] Service 1e851f10-1d1c-4196-96ec-5690ea02ede0 is updated service_manage_report /usr/lib/python3/dist-packages/heat/engine/service.py:2370
2025-01-27 00:32:24.837 34381 DEBUG heat.engine.service [req-be1df2c3-70ab-4554-bd57-00bb2acce91b - - - - -] Service 16f20194-c920-41df-9d30-b1aa7476f6a6 is updated service_manage_report /usr/lib/python3/dist-packages/heat/engine/service.py:2370
2025-01-27 00:32:24.880 34378 DEBUG heat.engine.service [req-2da1c21a-d508-4487-871e-5886e04ffcc9 - - - - -] Service 5b844aff-b33d-4cd6-95fa-23b7989466a4 is updated service_manage_report /usr/lib/python3/dist-packages/heat/engine/service.py:2370
2025-01-27 00:32:24.922 34380 DEBUG heat.engine.service [req-a683be01-5931-4d28-840a-21064dbb2f64 - - - - -] Service 3fede6ee-4c56-420d-b036-52de5de3b697 is updated service_manage_report /usr/lib/python3/dist-packages/heat/engine/service.py:2370
2025-01-27 00:33:24.785 34379 DEBUG heat.engine.service [req-406d9254-f709-49a0-b9fd-82e4d532a0a3 - - - - -] Service 1e851f10-1d1c-4196-96ec-5690ea02ede0 is updated service_manage_report /usr/lib/python3/dist-packages/heat/engine/service.py:2370
2025-01-27 00:33:24.834 34381 DEBUG heat.engine.service [req-71cef717-bccc-4859-bdf6-8e80e24c9ab1 - - - - -] Service 16f20194-c920-41df-9d30-b1aa7476f6a6 is updated service_manage_report /usr/lib/python3/dist-packages/heat/engine/service.py:2370
2025-01-27 00:33:24.864 34378 DEBUG heat.engine.service [req-13b0b263-d350-4d7b-a357-0e747f8a49e8 - - - - -] Service 5b844aff-b33d-4cd6-95fa-23b7989466a4 is updated service_manage_report /usr/lib/python3/dist-packages/heat/engine/service.py:2370
2025-01-27 00:33:24.906 34380 DEBUG heat.engine.service [req-310a2d30-5deb-45c2-b454-fd77930cada1 - - - - -] Service 3fede6ee-4c56-420d-b036-52de5de3b697 is updated service_manage_report /usr/lib/python3/dist-packages/heat/engine/service.py:2370
2025-01-27 00:34:24.785 34379 DEBUG heat.engine.service [req-60b020a2-6dc3-4e79-9882-41b0ff83bf46 - - - - -] Service 1e851f10-1d1c-4196-96ec-5690ea02ede0 is updated service_manage_report /usr/lib/python3/dist-packages/heat/engine/service.py:2370
2025-01-27 00:34:24.830 34381 DEBUG heat.engine.service [req-fa2c83d8-6657-4e70-8b8d-3c129a915e5f - - - - -] Service 16f20194-c920-41df-9d30-b1aa7476f6a6 is updated service_manage_report /usr/lib/python3/dist-packages/heat/engine/service.py:2370
2025-01-27 00:34:24.868 34378 DEBUG heat.engine.service [req-b0e945fc-fb35-4a57-b93c-8aff3a90ec72 - - - - -] Service 5b844aff-b33d-4cd6-95fa-23b7989466a4 is updated service_manage_report /usr/lib/python3/dist-packages/heat/engine/service.py:2370
2025-01-27 00:34:24.909 34380 DEBUG heat.engine.service [req-5d3a5673-757c-4d16-94b8-6613a0531817 - - - - -] Service 3fede6ee-4c56-420d-b036-52de5de3b697 is updated service_manage_report /usr/lib/python3/dist-packages/heat/engine/service.py:2370
2025-01-27 00:35:24.779 34379 DEBUG heat.engine.service [req-b21a0cab-fa67-4b37-a870-24e658aa6d66 - - - - -] Service 1e851f10-1d1c-4196-96ec-5690ea02ede0 is updated service_manage_report /usr/lib/python3/dist-packages/heat/engine/service.py:2370
2025-01-27 00:35:24.833 34381 DEBUG heat.engine.service [req-7dc8616b-1a6e-474a-9543-e4c009f51783 - - - - -] Service 16f20194-c920-41df-9d30-b1aa7476f6a6 is updated service_manage_report /usr/lib/python3/dist-packages/heat/engine/service.py:2370
2025-01-27 00:35:24.872 34378 DEBUG heat.engine.service [req-91b50c2a-52b0-42ec-b9f0-6e9d45ba086c - - - - -] Service 5b844aff-b33d-4cd6-95fa-23b7989466a4 is updated service_manage_report /usr/lib/python3/dist-packages/heat/engine/service.py:2370
2025-01-27 00:35:24.923 34380 DEBUG heat.engine.service [req-bb633059-0d40-4c30-bfc6-c20faa0a847a - - - - -] Service 3fede6ee-4c56-420d-b036-52de5de3b697 is updated service_manage_report /usr/lib/python3/dist-packages/heat/engine/service.py:2370
2025-01-27 00:36:24.785 34379 DEBUG heat.engine.service [req-063e5cbf-798a-49ff-9d81-cf5f3038974e - - - - -] Service 1e851f10-1d1c-4196-96ec-5690ea02ede0 is updated service_manage_report /usr/lib/python3/dist-packages/heat/engine/service.py:2370
2025-01-27 00:36:24.836 34381 DEBUG heat.engine.service [req-09af7c83-3574-4ad2-aef9-31b8c0bddc56 - - - - -] Service 16f20194-c920-41df-9d30-b1aa7476f6a6 is updated service_manage_report /usr/lib/python3/dist-packages/heat/engine/service.py:2370
2025-01-27 00:36:24.876 34378 DEBUG heat.engine.service [req-1fd857bc-2310-4f21-8e06-1151ee325efb - - - - -] Service 5b844aff-b33d-4cd6-95fa-23b7989466a4 is updated service_manage_report /usr/lib/python3/dist-packages/heat/engine/service.py:2370
2025-01-27 00:36:24.916 34380 DEBUG heat.engine.service [req-fe497de6-a55d-4c5c-9500-ef2035383d99 - - - - -] Service 3fede6ee-4c56-420d-b036-52de5de3b697 is updated service_manage_report /usr/lib/python3/dist-packages/heat/engine/service.py:2370
2025-01-27 00:37:24.792 34379 DEBUG heat.engine.service [req-445b2607-a4b5-42b2-8c7a-fadc18a5ab95 - - - - -] Service 1e851f10-1d1c-4196-96ec-5690ea02ede0 is updated service_manage_report /usr/lib/python3/dist-packages/heat/engine/service.py:2370
2025-01-27 00:37:24.839 34381 DEBUG heat.engine.service [req-000e4b84-9867-478c-a167-636894715c03 - - - - -] Service 16f20194-c920-41df-9d30-b1aa7476f6a6 is updated service_manage_report /usr/lib/python3/dist-packages/heat/engine/service.py:2370
2025-01-27 00:37:24.884 34378 DEBUG heat.engine.service [req-785a9359-55af-4a13-bc75-aadb2c5799c3 - - - - -] Service 5b844aff-b33d-4cd6-95fa-23b7989466a4 is updated service_manage_report /usr/lib/python3/dist-packages/heat/engine/service.py:2370
2025-01-27 00:37:24.919 34380 DEBUG heat.engine.service [req-d8030890-cda9-4290-a113-21fa8452bfa4 - - - - -] Service 3fede6ee-4c56-420d-b036-52de5de3b697 is updated service_manage_report /usr/lib/python3/dist-packages/heat/engine/service.py:2370
2025-01-27 00:38:24.787 34379 DEBUG heat.engine.service [req-78a661c6-83d5-4618-8cb5-1c5cfc6bb0ae - - - - -] Service 1e851f10-1d1c-4196-96ec-5690ea02ede0 is updated service_manage_report /usr/lib/python3/dist-packages/heat/engine/service.py:2370
2025-01-27 00:38:24.842 34381 DEBUG heat.engine.service [req-e93cee9b-b27f-4ec8-bf12-de467694c643 - - - - -] Service 16f20194-c920-41df-9d30-b1aa7476f6a6 is updated service_manage_report /usr/lib/python3/dist-packages/heat/engine/service.py:2370
2025-01-27 00:38:24.878 34378 DEBUG heat.engine.service [req-bd561550-0a65-4729-badb-88938e1a07c9 - - - - -] Service 5b844aff-b33d-4cd6-95fa-23b7989466a4 is updated service_manage_report /usr/lib/python3/dist-packages/heat/engine/service.py:2370
2025-01-27 00:38:24.922 34380 DEBUG heat.engine.service [req-817b9711-5973-486e-87bd-6d9a4e788eb0 - - - - -] Service 3fede6ee-4c56-420d-b036-52de5de3b697 is updated service_manage_report /usr/lib/python3/dist-packages/heat/engine/service.py:2370
2025-01-27 00:39:24.792 34379 DEBUG heat.engine.service [req-23d9d124-09a0-4e27-b7c2-7c50d63972b1 - - - - -] Service 1e851f10-1d1c-4196-96ec-5690ea02ede0 is updated service_manage_report /usr/lib/python3/dist-packages/heat/engine/service.py:2370
2025-01-27 00:39:24.853 34381 DEBUG heat.engine.service [req-df9b3537-4356-46ba-a08c-d5ddc3256df4 - - - - -] Service 16f20194-c920-41df-9d30-b1aa7476f6a6 is updated service_manage_report /usr/lib/python3/dist-packages/heat/engine/service.py:2370
2025-01-27 00:39:24.881 34378 DEBUG heat.engine.service [req-798f2050-f3ab-45ed-97d2-84f147948df8 - - - - -] Service 5b844aff-b33d-4cd6-95fa-23b7989466a4 is updated service_manage_report /usr/lib/python3/dist-packages/heat/engine/service.py:2370
2025-01-27 00:39:24.930 34380 DEBUG heat.engine.service [req-1f9e3de8-955a-4452-8837-c82e2f5551a4 - - - - -] Service 3fede6ee-4c56-420d-b036-52de5de3b697 is updated service_manage_report /usr/lib/python3/dist-packages/heat/engine/service.py:2370
2025-01-27 00:40:24.797 34379 DEBUG heat.engine.service [req-527060a3-cc8a-4675-85ed-4824eeb5007d - - - - -] Service 1e851f10-1d1c-4196-96ec-5690ea02ede0 is updated service_manage_report /usr/lib/python3/dist-packages/heat/engine/service.py:2370
2025-01-27 00:40:24.849 34381 DEBUG heat.engine.service [req-05a561b5-fadd-4239-9a80-c7769cd338e5 - - - - -] Service 16f20194-c920-41df-9d30-b1aa7476f6a6 is updated service_manage_report /usr/lib/python3/dist-packages/heat/engine/service.py:2370
2025-01-27 00:40:24.886 34378 DEBUG heat.engine.service [req-a82a969d-d380-4769-b147-d425924ca934 - - - - -] Service 5b844aff-b33d-4cd6-95fa-23b7989466a4 is updated service_manage_report /usr/lib/python3/dist-packages/heat/engine/service.py:2370
2025-01-27 00:40:24.922 34380 DEBUG heat.engine.service [req-09c9d7a8-0891-41f5-b8ec-73e45e31c42a - - - - -] Service 3fede6ee-4c56-420d-b036-52de5de3b697 is updated service_manage_report /usr/lib/python3/dist-packages/heat/engine/service.py:2370
2025-01-27 00:41:24.803 34379 DEBUG heat.engine.service [req-b4d6488f-c634-4220-b725-be8425ad8d49 - - - - -] Service 1e851f10-1d1c-4196-96ec-5690ea02ede0 is updated service_manage_report /usr/lib/python3/dist-packages/heat/engine/service.py:2370
2025-01-27 00:41:24.842 34381 DEBUG heat.engine.service [req-ae556a95-0729-4309-8d1f-906935b466fb - - - - -] Service 16f20194-c920-41df-9d30-b1aa7476f6a6 is updated service_manage_report /usr/lib/python3/dist-packages/heat/engine/service.py:2370
2025-01-27 00:41:24.890 34378 DEBUG heat.engine.service [req-15bf9bf2-cd0c-4f13-957e-affbb38af78f - - - - -] Service 5b844aff-b33d-4cd6-95fa-23b7989466a4 is updated service_manage_report /usr/lib/python3/dist-packages/heat/engine/service.py:2370
2025-01-27 00:41:24.926 34380 DEBUG heat.engine.service [req-d9e4be1f-5892-4925-a242-32d98f08a5fd - - - - -] Service 3fede6ee-4c56-420d-b036-52de5de3b697 is updated service_manage_report /usr/lib/python3/dist-packages/heat/engine/service.py:2370
2025-01-27 00:42:24.808 34379 DEBUG heat.engine.service [req-768d7b3d-5634-4e86-9816-216e29fd55f4 - - - - -] Service 1e851f10-1d1c-4196-96ec-5690ea02ede0 is updated service_manage_report /usr/lib/python3/dist-packages/heat/engine/service.py:2370
2025-01-27 00:42:24.845 34381 DEBUG heat.engine.service [req-66b93cf0-8a86-43e8-b58c-4e40d2cffd4b - - - - -] Service 16f20194-c920-41df-9d30-b1aa7476f6a6 is updated service_manage_report /usr/lib/python3/dist-packages/heat/engine/service.py:2370
2025-01-27 00:42:24.894 34378 DEBUG heat.engine.service [req-7794cf59-ece0-44bc-ae7a-68a8b3e86a4f - - - - -] Service 5b844aff-b33d-4cd6-95fa-23b7989466a4 is updated service_manage_report /usr/lib/python3/dist-packages/heat/engine/service.py:2370
2025-01-27 00:42:24.929 34380 DEBUG heat.engine.service [req-c94a84e6-0836-4a35-bee8-278860ce8452 - - - - -] Service 3fede6ee-4c56-420d-b036-52de5de3b697 is updated service_manage_report /usr/lib/python3/dist-packages/heat/engine/service.py:2370
2025-01-27 00:43:24.812 34379 DEBUG heat.engine.service [req-dc2e763e-182e-4773-ab5c-4371f36797e1 - - - - -] Service 1e851f10-1d1c-4196-96ec-5690ea02ede0 is updated service_manage_report /usr/lib/python3/dist-packages/heat/engine/service.py:2370
2025-01-27 00:43:24.852 34381 DEBUG heat.engine.service [req-b573209f-ac3c-41e6-832c-9df2d4b5d5f1 - - - - -] Service 16f20194-c920-41df-9d30-b1aa7476f6a6 is updated service_manage_report /usr/lib/python3/dist-packages/heat/engine/service.py:2370
2025-01-27 00:43:24.898 34378 DEBUG heat.engine.service [req-67567e0e-32ab-4eea-ae62-73993ad4ccb9 - - - - -] Service 5b844aff-b33d-4cd6-95fa-23b7989466a4 is updated service_manage_report /usr/lib/python3/dist-packages/heat/engine/service.py:2370
2025-01-27 00:43:24.933 34380 DEBUG heat.engine.service [req-a948f322-b77a-487b-bfa7-dc67b4164cfa - - - - -] Service 3fede6ee-4c56-420d-b036-52de5de3b697 is updated service_manage_report /usr/lib/python3/dist-packages/heat/engine/service.py:2370
2025-01-27 00:44:24.815 34379 DEBUG heat.engine.service [req-7da76e81-feaf-4d32-9260-3cb5611795d1 - - - - -] Service 1e851f10-1d1c-4196-96ec-5690ea02ede0 is updated service_manage_report /usr/lib/python3/dist-packages/heat/engine/service.py:2370
2025-01-27 00:44:24.845 34381 DEBUG heat.engine.service [req-af778358-aa76-43cf-ac1a-410f51cc06a1 - - - - -] Service 16f20194-c920-41df-9d30-b1aa7476f6a6 is updated service_manage_report /usr/lib/python3/dist-packages/heat/engine/service.py:2370
2025-01-27 00:44:24.901 34378 DEBUG heat.engine.service [req-35a28e8f-430f-4846-b0d2-ad65fd48617b - - - - -] Service 5b844aff-b33d-4cd6-95fa-23b7989466a4 is updated service_manage_report /usr/lib/python3/dist-packages/heat/engine/service.py:2370
2025-01-27 00:44:24.937 34380 DEBUG heat.engine.service [req-bd0925a6-0de0-4bcb-82dc-0aa036046aa7 - - - - -] Service 3fede6ee-4c56-420d-b036-52de5de3b697 is updated service_manage_report /usr/lib/python3/dist-packages/heat/engine/service.py:2370
2025-01-27 00:45:24.819 34379 DEBUG heat.engine.service [req-eff7a378-7d93-4146-99e0-949e2fb05cee - - - - -] Service 1e851f10-1d1c-4196-96ec-5690ea02ede0 is updated service_manage_report /usr/lib/python3/dist-packages/heat/engine/service.py:2370
2025-01-27 00:45:24.849 34381 DEBUG heat.engine.service [req-ccf01b6f-ae3a-413d-82b9-e36ae6449778 - - - - -] Service 16f20194-c920-41df-9d30-b1aa7476f6a6 is updated service_manage_report /usr/lib/python3/dist-packages/heat/engine/service.py:2370
2025-01-27 00:45:24.905 34378 DEBUG heat.engine.service [req-d3aa8b9a-3f1f-4f05-8942-8a1eac5cd396 - - - - -] Service 5b844aff-b33d-4cd6-95fa-23b7989466a4 is updated service_manage_report /usr/lib/python3/dist-packages/heat/engine/service.py:2370
2025-01-27 00:45:24.940 34380 DEBUG heat.engine.service [req-a762e75b-faed-4e99-bf7b-dbd3b3e1dbbe - - - - -] Service 3fede6ee-4c56-420d-b036-52de5de3b697 is updated service_manage_report /usr/lib/python3/dist-packages/heat/engine/service.py:2370
2025-01-27 00:46:24.824 34379 DEBUG heat.engine.service [req-7ab5dc1d-7f5d-4c7b-936b-b6c785f5416c - - - - -] Service 1e851f10-1d1c-4196-96ec-5690ea02ede0 is updated service_manage_report /usr/lib/python3/dist-packages/heat/engine/service.py:2370
2025-01-27 00:46:24.858 34381 DEBUG heat.engine.service [req-6a4fc756-d112-4b71-b6b8-59dda6f31cf0 - - - - -] Service 16f20194-c920-41df-9d30-b1aa7476f6a6 is updated service_manage_report /usr/lib/python3/dist-packages/heat/engine/service.py:2370
2025-01-27 00:46:24.912 34378 DEBUG heat.engine.service [req-e3cd6ee3-a968-44a6-aa89-714b96f6fd8f - - - - -] Service 5b844aff-b33d-4cd6-95fa-23b7989466a4 is updated service_manage_report /usr/lib/python3/dist-packages/heat/engine/service.py:2370
2025-01-27 00:46:24.946 34380 DEBUG heat.engine.service [req-14c510d9-583c-4b8a-8be0-683405618692 - - - - -] Service 3fede6ee-4c56-420d-b036-52de5de3b697 is updated service_manage_report /usr/lib/python3/dist-packages/heat/engine/service.py:2370
2025-01-27 00:47:24.828 34379 DEBUG heat.engine.service [req-1a5beba1-b0c7-496d-b3da-a851af3373c5 - - - - -] Service 1e851f10-1d1c-4196-96ec-5690ea02ede0 is updated service_manage_report /usr/lib/python3/dist-packages/heat/engine/service.py:2370
2025-01-27 00:47:24.853 34381 DEBUG heat.engine.service [req-b4294cef-48b4-4051-8ef3-1e3c559c6231 - - - - -] Service 16f20194-c920-41df-9d30-b1aa7476f6a6 is updated service_manage_report /usr/lib/python3/dist-packages/heat/engine/service.py:2370
2025-01-27 00:47:24.907 34378 DEBUG heat.engine.service [req-c06af997-b4ff-4d11-9ab0-e5f13c25073e - - - - -] Service 5b844aff-b33d-4cd6-95fa-23b7989466a4 is updated service_manage_report /usr/lib/python3/dist-packages/heat/engine/service.py:2370
2025-01-27 00:47:24.940 34380 DEBUG heat.engine.service [req-a8d59281-41bb-4708-a54b-3b778be05174 - - - - -] Service 3fede6ee-4c56-420d-b036-52de5de3b697 is updated service_manage_report /usr/lib/python3/dist-packages/heat/engine/service.py:2370
2025-01-27 00:48:24.832 34379 DEBUG heat.engine.service [req-1d54bcde-9db2-4729-ac0c-346942da09b3 - - - - -] Service 1e851f10-1d1c-4196-96ec-5690ea02ede0 is updated service_manage_report /usr/lib/python3/dist-packages/heat/engine/service.py:2370
2025-01-27 00:48:24.858 34381 DEBUG heat.engine.service [req-b85843f3-aa37-4d05-9340-f1abb8c22282 - - - - -] Service 16f20194-c920-41df-9d30-b1aa7476f6a6 is updated service_manage_report /usr/lib/python3/dist-packages/heat/engine/service.py:2370
2025-01-27 00:48:24.910 34378 DEBUG heat.engine.service [req-d3a62d11-dcf2-425e-8ff0-9edc7f2b29cc - - - - -] Service 5b844aff-b33d-4cd6-95fa-23b7989466a4 is updated service_manage_report /usr/lib/python3/dist-packages/heat/engine/service.py:2370
2025-01-27 00:48:24.944 34380 DEBUG heat.engine.service [req-253976fa-6e6f-4765-94dc-c83a102aa517 - - - - -] Service 3fede6ee-4c56-420d-b036-52de5de3b697 is updated service_manage_report /usr/lib/python3/dist-packages/heat/engine/service.py:2370
2025-01-27 00:49:24.837 34379 DEBUG heat.engine.service [req-9965dc0d-bc92-4e39-9067-1daedf54fb4e - - - - -] Service 1e851f10-1d1c-4196-96ec-5690ea02ede0 is updated service_manage_report /usr/lib/python3/dist-packages/heat/engine/service.py:2370
2025-01-27 00:49:24.862 34381 DEBUG heat.engine.service [req-46f199bc-3b09-43df-875b-2a98710dbf23 - - - - -] Service 16f20194-c920-41df-9d30-b1aa7476f6a6 is updated service_manage_report /usr/lib/python3/dist-packages/heat/engine/service.py:2370
2025-01-27 00:49:24.914 34378 DEBUG heat.engine.service [req-d46641a3-f395-48c3-8971-cc33742e1c24 - - - - -] Service 5b844aff-b33d-4cd6-95fa-23b7989466a4 is updated service_manage_report /usr/lib/python3/dist-packages/heat/engine/service.py:2370
2025-01-27 00:49:24.946 34380 DEBUG heat.engine.service [req-f6bc2d98-2c81-4877-be79-6d866e6f46d4 - - - - -] Service 3fede6ee-4c56-420d-b036-52de5de3b697 is updated service_manage_report /usr/lib/python3/dist-packages/heat/engine/service.py:2370
2025-01-27 00:50:24.842 34379 DEBUG heat.engine.service [req-d5ef4064-1a60-48a8-8967-6d3174867681 - - - - -] Service 1e851f10-1d1c-4196-96ec-5690ea02ede0 is updated service_manage_report /usr/lib/python3/dist-packages/heat/engine/service.py:2370
2025-01-27 00:50:24.866 34381 DEBUG heat.engine.service [req-cc8ca4e8-1599-4d0d-b430-2dd7275edf3b - - - - -] Service 16f20194-c920-41df-9d30-b1aa7476f6a6 is updated service_manage_report /usr/lib/python3/dist-packages/heat/engine/service.py:2370
2025-01-27 00:50:24.920 34378 DEBUG heat.engine.service [req-a99a5dd1-8275-4f25-b4da-96da55a1963b - - - - -] Service 5b844aff-b33d-4cd6-95fa-23b7989466a4 is updated service_manage_report /usr/lib/python3/dist-packages/heat/engine/service.py:2370
2025-01-27 00:50:24.954 34380 DEBUG heat.engine.service [req-a060964b-9e5a-4e58-9038-4cc980ed597d - - - - -] Service 3fede6ee-4c56-420d-b036-52de5de3b697 is updated service_manage_report /usr/lib/python3/dist-packages/heat/engine/service.py:2370
2025-01-27 00:51:24.847 34379 DEBUG heat.engine.service [req-1d79e929-512a-4ef9-a61b-04851fc5becc - - - - -] Service 1e851f10-1d1c-4196-96ec-5690ea02ede0 is updated service_manage_report /usr/lib/python3/dist-packages/heat/engine/service.py:2370
2025-01-27 00:51:24.868 34381 DEBUG heat.engine.service [req-91857c41-32e8-4c88-9a72-ace79821ea92 - - - - -] Service 16f20194-c920-41df-9d30-b1aa7476f6a6 is updated service_manage_report /usr/lib/python3/dist-packages/heat/engine/service.py:2370
2025-01-27 00:51:24.923 34378 DEBUG heat.engine.service [req-0facfded-3df1-4197-865c-28201f22a215 - - - - -] Service 5b844aff-b33d-4cd6-95fa-23b7989466a4 is updated service_manage_report /usr/lib/python3/dist-packages/heat/engine/service.py:2370
2025-01-27 00:51:24.948 34380 DEBUG heat.engine.service [req-3ddf8c3a-5988-4d61-83c5-103f82a95cbe - - - - -] Service 3fede6ee-4c56-420d-b036-52de5de3b697 is updated service_manage_report /usr/lib/python3/dist-packages/heat/engine/service.py:2370
2025-01-27 00:52:24.852 34379 DEBUG heat.engine.service [req-fe8a7c74-5460-449f-811e-40b9effae92c - - - - -] Service 1e851f10-1d1c-4196-96ec-5690ea02ede0 is updated service_manage_report /usr/lib/python3/dist-packages/heat/engine/service.py:2370
2025-01-27 00:52:24.872 34381 DEBUG heat.engine.service [req-8bb22b62-0704-481d-b6bc-6c5b29c2c508 - - - - -] Service 16f20194-c920-41df-9d30-b1aa7476f6a6 is updated service_manage_report /usr/lib/python3/dist-packages/heat/engine/service.py:2370
2025-01-27 00:52:24.936 34378 DEBUG heat.engine.service [req-83b532ef-eac1-4fa8-95b9-165f5443f971 - - - - -] Service 5b844aff-b33d-4cd6-95fa-23b7989466a4 is updated service_manage_report /usr/lib/python3/dist-packages/heat/engine/service.py:2370
2025-01-27 00:52:24.952 34380 DEBUG heat.engine.service [req-d795c5ed-5e39-4508-8881-6e4260d15404 - - - - -] Service 3fede6ee-4c56-420d-b036-52de5de3b697 is updated service_manage_report /usr/lib/python3/dist-packages/heat/engine/service.py:2370
2025-01-27 00:53:24.855 34379 DEBUG heat.engine.service [req-cec47f35-15ac-4d49-a5a3-8cd19b6bd789 - - - - -] Service 1e851f10-1d1c-4196-96ec-5690ea02ede0 is updated service_manage_report /usr/lib/python3/dist-packages/heat/engine/service.py:2370
2025-01-27 00:53:24.875 34381 DEBUG heat.engine.service [req-990fd584-e5f6-4cf5-a6da-212127422bad - - - - -] Service 16f20194-c920-41df-9d30-b1aa7476f6a6 is updated service_manage_report /usr/lib/python3/dist-packages/heat/engine/service.py:2370
2025-01-27 00:53:24.935 34378 DEBUG heat.engine.service [req-992aeb19-6492-4ab4-9e42-4ee6f5281f41 - - - - -] Service 5b844aff-b33d-4cd6-95fa-23b7989466a4 is updated service_manage_report /usr/lib/python3/dist-packages/heat/engine/service.py:2370
2025-01-27 00:53:24.956 34380 DEBUG heat.engine.service [req-21b1279a-9614-4986-a89c-ed1f95a689a7 - - - - -] Service 3fede6ee-4c56-420d-b036-52de5de3b697 is updated service_manage_report /usr/lib/python3/dist-packages/heat/engine/service.py:2370
2025-01-27 00:54:24.859 34379 DEBUG heat.engine.service [req-1640100b-cb31-48be-8023-f7105ad6273e - - - - -] Service 1e851f10-1d1c-4196-96ec-5690ea02ede0 is updated service_manage_report /usr/lib/python3/dist-packages/heat/engine/service.py:2370
2025-01-27 00:54:24.879 34381 DEBUG heat.engine.service [req-0596012b-66ea-49d2-9ea8-b323bd257fca - - - - -] Service 16f20194-c920-41df-9d30-b1aa7476f6a6 is updated service_manage_report /usr/lib/python3/dist-packages/heat/engine/service.py:2370
2025-01-27 00:54:24.927 34378 DEBUG heat.engine.service [req-c729080e-a4d5-4e4f-bf23-0ac49f9d8803 - - - - -] Service 5b844aff-b33d-4cd6-95fa-23b7989466a4 is updated service_manage_report /usr/lib/python3/dist-packages/heat/engine/service.py:2370
2025-01-27 00:54:24.960 34380 DEBUG heat.engine.service [req-c87edea3-0bb6-42b9-a793-59fdba99e0fa - - - - -] Service 3fede6ee-4c56-420d-b036-52de5de3b697 is updated service_manage_report /usr/lib/python3/dist-packages/heat/engine/service.py:2370
2025-01-27 00:55:24.865 34379 DEBUG heat.engine.service [req-acc69437-32a4-4aaf-84e0-4f289e33845c - - - - -] Service 1e851f10-1d1c-4196-96ec-5690ea02ede0 is updated service_manage_report /usr/lib/python3/dist-packages/heat/engine/service.py:2370
2025-01-27 00:55:24.886 34381 DEBUG heat.engine.service [req-8bb1a491-36c5-4244-b525-c5e8e2fd85f2 - - - - -] Service 16f20194-c920-41df-9d30-b1aa7476f6a6 is updated service_manage_report /usr/lib/python3/dist-packages/heat/engine/service.py:2370
2025-01-27 00:55:24.933 34378 DEBUG heat.engine.service [req-c54ebb9e-ee51-44ab-bcca-b37eb3bddb27 - - - - -] Service 5b844aff-b33d-4cd6-95fa-23b7989466a4 is updated service_manage_report /usr/lib/python3/dist-packages/heat/engine/service.py:2370
2025-01-27 00:55:24.964 34380 DEBUG heat.engine.service [req-4ea8d891-01fd-4340-ba9b-2499b1f4a16e - - - - -] Service 3fede6ee-4c56-420d-b036-52de5de3b697 is updated service_manage_report /usr/lib/python3/dist-packages/heat/engine/service.py:2370
2025-01-27 00:56:24.868 34379 DEBUG heat.engine.service [req-0e25b6b8-7685-43fd-87de-10db4587ef32 - - - - -] Service 1e851f10-1d1c-4196-96ec-5690ea02ede0 is updated service_manage_report /usr/lib/python3/dist-packages/heat/engine/service.py:2370
2025-01-27 00:56:24.881 34381 DEBUG heat.engine.service [req-37b61433-620a-4a55-94c7-1ef5b77b5a78 - - - - -] Service 16f20194-c920-41df-9d30-b1aa7476f6a6 is updated service_manage_report /usr/lib/python3/dist-packages/heat/engine/service.py:2370
2025-01-27 00:56:24.938 34378 DEBUG heat.engine.service [req-76f1fbca-b0e4-43f5-b4ab-e9b84d801fb3 - - - - -] Service 5b844aff-b33d-4cd6-95fa-23b7989466a4 is updated service_manage_report /usr/lib/python3/dist-packages/heat/engine/service.py:2370
2025-01-27 00:56:24.967 34380 DEBUG heat.engine.service [req-6918595f-a1dc-4e93-952e-efc01a384c05 - - - - -] Service 3fede6ee-4c56-420d-b036-52de5de3b697 is updated service_manage_report /usr/lib/python3/dist-packages/heat/engine/service.py:2370
2025-01-27 00:57:24.872 34379 DEBUG heat.engine.service [req-09d66662-84f6-4d7a-90a3-1786fbaa1a61 - - - - -] Service 1e851f10-1d1c-4196-96ec-5690ea02ede0 is updated service_manage_report /usr/lib/python3/dist-packages/heat/engine/service.py:2370
2025-01-27 00:57:24.885 34381 DEBUG heat.engine.service [req-5ff9c580-d458-4333-a636-20cc149b6e1d - - - - -] Service 16f20194-c920-41df-9d30-b1aa7476f6a6 is updated service_manage_report /usr/lib/python3/dist-packages/heat/engine/service.py:2370
2025-01-27 00:57:24.942 34378 DEBUG heat.engine.service [req-84b659d2-b834-4220-bffa-a60a01bde331 - - - - -] Service 5b844aff-b33d-4cd6-95fa-23b7989466a4 is updated service_manage_report /usr/lib/python3/dist-packages/heat/engine/service.py:2370
2025-01-27 00:57:24.969 34380 DEBUG heat.engine.service [req-b9f8c109-d1b5-4f4c-ab83-d4e2578a367f - - - - -] Service 3fede6ee-4c56-420d-b036-52de5de3b697 is updated service_manage_report /usr/lib/python3/dist-packages/heat/engine/service.py:2370
2025-01-27 00:58:24.877 34379 DEBUG heat.engine.service [req-6782ea70-f1d1-4d48-b1bb-45ab01fb61e5 - - - - -] Service 1e851f10-1d1c-4196-96ec-5690ea02ede0 is updated service_manage_report /usr/lib/python3/dist-packages/heat/engine/service.py:2370
2025-01-27 00:58:24.890 34381 DEBUG heat.engine.service [req-958ba6d3-fd98-4c6e-a596-128b80182b79 - - - - -] Service 16f20194-c920-41df-9d30-b1aa7476f6a6 is updated service_manage_report /usr/lib/python3/dist-packages/heat/engine/service.py:2370
2025-01-27 00:58:24.949 34378 DEBUG heat.engine.service [req-1e8225cf-5050-4569-9ecc-9e94fac1f69c - - - - -] Service 5b844aff-b33d-4cd6-95fa-23b7989466a4 is updated service_manage_report /usr/lib/python3/dist-packages/heat/engine/service.py:2370
2025-01-27 00:58:24.972 34380 DEBUG heat.engine.service [req-a3b24ad1-00ce-4b61-9568-3d4912690dba - - - - -] Service 3fede6ee-4c56-420d-b036-52de5de3b697 is updated service_manage_report /usr/lib/python3/dist-packages/heat/engine/service.py:2370
2025-01-27 00:59:24.876 34379 DEBUG heat.engine.service [req-7a5323e7-cd6e-4600-8b45-6d6348577f6b - - - - -] Service 1e851f10-1d1c-4196-96ec-5690ea02ede0 is updated service_manage_report /usr/lib/python3/dist-packages/heat/engine/service.py:2370
2025-01-27 00:59:24.883 34381 DEBUG heat.engine.service [req-7b34df43-2931-4d62-b4c1-ea87050421d2 - - - - -] Service 16f20194-c920-41df-9d30-b1aa7476f6a6 is updated service_manage_report /usr/lib/python3/dist-packages/heat/engine/service.py:2370
2025-01-27 00:59:24.944 34378 DEBUG heat.engine.service [req-b74167d8-f036-47f8-a3a6-e32687337777 - - - - -] Service 5b844aff-b33d-4cd6-95fa-23b7989466a4 is updated service_manage_report /usr/lib/python3/dist-packages/heat/engine/service.py:2370
2025-01-27 00:59:24.977 34380 DEBUG heat.engine.service [req-4de4b63a-2f55-44a3-9e07-c17a653b1462 - - - - -] Service 3fede6ee-4c56-420d-b036-52de5de3b697 is updated service_manage_report /usr/lib/python3/dist-packages/heat/engine/service.py:2370
