2025-01-27 02:22:20.000 7 DEBUG oslo_service.service [-] ml2_type_vxlan.vni_ranges = [] log_opt_values /var/lib/kolla/venv/lib/python3.6/site-packages/oslo_config/cfg.py:2611
2025-01-27 02:22:20.000 7 DEBUG oslo_service.service [-] ml2_type_vxlan.vxlan_group = None log_opt_values /var/lib/kolla/venv/lib/python3.6/site-packages/oslo_config/cfg.py:2611
2025-01-27 02:22:20.000 7 DEBUG oslo_service.service [-] database.backend = sqlalchemy log_opt_values /var/lib/kolla/venv/lib/python3.6/site-packages/oslo_config/cfg.py:2611
2025-01-27 02:22:20.000 7 DEBUG oslo_service.service [-] database.connection = **** log_opt_values /var/lib/kolla/venv/lib/python3.6/site-packages/oslo_config/cfg.py:2611
2025-01-27 02:22:20.000 7 DEBUG oslo_service.service [-] database.connection_debug = 0 log_opt_values /var/lib/kolla/venv/lib/python3.6/site-packages/oslo_config/cfg.py:2611
2025-01-27 02:22:20.000 7 DEBUG oslo_service.service [-] database.connection_parameters = log_opt_values /var/lib/kolla/venv/lib/python3.6/site-packages/oslo_config/cfg.py:2611
2025-01-27 02:22:20.001 7 DEBUG oslo_service.service [-] database.connection_recycle_time = 10 log_opt_values /var/lib/kolla/venv/lib/python3.6/site-packages/oslo_config/cfg.py:2611
2025-01-27 02:22:20.001 7 DEBUG oslo_service.service [-] database.connection_trace = False log_opt_values /var/lib/kolla/venv/lib/python3.6/site-packages/oslo_config/cfg.py:2611
2025-01-27 02:22:20.001 7 DEBUG oslo_service.service [-] database.db_inc_retry_interval = True log_opt_values /var/lib/kolla/venv/lib/python3.6/site-packages/oslo_config/cfg.py:2611
2025-01-27 02:22:20.001 7 DEBUG oslo_service.service [-] database.db_max_retries = 20 log_opt_values /var/lib/kolla/venv/lib/python3.6/site-packages/oslo_config/cfg.py:2611
2025-01-27 02:22:20.001 7 DEBUG oslo_service.service [-] database.db_max_retry_interval = 10 log_opt_values /var/lib/kolla/venv/lib/python3.6/site-packages/oslo_config/cfg.py:2611
2025-01-27 02:22:20.001 7 DEBUG oslo_service.service [-] database.db_retry_interval = 1 log_opt_values /var/lib/kolla/venv/lib/python3.6/site-packages/oslo_config/cfg.py:2611
2025-01-27 02:22:20.001 7 DEBUG oslo_service.service [-] database.max_overflow = 50 log_opt_values /var/lib/kolla/venv/lib/python3.6/site-packages/oslo_config/cfg.py:2611
2025-01-27 02:22:20.001 7 DEBUG oslo_service.service [-] database.max_pool_size = 1 log_opt_values /var/lib/kolla/venv/lib/python3.6/site-packages/oslo_config/cfg.py:2611
2025-01-27 02:22:20.001 7 DEBUG oslo_service.service [-] database.max_retries = -1 log_opt_values /var/lib/kolla/venv/lib/python3.6/site-packages/oslo_config/cfg.py:2611
2025-01-27 02:22:20.001 7 DEBUG oslo_service.service [-] database.mysql_enable_ndb = False log_opt_values /var/lib/kolla/venv/lib/python3.6/site-packages/oslo_config/cfg.py:2611
2025-01-27 02:22:20.001 7 DEBUG oslo_service.service [-] database.mysql_sql_mode = TRADITIONAL log_opt_values /var/lib/kolla/venv/lib/python3.6/site-packages/oslo_config/cfg.py:2611
2025-01-27 02:22:20.001 7 DEBUG oslo_service.service [-] database.pool_timeout = None log_opt_values /var/lib/kolla/venv/lib/python3.6/site-packages/oslo_config/cfg.py:2611
2025-01-27 02:22:20.001 25 DEBUG neutron.services.l3_router.l3_router_plugin [-] neutron.services.l3_router.l3_router_plugin.L3RouterPlugin method start_rpc_listeners called with arguments () {} wrapper /var/lib/kolla/venv/lib/python3.6/site-packages/oslo_log/helpers.py:66
2025-01-27 02:22:20.001 7 DEBUG oslo_service.service [-] database.retry_interval = 10 log_opt_values /var/lib/kolla/venv/lib/python3.6/site-packages/oslo_config/cfg.py:2611
2025-01-27 02:22:20.001 7 DEBUG oslo_service.service [-] database.slave_connection = **** log_opt_values /var/lib/kolla/venv/lib/python3.6/site-packages/oslo_config/cfg.py:2611
2025-01-27 02:22:20.001 7 DEBUG oslo_service.service [-] database.sqlite_synchronous = True log_opt_values /var/lib/kolla/venv/lib/python3.6/site-packages/oslo_config/cfg.py:2611
2025-01-27 02:22:20.001 7 DEBUG oslo_service.service [-] database.use_db_reconnect = False log_opt_values /var/lib/kolla/venv/lib/python3.6/site-packages/oslo_config/cfg.py:2611
2025-01-27 02:22:20.001 7 DEBUG oslo_service.service [-] ******************************************************************************** log_opt_values /var/lib/kolla/venv/lib/python3.6/site-packages/oslo_config/cfg.py:2613
2025-01-27 02:22:22.002 22 DEBUG neutron.wsgi [-] (22) accepted ('10.0.0.28', 56996) server /var/lib/kolla/venv/lib/python3.6/site-packages/eventlet/wsgi.py:1004
2025-01-27 02:22:22.009 22 INFO neutron.wsgi [-] 10.0.0.28 "GET / HTTP/1.1" status: 200 len: 227 time: 0.0053706
2025-01-27 02:22:25.012 23 DEBUG neutron.api.rpc.handlers.dhcp_rpc [req-8a53f92b-5227-4742-ad84-4e7aa2e654a9 - - - - -] get_active_networks_info from cn-jenkins-deploy-platform-ansible-os-2664-1 get_active_networks_info /var/lib/kolla/venv/lib/python3.6/site-packages/neutron/api/rpc/handlers/dhcp_rpc.py:159
2025-01-27 02:22:25.033 26 DEBUG neutron_lib.callbacks.manager [req-7e8080ea-3697-4180-85a9-bf0a1bdc43ac - - - - -] Publish callbacks ['neutron.services.segments.db._update_segment_host_mapping_for_agent-8783935242355', 'neutron.services.l3_router.l3_router_plugin.DVRResourceOperationHandler.create_fip_agent_gw_ports-1640963'] for agent (eb693526-7188-40fb-9b79-de33fcbaddb1), after_create _notify_loop /var/lib/kolla/venv/lib/python3.6/site-packages/neutron_lib/callbacks/manager.py:177
2025-01-27 02:22:25.048 23 DEBUG neutron.scheduler.dhcp_agent_scheduler [req-8a53f92b-5227-4742-ad84-4e7aa2e654a9 - - - - -] No non-hosted networks auto_schedule_networks /var/lib/kolla/venv/lib/python3.6/site-packages/neutron/scheduler/dhcp_agent_scheduler.py:60
2025-01-27 02:22:46.247 27 DEBUG neutron_lib.callbacks.manager [req-25d253f9-3e11-46cf-a41e-1127cef708e4 - - - - -] Publish callbacks ['neutron.services.segments.db._update_segment_host_mapping_for_agent-8783935242355', 'neutron.services.l3_router.l3_router_plugin.DVRResourceOperationHandler.create_fip_agent_gw_ports-1640963'] for agent (958b4559-5fc3-4a00-bf1f-ea0c889885cf), after_create _notify_loop /var/lib/kolla/venv/lib/python3.6/site-packages/neutron_lib/callbacks/manager.py:177
2025-01-27 02:22:52.056 22 DEBUG neutron.wsgi [-] (22) accepted ('10.0.0.28', 50156) server /var/lib/kolla/venv/lib/python3.6/site-packages/eventlet/wsgi.py:1004
2025-01-27 02:22:52.060 22 INFO neutron.wsgi [-] 10.0.0.28 "GET / HTTP/1.1" status: 200 len: 227 time: 0.0031211
2025-01-27 02:22:55.022 28 DEBUG neutron_lib.callbacks.manager [req-ec8a0408-1afd-402e-bf55-5b8c8b764d29 - - - - -] Publish callbacks ['neutron.services.segments.db._update_segment_host_mapping_for_agent-8783935242355', 'neutron.plugins.ml2.plugin.Ml2Plugin._retry_binding_revived_agents--9223372036851308947'] for agent (eb693526-7188-40fb-9b79-de33fcbaddb1), after_update _notify_loop /var/lib/kolla/venv/lib/python3.6/site-packages/neutron_lib/callbacks/manager.py:177
2025-01-27 02:23:16.235 24 DEBUG neutron_lib.callbacks.manager [req-25d253f9-3e11-46cf-a41e-1127cef708e4 - - - - -] Publish callbacks ['neutron.services.segments.db._update_segment_host_mapping_for_agent-8783935242355', 'neutron.plugins.ml2.plugin.Ml2Plugin._retry_binding_revived_agents--9223372036851308947'] for agent (958b4559-5fc3-4a00-bf1f-ea0c889885cf), after_update _notify_loop /var/lib/kolla/venv/lib/python3.6/site-packages/neutron_lib/callbacks/manager.py:177
2025-01-27 02:23:22.102 22 DEBUG neutron.wsgi [-] (22) accepted ('10.0.0.28', 44456) server /var/lib/kolla/venv/lib/python3.6/site-packages/eventlet/wsgi.py:1004
2025-01-27 02:23:22.105 22 INFO neutron.wsgi [-] 10.0.0.28 "GET / HTTP/1.1" status: 200 len: 227 time: 0.0026124
2025-01-27 02:23:25.009 23 DEBUG neutron_lib.callbacks.manager [req-b937fd50-0f9f-4850-aa39-d29b1c3da018 - - - - -] Publish callbacks ['neutron.services.segments.db._update_segment_host_mapping_for_agent-8783935242355', 'neutron.plugins.ml2.plugin.Ml2Plugin._retry_binding_revived_agents--9223372036851308947'] for agent (eb693526-7188-40fb-9b79-de33fcbaddb1), after_update _notify_loop /var/lib/kolla/venv/lib/python3.6/site-packages/neutron_lib/callbacks/manager.py:177
2025-01-27 02:23:27.960 29 DEBUG neutron.db.agents_db [req-555d1b83-c0c8-4374-8e87-1ba46945d9ce - - - - -] Agent healthcheck: found 2 active agents agent_health_check /var/lib/kolla/venv/lib/python3.6/site-packages/neutron/db/agents_db.py:318
2025-01-27 02:23:46.234 25 DEBUG neutron_lib.callbacks.manager [req-25d253f9-3e11-46cf-a41e-1127cef708e4 - - - - -] Publish callbacks ['neutron.services.segments.db._update_segment_host_mapping_for_agent-8783935242355', 'neutron.plugins.ml2.plugin.Ml2Plugin._retry_binding_revived_agents--9223372036851308947'] for agent (958b4559-5fc3-4a00-bf1f-ea0c889885cf), after_update _notify_loop /var/lib/kolla/venv/lib/python3.6/site-packages/neutron_lib/callbacks/manager.py:177
2025-01-27 02:23:52.146 22 DEBUG neutron.wsgi [-] (22) accepted ('10.0.0.28', 42908) server /var/lib/kolla/venv/lib/python3.6/site-packages/eventlet/wsgi.py:1004
2025-01-27 02:23:52.149 22 INFO neutron.wsgi [-] 10.0.0.28 "GET / HTTP/1.1" status: 200 len: 227 time: 0.0025382
2025-01-27 02:23:55.007 26 DEBUG neutron_lib.callbacks.manager [req-18d332dc-e606-4e62-bdf9-fe9aa35fac13 - - - - -] Publish callbacks ['neutron.services.segments.db._update_segment_host_mapping_for_agent-8783935242355', 'neutron.plugins.ml2.plugin.Ml2Plugin._retry_binding_revived_agents--9223372036851308947'] for agent (eb693526-7188-40fb-9b79-de33fcbaddb1), after_update _notify_loop /var/lib/kolla/venv/lib/python3.6/site-packages/neutron_lib/callbacks/manager.py:177
2025-01-27 02:24:04.960 29 DEBUG neutron.db.agents_db [req-555d1b83-c0c8-4374-8e87-1ba46945d9ce - - - - -] Agent healthcheck: found 2 active agents agent_health_check /var/lib/kolla/venv/lib/python3.6/site-packages/neutron/db/agents_db.py:318
2025-01-27 02:24:16.224 27 DEBUG neutron_lib.callbacks.manager [req-25d253f9-3e11-46cf-a41e-1127cef708e4 - - - - -] Publish callbacks ['neutron.services.segments.db._update_segment_host_mapping_for_agent-8783935242355', 'neutron.plugins.ml2.plugin.Ml2Plugin._retry_binding_revived_agents--9223372036851308947'] for agent (958b4559-5fc3-4a00-bf1f-ea0c889885cf), after_update _notify_loop /var/lib/kolla/venv/lib/python3.6/site-packages/neutron_lib/callbacks/manager.py:177
2025-01-27 02:24:22.193 22 DEBUG neutron.wsgi [-] (22) accepted ('10.0.0.28', 49604) server /var/lib/kolla/venv/lib/python3.6/site-packages/eventlet/wsgi.py:1004
2025-01-27 02:24:22.196 22 INFO neutron.wsgi [-] 10.0.0.28 "GET / HTTP/1.1" status: 200 len: 227 time: 0.0025818
2025-01-27 02:24:25.002 28 DEBUG neutron_lib.callbacks.manager [req-2ad537a7-1ecf-4f32-8960-f6f634bb9912 - - - - -] Publish callbacks ['neutron.services.segments.db._update_segment_host_mapping_for_agent-8783935242355', 'neutron.plugins.ml2.plugin.Ml2Plugin._retry_binding_revived_agents--9223372036851308947'] for agent (eb693526-7188-40fb-9b79-de33fcbaddb1), after_update _notify_loop /var/lib/kolla/venv/lib/python3.6/site-packages/neutron_lib/callbacks/manager.py:177
2025-01-27 02:24:41.957 29 DEBUG neutron.db.agents_db [req-555d1b83-c0c8-4374-8e87-1ba46945d9ce - - - - -] Agent healthcheck: found 2 active agents agent_health_check /var/lib/kolla/venv/lib/python3.6/site-packages/neutron/db/agents_db.py:318
2025-01-27 02:24:46.225 24 DEBUG neutron_lib.callbacks.manager [req-25d253f9-3e11-46cf-a41e-1127cef708e4 - - - - -] Publish callbacks ['neutron.services.segments.db._update_segment_host_mapping_for_agent-8783935242355', 'neutron.plugins.ml2.plugin.Ml2Plugin._retry_binding_revived_agents--9223372036851308947'] for agent (958b4559-5fc3-4a00-bf1f-ea0c889885cf), after_update _notify_loop /var/lib/kolla/venv/lib/python3.6/site-packages/neutron_lib/callbacks/manager.py:177
2025-01-27 02:24:52.239 22 DEBUG neutron.wsgi [-] (22) accepted ('10.0.0.28', 55726) server /var/lib/kolla/venv/lib/python3.6/site-packages/eventlet/wsgi.py:1004
2025-01-27 02:24:52.242 22 INFO neutron.wsgi [-] 10.0.0.28 "GET / HTTP/1.1" status: 200 len: 227 time: 0.0027201
2025-01-27 02:24:55.009 23 DEBUG neutron_lib.callbacks.manager [req-3439d260-dfc8-49d6-9ca9-0faf35597363 - - - - -] Publish callbacks ['neutron.services.segments.db._update_segment_host_mapping_for_agent-8783935242355', 'neutron.plugins.ml2.plugin.Ml2Plugin._retry_binding_revived_agents--9223372036851308947'] for agent (eb693526-7188-40fb-9b79-de33fcbaddb1), after_update _notify_loop /var/lib/kolla/venv/lib/python3.6/site-packages/neutron_lib/callbacks/manager.py:177
2025-01-27 02:25:16.228 25 DEBUG neutron_lib.callbacks.manager [req-25d253f9-3e11-46cf-a41e-1127cef708e4 - - - - -] Publish callbacks ['neutron.services.segments.db._update_segment_host_mapping_for_agent-8783935242355', 'neutron.plugins.ml2.plugin.Ml2Plugin._retry_binding_revived_agents--9223372036851308947'] for agent (958b4559-5fc3-4a00-bf1f-ea0c889885cf), after_update _notify_loop /var/lib/kolla/venv/lib/python3.6/site-packages/neutron_lib/callbacks/manager.py:177
2025-01-27 02:25:18.962 29 DEBUG neutron.db.agents_db [req-555d1b83-c0c8-4374-8e87-1ba46945d9ce - - - - -] Agent healthcheck: found 2 active agents agent_health_check /var/lib/kolla/venv/lib/python3.6/site-packages/neutron/db/agents_db.py:318
2025-01-27 02:25:22.289 22 DEBUG neutron.wsgi [-] (22) accepted ('10.0.0.28', 39480) server /var/lib/kolla/venv/lib/python3.6/site-packages/eventlet/wsgi.py:1004
2025-01-27 02:25:22.292 22 INFO neutron.wsgi [-] 10.0.0.28 "GET / HTTP/1.1" status: 200 len: 227 time: 0.0023906
2025-01-27 02:25:25.013 26 DEBUG neutron_lib.callbacks.manager [req-4a1f136a-c5f9-47ed-aa68-3a302e97c009 - - - - -] Publish callbacks ['neutron.services.segments.db._update_segment_host_mapping_for_agent-8783935242355', 'neutron.plugins.ml2.plugin.Ml2Plugin._retry_binding_revived_agents--9223372036851308947'] for agent (eb693526-7188-40fb-9b79-de33fcbaddb1), after_update _notify_loop /var/lib/kolla/venv/lib/python3.6/site-packages/neutron_lib/callbacks/manager.py:177
2025-01-27 02:25:46.233 27 DEBUG neutron_lib.callbacks.manager [req-25d253f9-3e11-46cf-a41e-1127cef708e4 - - - - -] Publish callbacks ['neutron.services.segments.db._update_segment_host_mapping_for_agent-8783935242355', 'neutron.plugins.ml2.plugin.Ml2Plugin._retry_binding_revived_agents--9223372036851308947'] for agent (958b4559-5fc3-4a00-bf1f-ea0c889885cf), after_update _notify_loop /var/lib/kolla/venv/lib/python3.6/site-packages/neutron_lib/callbacks/manager.py:177
2025-01-27 02:25:52.339 22 DEBUG neutron.wsgi [-] (22) accepted ('10.0.0.28', 51878) server /var/lib/kolla/venv/lib/python3.6/site-packages/eventlet/wsgi.py:1004
2025-01-27 02:25:52.342 22 INFO neutron.wsgi [-] 10.0.0.28 "GET / HTTP/1.1" status: 200 len: 227 time: 0.0026405
2025-01-27 02:25:55.018 28 DEBUG neutron_lib.callbacks.manager [req-5f9451d2-cb77-41fc-a16a-05c4bfaff754 - - - - -] Publish callbacks ['neutron.services.segments.db._update_segment_host_mapping_for_agent-8783935242355', 'neutron.plugins.ml2.plugin.Ml2Plugin._retry_binding_revived_agents--9223372036851308947'] for agent (eb693526-7188-40fb-9b79-de33fcbaddb1), after_update _notify_loop /var/lib/kolla/venv/lib/python3.6/site-packages/neutron_lib/callbacks/manager.py:177
2025-01-27 02:25:55.967 29 DEBUG neutron.db.agents_db [req-555d1b83-c0c8-4374-8e87-1ba46945d9ce - - - - -] Agent healthcheck: found 2 active agents agent_health_check /var/lib/kolla/venv/lib/python3.6/site-packages/neutron/db/agents_db.py:318
2025-01-27 02:26:16.231 24 DEBUG neutron_lib.callbacks.manager [req-25d253f9-3e11-46cf-a41e-1127cef708e4 - - - - -] Publish callbacks ['neutron.services.segments.db._update_segment_host_mapping_for_agent-8783935242355', 'neutron.plugins.ml2.plugin.Ml2Plugin._retry_binding_revived_agents--9223372036851308947'] for agent (958b4559-5fc3-4a00-bf1f-ea0c889885cf), after_update _notify_loop /var/lib/kolla/venv/lib/python3.6/site-packages/neutron_lib/callbacks/manager.py:177
2025-01-27 02:26:22.386 22 DEBUG neutron.wsgi [-] (22) accepted ('10.0.0.28', 60030) server /var/lib/kolla/venv/lib/python3.6/site-packages/eventlet/wsgi.py:1004
2025-01-27 02:26:22.389 22 INFO neutron.wsgi [-] 10.0.0.28 "GET / HTTP/1.1" status: 200 len: 227 time: 0.0024526
2025-01-27 02:26:25.022 23 DEBUG neutron_lib.callbacks.manager [req-91ba8080-2350-452b-b6b8-9d0485785b3c - - - - -] Publish callbacks ['neutron.services.segments.db._update_segment_host_mapping_for_agent-8783935242355', 'neutron.plugins.ml2.plugin.Ml2Plugin._retry_binding_revived_agents--9223372036851308947'] for agent (eb693526-7188-40fb-9b79-de33fcbaddb1), after_update _notify_loop /var/lib/kolla/venv/lib/python3.6/site-packages/neutron_lib/callbacks/manager.py:177
2025-01-27 02:26:32.975 29 DEBUG neutron.db.agents_db [req-555d1b83-c0c8-4374-8e87-1ba46945d9ce - - - - -] Agent healthcheck: found 2 active agents agent_health_check /var/lib/kolla/venv/lib/python3.6/site-packages/neutron/db/agents_db.py:318
2025-01-27 02:26:46.235 25 DEBUG neutron_lib.callbacks.manager [req-25d253f9-3e11-46cf-a41e-1127cef708e4 - - - - -] Publish callbacks ['neutron.services.segments.db._update_segment_host_mapping_for_agent-8783935242355', 'neutron.plugins.ml2.plugin.Ml2Plugin._retry_binding_revived_agents--9223372036851308947'] for agent (958b4559-5fc3-4a00-bf1f-ea0c889885cf), after_update _notify_loop /var/lib/kolla/venv/lib/python3.6/site-packages/neutron_lib/callbacks/manager.py:177
2025-01-27 02:26:52.431 22 DEBUG neutron.wsgi [-] (22) accepted ('10.0.0.28', 54008) server /var/lib/kolla/venv/lib/python3.6/site-packages/eventlet/wsgi.py:1004
2025-01-27 02:26:52.436 22 INFO neutron.wsgi [-] 10.0.0.28 "GET / HTTP/1.1" status: 200 len: 227 time: 0.0047896
2025-01-27 02:26:55.028 26 DEBUG neutron_lib.callbacks.manager [req-a6aea7c2-4ce0-4999-9d2e-77e58aef313e - - - - -] Publish callbacks ['neutron.services.segments.db._update_segment_host_mapping_for_agent-8783935242355', 'neutron.plugins.ml2.plugin.Ml2Plugin._retry_binding_revived_agents--9223372036851308947'] for agent (eb693526-7188-40fb-9b79-de33fcbaddb1), after_update _notify_loop /var/lib/kolla/venv/lib/python3.6/site-packages/neutron_lib/callbacks/manager.py:177
2025-01-27 02:27:09.984 29 DEBUG neutron.db.agents_db [req-555d1b83-c0c8-4374-8e87-1ba46945d9ce - - - - -] Agent healthcheck: found 2 active agents agent_health_check /var/lib/kolla/venv/lib/python3.6/site-packages/neutron/db/agents_db.py:318
2025-01-27 02:27:16.234 27 DEBUG neutron_lib.callbacks.manager [req-25d253f9-3e11-46cf-a41e-1127cef708e4 - - - - -] Publish callbacks ['neutron.services.segments.db._update_segment_host_mapping_for_agent-8783935242355', 'neutron.plugins.ml2.plugin.Ml2Plugin._retry_binding_revived_agents--9223372036851308947'] for agent (958b4559-5fc3-4a00-bf1f-ea0c889885cf), after_update _notify_loop /var/lib/kolla/venv/lib/python3.6/site-packages/neutron_lib/callbacks/manager.py:177
2025-01-27 02:27:22.481 22 DEBUG neutron.wsgi [-] (22) accepted ('10.0.0.28', 53014) server /var/lib/kolla/venv/lib/python3.6/site-packages/eventlet/wsgi.py:1004
2025-01-27 02:27:22.487 22 INFO neutron.wsgi [-] 10.0.0.28 "GET / HTTP/1.1" status: 200 len: 227 time: 0.0045474
2025-01-27 02:27:25.034 28 DEBUG neutron_lib.callbacks.manager [req-2a9eea95-b472-4839-ba67-7958ab66ba5f - - - - -] Publish callbacks ['neutron.services.segments.db._update_segment_host_mapping_for_agent-8783935242355', 'neutron.plugins.ml2.plugin.Ml2Plugin._retry_binding_revived_agents--9223372036851308947'] for agent (eb693526-7188-40fb-9b79-de33fcbaddb1), after_update _notify_loop /var/lib/kolla/venv/lib/python3.6/site-packages/neutron_lib/callbacks/manager.py:177
2025-01-27 02:27:46.236 24 DEBUG neutron_lib.callbacks.manager [req-25d253f9-3e11-46cf-a41e-1127cef708e4 - - - - -] Publish callbacks ['neutron.services.segments.db._update_segment_host_mapping_for_agent-8783935242355', 'neutron.plugins.ml2.plugin.Ml2Plugin._retry_binding_revived_agents--9223372036851308947'] for agent (958b4559-5fc3-4a00-bf1f-ea0c889885cf), after_update _notify_loop /var/lib/kolla/venv/lib/python3.6/site-packages/neutron_lib/callbacks/manager.py:177
2025-01-27 02:27:46.980 29 DEBUG neutron.db.agents_db [req-555d1b83-c0c8-4374-8e87-1ba46945d9ce - - - - -] Agent healthcheck: found 2 active agents agent_health_check /var/lib/kolla/venv/lib/python3.6/site-packages/neutron/db/agents_db.py:318
2025-01-27 02:27:52.535 22 DEBUG neutron.wsgi [-] (22) accepted ('10.0.0.28', 40170) server /var/lib/kolla/venv/lib/python3.6/site-packages/eventlet/wsgi.py:1004
2025-01-27 02:27:52.539 22 INFO neutron.wsgi [-] 10.0.0.28 "GET / HTTP/1.1" status: 200 len: 227 time: 0.0036030
2025-01-27 02:27:55.038 23 DEBUG neutron_lib.callbacks.manager [req-14649f4c-d336-4899-b405-0de8bf04db19 - - - - -] Publish callbacks ['neutron.services.segments.db._update_segment_host_mapping_for_agent-8783935242355', 'neutron.plugins.ml2.plugin.Ml2Plugin._retry_binding_revived_agents--9223372036851308947'] for agent (eb693526-7188-40fb-9b79-de33fcbaddb1), after_update _notify_loop /var/lib/kolla/venv/lib/python3.6/site-packages/neutron_lib/callbacks/manager.py:177
2025-01-27 02:28:16.239 25 DEBUG neutron_lib.callbacks.manager [req-25d253f9-3e11-46cf-a41e-1127cef708e4 - - - - -] Publish callbacks ['neutron.services.segments.db._update_segment_host_mapping_for_agent-8783935242355', 'neutron.plugins.ml2.plugin.Ml2Plugin._retry_binding_revived_agents--9223372036851308947'] for agent (958b4559-5fc3-4a00-bf1f-ea0c889885cf), after_update _notify_loop /var/lib/kolla/venv/lib/python3.6/site-packages/neutron_lib/callbacks/manager.py:177
2025-01-27 02:28:22.580 22 DEBUG neutron.wsgi [-] (22) accepted ('10.0.0.28', 44574) server /var/lib/kolla/venv/lib/python3.6/site-packages/eventlet/wsgi.py:1004
2025-01-27 02:28:22.584 22 INFO neutron.wsgi [-] 10.0.0.28 "GET / HTTP/1.1" status: 200 len: 227 time: 0.0030620
2025-01-27 02:28:23.978 29 DEBUG neutron.db.agents_db [req-555d1b83-c0c8-4374-8e87-1ba46945d9ce - - - - -] Agent healthcheck: found 2 active agents agent_health_check /var/lib/kolla/venv/lib/python3.6/site-packages/neutron/db/agents_db.py:318
2025-01-27 02:28:25.043 26 DEBUG neutron_lib.callbacks.manager [req-f3c4fa2e-9690-4282-9a02-ae54349ba10e - - - - -] Publish callbacks ['neutron.services.segments.db._update_segment_host_mapping_for_agent-8783935242355', 'neutron.plugins.ml2.plugin.Ml2Plugin._retry_binding_revived_agents--9223372036851308947'] for agent (eb693526-7188-40fb-9b79-de33fcbaddb1), after_update _notify_loop /var/lib/kolla/venv/lib/python3.6/site-packages/neutron_lib/callbacks/manager.py:177
2025-01-27 02:28:46.241 27 DEBUG neutron_lib.callbacks.manager [req-25d253f9-3e11-46cf-a41e-1127cef708e4 - - - - -] Publish callbacks ['neutron.services.segments.db._update_segment_host_mapping_for_agent-8783935242355', 'neutron.plugins.ml2.plugin.Ml2Plugin._retry_binding_revived_agents--9223372036851308947'] for agent (958b4559-5fc3-4a00-bf1f-ea0c889885cf), after_update _notify_loop /var/lib/kolla/venv/lib/python3.6/site-packages/neutron_lib/callbacks/manager.py:177
2025-01-27 02:28:52.627 22 DEBUG neutron.wsgi [-] (22) accepted ('10.0.0.28', 42456) server /var/lib/kolla/venv/lib/python3.6/site-packages/eventlet/wsgi.py:1004
2025-01-27 02:28:52.631 22 INFO neutron.wsgi [-] 10.0.0.28 "GET / HTTP/1.1" status: 200 len: 227 time: 0.0032206
2025-01-27 02:28:55.053 28 DEBUG neutron_lib.callbacks.manager [req-55f659d0-108d-432c-abe8-5ca643aadf7f - - - - -] Publish callbacks ['neutron.services.segments.db._update_segment_host_mapping_for_agent-8783935242355', 'neutron.plugins.ml2.plugin.Ml2Plugin._retry_binding_revived_agents--9223372036851308947'] for agent (eb693526-7188-40fb-9b79-de33fcbaddb1), after_update _notify_loop /var/lib/kolla/venv/lib/python3.6/site-packages/neutron_lib/callbacks/manager.py:177
2025-01-27 02:29:00.984 29 DEBUG neutron.db.agents_db [req-555d1b83-c0c8-4374-8e87-1ba46945d9ce - - - - -] Agent healthcheck: found 2 active agents agent_health_check /var/lib/kolla/venv/lib/python3.6/site-packages/neutron/db/agents_db.py:318
2025-01-27 02:29:16.243 24 DEBUG neutron_lib.callbacks.manager [req-25d253f9-3e11-46cf-a41e-1127cef708e4 - - - - -] Publish callbacks ['neutron.services.segments.db._update_segment_host_mapping_for_agent-8783935242355', 'neutron.plugins.ml2.plugin.Ml2Plugin._retry_binding_revived_agents--9223372036851308947'] for agent (958b4559-5fc3-4a00-bf1f-ea0c889885cf), after_update _notify_loop /var/lib/kolla/venv/lib/python3.6/site-packages/neutron_lib/callbacks/manager.py:177
2025-01-27 02:29:22.676 22 DEBUG neutron.wsgi [-] (22) accepted ('10.0.0.28', 42596) server /var/lib/kolla/venv/lib/python3.6/site-packages/eventlet/wsgi.py:1004
2025-01-27 02:29:22.680 22 INFO neutron.wsgi [-] 10.0.0.28 "GET / HTTP/1.1" status: 200 len: 227 time: 0.0030894
2025-01-27 02:29:25.052 23 DEBUG neutron_lib.callbacks.manager [req-ce55db0a-668b-41bf-867b-efe1bb259c27 - - - - -] Publish callbacks ['neutron.services.segments.db._update_segment_host_mapping_for_agent-8783935242355', 'neutron.plugins.ml2.plugin.Ml2Plugin._retry_binding_revived_agents--9223372036851308947'] for agent (eb693526-7188-40fb-9b79-de33fcbaddb1), after_update _notify_loop /var/lib/kolla/venv/lib/python3.6/site-packages/neutron_lib/callbacks/manager.py:177
2025-01-27 02:29:37.991 29 DEBUG neutron.db.agents_db [req-555d1b83-c0c8-4374-8e87-1ba46945d9ce - - - - -] Agent healthcheck: found 2 active agents agent_health_check /var/lib/kolla/venv/lib/python3.6/site-packages/neutron/db/agents_db.py:318
2025-01-27 02:29:46.245 25 DEBUG neutron_lib.callbacks.manager [req-25d253f9-3e11-46cf-a41e-1127cef708e4 - - - - -] Publish callbacks ['neutron.services.segments.db._update_segment_host_mapping_for_agent-8783935242355', 'neutron.plugins.ml2.plugin.Ml2Plugin._retry_binding_revived_agents--9223372036851308947'] for agent (958b4559-5fc3-4a00-bf1f-ea0c889885cf), after_update _notify_loop /var/lib/kolla/venv/lib/python3.6/site-packages/neutron_lib/callbacks/manager.py:177
2025-01-27 02:29:52.728 22 DEBUG neutron.wsgi [-] (22) accepted ('10.0.0.28', 34888) server /var/lib/kolla/venv/lib/python3.6/site-packages/eventlet/wsgi.py:1004
2025-01-27 02:29:52.733 22 INFO neutron.wsgi [-] 10.0.0.28 "GET / HTTP/1.1" status: 200 len: 227 time: 0.0033922
2025-01-27 02:29:55.047 26 DEBUG neutron_lib.callbacks.manager [req-e4158cc1-a4e1-41de-b6f3-1b916fc98310 - - - - -] Publish callbacks ['neutron.services.segments.db._update_segment_host_mapping_for_agent-8783935242355', 'neutron.plugins.ml2.plugin.Ml2Plugin._retry_binding_revived_agents--9223372036851308947'] for agent (eb693526-7188-40fb-9b79-de33fcbaddb1), after_update _notify_loop /var/lib/kolla/venv/lib/python3.6/site-packages/neutron_lib/callbacks/manager.py:177
2025-01-27 02:30:14.995 29 DEBUG neutron.db.agents_db [req-555d1b83-c0c8-4374-8e87-1ba46945d9ce - - - - -] Agent healthcheck: found 2 active agents agent_health_check /var/lib/kolla/venv/lib/python3.6/site-packages/neutron/db/agents_db.py:318
2025-01-27 02:30:16.247 27 DEBUG neutron_lib.callbacks.manager [req-25d253f9-3e11-46cf-a41e-1127cef708e4 - - - - -] Publish callbacks ['neutron.services.segments.db._update_segment_host_mapping_for_agent-8783935242355', 'neutron.plugins.ml2.plugin.Ml2Plugin._retry_binding_revived_agents--9223372036851308947'] for agent (958b4559-5fc3-4a00-bf1f-ea0c889885cf), after_update _notify_loop /var/lib/kolla/venv/lib/python3.6/site-packages/neutron_lib/callbacks/manager.py:177
2025-01-27 02:30:22.782 22 DEBUG neutron.wsgi [-] (22) accepted ('10.0.0.28', 45720) server /var/lib/kolla/venv/lib/python3.6/site-packages/eventlet/wsgi.py:1004
2025-01-27 02:30:22.785 22 INFO neutron.wsgi [-] 10.0.0.28 "GET / HTTP/1.1" status: 200 len: 227 time: 0.0024109
2025-01-27 02:30:25.044 28 DEBUG neutron_lib.callbacks.manager [req-241cb743-8ef3-44e2-9e42-aef95de1ef65 - - - - -] Publish callbacks ['neutron.services.segments.db._update_segment_host_mapping_for_agent-8783935242355', 'neutron.plugins.ml2.plugin.Ml2Plugin._retry_binding_revived_agents--9223372036851308947'] for agent (eb693526-7188-40fb-9b79-de33fcbaddb1), after_update _notify_loop /var/lib/kolla/venv/lib/python3.6/site-packages/neutron_lib/callbacks/manager.py:177
2025-01-27 02:30:46.251 24 DEBUG neutron_lib.callbacks.manager [req-25d253f9-3e11-46cf-a41e-1127cef708e4 - - - - -] Publish callbacks ['neutron.services.segments.db._update_segment_host_mapping_for_agent-8783935242355', 'neutron.plugins.ml2.plugin.Ml2Plugin._retry_binding_revived_agents--9223372036851308947'] for agent (958b4559-5fc3-4a00-bf1f-ea0c889885cf), after_update _notify_loop /var/lib/kolla/venv/lib/python3.6/site-packages/neutron_lib/callbacks/manager.py:177
2025-01-27 02:30:52.003 29 DEBUG neutron.db.agents_db [req-555d1b83-c0c8-4374-8e87-1ba46945d9ce - - - - -] Agent healthcheck: found 2 active agents agent_health_check /var/lib/kolla/venv/lib/python3.6/site-packages/neutron/db/agents_db.py:318
2025-01-27 02:30:52.828 22 DEBUG neutron.wsgi [-] (22) accepted ('10.0.0.28', 55006) server /var/lib/kolla/venv/lib/python3.6/site-packages/eventlet/wsgi.py:1004
2025-01-27 02:30:52.832 22 INFO neutron.wsgi [-] 10.0.0.28 "GET / HTTP/1.1" status: 200 len: 227 time: 0.0024786
2025-01-27 02:30:55.041 23 DEBUG neutron_lib.callbacks.manager [req-7cd69f5a-3608-4df3-9f1e-d3259d461769 - - - - -] Publish callbacks ['neutron.services.segments.db._update_segment_host_mapping_for_agent-8783935242355', 'neutron.plugins.ml2.plugin.Ml2Plugin._retry_binding_revived_agents--9223372036851308947'] for agent (eb693526-7188-40fb-9b79-de33fcbaddb1), after_update _notify_loop /var/lib/kolla/venv/lib/python3.6/site-packages/neutron_lib/callbacks/manager.py:177
2025-01-27 02:31:16.254 25 DEBUG neutron_lib.callbacks.manager [req-25d253f9-3e11-46cf-a41e-1127cef708e4 - - - - -] Publish callbacks ['neutron.services.segments.db._update_segment_host_mapping_for_agent-8783935242355', 'neutron.plugins.ml2.plugin.Ml2Plugin._retry_binding_revived_agents--9223372036851308947'] for agent (958b4559-5fc3-4a00-bf1f-ea0c889885cf), after_update _notify_loop /var/lib/kolla/venv/lib/python3.6/site-packages/neutron_lib/callbacks/manager.py:177
2025-01-27 02:31:22.877 22 DEBUG neutron.wsgi [-] (22) accepted ('10.0.0.28', 60754) server /var/lib/kolla/venv/lib/python3.6/site-packages/eventlet/wsgi.py:1004
2025-01-27 02:31:22.883 22 INFO neutron.wsgi [-] 10.0.0.28 "GET / HTTP/1.1" status: 200 len: 227 time: 0.0025344
2025-01-27 02:31:25.039 26 DEBUG neutron_lib.callbacks.manager [req-6821d7ae-4cd3-48c1-a757-77653b48d961 - - - - -] Publish callbacks ['neutron.services.segments.db._update_segment_host_mapping_for_agent-8783935242355', 'neutron.plugins.ml2.plugin.Ml2Plugin._retry_binding_revived_agents--9223372036851308947'] for agent (eb693526-7188-40fb-9b79-de33fcbaddb1), after_update _notify_loop /var/lib/kolla/venv/lib/python3.6/site-packages/neutron_lib/callbacks/manager.py:177
2025-01-27 02:31:29.002 29 DEBUG neutron.db.agents_db [req-555d1b83-c0c8-4374-8e87-1ba46945d9ce - - - - -] Agent healthcheck: found 2 active agents agent_health_check /var/lib/kolla/venv/lib/python3.6/site-packages/neutron/db/agents_db.py:318
2025-01-27 02:31:46.254 27 DEBUG neutron_lib.callbacks.manager [req-25d253f9-3e11-46cf-a41e-1127cef708e4 - - - - -] Publish callbacks ['neutron.services.segments.db._update_segment_host_mapping_for_agent-8783935242355', 'neutron.plugins.ml2.plugin.Ml2Plugin._retry_binding_revived_agents--9223372036851308947'] for agent (958b4559-5fc3-4a00-bf1f-ea0c889885cf), after_update _notify_loop /var/lib/kolla/venv/lib/python3.6/site-packages/neutron_lib/callbacks/manager.py:177
2025-01-27 02:31:52.932 22 DEBUG neutron.wsgi [-] (22) accepted ('10.0.0.28', 33240) server /var/lib/kolla/venv/lib/python3.6/site-packages/eventlet/wsgi.py:1004
2025-01-27 02:31:52.935 22 INFO neutron.wsgi [-] 10.0.0.28 "GET / HTTP/1.1" status: 200 len: 227 time: 0.0027204
2025-01-27 02:31:55.039 28 DEBUG neutron_lib.callbacks.manager [req-28604e79-e597-4273-a43a-14c4edf026f1 - - - - -] Publish callbacks ['neutron.services.segments.db._update_segment_host_mapping_for_agent-8783935242355', 'neutron.plugins.ml2.plugin.Ml2Plugin._retry_binding_revived_agents--9223372036851308947'] for agent (eb693526-7188-40fb-9b79-de33fcbaddb1), after_update _notify_loop /var/lib/kolla/venv/lib/python3.6/site-packages/neutron_lib/callbacks/manager.py:177
2025-01-27 02:32:06.010 29 DEBUG neutron.db.agents_db [req-555d1b83-c0c8-4374-8e87-1ba46945d9ce - - - - -] Agent healthcheck: found 2 active agents agent_health_check /var/lib/kolla/venv/lib/python3.6/site-packages/neutron/db/agents_db.py:318
2025-01-27 02:32:16.256 24 DEBUG neutron_lib.callbacks.manager [req-25d253f9-3e11-46cf-a41e-1127cef708e4 - - - - -] Publish callbacks ['neutron.services.segments.db._update_segment_host_mapping_for_agent-8783935242355', 'neutron.plugins.ml2.plugin.Ml2Plugin._retry_binding_revived_agents--9223372036851308947'] for agent (958b4559-5fc3-4a00-bf1f-ea0c889885cf), after_update _notify_loop /var/lib/kolla/venv/lib/python3.6/site-packages/neutron_lib/callbacks/manager.py:177
2025-01-27 02:32:22.979 22 DEBUG neutron.wsgi [-] (22) accepted ('10.0.0.28', 48870) server /var/lib/kolla/venv/lib/python3.6/site-packages/eventlet/wsgi.py:1004
2025-01-27 02:32:22.982 22 INFO neutron.wsgi [-] 10.0.0.28 "GET / HTTP/1.1" status: 200 len: 227 time: 0.0025105
2025-01-27 02:32:25.082 23 DEBUG neutron_lib.callbacks.manager [req-4e4b1457-0cf0-4b56-9807-e3f1081479bf - - - - -] Publish callbacks ['neutron.services.segments.db._update_segment_host_mapping_for_agent-8783935242355', 'neutron.plugins.ml2.plugin.Ml2Plugin._retry_binding_revived_agents--9223372036851308947'] for agent (eb693526-7188-40fb-9b79-de33fcbaddb1), after_update _notify_loop /var/lib/kolla/venv/lib/python3.6/site-packages/neutron_lib/callbacks/manager.py:177
2025-01-27 02:32:43.006 29 DEBUG neutron.db.agents_db [req-555d1b83-c0c8-4374-8e87-1ba46945d9ce - - - - -] Agent healthcheck: found 2 active agents agent_health_check /var/lib/kolla/venv/lib/python3.6/site-packages/neutron/db/agents_db.py:318
2025-01-27 02:32:46.261 25 DEBUG neutron_lib.callbacks.manager [req-25d253f9-3e11-46cf-a41e-1127cef708e4 - - - - -] Publish callbacks ['neutron.services.segments.db._update_segment_host_mapping_for_agent-8783935242355', 'neutron.plugins.ml2.plugin.Ml2Plugin._retry_binding_revived_agents--9223372036851308947'] for agent (958b4559-5fc3-4a00-bf1f-ea0c889885cf), after_update _notify_loop /var/lib/kolla/venv/lib/python3.6/site-packages/neutron_lib/callbacks/manager.py:177
2025-01-27 02:32:53.031 22 DEBUG neutron.wsgi [-] (22) accepted ('10.0.0.28', 59542) server /var/lib/kolla/venv/lib/python3.6/site-packages/eventlet/wsgi.py:1004
2025-01-27 02:32:53.034 22 INFO neutron.wsgi [-] 10.0.0.28 "GET / HTTP/1.1" status: 200 len: 227 time: 0.0025291
2025-01-27 02:32:55.038 26 DEBUG neutron_lib.callbacks.manager [req-43f99bdc-cfc6-4a0c-a215-d5d01f16eb4a - - - - -] Publish callbacks ['neutron.services.segments.db._update_segment_host_mapping_for_agent-8783935242355', 'neutron.plugins.ml2.plugin.Ml2Plugin._retry_binding_revived_agents--9223372036851308947'] for agent (eb693526-7188-40fb-9b79-de33fcbaddb1), after_update _notify_loop /var/lib/kolla/venv/lib/python3.6/site-packages/neutron_lib/callbacks/manager.py:177
2025-01-27 02:33:16.259 27 DEBUG neutron_lib.callbacks.manager [req-25d253f9-3e11-46cf-a41e-1127cef708e4 - - - - -] Publish callbacks ['neutron.services.segments.db._update_segment_host_mapping_for_agent-8783935242355', 'neutron.plugins.ml2.plugin.Ml2Plugin._retry_binding_revived_agents--9223372036851308947'] for agent (958b4559-5fc3-4a00-bf1f-ea0c889885cf), after_update _notify_loop /var/lib/kolla/venv/lib/python3.6/site-packages/neutron_lib/callbacks/manager.py:177
2025-01-27 02:33:20.011 29 DEBUG neutron.db.agents_db [req-555d1b83-c0c8-4374-8e87-1ba46945d9ce - - - - -] Agent healthcheck: found 2 active agents agent_health_check /var/lib/kolla/venv/lib/python3.6/site-packages/neutron/db/agents_db.py:318
2025-01-27 02:33:23.081 22 DEBUG neutron.wsgi [-] (22) accepted ('10.0.0.28', 58834) server /var/lib/kolla/venv/lib/python3.6/site-packages/eventlet/wsgi.py:1004
2025-01-27 02:33:23.086 22 INFO neutron.wsgi [-] 10.0.0.28 "GET / HTTP/1.1" status: 200 len: 227 time: 0.0031164
2025-01-27 02:33:25.043 28 DEBUG neutron_lib.callbacks.manager [req-20404bf2-ec14-43c2-9848-237cd8ff8a6a - - - - -] Publish callbacks ['neutron.services.segments.db._update_segment_host_mapping_for_agent-8783935242355', 'neutron.plugins.ml2.plugin.Ml2Plugin._retry_binding_revived_agents--9223372036851308947'] for agent (eb693526-7188-40fb-9b79-de33fcbaddb1), after_update _notify_loop /var/lib/kolla/venv/lib/python3.6/site-packages/neutron_lib/callbacks/manager.py:177
2025-01-27 02:33:31.263 7 INFO oslo_service.service [-] Caught SIGTERM, stopping children
2025-01-27 02:33:31.264 7 DEBUG oslo_concurrency.lockutils [-] Acquired lock "singleton_lock" lock /var/lib/kolla/venv/lib/python3.6/site-packages/oslo_concurrency/lockutils.py:294
2025-01-27 02:33:31.264 7 DEBUG oslo_concurrency.lockutils [-] Releasing lock "singleton_lock" lock /var/lib/kolla/venv/lib/python3.6/site-packages/oslo_concurrency/lockutils.py:312
2025-01-27 02:33:31.264 7 DEBUG oslo_service.service [-] Stop services. stop /var/lib/kolla/venv/lib/python3.6/site-packages/oslo_service/service.py:695
2025-01-27 02:33:31.264 7 DEBUG neutron.service [-] calling RpcWorker stop() stop /var/lib/kolla/venv/lib/python3.6/site-packages/neutron/service.py:138
2025-01-27 02:33:31.264 7 DEBUG neutron.service [-] calling RpcWorker stop() stop /var/lib/kolla/venv/lib/python3.6/site-packages/neutron/service.py:138
2025-01-27 02:33:31.264 7 DEBUG oslo_service.service [-] Killing children. stop /var/lib/kolla/venv/lib/python3.6/site-packages/oslo_service/service.py:700
2025-01-27 02:33:31.265 7 INFO oslo_service.service [-] Waiting on 8 children to exit
2025-01-27 02:33:31.265 22 INFO neutron.wsgi [-] (22) wsgi exited, is_accepting=True
2025-01-27 02:33:31.265 28 DEBUG neutron.service [-] calling RpcWorker stop() stop /var/lib/kolla/venv/lib/python3.6/site-packages/neutron/service.py:138
2025-01-27 02:33:31.265 29 DEBUG neutron.service [-] calling RpcWorker stop() stop /var/lib/kolla/venv/lib/python3.6/site-packages/neutron/service.py:138
2025-01-27 02:33:31.266 22 DEBUG oslo_concurrency.lockutils [req-efde9feb-6170-4db0-b6f6-b295b6da5e93 - - - - -] Acquired lock "singleton_lock" lock /var/lib/kolla/venv/lib/python3.6/site-packages/oslo_concurrency/lockutils.py:294
2025-01-27 02:33:31.266 22 DEBUG oslo_concurrency.lockutils [req-efde9feb-6170-4db0-b6f6-b295b6da5e93 - - - - -] Releasing lock "singleton_lock" lock /var/lib/kolla/venv/lib/python3.6/site-packages/oslo_concurrency/lockutils.py:312
2025-01-27 02:33:31.266 25 DEBUG neutron.service [-] calling RpcWorker stop() stop /var/lib/kolla/venv/lib/python3.6/site-packages/neutron/service.py:138
2025-01-27 02:33:31.266 29 DEBUG neutron.service [-] calling stop on stop /var/lib/kolla/venv/lib/python3.6/site-packages/neutron/service.py:141
2025-01-27 02:33:31.266 28 DEBUG neutron.service [-] calling stop on stop /var/lib/kolla/venv/lib/python3.6/site-packages/neutron/service.py:141
2025-01-27 02:33:31.270 27 DEBUG neutron.service [-] calling RpcWorker stop() stop /var/lib/kolla/venv/lib/python3.6/site-packages/neutron/service.py:138
2025-01-27 02:33:31.266 25 DEBUG neutron.service [-] calling stop on stop /var/lib/kolla/venv/lib/python3.6/site-packages/neutron/service.py:141
2025-01-27 02:33:31.272 24 DEBUG neutron.service [-] calling RpcWorker stop() stop /var/lib/kolla/venv/lib/python3.6/site-packages/neutron/service.py:138
2025-01-27 02:33:31.272 7 INFO oslo_service.service [-] Child 22 exited with status 0
2025-01-27 02:33:31.273 26 DEBUG neutron.service [-] calling RpcWorker stop() stop /var/lib/kolla/venv/lib/python3.6/site-packages/neutron/service.py:138
2025-01-27 02:33:31.273 23 DEBUG neutron.service [-] calling RpcWorker stop() stop /var/lib/kolla/venv/lib/python3.6/site-packages/neutron/service.py:138
2025-01-27 02:33:31.271 27 DEBUG neutron.service [-] calling stop on stop /var/lib/kolla/venv/lib/python3.6/site-packages/neutron/service.py:141
2025-01-27 02:33:31.274 23 DEBUG neutron.service [-] calling stop on stop /var/lib/kolla/venv/lib/python3.6/site-packages/neutron/service.py:141
2025-01-27 02:33:31.274 26 DEBUG neutron.service [-] calling stop on stop /var/lib/kolla/venv/lib/python3.6/site-packages/neutron/service.py:141
2025-01-27 02:33:31.274 24 DEBUG neutron.service [-] calling stop on stop /var/lib/kolla/venv/lib/python3.6/site-packages/neutron/service.py:141
2025-01-27 02:33:33.236 28 DEBUG oslo_concurrency.lockutils [req-efde9feb-6170-4db0-b6f6-b295b6da5e93 - - - - -] Acquired lock "singleton_lock" lock /var/lib/kolla/venv/lib/python3.6/site-packages/oslo_concurrency/lockutils.py:294
2025-01-27 02:33:33.236 28 DEBUG oslo_concurrency.lockutils [req-efde9feb-6170-4db0-b6f6-b295b6da5e93 - - - - -] Releasing lock "singleton_lock" lock /var/lib/kolla/venv/lib/python3.6/site-packages/oslo_concurrency/lockutils.py:312
2025-01-27 02:33:33.237 28 DEBUG neutron.service [req-efde9feb-6170-4db0-b6f6-b295b6da5e93 - - - - -] calling RpcWorker wait() _wait /var/lib/kolla/venv/lib/python3.6/site-packages/neutron/service.py:128
2025-01-27 02:33:33.237 28 DEBUG neutron.service [req-efde9feb-6170-4db0-b6f6-b295b6da5e93 - - - - -] calling wait on _wait /var/lib/kolla/venv/lib/python3.6/site-packages/neutron/service.py:131
2025-01-27 02:33:33.238 26 DEBUG oslo_concurrency.lockutils [req-efde9feb-6170-4db0-b6f6-b295b6da5e93 - - - - -] Acquired lock "singleton_lock" lock /var/lib/kolla/venv/lib/python3.6/site-packages/oslo_concurrency/lockutils.py:294
2025-01-27 02:33:33.239 26 DEBUG oslo_concurrency.lockutils [req-efde9feb-6170-4db0-b6f6-b295b6da5e93 - - - - -] Releasing lock "singleton_lock" lock /var/lib/kolla/venv/lib/python3.6/site-packages/oslo_concurrency/lockutils.py:312
2025-01-27 02:33:33.239 26 DEBUG neutron.service [req-efde9feb-6170-4db0-b6f6-b295b6da5e93 - - - - -] calling RpcWorker wait() _wait /var/lib/kolla/venv/lib/python3.6/site-packages/neutron/service.py:128
2025-01-27 02:33:33.239 26 DEBUG neutron.service [req-efde9feb-6170-4db0-b6f6-b295b6da5e93 - - - - -] calling wait on _wait /var/lib/kolla/venv/lib/python3.6/site-packages/neutron/service.py:131
2025-01-27 02:33:33.244 28 WARNING amqp [req-efde9feb-6170-4db0-b6f6-b295b6da5e93 - - - - -] Received method (60, 30) during closing channel 1. This method will be ignored
2025-01-27 02:33:33.245 28 DEBUG neutron.service [req-efde9feb-6170-4db0-b6f6-b295b6da5e93 - - - - -] returning from RpcWorker wait() _wait /var/lib/kolla/venv/lib/python3.6/site-packages/neutron/service.py:135
2025-01-27 02:33:33.251 26 WARNING amqp [req-efde9feb-6170-4db0-b6f6-b295b6da5e93 - - - - -] Received method (60, 30) during closing channel 1. This method will be ignored
2025-01-27 02:33:33.252 26 DEBUG neutron.service [req-efde9feb-6170-4db0-b6f6-b295b6da5e93 - - - - -] returning from RpcWorker wait() _wait /var/lib/kolla/venv/lib/python3.6/site-packages/neutron/service.py:135
2025-01-27 02:33:33.253 7 INFO oslo_service.service [-] Child 28 exited with status 0
2025-01-27 02:33:33.256 7 INFO oslo_service.service [-] Child 26 exited with status 0
2025-01-27 02:33:34.454 27 DEBUG oslo_concurrency.lockutils [req-efde9feb-6170-4db0-b6f6-b295b6da5e93 - - - - -] Acquired lock "singleton_lock" lock /var/lib/kolla/venv/lib/python3.6/site-packages/oslo_concurrency/lockutils.py:294
2025-01-27 02:33:34.455 27 DEBUG oslo_concurrency.lockutils [req-efde9feb-6170-4db0-b6f6-b295b6da5e93 - - - - -] Releasing lock "singleton_lock" lock /var/lib/kolla/venv/lib/python3.6/site-packages/oslo_concurrency/lockutils.py:312
2025-01-27 02:33:34.455 27 DEBUG neutron.service [req-efde9feb-6170-4db0-b6f6-b295b6da5e93 - - - - -] calling RpcWorker wait() _wait /var/lib/kolla/venv/lib/python3.6/site-packages/neutron/service.py:128
2025-01-27 02:33:34.455 27 DEBUG neutron.service [req-efde9feb-6170-4db0-b6f6-b295b6da5e93 - - - - -] calling wait on _wait /var/lib/kolla/venv/lib/python3.6/site-packages/neutron/service.py:131
2025-01-27 02:33:34.461 27 WARNING amqp [req-efde9feb-6170-4db0-b6f6-b295b6da5e93 - - - - -] Received method (60, 30) during closing channel 1. This method will be ignored
2025-01-27 02:33:34.462 27 DEBUG neutron.service [req-efde9feb-6170-4db0-b6f6-b295b6da5e93 - - - - -] returning from RpcWorker wait() _wait /var/lib/kolla/venv/lib/python3.6/site-packages/neutron/service.py:135
2025-01-27 02:33:34.467 7 INFO oslo_service.service [-] Child 27 exited with status 0
2025-01-27 02:33:34.953 23 DEBUG neutron.service [-] calling stop on stop /var/lib/kolla/venv/lib/python3.6/site-packages/neutron/service.py:141
2025-01-27 02:33:34.966 24 DEBUG neutron.service [-] calling stop on stop /var/lib/kolla/venv/lib/python3.6/site-packages/neutron/service.py:141
2025-01-27 02:33:34.967 25 DEBUG neutron.service [-] calling stop on stop /var/lib/kolla/venv/lib/python3.6/site-packages/neutron/service.py:141
2025-01-27 02:33:34.994 24 DEBUG neutron.service [-] calling stop on stop /var/lib/kolla/venv/lib/python3.6/site-packages/neutron/service.py:141
2025-01-27 02:33:34.995 23 DEBUG neutron.service [-] calling stop on stop /var/lib/kolla/venv/lib/python3.6/site-packages/neutron/service.py:141
2025-01-27 02:33:34.995 25 DEBUG neutron.service [-] calling stop on stop /var/lib/kolla/venv/lib/python3.6/site-packages/neutron/service.py:141
2025-01-27 02:33:34.996 29 DEBUG oslo_concurrency.lockutils [req-efde9feb-6170-4db0-b6f6-b295b6da5e93 - - - - -] Acquired lock "singleton_lock" lock /var/lib/kolla/venv/lib/python3.6/site-packages/oslo_concurrency/lockutils.py:294
2025-01-27 02:33:34.996 29 DEBUG oslo_concurrency.lockutils [req-efde9feb-6170-4db0-b6f6-b295b6da5e93 - - - - -] Releasing lock "singleton_lock" lock /var/lib/kolla/venv/lib/python3.6/site-packages/oslo_concurrency/lockutils.py:312
2025-01-27 02:33:34.996 29 DEBUG neutron.service [req-efde9feb-6170-4db0-b6f6-b295b6da5e93 - - - - -] calling RpcWorker wait() _wait /var/lib/kolla/venv/lib/python3.6/site-packages/neutron/service.py:128
2025-01-27 02:33:34.996 29 DEBUG neutron.service [req-efde9feb-6170-4db0-b6f6-b295b6da5e93 - - - - -] calling wait on _wait /var/lib/kolla/venv/lib/python3.6/site-packages/neutron/service.py:131
2025-01-27 02:33:35.002 29 WARNING amqp [req-efde9feb-6170-4db0-b6f6-b295b6da5e93 - - - - -] Received method (60, 30) during closing channel 1. This method will be ignored
2025-01-27 02:33:35.003 29 DEBUG neutron.service [req-efde9feb-6170-4db0-b6f6-b295b6da5e93 - - - - -] returning from RpcWorker wait() _wait /var/lib/kolla/venv/lib/python3.6/site-packages/neutron/service.py:135
2025-01-27 02:33:35.009 7 INFO oslo_service.service [-] Child 29 exited with status 0
2025-01-27 02:33:35.011 23 DEBUG neutron.service [-] calling stop on stop /var/lib/kolla/venv/lib/python3.6/site-packages/neutron/service.py:141
2025-01-27 02:33:35.016 25 DEBUG neutron.service [-] calling stop on stop /var/lib/kolla/venv/lib/python3.6/site-packages/neutron/service.py:141
2025-01-27 02:33:35.018 24 DEBUG neutron.service [-] calling stop on stop /var/lib/kolla/venv/lib/python3.6/site-packages/neutron/service.py:141
2025-01-27 02:33:35.023 24 DEBUG oslo_concurrency.lockutils [req-efde9feb-6170-4db0-b6f6-b295b6da5e93 - - - - -] Acquired lock "singleton_lock" lock /var/lib/kolla/venv/lib/python3.6/site-packages/oslo_concurrency/lockutils.py:294
2025-01-27 02:33:35.023 24 DEBUG oslo_concurrency.lockutils [req-efde9feb-6170-4db0-b6f6-b295b6da5e93 - - - - -] Releasing lock "singleton_lock" lock /var/lib/kolla/venv/lib/python3.6/site-packages/oslo_concurrency/lockutils.py:312
2025-01-27 02:33:35.023 24 DEBUG neutron.service [req-efde9feb-6170-4db0-b6f6-b295b6da5e93 - - - - -] calling RpcWorker wait() _wait /var/lib/kolla/venv/lib/python3.6/site-packages/neutron/service.py:128
2025-01-27 02:33:35.024 24 DEBUG neutron.service [req-efde9feb-6170-4db0-b6f6-b295b6da5e93 - - - - -] calling wait on _wait /var/lib/kolla/venv/lib/python3.6/site-packages/neutron/service.py:131
2025-01-27 02:33:35.025 23 DEBUG oslo_concurrency.lockutils [req-efde9feb-6170-4db0-b6f6-b295b6da5e93 - - - - -] Acquired lock "singleton_lock" lock /var/lib/kolla/venv/lib/python3.6/site-packages/oslo_concurrency/lockutils.py:294
2025-01-27 02:33:35.026 23 DEBUG oslo_concurrency.lockutils [req-efde9feb-6170-4db0-b6f6-b295b6da5e93 - - - - -] Releasing lock "singleton_lock" lock /var/lib/kolla/venv/lib/python3.6/site-packages/oslo_concurrency/lockutils.py:312
2025-01-27 02:33:35.026 23 DEBUG neutron.service [req-efde9feb-6170-4db0-b6f6-b295b6da5e93 - - - - -] calling RpcWorker wait() _wait /var/lib/kolla/venv/lib/python3.6/site-packages/neutron/service.py:128
2025-01-27 02:33:35.026 23 DEBUG neutron.service [req-efde9feb-6170-4db0-b6f6-b295b6da5e93 - - - - -] calling wait on _wait /var/lib/kolla/venv/lib/python3.6/site-packages/neutron/service.py:131
2025-01-27 02:33:35.029 24 WARNING amqp [req-efde9feb-6170-4db0-b6f6-b295b6da5e93 - - - - -] Received method (60, 30) during closing channel 1. This method will be ignored
2025-01-27 02:33:35.030 24 DEBUG neutron.service [req-efde9feb-6170-4db0-b6f6-b295b6da5e93 - - - - -] calling wait on _wait /var/lib/kolla/venv/lib/python3.6/site-packages/neutron/service.py:131
2025-01-27 02:33:35.031 23 WARNING amqp [req-efde9feb-6170-4db0-b6f6-b295b6da5e93 - - - - -] Received method (60, 30) during closing channel 1. This method will be ignored
2025-01-27 02:33:35.031 23 DEBUG neutron.service [req-efde9feb-6170-4db0-b6f6-b295b6da5e93 - - - - -] calling wait on _wait /var/lib/kolla/venv/lib/python3.6/site-packages/neutron/service.py:131
2025-01-27 02:33:35.035 24 WARNING amqp [req-efde9feb-6170-4db0-b6f6-b295b6da5e93 - - - - -] Received method (60, 30) during closing channel 1. This method will be ignored
