2025-01-20 00:34:21.818 136690 DEBUG oslo_service.service [req-7d491a3e-d955-4b5b-8715-fd1d5b9aec3e - - - - -] cache.backend = dogpile.cache.null log_opt_values /usr/lib/python3/dist-packages/oslo_config/cfg.py:2609
2025-01-20 00:34:21.818 136690 DEBUG oslo_service.service [req-7d491a3e-d955-4b5b-8715-fd1d5b9aec3e - - - - -] cache.backend_argument = **** log_opt_values /usr/lib/python3/dist-packages/oslo_config/cfg.py:2609
2025-01-20 00:34:21.818 136690 DEBUG oslo_service.service [req-7d491a3e-d955-4b5b-8715-fd1d5b9aec3e - - - - -] cache.config_prefix = cache.oslo log_opt_values /usr/lib/python3/dist-packages/oslo_config/cfg.py:2609
2025-01-20 00:34:21.818 136690 DEBUG oslo_service.service [req-7d491a3e-d955-4b5b-8715-fd1d5b9aec3e - - - - -] cache.debug_cache_backend = False log_opt_values /usr/lib/python3/dist-packages/oslo_config/cfg.py:2609
2025-01-20 00:34:21.818 136690 DEBUG oslo_service.service [req-7d491a3e-d955-4b5b-8715-fd1d5b9aec3e - - - - -] cache.enabled = False log_opt_values /usr/lib/python3/dist-packages/oslo_config/cfg.py:2609
2025-01-20 00:34:21.818 136690 DEBUG oslo_service.service [req-7d491a3e-d955-4b5b-8715-fd1d5b9aec3e - - - - -] cache.expiration_time = 600 log_opt_values /usr/lib/python3/dist-packages/oslo_config/cfg.py:2609
2025-01-20 00:34:21.819 136690 DEBUG oslo_service.service [req-7d491a3e-d955-4b5b-8715-fd1d5b9aec3e - - - - -] cache.memcache_dead_retry = 300 log_opt_values /usr/lib/python3/dist-packages/oslo_config/cfg.py:2609
2025-01-20 00:34:21.819 136690 DEBUG oslo_service.service [req-7d491a3e-d955-4b5b-8715-fd1d5b9aec3e - - - - -] cache.memcache_pool_connection_get_timeout = 10 log_opt_values /usr/lib/python3/dist-packages/oslo_config/cfg.py:2609
2025-01-20 00:34:21.820 136690 DEBUG oslo_service.service [req-7d491a3e-d955-4b5b-8715-fd1d5b9aec3e - - - - -] cache.memcache_pool_flush_on_reconnect = False log_opt_values /usr/lib/python3/dist-packages/oslo_config/cfg.py:2609
2025-01-20 00:34:21.820 136690 DEBUG oslo_service.service [req-7d491a3e-d955-4b5b-8715-fd1d5b9aec3e - - - - -] cache.memcache_pool_maxsize = 10 log_opt_values /usr/lib/python3/dist-packages/oslo_config/cfg.py:2609
2025-01-20 00:34:21.820 136690 DEBUG oslo_service.service [req-7d491a3e-d955-4b5b-8715-fd1d5b9aec3e - - - - -] cache.memcache_pool_unused_timeout = 60 log_opt_values /usr/lib/python3/dist-packages/oslo_config/cfg.py:2609
2025-01-20 00:34:21.820 136690 DEBUG oslo_service.service [req-7d491a3e-d955-4b5b-8715-fd1d5b9aec3e - - - - -] cache.memcache_servers = ['localhost:11211'] log_opt_values /usr/lib/python3/dist-packages/oslo_config/cfg.py:2609
2025-01-20 00:34:21.820 136690 DEBUG oslo_service.service [req-7d491a3e-d955-4b5b-8715-fd1d5b9aec3e - - - - -] cache.memcache_socket_timeout = 1.0 log_opt_values /usr/lib/python3/dist-packages/oslo_config/cfg.py:2609
2025-01-20 00:34:21.820 136690 DEBUG oslo_service.service [req-7d491a3e-d955-4b5b-8715-fd1d5b9aec3e - - - - -] cache.proxies = [] log_opt_values /usr/lib/python3/dist-packages/oslo_config/cfg.py:2609
2025-01-20 00:34:21.820 138042 DEBUG nova.service [req-238091a3-b708-4a64-83fa-f360507bcb1e - - - - -] Creating RPC server for service scheduler start /usr/lib/python3/dist-packages/nova/service.py:182
2025-01-20 00:34:21.821 136690 DEBUG oslo_service.service [req-7d491a3e-d955-4b5b-8715-fd1d5b9aec3e - - - - -] cache.tls_allowed_ciphers = None log_opt_values /usr/lib/python3/dist-packages/oslo_config/cfg.py:2609
2025-01-20 00:34:21.821 136690 DEBUG oslo_service.service [req-7d491a3e-d955-4b5b-8715-fd1d5b9aec3e - - - - -] cache.tls_cafile = None log_opt_values /usr/lib/python3/dist-packages/oslo_config/cfg.py:2609
2025-01-20 00:34:21.821 136690 DEBUG oslo_service.service [req-7d491a3e-d955-4b5b-8715-fd1d5b9aec3e - - - - -] cache.tls_certfile = None log_opt_values /usr/lib/python3/dist-packages/oslo_config/cfg.py:2609
2025-01-20 00:34:21.821 136690 DEBUG oslo_service.service [req-7d491a3e-d955-4b5b-8715-fd1d5b9aec3e - - - - -] cache.tls_enabled = False log_opt_values /usr/lib/python3/dist-packages/oslo_config/cfg.py:2609
2025-01-20 00:34:21.821 136690 DEBUG oslo_service.service [req-7d491a3e-d955-4b5b-8715-fd1d5b9aec3e - - - - -] cache.tls_keyfile = None log_opt_values /usr/lib/python3/dist-packages/oslo_config/cfg.py:2609
2025-01-20 00:34:21.821 136690 DEBUG oslo_service.service [req-7d491a3e-d955-4b5b-8715-fd1d5b9aec3e - - - - -] cinder.auth_section = None log_opt_values /usr/lib/python3/dist-packages/oslo_config/cfg.py:2609
2025-01-20 00:34:21.822 136690 DEBUG oslo_service.service [req-7d491a3e-d955-4b5b-8715-fd1d5b9aec3e - - - - -] cinder.auth_type = None log_opt_values /usr/lib/python3/dist-packages/oslo_config/cfg.py:2609
2025-01-20 00:34:21.822 136690 DEBUG oslo_service.service [req-7d491a3e-d955-4b5b-8715-fd1d5b9aec3e - - - - -] cinder.cafile = None log_opt_values /usr/lib/python3/dist-packages/oslo_config/cfg.py:2609
2025-01-20 00:34:21.822 136690 DEBUG oslo_service.service [req-7d491a3e-d955-4b5b-8715-fd1d5b9aec3e - - - - -] cinder.catalog_info = volumev3::publicURL log_opt_values /usr/lib/python3/dist-packages/oslo_config/cfg.py:2609
2025-01-20 00:34:21.822 136690 DEBUG oslo_service.service [req-7d491a3e-d955-4b5b-8715-fd1d5b9aec3e - - - - -] cinder.certfile = None log_opt_values /usr/lib/python3/dist-packages/oslo_config/cfg.py:2609
2025-01-20 00:34:21.822 136690 DEBUG oslo_service.service [req-7d491a3e-d955-4b5b-8715-fd1d5b9aec3e - - - - -] cinder.collect_timing = False log_opt_values /usr/lib/python3/dist-packages/oslo_config/cfg.py:2609
2025-01-20 00:34:21.822 136690 DEBUG oslo_service.service [req-7d491a3e-d955-4b5b-8715-fd1d5b9aec3e - - - - -] cinder.cross_az_attach = True log_opt_values /usr/lib/python3/dist-packages/oslo_config/cfg.py:2609
2025-01-20 00:34:21.823 136690 DEBUG oslo_service.service [req-7d491a3e-d955-4b5b-8715-fd1d5b9aec3e - - - - -] cinder.debug = False log_opt_values /usr/lib/python3/dist-packages/oslo_config/cfg.py:2609
2025-01-20 00:34:21.823 136690 DEBUG oslo_service.service [req-7d491a3e-d955-4b5b-8715-fd1d5b9aec3e - - - - -] cinder.endpoint_template = None log_opt_values /usr/lib/python3/dist-packages/oslo_config/cfg.py:2609
2025-01-20 00:34:21.823 136690 DEBUG oslo_service.service [req-7d491a3e-d955-4b5b-8715-fd1d5b9aec3e - - - - -] cinder.http_retries = 3 log_opt_values /usr/lib/python3/dist-packages/oslo_config/cfg.py:2609
2025-01-20 00:34:21.823 136690 DEBUG oslo_service.service [req-7d491a3e-d955-4b5b-8715-fd1d5b9aec3e - - - - -] cinder.insecure = False log_opt_values /usr/lib/python3/dist-packages/oslo_config/cfg.py:2609
2025-01-20 00:34:21.823 136690 DEBUG oslo_service.service [req-7d491a3e-d955-4b5b-8715-fd1d5b9aec3e - - - - -] cinder.keyfile = None log_opt_values /usr/lib/python3/dist-packages/oslo_config/cfg.py:2609
2025-01-20 00:34:21.823 136690 DEBUG oslo_service.service [req-7d491a3e-d955-4b5b-8715-fd1d5b9aec3e - - - - -] cinder.os_region_name = None log_opt_values /usr/lib/python3/dist-packages/oslo_config/cfg.py:2609
2025-01-20 00:34:21.824 136690 DEBUG oslo_service.service [req-7d491a3e-d955-4b5b-8715-fd1d5b9aec3e - - - - -] cinder.split_loggers = False log_opt_values /usr/lib/python3/dist-packages/oslo_config/cfg.py:2609
2025-01-20 00:34:21.824 136690 DEBUG oslo_service.service [req-7d491a3e-d955-4b5b-8715-fd1d5b9aec3e - - - - -] cinder.timeout = None log_opt_values /usr/lib/python3/dist-packages/oslo_config/cfg.py:2609
2025-01-20 00:34:21.824 136690 DEBUG oslo_service.service [req-7d491a3e-d955-4b5b-8715-fd1d5b9aec3e - - - - -] compute.consecutive_build_service_disable_threshold = 10 log_opt_values /usr/lib/python3/dist-packages/oslo_config/cfg.py:2609
2025-01-20 00:34:21.824 136690 DEBUG oslo_service.service [req-7d491a3e-d955-4b5b-8715-fd1d5b9aec3e - - - - -] compute.cpu_dedicated_set = None log_opt_values /usr/lib/python3/dist-packages/oslo_config/cfg.py:2609
2025-01-20 00:34:21.824 136690 DEBUG oslo_service.service [req-7d491a3e-d955-4b5b-8715-fd1d5b9aec3e - - - - -] compute.cpu_shared_set = None log_opt_values /usr/lib/python3/dist-packages/oslo_config/cfg.py:2609
2025-01-20 00:34:21.825 136690 DEBUG oslo_service.service [req-7d491a3e-d955-4b5b-8715-fd1d5b9aec3e - - - - -] compute.image_type_exclude_list = [] log_opt_values /usr/lib/python3/dist-packages/oslo_config/cfg.py:2609
2025-01-20 00:34:21.825 136690 DEBUG oslo_service.service [req-7d491a3e-d955-4b5b-8715-fd1d5b9aec3e - - - - -] compute.live_migration_wait_for_vif_plug = True log_opt_values /usr/lib/python3/dist-packages/oslo_config/cfg.py:2609
2025-01-20 00:34:21.825 136690 DEBUG oslo_service.service [req-7d491a3e-d955-4b5b-8715-fd1d5b9aec3e - - - - -] compute.max_concurrent_disk_ops = 0 log_opt_values /usr/lib/python3/dist-packages/oslo_config/cfg.py:2609
2025-01-20 00:34:21.825 136690 DEBUG oslo_service.service [req-7d491a3e-d955-4b5b-8715-fd1d5b9aec3e - - - - -] compute.max_disk_devices_to_attach = -1 log_opt_values /usr/lib/python3/dist-packages/oslo_config/cfg.py:2609
2025-01-20 00:34:21.825 136690 DEBUG oslo_service.service [req-7d491a3e-d955-4b5b-8715-fd1d5b9aec3e - - - - -] compute.packing_host_numa_cells_allocation_strategy = True log_opt_values /usr/lib/python3/dist-packages/oslo_config/cfg.py:2609
2025-01-20 00:34:21.825 136690 DEBUG oslo_service.service [req-7d491a3e-d955-4b5b-8715-fd1d5b9aec3e - - - - -] compute.provider_config_location = /etc/nova/provider_config/ log_opt_values /usr/lib/python3/dist-packages/oslo_config/cfg.py:2609
2025-01-20 00:34:21.826 136690 DEBUG oslo_service.service [req-7d491a3e-d955-4b5b-8715-fd1d5b9aec3e - - - - -] compute.resource_provider_association_refresh = 300 log_opt_values /usr/lib/python3/dist-packages/oslo_config/cfg.py:2609
2025-01-20 00:34:21.826 136690 DEBUG oslo_service.service [req-7d491a3e-d955-4b5b-8715-fd1d5b9aec3e - - - - -] compute.shutdown_retry_interval = 10 log_opt_values /usr/lib/python3/dist-packages/oslo_config/cfg.py:2609
2025-01-20 00:34:21.826 136690 DEBUG oslo_service.service [req-7d491a3e-d955-4b5b-8715-fd1d5b9aec3e - - - - -] compute.vmdk_allowed_types = ['streamOptimized', 'monolithicSparse'] log_opt_values /usr/lib/python3/dist-packages/oslo_config/cfg.py:2609
2025-01-20 00:34:21.826 136690 DEBUG oslo_service.service [req-7d491a3e-d955-4b5b-8715-fd1d5b9aec3e - - - - -] conductor.workers = 4 log_opt_values /usr/lib/python3/dist-packages/oslo_config/cfg.py:2609
2025-01-20 00:34:21.826 136690 DEBUG oslo_service.service [req-7d491a3e-d955-4b5b-8715-fd1d5b9aec3e - - - - -] console.allowed_origins = [] log_opt_values /usr/lib/python3/dist-packages/oslo_config/cfg.py:2609
2025-01-20 00:34:21.827 136690 DEBUG oslo_service.service [req-7d491a3e-d955-4b5b-8715-fd1d5b9aec3e - - - - -] console.ssl_ciphers = None log_opt_values /usr/lib/python3/dist-packages/oslo_config/cfg.py:2609
2025-01-20 00:34:21.827 136690 DEBUG oslo_service.service [req-7d491a3e-d955-4b5b-8715-fd1d5b9aec3e - - - - -] console.ssl_minimum_version = default log_opt_values /usr/lib/python3/dist-packages/oslo_config/cfg.py:2609
2025-01-20 00:34:21.827 136690 DEBUG oslo_service.service [req-7d491a3e-d955-4b5b-8715-fd1d5b9aec3e - - - - -] consoleauth.token_ttl = 600 log_opt_values /usr/lib/python3/dist-packages/oslo_config/cfg.py:2609
2025-01-20 00:34:21.827 136690 DEBUG oslo_service.service [req-7d491a3e-d955-4b5b-8715-fd1d5b9aec3e - - - - -] cyborg.cafile = None log_opt_values /usr/lib/python3/dist-packages/oslo_config/cfg.py:2609
2025-01-20 00:34:21.827 136690 DEBUG oslo_service.service [req-7d491a3e-d955-4b5b-8715-fd1d5b9aec3e - - - - -] cyborg.certfile = None log_opt_values /usr/lib/python3/dist-packages/oslo_config/cfg.py:2609
2025-01-20 00:34:21.827 136690 DEBUG oslo_service.service [req-7d491a3e-d955-4b5b-8715-fd1d5b9aec3e - - - - -] cyborg.collect_timing = False log_opt_values /usr/lib/python3/dist-packages/oslo_config/cfg.py:2609
2025-01-20 00:34:21.828 136690 DEBUG oslo_service.service [req-7d491a3e-d955-4b5b-8715-fd1d5b9aec3e - - - - -] cyborg.connect_retries = None log_opt_values /usr/lib/python3/dist-packages/oslo_config/cfg.py:2609
2025-01-20 00:34:21.828 136690 DEBUG oslo_service.service [req-7d491a3e-d955-4b5b-8715-fd1d5b9aec3e - - - - -] cyborg.connect_retry_delay = None log_opt_values /usr/lib/python3/dist-packages/oslo_config/cfg.py:2609
2025-01-20 00:34:21.828 136690 DEBUG oslo_service.service [req-7d491a3e-d955-4b5b-8715-fd1d5b9aec3e - - - - -] cyborg.endpoint_override = None log_opt_values /usr/lib/python3/dist-packages/oslo_config/cfg.py:2609
2025-01-20 00:34:21.828 136690 DEBUG oslo_service.service [req-7d491a3e-d955-4b5b-8715-fd1d5b9aec3e - - - - -] cyborg.insecure = False log_opt_values /usr/lib/python3/dist-packages/oslo_config/cfg.py:2609
2025-01-20 00:34:21.828 136690 DEBUG oslo_service.service [req-7d491a3e-d955-4b5b-8715-fd1d5b9aec3e - - - - -] cyborg.keyfile = None log_opt_values /usr/lib/python3/dist-packages/oslo_config/cfg.py:2609
2025-01-20 00:34:21.829 136690 DEBUG oslo_service.service [req-7d491a3e-d955-4b5b-8715-fd1d5b9aec3e - - - - -] cyborg.max_version = None log_opt_values /usr/lib/python3/dist-packages/oslo_config/cfg.py:2609
2025-01-20 00:34:21.829 136690 DEBUG oslo_service.service [req-7d491a3e-d955-4b5b-8715-fd1d5b9aec3e - - - - -] cyborg.min_version = None log_opt_values /usr/lib/python3/dist-packages/oslo_config/cfg.py:2609
2025-01-20 00:34:21.829 136690 DEBUG oslo_service.service [req-7d491a3e-d955-4b5b-8715-fd1d5b9aec3e - - - - -] cyborg.region_name = None log_opt_values /usr/lib/python3/dist-packages/oslo_config/cfg.py:2609
2025-01-20 00:34:21.829 136690 DEBUG oslo_service.service [req-7d491a3e-d955-4b5b-8715-fd1d5b9aec3e - - - - -] cyborg.service_name = None log_opt_values /usr/lib/python3/dist-packages/oslo_config/cfg.py:2609
2025-01-20 00:34:21.829 136690 DEBUG oslo_service.service [req-7d491a3e-d955-4b5b-8715-fd1d5b9aec3e - - - - -] cyborg.service_type = accelerator log_opt_values /usr/lib/python3/dist-packages/oslo_config/cfg.py:2609
2025-01-20 00:34:21.830 136690 DEBUG oslo_service.service [req-7d491a3e-d955-4b5b-8715-fd1d5b9aec3e - - - - -] cyborg.split_loggers = False log_opt_values /usr/lib/python3/dist-packages/oslo_config/cfg.py:2609
2025-01-20 00:34:21.830 136690 DEBUG oslo_service.service [req-7d491a3e-d955-4b5b-8715-fd1d5b9aec3e - - - - -] cyborg.status_code_retries = None log_opt_values /usr/lib/python3/dist-packages/oslo_config/cfg.py:2609
2025-01-20 00:34:21.830 136690 DEBUG oslo_service.service [req-7d491a3e-d955-4b5b-8715-fd1d5b9aec3e - - - - -] cyborg.status_code_retry_delay = None log_opt_values /usr/lib/python3/dist-packages/oslo_config/cfg.py:2609
2025-01-20 00:34:21.830 136690 DEBUG oslo_service.service [req-7d491a3e-d955-4b5b-8715-fd1d5b9aec3e - - - - -] cyborg.timeout = None log_opt_values /usr/lib/python3/dist-packages/oslo_config/cfg.py:2609
2025-01-20 00:34:21.830 136690 DEBUG oslo_service.service [req-7d491a3e-d955-4b5b-8715-fd1d5b9aec3e - - - - -] cyborg.valid_interfaces = ['internal', 'public'] log_opt_values /usr/lib/python3/dist-packages/oslo_config/cfg.py:2609
2025-01-20 00:34:21.830 136690 DEBUG oslo_service.service [req-7d491a3e-d955-4b5b-8715-fd1d5b9aec3e - - - - -] cyborg.version = None log_opt_values /usr/lib/python3/dist-packages/oslo_config/cfg.py:2609
2025-01-20 00:34:21.831 136690 DEBUG oslo_service.service [req-7d491a3e-d955-4b5b-8715-fd1d5b9aec3e - - - - -] database.backend = sqlalchemy log_opt_values /usr/lib/python3/dist-packages/oslo_config/cfg.py:2609
2025-01-20 00:34:21.831 136690 DEBUG oslo_service.service [req-7d491a3e-d955-4b5b-8715-fd1d5b9aec3e - - - - -] database.connection = **** log_opt_values /usr/lib/python3/dist-packages/oslo_config/cfg.py:2609
2025-01-20 00:34:21.831 136690 DEBUG oslo_service.service [req-7d491a3e-d955-4b5b-8715-fd1d5b9aec3e - - - - -] database.connection_debug = 0 log_opt_values /usr/lib/python3/dist-packages/oslo_config/cfg.py:2609
2025-01-20 00:34:21.831 136690 DEBUG oslo_service.service [req-7d491a3e-d955-4b5b-8715-fd1d5b9aec3e - - - - -] database.connection_parameters = log_opt_values /usr/lib/python3/dist-packages/oslo_config/cfg.py:2609
2025-01-20 00:34:21.831 136690 DEBUG oslo_service.service [req-7d491a3e-d955-4b5b-8715-fd1d5b9aec3e - - - - -] database.connection_recycle_time = 3600 log_opt_values /usr/lib/python3/dist-packages/oslo_config/cfg.py:2609
2025-01-20 00:34:21.831 136690 DEBUG oslo_service.service [req-7d491a3e-d955-4b5b-8715-fd1d5b9aec3e - - - - -] database.connection_trace = False log_opt_values /usr/lib/python3/dist-packages/oslo_config/cfg.py:2609
2025-01-20 00:34:21.832 136690 DEBUG oslo_service.service [req-7d491a3e-d955-4b5b-8715-fd1d5b9aec3e - - - - -] database.db_inc_retry_interval = True log_opt_values /usr/lib/python3/dist-packages/oslo_config/cfg.py:2609
2025-01-20 00:34:21.832 136690 DEBUG oslo_service.service [req-7d491a3e-d955-4b5b-8715-fd1d5b9aec3e - - - - -] database.db_max_retries = 20 log_opt_values /usr/lib/python3/dist-packages/oslo_config/cfg.py:2609
2025-01-20 00:34:21.832 136690 DEBUG oslo_service.service [req-7d491a3e-d955-4b5b-8715-fd1d5b9aec3e - - - - -] database.db_max_retry_interval = 10 log_opt_values /usr/lib/python3/dist-packages/oslo_config/cfg.py:2609
2025-01-20 00:34:21.832 136690 DEBUG oslo_service.service [req-7d491a3e-d955-4b5b-8715-fd1d5b9aec3e - - - - -] database.db_retry_interval = 1 log_opt_values /usr/lib/python3/dist-packages/oslo_config/cfg.py:2609
2025-01-20 00:34:21.832 136690 DEBUG oslo_service.service [req-7d491a3e-d955-4b5b-8715-fd1d5b9aec3e - - - - -] database.max_overflow = 50 log_opt_values /usr/lib/python3/dist-packages/oslo_config/cfg.py:2609
2025-01-20 00:34:21.833 136690 DEBUG oslo_service.service [req-7d491a3e-d955-4b5b-8715-fd1d5b9aec3e - - - - -] database.max_pool_size = 4 log_opt_values /usr/lib/python3/dist-packages/oslo_config/cfg.py:2609
2025-01-20 00:34:21.833 136690 DEBUG oslo_service.service [req-7d491a3e-d955-4b5b-8715-fd1d5b9aec3e - - - - -] database.max_retries = 10 log_opt_values /usr/lib/python3/dist-packages/oslo_config/cfg.py:2609
2025-01-20 00:34:21.833 136690 DEBUG oslo_service.service [req-7d491a3e-d955-4b5b-8715-fd1d5b9aec3e - - - - -] database.mysql_enable_ndb = False log_opt_values /usr/lib/python3/dist-packages/oslo_config/cfg.py:2609
2025-01-20 00:34:21.833 136690 DEBUG oslo_service.service [req-7d491a3e-d955-4b5b-8715-fd1d5b9aec3e - - - - -] database.mysql_sql_mode = TRADITIONAL log_opt_values /usr/lib/python3/dist-packages/oslo_config/cfg.py:2609
2025-01-20 00:34:21.833 136690 DEBUG oslo_service.service [req-7d491a3e-d955-4b5b-8715-fd1d5b9aec3e - - - - -] database.pool_timeout = None log_opt_values /usr/lib/python3/dist-packages/oslo_config/cfg.py:2609
2025-01-20 00:34:21.834 136690 DEBUG oslo_service.service [req-7d491a3e-d955-4b5b-8715-fd1d5b9aec3e - - - - -] database.retry_interval = 10 log_opt_values /usr/lib/python3/dist-packages/oslo_config/cfg.py:2609
2025-01-20 00:34:21.834 136690 DEBUG oslo_service.service [req-7d491a3e-d955-4b5b-8715-fd1d5b9aec3e - - - - -] database.slave_connection = **** log_opt_values /usr/lib/python3/dist-packages/oslo_config/cfg.py:2609
2025-01-20 00:34:21.834 136690 DEBUG oslo_service.service [req-7d491a3e-d955-4b5b-8715-fd1d5b9aec3e - - - - -] database.sqlite_synchronous = True log_opt_values /usr/lib/python3/dist-packages/oslo_config/cfg.py:2609
2025-01-20 00:34:21.834 136690 DEBUG oslo_service.service [req-7d491a3e-d955-4b5b-8715-fd1d5b9aec3e - - - - -] database.use_db_reconnect = False log_opt_values /usr/lib/python3/dist-packages/oslo_config/cfg.py:2609
2025-01-20 00:34:21.834 136690 DEBUG oslo_service.service [req-7d491a3e-d955-4b5b-8715-fd1d5b9aec3e - - - - -] api_database.backend = sqlalchemy log_opt_values /usr/lib/python3/dist-packages/oslo_config/cfg.py:2609
2025-01-20 00:34:21.834 136690 DEBUG oslo_service.service [req-7d491a3e-d955-4b5b-8715-fd1d5b9aec3e - - - - -] api_database.connection = **** log_opt_values /usr/lib/python3/dist-packages/oslo_config/cfg.py:2609
2025-01-20 00:34:21.835 136690 DEBUG oslo_service.service [req-7d491a3e-d955-4b5b-8715-fd1d5b9aec3e - - - - -] api_database.connection_debug = 0 log_opt_values /usr/lib/python3/dist-packages/oslo_config/cfg.py:2609
2025-01-20 00:34:21.835 136690 DEBUG oslo_service.service [req-7d491a3e-d955-4b5b-8715-fd1d5b9aec3e - - - - -] api_database.connection_parameters = log_opt_values /usr/lib/python3/dist-packages/oslo_config/cfg.py:2609
2025-01-20 00:34:21.835 136690 DEBUG oslo_service.service [req-7d491a3e-d955-4b5b-8715-fd1d5b9aec3e - - - - -] api_database.connection_recycle_time = 3600 log_opt_values /usr/lib/python3/dist-packages/oslo_config/cfg.py:2609
2025-01-20 00:34:21.835 136690 DEBUG oslo_service.service [req-7d491a3e-d955-4b5b-8715-fd1d5b9aec3e - - - - -] api_database.connection_trace = False log_opt_values /usr/lib/python3/dist-packages/oslo_config/cfg.py:2609
2025-01-20 00:34:21.835 136690 DEBUG oslo_service.service [req-7d491a3e-d955-4b5b-8715-fd1d5b9aec3e - - - - -] api_database.db_inc_retry_interval = True log_opt_values /usr/lib/python3/dist-packages/oslo_config/cfg.py:2609
2025-01-20 00:34:21.835 136690 DEBUG oslo_service.service [req-7d491a3e-d955-4b5b-8715-fd1d5b9aec3e - - - - -] api_database.db_max_retries = 20 log_opt_values /usr/lib/python3/dist-packages/oslo_config/cfg.py:2609
2025-01-20 00:34:21.836 136690 DEBUG oslo_service.service [req-7d491a3e-d955-4b5b-8715-fd1d5b9aec3e - - - - -] api_database.db_max_retry_interval = 10 log_opt_values /usr/lib/python3/dist-packages/oslo_config/cfg.py:2609
2025-01-20 00:34:21.836 136690 DEBUG oslo_service.service [req-7d491a3e-d955-4b5b-8715-fd1d5b9aec3e - - - - -] api_database.db_retry_interval = 1 log_opt_values /usr/lib/python3/dist-packages/oslo_config/cfg.py:2609
2025-01-20 00:34:21.836 136690 DEBUG oslo_service.service [req-7d491a3e-d955-4b5b-8715-fd1d5b9aec3e - - - - -] api_database.max_overflow = 50 log_opt_values /usr/lib/python3/dist-packages/oslo_config/cfg.py:2609
2025-01-20 00:34:21.836 136690 DEBUG oslo_service.service [req-7d491a3e-d955-4b5b-8715-fd1d5b9aec3e - - - - -] api_database.max_pool_size = 4 log_opt_values /usr/lib/python3/dist-packages/oslo_config/cfg.py:2609
2025-01-20 00:34:21.836 136690 DEBUG oslo_service.service [req-7d491a3e-d955-4b5b-8715-fd1d5b9aec3e - - - - -] api_database.max_retries = 10 log_opt_values /usr/lib/python3/dist-packages/oslo_config/cfg.py:2609
2025-01-20 00:34:21.837 136690 DEBUG oslo_service.service [req-7d491a3e-d955-4b5b-8715-fd1d5b9aec3e - - - - -] api_database.mysql_enable_ndb = False log_opt_values /usr/lib/python3/dist-packages/oslo_config/cfg.py:2609
2025-01-20 00:34:21.837 136690 DEBUG oslo_service.service [req-7d491a3e-d955-4b5b-8715-fd1d5b9aec3e - - - - -] api_database.mysql_sql_mode = TRADITIONAL log_opt_values /usr/lib/python3/dist-packages/oslo_config/cfg.py:2609
2025-01-20 00:34:21.837 136690 DEBUG oslo_service.service [req-7d491a3e-d955-4b5b-8715-fd1d5b9aec3e - - - - -] api_database.pool_timeout = None log_opt_values /usr/lib/python3/dist-packages/oslo_config/cfg.py:2609
2025-01-20 00:34:21.837 136690 DEBUG oslo_service.service [req-7d491a3e-d955-4b5b-8715-fd1d5b9aec3e - - - - -] api_database.retry_interval = 10 log_opt_values /usr/lib/python3/dist-packages/oslo_config/cfg.py:2609
2025-01-20 00:34:21.837 136690 DEBUG oslo_service.service [req-7d491a3e-d955-4b5b-8715-fd1d5b9aec3e - - - - -] api_database.slave_connection = **** log_opt_values /usr/lib/python3/dist-packages/oslo_config/cfg.py:2609
2025-01-20 00:34:21.837 136690 DEBUG oslo_service.service [req-7d491a3e-d955-4b5b-8715-fd1d5b9aec3e - - - - -] api_database.sqlite_synchronous = True log_opt_values /usr/lib/python3/dist-packages/oslo_config/cfg.py:2609
2025-01-20 00:34:21.838 136690 DEBUG oslo_service.service [req-7d491a3e-d955-4b5b-8715-fd1d5b9aec3e - - - - -] devices.enabled_mdev_types = [] log_opt_values /usr/lib/python3/dist-packages/oslo_config/cfg.py:2609
2025-01-20 00:34:21.838 136690 DEBUG oslo_service.service [req-7d491a3e-d955-4b5b-8715-fd1d5b9aec3e - - - - -] ephemeral_storage_encryption.cipher = aes-xts-plain64 log_opt_values /usr/lib/python3/dist-packages/oslo_config/cfg.py:2609
2025-01-20 00:34:21.838 136690 DEBUG oslo_service.service [req-7d491a3e-d955-4b5b-8715-fd1d5b9aec3e - - - - -] ephemeral_storage_encryption.enabled = False log_opt_values /usr/lib/python3/dist-packages/oslo_config/cfg.py:2609
2025-01-20 00:34:21.838 136690 DEBUG oslo_service.service [req-7d491a3e-d955-4b5b-8715-fd1d5b9aec3e - - - - -] ephemeral_storage_encryption.key_size = 512 log_opt_values /usr/lib/python3/dist-packages/oslo_config/cfg.py:2609
2025-01-20 00:34:21.839 136690 WARNING oslo_config.cfg [req-7d491a3e-d955-4b5b-8715-fd1d5b9aec3e - - - - -] Deprecated: Option "api_servers" from group "glance" is deprecated for removal ( Support for image service configuration via standard keystoneauth1 Adapter options was added in the 17.0.0 Queens release. The api_servers option was retained temporarily to allow consumers time to cut over to a real load balancing solution. ). Its value may be silently ignored in the future.
2025-01-20 00:34:21.839 136690 DEBUG oslo_service.service [req-7d491a3e-d955-4b5b-8715-fd1d5b9aec3e - - - - -] glance.api_servers = ['http://252.37.54.123:9292'] log_opt_values /usr/lib/python3/dist-packages/oslo_config/cfg.py:2609
2025-01-20 00:34:21.839 136690 DEBUG oslo_service.service [req-7d491a3e-d955-4b5b-8715-fd1d5b9aec3e - - - - -] glance.cafile = None log_opt_values /usr/lib/python3/dist-packages/oslo_config/cfg.py:2609
2025-01-20 00:34:21.839 136690 DEBUG oslo_service.service [req-7d491a3e-d955-4b5b-8715-fd1d5b9aec3e - - - - -] glance.certfile = None log_opt_values /usr/lib/python3/dist-packages/oslo_config/cfg.py:2609
2025-01-20 00:34:21.839 136690 DEBUG oslo_service.service [req-7d491a3e-d955-4b5b-8715-fd1d5b9aec3e - - - - -] glance.collect_timing = False log_opt_values /usr/lib/python3/dist-packages/oslo_config/cfg.py:2609
2025-01-20 00:34:21.840 136690 DEBUG oslo_service.service [req-7d491a3e-d955-4b5b-8715-fd1d5b9aec3e - - - - -] glance.connect_retries = None log_opt_values /usr/lib/python3/dist-packages/oslo_config/cfg.py:2609
2025-01-20 00:34:21.840 136690 DEBUG oslo_service.service [req-7d491a3e-d955-4b5b-8715-fd1d5b9aec3e - - - - -] glance.connect_retry_delay = None log_opt_values /usr/lib/python3/dist-packages/oslo_config/cfg.py:2609
2025-01-20 00:34:21.840 136690 DEBUG oslo_service.service [req-7d491a3e-d955-4b5b-8715-fd1d5b9aec3e - - - - -] glance.debug = False log_opt_values /usr/lib/python3/dist-packages/oslo_config/cfg.py:2609
2025-01-20 00:34:21.840 136690 DEBUG oslo_service.service [req-7d491a3e-d955-4b5b-8715-fd1d5b9aec3e - - - - -] glance.default_trusted_certificate_ids = [] log_opt_values /usr/lib/python3/dist-packages/oslo_config/cfg.py:2609
2025-01-20 00:34:21.840 136690 DEBUG oslo_service.service [req-7d491a3e-d955-4b5b-8715-fd1d5b9aec3e - - - - -] glance.enable_certificate_validation = False log_opt_values /usr/lib/python3/dist-packages/oslo_config/cfg.py:2609
2025-01-20 00:34:21.840 138037 DEBUG oslo_messaging._drivers.amqpdriver [-] Listener is running poll /usr/lib/python3/dist-packages/oslo_messaging/_drivers/amqpdriver.py:343
2025-01-20 00:34:21.841 138037 DEBUG oslo_messaging._drivers.amqpdriver [-] AMQPListener connection consume poll /usr/lib/python3/dist-packages/oslo_messaging/_drivers/amqpdriver.py:357
2025-01-20 00:34:21.841 136690 DEBUG oslo_service.service [req-7d491a3e-d955-4b5b-8715-fd1d5b9aec3e - - - - -] glance.enable_rbd_download = False log_opt_values /usr/lib/python3/dist-packages/oslo_config/cfg.py:2609
2025-01-20 00:34:21.841 136690 DEBUG oslo_service.service [req-7d491a3e-d955-4b5b-8715-fd1d5b9aec3e - - - - -] glance.endpoint_override = None log_opt_values /usr/lib/python3/dist-packages/oslo_config/cfg.py:2609
2025-01-20 00:34:21.841 136690 DEBUG oslo_service.service [req-7d491a3e-d955-4b5b-8715-fd1d5b9aec3e - - - - -] glance.insecure = False log_opt_values /usr/lib/python3/dist-packages/oslo_config/cfg.py:2609
2025-01-20 00:34:21.840 138036 DEBUG oslo_messaging._drivers.amqpdriver [-] Listener is running poll /usr/lib/python3/dist-packages/oslo_messaging/_drivers/amqpdriver.py:343
2025-01-20 00:34:21.841 136690 DEBUG oslo_service.service [req-7d491a3e-d955-4b5b-8715-fd1d5b9aec3e - - - - -] glance.keyfile = None log_opt_values /usr/lib/python3/dist-packages/oslo_config/cfg.py:2609
2025-01-20 00:34:21.841 136690 DEBUG oslo_service.service [req-7d491a3e-d955-4b5b-8715-fd1d5b9aec3e - - - - -] glance.max_version = None log_opt_values /usr/lib/python3/dist-packages/oslo_config/cfg.py:2609
2025-01-20 00:34:21.841 138037 DEBUG nova.service [req-175dfe61-c35e-42c5-83a2-fb1dbfafa141 - - - - -] Join ServiceGroup membership for this service scheduler start /usr/lib/python3/dist-packages/nova/service.py:199
2025-01-20 00:34:21.841 138036 DEBUG oslo_messaging._drivers.amqpdriver [-] AMQPListener connection consume poll /usr/lib/python3/dist-packages/oslo_messaging/_drivers/amqpdriver.py:357
2025-01-20 00:34:21.841 136690 DEBUG oslo_service.service [req-7d491a3e-d955-4b5b-8715-fd1d5b9aec3e - - - - -] glance.min_version = None log_opt_values /usr/lib/python3/dist-packages/oslo_config/cfg.py:2609
2025-01-20 00:34:21.841 138037 DEBUG nova.servicegroup.drivers.db [req-175dfe61-c35e-42c5-83a2-fb1dbfafa141 - - - - -] DB_Driver: join new ServiceGroup member juju-4ab124-0-lxd-7 to the scheduler group, service = join /usr/lib/python3/dist-packages/nova/servicegroup/drivers/db.py:44
2025-01-20 00:34:21.841 136690 DEBUG oslo_service.service [req-7d491a3e-d955-4b5b-8715-fd1d5b9aec3e - - - - -] glance.num_retries = 3 log_opt_values /usr/lib/python3/dist-packages/oslo_config/cfg.py:2609
2025-01-20 00:34:21.842 136690 DEBUG oslo_service.service [req-7d491a3e-d955-4b5b-8715-fd1d5b9aec3e - - - - -] glance.rbd_ceph_conf = log_opt_values /usr/lib/python3/dist-packages/oslo_config/cfg.py:2609
2025-01-20 00:34:21.842 136690 DEBUG oslo_service.service [req-7d491a3e-d955-4b5b-8715-fd1d5b9aec3e - - - - -] glance.rbd_connect_timeout = 5 log_opt_values /usr/lib/python3/dist-packages/oslo_config/cfg.py:2609
2025-01-20 00:34:21.842 136690 DEBUG oslo_service.service [req-7d491a3e-d955-4b5b-8715-fd1d5b9aec3e - - - - -] glance.rbd_pool = log_opt_values /usr/lib/python3/dist-packages/oslo_config/cfg.py:2609
2025-01-20 00:34:21.842 136690 DEBUG oslo_service.service [req-7d491a3e-d955-4b5b-8715-fd1d5b9aec3e - - - - -] glance.rbd_user = log_opt_values /usr/lib/python3/dist-packages/oslo_config/cfg.py:2609
2025-01-20 00:34:21.841 138045 DEBUG oslo_messaging._drivers.amqpdriver [-] Listener is running poll /usr/lib/python3/dist-packages/oslo_messaging/_drivers/amqpdriver.py:343
2025-01-20 00:34:21.842 136690 DEBUG oslo_service.service [req-7d491a3e-d955-4b5b-8715-fd1d5b9aec3e - - - - -] glance.region_name = None log_opt_values /usr/lib/python3/dist-packages/oslo_config/cfg.py:2609
2025-01-20 00:34:21.842 138045 DEBUG oslo_messaging._drivers.amqpdriver [-] AMQPListener connection consume poll /usr/lib/python3/dist-packages/oslo_messaging/_drivers/amqpdriver.py:357
2025-01-20 00:34:21.842 138036 DEBUG nova.service [req-cb8b655b-df73-470a-8446-fea1f3934891 - - - - -] Join ServiceGroup membership for this service scheduler start /usr/lib/python3/dist-packages/nova/service.py:199
2025-01-20 00:34:21.843 138036 DEBUG nova.servicegroup.drivers.db [req-cb8b655b-df73-470a-8446-fea1f3934891 - - - - -] DB_Driver: join new ServiceGroup member juju-4ab124-0-lxd-7 to the scheduler group, service = join /usr/lib/python3/dist-packages/nova/servicegroup/drivers/db.py:44
2025-01-20 00:34:21.843 136690 DEBUG oslo_service.service [req-7d491a3e-d955-4b5b-8715-fd1d5b9aec3e - - - - -] glance.service_name = None log_opt_values /usr/lib/python3/dist-packages/oslo_config/cfg.py:2609
2025-01-20 00:34:21.843 138045 DEBUG nova.service [req-bd624433-4ab2-44c9-8e9d-18281b83a47b - - - - -] Join ServiceGroup membership for this service scheduler start /usr/lib/python3/dist-packages/nova/service.py:199
2025-01-20 00:34:21.843 136690 DEBUG oslo_service.service [req-7d491a3e-d955-4b5b-8715-fd1d5b9aec3e - - - - -] glance.service_type = image log_opt_values /usr/lib/python3/dist-packages/oslo_config/cfg.py:2609
2025-01-20 00:34:21.844 138045 DEBUG nova.servicegroup.drivers.db [req-bd624433-4ab2-44c9-8e9d-18281b83a47b - - - - -] DB_Driver: join new ServiceGroup member juju-4ab124-0-lxd-7 to the scheduler group, service = join /usr/lib/python3/dist-packages/nova/servicegroup/drivers/db.py:44
2025-01-20 00:34:21.844 136690 DEBUG oslo_service.service [req-7d491a3e-d955-4b5b-8715-fd1d5b9aec3e - - - - -] glance.split_loggers = False log_opt_values /usr/lib/python3/dist-packages/oslo_config/cfg.py:2609
2025-01-20 00:34:21.844 138037 DEBUG oslo_messaging._drivers.amqpdriver [-] AMQPListener connection timeout poll /usr/lib/python3/dist-packages/oslo_messaging/_drivers/amqpdriver.py:360
2025-01-20 00:34:21.844 136690 DEBUG oslo_service.service [req-7d491a3e-d955-4b5b-8715-fd1d5b9aec3e - - - - -] glance.status_code_retries = None log_opt_values /usr/lib/python3/dist-packages/oslo_config/cfg.py:2609
2025-01-20 00:34:21.844 138037 DEBUG oslo_messaging._drivers.amqpdriver [-] Listener is running poll /usr/lib/python3/dist-packages/oslo_messaging/_drivers/amqpdriver.py:343
2025-01-20 00:34:21.849 138037 DEBUG oslo_messaging._drivers.amqpdriver [-] AMQPListener connection consume poll /usr/lib/python3/dist-packages/oslo_messaging/_drivers/amqpdriver.py:357
2025-01-20 00:34:21.849 136690 DEBUG oslo_service.service [req-7d491a3e-d955-4b5b-8715-fd1d5b9aec3e - - - - -] glance.status_code_retry_delay = None log_opt_values /usr/lib/python3/dist-packages/oslo_config/cfg.py:2609
2025-01-20 00:34:21.846 138036 DEBUG oslo_messaging._drivers.amqpdriver [-] AMQPListener connection timeout poll /usr/lib/python3/dist-packages/oslo_messaging/_drivers/amqpdriver.py:360
2025-01-20 00:34:21.846 138045 DEBUG oslo_messaging._drivers.amqpdriver [-] AMQPListener connection timeout poll /usr/lib/python3/dist-packages/oslo_messaging/_drivers/amqpdriver.py:360
2025-01-20 00:34:21.849 136690 DEBUG oslo_service.service [req-7d491a3e-d955-4b5b-8715-fd1d5b9aec3e - - - - -] glance.timeout = None log_opt_values /usr/lib/python3/dist-packages/oslo_config/cfg.py:2609
2025-01-20 00:34:21.850 138036 DEBUG oslo_messaging._drivers.amqpdriver [-] Listener is running poll /usr/lib/python3/dist-packages/oslo_messaging/_drivers/amqpdriver.py:343
2025-01-20 00:34:21.850 138036 DEBUG oslo_messaging._drivers.amqpdriver [-] AMQPListener connection consume poll /usr/lib/python3/dist-packages/oslo_messaging/_drivers/amqpdriver.py:357
2025-01-20 00:34:21.850 138045 DEBUG oslo_messaging._drivers.amqpdriver [-] Listener is running poll /usr/lib/python3/dist-packages/oslo_messaging/_drivers/amqpdriver.py:343
2025-01-20 00:34:21.850 138045 DEBUG oslo_messaging._drivers.amqpdriver [-] AMQPListener connection consume poll /usr/lib/python3/dist-packages/oslo_messaging/_drivers/amqpdriver.py:357
2025-01-20 00:34:21.850 136690 DEBUG oslo_service.service [req-7d491a3e-d955-4b5b-8715-fd1d5b9aec3e - - - - -] glance.valid_interfaces = ['internal', 'public'] log_opt_values /usr/lib/python3/dist-packages/oslo_config/cfg.py:2609
2025-01-20 00:34:21.850 136690 DEBUG oslo_service.service [req-7d491a3e-d955-4b5b-8715-fd1d5b9aec3e - - - - -] glance.verify_glance_signatures = False log_opt_values /usr/lib/python3/dist-packages/oslo_config/cfg.py:2609
2025-01-20 00:34:21.851 136690 DEBUG oslo_service.service [req-7d491a3e-d955-4b5b-8715-fd1d5b9aec3e - - - - -] glance.version = None log_opt_values /usr/lib/python3/dist-packages/oslo_config/cfg.py:2609
2025-01-20 00:34:21.851 136690 DEBUG oslo_service.service [req-7d491a3e-d955-4b5b-8715-fd1d5b9aec3e - - - - -] guestfs.debug = False log_opt_values /usr/lib/python3/dist-packages/oslo_config/cfg.py:2609
2025-01-20 00:34:21.851 136690 DEBUG oslo_service.service [req-7d491a3e-d955-4b5b-8715-fd1d5b9aec3e - - - - -] hyperv.config_drive_cdrom = False log_opt_values /usr/lib/python3/dist-packages/oslo_config/cfg.py:2609
2025-01-20 00:34:21.851 136690 DEBUG oslo_service.service [req-7d491a3e-d955-4b5b-8715-fd1d5b9aec3e - - - - -] hyperv.config_drive_inject_password = False log_opt_values /usr/lib/python3/dist-packages/oslo_config/cfg.py:2609
2025-01-20 00:34:21.852 136690 DEBUG oslo_service.service [req-7d491a3e-d955-4b5b-8715-fd1d5b9aec3e - - - - -] hyperv.dynamic_memory_ratio = 1.0 log_opt_values /usr/lib/python3/dist-packages/oslo_config/cfg.py:2609
2025-01-20 00:34:21.853 136690 DEBUG oslo_service.service [req-7d491a3e-d955-4b5b-8715-fd1d5b9aec3e - - - - -] hyperv.enable_instance_metrics_collection = False log_opt_values /usr/lib/python3/dist-packages/oslo_config/cfg.py:2609
2025-01-20 00:34:21.853 136690 DEBUG oslo_service.service [req-7d491a3e-d955-4b5b-8715-fd1d5b9aec3e - - - - -] hyperv.enable_remotefx = False log_opt_values /usr/lib/python3/dist-packages/oslo_config/cfg.py:2609
2025-01-20 00:34:21.853 136690 DEBUG oslo_service.service [req-7d491a3e-d955-4b5b-8715-fd1d5b9aec3e - - - - -] hyperv.instances_path_share = log_opt_values /usr/lib/python3/dist-packages/oslo_config/cfg.py:2609
2025-01-20 00:34:21.854 136690 DEBUG oslo_service.service [req-7d491a3e-d955-4b5b-8715-fd1d5b9aec3e - - - - -] hyperv.iscsi_initiator_list = [] log_opt_values /usr/lib/python3/dist-packages/oslo_config/cfg.py:2609
2025-01-20 00:34:21.854 136690 DEBUG oslo_service.service [req-7d491a3e-d955-4b5b-8715-fd1d5b9aec3e - - - - -] hyperv.limit_cpu_features = False log_opt_values /usr/lib/python3/dist-packages/oslo_config/cfg.py:2609
2025-01-20 00:34:21.854 136690 DEBUG oslo_service.service [req-7d491a3e-d955-4b5b-8715-fd1d5b9aec3e - - - - -] hyperv.mounted_disk_query_retry_count = 10 log_opt_values /usr/lib/python3/dist-packages/oslo_config/cfg.py:2609
2025-01-20 00:34:21.855 136690 DEBUG oslo_service.service [req-7d491a3e-d955-4b5b-8715-fd1d5b9aec3e - - - - -] hyperv.mounted_disk_query_retry_interval = 5 log_opt_values /usr/lib/python3/dist-packages/oslo_config/cfg.py:2609
2025-01-20 00:34:21.856 136690 DEBUG oslo_service.service [req-7d491a3e-d955-4b5b-8715-fd1d5b9aec3e - - - - -] hyperv.power_state_check_timeframe = 60 log_opt_values /usr/lib/python3/dist-packages/oslo_config/cfg.py:2609
2025-01-20 00:34:21.856 136690 DEBUG oslo_service.service [req-7d491a3e-d955-4b5b-8715-fd1d5b9aec3e - - - - -] hyperv.power_state_event_polling_interval = 2 log_opt_values /usr/lib/python3/dist-packages/oslo_config/cfg.py:2609
2025-01-20 00:34:21.856 136690 DEBUG oslo_service.service [req-7d491a3e-d955-4b5b-8715-fd1d5b9aec3e - - - - -] hyperv.qemu_img_cmd = qemu-img.exe log_opt_values /usr/lib/python3/dist-packages/oslo_config/cfg.py:2609
2025-01-20 00:34:21.856 136690 DEBUG oslo_service.service [req-7d491a3e-d955-4b5b-8715-fd1d5b9aec3e - - - - -] hyperv.use_multipath_io = False log_opt_values /usr/lib/python3/dist-packages/oslo_config/cfg.py:2609
2025-01-20 00:34:21.857 136690 DEBUG oslo_service.service [req-7d491a3e-d955-4b5b-8715-fd1d5b9aec3e - - - - -] hyperv.volume_attach_retry_count = 10 log_opt_values /usr/lib/python3/dist-packages/oslo_config/cfg.py:2609
2025-01-20 00:34:21.859 136690 DEBUG oslo_service.service [req-7d491a3e-d955-4b5b-8715-fd1d5b9aec3e - - - - -] hyperv.volume_attach_retry_interval = 5 log_opt_values /usr/lib/python3/dist-packages/oslo_config/cfg.py:2609
2025-01-20 00:34:21.860 136690 DEBUG oslo_service.service [req-7d491a3e-d955-4b5b-8715-fd1d5b9aec3e - - - - -] hyperv.vswitch_name = None log_opt_values /usr/lib/python3/dist-packages/oslo_config/cfg.py:2609
2025-01-20 00:34:21.860 136690 DEBUG oslo_service.service [req-7d491a3e-d955-4b5b-8715-fd1d5b9aec3e - - - - -] hyperv.wait_soft_reboot_seconds = 60 log_opt_values /usr/lib/python3/dist-packages/oslo_config/cfg.py:2609
2025-01-20 00:34:21.860 136690 DEBUG oslo_service.service [req-7d491a3e-d955-4b5b-8715-fd1d5b9aec3e - - - - -] mks.enabled = False log_opt_values /usr/lib/python3/dist-packages/oslo_config/cfg.py:2609
2025-01-20 00:34:21.861 136690 DEBUG oslo_service.service [req-7d491a3e-d955-4b5b-8715-fd1d5b9aec3e - - - - -] mks.mksproxy_base_url = http://127.0.0.1:6090/ log_opt_values /usr/lib/python3/dist-packages/oslo_config/cfg.py:2609
2025-01-20 00:34:21.861 136690 DEBUG oslo_service.service [req-7d491a3e-d955-4b5b-8715-fd1d5b9aec3e - - - - -] image_cache.manager_interval = 2400 log_opt_values /usr/lib/python3/dist-packages/oslo_config/cfg.py:2609
2025-01-20 00:34:21.862 136690 DEBUG oslo_service.service [req-7d491a3e-d955-4b5b-8715-fd1d5b9aec3e - - - - -] image_cache.precache_concurrency = 1 log_opt_values /usr/lib/python3/dist-packages/oslo_config/cfg.py:2609
2025-01-20 00:34:21.863 136690 DEBUG oslo_service.service [req-7d491a3e-d955-4b5b-8715-fd1d5b9aec3e - - - - -] image_cache.remove_unused_base_images = True log_opt_values /usr/lib/python3/dist-packages/oslo_config/cfg.py:2609
2025-01-20 00:34:21.863 136690 DEBUG oslo_service.service [req-7d491a3e-d955-4b5b-8715-fd1d5b9aec3e - - - - -] image_cache.remove_unused_original_minimum_age_seconds = 86400 log_opt_values /usr/lib/python3/dist-packages/oslo_config/cfg.py:2609
2025-01-20 00:34:21.863 136690 DEBUG oslo_service.service [req-7d491a3e-d955-4b5b-8715-fd1d5b9aec3e - - - - -] image_cache.remove_unused_resized_minimum_age_seconds = 3600 log_opt_values /usr/lib/python3/dist-packages/oslo_config/cfg.py:2609
2025-01-20 00:34:21.863 136690 DEBUG oslo_service.service [req-7d491a3e-d955-4b5b-8715-fd1d5b9aec3e - - - - -] image_cache.subdirectory_name = _base log_opt_values /usr/lib/python3/dist-packages/oslo_config/cfg.py:2609
2025-01-20 00:34:21.863 136690 DEBUG oslo_service.service [req-7d491a3e-d955-4b5b-8715-fd1d5b9aec3e - - - - -] ironic.api_max_retries = 60 log_opt_values /usr/lib/python3/dist-packages/oslo_config/cfg.py:2609
2025-01-20 00:34:21.864 136690 DEBUG oslo_service.service [req-7d491a3e-d955-4b5b-8715-fd1d5b9aec3e - - - - -] ironic.api_retry_interval = 2 log_opt_values /usr/lib/python3/dist-packages/oslo_config/cfg.py:2609
2025-01-20 00:34:21.864 136690 DEBUG oslo_service.service [req-7d491a3e-d955-4b5b-8715-fd1d5b9aec3e - - - - -] ironic.auth_section = None log_opt_values /usr/lib/python3/dist-packages/oslo_config/cfg.py:2609
2025-01-20 00:34:21.864 136690 DEBUG oslo_service.service [req-7d491a3e-d955-4b5b-8715-fd1d5b9aec3e - - - - -] ironic.auth_type = None log_opt_values /usr/lib/python3/dist-packages/oslo_config/cfg.py:2609
2025-01-20 00:34:21.864 136690 DEBUG oslo_service.service [req-7d491a3e-d955-4b5b-8715-fd1d5b9aec3e - - - - -] ironic.cafile = None log_opt_values /usr/lib/python3/dist-packages/oslo_config/cfg.py:2609
2025-01-20 00:34:21.864 136690 DEBUG oslo_service.service [req-7d491a3e-d955-4b5b-8715-fd1d5b9aec3e - - - - -] ironic.certfile = None log_opt_values /usr/lib/python3/dist-packages/oslo_config/cfg.py:2609
2025-01-20 00:34:21.865 136690 DEBUG oslo_service.service [req-7d491a3e-d955-4b5b-8715-fd1d5b9aec3e - - - - -] ironic.collect_timing = False log_opt_values /usr/lib/python3/dist-packages/oslo_config/cfg.py:2609
2025-01-20 00:34:21.865 136690 DEBUG oslo_service.service [req-7d491a3e-d955-4b5b-8715-fd1d5b9aec3e - - - - -] ironic.connect_retries = None log_opt_values /usr/lib/python3/dist-packages/oslo_config/cfg.py:2609
2025-01-20 00:34:21.865 136690 DEBUG oslo_service.service [req-7d491a3e-d955-4b5b-8715-fd1d5b9aec3e - - - - -] ironic.connect_retry_delay = None log_opt_values /usr/lib/python3/dist-packages/oslo_config/cfg.py:2609
2025-01-20 00:34:21.865 136690 DEBUG oslo_service.service [req-7d491a3e-d955-4b5b-8715-fd1d5b9aec3e - - - - -] ironic.endpoint_override = None log_opt_values /usr/lib/python3/dist-packages/oslo_config/cfg.py:2609
2025-01-20 00:34:21.865 136690 DEBUG oslo_service.service [req-7d491a3e-d955-4b5b-8715-fd1d5b9aec3e - - - - -] ironic.insecure = False log_opt_values /usr/lib/python3/dist-packages/oslo_config/cfg.py:2609
2025-01-20 00:34:21.865 136690 DEBUG oslo_service.service [req-7d491a3e-d955-4b5b-8715-fd1d5b9aec3e - - - - -] ironic.keyfile = None log_opt_values /usr/lib/python3/dist-packages/oslo_config/cfg.py:2609
2025-01-20 00:34:21.866 136690 DEBUG oslo_service.service [req-7d491a3e-d955-4b5b-8715-fd1d5b9aec3e - - - - -] ironic.max_version = None log_opt_values /usr/lib/python3/dist-packages/oslo_config/cfg.py:2609
2025-01-20 00:34:21.866 136690 DEBUG oslo_service.service [req-7d491a3e-d955-4b5b-8715-fd1d5b9aec3e - - - - -] ironic.min_version = None log_opt_values /usr/lib/python3/dist-packages/oslo_config/cfg.py:2609
2025-01-20 00:34:21.866 136690 DEBUG oslo_service.service [req-7d491a3e-d955-4b5b-8715-fd1d5b9aec3e - - - - -] ironic.partition_key = None log_opt_values /usr/lib/python3/dist-packages/oslo_config/cfg.py:2609
2025-01-20 00:34:21.866 136690 DEBUG oslo_service.service [req-7d491a3e-d955-4b5b-8715-fd1d5b9aec3e - - - - -] ironic.peer_list = [] log_opt_values /usr/lib/python3/dist-packages/oslo_config/cfg.py:2609
2025-01-20 00:34:21.866 136690 DEBUG oslo_service.service [req-7d491a3e-d955-4b5b-8715-fd1d5b9aec3e - - - - -] ironic.region_name = None log_opt_values /usr/lib/python3/dist-packages/oslo_config/cfg.py:2609
2025-01-20 00:34:21.867 136690 DEBUG oslo_service.service [req-7d491a3e-d955-4b5b-8715-fd1d5b9aec3e - - - - -] ironic.serial_console_state_timeout = 10 log_opt_values /usr/lib/python3/dist-packages/oslo_config/cfg.py:2609
2025-01-20 00:34:21.867 136690 DEBUG oslo_service.service [req-7d491a3e-d955-4b5b-8715-fd1d5b9aec3e - - - - -] ironic.service_name = None log_opt_values /usr/lib/python3/dist-packages/oslo_config/cfg.py:2609
2025-01-20 00:34:21.867 136690 DEBUG oslo_service.service [req-7d491a3e-d955-4b5b-8715-fd1d5b9aec3e - - - - -] ironic.service_type = baremetal log_opt_values /usr/lib/python3/dist-packages/oslo_config/cfg.py:2609
2025-01-20 00:34:21.867 136690 DEBUG oslo_service.service [req-7d491a3e-d955-4b5b-8715-fd1d5b9aec3e - - - - -] ironic.split_loggers = False log_opt_values /usr/lib/python3/dist-packages/oslo_config/cfg.py:2609
2025-01-20 00:34:21.868 136690 DEBUG oslo_service.service [req-7d491a3e-d955-4b5b-8715-fd1d5b9aec3e - - - - -] ironic.status_code_retries = None log_opt_values /usr/lib/python3/dist-packages/oslo_config/cfg.py:2609
2025-01-20 00:34:21.868 136690 DEBUG oslo_service.service [req-7d491a3e-d955-4b5b-8715-fd1d5b9aec3e - - - - -] ironic.status_code_retry_delay = None log_opt_values /usr/lib/python3/dist-packages/oslo_config/cfg.py:2609
2025-01-20 00:34:21.869 136690 DEBUG oslo_service.service [req-7d491a3e-d955-4b5b-8715-fd1d5b9aec3e - - - - -] ironic.timeout = None log_opt_values /usr/lib/python3/dist-packages/oslo_config/cfg.py:2609
2025-01-20 00:34:21.868 138042 DEBUG oslo_messaging._drivers.amqpdriver [-] Listener is running poll /usr/lib/python3/dist-packages/oslo_messaging/_drivers/amqpdriver.py:343
2025-01-20 00:34:21.869 136690 DEBUG oslo_service.service [req-7d491a3e-d955-4b5b-8715-fd1d5b9aec3e - - - - -] ironic.valid_interfaces = ['internal', 'public'] log_opt_values /usr/lib/python3/dist-packages/oslo_config/cfg.py:2609
2025-01-20 00:34:21.869 138042 DEBUG oslo_messaging._drivers.amqpdriver [-] AMQPListener connection consume poll /usr/lib/python3/dist-packages/oslo_messaging/_drivers/amqpdriver.py:357
2025-01-20 00:34:21.869 136690 DEBUG oslo_service.service [req-7d491a3e-d955-4b5b-8715-fd1d5b9aec3e - - - - -] ironic.version = None log_opt_values /usr/lib/python3/dist-packages/oslo_config/cfg.py:2609
2025-01-20 00:34:21.869 136690 DEBUG oslo_service.service [req-7d491a3e-d955-4b5b-8715-fd1d5b9aec3e - - - - -] key_manager.backend = barbican log_opt_values /usr/lib/python3/dist-packages/oslo_config/cfg.py:2609
2025-01-20 00:34:21.869 136690 DEBUG oslo_service.service [req-7d491a3e-d955-4b5b-8715-fd1d5b9aec3e - - - - -] key_manager.fixed_key = **** log_opt_values /usr/lib/python3/dist-packages/oslo_config/cfg.py:2609
2025-01-20 00:34:21.870 136690 DEBUG oslo_service.service [req-7d491a3e-d955-4b5b-8715-fd1d5b9aec3e - - - - -] barbican.auth_endpoint = http://localhost/identity/v3 log_opt_values /usr/lib/python3/dist-packages/oslo_config/cfg.py:2609
2025-01-20 00:34:21.870 136690 DEBUG oslo_service.service [req-7d491a3e-d955-4b5b-8715-fd1d5b9aec3e - - - - -] barbican.barbican_api_version = None log_opt_values /usr/lib/python3/dist-packages/oslo_config/cfg.py:2609
2025-01-20 00:34:21.870 136690 DEBUG oslo_service.service [req-7d491a3e-d955-4b5b-8715-fd1d5b9aec3e - - - - -] barbican.barbican_endpoint = None log_opt_values /usr/lib/python3/dist-packages/oslo_config/cfg.py:2609
2025-01-20 00:34:21.871 138042 DEBUG nova.service [req-238091a3-b708-4a64-83fa-f360507bcb1e - - - - -] Join ServiceGroup membership for this service scheduler start /usr/lib/python3/dist-packages/nova/service.py:199
2025-01-20 00:34:21.871 136690 DEBUG oslo_service.service [req-7d491a3e-d955-4b5b-8715-fd1d5b9aec3e - - - - -] barbican.barbican_endpoint_type = public log_opt_values /usr/lib/python3/dist-packages/oslo_config/cfg.py:2609
2025-01-20 00:34:21.871 138042 DEBUG nova.servicegroup.drivers.db [req-238091a3-b708-4a64-83fa-f360507bcb1e - - - - -] DB_Driver: join new ServiceGroup member juju-4ab124-0-lxd-7 to the scheduler group, service = join /usr/lib/python3/dist-packages/nova/servicegroup/drivers/db.py:44
2025-01-20 00:34:21.872 136690 DEBUG oslo_service.service [req-7d491a3e-d955-4b5b-8715-fd1d5b9aec3e - - - - -] barbican.barbican_region_name = None log_opt_values /usr/lib/python3/dist-packages/oslo_config/cfg.py:2609
2025-01-20 00:34:21.872 136690 DEBUG oslo_service.service [req-7d491a3e-d955-4b5b-8715-fd1d5b9aec3e - - - - -] barbican.cafile = None log_opt_values /usr/lib/python3/dist-packages/oslo_config/cfg.py:2609
2025-01-20 00:34:21.872 138042 DEBUG oslo_messaging._drivers.amqpdriver [-] AMQPListener connection timeout poll /usr/lib/python3/dist-packages/oslo_messaging/_drivers/amqpdriver.py:360
2025-01-20 00:34:21.872 136690 DEBUG oslo_service.service [req-7d491a3e-d955-4b5b-8715-fd1d5b9aec3e - - - - -] barbican.certfile = None log_opt_values /usr/lib/python3/dist-packages/oslo_config/cfg.py:2609
2025-01-20 00:34:21.872 138042 DEBUG oslo_messaging._drivers.amqpdriver [-] Listener is running poll /usr/lib/python3/dist-packages/oslo_messaging/_drivers/amqpdriver.py:343
