2025-01-20 00:36:31.962 162527 DEBUG oslo_service.service [req-8fb43181-c121-4882-8bc0-7dbef2cd9fea - - - - -] api.compute_link_prefix = None log_opt_values /usr/lib/python3/dist-packages/oslo_config/cfg.py:2609
2025-01-20 00:36:31.962 162527 DEBUG oslo_service.service [req-8fb43181-c121-4882-8bc0-7dbef2cd9fea - - - - -] api.config_drive_skip_versions = 1.0 2007-01-19 2007-03-01 2007-08-29 2007-10-10 2007-12-15 2008-02-01 2008-09-01 log_opt_values /usr/lib/python3/dist-packages/oslo_config/cfg.py:2609
2025-01-20 00:36:31.962 162527 DEBUG oslo_service.service [req-8fb43181-c121-4882-8bc0-7dbef2cd9fea - - - - -] api.dhcp_domain = novalocal log_opt_values /usr/lib/python3/dist-packages/oslo_config/cfg.py:2609
2025-01-20 00:36:31.962 162527 DEBUG oslo_service.service [req-8fb43181-c121-4882-8bc0-7dbef2cd9fea - - - - -] api.enable_instance_password = True log_opt_values /usr/lib/python3/dist-packages/oslo_config/cfg.py:2609
2025-01-20 00:36:31.963 162527 DEBUG oslo_service.service [req-8fb43181-c121-4882-8bc0-7dbef2cd9fea - - - - -] api.glance_link_prefix = None log_opt_values /usr/lib/python3/dist-packages/oslo_config/cfg.py:2609
2025-01-20 00:36:31.963 162527 DEBUG oslo_service.service [req-8fb43181-c121-4882-8bc0-7dbef2cd9fea - - - - -] api.instance_list_cells_batch_fixed_size = 100 log_opt_values /usr/lib/python3/dist-packages/oslo_config/cfg.py:2609
2025-01-20 00:36:31.963 162527 DEBUG oslo_service.service [req-8fb43181-c121-4882-8bc0-7dbef2cd9fea - - - - -] api.instance_list_cells_batch_strategy = distributed log_opt_values /usr/lib/python3/dist-packages/oslo_config/cfg.py:2609
2025-01-20 00:36:31.963 162836 DEBUG nova.service [req-6b24b59b-f1f3-4f47-828b-a1d5490e5ad9 - - - - -] Creating RPC server for service scheduler start /usr/lib/python3/dist-packages/nova/service.py:182
2025-01-20 00:36:31.963 162527 DEBUG oslo_service.service [req-8fb43181-c121-4882-8bc0-7dbef2cd9fea - - - - -] api.instance_list_per_project_cells = False log_opt_values /usr/lib/python3/dist-packages/oslo_config/cfg.py:2609
2025-01-20 00:36:31.963 162527 DEBUG oslo_service.service [req-8fb43181-c121-4882-8bc0-7dbef2cd9fea - - - - -] api.list_records_by_skipping_down_cells = True log_opt_values /usr/lib/python3/dist-packages/oslo_config/cfg.py:2609
2025-01-20 00:36:31.964 162527 DEBUG oslo_service.service [req-8fb43181-c121-4882-8bc0-7dbef2cd9fea - - - - -] api.local_metadata_per_cell = False log_opt_values /usr/lib/python3/dist-packages/oslo_config/cfg.py:2609
2025-01-20 00:36:31.964 162527 DEBUG oslo_service.service [req-8fb43181-c121-4882-8bc0-7dbef2cd9fea - - - - -] api.max_limit = 1000 log_opt_values /usr/lib/python3/dist-packages/oslo_config/cfg.py:2609
2025-01-20 00:36:31.964 162527 DEBUG oslo_service.service [req-8fb43181-c121-4882-8bc0-7dbef2cd9fea - - - - -] api.metadata_cache_expiration = 15 log_opt_values /usr/lib/python3/dist-packages/oslo_config/cfg.py:2609
2025-01-20 00:36:31.964 162527 DEBUG oslo_service.service [req-8fb43181-c121-4882-8bc0-7dbef2cd9fea - - - - -] api.neutron_default_tenant_id = default log_opt_values /usr/lib/python3/dist-packages/oslo_config/cfg.py:2609
2025-01-20 00:36:31.964 162527 DEBUG oslo_service.service [req-8fb43181-c121-4882-8bc0-7dbef2cd9fea - - - - -] api.use_forwarded_for = False log_opt_values /usr/lib/python3/dist-packages/oslo_config/cfg.py:2609
2025-01-20 00:36:31.964 162527 DEBUG oslo_service.service [req-8fb43181-c121-4882-8bc0-7dbef2cd9fea - - - - -] api.use_neutron_default_nets = False log_opt_values /usr/lib/python3/dist-packages/oslo_config/cfg.py:2609
2025-01-20 00:36:31.965 162527 DEBUG oslo_service.service [req-8fb43181-c121-4882-8bc0-7dbef2cd9fea - - - - -] api.vendordata_dynamic_connect_timeout = 5 log_opt_values /usr/lib/python3/dist-packages/oslo_config/cfg.py:2609
2025-01-20 00:36:31.965 162527 DEBUG oslo_service.service [req-8fb43181-c121-4882-8bc0-7dbef2cd9fea - - - - -] api.vendordata_dynamic_failure_fatal = False log_opt_values /usr/lib/python3/dist-packages/oslo_config/cfg.py:2609
2025-01-20 00:36:31.965 162527 DEBUG oslo_service.service [req-8fb43181-c121-4882-8bc0-7dbef2cd9fea - - - - -] api.vendordata_dynamic_read_timeout = 5 log_opt_values /usr/lib/python3/dist-packages/oslo_config/cfg.py:2609
2025-01-20 00:36:31.965 162527 DEBUG oslo_service.service [req-8fb43181-c121-4882-8bc0-7dbef2cd9fea - - - - -] api.vendordata_dynamic_ssl_certfile = log_opt_values /usr/lib/python3/dist-packages/oslo_config/cfg.py:2609
2025-01-20 00:36:31.965 162527 DEBUG oslo_service.service [req-8fb43181-c121-4882-8bc0-7dbef2cd9fea - - - - -] api.vendordata_dynamic_targets = [] log_opt_values /usr/lib/python3/dist-packages/oslo_config/cfg.py:2609
2025-01-20 00:36:31.965 162527 DEBUG oslo_service.service [req-8fb43181-c121-4882-8bc0-7dbef2cd9fea - - - - -] api.vendordata_jsonfile_path = None log_opt_values /usr/lib/python3/dist-packages/oslo_config/cfg.py:2609
2025-01-20 00:36:31.966 162527 DEBUG oslo_service.service [req-8fb43181-c121-4882-8bc0-7dbef2cd9fea - - - - -] api.vendordata_providers = ['StaticJSON'] log_opt_values /usr/lib/python3/dist-packages/oslo_config/cfg.py:2609
2025-01-20 00:36:31.966 162527 DEBUG oslo_service.service [req-8fb43181-c121-4882-8bc0-7dbef2cd9fea - - - - -] cache.backend = dogpile.cache.null log_opt_values /usr/lib/python3/dist-packages/oslo_config/cfg.py:2609
2025-01-20 00:36:31.966 162527 DEBUG oslo_service.service [req-8fb43181-c121-4882-8bc0-7dbef2cd9fea - - - - -] cache.backend_argument = **** log_opt_values /usr/lib/python3/dist-packages/oslo_config/cfg.py:2609
2025-01-20 00:36:31.966 162527 DEBUG oslo_service.service [req-8fb43181-c121-4882-8bc0-7dbef2cd9fea - - - - -] cache.config_prefix = cache.oslo log_opt_values /usr/lib/python3/dist-packages/oslo_config/cfg.py:2609
2025-01-20 00:36:31.966 162527 DEBUG oslo_service.service [req-8fb43181-c121-4882-8bc0-7dbef2cd9fea - - - - -] cache.debug_cache_backend = False log_opt_values /usr/lib/python3/dist-packages/oslo_config/cfg.py:2609
2025-01-20 00:36:31.966 162527 DEBUG oslo_service.service [req-8fb43181-c121-4882-8bc0-7dbef2cd9fea - - - - -] cache.enabled = False log_opt_values /usr/lib/python3/dist-packages/oslo_config/cfg.py:2609
2025-01-20 00:36:31.967 162527 DEBUG oslo_service.service [req-8fb43181-c121-4882-8bc0-7dbef2cd9fea - - - - -] cache.expiration_time = 600 log_opt_values /usr/lib/python3/dist-packages/oslo_config/cfg.py:2609
2025-01-20 00:36:31.967 162527 DEBUG oslo_service.service [req-8fb43181-c121-4882-8bc0-7dbef2cd9fea - - - - -] cache.memcache_dead_retry = 300 log_opt_values /usr/lib/python3/dist-packages/oslo_config/cfg.py:2609
2025-01-20 00:36:31.967 162527 DEBUG oslo_service.service [req-8fb43181-c121-4882-8bc0-7dbef2cd9fea - - - - -] cache.memcache_pool_connection_get_timeout = 10 log_opt_values /usr/lib/python3/dist-packages/oslo_config/cfg.py:2609
2025-01-20 00:36:31.967 162527 DEBUG oslo_service.service [req-8fb43181-c121-4882-8bc0-7dbef2cd9fea - - - - -] cache.memcache_pool_flush_on_reconnect = False log_opt_values /usr/lib/python3/dist-packages/oslo_config/cfg.py:2609
2025-01-20 00:36:31.967 162527 DEBUG oslo_service.service [req-8fb43181-c121-4882-8bc0-7dbef2cd9fea - - - - -] cache.memcache_pool_maxsize = 10 log_opt_values /usr/lib/python3/dist-packages/oslo_config/cfg.py:2609
2025-01-20 00:36:31.968 162527 DEBUG oslo_service.service [req-8fb43181-c121-4882-8bc0-7dbef2cd9fea - - - - -] cache.memcache_pool_unused_timeout = 60 log_opt_values /usr/lib/python3/dist-packages/oslo_config/cfg.py:2609
2025-01-20 00:36:31.968 162527 DEBUG oslo_service.service [req-8fb43181-c121-4882-8bc0-7dbef2cd9fea - - - - -] cache.memcache_servers = ['localhost:11211'] log_opt_values /usr/lib/python3/dist-packages/oslo_config/cfg.py:2609
2025-01-20 00:36:31.968 162527 DEBUG oslo_service.service [req-8fb43181-c121-4882-8bc0-7dbef2cd9fea - - - - -] cache.memcache_socket_timeout = 1.0 log_opt_values /usr/lib/python3/dist-packages/oslo_config/cfg.py:2609
2025-01-20 00:36:31.968 162527 DEBUG oslo_service.service [req-8fb43181-c121-4882-8bc0-7dbef2cd9fea - - - - -] cache.proxies = [] log_opt_values /usr/lib/python3/dist-packages/oslo_config/cfg.py:2609
2025-01-20 00:36:31.968 162527 DEBUG oslo_service.service [req-8fb43181-c121-4882-8bc0-7dbef2cd9fea - - - - -] cache.tls_allowed_ciphers = None log_opt_values /usr/lib/python3/dist-packages/oslo_config/cfg.py:2609
2025-01-20 00:36:31.968 162527 DEBUG oslo_service.service [req-8fb43181-c121-4882-8bc0-7dbef2cd9fea - - - - -] cache.tls_cafile = None log_opt_values /usr/lib/python3/dist-packages/oslo_config/cfg.py:2609
2025-01-20 00:36:31.968 162527 DEBUG oslo_service.service [req-8fb43181-c121-4882-8bc0-7dbef2cd9fea - - - - -] cache.tls_certfile = None log_opt_values /usr/lib/python3/dist-packages/oslo_config/cfg.py:2609
2025-01-20 00:36:31.969 162527 DEBUG oslo_service.service [req-8fb43181-c121-4882-8bc0-7dbef2cd9fea - - - - -] cache.tls_enabled = False log_opt_values /usr/lib/python3/dist-packages/oslo_config/cfg.py:2609
2025-01-20 00:36:31.969 162527 DEBUG oslo_service.service [req-8fb43181-c121-4882-8bc0-7dbef2cd9fea - - - - -] cache.tls_keyfile = None log_opt_values /usr/lib/python3/dist-packages/oslo_config/cfg.py:2609
2025-01-20 00:36:31.969 162527 DEBUG oslo_service.service [req-8fb43181-c121-4882-8bc0-7dbef2cd9fea - - - - -] cinder.auth_section = None log_opt_values /usr/lib/python3/dist-packages/oslo_config/cfg.py:2609
2025-01-20 00:36:31.969 162527 DEBUG oslo_service.service [req-8fb43181-c121-4882-8bc0-7dbef2cd9fea - - - - -] cinder.auth_type = None log_opt_values /usr/lib/python3/dist-packages/oslo_config/cfg.py:2609
2025-01-20 00:36:31.969 162527 DEBUG oslo_service.service [req-8fb43181-c121-4882-8bc0-7dbef2cd9fea - - - - -] cinder.cafile = None log_opt_values /usr/lib/python3/dist-packages/oslo_config/cfg.py:2609
2025-01-20 00:36:31.969 162527 DEBUG oslo_service.service [req-8fb43181-c121-4882-8bc0-7dbef2cd9fea - - - - -] cinder.catalog_info = volumev3::publicURL log_opt_values /usr/lib/python3/dist-packages/oslo_config/cfg.py:2609
2025-01-20 00:36:31.970 162527 DEBUG oslo_service.service [req-8fb43181-c121-4882-8bc0-7dbef2cd9fea - - - - -] cinder.certfile = None log_opt_values /usr/lib/python3/dist-packages/oslo_config/cfg.py:2609
2025-01-20 00:36:31.970 162527 DEBUG oslo_service.service [req-8fb43181-c121-4882-8bc0-7dbef2cd9fea - - - - -] cinder.collect_timing = False log_opt_values /usr/lib/python3/dist-packages/oslo_config/cfg.py:2609
2025-01-20 00:36:31.970 162527 DEBUG oslo_service.service [req-8fb43181-c121-4882-8bc0-7dbef2cd9fea - - - - -] cinder.cross_az_attach = True log_opt_values /usr/lib/python3/dist-packages/oslo_config/cfg.py:2609
2025-01-20 00:36:31.970 162833 DEBUG oslo_messaging._drivers.amqpdriver [-] Listener is running poll /usr/lib/python3/dist-packages/oslo_messaging/_drivers/amqpdriver.py:343
2025-01-20 00:36:31.970 162527 DEBUG oslo_service.service [req-8fb43181-c121-4882-8bc0-7dbef2cd9fea - - - - -] cinder.debug = False log_opt_values /usr/lib/python3/dist-packages/oslo_config/cfg.py:2609
2025-01-20 00:36:31.970 162527 DEBUG oslo_service.service [req-8fb43181-c121-4882-8bc0-7dbef2cd9fea - - - - -] cinder.endpoint_template = None log_opt_values /usr/lib/python3/dist-packages/oslo_config/cfg.py:2609
2025-01-20 00:36:31.970 162527 DEBUG oslo_service.service [req-8fb43181-c121-4882-8bc0-7dbef2cd9fea - - - - -] cinder.http_retries = 3 log_opt_values /usr/lib/python3/dist-packages/oslo_config/cfg.py:2609
2025-01-20 00:36:31.970 162833 DEBUG oslo_messaging._drivers.amqpdriver [-] AMQPListener connection consume poll /usr/lib/python3/dist-packages/oslo_messaging/_drivers/amqpdriver.py:357
2025-01-20 00:36:31.971 162527 DEBUG oslo_service.service [req-8fb43181-c121-4882-8bc0-7dbef2cd9fea - - - - -] cinder.insecure = False log_opt_values /usr/lib/python3/dist-packages/oslo_config/cfg.py:2609
2025-01-20 00:36:31.971 162527 DEBUG oslo_service.service [req-8fb43181-c121-4882-8bc0-7dbef2cd9fea - - - - -] cinder.keyfile = None log_opt_values /usr/lib/python3/dist-packages/oslo_config/cfg.py:2609
2025-01-20 00:36:31.971 162527 DEBUG oslo_service.service [req-8fb43181-c121-4882-8bc0-7dbef2cd9fea - - - - -] cinder.os_region_name = None log_opt_values /usr/lib/python3/dist-packages/oslo_config/cfg.py:2609
2025-01-20 00:36:31.971 162527 DEBUG oslo_service.service [req-8fb43181-c121-4882-8bc0-7dbef2cd9fea - - - - -] cinder.split_loggers = False log_opt_values /usr/lib/python3/dist-packages/oslo_config/cfg.py:2609
2025-01-20 00:36:31.971 162527 DEBUG oslo_service.service [req-8fb43181-c121-4882-8bc0-7dbef2cd9fea - - - - -] cinder.timeout = None log_opt_values /usr/lib/python3/dist-packages/oslo_config/cfg.py:2609
2025-01-20 00:36:31.971 162527 DEBUG oslo_service.service [req-8fb43181-c121-4882-8bc0-7dbef2cd9fea - - - - -] compute.consecutive_build_service_disable_threshold = 10 log_opt_values /usr/lib/python3/dist-packages/oslo_config/cfg.py:2609
2025-01-20 00:36:31.971 162833 DEBUG nova.service [req-3dc66073-5c64-4463-9814-6c29e3bdc0d5 - - - - -] Join ServiceGroup membership for this service scheduler start /usr/lib/python3/dist-packages/nova/service.py:199
2025-01-20 00:36:31.972 162527 DEBUG oslo_service.service [req-8fb43181-c121-4882-8bc0-7dbef2cd9fea - - - - -] compute.cpu_dedicated_set = None log_opt_values /usr/lib/python3/dist-packages/oslo_config/cfg.py:2609
2025-01-20 00:36:31.972 162527 DEBUG oslo_service.service [req-8fb43181-c121-4882-8bc0-7dbef2cd9fea - - - - -] compute.cpu_shared_set = None log_opt_values /usr/lib/python3/dist-packages/oslo_config/cfg.py:2609
2025-01-20 00:36:31.972 162833 DEBUG nova.servicegroup.drivers.db [req-3dc66073-5c64-4463-9814-6c29e3bdc0d5 - - - - -] DB_Driver: join new ServiceGroup member juju-4ab124-0-lxd-7 to the scheduler group, service = join /usr/lib/python3/dist-packages/nova/servicegroup/drivers/db.py:44
2025-01-20 00:36:31.972 162527 DEBUG oslo_service.service [req-8fb43181-c121-4882-8bc0-7dbef2cd9fea - - - - -] compute.image_type_exclude_list = [] log_opt_values /usr/lib/python3/dist-packages/oslo_config/cfg.py:2609
2025-01-20 00:36:31.972 162527 DEBUG oslo_service.service [req-8fb43181-c121-4882-8bc0-7dbef2cd9fea - - - - -] compute.live_migration_wait_for_vif_plug = True log_opt_values /usr/lib/python3/dist-packages/oslo_config/cfg.py:2609
2025-01-20 00:36:31.972 162527 DEBUG oslo_service.service [req-8fb43181-c121-4882-8bc0-7dbef2cd9fea - - - - -] compute.max_concurrent_disk_ops = 0 log_opt_values /usr/lib/python3/dist-packages/oslo_config/cfg.py:2609
2025-01-20 00:36:31.973 162527 DEBUG oslo_service.service [req-8fb43181-c121-4882-8bc0-7dbef2cd9fea - - - - -] compute.max_disk_devices_to_attach = -1 log_opt_values /usr/lib/python3/dist-packages/oslo_config/cfg.py:2609
2025-01-20 00:36:31.973 162527 DEBUG oslo_service.service [req-8fb43181-c121-4882-8bc0-7dbef2cd9fea - - - - -] compute.packing_host_numa_cells_allocation_strategy = True log_opt_values /usr/lib/python3/dist-packages/oslo_config/cfg.py:2609
2025-01-20 00:36:31.973 162527 DEBUG oslo_service.service [req-8fb43181-c121-4882-8bc0-7dbef2cd9fea - - - - -] compute.provider_config_location = /etc/nova/provider_config/ log_opt_values /usr/lib/python3/dist-packages/oslo_config/cfg.py:2609
2025-01-20 00:36:31.973 162527 DEBUG oslo_service.service [req-8fb43181-c121-4882-8bc0-7dbef2cd9fea - - - - -] compute.resource_provider_association_refresh = 300 log_opt_values /usr/lib/python3/dist-packages/oslo_config/cfg.py:2609
2025-01-20 00:36:31.973 162527 DEBUG oslo_service.service [req-8fb43181-c121-4882-8bc0-7dbef2cd9fea - - - - -] compute.shutdown_retry_interval = 10 log_opt_values /usr/lib/python3/dist-packages/oslo_config/cfg.py:2609
2025-01-20 00:36:31.973 162527 DEBUG oslo_service.service [req-8fb43181-c121-4882-8bc0-7dbef2cd9fea - - - - -] compute.vmdk_allowed_types = ['streamOptimized', 'monolithicSparse'] log_opt_values /usr/lib/python3/dist-packages/oslo_config/cfg.py:2609
2025-01-20 00:36:31.974 162527 DEBUG oslo_service.service [req-8fb43181-c121-4882-8bc0-7dbef2cd9fea - - - - -] conductor.workers = 4 log_opt_values /usr/lib/python3/dist-packages/oslo_config/cfg.py:2609
2025-01-20 00:36:31.974 162833 DEBUG oslo_messaging._drivers.amqpdriver [-] AMQPListener connection timeout poll /usr/lib/python3/dist-packages/oslo_messaging/_drivers/amqpdriver.py:360
2025-01-20 00:36:31.974 162833 DEBUG oslo_messaging._drivers.amqpdriver [-] Listener is running poll /usr/lib/python3/dist-packages/oslo_messaging/_drivers/amqpdriver.py:343
2025-01-20 00:36:31.974 162527 DEBUG oslo_service.service [req-8fb43181-c121-4882-8bc0-7dbef2cd9fea - - - - -] console.allowed_origins = [] log_opt_values /usr/lib/python3/dist-packages/oslo_config/cfg.py:2609
2025-01-20 00:36:31.974 162833 DEBUG oslo_messaging._drivers.amqpdriver [-] AMQPListener connection consume poll /usr/lib/python3/dist-packages/oslo_messaging/_drivers/amqpdriver.py:357
2025-01-20 00:36:31.974 162527 DEBUG oslo_service.service [req-8fb43181-c121-4882-8bc0-7dbef2cd9fea - - - - -] console.ssl_ciphers = None log_opt_values /usr/lib/python3/dist-packages/oslo_config/cfg.py:2609
2025-01-20 00:36:31.974 162527 DEBUG oslo_service.service [req-8fb43181-c121-4882-8bc0-7dbef2cd9fea - - - - -] console.ssl_minimum_version = default log_opt_values /usr/lib/python3/dist-packages/oslo_config/cfg.py:2609
2025-01-20 00:36:31.975 162527 DEBUG oslo_service.service [req-8fb43181-c121-4882-8bc0-7dbef2cd9fea - - - - -] consoleauth.token_ttl = 600 log_opt_values /usr/lib/python3/dist-packages/oslo_config/cfg.py:2609
2025-01-20 00:36:31.975 162527 DEBUG oslo_service.service [req-8fb43181-c121-4882-8bc0-7dbef2cd9fea - - - - -] cyborg.cafile = None log_opt_values /usr/lib/python3/dist-packages/oslo_config/cfg.py:2609
2025-01-20 00:36:31.975 162527 DEBUG oslo_service.service [req-8fb43181-c121-4882-8bc0-7dbef2cd9fea - - - - -] cyborg.certfile = None log_opt_values /usr/lib/python3/dist-packages/oslo_config/cfg.py:2609
2025-01-20 00:36:31.975 162527 DEBUG oslo_service.service [req-8fb43181-c121-4882-8bc0-7dbef2cd9fea - - - - -] cyborg.collect_timing = False log_opt_values /usr/lib/python3/dist-packages/oslo_config/cfg.py:2609
2025-01-20 00:36:31.975 162527 DEBUG oslo_service.service [req-8fb43181-c121-4882-8bc0-7dbef2cd9fea - - - - -] cyborg.connect_retries = None log_opt_values /usr/lib/python3/dist-packages/oslo_config/cfg.py:2609
2025-01-20 00:36:31.975 162527 DEBUG oslo_service.service [req-8fb43181-c121-4882-8bc0-7dbef2cd9fea - - - - -] cyborg.connect_retry_delay = None log_opt_values /usr/lib/python3/dist-packages/oslo_config/cfg.py:2609
2025-01-20 00:36:31.976 162527 DEBUG oslo_service.service [req-8fb43181-c121-4882-8bc0-7dbef2cd9fea - - - - -] cyborg.endpoint_override = None log_opt_values /usr/lib/python3/dist-packages/oslo_config/cfg.py:2609
2025-01-20 00:36:31.976 162527 DEBUG oslo_service.service [req-8fb43181-c121-4882-8bc0-7dbef2cd9fea - - - - -] cyborg.insecure = False log_opt_values /usr/lib/python3/dist-packages/oslo_config/cfg.py:2609
2025-01-20 00:36:31.976 162527 DEBUG oslo_service.service [req-8fb43181-c121-4882-8bc0-7dbef2cd9fea - - - - -] cyborg.keyfile = None log_opt_values /usr/lib/python3/dist-packages/oslo_config/cfg.py:2609
2025-01-20 00:36:31.976 162527 DEBUG oslo_service.service [req-8fb43181-c121-4882-8bc0-7dbef2cd9fea - - - - -] cyborg.max_version = None log_opt_values /usr/lib/python3/dist-packages/oslo_config/cfg.py:2609
2025-01-20 00:36:31.976 162527 DEBUG oslo_service.service [req-8fb43181-c121-4882-8bc0-7dbef2cd9fea - - - - -] cyborg.min_version = None log_opt_values /usr/lib/python3/dist-packages/oslo_config/cfg.py:2609
2025-01-20 00:36:31.976 162527 DEBUG oslo_service.service [req-8fb43181-c121-4882-8bc0-7dbef2cd9fea - - - - -] cyborg.region_name = None log_opt_values /usr/lib/python3/dist-packages/oslo_config/cfg.py:2609
2025-01-20 00:36:31.976 162527 DEBUG oslo_service.service [req-8fb43181-c121-4882-8bc0-7dbef2cd9fea - - - - -] cyborg.service_name = None log_opt_values /usr/lib/python3/dist-packages/oslo_config/cfg.py:2609
2025-01-20 00:36:31.977 162527 DEBUG oslo_service.service [req-8fb43181-c121-4882-8bc0-7dbef2cd9fea - - - - -] cyborg.service_type = accelerator log_opt_values /usr/lib/python3/dist-packages/oslo_config/cfg.py:2609
2025-01-20 00:36:31.977 162527 DEBUG oslo_service.service [req-8fb43181-c121-4882-8bc0-7dbef2cd9fea - - - - -] cyborg.split_loggers = False log_opt_values /usr/lib/python3/dist-packages/oslo_config/cfg.py:2609
2025-01-20 00:36:31.977 162527 DEBUG oslo_service.service [req-8fb43181-c121-4882-8bc0-7dbef2cd9fea - - - - -] cyborg.status_code_retries = None log_opt_values /usr/lib/python3/dist-packages/oslo_config/cfg.py:2609
2025-01-20 00:36:31.977 162527 DEBUG oslo_service.service [req-8fb43181-c121-4882-8bc0-7dbef2cd9fea - - - - -] cyborg.status_code_retry_delay = None log_opt_values /usr/lib/python3/dist-packages/oslo_config/cfg.py:2609
2025-01-20 00:36:31.977 162527 DEBUG oslo_service.service [req-8fb43181-c121-4882-8bc0-7dbef2cd9fea - - - - -] cyborg.timeout = None log_opt_values /usr/lib/python3/dist-packages/oslo_config/cfg.py:2609
2025-01-20 00:36:31.978 162527 DEBUG oslo_service.service [req-8fb43181-c121-4882-8bc0-7dbef2cd9fea - - - - -] cyborg.valid_interfaces = ['internal', 'public'] log_opt_values /usr/lib/python3/dist-packages/oslo_config/cfg.py:2609
2025-01-20 00:36:31.978 162527 DEBUG oslo_service.service [req-8fb43181-c121-4882-8bc0-7dbef2cd9fea - - - - -] cyborg.version = None log_opt_values /usr/lib/python3/dist-packages/oslo_config/cfg.py:2609
2025-01-20 00:36:31.978 162527 DEBUG oslo_service.service [req-8fb43181-c121-4882-8bc0-7dbef2cd9fea - - - - -] database.backend = sqlalchemy log_opt_values /usr/lib/python3/dist-packages/oslo_config/cfg.py:2609
2025-01-20 00:36:31.978 162527 DEBUG oslo_service.service [req-8fb43181-c121-4882-8bc0-7dbef2cd9fea - - - - -] database.connection = **** log_opt_values /usr/lib/python3/dist-packages/oslo_config/cfg.py:2609
2025-01-20 00:36:31.978 162527 DEBUG oslo_service.service [req-8fb43181-c121-4882-8bc0-7dbef2cd9fea - - - - -] database.connection_debug = 0 log_opt_values /usr/lib/python3/dist-packages/oslo_config/cfg.py:2609
2025-01-20 00:36:31.979 162527 DEBUG oslo_service.service [req-8fb43181-c121-4882-8bc0-7dbef2cd9fea - - - - -] database.connection_parameters = log_opt_values /usr/lib/python3/dist-packages/oslo_config/cfg.py:2609
2025-01-20 00:36:31.979 162527 DEBUG oslo_service.service [req-8fb43181-c121-4882-8bc0-7dbef2cd9fea - - - - -] database.connection_recycle_time = 3600 log_opt_values /usr/lib/python3/dist-packages/oslo_config/cfg.py:2609
2025-01-20 00:36:31.978 162834 DEBUG oslo_messaging._drivers.amqpdriver [-] Listener is running poll /usr/lib/python3/dist-packages/oslo_messaging/_drivers/amqpdriver.py:343
2025-01-20 00:36:31.979 162527 DEBUG oslo_service.service [req-8fb43181-c121-4882-8bc0-7dbef2cd9fea - - - - -] database.connection_trace = False log_opt_values /usr/lib/python3/dist-packages/oslo_config/cfg.py:2609
2025-01-20 00:36:31.979 162834 DEBUG oslo_messaging._drivers.amqpdriver [-] AMQPListener connection consume poll /usr/lib/python3/dist-packages/oslo_messaging/_drivers/amqpdriver.py:357
2025-01-20 00:36:31.979 162527 DEBUG oslo_service.service [req-8fb43181-c121-4882-8bc0-7dbef2cd9fea - - - - -] database.db_inc_retry_interval = True log_opt_values /usr/lib/python3/dist-packages/oslo_config/cfg.py:2609
2025-01-20 00:36:31.979 162527 DEBUG oslo_service.service [req-8fb43181-c121-4882-8bc0-7dbef2cd9fea - - - - -] database.db_max_retries = 20 log_opt_values /usr/lib/python3/dist-packages/oslo_config/cfg.py:2609
2025-01-20 00:36:31.979 162527 DEBUG oslo_service.service [req-8fb43181-c121-4882-8bc0-7dbef2cd9fea - - - - -] database.db_max_retry_interval = 10 log_opt_values /usr/lib/python3/dist-packages/oslo_config/cfg.py:2609
2025-01-20 00:36:31.980 162527 DEBUG oslo_service.service [req-8fb43181-c121-4882-8bc0-7dbef2cd9fea - - - - -] database.db_retry_interval = 1 log_opt_values /usr/lib/python3/dist-packages/oslo_config/cfg.py:2609
2025-01-20 00:36:31.980 162527 DEBUG oslo_service.service [req-8fb43181-c121-4882-8bc0-7dbef2cd9fea - - - - -] database.max_overflow = 50 log_opt_values /usr/lib/python3/dist-packages/oslo_config/cfg.py:2609
2025-01-20 00:36:31.980 162527 DEBUG oslo_service.service [req-8fb43181-c121-4882-8bc0-7dbef2cd9fea - - - - -] database.max_pool_size = 4 log_opt_values /usr/lib/python3/dist-packages/oslo_config/cfg.py:2609
2025-01-20 00:36:31.980 162834 DEBUG nova.service [req-72e7a4ae-286a-45ad-a56f-643a33aa7c1a - - - - -] Join ServiceGroup membership for this service scheduler start /usr/lib/python3/dist-packages/nova/service.py:199
2025-01-20 00:36:31.980 162527 DEBUG oslo_service.service [req-8fb43181-c121-4882-8bc0-7dbef2cd9fea - - - - -] database.max_retries = 10 log_opt_values /usr/lib/python3/dist-packages/oslo_config/cfg.py:2609
2025-01-20 00:36:31.980 162835 DEBUG oslo_messaging._drivers.amqpdriver [-] Listener is running poll /usr/lib/python3/dist-packages/oslo_messaging/_drivers/amqpdriver.py:343
2025-01-20 00:36:31.980 162527 DEBUG oslo_service.service [req-8fb43181-c121-4882-8bc0-7dbef2cd9fea - - - - -] database.mysql_enable_ndb = False log_opt_values /usr/lib/python3/dist-packages/oslo_config/cfg.py:2609
2025-01-20 00:36:31.980 162834 DEBUG nova.servicegroup.drivers.db [req-72e7a4ae-286a-45ad-a56f-643a33aa7c1a - - - - -] DB_Driver: join new ServiceGroup member juju-4ab124-0-lxd-7 to the scheduler group, service = join /usr/lib/python3/dist-packages/nova/servicegroup/drivers/db.py:44
2025-01-20 00:36:31.980 162527 DEBUG oslo_service.service [req-8fb43181-c121-4882-8bc0-7dbef2cd9fea - - - - -] database.mysql_sql_mode = TRADITIONAL log_opt_values /usr/lib/python3/dist-packages/oslo_config/cfg.py:2609
2025-01-20 00:36:31.980 162835 DEBUG oslo_messaging._drivers.amqpdriver [-] AMQPListener connection consume poll /usr/lib/python3/dist-packages/oslo_messaging/_drivers/amqpdriver.py:357
2025-01-20 00:36:31.981 162527 DEBUG oslo_service.service [req-8fb43181-c121-4882-8bc0-7dbef2cd9fea - - - - -] database.pool_timeout = None log_opt_values /usr/lib/python3/dist-packages/oslo_config/cfg.py:2609
2025-01-20 00:36:31.981 162527 DEBUG oslo_service.service [req-8fb43181-c121-4882-8bc0-7dbef2cd9fea - - - - -] database.retry_interval = 10 log_opt_values /usr/lib/python3/dist-packages/oslo_config/cfg.py:2609
2025-01-20 00:36:31.981 162527 DEBUG oslo_service.service [req-8fb43181-c121-4882-8bc0-7dbef2cd9fea - - - - -] database.slave_connection = **** log_opt_values /usr/lib/python3/dist-packages/oslo_config/cfg.py:2609
2025-01-20 00:36:31.981 162527 DEBUG oslo_service.service [req-8fb43181-c121-4882-8bc0-7dbef2cd9fea - - - - -] database.sqlite_synchronous = True log_opt_values /usr/lib/python3/dist-packages/oslo_config/cfg.py:2609
2025-01-20 00:36:31.981 162527 DEBUG oslo_service.service [req-8fb43181-c121-4882-8bc0-7dbef2cd9fea - - - - -] database.use_db_reconnect = False log_opt_values /usr/lib/python3/dist-packages/oslo_config/cfg.py:2609
2025-01-20 00:36:31.981 162527 DEBUG oslo_service.service [req-8fb43181-c121-4882-8bc0-7dbef2cd9fea - - - - -] api_database.backend = sqlalchemy log_opt_values /usr/lib/python3/dist-packages/oslo_config/cfg.py:2609
2025-01-20 00:36:31.982 162527 DEBUG oslo_service.service [req-8fb43181-c121-4882-8bc0-7dbef2cd9fea - - - - -] api_database.connection = **** log_opt_values /usr/lib/python3/dist-packages/oslo_config/cfg.py:2609
2025-01-20 00:36:31.982 162527 DEBUG oslo_service.service [req-8fb43181-c121-4882-8bc0-7dbef2cd9fea - - - - -] api_database.connection_debug = 0 log_opt_values /usr/lib/python3/dist-packages/oslo_config/cfg.py:2609
2025-01-20 00:36:31.982 162527 DEBUG oslo_service.service [req-8fb43181-c121-4882-8bc0-7dbef2cd9fea - - - - -] api_database.connection_parameters = log_opt_values /usr/lib/python3/dist-packages/oslo_config/cfg.py:2609
2025-01-20 00:36:31.982 162527 DEBUG oslo_service.service [req-8fb43181-c121-4882-8bc0-7dbef2cd9fea - - - - -] api_database.connection_recycle_time = 3600 log_opt_values /usr/lib/python3/dist-packages/oslo_config/cfg.py:2609
2025-01-20 00:36:31.982 162835 DEBUG nova.service [req-b32b3f3d-38bd-4b83-9683-a92df8e31e70 - - - - -] Join ServiceGroup membership for this service scheduler start /usr/lib/python3/dist-packages/nova/service.py:199
2025-01-20 00:36:31.982 162527 DEBUG oslo_service.service [req-8fb43181-c121-4882-8bc0-7dbef2cd9fea - - - - -] api_database.connection_trace = False log_opt_values /usr/lib/python3/dist-packages/oslo_config/cfg.py:2609
2025-01-20 00:36:31.982 162527 DEBUG oslo_service.service [req-8fb43181-c121-4882-8bc0-7dbef2cd9fea - - - - -] api_database.db_inc_retry_interval = True log_opt_values /usr/lib/python3/dist-packages/oslo_config/cfg.py:2609
2025-01-20 00:36:31.983 162835 DEBUG nova.servicegroup.drivers.db [req-b32b3f3d-38bd-4b83-9683-a92df8e31e70 - - - - -] DB_Driver: join new ServiceGroup member juju-4ab124-0-lxd-7 to the scheduler group, service = join /usr/lib/python3/dist-packages/nova/servicegroup/drivers/db.py:44
2025-01-20 00:36:31.983 162527 DEBUG oslo_service.service [req-8fb43181-c121-4882-8bc0-7dbef2cd9fea - - - - -] api_database.db_max_retries = 20 log_opt_values /usr/lib/python3/dist-packages/oslo_config/cfg.py:2609
2025-01-20 00:36:31.983 162527 DEBUG oslo_service.service [req-8fb43181-c121-4882-8bc0-7dbef2cd9fea - - - - -] api_database.db_max_retry_interval = 10 log_opt_values /usr/lib/python3/dist-packages/oslo_config/cfg.py:2609
2025-01-20 00:36:31.983 162834 DEBUG oslo_messaging._drivers.amqpdriver [-] AMQPListener connection timeout poll /usr/lib/python3/dist-packages/oslo_messaging/_drivers/amqpdriver.py:360
2025-01-20 00:36:31.983 162527 DEBUG oslo_service.service [req-8fb43181-c121-4882-8bc0-7dbef2cd9fea - - - - -] api_database.db_retry_interval = 1 log_opt_values /usr/lib/python3/dist-packages/oslo_config/cfg.py:2609
2025-01-20 00:36:31.983 162834 DEBUG oslo_messaging._drivers.amqpdriver [-] Listener is running poll /usr/lib/python3/dist-packages/oslo_messaging/_drivers/amqpdriver.py:343
2025-01-20 00:36:31.983 162834 DEBUG oslo_messaging._drivers.amqpdriver [-] AMQPListener connection consume poll /usr/lib/python3/dist-packages/oslo_messaging/_drivers/amqpdriver.py:357
2025-01-20 00:36:31.983 162527 DEBUG oslo_service.service [req-8fb43181-c121-4882-8bc0-7dbef2cd9fea - - - - -] api_database.max_overflow = 50 log_opt_values /usr/lib/python3/dist-packages/oslo_config/cfg.py:2609
2025-01-20 00:36:31.983 162527 DEBUG oslo_service.service [req-8fb43181-c121-4882-8bc0-7dbef2cd9fea - - - - -] api_database.max_pool_size = 4 log_opt_values /usr/lib/python3/dist-packages/oslo_config/cfg.py:2609
2025-01-20 00:36:31.984 162527 DEBUG oslo_service.service [req-8fb43181-c121-4882-8bc0-7dbef2cd9fea - - - - -] api_database.max_retries = 10 log_opt_values /usr/lib/python3/dist-packages/oslo_config/cfg.py:2609
2025-01-20 00:36:31.984 162527 DEBUG oslo_service.service [req-8fb43181-c121-4882-8bc0-7dbef2cd9fea - - - - -] api_database.mysql_enable_ndb = False log_opt_values /usr/lib/python3/dist-packages/oslo_config/cfg.py:2609
2025-01-20 00:36:31.984 162527 DEBUG oslo_service.service [req-8fb43181-c121-4882-8bc0-7dbef2cd9fea - - - - -] api_database.mysql_sql_mode = TRADITIONAL log_opt_values /usr/lib/python3/dist-packages/oslo_config/cfg.py:2609
2025-01-20 00:36:31.984 162527 DEBUG oslo_service.service [req-8fb43181-c121-4882-8bc0-7dbef2cd9fea - - - - -] api_database.pool_timeout = None log_opt_values /usr/lib/python3/dist-packages/oslo_config/cfg.py:2609
2025-01-20 00:36:31.984 162527 DEBUG oslo_service.service [req-8fb43181-c121-4882-8bc0-7dbef2cd9fea - - - - -] api_database.retry_interval = 10 log_opt_values /usr/lib/python3/dist-packages/oslo_config/cfg.py:2609
2025-01-20 00:36:31.984 162527 DEBUG oslo_service.service [req-8fb43181-c121-4882-8bc0-7dbef2cd9fea - - - - -] api_database.slave_connection = **** log_opt_values /usr/lib/python3/dist-packages/oslo_config/cfg.py:2609
2025-01-20 00:36:31.985 162527 DEBUG oslo_service.service [req-8fb43181-c121-4882-8bc0-7dbef2cd9fea - - - - -] api_database.sqlite_synchronous = True log_opt_values /usr/lib/python3/dist-packages/oslo_config/cfg.py:2609
2025-01-20 00:36:31.985 162527 DEBUG oslo_service.service [req-8fb43181-c121-4882-8bc0-7dbef2cd9fea - - - - -] devices.enabled_mdev_types = [] log_opt_values /usr/lib/python3/dist-packages/oslo_config/cfg.py:2609
2025-01-20 00:36:31.985 162527 DEBUG oslo_service.service [req-8fb43181-c121-4882-8bc0-7dbef2cd9fea - - - - -] ephemeral_storage_encryption.cipher = aes-xts-plain64 log_opt_values /usr/lib/python3/dist-packages/oslo_config/cfg.py:2609
2025-01-20 00:36:31.985 162527 DEBUG oslo_service.service [req-8fb43181-c121-4882-8bc0-7dbef2cd9fea - - - - -] ephemeral_storage_encryption.enabled = False log_opt_values /usr/lib/python3/dist-packages/oslo_config/cfg.py:2609
2025-01-20 00:36:31.985 162527 DEBUG oslo_service.service [req-8fb43181-c121-4882-8bc0-7dbef2cd9fea - - - - -] ephemeral_storage_encryption.key_size = 512 log_opt_values /usr/lib/python3/dist-packages/oslo_config/cfg.py:2609
2025-01-20 00:36:31.986 162527 WARNING oslo_config.cfg [req-8fb43181-c121-4882-8bc0-7dbef2cd9fea - - - - -] Deprecated: Option "api_servers" from group "glance" is deprecated for removal ( Support for image service configuration via standard keystoneauth1 Adapter options was added in the 17.0.0 Queens release. The api_servers option was retained temporarily to allow consumers time to cut over to a real load balancing solution. ). Its value may be silently ignored in the future.
2025-01-20 00:36:31.986 162527 DEBUG oslo_service.service [req-8fb43181-c121-4882-8bc0-7dbef2cd9fea - - - - -] glance.api_servers = ['http://252.37.54.123:9292'] log_opt_values /usr/lib/python3/dist-packages/oslo_config/cfg.py:2609
2025-01-20 00:36:31.986 162527 DEBUG oslo_service.service [req-8fb43181-c121-4882-8bc0-7dbef2cd9fea - - - - -] glance.cafile = None log_opt_values /usr/lib/python3/dist-packages/oslo_config/cfg.py:2609
2025-01-20 00:36:31.986 162527 DEBUG oslo_service.service [req-8fb43181-c121-4882-8bc0-7dbef2cd9fea - - - - -] glance.certfile = None log_opt_values /usr/lib/python3/dist-packages/oslo_config/cfg.py:2609
2025-01-20 00:36:31.986 162527 DEBUG oslo_service.service [req-8fb43181-c121-4882-8bc0-7dbef2cd9fea - - - - -] glance.collect_timing = False log_opt_values /usr/lib/python3/dist-packages/oslo_config/cfg.py:2609
2025-01-20 00:36:31.987 162527 DEBUG oslo_service.service [req-8fb43181-c121-4882-8bc0-7dbef2cd9fea - - - - -] glance.connect_retries = None log_opt_values /usr/lib/python3/dist-packages/oslo_config/cfg.py:2609
2025-01-20 00:36:31.987 162527 DEBUG oslo_service.service [req-8fb43181-c121-4882-8bc0-7dbef2cd9fea - - - - -] glance.connect_retry_delay = None log_opt_values /usr/lib/python3/dist-packages/oslo_config/cfg.py:2609
2025-01-20 00:36:31.987 162527 DEBUG oslo_service.service [req-8fb43181-c121-4882-8bc0-7dbef2cd9fea - - - - -] glance.debug = False log_opt_values /usr/lib/python3/dist-packages/oslo_config/cfg.py:2609
2025-01-20 00:36:31.987 162527 DEBUG oslo_service.service [req-8fb43181-c121-4882-8bc0-7dbef2cd9fea - - - - -] glance.default_trusted_certificate_ids = [] log_opt_values /usr/lib/python3/dist-packages/oslo_config/cfg.py:2609
2025-01-20 00:36:31.987 162527 DEBUG oslo_service.service [req-8fb43181-c121-4882-8bc0-7dbef2cd9fea - - - - -] glance.enable_certificate_validation = False log_opt_values /usr/lib/python3/dist-packages/oslo_config/cfg.py:2609
2025-01-20 00:36:31.987 162527 DEBUG oslo_service.service [req-8fb43181-c121-4882-8bc0-7dbef2cd9fea - - - - -] glance.enable_rbd_download = False log_opt_values /usr/lib/python3/dist-packages/oslo_config/cfg.py:2609
2025-01-20 00:36:31.987 162527 DEBUG oslo_service.service [req-8fb43181-c121-4882-8bc0-7dbef2cd9fea - - - - -] glance.endpoint_override = None log_opt_values /usr/lib/python3/dist-packages/oslo_config/cfg.py:2609
2025-01-20 00:36:31.988 162527 DEBUG oslo_service.service [req-8fb43181-c121-4882-8bc0-7dbef2cd9fea - - - - -] glance.insecure = False log_opt_values /usr/lib/python3/dist-packages/oslo_config/cfg.py:2609
2025-01-20 00:36:31.988 162527 DEBUG oslo_service.service [req-8fb43181-c121-4882-8bc0-7dbef2cd9fea - - - - -] glance.keyfile = None log_opt_values /usr/lib/python3/dist-packages/oslo_config/cfg.py:2609
2025-01-20 00:36:31.988 162527 DEBUG oslo_service.service [req-8fb43181-c121-4882-8bc0-7dbef2cd9fea - - - - -] glance.max_version = None log_opt_values /usr/lib/python3/dist-packages/oslo_config/cfg.py:2609
2025-01-20 00:36:31.988 162527 DEBUG oslo_service.service [req-8fb43181-c121-4882-8bc0-7dbef2cd9fea - - - - -] glance.min_version = None log_opt_values /usr/lib/python3/dist-packages/oslo_config/cfg.py:2609
2025-01-20 00:36:31.988 162835 DEBUG oslo_messaging._drivers.amqpdriver [-] AMQPListener connection timeout poll /usr/lib/python3/dist-packages/oslo_messaging/_drivers/amqpdriver.py:360
2025-01-20 00:36:31.988 162527 DEBUG oslo_service.service [req-8fb43181-c121-4882-8bc0-7dbef2cd9fea - - - - -] glance.num_retries = 3 log_opt_values /usr/lib/python3/dist-packages/oslo_config/cfg.py:2609
2025-01-20 00:36:31.988 162835 DEBUG oslo_messaging._drivers.amqpdriver [-] Listener is running poll /usr/lib/python3/dist-packages/oslo_messaging/_drivers/amqpdriver.py:343
2025-01-20 00:36:31.988 162527 DEBUG oslo_service.service [req-8fb43181-c121-4882-8bc0-7dbef2cd9fea - - - - -] glance.rbd_ceph_conf = log_opt_values /usr/lib/python3/dist-packages/oslo_config/cfg.py:2609
2025-01-20 00:36:31.989 162835 DEBUG oslo_messaging._drivers.amqpdriver [-] AMQPListener connection consume poll /usr/lib/python3/dist-packages/oslo_messaging/_drivers/amqpdriver.py:357
2025-01-20 00:36:31.989 162527 DEBUG oslo_service.service [req-8fb43181-c121-4882-8bc0-7dbef2cd9fea - - - - -] glance.rbd_connect_timeout = 5 log_opt_values /usr/lib/python3/dist-packages/oslo_config/cfg.py:2609
2025-01-20 00:36:31.989 162527 DEBUG oslo_service.service [req-8fb43181-c121-4882-8bc0-7dbef2cd9fea - - - - -] glance.rbd_pool = log_opt_values /usr/lib/python3/dist-packages/oslo_config/cfg.py:2609
2025-01-20 00:36:31.989 162527 DEBUG oslo_service.service [req-8fb43181-c121-4882-8bc0-7dbef2cd9fea - - - - -] glance.rbd_user = log_opt_values /usr/lib/python3/dist-packages/oslo_config/cfg.py:2609
2025-01-20 00:36:31.989 162527 DEBUG oslo_service.service [req-8fb43181-c121-4882-8bc0-7dbef2cd9fea - - - - -] glance.region_name = None log_opt_values /usr/lib/python3/dist-packages/oslo_config/cfg.py:2609
2025-01-20 00:36:31.989 162527 DEBUG oslo_service.service [req-8fb43181-c121-4882-8bc0-7dbef2cd9fea - - - - -] glance.service_name = None log_opt_values /usr/lib/python3/dist-packages/oslo_config/cfg.py:2609
2025-01-20 00:36:31.989 162836 DEBUG oslo_messaging._drivers.amqpdriver [-] Listener is running poll /usr/lib/python3/dist-packages/oslo_messaging/_drivers/amqpdriver.py:343
2025-01-20 00:36:31.989 162527 DEBUG oslo_service.service [req-8fb43181-c121-4882-8bc0-7dbef2cd9fea - - - - -] glance.service_type = image log_opt_values /usr/lib/python3/dist-packages/oslo_config/cfg.py:2609
2025-01-20 00:36:31.990 162527 DEBUG oslo_service.service [req-8fb43181-c121-4882-8bc0-7dbef2cd9fea - - - - -] glance.split_loggers = False log_opt_values /usr/lib/python3/dist-packages/oslo_config/cfg.py:2609
2025-01-20 00:36:31.990 162527 DEBUG oslo_service.service [req-8fb43181-c121-4882-8bc0-7dbef2cd9fea - - - - -] glance.status_code_retries = None log_opt_values /usr/lib/python3/dist-packages/oslo_config/cfg.py:2609
2025-01-20 00:36:31.990 162527 DEBUG oslo_service.service [req-8fb43181-c121-4882-8bc0-7dbef2cd9fea - - - - -] glance.status_code_retry_delay = None log_opt_values /usr/lib/python3/dist-packages/oslo_config/cfg.py:2609
2025-01-20 00:36:31.990 162527 DEBUG oslo_service.service [req-8fb43181-c121-4882-8bc0-7dbef2cd9fea - - - - -] glance.timeout = None log_opt_values /usr/lib/python3/dist-packages/oslo_config/cfg.py:2609
2025-01-20 00:36:31.990 162527 DEBUG oslo_service.service [req-8fb43181-c121-4882-8bc0-7dbef2cd9fea - - - - -] glance.valid_interfaces = ['internal', 'public'] log_opt_values /usr/lib/python3/dist-packages/oslo_config/cfg.py:2609
2025-01-20 00:36:31.989 162836 DEBUG oslo_messaging._drivers.amqpdriver [-] AMQPListener connection consume poll /usr/lib/python3/dist-packages/oslo_messaging/_drivers/amqpdriver.py:357
2025-01-20 00:36:31.991 162527 DEBUG oslo_service.service [req-8fb43181-c121-4882-8bc0-7dbef2cd9fea - - - - -] glance.verify_glance_signatures = False log_opt_values /usr/lib/python3/dist-packages/oslo_config/cfg.py:2609
2025-01-20 00:36:31.991 162527 DEBUG oslo_service.service [req-8fb43181-c121-4882-8bc0-7dbef2cd9fea - - - - -] glance.version = None log_opt_values /usr/lib/python3/dist-packages/oslo_config/cfg.py:2609
2025-01-20 00:36:31.991 162527 DEBUG oslo_service.service [req-8fb43181-c121-4882-8bc0-7dbef2cd9fea - - - - -] guestfs.debug = False log_opt_values /usr/lib/python3/dist-packages/oslo_config/cfg.py:2609
2025-01-20 00:36:31.991 162527 DEBUG oslo_service.service [req-8fb43181-c121-4882-8bc0-7dbef2cd9fea - - - - -] hyperv.config_drive_cdrom = False log_opt_values /usr/lib/python3/dist-packages/oslo_config/cfg.py:2609
2025-01-20 00:36:31.991 162527 DEBUG oslo_service.service [req-8fb43181-c121-4882-8bc0-7dbef2cd9fea - - - - -] hyperv.config_drive_inject_password = False log_opt_values /usr/lib/python3/dist-packages/oslo_config/cfg.py:2609
2025-01-20 00:36:31.991 162527 DEBUG oslo_service.service [req-8fb43181-c121-4882-8bc0-7dbef2cd9fea - - - - -] hyperv.dynamic_memory_ratio = 1.0 log_opt_values /usr/lib/python3/dist-packages/oslo_config/cfg.py:2609
2025-01-20 00:36:31.991 162836 DEBUG nova.service [req-6b24b59b-f1f3-4f47-828b-a1d5490e5ad9 - - - - -] Join ServiceGroup membership for this service scheduler start /usr/lib/python3/dist-packages/nova/service.py:199
2025-01-20 00:36:31.992 162527 DEBUG oslo_service.service [req-8fb43181-c121-4882-8bc0-7dbef2cd9fea - - - - -] hyperv.enable_instance_metrics_collection = False log_opt_values /usr/lib/python3/dist-packages/oslo_config/cfg.py:2609
2025-01-20 00:36:31.992 162836 DEBUG nova.servicegroup.drivers.db [req-6b24b59b-f1f3-4f47-828b-a1d5490e5ad9 - - - - -] DB_Driver: join new ServiceGroup member juju-4ab124-0-lxd-7 to the scheduler group, service = join /usr/lib/python3/dist-packages/nova/servicegroup/drivers/db.py:44
2025-01-20 00:36:31.992 162527 DEBUG oslo_service.service [req-8fb43181-c121-4882-8bc0-7dbef2cd9fea - - - - -] hyperv.enable_remotefx = False log_opt_values /usr/lib/python3/dist-packages/oslo_config/cfg.py:2609
2025-01-20 00:36:31.992 162527 DEBUG oslo_service.service [req-8fb43181-c121-4882-8bc0-7dbef2cd9fea - - - - -] hyperv.instances_path_share = log_opt_values /usr/lib/python3/dist-packages/oslo_config/cfg.py:2609
2025-01-20 00:36:31.992 162527 DEBUG oslo_service.service [req-8fb43181-c121-4882-8bc0-7dbef2cd9fea - - - - -] hyperv.iscsi_initiator_list = [] log_opt_values /usr/lib/python3/dist-packages/oslo_config/cfg.py:2609
2025-01-20 00:36:31.992 162527 DEBUG oslo_service.service [req-8fb43181-c121-4882-8bc0-7dbef2cd9fea - - - - -] hyperv.limit_cpu_features = False log_opt_values /usr/lib/python3/dist-packages/oslo_config/cfg.py:2609
2025-01-20 00:36:31.992 162527 DEBUG oslo_service.service [req-8fb43181-c121-4882-8bc0-7dbef2cd9fea - - - - -] hyperv.mounted_disk_query_retry_count = 10 log_opt_values /usr/lib/python3/dist-packages/oslo_config/cfg.py:2609
2025-01-20 00:36:31.993 162527 DEBUG oslo_service.service [req-8fb43181-c121-4882-8bc0-7dbef2cd9fea - - - - -] hyperv.mounted_disk_query_retry_interval = 5 log_opt_values /usr/lib/python3/dist-packages/oslo_config/cfg.py:2609
2025-01-20 00:36:31.993 162527 DEBUG oslo_service.service [req-8fb43181-c121-4882-8bc0-7dbef2cd9fea - - - - -] hyperv.power_state_check_timeframe = 60 log_opt_values /usr/lib/python3/dist-packages/oslo_config/cfg.py:2609
2025-01-20 00:36:31.993 162527 DEBUG oslo_service.service [req-8fb43181-c121-4882-8bc0-7dbef2cd9fea - - - - -] hyperv.power_state_event_polling_interval = 2 log_opt_values /usr/lib/python3/dist-packages/oslo_config/cfg.py:2609
2025-01-20 00:36:31.993 162527 DEBUG oslo_service.service [req-8fb43181-c121-4882-8bc0-7dbef2cd9fea - - - - -] hyperv.qemu_img_cmd = qemu-img.exe log_opt_values /usr/lib/python3/dist-packages/oslo_config/cfg.py:2609
2025-01-20 00:36:31.993 162527 DEBUG oslo_service.service [req-8fb43181-c121-4882-8bc0-7dbef2cd9fea - - - - -] hyperv.use_multipath_io = False log_opt_values /usr/lib/python3/dist-packages/oslo_config/cfg.py:2609
2025-01-20 00:36:31.993 162527 DEBUG oslo_service.service [req-8fb43181-c121-4882-8bc0-7dbef2cd9fea - - - - -] hyperv.volume_attach_retry_count = 10 log_opt_values /usr/lib/python3/dist-packages/oslo_config/cfg.py:2609
2025-01-20 00:36:31.994 162527 DEBUG oslo_service.service [req-8fb43181-c121-4882-8bc0-7dbef2cd9fea - - - - -] hyperv.volume_attach_retry_interval = 5 log_opt_values /usr/lib/python3/dist-packages/oslo_config/cfg.py:2609
2025-01-20 00:36:31.994 162527 DEBUG oslo_service.service [req-8fb43181-c121-4882-8bc0-7dbef2cd9fea - - - - -] hyperv.vswitch_name = None log_opt_values /usr/lib/python3/dist-packages/oslo_config/cfg.py:2609
2025-01-20 00:36:31.994 162527 DEBUG oslo_service.service [req-8fb43181-c121-4882-8bc0-7dbef2cd9fea - - - - -] hyperv.wait_soft_reboot_seconds = 60 log_opt_values /usr/lib/python3/dist-packages/oslo_config/cfg.py:2609
2025-01-20 00:36:31.994 162527 DEBUG oslo_service.service [req-8fb43181-c121-4882-8bc0-7dbef2cd9fea - - - - -] mks.enabled = False log_opt_values /usr/lib/python3/dist-packages/oslo_config/cfg.py:2609
2025-01-20 00:36:31.994 162836 DEBUG oslo_messaging._drivers.amqpdriver [-] AMQPListener connection timeout poll /usr/lib/python3/dist-packages/oslo_messaging/_drivers/amqpdriver.py:360
2025-01-20 00:36:31.994 162836 DEBUG oslo_messaging._drivers.amqpdriver [-] Listener is running poll /usr/lib/python3/dist-packages/oslo_messaging/_drivers/amqpdriver.py:343
2025-01-20 00:36:31.994 162836 DEBUG oslo_messaging._drivers.amqpdriver [-] AMQPListener connection consume poll /usr/lib/python3/dist-packages/oslo_messaging/_drivers/amqpdriver.py:357
2025-01-20 00:36:31.995 162527 DEBUG oslo_service.service [req-8fb43181-c121-4882-8bc0-7dbef2cd9fea - - - - -] mks.mksproxy_base_url = http://127.0.0.1:6090/ log_opt_values /usr/lib/python3/dist-packages/oslo_config/cfg.py:2609
2025-01-20 00:36:31.995 162527 DEBUG oslo_service.service [req-8fb43181-c121-4882-8bc0-7dbef2cd9fea - - - - -] image_cache.manager_interval = 2400 log_opt_values /usr/lib/python3/dist-packages/oslo_config/cfg.py:2609
2025-01-20 00:36:31.996 162527 DEBUG oslo_service.service [req-8fb43181-c121-4882-8bc0-7dbef2cd9fea - - - - -] image_cache.precache_concurrency = 1 log_opt_values /usr/lib/python3/dist-packages/oslo_config/cfg.py:2609
2025-01-20 00:36:31.996 162527 DEBUG oslo_service.service [req-8fb43181-c121-4882-8bc0-7dbef2cd9fea - - - - -] image_cache.remove_unused_base_images = True log_opt_values /usr/lib/python3/dist-packages/oslo_config/cfg.py:2609
2025-01-20 00:36:31.996 162527 DEBUG oslo_service.service [req-8fb43181-c121-4882-8bc0-7dbef2cd9fea - - - - -] image_cache.remove_unused_original_minimum_age_seconds = 86400 log_opt_values /usr/lib/python3/dist-packages/oslo_config/cfg.py:2609
2025-01-20 00:36:31.997 162527 DEBUG oslo_service.service [req-8fb43181-c121-4882-8bc0-7dbef2cd9fea - - - - -] image_cache.remove_unused_resized_minimum_age_seconds = 3600 log_opt_values /usr/lib/python3/dist-packages/oslo_config/cfg.py:2609
2025-01-20 00:36:31.997 162527 DEBUG oslo_service.service [req-8fb43181-c121-4882-8bc0-7dbef2cd9fea - - - - -] image_cache.subdirectory_name = _base log_opt_values /usr/lib/python3/dist-packages/oslo_config/cfg.py:2609
2025-01-20 00:36:31.997 162527 DEBUG oslo_service.service [req-8fb43181-c121-4882-8bc0-7dbef2cd9fea - - - - -] ironic.api_max_retries = 60 log_opt_values /usr/lib/python3/dist-packages/oslo_config/cfg.py:2609
2025-01-20 00:36:31.997 162527 DEBUG oslo_service.service [req-8fb43181-c121-4882-8bc0-7dbef2cd9fea - - - - -] ironic.api_retry_interval = 2 log_opt_values /usr/lib/python3/dist-packages/oslo_config/cfg.py:2609
2025-01-20 00:36:31.997 162527 DEBUG oslo_service.service [req-8fb43181-c121-4882-8bc0-7dbef2cd9fea - - - - -] ironic.auth_section = None log_opt_values /usr/lib/python3/dist-packages/oslo_config/cfg.py:2609
2025-01-20 00:36:31.998 162527 DEBUG oslo_service.service [req-8fb43181-c121-4882-8bc0-7dbef2cd9fea - - - - -] ironic.auth_type = None log_opt_values /usr/lib/python3/dist-packages/oslo_config/cfg.py:2609
2025-01-20 00:36:31.998 162527 DEBUG oslo_service.service [req-8fb43181-c121-4882-8bc0-7dbef2cd9fea - - - - -] ironic.cafile = None log_opt_values /usr/lib/python3/dist-packages/oslo_config/cfg.py:2609
2025-01-20 00:36:31.998 162527 DEBUG oslo_service.service [req-8fb43181-c121-4882-8bc0-7dbef2cd9fea - - - - -] ironic.certfile = None log_opt_values /usr/lib/python3/dist-packages/oslo_config/cfg.py:2609
2025-01-20 00:36:31.998 162527 DEBUG oslo_service.service [req-8fb43181-c121-4882-8bc0-7dbef2cd9fea - - - - -] ironic.collect_timing = False log_opt_values /usr/lib/python3/dist-packages/oslo_config/cfg.py:2609
2025-01-20 00:36:31.998 162527 DEBUG oslo_service.service [req-8fb43181-c121-4882-8bc0-7dbef2cd9fea - - - - -] ironic.connect_retries = None log_opt_values /usr/lib/python3/dist-packages/oslo_config/cfg.py:2609
2025-01-20 00:36:31.998 162527 DEBUG oslo_service.service [req-8fb43181-c121-4882-8bc0-7dbef2cd9fea - - - - -] ironic.connect_retry_delay = None log_opt_values /usr/lib/python3/dist-packages/oslo_config/cfg.py:2609
2025-01-20 00:36:31.999 162527 DEBUG oslo_service.service [req-8fb43181-c121-4882-8bc0-7dbef2cd9fea - - - - -] ironic.endpoint_override = None log_opt_values /usr/lib/python3/dist-packages/oslo_config/cfg.py:2609
2025-01-20 00:36:32.000 162527 DEBUG oslo_service.service [req-8fb43181-c121-4882-8bc0-7dbef2cd9fea - - - - -] ironic.insecure = False log_opt_values /usr/lib/python3/dist-packages/oslo_config/cfg.py:2609
