2025-01-20 00:36:15.980 157209 DEBUG oslo_service.service [req-0d388e4f-8a5b-449f-be8a-d77177d520e4 - - - - -] use_eventlog = False log_opt_values /usr/lib/python3/dist-packages/oslo_config/cfg.py:2602
2025-01-20 00:36:15.980 157209 DEBUG oslo_service.service [req-0d388e4f-8a5b-449f-be8a-d77177d520e4 - - - - -] use_journal = False log_opt_values /usr/lib/python3/dist-packages/oslo_config/cfg.py:2602
2025-01-20 00:36:15.982 157209 DEBUG oslo_service.service [req-0d388e4f-8a5b-449f-be8a-d77177d520e4 - - - - -] use_json = False log_opt_values /usr/lib/python3/dist-packages/oslo_config/cfg.py:2602
2025-01-20 00:36:15.983 157209 DEBUG oslo_service.service [req-0d388e4f-8a5b-449f-be8a-d77177d520e4 - - - - -] use_rootwrap_daemon = False log_opt_values /usr/lib/python3/dist-packages/oslo_config/cfg.py:2602
2025-01-20 00:36:15.984 157209 DEBUG oslo_service.service [req-0d388e4f-8a5b-449f-be8a-d77177d520e4 - - - - -] use_stderr = False log_opt_values /usr/lib/python3/dist-packages/oslo_config/cfg.py:2602
2025-01-20 00:36:15.984 157209 DEBUG oslo_service.service [req-0d388e4f-8a5b-449f-be8a-d77177d520e4 - - - - -] use_syslog = False log_opt_values /usr/lib/python3/dist-packages/oslo_config/cfg.py:2602
2025-01-20 00:36:15.985 157209 DEBUG oslo_service.service [req-0d388e4f-8a5b-449f-be8a-d77177d520e4 - - - - -] vcpu_pin_set = None log_opt_values /usr/lib/python3/dist-packages/oslo_config/cfg.py:2602
2025-01-20 00:36:15.985 157209 DEBUG oslo_service.service [req-0d388e4f-8a5b-449f-be8a-d77177d520e4 - - - - -] vif_plugging_is_fatal = True log_opt_values /usr/lib/python3/dist-packages/oslo_config/cfg.py:2602
2025-01-20 00:36:15.985 157209 DEBUG oslo_service.service [req-0d388e4f-8a5b-449f-be8a-d77177d520e4 - - - - -] vif_plugging_timeout = 300 log_opt_values /usr/lib/python3/dist-packages/oslo_config/cfg.py:2602
2025-01-20 00:36:15.986 157209 DEBUG oslo_service.service [req-0d388e4f-8a5b-449f-be8a-d77177d520e4 - - - - -] virt_mkfs = [] log_opt_values /usr/lib/python3/dist-packages/oslo_config/cfg.py:2602
2025-01-20 00:36:15.986 157209 DEBUG oslo_service.service [req-0d388e4f-8a5b-449f-be8a-d77177d520e4 - - - - -] volume_usage_poll_interval = 0 log_opt_values /usr/lib/python3/dist-packages/oslo_config/cfg.py:2602
2025-01-20 00:36:15.986 157209 DEBUG oslo_service.service [req-0d388e4f-8a5b-449f-be8a-d77177d520e4 - - - - -] watch_log_file = False log_opt_values /usr/lib/python3/dist-packages/oslo_config/cfg.py:2602
2025-01-20 00:36:15.987 157209 DEBUG oslo_service.service [req-0d388e4f-8a5b-449f-be8a-d77177d520e4 - - - - -] web = /usr/share/spice-html5 log_opt_values /usr/lib/python3/dist-packages/oslo_config/cfg.py:2602
2025-01-20 00:36:15.987 157209 DEBUG oslo_service.service [req-0d388e4f-8a5b-449f-be8a-d77177d520e4 - - - - -] oslo_concurrency.disable_process_locking = False log_opt_values /usr/lib/python3/dist-packages/oslo_config/cfg.py:2609
2025-01-20 00:36:15.988 157209 DEBUG oslo_service.service [req-0d388e4f-8a5b-449f-be8a-d77177d520e4 - - - - -] oslo_concurrency.lock_path = /var/lock/nova log_opt_values /usr/lib/python3/dist-packages/oslo_config/cfg.py:2609
2025-01-20 00:36:15.988 157209 DEBUG oslo_service.service [req-0d388e4f-8a5b-449f-be8a-d77177d520e4 - - - - -] oslo_messaging_metrics.metrics_buffer_size = 1000 log_opt_values /usr/lib/python3/dist-packages/oslo_config/cfg.py:2609
2025-01-20 00:36:15.988 157209 DEBUG oslo_service.service [req-0d388e4f-8a5b-449f-be8a-d77177d520e4 - - - - -] oslo_messaging_metrics.metrics_enabled = False log_opt_values /usr/lib/python3/dist-packages/oslo_config/cfg.py:2609
2025-01-20 00:36:15.988 157209 DEBUG oslo_service.service [req-0d388e4f-8a5b-449f-be8a-d77177d520e4 - - - - -] oslo_messaging_metrics.metrics_process_name = log_opt_values /usr/lib/python3/dist-packages/oslo_config/cfg.py:2609
2025-01-20 00:36:15.988 157209 DEBUG oslo_service.service [req-0d388e4f-8a5b-449f-be8a-d77177d520e4 - - - - -] oslo_messaging_metrics.metrics_socket_file = /var/tmp/metrics_collector.sock log_opt_values /usr/lib/python3/dist-packages/oslo_config/cfg.py:2609
2025-01-20 00:36:15.989 157209 DEBUG oslo_service.service [req-0d388e4f-8a5b-449f-be8a-d77177d520e4 - - - - -] oslo_messaging_metrics.metrics_thread_stop_timeout = 10 log_opt_values /usr/lib/python3/dist-packages/oslo_config/cfg.py:2609
2025-01-20 00:36:15.989 157209 WARNING oslo_config.cfg [req-0d388e4f-8a5b-449f-be8a-d77177d520e4 - - - - -] Deprecated: Option "auth_strategy" from group "api" is deprecated for removal ( The only non-default choice, ``noauth2``, is for internal development and testing purposes only and should not be used in deployments. This option and its middleware, NoAuthMiddleware[V2_18], will be removed in a future release. ). Its value may be silently ignored in the future.
2025-01-20 00:36:15.989 157602 DEBUG oslo_messaging._drivers.amqpdriver [-] Listener is running poll /usr/lib/python3/dist-packages/oslo_messaging/_drivers/amqpdriver.py:343
2025-01-20 00:36:15.989 157209 DEBUG oslo_service.service [req-0d388e4f-8a5b-449f-be8a-d77177d520e4 - - - - -] api.auth_strategy = keystone log_opt_values /usr/lib/python3/dist-packages/oslo_config/cfg.py:2609
2025-01-20 00:36:15.989 157602 DEBUG oslo_messaging._drivers.amqpdriver [-] AMQPListener connection consume poll /usr/lib/python3/dist-packages/oslo_messaging/_drivers/amqpdriver.py:357
2025-01-20 00:36:15.989 157209 DEBUG oslo_service.service [req-0d388e4f-8a5b-449f-be8a-d77177d520e4 - - - - -] api.compute_link_prefix = None log_opt_values /usr/lib/python3/dist-packages/oslo_config/cfg.py:2609
2025-01-20 00:36:15.990 157209 DEBUG oslo_service.service [req-0d388e4f-8a5b-449f-be8a-d77177d520e4 - - - - -] api.config_drive_skip_versions = 1.0 2007-01-19 2007-03-01 2007-08-29 2007-10-10 2007-12-15 2008-02-01 2008-09-01 log_opt_values /usr/lib/python3/dist-packages/oslo_config/cfg.py:2609
2025-01-20 00:36:15.990 157209 DEBUG oslo_service.service [req-0d388e4f-8a5b-449f-be8a-d77177d520e4 - - - - -] api.dhcp_domain = novalocal log_opt_values /usr/lib/python3/dist-packages/oslo_config/cfg.py:2609
2025-01-20 00:36:15.990 157209 DEBUG oslo_service.service [req-0d388e4f-8a5b-449f-be8a-d77177d520e4 - - - - -] api.enable_instance_password = True log_opt_values /usr/lib/python3/dist-packages/oslo_config/cfg.py:2609
2025-01-20 00:36:15.990 157602 DEBUG nova.service [req-14862b5b-ab96-488e-9cb6-e30c5a62763c - - - - -] Join ServiceGroup membership for this service conductor start /usr/lib/python3/dist-packages/nova/service.py:199
2025-01-20 00:36:15.990 157209 DEBUG oslo_service.service [req-0d388e4f-8a5b-449f-be8a-d77177d520e4 - - - - -] api.glance_link_prefix = None log_opt_values /usr/lib/python3/dist-packages/oslo_config/cfg.py:2609
2025-01-20 00:36:15.990 157209 DEBUG oslo_service.service [req-0d388e4f-8a5b-449f-be8a-d77177d520e4 - - - - -] api.instance_list_cells_batch_fixed_size = 100 log_opt_values /usr/lib/python3/dist-packages/oslo_config/cfg.py:2609
2025-01-20 00:36:15.990 157602 DEBUG nova.servicegroup.drivers.db [req-14862b5b-ab96-488e-9cb6-e30c5a62763c - - - - -] DB_Driver: join new ServiceGroup member juju-4ab124-0-lxd-7 to the conductor group, service = join /usr/lib/python3/dist-packages/nova/servicegroup/drivers/db.py:44
2025-01-20 00:36:15.991 157209 DEBUG oslo_service.service [req-0d388e4f-8a5b-449f-be8a-d77177d520e4 - - - - -] api.instance_list_cells_batch_strategy = distributed log_opt_values /usr/lib/python3/dist-packages/oslo_config/cfg.py:2609
2025-01-20 00:36:15.991 157209 DEBUG oslo_service.service [req-0d388e4f-8a5b-449f-be8a-d77177d520e4 - - - - -] api.instance_list_per_project_cells = False log_opt_values /usr/lib/python3/dist-packages/oslo_config/cfg.py:2609
2025-01-20 00:36:15.991 157209 DEBUG oslo_service.service [req-0d388e4f-8a5b-449f-be8a-d77177d520e4 - - - - -] api.list_records_by_skipping_down_cells = True log_opt_values /usr/lib/python3/dist-packages/oslo_config/cfg.py:2609
2025-01-20 00:36:15.991 157209 DEBUG oslo_service.service [req-0d388e4f-8a5b-449f-be8a-d77177d520e4 - - - - -] api.local_metadata_per_cell = False log_opt_values /usr/lib/python3/dist-packages/oslo_config/cfg.py:2609
2025-01-20 00:36:15.991 157209 DEBUG oslo_service.service [req-0d388e4f-8a5b-449f-be8a-d77177d520e4 - - - - -] api.max_limit = 1000 log_opt_values /usr/lib/python3/dist-packages/oslo_config/cfg.py:2609
2025-01-20 00:36:15.992 157209 DEBUG oslo_service.service [req-0d388e4f-8a5b-449f-be8a-d77177d520e4 - - - - -] api.metadata_cache_expiration = 15 log_opt_values /usr/lib/python3/dist-packages/oslo_config/cfg.py:2609
2025-01-20 00:36:15.992 157209 DEBUG oslo_service.service [req-0d388e4f-8a5b-449f-be8a-d77177d520e4 - - - - -] api.neutron_default_tenant_id = default log_opt_values /usr/lib/python3/dist-packages/oslo_config/cfg.py:2609
2025-01-20 00:36:15.992 157209 DEBUG oslo_service.service [req-0d388e4f-8a5b-449f-be8a-d77177d520e4 - - - - -] api.use_forwarded_for = False log_opt_values /usr/lib/python3/dist-packages/oslo_config/cfg.py:2609
2025-01-20 00:36:15.992 157209 DEBUG oslo_service.service [req-0d388e4f-8a5b-449f-be8a-d77177d520e4 - - - - -] api.use_neutron_default_nets = False log_opt_values /usr/lib/python3/dist-packages/oslo_config/cfg.py:2609
2025-01-20 00:36:15.992 157209 DEBUG oslo_service.service [req-0d388e4f-8a5b-449f-be8a-d77177d520e4 - - - - -] api.vendordata_dynamic_connect_timeout = 5 log_opt_values /usr/lib/python3/dist-packages/oslo_config/cfg.py:2609
2025-01-20 00:36:15.993 157209 DEBUG oslo_service.service [req-0d388e4f-8a5b-449f-be8a-d77177d520e4 - - - - -] api.vendordata_dynamic_failure_fatal = False log_opt_values /usr/lib/python3/dist-packages/oslo_config/cfg.py:2609
2025-01-20 00:36:15.993 157209 DEBUG oslo_service.service [req-0d388e4f-8a5b-449f-be8a-d77177d520e4 - - - - -] api.vendordata_dynamic_read_timeout = 5 log_opt_values /usr/lib/python3/dist-packages/oslo_config/cfg.py:2609
2025-01-20 00:36:15.993 157209 DEBUG oslo_service.service [req-0d388e4f-8a5b-449f-be8a-d77177d520e4 - - - - -] api.vendordata_dynamic_ssl_certfile = log_opt_values /usr/lib/python3/dist-packages/oslo_config/cfg.py:2609
2025-01-20 00:36:15.993 157209 DEBUG oslo_service.service [req-0d388e4f-8a5b-449f-be8a-d77177d520e4 - - - - -] api.vendordata_dynamic_targets = [] log_opt_values /usr/lib/python3/dist-packages/oslo_config/cfg.py:2609
2025-01-20 00:36:15.993 157209 DEBUG oslo_service.service [req-0d388e4f-8a5b-449f-be8a-d77177d520e4 - - - - -] api.vendordata_jsonfile_path = None log_opt_values /usr/lib/python3/dist-packages/oslo_config/cfg.py:2609
2025-01-20 00:36:15.994 157209 DEBUG oslo_service.service [req-0d388e4f-8a5b-449f-be8a-d77177d520e4 - - - - -] api.vendordata_providers = ['StaticJSON'] log_opt_values /usr/lib/python3/dist-packages/oslo_config/cfg.py:2609
2025-01-20 00:36:15.994 157209 DEBUG oslo_service.service [req-0d388e4f-8a5b-449f-be8a-d77177d520e4 - - - - -] cache.backend = dogpile.cache.null log_opt_values /usr/lib/python3/dist-packages/oslo_config/cfg.py:2609
2025-01-20 00:36:15.994 157602 DEBUG oslo_messaging._drivers.amqpdriver [-] AMQPListener connection timeout poll /usr/lib/python3/dist-packages/oslo_messaging/_drivers/amqpdriver.py:360
2025-01-20 00:36:15.994 157209 DEBUG oslo_service.service [req-0d388e4f-8a5b-449f-be8a-d77177d520e4 - - - - -] cache.backend_argument = **** log_opt_values /usr/lib/python3/dist-packages/oslo_config/cfg.py:2609
2025-01-20 00:36:15.994 157602 DEBUG oslo_messaging._drivers.amqpdriver [-] Listener is running poll /usr/lib/python3/dist-packages/oslo_messaging/_drivers/amqpdriver.py:343
2025-01-20 00:36:15.994 157602 DEBUG oslo_messaging._drivers.amqpdriver [-] AMQPListener connection consume poll /usr/lib/python3/dist-packages/oslo_messaging/_drivers/amqpdriver.py:357
2025-01-20 00:36:15.994 157209 DEBUG oslo_service.service [req-0d388e4f-8a5b-449f-be8a-d77177d520e4 - - - - -] cache.config_prefix = cache.oslo log_opt_values /usr/lib/python3/dist-packages/oslo_config/cfg.py:2609
2025-01-20 00:36:15.994 157209 DEBUG oslo_service.service [req-0d388e4f-8a5b-449f-be8a-d77177d520e4 - - - - -] cache.debug_cache_backend = False log_opt_values /usr/lib/python3/dist-packages/oslo_config/cfg.py:2609
2025-01-20 00:36:15.995 157209 DEBUG oslo_service.service [req-0d388e4f-8a5b-449f-be8a-d77177d520e4 - - - - -] cache.enabled = False log_opt_values /usr/lib/python3/dist-packages/oslo_config/cfg.py:2609
2025-01-20 00:36:15.995 157209 DEBUG oslo_service.service [req-0d388e4f-8a5b-449f-be8a-d77177d520e4 - - - - -] cache.expiration_time = 600 log_opt_values /usr/lib/python3/dist-packages/oslo_config/cfg.py:2609
2025-01-20 00:36:15.995 157209 DEBUG oslo_service.service [req-0d388e4f-8a5b-449f-be8a-d77177d520e4 - - - - -] cache.memcache_dead_retry = 300 log_opt_values /usr/lib/python3/dist-packages/oslo_config/cfg.py:2609
2025-01-20 00:36:15.995 157209 DEBUG oslo_service.service [req-0d388e4f-8a5b-449f-be8a-d77177d520e4 - - - - -] cache.memcache_pool_connection_get_timeout = 10 log_opt_values /usr/lib/python3/dist-packages/oslo_config/cfg.py:2609
2025-01-20 00:36:15.995 157209 DEBUG oslo_service.service [req-0d388e4f-8a5b-449f-be8a-d77177d520e4 - - - - -] cache.memcache_pool_flush_on_reconnect = False log_opt_values /usr/lib/python3/dist-packages/oslo_config/cfg.py:2609
2025-01-20 00:36:15.996 157209 DEBUG oslo_service.service [req-0d388e4f-8a5b-449f-be8a-d77177d520e4 - - - - -] cache.memcache_pool_maxsize = 10 log_opt_values /usr/lib/python3/dist-packages/oslo_config/cfg.py:2609
2025-01-20 00:36:15.996 157209 DEBUG oslo_service.service [req-0d388e4f-8a5b-449f-be8a-d77177d520e4 - - - - -] cache.memcache_pool_unused_timeout = 60 log_opt_values /usr/lib/python3/dist-packages/oslo_config/cfg.py:2609
2025-01-20 00:36:15.996 157209 DEBUG oslo_service.service [req-0d388e4f-8a5b-449f-be8a-d77177d520e4 - - - - -] cache.memcache_servers = ['localhost:11211'] log_opt_values /usr/lib/python3/dist-packages/oslo_config/cfg.py:2609
2025-01-20 00:36:15.996 157209 DEBUG oslo_service.service [req-0d388e4f-8a5b-449f-be8a-d77177d520e4 - - - - -] cache.memcache_socket_timeout = 1.0 log_opt_values /usr/lib/python3/dist-packages/oslo_config/cfg.py:2609
2025-01-20 00:36:15.996 157209 DEBUG oslo_service.service [req-0d388e4f-8a5b-449f-be8a-d77177d520e4 - - - - -] cache.proxies = [] log_opt_values /usr/lib/python3/dist-packages/oslo_config/cfg.py:2609
2025-01-20 00:36:15.997 157209 DEBUG oslo_service.service [req-0d388e4f-8a5b-449f-be8a-d77177d520e4 - - - - -] cache.tls_allowed_ciphers = None log_opt_values /usr/lib/python3/dist-packages/oslo_config/cfg.py:2609
2025-01-20 00:36:15.997 157209 DEBUG oslo_service.service [req-0d388e4f-8a5b-449f-be8a-d77177d520e4 - - - - -] cache.tls_cafile = None log_opt_values /usr/lib/python3/dist-packages/oslo_config/cfg.py:2609
2025-01-20 00:36:15.997 157209 DEBUG oslo_service.service [req-0d388e4f-8a5b-449f-be8a-d77177d520e4 - - - - -] cache.tls_certfile = None log_opt_values /usr/lib/python3/dist-packages/oslo_config/cfg.py:2609
2025-01-20 00:36:15.997 157209 DEBUG oslo_service.service [req-0d388e4f-8a5b-449f-be8a-d77177d520e4 - - - - -] cache.tls_enabled = False log_opt_values /usr/lib/python3/dist-packages/oslo_config/cfg.py:2609
2025-01-20 00:36:15.997 157209 DEBUG oslo_service.service [req-0d388e4f-8a5b-449f-be8a-d77177d520e4 - - - - -] cache.tls_keyfile = None log_opt_values /usr/lib/python3/dist-packages/oslo_config/cfg.py:2609
2025-01-20 00:36:15.997 157209 DEBUG oslo_service.service [req-0d388e4f-8a5b-449f-be8a-d77177d520e4 - - - - -] cinder.auth_section = None log_opt_values /usr/lib/python3/dist-packages/oslo_config/cfg.py:2609
2025-01-20 00:36:15.998 157209 DEBUG oslo_service.service [req-0d388e4f-8a5b-449f-be8a-d77177d520e4 - - - - -] cinder.auth_type = None log_opt_values /usr/lib/python3/dist-packages/oslo_config/cfg.py:2609
2025-01-20 00:36:16.000 157209 DEBUG oslo_service.service [req-0d388e4f-8a5b-449f-be8a-d77177d520e4 - - - - -] cinder.cafile = None log_opt_values /usr/lib/python3/dist-packages/oslo_config/cfg.py:2609
2025-01-20 00:36:16.002 157209 DEBUG oslo_service.service [req-0d388e4f-8a5b-449f-be8a-d77177d520e4 - - - - -] cinder.catalog_info = volumev3::publicURL log_opt_values /usr/lib/python3/dist-packages/oslo_config/cfg.py:2609
2025-01-20 00:36:16.002 157209 DEBUG oslo_service.service [req-0d388e4f-8a5b-449f-be8a-d77177d520e4 - - - - -] cinder.certfile = None log_opt_values /usr/lib/python3/dist-packages/oslo_config/cfg.py:2609
2025-01-20 00:36:16.002 157209 DEBUG oslo_service.service [req-0d388e4f-8a5b-449f-be8a-d77177d520e4 - - - - -] cinder.collect_timing = False log_opt_values /usr/lib/python3/dist-packages/oslo_config/cfg.py:2609
2025-01-20 00:36:16.003 157209 DEBUG oslo_service.service [req-0d388e4f-8a5b-449f-be8a-d77177d520e4 - - - - -] cinder.cross_az_attach = True log_opt_values /usr/lib/python3/dist-packages/oslo_config/cfg.py:2609
2025-01-20 00:36:16.003 157209 DEBUG oslo_service.service [req-0d388e4f-8a5b-449f-be8a-d77177d520e4 - - - - -] cinder.debug = False log_opt_values /usr/lib/python3/dist-packages/oslo_config/cfg.py:2609
2025-01-20 00:36:16.003 157209 DEBUG oslo_service.service [req-0d388e4f-8a5b-449f-be8a-d77177d520e4 - - - - -] cinder.endpoint_template = None log_opt_values /usr/lib/python3/dist-packages/oslo_config/cfg.py:2609
2025-01-20 00:36:16.003 157209 DEBUG oslo_service.service [req-0d388e4f-8a5b-449f-be8a-d77177d520e4 - - - - -] cinder.http_retries = 3 log_opt_values /usr/lib/python3/dist-packages/oslo_config/cfg.py:2609
2025-01-20 00:36:16.005 157209 DEBUG oslo_service.service [req-0d388e4f-8a5b-449f-be8a-d77177d520e4 - - - - -] cinder.insecure = False log_opt_values /usr/lib/python3/dist-packages/oslo_config/cfg.py:2609
2025-01-20 00:36:16.005 157209 DEBUG oslo_service.service [req-0d388e4f-8a5b-449f-be8a-d77177d520e4 - - - - -] cinder.keyfile = None log_opt_values /usr/lib/python3/dist-packages/oslo_config/cfg.py:2609
2025-01-20 00:36:16.005 157209 DEBUG oslo_service.service [req-0d388e4f-8a5b-449f-be8a-d77177d520e4 - - - - -] cinder.os_region_name = None log_opt_values /usr/lib/python3/dist-packages/oslo_config/cfg.py:2609
2025-01-20 00:36:16.006 157601 DEBUG oslo_messaging._drivers.amqpdriver [-] Listener is running poll /usr/lib/python3/dist-packages/oslo_messaging/_drivers/amqpdriver.py:343
2025-01-20 00:36:16.006 157209 DEBUG oslo_service.service [req-0d388e4f-8a5b-449f-be8a-d77177d520e4 - - - - -] cinder.split_loggers = False log_opt_values /usr/lib/python3/dist-packages/oslo_config/cfg.py:2609
2025-01-20 00:36:16.006 157601 DEBUG oslo_messaging._drivers.amqpdriver [-] AMQPListener connection consume poll /usr/lib/python3/dist-packages/oslo_messaging/_drivers/amqpdriver.py:357
2025-01-20 00:36:16.006 157209 DEBUG oslo_service.service [req-0d388e4f-8a5b-449f-be8a-d77177d520e4 - - - - -] cinder.timeout = None log_opt_values /usr/lib/python3/dist-packages/oslo_config/cfg.py:2609
2025-01-20 00:36:16.007 157209 DEBUG oslo_service.service [req-0d388e4f-8a5b-449f-be8a-d77177d520e4 - - - - -] compute.consecutive_build_service_disable_threshold = 10 log_opt_values /usr/lib/python3/dist-packages/oslo_config/cfg.py:2609
2025-01-20 00:36:16.008 157209 DEBUG oslo_service.service [req-0d388e4f-8a5b-449f-be8a-d77177d520e4 - - - - -] compute.cpu_dedicated_set = None log_opt_values /usr/lib/python3/dist-packages/oslo_config/cfg.py:2609
2025-01-20 00:36:16.008 157209 DEBUG oslo_service.service [req-0d388e4f-8a5b-449f-be8a-d77177d520e4 - - - - -] compute.cpu_shared_set = None log_opt_values /usr/lib/python3/dist-packages/oslo_config/cfg.py:2609
2025-01-20 00:36:16.008 157209 DEBUG oslo_service.service [req-0d388e4f-8a5b-449f-be8a-d77177d520e4 - - - - -] compute.image_type_exclude_list = [] log_opt_values /usr/lib/python3/dist-packages/oslo_config/cfg.py:2609
2025-01-20 00:36:16.009 157209 DEBUG oslo_service.service [req-0d388e4f-8a5b-449f-be8a-d77177d520e4 - - - - -] compute.live_migration_wait_for_vif_plug = True log_opt_values /usr/lib/python3/dist-packages/oslo_config/cfg.py:2609
2025-01-20 00:36:16.009 157604 DEBUG oslo_messaging._drivers.amqpdriver [-] Listener is running poll /usr/lib/python3/dist-packages/oslo_messaging/_drivers/amqpdriver.py:343
2025-01-20 00:36:16.010 157604 DEBUG oslo_messaging._drivers.amqpdriver [-] AMQPListener connection consume poll /usr/lib/python3/dist-packages/oslo_messaging/_drivers/amqpdriver.py:357
2025-01-20 00:36:16.010 157209 DEBUG oslo_service.service [req-0d388e4f-8a5b-449f-be8a-d77177d520e4 - - - - -] compute.max_concurrent_disk_ops = 0 log_opt_values /usr/lib/python3/dist-packages/oslo_config/cfg.py:2609
2025-01-20 00:36:16.010 157209 DEBUG oslo_service.service [req-0d388e4f-8a5b-449f-be8a-d77177d520e4 - - - - -] compute.max_disk_devices_to_attach = -1 log_opt_values /usr/lib/python3/dist-packages/oslo_config/cfg.py:2609
2025-01-20 00:36:16.010 157209 DEBUG oslo_service.service [req-0d388e4f-8a5b-449f-be8a-d77177d520e4 - - - - -] compute.packing_host_numa_cells_allocation_strategy = True log_opt_values /usr/lib/python3/dist-packages/oslo_config/cfg.py:2609
2025-01-20 00:36:16.011 157209 DEBUG oslo_service.service [req-0d388e4f-8a5b-449f-be8a-d77177d520e4 - - - - -] compute.provider_config_location = /etc/nova/provider_config/ log_opt_values /usr/lib/python3/dist-packages/oslo_config/cfg.py:2609
2025-01-20 00:36:16.011 157209 DEBUG oslo_service.service [req-0d388e4f-8a5b-449f-be8a-d77177d520e4 - - - - -] compute.resource_provider_association_refresh = 300 log_opt_values /usr/lib/python3/dist-packages/oslo_config/cfg.py:2609
2025-01-20 00:36:16.011 157209 DEBUG oslo_service.service [req-0d388e4f-8a5b-449f-be8a-d77177d520e4 - - - - -] compute.shutdown_retry_interval = 10 log_opt_values /usr/lib/python3/dist-packages/oslo_config/cfg.py:2609
2025-01-20 00:36:16.011 157209 DEBUG oslo_service.service [req-0d388e4f-8a5b-449f-be8a-d77177d520e4 - - - - -] compute.vmdk_allowed_types = ['streamOptimized', 'monolithicSparse'] log_opt_values /usr/lib/python3/dist-packages/oslo_config/cfg.py:2609
2025-01-20 00:36:16.012 157209 DEBUG oslo_service.service [req-0d388e4f-8a5b-449f-be8a-d77177d520e4 - - - - -] conductor.workers = 4 log_opt_values /usr/lib/python3/dist-packages/oslo_config/cfg.py:2609
2025-01-20 00:36:16.012 157209 DEBUG oslo_service.service [req-0d388e4f-8a5b-449f-be8a-d77177d520e4 - - - - -] console.allowed_origins = [] log_opt_values /usr/lib/python3/dist-packages/oslo_config/cfg.py:2609
2025-01-20 00:36:16.012 157209 DEBUG oslo_service.service [req-0d388e4f-8a5b-449f-be8a-d77177d520e4 - - - - -] console.ssl_ciphers = None log_opt_values /usr/lib/python3/dist-packages/oslo_config/cfg.py:2609
2025-01-20 00:36:16.012 157209 DEBUG oslo_service.service [req-0d388e4f-8a5b-449f-be8a-d77177d520e4 - - - - -] console.ssl_minimum_version = default log_opt_values /usr/lib/python3/dist-packages/oslo_config/cfg.py:2609
2025-01-20 00:36:16.013 157209 DEBUG oslo_service.service [req-0d388e4f-8a5b-449f-be8a-d77177d520e4 - - - - -] consoleauth.token_ttl = 600 log_opt_values /usr/lib/python3/dist-packages/oslo_config/cfg.py:2609
2025-01-20 00:36:16.013 157209 DEBUG oslo_service.service [req-0d388e4f-8a5b-449f-be8a-d77177d520e4 - - - - -] cyborg.cafile = None log_opt_values /usr/lib/python3/dist-packages/oslo_config/cfg.py:2609
2025-01-20 00:36:16.013 157209 DEBUG oslo_service.service [req-0d388e4f-8a5b-449f-be8a-d77177d520e4 - - - - -] cyborg.certfile = None log_opt_values /usr/lib/python3/dist-packages/oslo_config/cfg.py:2609
2025-01-20 00:36:16.013 157209 DEBUG oslo_service.service [req-0d388e4f-8a5b-449f-be8a-d77177d520e4 - - - - -] cyborg.collect_timing = False log_opt_values /usr/lib/python3/dist-packages/oslo_config/cfg.py:2609
2025-01-20 00:36:16.013 157209 DEBUG oslo_service.service [req-0d388e4f-8a5b-449f-be8a-d77177d520e4 - - - - -] cyborg.connect_retries = None log_opt_values /usr/lib/python3/dist-packages/oslo_config/cfg.py:2609
2025-01-20 00:36:16.014 157209 DEBUG oslo_service.service [req-0d388e4f-8a5b-449f-be8a-d77177d520e4 - - - - -] cyborg.connect_retry_delay = None log_opt_values /usr/lib/python3/dist-packages/oslo_config/cfg.py:2609
2025-01-20 00:36:16.014 157209 DEBUG oslo_service.service [req-0d388e4f-8a5b-449f-be8a-d77177d520e4 - - - - -] cyborg.endpoint_override = None log_opt_values /usr/lib/python3/dist-packages/oslo_config/cfg.py:2609
2025-01-20 00:36:16.014 157209 DEBUG oslo_service.service [req-0d388e4f-8a5b-449f-be8a-d77177d520e4 - - - - -] cyborg.insecure = False log_opt_values /usr/lib/python3/dist-packages/oslo_config/cfg.py:2609
2025-01-20 00:36:16.014 157209 DEBUG oslo_service.service [req-0d388e4f-8a5b-449f-be8a-d77177d520e4 - - - - -] cyborg.keyfile = None log_opt_values /usr/lib/python3/dist-packages/oslo_config/cfg.py:2609
2025-01-20 00:36:16.014 157209 DEBUG oslo_service.service [req-0d388e4f-8a5b-449f-be8a-d77177d520e4 - - - - -] cyborg.max_version = None log_opt_values /usr/lib/python3/dist-packages/oslo_config/cfg.py:2609
2025-01-20 00:36:16.015 157209 DEBUG oslo_service.service [req-0d388e4f-8a5b-449f-be8a-d77177d520e4 - - - - -] cyborg.min_version = None log_opt_values /usr/lib/python3/dist-packages/oslo_config/cfg.py:2609
2025-01-20 00:36:16.012 157601 DEBUG nova.service [req-83b48ff2-eb53-4664-8e37-c528e91690d4 - - - - -] Join ServiceGroup membership for this service conductor start /usr/lib/python3/dist-packages/nova/service.py:199
2025-01-20 00:36:16.015 157209 DEBUG oslo_service.service [req-0d388e4f-8a5b-449f-be8a-d77177d520e4 - - - - -] cyborg.region_name = None log_opt_values /usr/lib/python3/dist-packages/oslo_config/cfg.py:2609
2025-01-20 00:36:16.015 157209 DEBUG oslo_service.service [req-0d388e4f-8a5b-449f-be8a-d77177d520e4 - - - - -] cyborg.service_name = None log_opt_values /usr/lib/python3/dist-packages/oslo_config/cfg.py:2609
2025-01-20 00:36:16.015 157209 DEBUG oslo_service.service [req-0d388e4f-8a5b-449f-be8a-d77177d520e4 - - - - -] cyborg.service_type = accelerator log_opt_values /usr/lib/python3/dist-packages/oslo_config/cfg.py:2609
2025-01-20 00:36:16.016 157209 DEBUG oslo_service.service [req-0d388e4f-8a5b-449f-be8a-d77177d520e4 - - - - -] cyborg.split_loggers = False log_opt_values /usr/lib/python3/dist-packages/oslo_config/cfg.py:2609
2025-01-20 00:36:16.016 157209 DEBUG oslo_service.service [req-0d388e4f-8a5b-449f-be8a-d77177d520e4 - - - - -] cyborg.status_code_retries = None log_opt_values /usr/lib/python3/dist-packages/oslo_config/cfg.py:2609
2025-01-20 00:36:16.016 157209 DEBUG oslo_service.service [req-0d388e4f-8a5b-449f-be8a-d77177d520e4 - - - - -] cyborg.status_code_retry_delay = None log_opt_values /usr/lib/python3/dist-packages/oslo_config/cfg.py:2609
2025-01-20 00:36:16.016 157209 DEBUG oslo_service.service [req-0d388e4f-8a5b-449f-be8a-d77177d520e4 - - - - -] cyborg.timeout = None log_opt_values /usr/lib/python3/dist-packages/oslo_config/cfg.py:2609
2025-01-20 00:36:16.016 157209 DEBUG oslo_service.service [req-0d388e4f-8a5b-449f-be8a-d77177d520e4 - - - - -] cyborg.valid_interfaces = ['internal', 'public'] log_opt_values /usr/lib/python3/dist-packages/oslo_config/cfg.py:2609
2025-01-20 00:36:16.017 157209 DEBUG oslo_service.service [req-0d388e4f-8a5b-449f-be8a-d77177d520e4 - - - - -] cyborg.version = None log_opt_values /usr/lib/python3/dist-packages/oslo_config/cfg.py:2609
2025-01-20 00:36:16.017 157209 DEBUG oslo_service.service [req-0d388e4f-8a5b-449f-be8a-d77177d520e4 - - - - -] database.backend = sqlalchemy log_opt_values /usr/lib/python3/dist-packages/oslo_config/cfg.py:2609
2025-01-20 00:36:16.017 157209 DEBUG oslo_service.service [req-0d388e4f-8a5b-449f-be8a-d77177d520e4 - - - - -] database.connection = **** log_opt_values /usr/lib/python3/dist-packages/oslo_config/cfg.py:2609
2025-01-20 00:36:16.017 157209 DEBUG oslo_service.service [req-0d388e4f-8a5b-449f-be8a-d77177d520e4 - - - - -] database.connection_debug = 0 log_opt_values /usr/lib/python3/dist-packages/oslo_config/cfg.py:2609
2025-01-20 00:36:16.018 157209 DEBUG oslo_service.service [req-0d388e4f-8a5b-449f-be8a-d77177d520e4 - - - - -] database.connection_parameters = log_opt_values /usr/lib/python3/dist-packages/oslo_config/cfg.py:2609
2025-01-20 00:36:16.014 157604 DEBUG nova.service [req-5429721a-8aaf-4086-8032-c38421987e9f - - - - -] Join ServiceGroup membership for this service conductor start /usr/lib/python3/dist-packages/nova/service.py:199
2025-01-20 00:36:16.018 157209 DEBUG oslo_service.service [req-0d388e4f-8a5b-449f-be8a-d77177d520e4 - - - - -] database.connection_recycle_time = 3600 log_opt_values /usr/lib/python3/dist-packages/oslo_config/cfg.py:2609
2025-01-20 00:36:16.018 157209 DEBUG oslo_service.service [req-0d388e4f-8a5b-449f-be8a-d77177d520e4 - - - - -] database.connection_trace = False log_opt_values /usr/lib/python3/dist-packages/oslo_config/cfg.py:2609
2025-01-20 00:36:16.018 157604 DEBUG nova.servicegroup.drivers.db [req-5429721a-8aaf-4086-8032-c38421987e9f - - - - -] DB_Driver: join new ServiceGroup member juju-4ab124-0-lxd-7 to the conductor group, service = join /usr/lib/python3/dist-packages/nova/servicegroup/drivers/db.py:44
2025-01-20 00:36:16.018 157209 DEBUG oslo_service.service [req-0d388e4f-8a5b-449f-be8a-d77177d520e4 - - - - -] database.db_inc_retry_interval = True log_opt_values /usr/lib/python3/dist-packages/oslo_config/cfg.py:2609
2025-01-20 00:36:16.019 157209 DEBUG oslo_service.service [req-0d388e4f-8a5b-449f-be8a-d77177d520e4 - - - - -] database.db_max_retries = 20 log_opt_values /usr/lib/python3/dist-packages/oslo_config/cfg.py:2609
2025-01-20 00:36:16.019 157209 DEBUG oslo_service.service [req-0d388e4f-8a5b-449f-be8a-d77177d520e4 - - - - -] database.db_max_retry_interval = 10 log_opt_values /usr/lib/python3/dist-packages/oslo_config/cfg.py:2609
2025-01-20 00:36:16.019 157603 DEBUG oslo_messaging._drivers.amqpdriver [-] Listener is running poll /usr/lib/python3/dist-packages/oslo_messaging/_drivers/amqpdriver.py:343
2025-01-20 00:36:16.019 157209 DEBUG oslo_service.service [req-0d388e4f-8a5b-449f-be8a-d77177d520e4 - - - - -] database.db_retry_interval = 1 log_opt_values /usr/lib/python3/dist-packages/oslo_config/cfg.py:2609
2025-01-20 00:36:16.017 157601 DEBUG nova.servicegroup.drivers.db [req-83b48ff2-eb53-4664-8e37-c528e91690d4 - - - - -] DB_Driver: join new ServiceGroup member juju-4ab124-0-lxd-7 to the conductor group, service = join /usr/lib/python3/dist-packages/nova/servicegroup/drivers/db.py:44
2025-01-20 00:36:16.019 157603 DEBUG oslo_messaging._drivers.amqpdriver [-] AMQPListener connection consume poll /usr/lib/python3/dist-packages/oslo_messaging/_drivers/amqpdriver.py:357
2025-01-20 00:36:16.019 157209 DEBUG oslo_service.service [req-0d388e4f-8a5b-449f-be8a-d77177d520e4 - - - - -] database.max_overflow = 50 log_opt_values /usr/lib/python3/dist-packages/oslo_config/cfg.py:2609
2025-01-20 00:36:16.019 157209 DEBUG oslo_service.service [req-0d388e4f-8a5b-449f-be8a-d77177d520e4 - - - - -] database.max_pool_size = 4 log_opt_values /usr/lib/python3/dist-packages/oslo_config/cfg.py:2609
2025-01-20 00:36:16.020 157209 DEBUG oslo_service.service [req-0d388e4f-8a5b-449f-be8a-d77177d520e4 - - - - -] database.max_retries = 10 log_opt_values /usr/lib/python3/dist-packages/oslo_config/cfg.py:2609
2025-01-20 00:36:16.020 157209 DEBUG oslo_service.service [req-0d388e4f-8a5b-449f-be8a-d77177d520e4 - - - - -] database.mysql_enable_ndb = False log_opt_values /usr/lib/python3/dist-packages/oslo_config/cfg.py:2609
2025-01-20 00:36:16.020 157601 DEBUG oslo_messaging._drivers.amqpdriver [-] AMQPListener connection timeout poll /usr/lib/python3/dist-packages/oslo_messaging/_drivers/amqpdriver.py:360
2025-01-20 00:36:16.020 157209 DEBUG oslo_service.service [req-0d388e4f-8a5b-449f-be8a-d77177d520e4 - - - - -] database.mysql_sql_mode = TRADITIONAL log_opt_values /usr/lib/python3/dist-packages/oslo_config/cfg.py:2609
2025-01-20 00:36:16.020 157601 DEBUG oslo_messaging._drivers.amqpdriver [-] Listener is running poll /usr/lib/python3/dist-packages/oslo_messaging/_drivers/amqpdriver.py:343
2025-01-20 00:36:16.020 157603 DEBUG nova.service [req-0da5ab0f-ec3b-4048-beb0-58d3f2047da9 - - - - -] Join ServiceGroup membership for this service conductor start /usr/lib/python3/dist-packages/nova/service.py:199
2025-01-20 00:36:16.020 157209 DEBUG oslo_service.service [req-0d388e4f-8a5b-449f-be8a-d77177d520e4 - - - - -] database.pool_timeout = None log_opt_values /usr/lib/python3/dist-packages/oslo_config/cfg.py:2609
2025-01-20 00:36:16.020 157601 DEBUG oslo_messaging._drivers.amqpdriver [-] AMQPListener connection consume poll /usr/lib/python3/dist-packages/oslo_messaging/_drivers/amqpdriver.py:357
2025-01-20 00:36:16.020 157209 DEBUG oslo_service.service [req-0d388e4f-8a5b-449f-be8a-d77177d520e4 - - - - -] database.retry_interval = 10 log_opt_values /usr/lib/python3/dist-packages/oslo_config/cfg.py:2609
2025-01-20 00:36:16.020 157603 DEBUG nova.servicegroup.drivers.db [req-0da5ab0f-ec3b-4048-beb0-58d3f2047da9 - - - - -] DB_Driver: join new ServiceGroup member juju-4ab124-0-lxd-7 to the conductor group, service = join /usr/lib/python3/dist-packages/nova/servicegroup/drivers/db.py:44
2025-01-20 00:36:16.020 157209 DEBUG oslo_service.service [req-0d388e4f-8a5b-449f-be8a-d77177d520e4 - - - - -] database.slave_connection = **** log_opt_values /usr/lib/python3/dist-packages/oslo_config/cfg.py:2609
2025-01-20 00:36:16.021 157209 DEBUG oslo_service.service [req-0d388e4f-8a5b-449f-be8a-d77177d520e4 - - - - -] database.sqlite_synchronous = True log_opt_values /usr/lib/python3/dist-packages/oslo_config/cfg.py:2609
2025-01-20 00:36:16.021 157209 DEBUG oslo_service.service [req-0d388e4f-8a5b-449f-be8a-d77177d520e4 - - - - -] database.use_db_reconnect = False log_opt_values /usr/lib/python3/dist-packages/oslo_config/cfg.py:2609
2025-01-20 00:36:16.021 157209 DEBUG oslo_service.service [req-0d388e4f-8a5b-449f-be8a-d77177d520e4 - - - - -] api_database.backend = sqlalchemy log_opt_values /usr/lib/python3/dist-packages/oslo_config/cfg.py:2609
2025-01-20 00:36:16.021 157209 DEBUG oslo_service.service [req-0d388e4f-8a5b-449f-be8a-d77177d520e4 - - - - -] api_database.connection = **** log_opt_values /usr/lib/python3/dist-packages/oslo_config/cfg.py:2609
2025-01-20 00:36:16.021 157209 DEBUG oslo_service.service [req-0d388e4f-8a5b-449f-be8a-d77177d520e4 - - - - -] api_database.connection_debug = 0 log_opt_values /usr/lib/python3/dist-packages/oslo_config/cfg.py:2609
2025-01-20 00:36:16.021 157604 DEBUG oslo_messaging._drivers.amqpdriver [-] AMQPListener connection timeout poll /usr/lib/python3/dist-packages/oslo_messaging/_drivers/amqpdriver.py:360
2025-01-20 00:36:16.022 157209 DEBUG oslo_service.service [req-0d388e4f-8a5b-449f-be8a-d77177d520e4 - - - - -] api_database.connection_parameters = log_opt_values /usr/lib/python3/dist-packages/oslo_config/cfg.py:2609
2025-01-20 00:36:16.022 157604 DEBUG oslo_messaging._drivers.amqpdriver [-] Listener is running poll /usr/lib/python3/dist-packages/oslo_messaging/_drivers/amqpdriver.py:343
2025-01-20 00:36:16.022 157209 DEBUG oslo_service.service [req-0d388e4f-8a5b-449f-be8a-d77177d520e4 - - - - -] api_database.connection_recycle_time = 3600 log_opt_values /usr/lib/python3/dist-packages/oslo_config/cfg.py:2609
2025-01-20 00:36:16.022 157604 DEBUG oslo_messaging._drivers.amqpdriver [-] AMQPListener connection consume poll /usr/lib/python3/dist-packages/oslo_messaging/_drivers/amqpdriver.py:357
2025-01-20 00:36:16.022 157209 DEBUG oslo_service.service [req-0d388e4f-8a5b-449f-be8a-d77177d520e4 - - - - -] api_database.connection_trace = False log_opt_values /usr/lib/python3/dist-packages/oslo_config/cfg.py:2609
2025-01-20 00:36:16.022 157209 DEBUG oslo_service.service [req-0d388e4f-8a5b-449f-be8a-d77177d520e4 - - - - -] api_database.db_inc_retry_interval = True log_opt_values /usr/lib/python3/dist-packages/oslo_config/cfg.py:2609
2025-01-20 00:36:16.022 157209 DEBUG oslo_service.service [req-0d388e4f-8a5b-449f-be8a-d77177d520e4 - - - - -] api_database.db_max_retries = 20 log_opt_values /usr/lib/python3/dist-packages/oslo_config/cfg.py:2609
2025-01-20 00:36:16.023 157209 DEBUG oslo_service.service [req-0d388e4f-8a5b-449f-be8a-d77177d520e4 - - - - -] api_database.db_max_retry_interval = 10 log_opt_values /usr/lib/python3/dist-packages/oslo_config/cfg.py:2609
2025-01-20 00:36:16.023 157209 DEBUG oslo_service.service [req-0d388e4f-8a5b-449f-be8a-d77177d520e4 - - - - -] api_database.db_retry_interval = 1 log_opt_values /usr/lib/python3/dist-packages/oslo_config/cfg.py:2609
2025-01-20 00:36:16.023 157209 DEBUG oslo_service.service [req-0d388e4f-8a5b-449f-be8a-d77177d520e4 - - - - -] api_database.max_overflow = 50 log_opt_values /usr/lib/python3/dist-packages/oslo_config/cfg.py:2609
2025-01-20 00:36:16.023 157209 DEBUG oslo_service.service [req-0d388e4f-8a5b-449f-be8a-d77177d520e4 - - - - -] api_database.max_pool_size = 4 log_opt_values /usr/lib/python3/dist-packages/oslo_config/cfg.py:2609
2025-01-20 00:36:16.023 157603 DEBUG oslo_messaging._drivers.amqpdriver [-] AMQPListener connection timeout poll /usr/lib/python3/dist-packages/oslo_messaging/_drivers/amqpdriver.py:360
2025-01-20 00:36:16.023 157209 DEBUG oslo_service.service [req-0d388e4f-8a5b-449f-be8a-d77177d520e4 - - - - -] api_database.max_retries = 10 log_opt_values /usr/lib/python3/dist-packages/oslo_config/cfg.py:2609
2025-01-20 00:36:16.023 157603 DEBUG oslo_messaging._drivers.amqpdriver [-] Listener is running poll /usr/lib/python3/dist-packages/oslo_messaging/_drivers/amqpdriver.py:343
2025-01-20 00:36:16.024 157603 DEBUG oslo_messaging._drivers.amqpdriver [-] AMQPListener connection consume poll /usr/lib/python3/dist-packages/oslo_messaging/_drivers/amqpdriver.py:357
2025-01-20 00:36:16.024 157209 DEBUG oslo_service.service [req-0d388e4f-8a5b-449f-be8a-d77177d520e4 - - - - -] api_database.mysql_enable_ndb = False log_opt_values /usr/lib/python3/dist-packages/oslo_config/cfg.py:2609
2025-01-20 00:36:16.024 157209 DEBUG oslo_service.service [req-0d388e4f-8a5b-449f-be8a-d77177d520e4 - - - - -] api_database.mysql_sql_mode = TRADITIONAL log_opt_values /usr/lib/python3/dist-packages/oslo_config/cfg.py:2609
2025-01-20 00:36:16.024 157209 DEBUG oslo_service.service [req-0d388e4f-8a5b-449f-be8a-d77177d520e4 - - - - -] api_database.pool_timeout = None log_opt_values /usr/lib/python3/dist-packages/oslo_config/cfg.py:2609
2025-01-20 00:36:16.024 157209 DEBUG oslo_service.service [req-0d388e4f-8a5b-449f-be8a-d77177d520e4 - - - - -] api_database.retry_interval = 10 log_opt_values /usr/lib/python3/dist-packages/oslo_config/cfg.py:2609
2025-01-20 00:36:16.024 157209 DEBUG oslo_service.service [req-0d388e4f-8a5b-449f-be8a-d77177d520e4 - - - - -] api_database.slave_connection = **** log_opt_values /usr/lib/python3/dist-packages/oslo_config/cfg.py:2609
2025-01-20 00:36:16.024 157209 DEBUG oslo_service.service [req-0d388e4f-8a5b-449f-be8a-d77177d520e4 - - - - -] api_database.sqlite_synchronous = True log_opt_values /usr/lib/python3/dist-packages/oslo_config/cfg.py:2609
2025-01-20 00:36:16.025 157209 DEBUG oslo_service.service [req-0d388e4f-8a5b-449f-be8a-d77177d520e4 - - - - -] devices.enabled_mdev_types = [] log_opt_values /usr/lib/python3/dist-packages/oslo_config/cfg.py:2609
2025-01-20 00:36:16.025 157209 DEBUG oslo_service.service [req-0d388e4f-8a5b-449f-be8a-d77177d520e4 - - - - -] ephemeral_storage_encryption.cipher = aes-xts-plain64 log_opt_values /usr/lib/python3/dist-packages/oslo_config/cfg.py:2609
2025-01-20 00:36:16.025 157209 DEBUG oslo_service.service [req-0d388e4f-8a5b-449f-be8a-d77177d520e4 - - - - -] ephemeral_storage_encryption.enabled = False log_opt_values /usr/lib/python3/dist-packages/oslo_config/cfg.py:2609
2025-01-20 00:36:16.027 157209 DEBUG oslo_service.service [req-0d388e4f-8a5b-449f-be8a-d77177d520e4 - - - - -] ephemeral_storage_encryption.key_size = 512 log_opt_values /usr/lib/python3/dist-packages/oslo_config/cfg.py:2609
2025-01-20 00:36:16.028 157209 WARNING oslo_config.cfg [req-0d388e4f-8a5b-449f-be8a-d77177d520e4 - - - - -] Deprecated: Option "api_servers" from group "glance" is deprecated for removal ( Support for image service configuration via standard keystoneauth1 Adapter options was added in the 17.0.0 Queens release. The api_servers option was retained temporarily to allow consumers time to cut over to a real load balancing solution. ). Its value may be silently ignored in the future.
2025-01-20 00:36:16.028 157209 DEBUG oslo_service.service [req-0d388e4f-8a5b-449f-be8a-d77177d520e4 - - - - -] glance.api_servers = ['http://252.37.54.123:9292'] log_opt_values /usr/lib/python3/dist-packages/oslo_config/cfg.py:2609
2025-01-20 00:36:16.028 157209 DEBUG oslo_service.service [req-0d388e4f-8a5b-449f-be8a-d77177d520e4 - - - - -] glance.cafile = None log_opt_values /usr/lib/python3/dist-packages/oslo_config/cfg.py:2609
2025-01-20 00:36:16.029 157209 DEBUG oslo_service.service [req-0d388e4f-8a5b-449f-be8a-d77177d520e4 - - - - -] glance.certfile = None log_opt_values /usr/lib/python3/dist-packages/oslo_config/cfg.py:2609
2025-01-20 00:36:16.029 157209 DEBUG oslo_service.service [req-0d388e4f-8a5b-449f-be8a-d77177d520e4 - - - - -] glance.collect_timing = False log_opt_values /usr/lib/python3/dist-packages/oslo_config/cfg.py:2609
2025-01-20 00:36:16.030 157209 DEBUG oslo_service.service [req-0d388e4f-8a5b-449f-be8a-d77177d520e4 - - - - -] glance.connect_retries = None log_opt_values /usr/lib/python3/dist-packages/oslo_config/cfg.py:2609
2025-01-20 00:36:16.030 157209 DEBUG oslo_service.service [req-0d388e4f-8a5b-449f-be8a-d77177d520e4 - - - - -] glance.connect_retry_delay = None log_opt_values /usr/lib/python3/dist-packages/oslo_config/cfg.py:2609
2025-01-20 00:36:16.030 157209 DEBUG oslo_service.service [req-0d388e4f-8a5b-449f-be8a-d77177d520e4 - - - - -] glance.debug = False log_opt_values /usr/lib/python3/dist-packages/oslo_config/cfg.py:2609
2025-01-20 00:36:16.030 157209 DEBUG oslo_service.service [req-0d388e4f-8a5b-449f-be8a-d77177d520e4 - - - - -] glance.default_trusted_certificate_ids = [] log_opt_values /usr/lib/python3/dist-packages/oslo_config/cfg.py:2609
2025-01-20 00:36:16.031 157209 DEBUG oslo_service.service [req-0d388e4f-8a5b-449f-be8a-d77177d520e4 - - - - -] glance.enable_certificate_validation = False log_opt_values /usr/lib/python3/dist-packages/oslo_config/cfg.py:2609
2025-01-20 00:36:16.032 157209 DEBUG oslo_service.service [req-0d388e4f-8a5b-449f-be8a-d77177d520e4 - - - - -] glance.enable_rbd_download = False log_opt_values /usr/lib/python3/dist-packages/oslo_config/cfg.py:2609
2025-01-20 00:36:16.032 157209 DEBUG oslo_service.service [req-0d388e4f-8a5b-449f-be8a-d77177d520e4 - - - - -] glance.endpoint_override = None log_opt_values /usr/lib/python3/dist-packages/oslo_config/cfg.py:2609
2025-01-20 00:36:16.033 157209 DEBUG oslo_service.service [req-0d388e4f-8a5b-449f-be8a-d77177d520e4 - - - - -] glance.insecure = False log_opt_values /usr/lib/python3/dist-packages/oslo_config/cfg.py:2609
2025-01-20 00:36:16.034 157209 DEBUG oslo_service.service [req-0d388e4f-8a5b-449f-be8a-d77177d520e4 - - - - -] glance.keyfile = None log_opt_values /usr/lib/python3/dist-packages/oslo_config/cfg.py:2609
2025-01-20 00:36:16.034 157209 DEBUG oslo_service.service [req-0d388e4f-8a5b-449f-be8a-d77177d520e4 - - - - -] glance.max_version = None log_opt_values /usr/lib/python3/dist-packages/oslo_config/cfg.py:2609
2025-01-20 00:36:16.034 157209 DEBUG oslo_service.service [req-0d388e4f-8a5b-449f-be8a-d77177d520e4 - - - - -] glance.min_version = None log_opt_values /usr/lib/python3/dist-packages/oslo_config/cfg.py:2609
2025-01-20 00:36:16.034 157209 DEBUG oslo_service.service [req-0d388e4f-8a5b-449f-be8a-d77177d520e4 - - - - -] glance.num_retries = 3 log_opt_values /usr/lib/python3/dist-packages/oslo_config/cfg.py:2609
2025-01-20 00:36:16.035 157209 DEBUG oslo_service.service [req-0d388e4f-8a5b-449f-be8a-d77177d520e4 - - - - -] glance.rbd_ceph_conf = log_opt_values /usr/lib/python3/dist-packages/oslo_config/cfg.py:2609
2025-01-20 00:36:16.035 157209 DEBUG oslo_service.service [req-0d388e4f-8a5b-449f-be8a-d77177d520e4 - - - - -] glance.rbd_connect_timeout = 5 log_opt_values /usr/lib/python3/dist-packages/oslo_config/cfg.py:2609
2025-01-20 00:36:16.037 157209 DEBUG oslo_service.service [req-0d388e4f-8a5b-449f-be8a-d77177d520e4 - - - - -] glance.rbd_pool = log_opt_values /usr/lib/python3/dist-packages/oslo_config/cfg.py:2609
2025-01-20 00:36:16.038 157209 DEBUG oslo_service.service [req-0d388e4f-8a5b-449f-be8a-d77177d520e4 - - - - -] glance.rbd_user = log_opt_values /usr/lib/python3/dist-packages/oslo_config/cfg.py:2609
2025-01-20 00:36:16.038 157209 DEBUG oslo_service.service [req-0d388e4f-8a5b-449f-be8a-d77177d520e4 - - - - -] glance.region_name = None log_opt_values /usr/lib/python3/dist-packages/oslo_config/cfg.py:2609
2025-01-20 00:36:16.038 157209 DEBUG oslo_service.service [req-0d388e4f-8a5b-449f-be8a-d77177d520e4 - - - - -] glance.service_name = None log_opt_values /usr/lib/python3/dist-packages/oslo_config/cfg.py:2609
2025-01-20 00:36:16.039 157209 DEBUG oslo_service.service [req-0d388e4f-8a5b-449f-be8a-d77177d520e4 - - - - -] glance.service_type = image log_opt_values /usr/lib/python3/dist-packages/oslo_config/cfg.py:2609
2025-01-20 00:36:16.039 157209 DEBUG oslo_service.service [req-0d388e4f-8a5b-449f-be8a-d77177d520e4 - - - - -] glance.split_loggers = False log_opt_values /usr/lib/python3/dist-packages/oslo_config/cfg.py:2609
2025-01-20 00:36:16.039 157209 DEBUG oslo_service.service [req-0d388e4f-8a5b-449f-be8a-d77177d520e4 - - - - -] glance.status_code_retries = None log_opt_values /usr/lib/python3/dist-packages/oslo_config/cfg.py:2609
2025-01-20 00:36:16.039 157209 DEBUG oslo_service.service [req-0d388e4f-8a5b-449f-be8a-d77177d520e4 - - - - -] glance.status_code_retry_delay = None log_opt_values /usr/lib/python3/dist-packages/oslo_config/cfg.py:2609
2025-01-20 00:36:16.040 157209 DEBUG oslo_service.service [req-0d388e4f-8a5b-449f-be8a-d77177d520e4 - - - - -] glance.timeout = None log_opt_values /usr/lib/python3/dist-packages/oslo_config/cfg.py:2609
2025-01-20 00:36:16.040 157209 DEBUG oslo_service.service [req-0d388e4f-8a5b-449f-be8a-d77177d520e4 - - - - -] glance.valid_interfaces = ['internal', 'public'] log_opt_values /usr/lib/python3/dist-packages/oslo_config/cfg.py:2609
2025-01-20 00:36:16.040 157209 DEBUG oslo_service.service [req-0d388e4f-8a5b-449f-be8a-d77177d520e4 - - - - -] glance.verify_glance_signatures = False log_opt_values /usr/lib/python3/dist-packages/oslo_config/cfg.py:2609
2025-01-20 00:36:16.041 157209 DEBUG oslo_service.service [req-0d388e4f-8a5b-449f-be8a-d77177d520e4 - - - - -] glance.version = None log_opt_values /usr/lib/python3/dist-packages/oslo_config/cfg.py:2609
2025-01-20 00:36:16.041 157209 DEBUG oslo_service.service [req-0d388e4f-8a5b-449f-be8a-d77177d520e4 - - - - -] guestfs.debug = False log_opt_values /usr/lib/python3/dist-packages/oslo_config/cfg.py:2609
2025-01-20 00:36:16.041 157209 DEBUG oslo_service.service [req-0d388e4f-8a5b-449f-be8a-d77177d520e4 - - - - -] hyperv.config_drive_cdrom = False log_opt_values /usr/lib/python3/dist-packages/oslo_config/cfg.py:2609
2025-01-20 00:36:16.041 157209 DEBUG oslo_service.service [req-0d388e4f-8a5b-449f-be8a-d77177d520e4 - - - - -] hyperv.config_drive_inject_password = False log_opt_values /usr/lib/python3/dist-packages/oslo_config/cfg.py:2609
2025-01-20 00:36:16.042 157209 DEBUG oslo_service.service [req-0d388e4f-8a5b-449f-be8a-d77177d520e4 - - - - -] hyperv.dynamic_memory_ratio = 1.0 log_opt_values /usr/lib/python3/dist-packages/oslo_config/cfg.py:2609
2025-01-20 00:36:16.042 157209 DEBUG oslo_service.service [req-0d388e4f-8a5b-449f-be8a-d77177d520e4 - - - - -] hyperv.enable_instance_metrics_collection = False log_opt_values /usr/lib/python3/dist-packages/oslo_config/cfg.py:2609
2025-01-20 00:36:16.042 157209 DEBUG oslo_service.service [req-0d388e4f-8a5b-449f-be8a-d77177d520e4 - - - - -] hyperv.enable_remotefx = False log_opt_values /usr/lib/python3/dist-packages/oslo_config/cfg.py:2609
2025-01-20 00:36:16.043 157209 DEBUG oslo_service.service [req-0d388e4f-8a5b-449f-be8a-d77177d520e4 - - - - -] hyperv.instances_path_share = log_opt_values /usr/lib/python3/dist-packages/oslo_config/cfg.py:2609
2025-01-20 00:36:16.043 157209 DEBUG oslo_service.service [req-0d388e4f-8a5b-449f-be8a-d77177d520e4 - - - - -] hyperv.iscsi_initiator_list = [] log_opt_values /usr/lib/python3/dist-packages/oslo_config/cfg.py:2609
2025-01-20 00:36:16.044 157209 DEBUG oslo_service.service [req-0d388e4f-8a5b-449f-be8a-d77177d520e4 - - - - -] hyperv.limit_cpu_features = False log_opt_values /usr/lib/python3/dist-packages/oslo_config/cfg.py:2609
2025-01-20 00:36:16.044 157209 DEBUG oslo_service.service [req-0d388e4f-8a5b-449f-be8a-d77177d520e4 - - - - -] hyperv.mounted_disk_query_retry_count = 10 log_opt_values /usr/lib/python3/dist-packages/oslo_config/cfg.py:2609
2025-01-20 00:36:16.044 157209 DEBUG oslo_service.service [req-0d388e4f-8a5b-449f-be8a-d77177d520e4 - - - - -] hyperv.mounted_disk_query_retry_interval = 5 log_opt_values /usr/lib/python3/dist-packages/oslo_config/cfg.py:2609
2025-01-20 00:36:16.044 157209 DEBUG oslo_service.service [req-0d388e4f-8a5b-449f-be8a-d77177d520e4 - - - - -] hyperv.power_state_check_timeframe = 60 log_opt_values /usr/lib/python3/dist-packages/oslo_config/cfg.py:2609
2025-01-20 00:36:16.045 157209 DEBUG oslo_service.service [req-0d388e4f-8a5b-449f-be8a-d77177d520e4 - - - - -] hyperv.power_state_event_polling_interval = 2 log_opt_values /usr/lib/python3/dist-packages/oslo_config/cfg.py:2609
2025-01-20 00:36:16.045 157209 DEBUG oslo_service.service [req-0d388e4f-8a5b-449f-be8a-d77177d520e4 - - - - -] hyperv.qemu_img_cmd = qemu-img.exe log_opt_values /usr/lib/python3/dist-packages/oslo_config/cfg.py:2609
2025-01-20 00:36:16.045 157209 DEBUG oslo_service.service [req-0d388e4f-8a5b-449f-be8a-d77177d520e4 - - - - -] hyperv.use_multipath_io = False log_opt_values /usr/lib/python3/dist-packages/oslo_config/cfg.py:2609
2025-01-20 00:36:16.046 157209 DEBUG oslo_service.service [req-0d388e4f-8a5b-449f-be8a-d77177d520e4 - - - - -] hyperv.volume_attach_retry_count = 10 log_opt_values /usr/lib/python3/dist-packages/oslo_config/cfg.py:2609
