2025-01-20 00:34:21.637 136511 DEBUG oslo_service.service [req-fb0ebf61-b585-4918-8dda-e36ccc72212c - - - - -] cache.enabled = False log_opt_values /usr/lib/python3/dist-packages/oslo_config/cfg.py:2609
2025-01-20 00:34:21.637 136511 DEBUG oslo_service.service [req-fb0ebf61-b585-4918-8dda-e36ccc72212c - - - - -] cache.expiration_time = 600 log_opt_values /usr/lib/python3/dist-packages/oslo_config/cfg.py:2609
2025-01-20 00:34:21.637 136511 DEBUG oslo_service.service [req-fb0ebf61-b585-4918-8dda-e36ccc72212c - - - - -] cache.memcache_dead_retry = 300 log_opt_values /usr/lib/python3/dist-packages/oslo_config/cfg.py:2609
2025-01-20 00:34:21.637 136511 DEBUG oslo_service.service [req-fb0ebf61-b585-4918-8dda-e36ccc72212c - - - - -] cache.memcache_pool_connection_get_timeout = 10 log_opt_values /usr/lib/python3/dist-packages/oslo_config/cfg.py:2609
2025-01-20 00:34:21.638 136511 DEBUG oslo_service.service [req-fb0ebf61-b585-4918-8dda-e36ccc72212c - - - - -] cache.memcache_pool_flush_on_reconnect = False log_opt_values /usr/lib/python3/dist-packages/oslo_config/cfg.py:2609
2025-01-20 00:34:21.638 136511 DEBUG oslo_service.service [req-fb0ebf61-b585-4918-8dda-e36ccc72212c - - - - -] cache.memcache_pool_maxsize = 10 log_opt_values /usr/lib/python3/dist-packages/oslo_config/cfg.py:2609
2025-01-20 00:34:21.638 136511 DEBUG oslo_service.service [req-fb0ebf61-b585-4918-8dda-e36ccc72212c - - - - -] cache.memcache_pool_unused_timeout = 60 log_opt_values /usr/lib/python3/dist-packages/oslo_config/cfg.py:2609
2025-01-20 00:34:21.638 136511 DEBUG oslo_service.service [req-fb0ebf61-b585-4918-8dda-e36ccc72212c - - - - -] cache.memcache_servers = ['localhost:11211'] log_opt_values /usr/lib/python3/dist-packages/oslo_config/cfg.py:2609
2025-01-20 00:34:21.638 136511 DEBUG oslo_service.service [req-fb0ebf61-b585-4918-8dda-e36ccc72212c - - - - -] cache.memcache_socket_timeout = 1.0 log_opt_values /usr/lib/python3/dist-packages/oslo_config/cfg.py:2609
2025-01-20 00:34:21.639 136511 DEBUG oslo_service.service [req-fb0ebf61-b585-4918-8dda-e36ccc72212c - - - - -] cache.proxies = [] log_opt_values /usr/lib/python3/dist-packages/oslo_config/cfg.py:2609
2025-01-20 00:34:21.639 136511 DEBUG oslo_service.service [req-fb0ebf61-b585-4918-8dda-e36ccc72212c - - - - -] cache.tls_allowed_ciphers = None log_opt_values /usr/lib/python3/dist-packages/oslo_config/cfg.py:2609
2025-01-20 00:34:21.639 136511 DEBUG oslo_service.service [req-fb0ebf61-b585-4918-8dda-e36ccc72212c - - - - -] cache.tls_cafile = None log_opt_values /usr/lib/python3/dist-packages/oslo_config/cfg.py:2609
2025-01-20 00:34:21.639 136511 DEBUG oslo_service.service [req-fb0ebf61-b585-4918-8dda-e36ccc72212c - - - - -] cache.tls_certfile = None log_opt_values /usr/lib/python3/dist-packages/oslo_config/cfg.py:2609
2025-01-20 00:34:21.639 136511 DEBUG oslo_service.service [req-fb0ebf61-b585-4918-8dda-e36ccc72212c - - - - -] cache.tls_enabled = False log_opt_values /usr/lib/python3/dist-packages/oslo_config/cfg.py:2609
2025-01-20 00:34:21.639 136511 DEBUG oslo_service.service [req-fb0ebf61-b585-4918-8dda-e36ccc72212c - - - - -] cache.tls_keyfile = None log_opt_values /usr/lib/python3/dist-packages/oslo_config/cfg.py:2609
2025-01-20 00:34:21.640 136511 DEBUG oslo_service.service [req-fb0ebf61-b585-4918-8dda-e36ccc72212c - - - - -] cinder.auth_section = None log_opt_values /usr/lib/python3/dist-packages/oslo_config/cfg.py:2609
2025-01-20 00:34:21.640 136511 DEBUG oslo_service.service [req-fb0ebf61-b585-4918-8dda-e36ccc72212c - - - - -] cinder.auth_type = None log_opt_values /usr/lib/python3/dist-packages/oslo_config/cfg.py:2609
2025-01-20 00:34:21.640 136511 DEBUG oslo_service.service [req-fb0ebf61-b585-4918-8dda-e36ccc72212c - - - - -] cinder.cafile = None log_opt_values /usr/lib/python3/dist-packages/oslo_config/cfg.py:2609
2025-01-20 00:34:21.640 136511 DEBUG oslo_service.service [req-fb0ebf61-b585-4918-8dda-e36ccc72212c - - - - -] cinder.catalog_info = volumev3::publicURL log_opt_values /usr/lib/python3/dist-packages/oslo_config/cfg.py:2609
2025-01-20 00:34:21.640 136511 DEBUG oslo_service.service [req-fb0ebf61-b585-4918-8dda-e36ccc72212c - - - - -] cinder.certfile = None log_opt_values /usr/lib/python3/dist-packages/oslo_config/cfg.py:2609
2025-01-20 00:34:21.641 136511 DEBUG oslo_service.service [req-fb0ebf61-b585-4918-8dda-e36ccc72212c - - - - -] cinder.collect_timing = False log_opt_values /usr/lib/python3/dist-packages/oslo_config/cfg.py:2609
2025-01-20 00:34:21.641 136511 DEBUG oslo_service.service [req-fb0ebf61-b585-4918-8dda-e36ccc72212c - - - - -] cinder.cross_az_attach = True log_opt_values /usr/lib/python3/dist-packages/oslo_config/cfg.py:2609
2025-01-20 00:34:21.641 136511 DEBUG oslo_service.service [req-fb0ebf61-b585-4918-8dda-e36ccc72212c - - - - -] cinder.debug = False log_opt_values /usr/lib/python3/dist-packages/oslo_config/cfg.py:2609
2025-01-20 00:34:21.641 136511 DEBUG oslo_service.service [req-fb0ebf61-b585-4918-8dda-e36ccc72212c - - - - -] cinder.endpoint_template = None log_opt_values /usr/lib/python3/dist-packages/oslo_config/cfg.py:2609
2025-01-20 00:34:21.641 136511 DEBUG oslo_service.service [req-fb0ebf61-b585-4918-8dda-e36ccc72212c - - - - -] cinder.http_retries = 3 log_opt_values /usr/lib/python3/dist-packages/oslo_config/cfg.py:2609
2025-01-20 00:34:21.641 137962 DEBUG nova.service [req-c97f1e14-05d0-4e4e-a89f-cee10b45a6f3 - - - - -] Creating RPC server for service conductor start /usr/lib/python3/dist-packages/nova/service.py:182
2025-01-20 00:34:21.642 136511 DEBUG oslo_service.service [req-fb0ebf61-b585-4918-8dda-e36ccc72212c - - - - -] cinder.insecure = False log_opt_values /usr/lib/python3/dist-packages/oslo_config/cfg.py:2609
2025-01-20 00:34:21.642 136511 DEBUG oslo_service.service [req-fb0ebf61-b585-4918-8dda-e36ccc72212c - - - - -] cinder.keyfile = None log_opt_values /usr/lib/python3/dist-packages/oslo_config/cfg.py:2609
2025-01-20 00:34:21.642 137963 DEBUG nova.service [req-a0d5990c-09f7-4388-9236-96a28182f311 - - - - -] Creating RPC server for service conductor start /usr/lib/python3/dist-packages/nova/service.py:182
2025-01-20 00:34:21.642 136511 DEBUG oslo_service.service [req-fb0ebf61-b585-4918-8dda-e36ccc72212c - - - - -] cinder.os_region_name = None log_opt_values /usr/lib/python3/dist-packages/oslo_config/cfg.py:2609
2025-01-20 00:34:21.642 136511 DEBUG oslo_service.service [req-fb0ebf61-b585-4918-8dda-e36ccc72212c - - - - -] cinder.split_loggers = False log_opt_values /usr/lib/python3/dist-packages/oslo_config/cfg.py:2609
2025-01-20 00:34:21.642 136511 DEBUG oslo_service.service [req-fb0ebf61-b585-4918-8dda-e36ccc72212c - - - - -] cinder.timeout = None log_opt_values /usr/lib/python3/dist-packages/oslo_config/cfg.py:2609
2025-01-20 00:34:21.643 136511 DEBUG oslo_service.service [req-fb0ebf61-b585-4918-8dda-e36ccc72212c - - - - -] compute.consecutive_build_service_disable_threshold = 10 log_opt_values /usr/lib/python3/dist-packages/oslo_config/cfg.py:2609
2025-01-20 00:34:21.643 136511 DEBUG oslo_service.service [req-fb0ebf61-b585-4918-8dda-e36ccc72212c - - - - -] compute.cpu_dedicated_set = None log_opt_values /usr/lib/python3/dist-packages/oslo_config/cfg.py:2609
2025-01-20 00:34:21.643 136511 DEBUG oslo_service.service [req-fb0ebf61-b585-4918-8dda-e36ccc72212c - - - - -] compute.cpu_shared_set = None log_opt_values /usr/lib/python3/dist-packages/oslo_config/cfg.py:2609
2025-01-20 00:34:21.643 136511 DEBUG oslo_service.service [req-fb0ebf61-b585-4918-8dda-e36ccc72212c - - - - -] compute.image_type_exclude_list = [] log_opt_values /usr/lib/python3/dist-packages/oslo_config/cfg.py:2609
2025-01-20 00:34:21.644 136511 DEBUG oslo_service.service [req-fb0ebf61-b585-4918-8dda-e36ccc72212c - - - - -] compute.live_migration_wait_for_vif_plug = True log_opt_values /usr/lib/python3/dist-packages/oslo_config/cfg.py:2609
2025-01-20 00:34:21.644 136511 DEBUG oslo_service.service [req-fb0ebf61-b585-4918-8dda-e36ccc72212c - - - - -] compute.max_concurrent_disk_ops = 0 log_opt_values /usr/lib/python3/dist-packages/oslo_config/cfg.py:2609
2025-01-20 00:34:21.644 136511 DEBUG oslo_service.service [req-fb0ebf61-b585-4918-8dda-e36ccc72212c - - - - -] compute.max_disk_devices_to_attach = -1 log_opt_values /usr/lib/python3/dist-packages/oslo_config/cfg.py:2609
2025-01-20 00:34:21.644 136511 DEBUG oslo_service.service [req-fb0ebf61-b585-4918-8dda-e36ccc72212c - - - - -] compute.packing_host_numa_cells_allocation_strategy = True log_opt_values /usr/lib/python3/dist-packages/oslo_config/cfg.py:2609
2025-01-20 00:34:21.644 136511 DEBUG oslo_service.service [req-fb0ebf61-b585-4918-8dda-e36ccc72212c - - - - -] compute.provider_config_location = /etc/nova/provider_config/ log_opt_values /usr/lib/python3/dist-packages/oslo_config/cfg.py:2609
2025-01-20 00:34:21.645 136511 DEBUG oslo_service.service [req-fb0ebf61-b585-4918-8dda-e36ccc72212c - - - - -] compute.resource_provider_association_refresh = 300 log_opt_values /usr/lib/python3/dist-packages/oslo_config/cfg.py:2609
2025-01-20 00:34:21.645 136511 DEBUG oslo_service.service [req-fb0ebf61-b585-4918-8dda-e36ccc72212c - - - - -] compute.shutdown_retry_interval = 10 log_opt_values /usr/lib/python3/dist-packages/oslo_config/cfg.py:2609
2025-01-20 00:34:21.645 136511 DEBUG oslo_service.service [req-fb0ebf61-b585-4918-8dda-e36ccc72212c - - - - -] compute.vmdk_allowed_types = ['streamOptimized', 'monolithicSparse'] log_opt_values /usr/lib/python3/dist-packages/oslo_config/cfg.py:2609
2025-01-20 00:34:21.645 136511 DEBUG oslo_service.service [req-fb0ebf61-b585-4918-8dda-e36ccc72212c - - - - -] conductor.workers = 4 log_opt_values /usr/lib/python3/dist-packages/oslo_config/cfg.py:2609
2025-01-20 00:34:21.645 136511 DEBUG oslo_service.service [req-fb0ebf61-b585-4918-8dda-e36ccc72212c - - - - -] console.allowed_origins = [] log_opt_values /usr/lib/python3/dist-packages/oslo_config/cfg.py:2609
2025-01-20 00:34:21.645 136511 DEBUG oslo_service.service [req-fb0ebf61-b585-4918-8dda-e36ccc72212c - - - - -] console.ssl_ciphers = None log_opt_values /usr/lib/python3/dist-packages/oslo_config/cfg.py:2609
2025-01-20 00:34:21.646 136511 DEBUG oslo_service.service [req-fb0ebf61-b585-4918-8dda-e36ccc72212c - - - - -] console.ssl_minimum_version = default log_opt_values /usr/lib/python3/dist-packages/oslo_config/cfg.py:2609
2025-01-20 00:34:21.646 136511 DEBUG oslo_service.service [req-fb0ebf61-b585-4918-8dda-e36ccc72212c - - - - -] consoleauth.token_ttl = 600 log_opt_values /usr/lib/python3/dist-packages/oslo_config/cfg.py:2609
2025-01-20 00:34:21.646 136511 DEBUG oslo_service.service [req-fb0ebf61-b585-4918-8dda-e36ccc72212c - - - - -] cyborg.cafile = None log_opt_values /usr/lib/python3/dist-packages/oslo_config/cfg.py:2609
2025-01-20 00:34:21.646 136511 DEBUG oslo_service.service [req-fb0ebf61-b585-4918-8dda-e36ccc72212c - - - - -] cyborg.certfile = None log_opt_values /usr/lib/python3/dist-packages/oslo_config/cfg.py:2609
2025-01-20 00:34:21.647 136511 DEBUG oslo_service.service [req-fb0ebf61-b585-4918-8dda-e36ccc72212c - - - - -] cyborg.collect_timing = False log_opt_values /usr/lib/python3/dist-packages/oslo_config/cfg.py:2609
2025-01-20 00:34:21.647 136511 DEBUG oslo_service.service [req-fb0ebf61-b585-4918-8dda-e36ccc72212c - - - - -] cyborg.connect_retries = None log_opt_values /usr/lib/python3/dist-packages/oslo_config/cfg.py:2609
2025-01-20 00:34:21.647 136511 DEBUG oslo_service.service [req-fb0ebf61-b585-4918-8dda-e36ccc72212c - - - - -] cyborg.connect_retry_delay = None log_opt_values /usr/lib/python3/dist-packages/oslo_config/cfg.py:2609
2025-01-20 00:34:21.647 136511 DEBUG oslo_service.service [req-fb0ebf61-b585-4918-8dda-e36ccc72212c - - - - -] cyborg.endpoint_override = None log_opt_values /usr/lib/python3/dist-packages/oslo_config/cfg.py:2609
2025-01-20 00:34:21.648 136511 DEBUG oslo_service.service [req-fb0ebf61-b585-4918-8dda-e36ccc72212c - - - - -] cyborg.insecure = False log_opt_values /usr/lib/python3/dist-packages/oslo_config/cfg.py:2609
2025-01-20 00:34:21.648 136511 DEBUG oslo_service.service [req-fb0ebf61-b585-4918-8dda-e36ccc72212c - - - - -] cyborg.keyfile = None log_opt_values /usr/lib/python3/dist-packages/oslo_config/cfg.py:2609
2025-01-20 00:34:21.648 136511 DEBUG oslo_service.service [req-fb0ebf61-b585-4918-8dda-e36ccc72212c - - - - -] cyborg.max_version = None log_opt_values /usr/lib/python3/dist-packages/oslo_config/cfg.py:2609
2025-01-20 00:34:21.648 136511 DEBUG oslo_service.service [req-fb0ebf61-b585-4918-8dda-e36ccc72212c - - - - -] cyborg.min_version = None log_opt_values /usr/lib/python3/dist-packages/oslo_config/cfg.py:2609
2025-01-20 00:34:21.648 136511 DEBUG oslo_service.service [req-fb0ebf61-b585-4918-8dda-e36ccc72212c - - - - -] cyborg.region_name = None log_opt_values /usr/lib/python3/dist-packages/oslo_config/cfg.py:2609
2025-01-20 00:34:21.649 137968 DEBUG oslo_messaging._drivers.amqpdriver [-] Listener is running poll /usr/lib/python3/dist-packages/oslo_messaging/_drivers/amqpdriver.py:343
2025-01-20 00:34:21.650 136511 DEBUG oslo_service.service [req-fb0ebf61-b585-4918-8dda-e36ccc72212c - - - - -] cyborg.service_name = None log_opt_values /usr/lib/python3/dist-packages/oslo_config/cfg.py:2609
2025-01-20 00:34:21.650 137968 DEBUG oslo_messaging._drivers.amqpdriver [-] AMQPListener connection consume poll /usr/lib/python3/dist-packages/oslo_messaging/_drivers/amqpdriver.py:357
2025-01-20 00:34:21.650 136511 DEBUG oslo_service.service [req-fb0ebf61-b585-4918-8dda-e36ccc72212c - - - - -] cyborg.service_type = accelerator log_opt_values /usr/lib/python3/dist-packages/oslo_config/cfg.py:2609
2025-01-20 00:34:21.650 136511 DEBUG oslo_service.service [req-fb0ebf61-b585-4918-8dda-e36ccc72212c - - - - -] cyborg.split_loggers = False log_opt_values /usr/lib/python3/dist-packages/oslo_config/cfg.py:2609
2025-01-20 00:34:21.650 136511 DEBUG oslo_service.service [req-fb0ebf61-b585-4918-8dda-e36ccc72212c - - - - -] cyborg.status_code_retries = None log_opt_values /usr/lib/python3/dist-packages/oslo_config/cfg.py:2609
2025-01-20 00:34:21.650 136511 DEBUG oslo_service.service [req-fb0ebf61-b585-4918-8dda-e36ccc72212c - - - - -] cyborg.status_code_retry_delay = None log_opt_values /usr/lib/python3/dist-packages/oslo_config/cfg.py:2609
2025-01-20 00:34:21.651 136511 DEBUG oslo_service.service [req-fb0ebf61-b585-4918-8dda-e36ccc72212c - - - - -] cyborg.timeout = None log_opt_values /usr/lib/python3/dist-packages/oslo_config/cfg.py:2609
2025-01-20 00:34:21.651 136511 DEBUG oslo_service.service [req-fb0ebf61-b585-4918-8dda-e36ccc72212c - - - - -] cyborg.valid_interfaces = ['internal', 'public'] log_opt_values /usr/lib/python3/dist-packages/oslo_config/cfg.py:2609
2025-01-20 00:34:21.651 136511 DEBUG oslo_service.service [req-fb0ebf61-b585-4918-8dda-e36ccc72212c - - - - -] cyborg.version = None log_opt_values /usr/lib/python3/dist-packages/oslo_config/cfg.py:2609
2025-01-20 00:34:21.651 136511 DEBUG oslo_service.service [req-fb0ebf61-b585-4918-8dda-e36ccc72212c - - - - -] database.backend = sqlalchemy log_opt_values /usr/lib/python3/dist-packages/oslo_config/cfg.py:2609
2025-01-20 00:34:21.652 136511 DEBUG oslo_service.service [req-fb0ebf61-b585-4918-8dda-e36ccc72212c - - - - -] database.connection = **** log_opt_values /usr/lib/python3/dist-packages/oslo_config/cfg.py:2609
2025-01-20 00:34:21.652 136511 DEBUG oslo_service.service [req-fb0ebf61-b585-4918-8dda-e36ccc72212c - - - - -] database.connection_debug = 0 log_opt_values /usr/lib/python3/dist-packages/oslo_config/cfg.py:2609
2025-01-20 00:34:21.652 137968 DEBUG nova.service [req-6e85f96c-e919-47ef-80ab-1f6b5e4a7100 - - - - -] Join ServiceGroup membership for this service conductor start /usr/lib/python3/dist-packages/nova/service.py:199
2025-01-20 00:34:21.652 136511 DEBUG oslo_service.service [req-fb0ebf61-b585-4918-8dda-e36ccc72212c - - - - -] database.connection_parameters = log_opt_values /usr/lib/python3/dist-packages/oslo_config/cfg.py:2609
2025-01-20 00:34:21.652 137968 DEBUG nova.servicegroup.drivers.db [req-6e85f96c-e919-47ef-80ab-1f6b5e4a7100 - - - - -] DB_Driver: join new ServiceGroup member juju-4ab124-0-lxd-7 to the conductor group, service = join /usr/lib/python3/dist-packages/nova/servicegroup/drivers/db.py:44
2025-01-20 00:34:21.652 136511 DEBUG oslo_service.service [req-fb0ebf61-b585-4918-8dda-e36ccc72212c - - - - -] database.connection_recycle_time = 3600 log_opt_values /usr/lib/python3/dist-packages/oslo_config/cfg.py:2609
2025-01-20 00:34:21.653 136511 DEBUG oslo_service.service [req-fb0ebf61-b585-4918-8dda-e36ccc72212c - - - - -] database.connection_trace = False log_opt_values /usr/lib/python3/dist-packages/oslo_config/cfg.py:2609
2025-01-20 00:34:21.654 136511 DEBUG oslo_service.service [req-fb0ebf61-b585-4918-8dda-e36ccc72212c - - - - -] database.db_inc_retry_interval = True log_opt_values /usr/lib/python3/dist-packages/oslo_config/cfg.py:2609
2025-01-20 00:34:21.654 136511 DEBUG oslo_service.service [req-fb0ebf61-b585-4918-8dda-e36ccc72212c - - - - -] database.db_max_retries = 20 log_opt_values /usr/lib/python3/dist-packages/oslo_config/cfg.py:2609
2025-01-20 00:34:21.654 136511 DEBUG oslo_service.service [req-fb0ebf61-b585-4918-8dda-e36ccc72212c - - - - -] database.db_max_retry_interval = 10 log_opt_values /usr/lib/python3/dist-packages/oslo_config/cfg.py:2609
2025-01-20 00:34:21.654 136511 DEBUG oslo_service.service [req-fb0ebf61-b585-4918-8dda-e36ccc72212c - - - - -] database.db_retry_interval = 1 log_opt_values /usr/lib/python3/dist-packages/oslo_config/cfg.py:2609
2025-01-20 00:34:21.654 137969 DEBUG oslo_messaging._drivers.amqpdriver [-] Listener is running poll /usr/lib/python3/dist-packages/oslo_messaging/_drivers/amqpdriver.py:343
2025-01-20 00:34:21.654 136511 DEBUG oslo_service.service [req-fb0ebf61-b585-4918-8dda-e36ccc72212c - - - - -] database.max_overflow = 50 log_opt_values /usr/lib/python3/dist-packages/oslo_config/cfg.py:2609
2025-01-20 00:34:21.654 137969 DEBUG oslo_messaging._drivers.amqpdriver [-] AMQPListener connection consume poll /usr/lib/python3/dist-packages/oslo_messaging/_drivers/amqpdriver.py:357
2025-01-20 00:34:21.655 136511 DEBUG oslo_service.service [req-fb0ebf61-b585-4918-8dda-e36ccc72212c - - - - -] database.max_pool_size = 4 log_opt_values /usr/lib/python3/dist-packages/oslo_config/cfg.py:2609
2025-01-20 00:34:21.655 136511 DEBUG oslo_service.service [req-fb0ebf61-b585-4918-8dda-e36ccc72212c - - - - -] database.max_retries = 10 log_opt_values /usr/lib/python3/dist-packages/oslo_config/cfg.py:2609
2025-01-20 00:34:21.655 136511 DEBUG oslo_service.service [req-fb0ebf61-b585-4918-8dda-e36ccc72212c - - - - -] database.mysql_enable_ndb = False log_opt_values /usr/lib/python3/dist-packages/oslo_config/cfg.py:2609
2025-01-20 00:34:21.655 136511 DEBUG oslo_service.service [req-fb0ebf61-b585-4918-8dda-e36ccc72212c - - - - -] database.mysql_sql_mode = TRADITIONAL log_opt_values /usr/lib/python3/dist-packages/oslo_config/cfg.py:2609
2025-01-20 00:34:21.655 136511 DEBUG oslo_service.service [req-fb0ebf61-b585-4918-8dda-e36ccc72212c - - - - -] database.pool_timeout = None log_opt_values /usr/lib/python3/dist-packages/oslo_config/cfg.py:2609
2025-01-20 00:34:21.656 136511 DEBUG oslo_service.service [req-fb0ebf61-b585-4918-8dda-e36ccc72212c - - - - -] database.retry_interval = 10 log_opt_values /usr/lib/python3/dist-packages/oslo_config/cfg.py:2609
2025-01-20 00:34:21.656 136511 DEBUG oslo_service.service [req-fb0ebf61-b585-4918-8dda-e36ccc72212c - - - - -] database.slave_connection = **** log_opt_values /usr/lib/python3/dist-packages/oslo_config/cfg.py:2609
2025-01-20 00:34:21.657 136511 DEBUG oslo_service.service [req-fb0ebf61-b585-4918-8dda-e36ccc72212c - - - - -] database.sqlite_synchronous = True log_opt_values /usr/lib/python3/dist-packages/oslo_config/cfg.py:2609
2025-01-20 00:34:21.657 136511 DEBUG oslo_service.service [req-fb0ebf61-b585-4918-8dda-e36ccc72212c - - - - -] database.use_db_reconnect = False log_opt_values /usr/lib/python3/dist-packages/oslo_config/cfg.py:2609
2025-01-20 00:34:21.656 137969 DEBUG nova.service [req-aa00d55b-77d9-4c54-bd6a-fcf736c1021e - - - - -] Join ServiceGroup membership for this service conductor start /usr/lib/python3/dist-packages/nova/service.py:199
2025-01-20 00:34:21.657 136511 DEBUG oslo_service.service [req-fb0ebf61-b585-4918-8dda-e36ccc72212c - - - - -] api_database.backend = sqlalchemy log_opt_values /usr/lib/python3/dist-packages/oslo_config/cfg.py:2609
2025-01-20 00:34:21.657 137969 DEBUG nova.servicegroup.drivers.db [req-aa00d55b-77d9-4c54-bd6a-fcf736c1021e - - - - -] DB_Driver: join new ServiceGroup member juju-4ab124-0-lxd-7 to the conductor group, service = join /usr/lib/python3/dist-packages/nova/servicegroup/drivers/db.py:44
2025-01-20 00:34:21.658 136511 DEBUG oslo_service.service [req-fb0ebf61-b585-4918-8dda-e36ccc72212c - - - - -] api_database.connection = **** log_opt_values /usr/lib/python3/dist-packages/oslo_config/cfg.py:2609
2025-01-20 00:34:21.658 137968 DEBUG oslo_messaging._drivers.amqpdriver [-] AMQPListener connection timeout poll /usr/lib/python3/dist-packages/oslo_messaging/_drivers/amqpdriver.py:360
2025-01-20 00:34:21.658 136511 DEBUG oslo_service.service [req-fb0ebf61-b585-4918-8dda-e36ccc72212c - - - - -] api_database.connection_debug = 0 log_opt_values /usr/lib/python3/dist-packages/oslo_config/cfg.py:2609
2025-01-20 00:34:21.658 137968 DEBUG oslo_messaging._drivers.amqpdriver [-] Listener is running poll /usr/lib/python3/dist-packages/oslo_messaging/_drivers/amqpdriver.py:343
2025-01-20 00:34:21.658 137968 DEBUG oslo_messaging._drivers.amqpdriver [-] AMQPListener connection consume poll /usr/lib/python3/dist-packages/oslo_messaging/_drivers/amqpdriver.py:357
2025-01-20 00:34:21.658 136511 DEBUG oslo_service.service [req-fb0ebf61-b585-4918-8dda-e36ccc72212c - - - - -] api_database.connection_parameters = log_opt_values /usr/lib/python3/dist-packages/oslo_config/cfg.py:2609
2025-01-20 00:34:21.658 136511 DEBUG oslo_service.service [req-fb0ebf61-b585-4918-8dda-e36ccc72212c - - - - -] api_database.connection_recycle_time = 3600 log_opt_values /usr/lib/python3/dist-packages/oslo_config/cfg.py:2609
2025-01-20 00:34:21.658 136511 DEBUG oslo_service.service [req-fb0ebf61-b585-4918-8dda-e36ccc72212c - - - - -] api_database.connection_trace = False log_opt_values /usr/lib/python3/dist-packages/oslo_config/cfg.py:2609
2025-01-20 00:34:21.659 136511 DEBUG oslo_service.service [req-fb0ebf61-b585-4918-8dda-e36ccc72212c - - - - -] api_database.db_inc_retry_interval = True log_opt_values /usr/lib/python3/dist-packages/oslo_config/cfg.py:2609
2025-01-20 00:34:21.659 136511 DEBUG oslo_service.service [req-fb0ebf61-b585-4918-8dda-e36ccc72212c - - - - -] api_database.db_max_retries = 20 log_opt_values /usr/lib/python3/dist-packages/oslo_config/cfg.py:2609
2025-01-20 00:34:21.659 136511 DEBUG oslo_service.service [req-fb0ebf61-b585-4918-8dda-e36ccc72212c - - - - -] api_database.db_max_retry_interval = 10 log_opt_values /usr/lib/python3/dist-packages/oslo_config/cfg.py:2609
2025-01-20 00:34:21.659 136511 DEBUG oslo_service.service [req-fb0ebf61-b585-4918-8dda-e36ccc72212c - - - - -] api_database.db_retry_interval = 1 log_opt_values /usr/lib/python3/dist-packages/oslo_config/cfg.py:2609
2025-01-20 00:34:21.659 136511 DEBUG oslo_service.service [req-fb0ebf61-b585-4918-8dda-e36ccc72212c - - - - -] api_database.max_overflow = 50 log_opt_values /usr/lib/python3/dist-packages/oslo_config/cfg.py:2609
2025-01-20 00:34:21.659 136511 DEBUG oslo_service.service [req-fb0ebf61-b585-4918-8dda-e36ccc72212c - - - - -] api_database.max_pool_size = 4 log_opt_values /usr/lib/python3/dist-packages/oslo_config/cfg.py:2609
2025-01-20 00:34:21.660 136511 DEBUG oslo_service.service [req-fb0ebf61-b585-4918-8dda-e36ccc72212c - - - - -] api_database.max_retries = 10 log_opt_values /usr/lib/python3/dist-packages/oslo_config/cfg.py:2609
2025-01-20 00:34:21.660 136511 DEBUG oslo_service.service [req-fb0ebf61-b585-4918-8dda-e36ccc72212c - - - - -] api_database.mysql_enable_ndb = False log_opt_values /usr/lib/python3/dist-packages/oslo_config/cfg.py:2609
2025-01-20 00:34:21.660 136511 DEBUG oslo_service.service [req-fb0ebf61-b585-4918-8dda-e36ccc72212c - - - - -] api_database.mysql_sql_mode = TRADITIONAL log_opt_values /usr/lib/python3/dist-packages/oslo_config/cfg.py:2609
2025-01-20 00:34:21.660 136511 DEBUG oslo_service.service [req-fb0ebf61-b585-4918-8dda-e36ccc72212c - - - - -] api_database.pool_timeout = None log_opt_values /usr/lib/python3/dist-packages/oslo_config/cfg.py:2609
2025-01-20 00:34:21.660 136511 DEBUG oslo_service.service [req-fb0ebf61-b585-4918-8dda-e36ccc72212c - - - - -] api_database.retry_interval = 10 log_opt_values /usr/lib/python3/dist-packages/oslo_config/cfg.py:2609
2025-01-20 00:34:21.660 136511 DEBUG oslo_service.service [req-fb0ebf61-b585-4918-8dda-e36ccc72212c - - - - -] api_database.slave_connection = **** log_opt_values /usr/lib/python3/dist-packages/oslo_config/cfg.py:2609
2025-01-20 00:34:21.661 136511 DEBUG oslo_service.service [req-fb0ebf61-b585-4918-8dda-e36ccc72212c - - - - -] api_database.sqlite_synchronous = True log_opt_values /usr/lib/python3/dist-packages/oslo_config/cfg.py:2609
2025-01-20 00:34:21.661 136511 DEBUG oslo_service.service [req-fb0ebf61-b585-4918-8dda-e36ccc72212c - - - - -] devices.enabled_mdev_types = [] log_opt_values /usr/lib/python3/dist-packages/oslo_config/cfg.py:2609
2025-01-20 00:34:21.661 136511 DEBUG oslo_service.service [req-fb0ebf61-b585-4918-8dda-e36ccc72212c - - - - -] ephemeral_storage_encryption.cipher = aes-xts-plain64 log_opt_values /usr/lib/python3/dist-packages/oslo_config/cfg.py:2609
2025-01-20 00:34:21.661 136511 DEBUG oslo_service.service [req-fb0ebf61-b585-4918-8dda-e36ccc72212c - - - - -] ephemeral_storage_encryption.enabled = False log_opt_values /usr/lib/python3/dist-packages/oslo_config/cfg.py:2609
2025-01-20 00:34:21.661 136511 DEBUG oslo_service.service [req-fb0ebf61-b585-4918-8dda-e36ccc72212c - - - - -] ephemeral_storage_encryption.key_size = 512 log_opt_values /usr/lib/python3/dist-packages/oslo_config/cfg.py:2609
2025-01-20 00:34:21.662 136511 WARNING oslo_config.cfg [req-fb0ebf61-b585-4918-8dda-e36ccc72212c - - - - -] Deprecated: Option "api_servers" from group "glance" is deprecated for removal ( Support for image service configuration via standard keystoneauth1 Adapter options was added in the 17.0.0 Queens release. The api_servers option was retained temporarily to allow consumers time to cut over to a real load balancing solution. ). Its value may be silently ignored in the future.
2025-01-20 00:34:21.662 136511 DEBUG oslo_service.service [req-fb0ebf61-b585-4918-8dda-e36ccc72212c - - - - -] glance.api_servers = ['http://252.37.54.123:9292'] log_opt_values /usr/lib/python3/dist-packages/oslo_config/cfg.py:2609
2025-01-20 00:34:21.662 137969 DEBUG oslo_messaging._drivers.amqpdriver [-] AMQPListener connection timeout poll /usr/lib/python3/dist-packages/oslo_messaging/_drivers/amqpdriver.py:360
2025-01-20 00:34:21.663 137969 DEBUG oslo_messaging._drivers.amqpdriver [-] Listener is running poll /usr/lib/python3/dist-packages/oslo_messaging/_drivers/amqpdriver.py:343
2025-01-20 00:34:21.663 136511 DEBUG oslo_service.service [req-fb0ebf61-b585-4918-8dda-e36ccc72212c - - - - -] glance.cafile = None log_opt_values /usr/lib/python3/dist-packages/oslo_config/cfg.py:2609
2025-01-20 00:34:21.663 137969 DEBUG oslo_messaging._drivers.amqpdriver [-] AMQPListener connection consume poll /usr/lib/python3/dist-packages/oslo_messaging/_drivers/amqpdriver.py:357
2025-01-20 00:34:21.663 136511 DEBUG oslo_service.service [req-fb0ebf61-b585-4918-8dda-e36ccc72212c - - - - -] glance.certfile = None log_opt_values /usr/lib/python3/dist-packages/oslo_config/cfg.py:2609
2025-01-20 00:34:21.663 136511 DEBUG oslo_service.service [req-fb0ebf61-b585-4918-8dda-e36ccc72212c - - - - -] glance.collect_timing = False log_opt_values /usr/lib/python3/dist-packages/oslo_config/cfg.py:2609
2025-01-20 00:34:21.663 136511 DEBUG oslo_service.service [req-fb0ebf61-b585-4918-8dda-e36ccc72212c - - - - -] glance.connect_retries = None log_opt_values /usr/lib/python3/dist-packages/oslo_config/cfg.py:2609
2025-01-20 00:34:21.663 136511 DEBUG oslo_service.service [req-fb0ebf61-b585-4918-8dda-e36ccc72212c - - - - -] glance.connect_retry_delay = None log_opt_values /usr/lib/python3/dist-packages/oslo_config/cfg.py:2609
2025-01-20 00:34:21.664 136511 DEBUG oslo_service.service [req-fb0ebf61-b585-4918-8dda-e36ccc72212c - - - - -] glance.debug = False log_opt_values /usr/lib/python3/dist-packages/oslo_config/cfg.py:2609
2025-01-20 00:34:21.664 136511 DEBUG oslo_service.service [req-fb0ebf61-b585-4918-8dda-e36ccc72212c - - - - -] glance.default_trusted_certificate_ids = [] log_opt_values /usr/lib/python3/dist-packages/oslo_config/cfg.py:2609
2025-01-20 00:34:21.664 136511 DEBUG oslo_service.service [req-fb0ebf61-b585-4918-8dda-e36ccc72212c - - - - -] glance.enable_certificate_validation = False log_opt_values /usr/lib/python3/dist-packages/oslo_config/cfg.py:2609
2025-01-20 00:34:21.664 136511 DEBUG oslo_service.service [req-fb0ebf61-b585-4918-8dda-e36ccc72212c - - - - -] glance.enable_rbd_download = False log_opt_values /usr/lib/python3/dist-packages/oslo_config/cfg.py:2609
2025-01-20 00:34:21.664 136511 DEBUG oslo_service.service [req-fb0ebf61-b585-4918-8dda-e36ccc72212c - - - - -] glance.endpoint_override = None log_opt_values /usr/lib/python3/dist-packages/oslo_config/cfg.py:2609
2025-01-20 00:34:21.665 136511 DEBUG oslo_service.service [req-fb0ebf61-b585-4918-8dda-e36ccc72212c - - - - -] glance.insecure = False log_opt_values /usr/lib/python3/dist-packages/oslo_config/cfg.py:2609
2025-01-20 00:34:21.665 136511 DEBUG oslo_service.service [req-fb0ebf61-b585-4918-8dda-e36ccc72212c - - - - -] glance.keyfile = None log_opt_values /usr/lib/python3/dist-packages/oslo_config/cfg.py:2609
2025-01-20 00:34:21.665 136511 DEBUG oslo_service.service [req-fb0ebf61-b585-4918-8dda-e36ccc72212c - - - - -] glance.max_version = None log_opt_values /usr/lib/python3/dist-packages/oslo_config/cfg.py:2609
2025-01-20 00:34:21.665 136511 DEBUG oslo_service.service [req-fb0ebf61-b585-4918-8dda-e36ccc72212c - - - - -] glance.min_version = None log_opt_values /usr/lib/python3/dist-packages/oslo_config/cfg.py:2609
2025-01-20 00:34:21.665 136511 DEBUG oslo_service.service [req-fb0ebf61-b585-4918-8dda-e36ccc72212c - - - - -] glance.num_retries = 3 log_opt_values /usr/lib/python3/dist-packages/oslo_config/cfg.py:2609
2025-01-20 00:34:21.665 136511 DEBUG oslo_service.service [req-fb0ebf61-b585-4918-8dda-e36ccc72212c - - - - -] glance.rbd_ceph_conf = log_opt_values /usr/lib/python3/dist-packages/oslo_config/cfg.py:2609
2025-01-20 00:34:21.665 136511 DEBUG oslo_service.service [req-fb0ebf61-b585-4918-8dda-e36ccc72212c - - - - -] glance.rbd_connect_timeout = 5 log_opt_values /usr/lib/python3/dist-packages/oslo_config/cfg.py:2609
2025-01-20 00:34:21.666 136511 DEBUG oslo_service.service [req-fb0ebf61-b585-4918-8dda-e36ccc72212c - - - - -] glance.rbd_pool = log_opt_values /usr/lib/python3/dist-packages/oslo_config/cfg.py:2609
2025-01-20 00:34:21.666 136511 DEBUG oslo_service.service [req-fb0ebf61-b585-4918-8dda-e36ccc72212c - - - - -] glance.rbd_user = log_opt_values /usr/lib/python3/dist-packages/oslo_config/cfg.py:2609
2025-01-20 00:34:21.666 136511 DEBUG oslo_service.service [req-fb0ebf61-b585-4918-8dda-e36ccc72212c - - - - -] glance.region_name = None log_opt_values /usr/lib/python3/dist-packages/oslo_config/cfg.py:2609
2025-01-20 00:34:21.666 136511 DEBUG oslo_service.service [req-fb0ebf61-b585-4918-8dda-e36ccc72212c - - - - -] glance.service_name = None log_opt_values /usr/lib/python3/dist-packages/oslo_config/cfg.py:2609
2025-01-20 00:34:21.666 136511 DEBUG oslo_service.service [req-fb0ebf61-b585-4918-8dda-e36ccc72212c - - - - -] glance.service_type = image log_opt_values /usr/lib/python3/dist-packages/oslo_config/cfg.py:2609
2025-01-20 00:34:21.667 136511 DEBUG oslo_service.service [req-fb0ebf61-b585-4918-8dda-e36ccc72212c - - - - -] glance.split_loggers = False log_opt_values /usr/lib/python3/dist-packages/oslo_config/cfg.py:2609
2025-01-20 00:34:21.667 136511 DEBUG oslo_service.service [req-fb0ebf61-b585-4918-8dda-e36ccc72212c - - - - -] glance.status_code_retries = None log_opt_values /usr/lib/python3/dist-packages/oslo_config/cfg.py:2609
2025-01-20 00:34:21.667 136511 DEBUG oslo_service.service [req-fb0ebf61-b585-4918-8dda-e36ccc72212c - - - - -] glance.status_code_retry_delay = None log_opt_values /usr/lib/python3/dist-packages/oslo_config/cfg.py:2609
2025-01-20 00:34:21.667 136511 DEBUG oslo_service.service [req-fb0ebf61-b585-4918-8dda-e36ccc72212c - - - - -] glance.timeout = None log_opt_values /usr/lib/python3/dist-packages/oslo_config/cfg.py:2609
2025-01-20 00:34:21.667 136511 DEBUG oslo_service.service [req-fb0ebf61-b585-4918-8dda-e36ccc72212c - - - - -] glance.valid_interfaces = ['internal', 'public'] log_opt_values /usr/lib/python3/dist-packages/oslo_config/cfg.py:2609
2025-01-20 00:34:21.667 136511 DEBUG oslo_service.service [req-fb0ebf61-b585-4918-8dda-e36ccc72212c - - - - -] glance.verify_glance_signatures = False log_opt_values /usr/lib/python3/dist-packages/oslo_config/cfg.py:2609
2025-01-20 00:34:21.668 136511 DEBUG oslo_service.service [req-fb0ebf61-b585-4918-8dda-e36ccc72212c - - - - -] glance.version = None log_opt_values /usr/lib/python3/dist-packages/oslo_config/cfg.py:2609
2025-01-20 00:34:21.668 136511 DEBUG oslo_service.service [req-fb0ebf61-b585-4918-8dda-e36ccc72212c - - - - -] guestfs.debug = False log_opt_values /usr/lib/python3/dist-packages/oslo_config/cfg.py:2609
2025-01-20 00:34:21.668 136511 DEBUG oslo_service.service [req-fb0ebf61-b585-4918-8dda-e36ccc72212c - - - - -] hyperv.config_drive_cdrom = False log_opt_values /usr/lib/python3/dist-packages/oslo_config/cfg.py:2609
2025-01-20 00:34:21.669 136511 DEBUG oslo_service.service [req-fb0ebf61-b585-4918-8dda-e36ccc72212c - - - - -] hyperv.config_drive_inject_password = False log_opt_values /usr/lib/python3/dist-packages/oslo_config/cfg.py:2609
2025-01-20 00:34:21.669 136511 DEBUG oslo_service.service [req-fb0ebf61-b585-4918-8dda-e36ccc72212c - - - - -] hyperv.dynamic_memory_ratio = 1.0 log_opt_values /usr/lib/python3/dist-packages/oslo_config/cfg.py:2609
2025-01-20 00:34:21.669 136511 DEBUG oslo_service.service [req-fb0ebf61-b585-4918-8dda-e36ccc72212c - - - - -] hyperv.enable_instance_metrics_collection = False log_opt_values /usr/lib/python3/dist-packages/oslo_config/cfg.py:2609
2025-01-20 00:34:21.669 136511 DEBUG oslo_service.service [req-fb0ebf61-b585-4918-8dda-e36ccc72212c - - - - -] hyperv.enable_remotefx = False log_opt_values /usr/lib/python3/dist-packages/oslo_config/cfg.py:2609
2025-01-20 00:34:21.669 136511 DEBUG oslo_service.service [req-fb0ebf61-b585-4918-8dda-e36ccc72212c - - - - -] hyperv.instances_path_share = log_opt_values /usr/lib/python3/dist-packages/oslo_config/cfg.py:2609
2025-01-20 00:34:21.670 136511 DEBUG oslo_service.service [req-fb0ebf61-b585-4918-8dda-e36ccc72212c - - - - -] hyperv.iscsi_initiator_list = [] log_opt_values /usr/lib/python3/dist-packages/oslo_config/cfg.py:2609
2025-01-20 00:34:21.670 136511 DEBUG oslo_service.service [req-fb0ebf61-b585-4918-8dda-e36ccc72212c - - - - -] hyperv.limit_cpu_features = False log_opt_values /usr/lib/python3/dist-packages/oslo_config/cfg.py:2609
2025-01-20 00:34:21.670 136511 DEBUG oslo_service.service [req-fb0ebf61-b585-4918-8dda-e36ccc72212c - - - - -] hyperv.mounted_disk_query_retry_count = 10 log_opt_values /usr/lib/python3/dist-packages/oslo_config/cfg.py:2609
2025-01-20 00:34:21.670 136511 DEBUG oslo_service.service [req-fb0ebf61-b585-4918-8dda-e36ccc72212c - - - - -] hyperv.mounted_disk_query_retry_interval = 5 log_opt_values /usr/lib/python3/dist-packages/oslo_config/cfg.py:2609
2025-01-20 00:34:21.670 136511 DEBUG oslo_service.service [req-fb0ebf61-b585-4918-8dda-e36ccc72212c - - - - -] hyperv.power_state_check_timeframe = 60 log_opt_values /usr/lib/python3/dist-packages/oslo_config/cfg.py:2609
2025-01-20 00:34:21.670 136511 DEBUG oslo_service.service [req-fb0ebf61-b585-4918-8dda-e36ccc72212c - - - - -] hyperv.power_state_event_polling_interval = 2 log_opt_values /usr/lib/python3/dist-packages/oslo_config/cfg.py:2609
2025-01-20 00:34:21.671 136511 DEBUG oslo_service.service [req-fb0ebf61-b585-4918-8dda-e36ccc72212c - - - - -] hyperv.qemu_img_cmd = qemu-img.exe log_opt_values /usr/lib/python3/dist-packages/oslo_config/cfg.py:2609
2025-01-20 00:34:21.671 136511 DEBUG oslo_service.service [req-fb0ebf61-b585-4918-8dda-e36ccc72212c - - - - -] hyperv.use_multipath_io = False log_opt_values /usr/lib/python3/dist-packages/oslo_config/cfg.py:2609
2025-01-20 00:34:21.671 136511 DEBUG oslo_service.service [req-fb0ebf61-b585-4918-8dda-e36ccc72212c - - - - -] hyperv.volume_attach_retry_count = 10 log_opt_values /usr/lib/python3/dist-packages/oslo_config/cfg.py:2609
2025-01-20 00:34:21.671 136511 DEBUG oslo_service.service [req-fb0ebf61-b585-4918-8dda-e36ccc72212c - - - - -] hyperv.volume_attach_retry_interval = 5 log_opt_values /usr/lib/python3/dist-packages/oslo_config/cfg.py:2609
2025-01-20 00:34:21.671 136511 DEBUG oslo_service.service [req-fb0ebf61-b585-4918-8dda-e36ccc72212c - - - - -] hyperv.vswitch_name = None log_opt_values /usr/lib/python3/dist-packages/oslo_config/cfg.py:2609
2025-01-20 00:34:21.672 136511 DEBUG oslo_service.service [req-fb0ebf61-b585-4918-8dda-e36ccc72212c - - - - -] hyperv.wait_soft_reboot_seconds = 60 log_opt_values /usr/lib/python3/dist-packages/oslo_config/cfg.py:2609
2025-01-20 00:34:21.672 136511 DEBUG oslo_service.service [req-fb0ebf61-b585-4918-8dda-e36ccc72212c - - - - -] mks.enabled = False log_opt_values /usr/lib/python3/dist-packages/oslo_config/cfg.py:2609
2025-01-20 00:34:21.673 136511 DEBUG oslo_service.service [req-fb0ebf61-b585-4918-8dda-e36ccc72212c - - - - -] mks.mksproxy_base_url = http://127.0.0.1:6090/ log_opt_values /usr/lib/python3/dist-packages/oslo_config/cfg.py:2609
2025-01-20 00:34:21.673 136511 DEBUG oslo_service.service [req-fb0ebf61-b585-4918-8dda-e36ccc72212c - - - - -] image_cache.manager_interval = 2400 log_opt_values /usr/lib/python3/dist-packages/oslo_config/cfg.py:2609
2025-01-20 00:34:21.673 136511 DEBUG oslo_service.service [req-fb0ebf61-b585-4918-8dda-e36ccc72212c - - - - -] image_cache.precache_concurrency = 1 log_opt_values /usr/lib/python3/dist-packages/oslo_config/cfg.py:2609
2025-01-20 00:34:21.673 136511 DEBUG oslo_service.service [req-fb0ebf61-b585-4918-8dda-e36ccc72212c - - - - -] image_cache.remove_unused_base_images = True log_opt_values /usr/lib/python3/dist-packages/oslo_config/cfg.py:2609
2025-01-20 00:34:21.674 136511 DEBUG oslo_service.service [req-fb0ebf61-b585-4918-8dda-e36ccc72212c - - - - -] image_cache.remove_unused_original_minimum_age_seconds = 86400 log_opt_values /usr/lib/python3/dist-packages/oslo_config/cfg.py:2609
2025-01-20 00:34:21.674 136511 DEBUG oslo_service.service [req-fb0ebf61-b585-4918-8dda-e36ccc72212c - - - - -] image_cache.remove_unused_resized_minimum_age_seconds = 3600 log_opt_values /usr/lib/python3/dist-packages/oslo_config/cfg.py:2609
2025-01-20 00:34:21.674 136511 DEBUG oslo_service.service [req-fb0ebf61-b585-4918-8dda-e36ccc72212c - - - - -] image_cache.subdirectory_name = _base log_opt_values /usr/lib/python3/dist-packages/oslo_config/cfg.py:2609
2025-01-20 00:34:21.674 136511 DEBUG oslo_service.service [req-fb0ebf61-b585-4918-8dda-e36ccc72212c - - - - -] ironic.api_max_retries = 60 log_opt_values /usr/lib/python3/dist-packages/oslo_config/cfg.py:2609
2025-01-20 00:34:21.674 136511 DEBUG oslo_service.service [req-fb0ebf61-b585-4918-8dda-e36ccc72212c - - - - -] ironic.api_retry_interval = 2 log_opt_values /usr/lib/python3/dist-packages/oslo_config/cfg.py:2609
2025-01-20 00:34:21.675 136511 DEBUG oslo_service.service [req-fb0ebf61-b585-4918-8dda-e36ccc72212c - - - - -] ironic.auth_section = None log_opt_values /usr/lib/python3/dist-packages/oslo_config/cfg.py:2609
2025-01-20 00:34:21.675 136511 DEBUG oslo_service.service [req-fb0ebf61-b585-4918-8dda-e36ccc72212c - - - - -] ironic.auth_type = None log_opt_values /usr/lib/python3/dist-packages/oslo_config/cfg.py:2609
2025-01-20 00:34:21.675 136511 DEBUG oslo_service.service [req-fb0ebf61-b585-4918-8dda-e36ccc72212c - - - - -] ironic.cafile = None log_opt_values /usr/lib/python3/dist-packages/oslo_config/cfg.py:2609
2025-01-20 00:34:21.675 136511 DEBUG oslo_service.service [req-fb0ebf61-b585-4918-8dda-e36ccc72212c - - - - -] ironic.certfile = None log_opt_values /usr/lib/python3/dist-packages/oslo_config/cfg.py:2609
2025-01-20 00:34:21.675 137962 DEBUG oslo_messaging._drivers.amqpdriver [-] Listener is running poll /usr/lib/python3/dist-packages/oslo_messaging/_drivers/amqpdriver.py:343
2025-01-20 00:34:21.675 136511 DEBUG oslo_service.service [req-fb0ebf61-b585-4918-8dda-e36ccc72212c - - - - -] ironic.collect_timing = False log_opt_values /usr/lib/python3/dist-packages/oslo_config/cfg.py:2609
2025-01-20 00:34:21.675 137962 DEBUG oslo_messaging._drivers.amqpdriver [-] AMQPListener connection consume poll /usr/lib/python3/dist-packages/oslo_messaging/_drivers/amqpdriver.py:357
2025-01-20 00:34:21.675 136511 DEBUG oslo_service.service [req-fb0ebf61-b585-4918-8dda-e36ccc72212c - - - - -] ironic.connect_retries = None log_opt_values /usr/lib/python3/dist-packages/oslo_config/cfg.py:2609
2025-01-20 00:34:21.676 136511 DEBUG oslo_service.service [req-fb0ebf61-b585-4918-8dda-e36ccc72212c - - - - -] ironic.connect_retry_delay = None log_opt_values /usr/lib/python3/dist-packages/oslo_config/cfg.py:2609
2025-01-20 00:34:21.676 136511 DEBUG oslo_service.service [req-fb0ebf61-b585-4918-8dda-e36ccc72212c - - - - -] ironic.endpoint_override = None log_opt_values /usr/lib/python3/dist-packages/oslo_config/cfg.py:2609
2025-01-20 00:34:21.676 136511 DEBUG oslo_service.service [req-fb0ebf61-b585-4918-8dda-e36ccc72212c - - - - -] ironic.insecure = False log_opt_values /usr/lib/python3/dist-packages/oslo_config/cfg.py:2609
2025-01-20 00:34:21.676 137962 DEBUG nova.service [req-c97f1e14-05d0-4e4e-a89f-cee10b45a6f3 - - - - -] Join ServiceGroup membership for this service conductor start /usr/lib/python3/dist-packages/nova/service.py:199
2025-01-20 00:34:21.676 136511 DEBUG oslo_service.service [req-fb0ebf61-b585-4918-8dda-e36ccc72212c - - - - -] ironic.keyfile = None log_opt_values /usr/lib/python3/dist-packages/oslo_config/cfg.py:2609
2025-01-20 00:34:21.676 137962 DEBUG nova.servicegroup.drivers.db [req-c97f1e14-05d0-4e4e-a89f-cee10b45a6f3 - - - - -] DB_Driver: join new ServiceGroup member juju-4ab124-0-lxd-7 to the conductor group, service = join /usr/lib/python3/dist-packages/nova/servicegroup/drivers/db.py:44
2025-01-20 00:34:21.676 136511 DEBUG oslo_service.service [req-fb0ebf61-b585-4918-8dda-e36ccc72212c - - - - -] ironic.max_version = None log_opt_values /usr/lib/python3/dist-packages/oslo_config/cfg.py:2609
2025-01-20 00:34:21.676 136511 DEBUG oslo_service.service [req-fb0ebf61-b585-4918-8dda-e36ccc72212c - - - - -] ironic.min_version = None log_opt_values /usr/lib/python3/dist-packages/oslo_config/cfg.py:2609
2025-01-20 00:34:21.676 136511 DEBUG oslo_service.service [req-fb0ebf61-b585-4918-8dda-e36ccc72212c - - - - -] ironic.partition_key = None log_opt_values /usr/lib/python3/dist-packages/oslo_config/cfg.py:2609
2025-01-20 00:34:21.677 136511 DEBUG oslo_service.service [req-fb0ebf61-b585-4918-8dda-e36ccc72212c - - - - -] ironic.peer_list = [] log_opt_values /usr/lib/python3/dist-packages/oslo_config/cfg.py:2609
2025-01-20 00:34:21.677 136511 DEBUG oslo_service.service [req-fb0ebf61-b585-4918-8dda-e36ccc72212c - - - - -] ironic.region_name = None log_opt_values /usr/lib/python3/dist-packages/oslo_config/cfg.py:2609
2025-01-20 00:34:21.677 136511 DEBUG oslo_service.service [req-fb0ebf61-b585-4918-8dda-e36ccc72212c - - - - -] ironic.serial_console_state_timeout = 10 log_opt_values /usr/lib/python3/dist-packages/oslo_config/cfg.py:2609
2025-01-20 00:34:21.677 137963 DEBUG oslo_messaging._drivers.amqpdriver [-] Listener is running poll /usr/lib/python3/dist-packages/oslo_messaging/_drivers/amqpdriver.py:343
2025-01-20 00:34:21.677 136511 DEBUG oslo_service.service [req-fb0ebf61-b585-4918-8dda-e36ccc72212c - - - - -] ironic.service_name = None log_opt_values /usr/lib/python3/dist-packages/oslo_config/cfg.py:2609
2025-01-20 00:34:21.677 137963 DEBUG oslo_messaging._drivers.amqpdriver [-] AMQPListener connection consume poll /usr/lib/python3/dist-packages/oslo_messaging/_drivers/amqpdriver.py:357
2025-01-20 00:34:21.677 136511 DEBUG oslo_service.service [req-fb0ebf61-b585-4918-8dda-e36ccc72212c - - - - -] ironic.service_type = baremetal log_opt_values /usr/lib/python3/dist-packages/oslo_config/cfg.py:2609
2025-01-20 00:34:21.678 136511 DEBUG oslo_service.service [req-fb0ebf61-b585-4918-8dda-e36ccc72212c - - - - -] ironic.split_loggers = False log_opt_values /usr/lib/python3/dist-packages/oslo_config/cfg.py:2609
2025-01-20 00:34:21.678 136511 DEBUG oslo_service.service [req-fb0ebf61-b585-4918-8dda-e36ccc72212c - - - - -] ironic.status_code_retries = None log_opt_values /usr/lib/python3/dist-packages/oslo_config/cfg.py:2609
2025-01-20 00:34:21.678 136511 DEBUG oslo_service.service [req-fb0ebf61-b585-4918-8dda-e36ccc72212c - - - - -] ironic.status_code_retry_delay = None log_opt_values /usr/lib/python3/dist-packages/oslo_config/cfg.py:2609
2025-01-20 00:34:21.678 136511 DEBUG oslo_service.service [req-fb0ebf61-b585-4918-8dda-e36ccc72212c - - - - -] ironic.timeout = None log_opt_values /usr/lib/python3/dist-packages/oslo_config/cfg.py:2609
2025-01-20 00:34:21.678 137962 DEBUG oslo_messaging._drivers.amqpdriver [-] AMQPListener connection timeout poll /usr/lib/python3/dist-packages/oslo_messaging/_drivers/amqpdriver.py:360
2025-01-20 00:34:21.679 137962 DEBUG oslo_messaging._drivers.amqpdriver [-] Listener is running poll /usr/lib/python3/dist-packages/oslo_messaging/_drivers/amqpdriver.py:343
2025-01-20 00:34:21.678 136511 DEBUG oslo_service.service [req-fb0ebf61-b585-4918-8dda-e36ccc72212c - - - - -] ironic.valid_interfaces = ['internal', 'public'] log_opt_values /usr/lib/python3/dist-packages/oslo_config/cfg.py:2609
2025-01-20 00:34:21.679 137962 DEBUG oslo_messaging._drivers.amqpdriver [-] AMQPListener connection consume poll /usr/lib/python3/dist-packages/oslo_messaging/_drivers/amqpdriver.py:357
2025-01-20 00:34:21.679 136511 DEBUG oslo_service.service [req-fb0ebf61-b585-4918-8dda-e36ccc72212c - - - - -] ironic.version = None log_opt_values /usr/lib/python3/dist-packages/oslo_config/cfg.py:2609
2025-01-20 00:34:21.679 136511 DEBUG oslo_service.service [req-fb0ebf61-b585-4918-8dda-e36ccc72212c - - - - -] key_manager.backend = barbican log_opt_values /usr/lib/python3/dist-packages/oslo_config/cfg.py:2609
2025-01-20 00:34:21.679 136511 DEBUG oslo_service.service [req-fb0ebf61-b585-4918-8dda-e36ccc72212c - - - - -] key_manager.fixed_key = **** log_opt_values /usr/lib/python3/dist-packages/oslo_config/cfg.py:2609
2025-01-20 00:34:21.679 136511 DEBUG oslo_service.service [req-fb0ebf61-b585-4918-8dda-e36ccc72212c - - - - -] barbican.auth_endpoint = http://localhost/identity/v3 log_opt_values /usr/lib/python3/dist-packages/oslo_config/cfg.py:2609
2025-01-20 00:34:21.678 137963 DEBUG nova.service [req-a0d5990c-09f7-4388-9236-96a28182f311 - - - - -] Join ServiceGroup membership for this service conductor start /usr/lib/python3/dist-packages/nova/service.py:199
2025-01-20 00:34:21.680 136511 DEBUG oslo_service.service [req-fb0ebf61-b585-4918-8dda-e36ccc72212c - - - - -] barbican.barbican_api_version = None log_opt_values /usr/lib/python3/dist-packages/oslo_config/cfg.py:2609
2025-01-20 00:34:21.680 137963 DEBUG nova.servicegroup.drivers.db [req-a0d5990c-09f7-4388-9236-96a28182f311 - - - - -] DB_Driver: join new ServiceGroup member juju-4ab124-0-lxd-7 to the conductor group, service = join /usr/lib/python3/dist-packages/nova/servicegroup/drivers/db.py:44
2025-01-20 00:34:21.680 136511 DEBUG oslo_service.service [req-fb0ebf61-b585-4918-8dda-e36ccc72212c - - - - -] barbican.barbican_endpoint = None log_opt_values /usr/lib/python3/dist-packages/oslo_config/cfg.py:2609
2025-01-20 00:34:21.680 136511 DEBUG oslo_service.service [req-fb0ebf61-b585-4918-8dda-e36ccc72212c - - - - -] barbican.barbican_endpoint_type = public log_opt_values /usr/lib/python3/dist-packages/oslo_config/cfg.py:2609
2025-01-20 00:34:21.680 136511 DEBUG oslo_service.service [req-fb0ebf61-b585-4918-8dda-e36ccc72212c - - - - -] barbican.barbican_region_name = None log_opt_values /usr/lib/python3/dist-packages/oslo_config/cfg.py:2609
2025-01-20 00:34:21.680 136511 DEBUG oslo_service.service [req-fb0ebf61-b585-4918-8dda-e36ccc72212c - - - - -] barbican.cafile = None log_opt_values /usr/lib/python3/dist-packages/oslo_config/cfg.py:2609
2025-01-20 00:34:21.681 136511 DEBUG oslo_service.service [req-fb0ebf61-b585-4918-8dda-e36ccc72212c - - - - -] barbican.certfile = None log_opt_values /usr/lib/python3/dist-packages/oslo_config/cfg.py:2609
2025-01-20 00:34:21.681 136511 DEBUG oslo_service.service [req-fb0ebf61-b585-4918-8dda-e36ccc72212c - - - - -] barbican.collect_timing = False log_opt_values /usr/lib/python3/dist-packages/oslo_config/cfg.py:2609
2025-01-20 00:34:21.681 136511 DEBUG oslo_service.service [req-fb0ebf61-b585-4918-8dda-e36ccc72212c - - - - -] barbican.insecure = False log_opt_values /usr/lib/python3/dist-packages/oslo_config/cfg.py:2609
2025-01-20 00:34:21.681 136511 DEBUG oslo_service.service [req-fb0ebf61-b585-4918-8dda-e36ccc72212c - - - - -] barbican.keyfile = None log_opt_values /usr/lib/python3/dist-packages/oslo_config/cfg.py:2609
2025-01-20 00:34:21.681 136511 DEBUG oslo_service.service [req-fb0ebf61-b585-4918-8dda-e36ccc72212c - - - - -] barbican.number_of_retries = 60 log_opt_values /usr/lib/python3/dist-packages/oslo_config/cfg.py:2609
