2025-01-20 00:36:31.821 162533 DEBUG oslo_service.service [req-ed0e905c-5a44-4634-9c5f-a52c0a263597 - - - - -] force_raw_images = True log_opt_values /usr/lib/python3/dist-packages/oslo_config/cfg.py:2602
2025-01-20 00:36:31.821 162533 DEBUG oslo_service.service [req-ed0e905c-5a44-4634-9c5f-a52c0a263597 - - - - -] graceful_shutdown_timeout = 60 log_opt_values /usr/lib/python3/dist-packages/oslo_config/cfg.py:2602
2025-01-20 00:36:31.821 162533 DEBUG oslo_service.service [req-ed0e905c-5a44-4634-9c5f-a52c0a263597 - - - - -] heal_instance_info_cache_interval = 60 log_opt_values /usr/lib/python3/dist-packages/oslo_config/cfg.py:2602
2025-01-20 00:36:31.821 162831 DEBUG oslo_db.sqlalchemy.engines [req-6c2ebcc2-a0e5-4ca3-b76b-ebdf5affe72f - - - - -] MySQL server mode set to STRICT_TRANS_TABLES,STRICT_ALL_TABLES,NO_ZERO_IN_DATE,NO_ZERO_DATE,ERROR_FOR_DIVISION_BY_ZERO,TRADITIONAL,NO_ENGINE_SUBSTITUTION _check_effective_sql_mode /usr/lib/python3/dist-packages/oslo_db/sqlalchemy/engines.py:314
2025-01-20 00:36:31.822 162533 DEBUG oslo_service.service [req-ed0e905c-5a44-4634-9c5f-a52c0a263597 - - - - -] host = juju-4ab124-0-lxd-7 log_opt_values /usr/lib/python3/dist-packages/oslo_config/cfg.py:2602
2025-01-20 00:36:31.822 162533 DEBUG oslo_service.service [req-ed0e905c-5a44-4634-9c5f-a52c0a263597 - - - - -] initial_cpu_allocation_ratio = 16.0 log_opt_values /usr/lib/python3/dist-packages/oslo_config/cfg.py:2602
2025-01-20 00:36:31.823 162533 DEBUG oslo_service.service [req-ed0e905c-5a44-4634-9c5f-a52c0a263597 - - - - -] initial_disk_allocation_ratio = 1.0 log_opt_values /usr/lib/python3/dist-packages/oslo_config/cfg.py:2602
2025-01-20 00:36:31.823 162533 DEBUG oslo_service.service [req-ed0e905c-5a44-4634-9c5f-a52c0a263597 - - - - -] initial_ram_allocation_ratio = 1.5 log_opt_values /usr/lib/python3/dist-packages/oslo_config/cfg.py:2602
2025-01-20 00:36:31.824 162533 DEBUG oslo_service.service [req-ed0e905c-5a44-4634-9c5f-a52c0a263597 - - - - -] injected_network_template = /usr/lib/python3/dist-packages/nova/virt/interfaces.template log_opt_values /usr/lib/python3/dist-packages/oslo_config/cfg.py:2602
2025-01-20 00:36:31.824 162533 DEBUG oslo_service.service [req-ed0e905c-5a44-4634-9c5f-a52c0a263597 - - - - -] instance_build_timeout = 0 log_opt_values /usr/lib/python3/dist-packages/oslo_config/cfg.py:2602
2025-01-20 00:36:31.824 162533 DEBUG oslo_service.service [req-ed0e905c-5a44-4634-9c5f-a52c0a263597 - - - - -] instance_delete_interval = 300 log_opt_values /usr/lib/python3/dist-packages/oslo_config/cfg.py:2602
2025-01-20 00:36:31.825 162533 DEBUG oslo_service.service [req-ed0e905c-5a44-4634-9c5f-a52c0a263597 - - - - -] instance_format = [instance: %(uuid)s] log_opt_values /usr/lib/python3/dist-packages/oslo_config/cfg.py:2602
2025-01-20 00:36:31.825 162533 DEBUG oslo_service.service [req-ed0e905c-5a44-4634-9c5f-a52c0a263597 - - - - -] instance_name_template = instance-%08x log_opt_values /usr/lib/python3/dist-packages/oslo_config/cfg.py:2602
2025-01-20 00:36:31.825 162533 DEBUG oslo_service.service [req-ed0e905c-5a44-4634-9c5f-a52c0a263597 - - - - -] instance_usage_audit = False log_opt_values /usr/lib/python3/dist-packages/oslo_config/cfg.py:2602
2025-01-20 00:36:31.825 162533 DEBUG oslo_service.service [req-ed0e905c-5a44-4634-9c5f-a52c0a263597 - - - - -] instance_usage_audit_period = month log_opt_values /usr/lib/python3/dist-packages/oslo_config/cfg.py:2602
2025-01-20 00:36:31.825 162832 DEBUG oslo_db.sqlalchemy.engines [req-efd818c3-83d5-4109-9ca8-4b7311171ee1 - - - - -] MySQL server mode set to STRICT_TRANS_TABLES,STRICT_ALL_TABLES,NO_ZERO_IN_DATE,NO_ZERO_DATE,ERROR_FOR_DIVISION_BY_ZERO,TRADITIONAL,NO_ENGINE_SUBSTITUTION _check_effective_sql_mode /usr/lib/python3/dist-packages/oslo_db/sqlalchemy/engines.py:314
2025-01-20 00:36:31.825 162533 DEBUG oslo_service.service [req-ed0e905c-5a44-4634-9c5f-a52c0a263597 - - - - -] instance_uuid_format = [instance: %(uuid)s] log_opt_values /usr/lib/python3/dist-packages/oslo_config/cfg.py:2602
2025-01-20 00:36:31.826 162533 DEBUG oslo_service.service [req-ed0e905c-5a44-4634-9c5f-a52c0a263597 - - - - -] instances_path = /var/lib/nova/instances log_opt_values /usr/lib/python3/dist-packages/oslo_config/cfg.py:2602
2025-01-20 00:36:31.826 162533 DEBUG oslo_service.service [req-ed0e905c-5a44-4634-9c5f-a52c0a263597 - - - - -] internal_service_availability_zone = internal log_opt_values /usr/lib/python3/dist-packages/oslo_config/cfg.py:2602
2025-01-20 00:36:31.826 162533 DEBUG oslo_service.service [req-ed0e905c-5a44-4634-9c5f-a52c0a263597 - - - - -] key = None log_opt_values /usr/lib/python3/dist-packages/oslo_config/cfg.py:2602
2025-01-20 00:36:31.826 162533 DEBUG oslo_service.service [req-ed0e905c-5a44-4634-9c5f-a52c0a263597 - - - - -] live_migration_retry_count = 30 log_opt_values /usr/lib/python3/dist-packages/oslo_config/cfg.py:2602
2025-01-20 00:36:31.827 162533 DEBUG oslo_service.service [req-ed0e905c-5a44-4634-9c5f-a52c0a263597 - - - - -] log_config_append = None log_opt_values /usr/lib/python3/dist-packages/oslo_config/cfg.py:2602
2025-01-20 00:36:31.827 162533 DEBUG oslo_service.service [req-ed0e905c-5a44-4634-9c5f-a52c0a263597 - - - - -] log_date_format = %Y-%m-%d %H:%M:%S log_opt_values /usr/lib/python3/dist-packages/oslo_config/cfg.py:2602
2025-01-20 00:36:31.827 162533 DEBUG oslo_service.service [req-ed0e905c-5a44-4634-9c5f-a52c0a263597 - - - - -] log_dir = /var/log/nova log_opt_values /usr/lib/python3/dist-packages/oslo_config/cfg.py:2602
2025-01-20 00:36:31.827 162533 DEBUG oslo_service.service [req-ed0e905c-5a44-4634-9c5f-a52c0a263597 - - - - -] log_file = /var/log/nova/nova-conductor.log log_opt_values /usr/lib/python3/dist-packages/oslo_config/cfg.py:2602
2025-01-20 00:36:31.827 162533 DEBUG oslo_service.service [req-ed0e905c-5a44-4634-9c5f-a52c0a263597 - - - - -] log_options = True log_opt_values /usr/lib/python3/dist-packages/oslo_config/cfg.py:2602
2025-01-20 00:36:31.827 162533 DEBUG oslo_service.service [req-ed0e905c-5a44-4634-9c5f-a52c0a263597 - - - - -] log_rotate_interval = 1 log_opt_values /usr/lib/python3/dist-packages/oslo_config/cfg.py:2602
2025-01-20 00:36:31.828 162533 DEBUG oslo_service.service [req-ed0e905c-5a44-4634-9c5f-a52c0a263597 - - - - -] log_rotate_interval_type = days log_opt_values /usr/lib/python3/dist-packages/oslo_config/cfg.py:2602
2025-01-20 00:36:31.828 162533 DEBUG oslo_service.service [req-ed0e905c-5a44-4634-9c5f-a52c0a263597 - - - - -] log_rotation_type = none log_opt_values /usr/lib/python3/dist-packages/oslo_config/cfg.py:2602
2025-01-20 00:36:31.828 162533 DEBUG oslo_service.service [req-ed0e905c-5a44-4634-9c5f-a52c0a263597 - - - - -] logging_context_format_string = %(asctime)s.%(msecs)03d %(process)d %(levelname)s %(name)s [%(request_id)s %(user_identity)s] %(instance)s%(message)s log_opt_values /usr/lib/python3/dist-packages/oslo_config/cfg.py:2602
2025-01-20 00:36:31.828 162533 DEBUG oslo_service.service [req-ed0e905c-5a44-4634-9c5f-a52c0a263597 - - - - -] logging_debug_format_suffix = %(funcName)s %(pathname)s:%(lineno)d log_opt_values /usr/lib/python3/dist-packages/oslo_config/cfg.py:2602
2025-01-20 00:36:31.828 162533 DEBUG oslo_service.service [req-ed0e905c-5a44-4634-9c5f-a52c0a263597 - - - - -] logging_default_format_string = %(asctime)s.%(msecs)03d %(process)d %(levelname)s %(name)s [-] %(instance)s%(message)s log_opt_values /usr/lib/python3/dist-packages/oslo_config/cfg.py:2602
2025-01-20 00:36:31.828 162829 DEBUG nova.service [req-62227961-be55-42c8-a92d-47bbd8ef583e - - - - -] Creating RPC server for service conductor start /usr/lib/python3/dist-packages/nova/service.py:182
2025-01-20 00:36:31.828 162533 DEBUG oslo_service.service [req-ed0e905c-5a44-4634-9c5f-a52c0a263597 - - - - -] logging_exception_prefix = %(asctime)s.%(msecs)03d %(process)d ERROR %(name)s %(instance)s log_opt_values /usr/lib/python3/dist-packages/oslo_config/cfg.py:2602
2025-01-20 00:36:31.829 162533 DEBUG oslo_service.service [req-ed0e905c-5a44-4634-9c5f-a52c0a263597 - - - - -] logging_user_identity_format = %(user)s %(project)s %(domain)s %(user_domain)s %(project_domain)s log_opt_values /usr/lib/python3/dist-packages/oslo_config/cfg.py:2602
2025-01-20 00:36:31.829 162533 DEBUG oslo_service.service [req-ed0e905c-5a44-4634-9c5f-a52c0a263597 - - - - -] long_rpc_timeout = 1800 log_opt_values /usr/lib/python3/dist-packages/oslo_config/cfg.py:2602
2025-01-20 00:36:31.829 162533 DEBUG oslo_service.service [req-ed0e905c-5a44-4634-9c5f-a52c0a263597 - - - - -] max_concurrent_builds = 10 log_opt_values /usr/lib/python3/dist-packages/oslo_config/cfg.py:2602
2025-01-20 00:36:31.829 162533 DEBUG oslo_service.service [req-ed0e905c-5a44-4634-9c5f-a52c0a263597 - - - - -] max_concurrent_live_migrations = 1 log_opt_values /usr/lib/python3/dist-packages/oslo_config/cfg.py:2602
2025-01-20 00:36:31.829 162533 DEBUG oslo_service.service [req-ed0e905c-5a44-4634-9c5f-a52c0a263597 - - - - -] max_concurrent_snapshots = 5 log_opt_values /usr/lib/python3/dist-packages/oslo_config/cfg.py:2602
2025-01-20 00:36:31.829 162533 DEBUG oslo_service.service [req-ed0e905c-5a44-4634-9c5f-a52c0a263597 - - - - -] max_local_block_devices = 3 log_opt_values /usr/lib/python3/dist-packages/oslo_config/cfg.py:2602
2025-01-20 00:36:31.829 162533 DEBUG oslo_service.service [req-ed0e905c-5a44-4634-9c5f-a52c0a263597 - - - - -] max_logfile_count = 30 log_opt_values /usr/lib/python3/dist-packages/oslo_config/cfg.py:2602
2025-01-20 00:36:31.830 162533 DEBUG oslo_service.service [req-ed0e905c-5a44-4634-9c5f-a52c0a263597 - - - - -] max_logfile_size_mb = 200 log_opt_values /usr/lib/python3/dist-packages/oslo_config/cfg.py:2602
2025-01-20 00:36:31.830 162533 DEBUG oslo_service.service [req-ed0e905c-5a44-4634-9c5f-a52c0a263597 - - - - -] maximum_instance_delete_attempts = 5 log_opt_values /usr/lib/python3/dist-packages/oslo_config/cfg.py:2602
2025-01-20 00:36:31.830 162533 DEBUG oslo_service.service [req-ed0e905c-5a44-4634-9c5f-a52c0a263597 - - - - -] metadata_listen = 0.0.0.0 log_opt_values /usr/lib/python3/dist-packages/oslo_config/cfg.py:2602
2025-01-20 00:36:31.830 162533 DEBUG oslo_service.service [req-ed0e905c-5a44-4634-9c5f-a52c0a263597 - - - - -] metadata_listen_port = 8765 log_opt_values /usr/lib/python3/dist-packages/oslo_config/cfg.py:2602
2025-01-20 00:36:31.830 162533 DEBUG oslo_service.service [req-ed0e905c-5a44-4634-9c5f-a52c0a263597 - - - - -] metadata_workers = None log_opt_values /usr/lib/python3/dist-packages/oslo_config/cfg.py:2602
2025-01-20 00:36:31.830 162533 DEBUG oslo_service.service [req-ed0e905c-5a44-4634-9c5f-a52c0a263597 - - - - -] migrate_max_retries = -1 log_opt_values /usr/lib/python3/dist-packages/oslo_config/cfg.py:2602
2025-01-20 00:36:31.831 162533 DEBUG oslo_service.service [req-ed0e905c-5a44-4634-9c5f-a52c0a263597 - - - - -] mkisofs_cmd = genisoimage log_opt_values /usr/lib/python3/dist-packages/oslo_config/cfg.py:2602
2025-01-20 00:36:31.831 162533 DEBUG oslo_service.service [req-ed0e905c-5a44-4634-9c5f-a52c0a263597 - - - - -] my_block_storage_ip = 252.37.110.58 log_opt_values /usr/lib/python3/dist-packages/oslo_config/cfg.py:2602
2025-01-20 00:36:31.831 162533 DEBUG oslo_service.service [req-ed0e905c-5a44-4634-9c5f-a52c0a263597 - - - - -] my_ip = 252.37.110.58 log_opt_values /usr/lib/python3/dist-packages/oslo_config/cfg.py:2602
2025-01-20 00:36:31.831 162533 DEBUG oslo_service.service [req-ed0e905c-5a44-4634-9c5f-a52c0a263597 - - - - -] network_allocate_retries = 0 log_opt_values /usr/lib/python3/dist-packages/oslo_config/cfg.py:2602
2025-01-20 00:36:31.831 162533 DEBUG oslo_service.service [req-ed0e905c-5a44-4634-9c5f-a52c0a263597 - - - - -] non_inheritable_image_properties = ['cache_in_nova', 'bittorrent'] log_opt_values /usr/lib/python3/dist-packages/oslo_config/cfg.py:2602
2025-01-20 00:36:31.832 162533 DEBUG oslo_service.service [req-ed0e905c-5a44-4634-9c5f-a52c0a263597 - - - - -] osapi_compute_listen = 0.0.0.0 log_opt_values /usr/lib/python3/dist-packages/oslo_config/cfg.py:2602
2025-01-20 00:36:31.832 162533 DEBUG oslo_service.service [req-ed0e905c-5a44-4634-9c5f-a52c0a263597 - - - - -] osapi_compute_listen_port = 8764 log_opt_values /usr/lib/python3/dist-packages/oslo_config/cfg.py:2602
2025-01-20 00:36:31.832 162533 DEBUG oslo_service.service [req-ed0e905c-5a44-4634-9c5f-a52c0a263597 - - - - -] osapi_compute_unique_server_name_scope = log_opt_values /usr/lib/python3/dist-packages/oslo_config/cfg.py:2602
2025-01-20 00:36:31.832 162533 DEBUG oslo_service.service [req-ed0e905c-5a44-4634-9c5f-a52c0a263597 - - - - -] osapi_compute_workers = 4 log_opt_values /usr/lib/python3/dist-packages/oslo_config/cfg.py:2602
2025-01-20 00:36:31.832 162533 DEBUG oslo_service.service [req-ed0e905c-5a44-4634-9c5f-a52c0a263597 - - - - -] password_length = 12 log_opt_values /usr/lib/python3/dist-packages/oslo_config/cfg.py:2602
2025-01-20 00:36:31.832 162533 DEBUG oslo_service.service [req-ed0e905c-5a44-4634-9c5f-a52c0a263597 - - - - -] periodic_enable = True log_opt_values /usr/lib/python3/dist-packages/oslo_config/cfg.py:2602
2025-01-20 00:36:31.832 162533 DEBUG oslo_service.service [req-ed0e905c-5a44-4634-9c5f-a52c0a263597 - - - - -] periodic_fuzzy_delay = 60 log_opt_values /usr/lib/python3/dist-packages/oslo_config/cfg.py:2602
2025-01-20 00:36:31.833 162533 DEBUG oslo_service.service [req-ed0e905c-5a44-4634-9c5f-a52c0a263597 - - - - -] pointer_model = usbtablet log_opt_values /usr/lib/python3/dist-packages/oslo_config/cfg.py:2602
2025-01-20 00:36:31.833 162533 DEBUG oslo_service.service [req-ed0e905c-5a44-4634-9c5f-a52c0a263597 - - - - -] preallocate_images = none log_opt_values /usr/lib/python3/dist-packages/oslo_config/cfg.py:2602
2025-01-20 00:36:31.833 162533 DEBUG oslo_service.service [req-ed0e905c-5a44-4634-9c5f-a52c0a263597 - - - - -] publish_errors = False log_opt_values /usr/lib/python3/dist-packages/oslo_config/cfg.py:2602
2025-01-20 00:36:31.833 162533 DEBUG oslo_service.service [req-ed0e905c-5a44-4634-9c5f-a52c0a263597 - - - - -] pybasedir = /usr/lib/python3/dist-packages log_opt_values /usr/lib/python3/dist-packages/oslo_config/cfg.py:2602
2025-01-20 00:36:31.833 162533 DEBUG oslo_service.service [req-ed0e905c-5a44-4634-9c5f-a52c0a263597 - - - - -] ram_allocation_ratio = 0.98 log_opt_values /usr/lib/python3/dist-packages/oslo_config/cfg.py:2602
2025-01-20 00:36:31.833 162533 DEBUG oslo_service.service [req-ed0e905c-5a44-4634-9c5f-a52c0a263597 - - - - -] rate_limit_burst = 0 log_opt_values /usr/lib/python3/dist-packages/oslo_config/cfg.py:2602
2025-01-20 00:36:31.834 162533 DEBUG oslo_service.service [req-ed0e905c-5a44-4634-9c5f-a52c0a263597 - - - - -] rate_limit_except_level = CRITICAL log_opt_values /usr/lib/python3/dist-packages/oslo_config/cfg.py:2602
2025-01-20 00:36:31.834 162533 DEBUG oslo_service.service [req-ed0e905c-5a44-4634-9c5f-a52c0a263597 - - - - -] rate_limit_interval = 0 log_opt_values /usr/lib/python3/dist-packages/oslo_config/cfg.py:2602
2025-01-20 00:36:31.834 162533 DEBUG oslo_service.service [req-ed0e905c-5a44-4634-9c5f-a52c0a263597 - - - - -] reboot_timeout = 0 log_opt_values /usr/lib/python3/dist-packages/oslo_config/cfg.py:2602
2025-01-20 00:36:31.834 162533 DEBUG oslo_service.service [req-ed0e905c-5a44-4634-9c5f-a52c0a263597 - - - - -] reclaim_instance_interval = 0 log_opt_values /usr/lib/python3/dist-packages/oslo_config/cfg.py:2602
2025-01-20 00:36:31.834 162533 DEBUG oslo_service.service [req-ed0e905c-5a44-4634-9c5f-a52c0a263597 - - - - -] record = None log_opt_values /usr/lib/python3/dist-packages/oslo_config/cfg.py:2602
2025-01-20 00:36:31.835 162533 DEBUG oslo_service.service [req-ed0e905c-5a44-4634-9c5f-a52c0a263597 - - - - -] report_interval = 10 log_opt_values /usr/lib/python3/dist-packages/oslo_config/cfg.py:2602
2025-01-20 00:36:31.835 162533 DEBUG oslo_service.service [req-ed0e905c-5a44-4634-9c5f-a52c0a263597 - - - - -] rescue_timeout = 0 log_opt_values /usr/lib/python3/dist-packages/oslo_config/cfg.py:2602
2025-01-20 00:36:31.835 162830 DEBUG nova.service [req-21690ebc-d27c-4f9c-9fa9-3f6477bcb555 - - - - -] Creating RPC server for service conductor start /usr/lib/python3/dist-packages/nova/service.py:182
2025-01-20 00:36:31.835 162533 DEBUG oslo_service.service [req-ed0e905c-5a44-4634-9c5f-a52c0a263597 - - - - -] reserved_host_cpus = 0 log_opt_values /usr/lib/python3/dist-packages/oslo_config/cfg.py:2602
2025-01-20 00:36:31.835 162533 DEBUG oslo_service.service [req-ed0e905c-5a44-4634-9c5f-a52c0a263597 - - - - -] reserved_host_disk_mb = 0 log_opt_values /usr/lib/python3/dist-packages/oslo_config/cfg.py:2602
2025-01-20 00:36:31.835 162533 DEBUG oslo_service.service [req-ed0e905c-5a44-4634-9c5f-a52c0a263597 - - - - -] reserved_host_memory_mb = 512 log_opt_values /usr/lib/python3/dist-packages/oslo_config/cfg.py:2602
2025-01-20 00:36:31.835 162533 DEBUG oslo_service.service [req-ed0e905c-5a44-4634-9c5f-a52c0a263597 - - - - -] reserved_huge_pages = None log_opt_values /usr/lib/python3/dist-packages/oslo_config/cfg.py:2602
2025-01-20 00:36:31.836 162533 DEBUG oslo_service.service [req-ed0e905c-5a44-4634-9c5f-a52c0a263597 - - - - -] resize_confirm_window = 0 log_opt_values /usr/lib/python3/dist-packages/oslo_config/cfg.py:2602
2025-01-20 00:36:31.836 162533 DEBUG oslo_service.service [req-ed0e905c-5a44-4634-9c5f-a52c0a263597 - - - - -] resize_fs_using_block_device = False log_opt_values /usr/lib/python3/dist-packages/oslo_config/cfg.py:2602
2025-01-20 00:36:31.836 162533 DEBUG oslo_service.service [req-ed0e905c-5a44-4634-9c5f-a52c0a263597 - - - - -] resume_guests_state_on_host_boot = False log_opt_values /usr/lib/python3/dist-packages/oslo_config/cfg.py:2602
2025-01-20 00:36:31.836 162533 DEBUG oslo_service.service [req-ed0e905c-5a44-4634-9c5f-a52c0a263597 - - - - -] rootwrap_config = /etc/nova/rootwrap.conf log_opt_values /usr/lib/python3/dist-packages/oslo_config/cfg.py:2602
2025-01-20 00:36:31.836 162533 DEBUG oslo_service.service [req-ed0e905c-5a44-4634-9c5f-a52c0a263597 - - - - -] rpc_response_timeout = 60 log_opt_values /usr/lib/python3/dist-packages/oslo_config/cfg.py:2602
2025-01-20 00:36:31.837 162533 DEBUG oslo_service.service [req-ed0e905c-5a44-4634-9c5f-a52c0a263597 - - - - -] run_external_periodic_tasks = True log_opt_values /usr/lib/python3/dist-packages/oslo_config/cfg.py:2602
2025-01-20 00:36:31.837 162533 DEBUG oslo_service.service [req-ed0e905c-5a44-4634-9c5f-a52c0a263597 - - - - -] running_deleted_instance_action = reap log_opt_values /usr/lib/python3/dist-packages/oslo_config/cfg.py:2602
2025-01-20 00:36:31.837 162533 DEBUG oslo_service.service [req-ed0e905c-5a44-4634-9c5f-a52c0a263597 - - - - -] running_deleted_instance_poll_interval = 1800 log_opt_values /usr/lib/python3/dist-packages/oslo_config/cfg.py:2602
2025-01-20 00:36:31.837 162533 DEBUG oslo_service.service [req-ed0e905c-5a44-4634-9c5f-a52c0a263597 - - - - -] running_deleted_instance_timeout = 0 log_opt_values /usr/lib/python3/dist-packages/oslo_config/cfg.py:2602
2025-01-20 00:36:31.837 162533 DEBUG oslo_service.service [req-ed0e905c-5a44-4634-9c5f-a52c0a263597 - - - - -] scheduler_instance_sync_interval = 120 log_opt_values /usr/lib/python3/dist-packages/oslo_config/cfg.py:2602
2025-01-20 00:36:31.837 162533 DEBUG oslo_service.service [req-ed0e905c-5a44-4634-9c5f-a52c0a263597 - - - - -] service_down_time = 60 log_opt_values /usr/lib/python3/dist-packages/oslo_config/cfg.py:2602
2025-01-20 00:36:31.838 162533 DEBUG oslo_service.service [req-ed0e905c-5a44-4634-9c5f-a52c0a263597 - - - - -] servicegroup_driver = db log_opt_values /usr/lib/python3/dist-packages/oslo_config/cfg.py:2602
2025-01-20 00:36:31.838 162533 DEBUG oslo_service.service [req-ed0e905c-5a44-4634-9c5f-a52c0a263597 - - - - -] shelved_offload_time = 0 log_opt_values /usr/lib/python3/dist-packages/oslo_config/cfg.py:2602
2025-01-20 00:36:31.838 162533 DEBUG oslo_service.service [req-ed0e905c-5a44-4634-9c5f-a52c0a263597 - - - - -] shelved_poll_interval = 3600 log_opt_values /usr/lib/python3/dist-packages/oslo_config/cfg.py:2602
2025-01-20 00:36:31.838 162533 DEBUG oslo_service.service [req-ed0e905c-5a44-4634-9c5f-a52c0a263597 - - - - -] shutdown_timeout = 60 log_opt_values /usr/lib/python3/dist-packages/oslo_config/cfg.py:2602
2025-01-20 00:36:31.838 162533 DEBUG oslo_service.service [req-ed0e905c-5a44-4634-9c5f-a52c0a263597 - - - - -] source_is_ipv6 = False log_opt_values /usr/lib/python3/dist-packages/oslo_config/cfg.py:2602
2025-01-20 00:36:31.838 162533 DEBUG oslo_service.service [req-ed0e905c-5a44-4634-9c5f-a52c0a263597 - - - - -] ssl_only = False log_opt_values /usr/lib/python3/dist-packages/oslo_config/cfg.py:2602
2025-01-20 00:36:31.838 162533 DEBUG oslo_service.service [req-ed0e905c-5a44-4634-9c5f-a52c0a263597 - - - - -] state_path = /var/lib/nova log_opt_values /usr/lib/python3/dist-packages/oslo_config/cfg.py:2602
2025-01-20 00:36:31.839 162533 DEBUG oslo_service.service [req-ed0e905c-5a44-4634-9c5f-a52c0a263597 - - - - -] sync_power_state_interval = 600 log_opt_values /usr/lib/python3/dist-packages/oslo_config/cfg.py:2602
2025-01-20 00:36:31.839 162533 DEBUG oslo_service.service [req-ed0e905c-5a44-4634-9c5f-a52c0a263597 - - - - -] sync_power_state_pool_size = 1000 log_opt_values /usr/lib/python3/dist-packages/oslo_config/cfg.py:2602
2025-01-20 00:36:31.839 162533 DEBUG oslo_service.service [req-ed0e905c-5a44-4634-9c5f-a52c0a263597 - - - - -] syslog_log_facility = LOG_USER log_opt_values /usr/lib/python3/dist-packages/oslo_config/cfg.py:2602
2025-01-20 00:36:31.839 162533 DEBUG oslo_service.service [req-ed0e905c-5a44-4634-9c5f-a52c0a263597 - - - - -] tempdir = None log_opt_values /usr/lib/python3/dist-packages/oslo_config/cfg.py:2602
2025-01-20 00:36:31.839 162533 DEBUG oslo_service.service [req-ed0e905c-5a44-4634-9c5f-a52c0a263597 - - - - -] timeout_nbd = 10 log_opt_values /usr/lib/python3/dist-packages/oslo_config/cfg.py:2602
2025-01-20 00:36:31.839 162533 DEBUG oslo_service.service [req-ed0e905c-5a44-4634-9c5f-a52c0a263597 - - - - -] transport_url = **** log_opt_values /usr/lib/python3/dist-packages/oslo_config/cfg.py:2602
2025-01-20 00:36:31.840 162533 DEBUG oslo_service.service [req-ed0e905c-5a44-4634-9c5f-a52c0a263597 - - - - -] update_resources_interval = 0 log_opt_values /usr/lib/python3/dist-packages/oslo_config/cfg.py:2602
2025-01-20 00:36:31.840 162533 DEBUG oslo_service.service [req-ed0e905c-5a44-4634-9c5f-a52c0a263597 - - - - -] use_cow_images = True log_opt_values /usr/lib/python3/dist-packages/oslo_config/cfg.py:2602
2025-01-20 00:36:31.840 162533 DEBUG oslo_service.service [req-ed0e905c-5a44-4634-9c5f-a52c0a263597 - - - - -] use_eventlog = False log_opt_values /usr/lib/python3/dist-packages/oslo_config/cfg.py:2602
2025-01-20 00:36:31.840 162533 DEBUG oslo_service.service [req-ed0e905c-5a44-4634-9c5f-a52c0a263597 - - - - -] use_journal = False log_opt_values /usr/lib/python3/dist-packages/oslo_config/cfg.py:2602
2025-01-20 00:36:31.840 162533 DEBUG oslo_service.service [req-ed0e905c-5a44-4634-9c5f-a52c0a263597 - - - - -] use_json = False log_opt_values /usr/lib/python3/dist-packages/oslo_config/cfg.py:2602
2025-01-20 00:36:31.840 162533 DEBUG oslo_service.service [req-ed0e905c-5a44-4634-9c5f-a52c0a263597 - - - - -] use_rootwrap_daemon = False log_opt_values /usr/lib/python3/dist-packages/oslo_config/cfg.py:2602
2025-01-20 00:36:31.840 162533 DEBUG oslo_service.service [req-ed0e905c-5a44-4634-9c5f-a52c0a263597 - - - - -] use_stderr = False log_opt_values /usr/lib/python3/dist-packages/oslo_config/cfg.py:2602
2025-01-20 00:36:31.841 162533 DEBUG oslo_service.service [req-ed0e905c-5a44-4634-9c5f-a52c0a263597 - - - - -] use_syslog = False log_opt_values /usr/lib/python3/dist-packages/oslo_config/cfg.py:2602
2025-01-20 00:36:31.841 162831 DEBUG nova.service [req-6c2ebcc2-a0e5-4ca3-b76b-ebdf5affe72f - - - - -] Creating RPC server for service conductor start /usr/lib/python3/dist-packages/nova/service.py:182
2025-01-20 00:36:31.841 162533 DEBUG oslo_service.service [req-ed0e905c-5a44-4634-9c5f-a52c0a263597 - - - - -] vcpu_pin_set = None log_opt_values /usr/lib/python3/dist-packages/oslo_config/cfg.py:2602
2025-01-20 00:36:31.841 162533 DEBUG oslo_service.service [req-ed0e905c-5a44-4634-9c5f-a52c0a263597 - - - - -] vif_plugging_is_fatal = True log_opt_values /usr/lib/python3/dist-packages/oslo_config/cfg.py:2602
2025-01-20 00:36:31.841 162533 DEBUG oslo_service.service [req-ed0e905c-5a44-4634-9c5f-a52c0a263597 - - - - -] vif_plugging_timeout = 300 log_opt_values /usr/lib/python3/dist-packages/oslo_config/cfg.py:2602
2025-01-20 00:36:31.841 162533 DEBUG oslo_service.service [req-ed0e905c-5a44-4634-9c5f-a52c0a263597 - - - - -] virt_mkfs = [] log_opt_values /usr/lib/python3/dist-packages/oslo_config/cfg.py:2602
2025-01-20 00:36:31.841 162533 DEBUG oslo_service.service [req-ed0e905c-5a44-4634-9c5f-a52c0a263597 - - - - -] volume_usage_poll_interval = 0 log_opt_values /usr/lib/python3/dist-packages/oslo_config/cfg.py:2602
2025-01-20 00:36:31.842 162533 DEBUG oslo_service.service [req-ed0e905c-5a44-4634-9c5f-a52c0a263597 - - - - -] watch_log_file = False log_opt_values /usr/lib/python3/dist-packages/oslo_config/cfg.py:2602
2025-01-20 00:36:31.842 162533 DEBUG oslo_service.service [req-ed0e905c-5a44-4634-9c5f-a52c0a263597 - - - - -] web = /usr/share/spice-html5 log_opt_values /usr/lib/python3/dist-packages/oslo_config/cfg.py:2602
2025-01-20 00:36:31.842 162533 DEBUG oslo_service.service [req-ed0e905c-5a44-4634-9c5f-a52c0a263597 - - - - -] oslo_concurrency.disable_process_locking = False log_opt_values /usr/lib/python3/dist-packages/oslo_config/cfg.py:2609
2025-01-20 00:36:31.842 162533 DEBUG oslo_service.service [req-ed0e905c-5a44-4634-9c5f-a52c0a263597 - - - - -] oslo_concurrency.lock_path = /var/lock/nova log_opt_values /usr/lib/python3/dist-packages/oslo_config/cfg.py:2609
2025-01-20 00:36:31.843 162533 DEBUG oslo_service.service [req-ed0e905c-5a44-4634-9c5f-a52c0a263597 - - - - -] oslo_messaging_metrics.metrics_buffer_size = 1000 log_opt_values /usr/lib/python3/dist-packages/oslo_config/cfg.py:2609
2025-01-20 00:36:31.843 162533 DEBUG oslo_service.service [req-ed0e905c-5a44-4634-9c5f-a52c0a263597 - - - - -] oslo_messaging_metrics.metrics_enabled = False log_opt_values /usr/lib/python3/dist-packages/oslo_config/cfg.py:2609
2025-01-20 00:36:31.843 162533 DEBUG oslo_service.service [req-ed0e905c-5a44-4634-9c5f-a52c0a263597 - - - - -] oslo_messaging_metrics.metrics_process_name = log_opt_values /usr/lib/python3/dist-packages/oslo_config/cfg.py:2609
2025-01-20 00:36:31.843 162533 DEBUG oslo_service.service [req-ed0e905c-5a44-4634-9c5f-a52c0a263597 - - - - -] oslo_messaging_metrics.metrics_socket_file = /var/tmp/metrics_collector.sock log_opt_values /usr/lib/python3/dist-packages/oslo_config/cfg.py:2609
2025-01-20 00:36:31.843 162533 DEBUG oslo_service.service [req-ed0e905c-5a44-4634-9c5f-a52c0a263597 - - - - -] oslo_messaging_metrics.metrics_thread_stop_timeout = 10 log_opt_values /usr/lib/python3/dist-packages/oslo_config/cfg.py:2609
2025-01-20 00:36:31.844 162533 WARNING oslo_config.cfg [req-ed0e905c-5a44-4634-9c5f-a52c0a263597 - - - - -] Deprecated: Option "auth_strategy" from group "api" is deprecated for removal ( The only non-default choice, ``noauth2``, is for internal development and testing purposes only and should not be used in deployments. This option and its middleware, NoAuthMiddleware[V2_18], will be removed in a future release. ). Its value may be silently ignored in the future.
2025-01-20 00:36:31.845 162533 DEBUG oslo_service.service [req-ed0e905c-5a44-4634-9c5f-a52c0a263597 - - - - -] api.auth_strategy = keystone log_opt_values /usr/lib/python3/dist-packages/oslo_config/cfg.py:2609
2025-01-20 00:36:31.845 162533 DEBUG oslo_service.service [req-ed0e905c-5a44-4634-9c5f-a52c0a263597 - - - - -] api.compute_link_prefix = None log_opt_values /usr/lib/python3/dist-packages/oslo_config/cfg.py:2609
2025-01-20 00:36:31.846 162533 DEBUG oslo_service.service [req-ed0e905c-5a44-4634-9c5f-a52c0a263597 - - - - -] api.config_drive_skip_versions = 1.0 2007-01-19 2007-03-01 2007-08-29 2007-10-10 2007-12-15 2008-02-01 2008-09-01 log_opt_values /usr/lib/python3/dist-packages/oslo_config/cfg.py:2609
2025-01-20 00:36:31.846 162533 DEBUG oslo_service.service [req-ed0e905c-5a44-4634-9c5f-a52c0a263597 - - - - -] api.dhcp_domain = novalocal log_opt_values /usr/lib/python3/dist-packages/oslo_config/cfg.py:2609
2025-01-20 00:36:31.846 162533 DEBUG oslo_service.service [req-ed0e905c-5a44-4634-9c5f-a52c0a263597 - - - - -] api.enable_instance_password = True log_opt_values /usr/lib/python3/dist-packages/oslo_config/cfg.py:2609
2025-01-20 00:36:31.847 162533 DEBUG oslo_service.service [req-ed0e905c-5a44-4634-9c5f-a52c0a263597 - - - - -] api.glance_link_prefix = None log_opt_values /usr/lib/python3/dist-packages/oslo_config/cfg.py:2609
2025-01-20 00:36:31.849 162533 DEBUG oslo_service.service [req-ed0e905c-5a44-4634-9c5f-a52c0a263597 - - - - -] api.instance_list_cells_batch_fixed_size = 100 log_opt_values /usr/lib/python3/dist-packages/oslo_config/cfg.py:2609
2025-01-20 00:36:31.849 162533 DEBUG oslo_service.service [req-ed0e905c-5a44-4634-9c5f-a52c0a263597 - - - - -] api.instance_list_cells_batch_strategy = distributed log_opt_values /usr/lib/python3/dist-packages/oslo_config/cfg.py:2609
2025-01-20 00:36:31.849 162533 DEBUG oslo_service.service [req-ed0e905c-5a44-4634-9c5f-a52c0a263597 - - - - -] api.instance_list_per_project_cells = False log_opt_values /usr/lib/python3/dist-packages/oslo_config/cfg.py:2609
2025-01-20 00:36:31.850 162533 DEBUG oslo_service.service [req-ed0e905c-5a44-4634-9c5f-a52c0a263597 - - - - -] api.list_records_by_skipping_down_cells = True log_opt_values /usr/lib/python3/dist-packages/oslo_config/cfg.py:2609
2025-01-20 00:36:31.850 162533 DEBUG oslo_service.service [req-ed0e905c-5a44-4634-9c5f-a52c0a263597 - - - - -] api.local_metadata_per_cell = False log_opt_values /usr/lib/python3/dist-packages/oslo_config/cfg.py:2609
2025-01-20 00:36:31.851 162832 DEBUG nova.service [req-efd818c3-83d5-4109-9ca8-4b7311171ee1 - - - - -] Creating RPC server for service conductor start /usr/lib/python3/dist-packages/nova/service.py:182
2025-01-20 00:36:31.851 162533 DEBUG oslo_service.service [req-ed0e905c-5a44-4634-9c5f-a52c0a263597 - - - - -] api.max_limit = 1000 log_opt_values /usr/lib/python3/dist-packages/oslo_config/cfg.py:2609
2025-01-20 00:36:31.851 162533 DEBUG oslo_service.service [req-ed0e905c-5a44-4634-9c5f-a52c0a263597 - - - - -] api.metadata_cache_expiration = 15 log_opt_values /usr/lib/python3/dist-packages/oslo_config/cfg.py:2609
2025-01-20 00:36:31.851 162533 DEBUG oslo_service.service [req-ed0e905c-5a44-4634-9c5f-a52c0a263597 - - - - -] api.neutron_default_tenant_id = default log_opt_values /usr/lib/python3/dist-packages/oslo_config/cfg.py:2609
2025-01-20 00:36:31.852 162533 DEBUG oslo_service.service [req-ed0e905c-5a44-4634-9c5f-a52c0a263597 - - - - -] api.use_forwarded_for = False log_opt_values /usr/lib/python3/dist-packages/oslo_config/cfg.py:2609
2025-01-20 00:36:31.852 162533 DEBUG oslo_service.service [req-ed0e905c-5a44-4634-9c5f-a52c0a263597 - - - - -] api.use_neutron_default_nets = False log_opt_values /usr/lib/python3/dist-packages/oslo_config/cfg.py:2609
2025-01-20 00:36:31.852 162533 DEBUG oslo_service.service [req-ed0e905c-5a44-4634-9c5f-a52c0a263597 - - - - -] api.vendordata_dynamic_connect_timeout = 5 log_opt_values /usr/lib/python3/dist-packages/oslo_config/cfg.py:2609
2025-01-20 00:36:31.852 162533 DEBUG oslo_service.service [req-ed0e905c-5a44-4634-9c5f-a52c0a263597 - - - - -] api.vendordata_dynamic_failure_fatal = False log_opt_values /usr/lib/python3/dist-packages/oslo_config/cfg.py:2609
2025-01-20 00:36:31.853 162533 DEBUG oslo_service.service [req-ed0e905c-5a44-4634-9c5f-a52c0a263597 - - - - -] api.vendordata_dynamic_read_timeout = 5 log_opt_values /usr/lib/python3/dist-packages/oslo_config/cfg.py:2609
2025-01-20 00:36:31.854 162533 DEBUG oslo_service.service [req-ed0e905c-5a44-4634-9c5f-a52c0a263597 - - - - -] api.vendordata_dynamic_ssl_certfile = log_opt_values /usr/lib/python3/dist-packages/oslo_config/cfg.py:2609
2025-01-20 00:36:31.857 162533 DEBUG oslo_service.service [req-ed0e905c-5a44-4634-9c5f-a52c0a263597 - - - - -] api.vendordata_dynamic_targets = [] log_opt_values /usr/lib/python3/dist-packages/oslo_config/cfg.py:2609
2025-01-20 00:36:31.858 162533 DEBUG oslo_service.service [req-ed0e905c-5a44-4634-9c5f-a52c0a263597 - - - - -] api.vendordata_jsonfile_path = None log_opt_values /usr/lib/python3/dist-packages/oslo_config/cfg.py:2609
2025-01-20 00:36:31.858 162829 DEBUG oslo_messaging._drivers.amqpdriver [-] Listener is running poll /usr/lib/python3/dist-packages/oslo_messaging/_drivers/amqpdriver.py:343
2025-01-20 00:36:31.858 162829 DEBUG oslo_messaging._drivers.amqpdriver [-] AMQPListener connection consume poll /usr/lib/python3/dist-packages/oslo_messaging/_drivers/amqpdriver.py:357
2025-01-20 00:36:31.858 162533 DEBUG oslo_service.service [req-ed0e905c-5a44-4634-9c5f-a52c0a263597 - - - - -] api.vendordata_providers = ['StaticJSON'] log_opt_values /usr/lib/python3/dist-packages/oslo_config/cfg.py:2609
2025-01-20 00:36:31.859 162533 DEBUG oslo_service.service [req-ed0e905c-5a44-4634-9c5f-a52c0a263597 - - - - -] cache.backend = dogpile.cache.null log_opt_values /usr/lib/python3/dist-packages/oslo_config/cfg.py:2609
2025-01-20 00:36:31.859 162533 DEBUG oslo_service.service [req-ed0e905c-5a44-4634-9c5f-a52c0a263597 - - - - -] cache.backend_argument = **** log_opt_values /usr/lib/python3/dist-packages/oslo_config/cfg.py:2609
2025-01-20 00:36:31.859 162533 DEBUG oslo_service.service [req-ed0e905c-5a44-4634-9c5f-a52c0a263597 - - - - -] cache.config_prefix = cache.oslo log_opt_values /usr/lib/python3/dist-packages/oslo_config/cfg.py:2609
2025-01-20 00:36:31.859 162829 DEBUG nova.service [req-62227961-be55-42c8-a92d-47bbd8ef583e - - - - -] Join ServiceGroup membership for this service conductor start /usr/lib/python3/dist-packages/nova/service.py:199
2025-01-20 00:36:31.860 162533 DEBUG oslo_service.service [req-ed0e905c-5a44-4634-9c5f-a52c0a263597 - - - - -] cache.debug_cache_backend = False log_opt_values /usr/lib/python3/dist-packages/oslo_config/cfg.py:2609
2025-01-20 00:36:31.860 162829 DEBUG nova.servicegroup.drivers.db [req-62227961-be55-42c8-a92d-47bbd8ef583e - - - - -] DB_Driver: join new ServiceGroup member juju-4ab124-0-lxd-7 to the conductor group, service = join /usr/lib/python3/dist-packages/nova/servicegroup/drivers/db.py:44
2025-01-20 00:36:31.860 162533 DEBUG oslo_service.service [req-ed0e905c-5a44-4634-9c5f-a52c0a263597 - - - - -] cache.enabled = False log_opt_values /usr/lib/python3/dist-packages/oslo_config/cfg.py:2609
2025-01-20 00:36:31.860 162533 DEBUG oslo_service.service [req-ed0e905c-5a44-4634-9c5f-a52c0a263597 - - - - -] cache.expiration_time = 600 log_opt_values /usr/lib/python3/dist-packages/oslo_config/cfg.py:2609
2025-01-20 00:36:31.860 162533 DEBUG oslo_service.service [req-ed0e905c-5a44-4634-9c5f-a52c0a263597 - - - - -] cache.memcache_dead_retry = 300 log_opt_values /usr/lib/python3/dist-packages/oslo_config/cfg.py:2609
2025-01-20 00:36:31.860 162533 DEBUG oslo_service.service [req-ed0e905c-5a44-4634-9c5f-a52c0a263597 - - - - -] cache.memcache_pool_connection_get_timeout = 10 log_opt_values /usr/lib/python3/dist-packages/oslo_config/cfg.py:2609
2025-01-20 00:36:31.860 162533 DEBUG oslo_service.service [req-ed0e905c-5a44-4634-9c5f-a52c0a263597 - - - - -] cache.memcache_pool_flush_on_reconnect = False log_opt_values /usr/lib/python3/dist-packages/oslo_config/cfg.py:2609
2025-01-20 00:36:31.861 162533 DEBUG oslo_service.service [req-ed0e905c-5a44-4634-9c5f-a52c0a263597 - - - - -] cache.memcache_pool_maxsize = 10 log_opt_values /usr/lib/python3/dist-packages/oslo_config/cfg.py:2609
2025-01-20 00:36:31.861 162533 DEBUG oslo_service.service [req-ed0e905c-5a44-4634-9c5f-a52c0a263597 - - - - -] cache.memcache_pool_unused_timeout = 60 log_opt_values /usr/lib/python3/dist-packages/oslo_config/cfg.py:2609
2025-01-20 00:36:31.861 162533 DEBUG oslo_service.service [req-ed0e905c-5a44-4634-9c5f-a52c0a263597 - - - - -] cache.memcache_servers = ['localhost:11211'] log_opt_values /usr/lib/python3/dist-packages/oslo_config/cfg.py:2609
2025-01-20 00:36:31.862 162533 DEBUG oslo_service.service [req-ed0e905c-5a44-4634-9c5f-a52c0a263597 - - - - -] cache.memcache_socket_timeout = 1.0 log_opt_values /usr/lib/python3/dist-packages/oslo_config/cfg.py:2609
2025-01-20 00:36:31.862 162533 DEBUG oslo_service.service [req-ed0e905c-5a44-4634-9c5f-a52c0a263597 - - - - -] cache.proxies = [] log_opt_values /usr/lib/python3/dist-packages/oslo_config/cfg.py:2609
2025-01-20 00:36:31.862 162533 DEBUG oslo_service.service [req-ed0e905c-5a44-4634-9c5f-a52c0a263597 - - - - -] cache.tls_allowed_ciphers = None log_opt_values /usr/lib/python3/dist-packages/oslo_config/cfg.py:2609
2025-01-20 00:36:31.862 162533 DEBUG oslo_service.service [req-ed0e905c-5a44-4634-9c5f-a52c0a263597 - - - - -] cache.tls_cafile = None log_opt_values /usr/lib/python3/dist-packages/oslo_config/cfg.py:2609
2025-01-20 00:36:31.862 162829 DEBUG oslo_messaging._drivers.amqpdriver [-] AMQPListener connection timeout poll /usr/lib/python3/dist-packages/oslo_messaging/_drivers/amqpdriver.py:360
2025-01-20 00:36:31.862 162829 DEBUG oslo_messaging._drivers.amqpdriver [-] Listener is running poll /usr/lib/python3/dist-packages/oslo_messaging/_drivers/amqpdriver.py:343
2025-01-20 00:36:31.863 162829 DEBUG oslo_messaging._drivers.amqpdriver [-] AMQPListener connection consume poll /usr/lib/python3/dist-packages/oslo_messaging/_drivers/amqpdriver.py:357
2025-01-20 00:36:31.862 162830 DEBUG oslo_messaging._drivers.amqpdriver [-] Listener is running poll /usr/lib/python3/dist-packages/oslo_messaging/_drivers/amqpdriver.py:343
2025-01-20 00:36:31.863 162830 DEBUG oslo_messaging._drivers.amqpdriver [-] AMQPListener connection consume poll /usr/lib/python3/dist-packages/oslo_messaging/_drivers/amqpdriver.py:357
2025-01-20 00:36:31.863 162533 DEBUG oslo_service.service [req-ed0e905c-5a44-4634-9c5f-a52c0a263597 - - - - -] cache.tls_certfile = None log_opt_values /usr/lib/python3/dist-packages/oslo_config/cfg.py:2609
2025-01-20 00:36:31.863 162533 DEBUG oslo_service.service [req-ed0e905c-5a44-4634-9c5f-a52c0a263597 - - - - -] cache.tls_enabled = False log_opt_values /usr/lib/python3/dist-packages/oslo_config/cfg.py:2609
2025-01-20 00:36:31.864 162533 DEBUG oslo_service.service [req-ed0e905c-5a44-4634-9c5f-a52c0a263597 - - - - -] cache.tls_keyfile = None log_opt_values /usr/lib/python3/dist-packages/oslo_config/cfg.py:2609
2025-01-20 00:36:31.863 162830 DEBUG nova.service [req-21690ebc-d27c-4f9c-9fa9-3f6477bcb555 - - - - -] Join ServiceGroup membership for this service conductor start /usr/lib/python3/dist-packages/nova/service.py:199
2025-01-20 00:36:31.864 162830 DEBUG nova.servicegroup.drivers.db [req-21690ebc-d27c-4f9c-9fa9-3f6477bcb555 - - - - -] DB_Driver: join new ServiceGroup member juju-4ab124-0-lxd-7 to the conductor group, service = join /usr/lib/python3/dist-packages/nova/servicegroup/drivers/db.py:44
2025-01-20 00:36:31.865 162533 DEBUG oslo_service.service [req-ed0e905c-5a44-4634-9c5f-a52c0a263597 - - - - -] cinder.auth_section = None log_opt_values /usr/lib/python3/dist-packages/oslo_config/cfg.py:2609
2025-01-20 00:36:31.866 162533 DEBUG oslo_service.service [req-ed0e905c-5a44-4634-9c5f-a52c0a263597 - - - - -] cinder.auth_type = None log_opt_values /usr/lib/python3/dist-packages/oslo_config/cfg.py:2609
2025-01-20 00:36:31.868 162830 DEBUG oslo_messaging._drivers.amqpdriver [-] AMQPListener connection timeout poll /usr/lib/python3/dist-packages/oslo_messaging/_drivers/amqpdriver.py:360
2025-01-20 00:36:31.868 162533 DEBUG oslo_service.service [req-ed0e905c-5a44-4634-9c5f-a52c0a263597 - - - - -] cinder.cafile = None log_opt_values /usr/lib/python3/dist-packages/oslo_config/cfg.py:2609
2025-01-20 00:36:31.868 162830 DEBUG oslo_messaging._drivers.amqpdriver [-] Listener is running poll /usr/lib/python3/dist-packages/oslo_messaging/_drivers/amqpdriver.py:343
2025-01-20 00:36:31.869 162830 DEBUG oslo_messaging._drivers.amqpdriver [-] AMQPListener connection consume poll /usr/lib/python3/dist-packages/oslo_messaging/_drivers/amqpdriver.py:357
2025-01-20 00:36:31.869 162533 DEBUG oslo_service.service [req-ed0e905c-5a44-4634-9c5f-a52c0a263597 - - - - -] cinder.catalog_info = volumev3::publicURL log_opt_values /usr/lib/python3/dist-packages/oslo_config/cfg.py:2609
2025-01-20 00:36:31.870 162533 DEBUG oslo_service.service [req-ed0e905c-5a44-4634-9c5f-a52c0a263597 - - - - -] cinder.certfile = None log_opt_values /usr/lib/python3/dist-packages/oslo_config/cfg.py:2609
2025-01-20 00:36:31.871 162831 DEBUG oslo_messaging._drivers.amqpdriver [-] Listener is running poll /usr/lib/python3/dist-packages/oslo_messaging/_drivers/amqpdriver.py:343
2025-01-20 00:36:31.871 162831 DEBUG oslo_messaging._drivers.amqpdriver [-] AMQPListener connection consume poll /usr/lib/python3/dist-packages/oslo_messaging/_drivers/amqpdriver.py:357
2025-01-20 00:36:31.871 162533 DEBUG oslo_service.service [req-ed0e905c-5a44-4634-9c5f-a52c0a263597 - - - - -] cinder.collect_timing = False log_opt_values /usr/lib/python3/dist-packages/oslo_config/cfg.py:2609
2025-01-20 00:36:31.871 162533 DEBUG oslo_service.service [req-ed0e905c-5a44-4634-9c5f-a52c0a263597 - - - - -] cinder.cross_az_attach = True log_opt_values /usr/lib/python3/dist-packages/oslo_config/cfg.py:2609
2025-01-20 00:36:31.872 162533 DEBUG oslo_service.service [req-ed0e905c-5a44-4634-9c5f-a52c0a263597 - - - - -] cinder.debug = False log_opt_values /usr/lib/python3/dist-packages/oslo_config/cfg.py:2609
2025-01-20 00:36:31.872 162831 DEBUG nova.service [req-6c2ebcc2-a0e5-4ca3-b76b-ebdf5affe72f - - - - -] Join ServiceGroup membership for this service conductor start /usr/lib/python3/dist-packages/nova/service.py:199
2025-01-20 00:36:31.872 162533 DEBUG oslo_service.service [req-ed0e905c-5a44-4634-9c5f-a52c0a263597 - - - - -] cinder.endpoint_template = None log_opt_values /usr/lib/python3/dist-packages/oslo_config/cfg.py:2609
2025-01-20 00:36:31.872 162831 DEBUG nova.servicegroup.drivers.db [req-6c2ebcc2-a0e5-4ca3-b76b-ebdf5affe72f - - - - -] DB_Driver: join new ServiceGroup member juju-4ab124-0-lxd-7 to the conductor group, service = join /usr/lib/python3/dist-packages/nova/servicegroup/drivers/db.py:44
2025-01-20 00:36:31.872 162533 DEBUG oslo_service.service [req-ed0e905c-5a44-4634-9c5f-a52c0a263597 - - - - -] cinder.http_retries = 3 log_opt_values /usr/lib/python3/dist-packages/oslo_config/cfg.py:2609
2025-01-20 00:36:31.873 162533 DEBUG oslo_service.service [req-ed0e905c-5a44-4634-9c5f-a52c0a263597 - - - - -] cinder.insecure = False log_opt_values /usr/lib/python3/dist-packages/oslo_config/cfg.py:2609
2025-01-20 00:36:31.873 162533 DEBUG oslo_service.service [req-ed0e905c-5a44-4634-9c5f-a52c0a263597 - - - - -] cinder.keyfile = None log_opt_values /usr/lib/python3/dist-packages/oslo_config/cfg.py:2609
2025-01-20 00:36:31.874 162533 DEBUG oslo_service.service [req-ed0e905c-5a44-4634-9c5f-a52c0a263597 - - - - -] cinder.os_region_name = None log_opt_values /usr/lib/python3/dist-packages/oslo_config/cfg.py:2609
2025-01-20 00:36:31.874 162533 DEBUG oslo_service.service [req-ed0e905c-5a44-4634-9c5f-a52c0a263597 - - - - -] cinder.split_loggers = False log_opt_values /usr/lib/python3/dist-packages/oslo_config/cfg.py:2609
2025-01-20 00:36:31.874 162832 DEBUG oslo_messaging._drivers.amqpdriver [-] Listener is running poll /usr/lib/python3/dist-packages/oslo_messaging/_drivers/amqpdriver.py:343
2025-01-20 00:36:31.874 162533 DEBUG oslo_service.service [req-ed0e905c-5a44-4634-9c5f-a52c0a263597 - - - - -] cinder.timeout = None log_opt_values /usr/lib/python3/dist-packages/oslo_config/cfg.py:2609
2025-01-20 00:36:31.874 162832 DEBUG oslo_messaging._drivers.amqpdriver [-] AMQPListener connection consume poll /usr/lib/python3/dist-packages/oslo_messaging/_drivers/amqpdriver.py:357
2025-01-20 00:36:31.874 162533 DEBUG oslo_service.service [req-ed0e905c-5a44-4634-9c5f-a52c0a263597 - - - - -] compute.consecutive_build_service_disable_threshold = 10 log_opt_values /usr/lib/python3/dist-packages/oslo_config/cfg.py:2609
2025-01-20 00:36:31.874 162533 DEBUG oslo_service.service [req-ed0e905c-5a44-4634-9c5f-a52c0a263597 - - - - -] compute.cpu_dedicated_set = None log_opt_values /usr/lib/python3/dist-packages/oslo_config/cfg.py:2609
2025-01-20 00:36:31.875 162533 DEBUG oslo_service.service [req-ed0e905c-5a44-4634-9c5f-a52c0a263597 - - - - -] compute.cpu_shared_set = None log_opt_values /usr/lib/python3/dist-packages/oslo_config/cfg.py:2609
2025-01-20 00:36:31.875 162533 DEBUG oslo_service.service [req-ed0e905c-5a44-4634-9c5f-a52c0a263597 - - - - -] compute.image_type_exclude_list = [] log_opt_values /usr/lib/python3/dist-packages/oslo_config/cfg.py:2609
2025-01-20 00:36:31.875 162533 DEBUG oslo_service.service [req-ed0e905c-5a44-4634-9c5f-a52c0a263597 - - - - -] compute.live_migration_wait_for_vif_plug = True log_opt_values /usr/lib/python3/dist-packages/oslo_config/cfg.py:2609
2025-01-20 00:36:31.875 162533 DEBUG oslo_service.service [req-ed0e905c-5a44-4634-9c5f-a52c0a263597 - - - - -] compute.max_concurrent_disk_ops = 0 log_opt_values /usr/lib/python3/dist-packages/oslo_config/cfg.py:2609
2025-01-20 00:36:31.875 162533 DEBUG oslo_service.service [req-ed0e905c-5a44-4634-9c5f-a52c0a263597 - - - - -] compute.max_disk_devices_to_attach = -1 log_opt_values /usr/lib/python3/dist-packages/oslo_config/cfg.py:2609
2025-01-20 00:36:31.875 162831 DEBUG oslo_messaging._drivers.amqpdriver [-] AMQPListener connection timeout poll /usr/lib/python3/dist-packages/oslo_messaging/_drivers/amqpdriver.py:360
2025-01-20 00:36:31.876 162831 DEBUG oslo_messaging._drivers.amqpdriver [-] Listener is running poll /usr/lib/python3/dist-packages/oslo_messaging/_drivers/amqpdriver.py:343
2025-01-20 00:36:31.876 162533 DEBUG oslo_service.service [req-ed0e905c-5a44-4634-9c5f-a52c0a263597 - - - - -] compute.packing_host_numa_cells_allocation_strategy = True log_opt_values /usr/lib/python3/dist-packages/oslo_config/cfg.py:2609
2025-01-20 00:36:31.876 162831 DEBUG oslo_messaging._drivers.amqpdriver [-] AMQPListener connection consume poll /usr/lib/python3/dist-packages/oslo_messaging/_drivers/amqpdriver.py:357
2025-01-20 00:36:31.876 162533 DEBUG oslo_service.service [req-ed0e905c-5a44-4634-9c5f-a52c0a263597 - - - - -] compute.provider_config_location = /etc/nova/provider_config/ log_opt_values /usr/lib/python3/dist-packages/oslo_config/cfg.py:2609
2025-01-20 00:36:31.876 162533 DEBUG oslo_service.service [req-ed0e905c-5a44-4634-9c5f-a52c0a263597 - - - - -] compute.resource_provider_association_refresh = 300 log_opt_values /usr/lib/python3/dist-packages/oslo_config/cfg.py:2609
2025-01-20 00:36:31.876 162533 DEBUG oslo_service.service [req-ed0e905c-5a44-4634-9c5f-a52c0a263597 - - - - -] compute.shutdown_retry_interval = 10 log_opt_values /usr/lib/python3/dist-packages/oslo_config/cfg.py:2609
2025-01-20 00:36:31.876 162533 DEBUG oslo_service.service [req-ed0e905c-5a44-4634-9c5f-a52c0a263597 - - - - -] compute.vmdk_allowed_types = ['streamOptimized', 'monolithicSparse'] log_opt_values /usr/lib/python3/dist-packages/oslo_config/cfg.py:2609
2025-01-20 00:36:31.876 162533 DEBUG oslo_service.service [req-ed0e905c-5a44-4634-9c5f-a52c0a263597 - - - - -] conductor.workers = 4 log_opt_values /usr/lib/python3/dist-packages/oslo_config/cfg.py:2609
2025-01-20 00:36:31.877 162533 DEBUG oslo_service.service [req-ed0e905c-5a44-4634-9c5f-a52c0a263597 - - - - -] console.allowed_origins = [] log_opt_values /usr/lib/python3/dist-packages/oslo_config/cfg.py:2609
2025-01-20 00:36:31.877 162533 DEBUG oslo_service.service [req-ed0e905c-5a44-4634-9c5f-a52c0a263597 - - - - -] console.ssl_ciphers = None log_opt_values /usr/lib/python3/dist-packages/oslo_config/cfg.py:2609
2025-01-20 00:36:31.877 162533 DEBUG oslo_service.service [req-ed0e905c-5a44-4634-9c5f-a52c0a263597 - - - - -] console.ssl_minimum_version = default log_opt_values /usr/lib/python3/dist-packages/oslo_config/cfg.py:2609
2025-01-20 00:36:31.877 162533 DEBUG oslo_service.service [req-ed0e905c-5a44-4634-9c5f-a52c0a263597 - - - - -] consoleauth.token_ttl = 600 log_opt_values /usr/lib/python3/dist-packages/oslo_config/cfg.py:2609
2025-01-20 00:36:31.877 162533 DEBUG oslo_service.service [req-ed0e905c-5a44-4634-9c5f-a52c0a263597 - - - - -] cyborg.cafile = None log_opt_values /usr/lib/python3/dist-packages/oslo_config/cfg.py:2609
2025-01-20 00:36:31.877 162533 DEBUG oslo_service.service [req-ed0e905c-5a44-4634-9c5f-a52c0a263597 - - - - -] cyborg.certfile = None log_opt_values /usr/lib/python3/dist-packages/oslo_config/cfg.py:2609
2025-01-20 00:36:31.878 162533 DEBUG oslo_service.service [req-ed0e905c-5a44-4634-9c5f-a52c0a263597 - - - - -] cyborg.collect_timing = False log_opt_values /usr/lib/python3/dist-packages/oslo_config/cfg.py:2609
2025-01-20 00:36:31.878 162533 DEBUG oslo_service.service [req-ed0e905c-5a44-4634-9c5f-a52c0a263597 - - - - -] cyborg.connect_retries = None log_opt_values /usr/lib/python3/dist-packages/oslo_config/cfg.py:2609
2025-01-20 00:36:31.878 162533 DEBUG oslo_service.service [req-ed0e905c-5a44-4634-9c5f-a52c0a263597 - - - - -] cyborg.connect_retry_delay = None log_opt_values /usr/lib/python3/dist-packages/oslo_config/cfg.py:2609
2025-01-20 00:36:31.878 162533 DEBUG oslo_service.service [req-ed0e905c-5a44-4634-9c5f-a52c0a263597 - - - - -] cyborg.endpoint_override = None log_opt_values /usr/lib/python3/dist-packages/oslo_config/cfg.py:2609
2025-01-20 00:36:31.878 162533 DEBUG oslo_service.service [req-ed0e905c-5a44-4634-9c5f-a52c0a263597 - - - - -] cyborg.insecure = False log_opt_values /usr/lib/python3/dist-packages/oslo_config/cfg.py:2609
2025-01-20 00:36:31.878 162533 DEBUG oslo_service.service [req-ed0e905c-5a44-4634-9c5f-a52c0a263597 - - - - -] cyborg.keyfile = None log_opt_values /usr/lib/python3/dist-packages/oslo_config/cfg.py:2609
