2025-01-20 01:54:45.766 69070 DEBUG oslo_service.service [-] clients.cert_file = None log_opt_values /usr/lib/python3/dist-packages/oslo_config/cfg.py:2609
2025-01-20 01:54:45.766 69070 DEBUG oslo_service.service [-] clients.endpoint_type = publicURL log_opt_values /usr/lib/python3/dist-packages/oslo_config/cfg.py:2609
2025-01-20 01:54:45.766 69070 DEBUG oslo_service.service [-] clients.insecure = False log_opt_values /usr/lib/python3/dist-packages/oslo_config/cfg.py:2609
2025-01-20 01:54:45.766 69070 DEBUG oslo_service.service [-] clients.key_file = None log_opt_values /usr/lib/python3/dist-packages/oslo_config/cfg.py:2609
2025-01-20 01:54:45.766 69070 DEBUG oslo_service.service [-] clients_aodh.ca_file = None log_opt_values /usr/lib/python3/dist-packages/oslo_config/cfg.py:2609
2025-01-20 01:54:45.766 69070 DEBUG oslo_service.service [-] clients_aodh.cert_file = None log_opt_values /usr/lib/python3/dist-packages/oslo_config/cfg.py:2609
2025-01-20 01:54:45.767 69070 DEBUG oslo_service.service [-] clients_aodh.endpoint_type = None log_opt_values /usr/lib/python3/dist-packages/oslo_config/cfg.py:2609
2025-01-20 01:54:45.767 69070 DEBUG oslo_service.service [-] clients_aodh.insecure = None log_opt_values /usr/lib/python3/dist-packages/oslo_config/cfg.py:2609
2025-01-20 01:54:45.767 69070 DEBUG oslo_service.service [-] clients_aodh.key_file = None log_opt_values /usr/lib/python3/dist-packages/oslo_config/cfg.py:2609
2025-01-20 01:54:45.767 69070 DEBUG oslo_service.service [-] clients_barbican.ca_file = None log_opt_values /usr/lib/python3/dist-packages/oslo_config/cfg.py:2609
2025-01-20 01:54:45.767 69070 DEBUG oslo_service.service [-] clients_barbican.cert_file = None log_opt_values /usr/lib/python3/dist-packages/oslo_config/cfg.py:2609
2025-01-20 01:54:45.767 69070 DEBUG oslo_service.service [-] clients_barbican.endpoint_type = None log_opt_values /usr/lib/python3/dist-packages/oslo_config/cfg.py:2609
2025-01-20 01:54:45.768 69070 DEBUG oslo_service.service [-] clients_barbican.insecure = None log_opt_values /usr/lib/python3/dist-packages/oslo_config/cfg.py:2609
2025-01-20 01:54:45.768 69070 DEBUG oslo_service.service [-] clients_barbican.key_file = None log_opt_values /usr/lib/python3/dist-packages/oslo_config/cfg.py:2609
2025-01-20 01:54:45.768 69070 DEBUG oslo_service.service [-] clients_cinder.ca_file = None log_opt_values /usr/lib/python3/dist-packages/oslo_config/cfg.py:2609
2025-01-20 01:54:45.768 69070 DEBUG oslo_service.service [-] clients_cinder.cert_file = None log_opt_values /usr/lib/python3/dist-packages/oslo_config/cfg.py:2609
2025-01-20 01:54:45.768 69070 DEBUG oslo_service.service [-] clients_cinder.endpoint_type = None log_opt_values /usr/lib/python3/dist-packages/oslo_config/cfg.py:2609
2025-01-20 01:54:45.768 69070 DEBUG oslo_service.service [-] clients_cinder.http_log_debug = False log_opt_values /usr/lib/python3/dist-packages/oslo_config/cfg.py:2609
2025-01-20 01:54:45.768 69070 DEBUG oslo_service.service [-] clients_cinder.insecure = None log_opt_values /usr/lib/python3/dist-packages/oslo_config/cfg.py:2609
2025-01-20 01:54:45.768 69070 DEBUG oslo_service.service [-] clients_cinder.key_file = None log_opt_values /usr/lib/python3/dist-packages/oslo_config/cfg.py:2609
2025-01-20 01:54:45.768 69070 DEBUG oslo_service.service [-] clients_designate.ca_file = None log_opt_values /usr/lib/python3/dist-packages/oslo_config/cfg.py:2609
2025-01-20 01:54:45.769 69070 DEBUG oslo_service.service [-] clients_designate.cert_file = None log_opt_values /usr/lib/python3/dist-packages/oslo_config/cfg.py:2609
2025-01-20 01:54:45.769 69070 DEBUG oslo_service.service [-] clients_designate.endpoint_type = None log_opt_values /usr/lib/python3/dist-packages/oslo_config/cfg.py:2609
2025-01-20 01:54:45.769 69070 DEBUG oslo_service.service [-] clients_designate.insecure = None log_opt_values /usr/lib/python3/dist-packages/oslo_config/cfg.py:2609
2025-01-20 01:54:45.769 69070 DEBUG oslo_service.service [-] clients_designate.key_file = None log_opt_values /usr/lib/python3/dist-packages/oslo_config/cfg.py:2609
2025-01-20 01:54:45.769 69070 DEBUG oslo_service.service [-] clients_glance.ca_file = None log_opt_values /usr/lib/python3/dist-packages/oslo_config/cfg.py:2609
2025-01-20 01:54:45.769 69070 DEBUG oslo_service.service [-] clients_glance.cert_file = None log_opt_values /usr/lib/python3/dist-packages/oslo_config/cfg.py:2609
2025-01-20 01:54:45.769 69070 DEBUG oslo_service.service [-] clients_glance.endpoint_type = None log_opt_values /usr/lib/python3/dist-packages/oslo_config/cfg.py:2609
2025-01-20 01:54:45.769 69070 DEBUG oslo_service.service [-] clients_glance.insecure = None log_opt_values /usr/lib/python3/dist-packages/oslo_config/cfg.py:2609
2025-01-20 01:54:45.769 69070 DEBUG oslo_service.service [-] clients_glance.key_file = None log_opt_values /usr/lib/python3/dist-packages/oslo_config/cfg.py:2609
2025-01-20 01:54:45.770 69070 DEBUG oslo_service.service [-] clients_heat.ca_file = None log_opt_values /usr/lib/python3/dist-packages/oslo_config/cfg.py:2609
2025-01-20 01:54:45.770 69070 DEBUG oslo_service.service [-] clients_heat.cert_file = None log_opt_values /usr/lib/python3/dist-packages/oslo_config/cfg.py:2609
2025-01-20 01:54:45.770 69070 DEBUG oslo_service.service [-] clients_heat.endpoint_type = None log_opt_values /usr/lib/python3/dist-packages/oslo_config/cfg.py:2609
2025-01-20 01:54:45.770 69070 DEBUG oslo_service.service [-] clients_heat.insecure = None log_opt_values /usr/lib/python3/dist-packages/oslo_config/cfg.py:2609
2025-01-20 01:54:45.770 69070 DEBUG oslo_service.service [-] clients_heat.key_file = None log_opt_values /usr/lib/python3/dist-packages/oslo_config/cfg.py:2609
2025-01-20 01:54:45.770 69070 DEBUG oslo_service.service [-] clients_heat.url = log_opt_values /usr/lib/python3/dist-packages/oslo_config/cfg.py:2609
2025-01-20 01:54:45.770 69070 DEBUG oslo_service.service [-] clients_keystone.auth_uri = http://252.37.207.26:5050 log_opt_values /usr/lib/python3/dist-packages/oslo_config/cfg.py:2609
2025-01-20 01:54:45.770 69070 DEBUG oslo_service.service [-] clients_keystone.ca_file = None log_opt_values /usr/lib/python3/dist-packages/oslo_config/cfg.py:2609
2025-01-20 01:54:45.770 69070 DEBUG oslo_service.service [-] clients_keystone.cert_file = None log_opt_values /usr/lib/python3/dist-packages/oslo_config/cfg.py:2609
2025-01-20 01:54:45.770 69070 DEBUG oslo_service.service [-] clients_keystone.endpoint_type = None log_opt_values /usr/lib/python3/dist-packages/oslo_config/cfg.py:2609
2025-01-20 01:54:45.771 69070 DEBUG oslo_service.service [-] clients_keystone.insecure = None log_opt_values /usr/lib/python3/dist-packages/oslo_config/cfg.py:2609
2025-01-20 01:54:45.771 69070 DEBUG oslo_service.service [-] clients_keystone.key_file = None log_opt_values /usr/lib/python3/dist-packages/oslo_config/cfg.py:2609
2025-01-20 01:54:45.771 69070 DEBUG oslo_service.service [-] clients_magnum.ca_file = None log_opt_values /usr/lib/python3/dist-packages/oslo_config/cfg.py:2609
2025-01-20 01:54:45.771 69070 DEBUG oslo_service.service [-] clients_magnum.cert_file = None log_opt_values /usr/lib/python3/dist-packages/oslo_config/cfg.py:2609
2025-01-20 01:54:45.771 69070 DEBUG oslo_service.service [-] clients_magnum.endpoint_type = None log_opt_values /usr/lib/python3/dist-packages/oslo_config/cfg.py:2609
2025-01-20 01:54:45.771 69070 DEBUG oslo_service.service [-] clients_magnum.insecure = None log_opt_values /usr/lib/python3/dist-packages/oslo_config/cfg.py:2609
2025-01-20 01:54:45.771 69070 DEBUG oslo_service.service [-] clients_magnum.key_file = None log_opt_values /usr/lib/python3/dist-packages/oslo_config/cfg.py:2609
2025-01-20 01:54:45.771 69070 DEBUG oslo_service.service [-] clients_manila.ca_file = None log_opt_values /usr/lib/python3/dist-packages/oslo_config/cfg.py:2609
2025-01-20 01:54:45.771 69070 DEBUG oslo_service.service [-] clients_manila.cert_file = None log_opt_values /usr/lib/python3/dist-packages/oslo_config/cfg.py:2609
2025-01-20 01:54:45.771 69070 DEBUG oslo_service.service [-] clients_manila.endpoint_type = None log_opt_values /usr/lib/python3/dist-packages/oslo_config/cfg.py:2609
2025-01-20 01:54:45.772 69070 DEBUG oslo_service.service [-] clients_manila.insecure = None log_opt_values /usr/lib/python3/dist-packages/oslo_config/cfg.py:2609
2025-01-20 01:54:45.772 69070 DEBUG oslo_service.service [-] clients_manila.key_file = None log_opt_values /usr/lib/python3/dist-packages/oslo_config/cfg.py:2609
2025-01-20 01:54:45.772 69070 DEBUG oslo_service.service [-] clients_mistral.ca_file = None log_opt_values /usr/lib/python3/dist-packages/oslo_config/cfg.py:2609
2025-01-20 01:54:45.772 69070 DEBUG oslo_service.service [-] clients_mistral.cert_file = None log_opt_values /usr/lib/python3/dist-packages/oslo_config/cfg.py:2609
2025-01-20 01:54:45.772 69070 DEBUG oslo_service.service [-] clients_mistral.endpoint_type = None log_opt_values /usr/lib/python3/dist-packages/oslo_config/cfg.py:2609
2025-01-20 01:54:45.772 69070 DEBUG oslo_service.service [-] clients_mistral.insecure = None log_opt_values /usr/lib/python3/dist-packages/oslo_config/cfg.py:2609
2025-01-20 01:54:45.772 69070 DEBUG oslo_service.service [-] clients_mistral.key_file = None log_opt_values /usr/lib/python3/dist-packages/oslo_config/cfg.py:2609
2025-01-20 01:54:45.772 69070 DEBUG oslo_service.service [-] clients_monasca.ca_file = None log_opt_values /usr/lib/python3/dist-packages/oslo_config/cfg.py:2609
2025-01-20 01:54:45.772 69070 DEBUG oslo_service.service [-] clients_monasca.cert_file = None log_opt_values /usr/lib/python3/dist-packages/oslo_config/cfg.py:2609
2025-01-20 01:54:45.773 69070 DEBUG oslo_service.service [-] clients_monasca.endpoint_type = None log_opt_values /usr/lib/python3/dist-packages/oslo_config/cfg.py:2609
2025-01-20 01:54:45.773 69070 DEBUG oslo_service.service [-] clients_monasca.insecure = None log_opt_values /usr/lib/python3/dist-packages/oslo_config/cfg.py:2609
2025-01-20 01:54:45.773 69070 DEBUG oslo_service.service [-] clients_monasca.key_file = None log_opt_values /usr/lib/python3/dist-packages/oslo_config/cfg.py:2609
2025-01-20 01:54:45.773 69070 DEBUG oslo_service.service [-] clients_neutron.ca_file = None log_opt_values /usr/lib/python3/dist-packages/oslo_config/cfg.py:2609
2025-01-20 01:54:45.773 69070 DEBUG oslo_service.service [-] clients_neutron.cert_file = None log_opt_values /usr/lib/python3/dist-packages/oslo_config/cfg.py:2609
2025-01-20 01:54:45.773 69070 DEBUG oslo_service.service [-] clients_neutron.endpoint_type = None log_opt_values /usr/lib/python3/dist-packages/oslo_config/cfg.py:2609
2025-01-20 01:54:45.773 69070 DEBUG oslo_service.service [-] clients_neutron.insecure = None log_opt_values /usr/lib/python3/dist-packages/oslo_config/cfg.py:2609
2025-01-20 01:54:45.773 69070 DEBUG oslo_service.service [-] clients_neutron.key_file = None log_opt_values /usr/lib/python3/dist-packages/oslo_config/cfg.py:2609
2025-01-20 01:54:45.773 69070 DEBUG oslo_service.service [-] clients_nova.ca_file = None log_opt_values /usr/lib/python3/dist-packages/oslo_config/cfg.py:2609
2025-01-20 01:54:45.774 69070 DEBUG oslo_service.service [-] clients_nova.cert_file = None log_opt_values /usr/lib/python3/dist-packages/oslo_config/cfg.py:2609
2025-01-20 01:54:45.774 69070 DEBUG oslo_service.service [-] clients_nova.endpoint_type = None log_opt_values /usr/lib/python3/dist-packages/oslo_config/cfg.py:2609
2025-01-20 01:54:45.774 69070 DEBUG oslo_service.service [-] clients_nova.http_log_debug = False log_opt_values /usr/lib/python3/dist-packages/oslo_config/cfg.py:2609
2025-01-20 01:54:45.774 69070 DEBUG oslo_service.service [-] clients_nova.insecure = None log_opt_values /usr/lib/python3/dist-packages/oslo_config/cfg.py:2609
2025-01-20 01:54:45.774 69070 DEBUG oslo_service.service [-] clients_nova.key_file = None log_opt_values /usr/lib/python3/dist-packages/oslo_config/cfg.py:2609
2025-01-20 01:54:45.774 69070 DEBUG oslo_service.service [-] clients_octavia.ca_file = None log_opt_values /usr/lib/python3/dist-packages/oslo_config/cfg.py:2609
2025-01-20 01:54:45.774 69070 DEBUG oslo_service.service [-] clients_octavia.cert_file = None log_opt_values /usr/lib/python3/dist-packages/oslo_config/cfg.py:2609
2025-01-20 01:54:45.774 69070 DEBUG oslo_service.service [-] clients_octavia.endpoint_type = None log_opt_values /usr/lib/python3/dist-packages/oslo_config/cfg.py:2609
2025-01-20 01:54:45.775 69070 DEBUG oslo_service.service [-] clients_octavia.insecure = None log_opt_values /usr/lib/python3/dist-packages/oslo_config/cfg.py:2609
2025-01-20 01:54:45.775 69070 DEBUG oslo_service.service [-] clients_octavia.key_file = None log_opt_values /usr/lib/python3/dist-packages/oslo_config/cfg.py:2609
2025-01-20 01:54:45.775 69070 DEBUG oslo_service.service [-] clients_sahara.ca_file = None log_opt_values /usr/lib/python3/dist-packages/oslo_config/cfg.py:2609
2025-01-20 01:54:45.775 69070 DEBUG oslo_service.service [-] clients_sahara.cert_file = None log_opt_values /usr/lib/python3/dist-packages/oslo_config/cfg.py:2609
2025-01-20 01:54:45.775 69070 DEBUG oslo_service.service [-] clients_sahara.endpoint_type = None log_opt_values /usr/lib/python3/dist-packages/oslo_config/cfg.py:2609
2025-01-20 01:54:45.775 69070 DEBUG oslo_service.service [-] clients_sahara.insecure = None log_opt_values /usr/lib/python3/dist-packages/oslo_config/cfg.py:2609
2025-01-20 01:54:45.775 69070 DEBUG oslo_service.service [-] clients_sahara.key_file = None log_opt_values /usr/lib/python3/dist-packages/oslo_config/cfg.py:2609
2025-01-20 01:54:45.775 69070 DEBUG oslo_service.service [-] clients_senlin.ca_file = None log_opt_values /usr/lib/python3/dist-packages/oslo_config/cfg.py:2609
2025-01-20 01:54:45.776 69070 DEBUG oslo_service.service [-] clients_senlin.cert_file = None log_opt_values /usr/lib/python3/dist-packages/oslo_config/cfg.py:2609
2025-01-20 01:54:45.776 69070 DEBUG oslo_service.service [-] clients_senlin.endpoint_type = None log_opt_values /usr/lib/python3/dist-packages/oslo_config/cfg.py:2609
2025-01-20 01:54:45.776 69070 DEBUG oslo_service.service [-] clients_senlin.insecure = None log_opt_values /usr/lib/python3/dist-packages/oslo_config/cfg.py:2609
2025-01-20 01:54:45.776 69070 DEBUG oslo_service.service [-] clients_senlin.key_file = None log_opt_values /usr/lib/python3/dist-packages/oslo_config/cfg.py:2609
2025-01-20 01:54:45.776 69070 DEBUG oslo_service.service [-] clients_swift.ca_file = None log_opt_values /usr/lib/python3/dist-packages/oslo_config/cfg.py:2609
2025-01-20 01:54:45.776 69070 DEBUG oslo_service.service [-] clients_swift.cert_file = None log_opt_values /usr/lib/python3/dist-packages/oslo_config/cfg.py:2609
2025-01-20 01:54:45.776 69070 DEBUG oslo_service.service [-] clients_swift.endpoint_type = None log_opt_values /usr/lib/python3/dist-packages/oslo_config/cfg.py:2609
2025-01-20 01:54:45.776 69400 INFO heat.engine.worker [-] Starting engine_worker (1.4) in engine 8df68a5a-44ea-4a78-b610-f3233e78869d.
2025-01-20 01:54:45.776 69070 DEBUG oslo_service.service [-] clients_swift.insecure = None log_opt_values /usr/lib/python3/dist-packages/oslo_config/cfg.py:2609
2025-01-20 01:54:45.776 69070 DEBUG oslo_service.service [-] clients_swift.key_file = None log_opt_values /usr/lib/python3/dist-packages/oslo_config/cfg.py:2609
2025-01-20 01:54:45.776 69070 DEBUG oslo_service.service [-] clients_trove.ca_file = None log_opt_values /usr/lib/python3/dist-packages/oslo_config/cfg.py:2609
2025-01-20 01:54:45.777 69070 DEBUG oslo_service.service [-] clients_trove.cert_file = None log_opt_values /usr/lib/python3/dist-packages/oslo_config/cfg.py:2609
2025-01-20 01:54:45.777 69070 DEBUG oslo_service.service [-] clients_trove.endpoint_type = None log_opt_values /usr/lib/python3/dist-packages/oslo_config/cfg.py:2609
2025-01-20 01:54:45.777 69070 DEBUG oslo_service.service [-] clients_trove.insecure = None log_opt_values /usr/lib/python3/dist-packages/oslo_config/cfg.py:2609
2025-01-20 01:54:45.777 69070 DEBUG oslo_service.service [-] clients_trove.key_file = None log_opt_values /usr/lib/python3/dist-packages/oslo_config/cfg.py:2609
2025-01-20 01:54:45.777 69070 DEBUG oslo_service.service [-] clients_vitrage.ca_file = None log_opt_values /usr/lib/python3/dist-packages/oslo_config/cfg.py:2609
2025-01-20 01:54:45.777 69070 DEBUG oslo_service.service [-] clients_vitrage.cert_file = None log_opt_values /usr/lib/python3/dist-packages/oslo_config/cfg.py:2609
2025-01-20 01:54:45.777 69070 DEBUG oslo_service.service [-] clients_vitrage.endpoint_type = None log_opt_values /usr/lib/python3/dist-packages/oslo_config/cfg.py:2609
2025-01-20 01:54:45.777 69070 DEBUG oslo_service.service [-] clients_vitrage.insecure = None log_opt_values /usr/lib/python3/dist-packages/oslo_config/cfg.py:2609
2025-01-20 01:54:45.777 69070 DEBUG oslo_service.service [-] clients_vitrage.key_file = None log_opt_values /usr/lib/python3/dist-packages/oslo_config/cfg.py:2609
2025-01-20 01:54:45.778 69070 DEBUG oslo_service.service [-] clients_zaqar.ca_file = None log_opt_values /usr/lib/python3/dist-packages/oslo_config/cfg.py:2609
2025-01-20 01:54:45.778 69070 DEBUG oslo_service.service [-] clients_zaqar.cert_file = None log_opt_values /usr/lib/python3/dist-packages/oslo_config/cfg.py:2609
2025-01-20 01:54:45.778 69070 DEBUG oslo_service.service [-] clients_zaqar.endpoint_type = None log_opt_values /usr/lib/python3/dist-packages/oslo_config/cfg.py:2609
2025-01-20 01:54:45.778 69070 DEBUG oslo_service.service [-] clients_zaqar.insecure = None log_opt_values /usr/lib/python3/dist-packages/oslo_config/cfg.py:2609
2025-01-20 01:54:45.778 69070 DEBUG oslo_service.service [-] clients_zaqar.key_file = None log_opt_values /usr/lib/python3/dist-packages/oslo_config/cfg.py:2609
2025-01-20 01:54:45.778 69070 DEBUG oslo_service.service [-] database.backend = sqlalchemy log_opt_values /usr/lib/python3/dist-packages/oslo_config/cfg.py:2609
2025-01-20 01:54:45.778 69070 DEBUG oslo_service.service [-] database.connection = **** log_opt_values /usr/lib/python3/dist-packages/oslo_config/cfg.py:2609
2025-01-20 01:54:45.778 69070 DEBUG oslo_service.service [-] database.connection_debug = 0 log_opt_values /usr/lib/python3/dist-packages/oslo_config/cfg.py:2609
2025-01-20 01:54:45.779 69070 DEBUG oslo_service.service [-] database.connection_parameters = log_opt_values /usr/lib/python3/dist-packages/oslo_config/cfg.py:2609
2025-01-20 01:54:45.779 69070 DEBUG oslo_service.service [-] database.connection_recycle_time = 3600 log_opt_values /usr/lib/python3/dist-packages/oslo_config/cfg.py:2609
2025-01-20 01:54:45.779 69070 DEBUG oslo_service.service [-] database.connection_trace = False log_opt_values /usr/lib/python3/dist-packages/oslo_config/cfg.py:2609
2025-01-20 01:54:45.779 69070 DEBUG oslo_service.service [-] database.db_inc_retry_interval = True log_opt_values /usr/lib/python3/dist-packages/oslo_config/cfg.py:2609
2025-01-20 01:54:45.779 69070 DEBUG oslo_service.service [-] database.db_max_retries = 20 log_opt_values /usr/lib/python3/dist-packages/oslo_config/cfg.py:2609
2025-01-20 01:54:45.779 69070 DEBUG oslo_service.service [-] database.db_max_retry_interval = 10 log_opt_values /usr/lib/python3/dist-packages/oslo_config/cfg.py:2609
2025-01-20 01:54:45.779 69070 DEBUG oslo_service.service [-] database.db_retry_interval = 1 log_opt_values /usr/lib/python3/dist-packages/oslo_config/cfg.py:2609
2025-01-20 01:54:45.779 69070 DEBUG oslo_service.service [-] database.max_overflow = 50 log_opt_values /usr/lib/python3/dist-packages/oslo_config/cfg.py:2609
2025-01-20 01:54:45.779 69401 INFO heat.engine.worker [-] Starting engine_worker (1.4) in engine b4b3c50f-4d5a-4f5c-9f40-befc7c8f785d.
2025-01-20 01:54:45.780 69070 DEBUG oslo_service.service [-] database.max_pool_size = 5 log_opt_values /usr/lib/python3/dist-packages/oslo_config/cfg.py:2609
2025-01-20 01:54:45.780 69070 DEBUG oslo_service.service [-] database.max_retries = 10 log_opt_values /usr/lib/python3/dist-packages/oslo_config/cfg.py:2609
2025-01-20 01:54:45.780 69070 DEBUG oslo_service.service [-] database.mysql_enable_ndb = False log_opt_values /usr/lib/python3/dist-packages/oslo_config/cfg.py:2609
2025-01-20 01:54:45.780 69070 DEBUG oslo_service.service [-] database.mysql_sql_mode = TRADITIONAL log_opt_values /usr/lib/python3/dist-packages/oslo_config/cfg.py:2609
2025-01-20 01:54:45.780 69070 DEBUG oslo_service.service [-] database.pool_timeout = None log_opt_values /usr/lib/python3/dist-packages/oslo_config/cfg.py:2609
2025-01-20 01:54:45.780 69070 DEBUG oslo_service.service [-] database.retry_interval = 10 log_opt_values /usr/lib/python3/dist-packages/oslo_config/cfg.py:2609
2025-01-20 01:54:45.780 69070 DEBUG oslo_service.service [-] database.slave_connection = **** log_opt_values /usr/lib/python3/dist-packages/oslo_config/cfg.py:2609
2025-01-20 01:54:45.780 69070 DEBUG oslo_service.service [-] database.sqlite_synchronous = True log_opt_values /usr/lib/python3/dist-packages/oslo_config/cfg.py:2609
2025-01-20 01:54:45.780 69070 DEBUG oslo_service.service [-] database.use_db_reconnect = False log_opt_values /usr/lib/python3/dist-packages/oslo_config/cfg.py:2609
2025-01-20 01:54:45.781 69070 DEBUG oslo_service.service [-] oslo_messaging_metrics.metrics_buffer_size = 1000 log_opt_values /usr/lib/python3/dist-packages/oslo_config/cfg.py:2609
2025-01-20 01:54:45.781 69070 DEBUG oslo_service.service [-] oslo_messaging_metrics.metrics_enabled = False log_opt_values /usr/lib/python3/dist-packages/oslo_config/cfg.py:2609
2025-01-20 01:54:45.781 69070 DEBUG oslo_service.service [-] oslo_messaging_metrics.metrics_process_name = log_opt_values /usr/lib/python3/dist-packages/oslo_config/cfg.py:2609
2025-01-20 01:54:45.781 69070 DEBUG oslo_service.service [-] oslo_messaging_metrics.metrics_socket_file = /var/tmp/metrics_collector.sock log_opt_values /usr/lib/python3/dist-packages/oslo_config/cfg.py:2609
2025-01-20 01:54:45.781 69070 DEBUG oslo_service.service [-] oslo_messaging_metrics.metrics_thread_stop_timeout = 10 log_opt_values /usr/lib/python3/dist-packages/oslo_config/cfg.py:2609
2025-01-20 01:54:45.781 69070 DEBUG oslo_service.service [-] oslo_policy.enforce_new_defaults = False log_opt_values /usr/lib/python3/dist-packages/oslo_config/cfg.py:2609
2025-01-20 01:54:45.782 69070 DEBUG oslo_service.service [-] oslo_policy.enforce_scope = False log_opt_values /usr/lib/python3/dist-packages/oslo_config/cfg.py:2609
2025-01-20 01:54:45.782 69070 DEBUG oslo_service.service [-] oslo_policy.policy_default_rule = default log_opt_values /usr/lib/python3/dist-packages/oslo_config/cfg.py:2609
2025-01-20 01:54:45.782 69070 DEBUG oslo_service.service [-] oslo_policy.policy_dirs = ['policy.d'] log_opt_values /usr/lib/python3/dist-packages/oslo_config/cfg.py:2609
2025-01-20 01:54:45.782 69070 DEBUG oslo_service.service [-] oslo_policy.policy_file = policy.yaml log_opt_values /usr/lib/python3/dist-packages/oslo_config/cfg.py:2609
2025-01-20 01:54:45.782 69070 DEBUG oslo_service.service [-] oslo_policy.remote_content_type = application/x-www-form-urlencoded log_opt_values /usr/lib/python3/dist-packages/oslo_config/cfg.py:2609
2025-01-20 01:54:45.782 69070 DEBUG oslo_service.service [-] oslo_policy.remote_ssl_ca_crt_file = None log_opt_values /usr/lib/python3/dist-packages/oslo_config/cfg.py:2609
2025-01-20 01:54:45.782 69070 DEBUG oslo_service.service [-] oslo_policy.remote_ssl_client_crt_file = None log_opt_values /usr/lib/python3/dist-packages/oslo_config/cfg.py:2609
2025-01-20 01:54:45.782 69070 DEBUG oslo_service.service [-] oslo_policy.remote_ssl_client_key_file = None log_opt_values /usr/lib/python3/dist-packages/oslo_config/cfg.py:2609
2025-01-20 01:54:45.783 69070 DEBUG oslo_service.service [-] oslo_policy.remote_ssl_verify_server_crt = False log_opt_values /usr/lib/python3/dist-packages/oslo_config/cfg.py:2609
2025-01-20 01:54:45.783 69070 DEBUG oslo_service.service [-] trustee.auth_section = None log_opt_values /usr/lib/python3/dist-packages/oslo_config/cfg.py:2609
2025-01-20 01:54:45.783 69070 WARNING oslo_config.cfg [-] Deprecated: Option "auth_plugin" from group "trustee" is deprecated. Use option "auth_type" from group "trustee".
2025-01-20 01:54:45.783 69070 DEBUG oslo_service.service [-] trustee.auth_type = password log_opt_values /usr/lib/python3/dist-packages/oslo_config/cfg.py:2609
2025-01-20 01:54:45.783 69070 DEBUG oslo_service.service [-] oslo_versionedobjects.fatal_exception_format_errors = False log_opt_values /usr/lib/python3/dist-packages/oslo_config/cfg.py:2609
2025-01-20 01:54:45.783 69070 DEBUG oslo_service.service [-] oslo_messaging_rabbit.amqp_auto_delete = False log_opt_values /usr/lib/python3/dist-packages/oslo_config/cfg.py:2609
2025-01-20 01:54:45.784 69070 DEBUG oslo_service.service [-] oslo_messaging_rabbit.amqp_durable_queues = False log_opt_values /usr/lib/python3/dist-packages/oslo_config/cfg.py:2609
2025-01-20 01:54:45.784 69070 DEBUG oslo_service.service [-] oslo_messaging_rabbit.conn_pool_min_size = 2 log_opt_values /usr/lib/python3/dist-packages/oslo_config/cfg.py:2609
2025-01-20 01:54:45.784 69070 DEBUG oslo_service.service [-] oslo_messaging_rabbit.conn_pool_ttl = 1200 log_opt_values /usr/lib/python3/dist-packages/oslo_config/cfg.py:2609
2025-01-20 01:54:45.784 69070 DEBUG oslo_service.service [-] oslo_messaging_rabbit.direct_mandatory_flag = True log_opt_values /usr/lib/python3/dist-packages/oslo_config/cfg.py:2609
2025-01-20 01:54:45.784 69070 DEBUG oslo_service.service [-] oslo_messaging_rabbit.enable_cancel_on_failover = False log_opt_values /usr/lib/python3/dist-packages/oslo_config/cfg.py:2609
2025-01-20 01:54:45.784 69070 DEBUG oslo_service.service [-] oslo_messaging_rabbit.heartbeat_in_pthread = True log_opt_values /usr/lib/python3/dist-packages/oslo_config/cfg.py:2609
2025-01-20 01:54:45.784 69070 DEBUG oslo_service.service [-] oslo_messaging_rabbit.heartbeat_rate = 2 log_opt_values /usr/lib/python3/dist-packages/oslo_config/cfg.py:2609
2025-01-20 01:54:45.784 69070 DEBUG oslo_service.service [-] oslo_messaging_rabbit.heartbeat_timeout_threshold = 60 log_opt_values /usr/lib/python3/dist-packages/oslo_config/cfg.py:2609
2025-01-20 01:54:45.784 69402 INFO heat.engine.worker [-] Starting engine_worker (1.4) in engine 4e37c208-3933-4a32-b509-8ddc0789f337.
2025-01-20 01:54:45.785 69070 DEBUG oslo_service.service [-] oslo_messaging_rabbit.kombu_compression = None log_opt_values /usr/lib/python3/dist-packages/oslo_config/cfg.py:2609
2025-01-20 01:54:45.785 69070 DEBUG oslo_service.service [-] oslo_messaging_rabbit.kombu_failover_strategy = round-robin log_opt_values /usr/lib/python3/dist-packages/oslo_config/cfg.py:2609
2025-01-20 01:54:45.786 69070 DEBUG oslo_service.service [-] oslo_messaging_rabbit.kombu_missing_consumer_retry_timeout = 60 log_opt_values /usr/lib/python3/dist-packages/oslo_config/cfg.py:2609
2025-01-20 01:54:45.786 69070 DEBUG oslo_service.service [-] oslo_messaging_rabbit.kombu_reconnect_delay = 1.0 log_opt_values /usr/lib/python3/dist-packages/oslo_config/cfg.py:2609
2025-01-20 01:54:45.786 69070 DEBUG oslo_service.service [-] oslo_messaging_rabbit.rabbit_ha_queues = False log_opt_values /usr/lib/python3/dist-packages/oslo_config/cfg.py:2609
2025-01-20 01:54:45.786 69070 DEBUG oslo_service.service [-] oslo_messaging_rabbit.rabbit_interval_max = 30 log_opt_values /usr/lib/python3/dist-packages/oslo_config/cfg.py:2609
2025-01-20 01:54:45.786 69070 DEBUG oslo_service.service [-] oslo_messaging_rabbit.rabbit_login_method = AMQPLAIN log_opt_values /usr/lib/python3/dist-packages/oslo_config/cfg.py:2609
2025-01-20 01:54:45.786 69070 DEBUG oslo_service.service [-] oslo_messaging_rabbit.rabbit_qos_prefetch_count = 0 log_opt_values /usr/lib/python3/dist-packages/oslo_config/cfg.py:2609
2025-01-20 01:54:45.786 69070 DEBUG oslo_service.service [-] oslo_messaging_rabbit.rabbit_quorum_queue = False log_opt_values /usr/lib/python3/dist-packages/oslo_config/cfg.py:2609
2025-01-20 01:54:45.786 69070 DEBUG oslo_service.service [-] oslo_messaging_rabbit.rabbit_retry_backoff = 2 log_opt_values /usr/lib/python3/dist-packages/oslo_config/cfg.py:2609
2025-01-20 01:54:45.787 69070 DEBUG oslo_service.service [-] oslo_messaging_rabbit.rabbit_retry_interval = 1 log_opt_values /usr/lib/python3/dist-packages/oslo_config/cfg.py:2609
2025-01-20 01:54:45.787 69070 DEBUG oslo_service.service [-] oslo_messaging_rabbit.rabbit_transient_queues_ttl = 1800 log_opt_values /usr/lib/python3/dist-packages/oslo_config/cfg.py:2609
2025-01-20 01:54:45.787 69070 DEBUG oslo_service.service [-] oslo_messaging_rabbit.rpc_conn_pool_size = 30 log_opt_values /usr/lib/python3/dist-packages/oslo_config/cfg.py:2609
2025-01-20 01:54:45.787 69070 DEBUG oslo_service.service [-] oslo_messaging_rabbit.ssl = False log_opt_values /usr/lib/python3/dist-packages/oslo_config/cfg.py:2609
2025-01-20 01:54:45.787 69070 DEBUG oslo_service.service [-] oslo_messaging_rabbit.ssl_ca_file = log_opt_values /usr/lib/python3/dist-packages/oslo_config/cfg.py:2609
2025-01-20 01:54:45.787 69070 DEBUG oslo_service.service [-] oslo_messaging_rabbit.ssl_cert_file = log_opt_values /usr/lib/python3/dist-packages/oslo_config/cfg.py:2609
2025-01-20 01:54:45.787 69070 DEBUG oslo_service.service [-] oslo_messaging_rabbit.ssl_key_file = log_opt_values /usr/lib/python3/dist-packages/oslo_config/cfg.py:2609
2025-01-20 01:54:45.787 69070 DEBUG oslo_service.service [-] oslo_messaging_rabbit.ssl_version = log_opt_values /usr/lib/python3/dist-packages/oslo_config/cfg.py:2609
2025-01-20 01:54:45.787 69070 DEBUG oslo_service.service [-] oslo_messaging_notifications.driver = [] log_opt_values /usr/lib/python3/dist-packages/oslo_config/cfg.py:2609
2025-01-20 01:54:45.788 69070 DEBUG oslo_service.service [-] oslo_messaging_notifications.retry = -1 log_opt_values /usr/lib/python3/dist-packages/oslo_config/cfg.py:2609
2025-01-20 01:54:45.788 69070 DEBUG oslo_service.service [-] oslo_messaging_notifications.topics = ['notifications'] log_opt_values /usr/lib/python3/dist-packages/oslo_config/cfg.py:2609
2025-01-20 01:54:45.788 69070 DEBUG oslo_service.service [-] oslo_messaging_notifications.transport_url = **** log_opt_values /usr/lib/python3/dist-packages/oslo_config/cfg.py:2609
2025-01-20 01:54:45.788 69070 DEBUG oslo_service.service [-] cache.backend = dogpile.cache.null log_opt_values /usr/lib/python3/dist-packages/oslo_config/cfg.py:2609
2025-01-20 01:54:45.788 69070 DEBUG oslo_service.service [-] cache.backend_argument = **** log_opt_values /usr/lib/python3/dist-packages/oslo_config/cfg.py:2609
2025-01-20 01:54:45.788 69070 DEBUG oslo_service.service [-] cache.config_prefix = cache.oslo log_opt_values /usr/lib/python3/dist-packages/oslo_config/cfg.py:2609
2025-01-20 01:54:45.788 69070 DEBUG oslo_service.service [-] cache.debug_cache_backend = False log_opt_values /usr/lib/python3/dist-packages/oslo_config/cfg.py:2609
2025-01-20 01:54:45.788 69070 DEBUG oslo_service.service [-] cache.enabled = False log_opt_values /usr/lib/python3/dist-packages/oslo_config/cfg.py:2609
2025-01-20 01:54:45.789 69070 DEBUG oslo_service.service [-] cache.expiration_time = 600 log_opt_values /usr/lib/python3/dist-packages/oslo_config/cfg.py:2609
2025-01-20 01:54:45.789 69070 DEBUG oslo_service.service [-] cache.memcache_dead_retry = 300 log_opt_values /usr/lib/python3/dist-packages/oslo_config/cfg.py:2609
2025-01-20 01:54:45.789 69070 DEBUG oslo_service.service [-] cache.memcache_pool_connection_get_timeout = 10 log_opt_values /usr/lib/python3/dist-packages/oslo_config/cfg.py:2609
2025-01-20 01:54:45.789 69070 DEBUG oslo_service.service [-] cache.memcache_pool_flush_on_reconnect = False log_opt_values /usr/lib/python3/dist-packages/oslo_config/cfg.py:2609
2025-01-20 01:54:45.789 69070 DEBUG oslo_service.service [-] cache.memcache_pool_maxsize = 10 log_opt_values /usr/lib/python3/dist-packages/oslo_config/cfg.py:2609
2025-01-20 01:54:45.789 69070 DEBUG oslo_service.service [-] cache.memcache_pool_unused_timeout = 60 log_opt_values /usr/lib/python3/dist-packages/oslo_config/cfg.py:2609
2025-01-20 01:54:45.789 69070 DEBUG oslo_service.service [-] cache.memcache_servers = ['localhost:11211'] log_opt_values /usr/lib/python3/dist-packages/oslo_config/cfg.py:2609
2025-01-20 01:54:45.789 69070 DEBUG oslo_service.service [-] cache.memcache_socket_timeout = 1.0 log_opt_values /usr/lib/python3/dist-packages/oslo_config/cfg.py:2609
2025-01-20 01:54:45.790 69070 DEBUG oslo_service.service [-] cache.proxies = [] log_opt_values /usr/lib/python3/dist-packages/oslo_config/cfg.py:2609
2025-01-20 01:54:45.790 69070 DEBUG oslo_service.service [-] cache.tls_allowed_ciphers = None log_opt_values /usr/lib/python3/dist-packages/oslo_config/cfg.py:2609
2025-01-20 01:54:45.790 69070 DEBUG oslo_service.service [-] cache.tls_cafile = None log_opt_values /usr/lib/python3/dist-packages/oslo_config/cfg.py:2609
2025-01-20 01:54:45.790 69070 DEBUG oslo_service.service [-] cache.tls_certfile = None log_opt_values /usr/lib/python3/dist-packages/oslo_config/cfg.py:2609
2025-01-20 01:54:45.790 69070 DEBUG oslo_service.service [-] cache.tls_enabled = False log_opt_values /usr/lib/python3/dist-packages/oslo_config/cfg.py:2609
2025-01-20 01:54:45.790 69070 DEBUG oslo_service.service [-] cache.tls_keyfile = None log_opt_values /usr/lib/python3/dist-packages/oslo_config/cfg.py:2609
2025-01-20 01:54:45.790 69070 DEBUG oslo_service.service [-] constraint_validation_cache.caching = True log_opt_values /usr/lib/python3/dist-packages/oslo_config/cfg.py:2609
2025-01-20 01:54:45.790 69070 DEBUG oslo_service.service [-] constraint_validation_cache.expiration_time = 60 log_opt_values /usr/lib/python3/dist-packages/oslo_config/cfg.py:2609
2025-01-20 01:54:45.790 69070 DEBUG oslo_service.service [-] service_extension_cache.caching = True log_opt_values /usr/lib/python3/dist-packages/oslo_config/cfg.py:2609
2025-01-20 01:54:45.791 69070 DEBUG oslo_service.service [-] service_extension_cache.expiration_time = 3600 log_opt_values /usr/lib/python3/dist-packages/oslo_config/cfg.py:2609
2025-01-20 01:54:45.791 69070 DEBUG oslo_service.service [-] resource_finder_cache.caching = True log_opt_values /usr/lib/python3/dist-packages/oslo_config/cfg.py:2609
2025-01-20 01:54:45.791 69070 DEBUG oslo_service.service [-] resource_finder_cache.expiration_time = 3600 log_opt_values /usr/lib/python3/dist-packages/oslo_config/cfg.py:2609
2025-01-20 01:54:45.791 69070 DEBUG oslo_service.service [-] yaql.limit_iterators = 200 log_opt_values /usr/lib/python3/dist-packages/oslo_config/cfg.py:2609
2025-01-20 01:54:45.791 69070 DEBUG oslo_service.service [-] yaql.memory_quota = 10000 log_opt_values /usr/lib/python3/dist-packages/oslo_config/cfg.py:2609
2025-01-20 01:54:45.791 69070 DEBUG oslo_service.service [-] ******************************************************************************** log_opt_values /usr/lib/python3/dist-packages/oslo_config/cfg.py:2613
2025-01-20 01:54:45.821 69399 DEBUG oslo_db.sqlalchemy.engines [req-7d29d963-9947-4268-872e-5583c4c35d87 - - - - -] MySQL server mode set to STRICT_TRANS_TABLES,STRICT_ALL_TABLES,NO_ZERO_IN_DATE,NO_ZERO_DATE,ERROR_FOR_DIVISION_BY_ZERO,TRADITIONAL,NO_ENGINE_SUBSTITUTION _check_effective_sql_mode /usr/lib/python3/dist-packages/oslo_db/sqlalchemy/engines.py:314
2025-01-20 01:54:45.855 69402 DEBUG oslo_db.sqlalchemy.engines [req-e3960a32-1b1a-4404-8652-70d26a9461be - - - - -] MySQL server mode set to STRICT_TRANS_TABLES,STRICT_ALL_TABLES,NO_ZERO_IN_DATE,NO_ZERO_DATE,ERROR_FOR_DIVISION_BY_ZERO,TRADITIONAL,NO_ENGINE_SUBSTITUTION _check_effective_sql_mode /usr/lib/python3/dist-packages/oslo_db/sqlalchemy/engines.py:314
2025-01-20 01:54:45.857 69401 DEBUG oslo_db.sqlalchemy.engines [req-f7c763e9-90de-4773-897a-169a60d022fb - - - - -] MySQL server mode set to STRICT_TRANS_TABLES,STRICT_ALL_TABLES,NO_ZERO_IN_DATE,NO_ZERO_DATE,ERROR_FOR_DIVISION_BY_ZERO,TRADITIONAL,NO_ENGINE_SUBSTITUTION _check_effective_sql_mode /usr/lib/python3/dist-packages/oslo_db/sqlalchemy/engines.py:314
2025-01-20 01:54:45.862 69400 DEBUG oslo_db.sqlalchemy.engines [req-018e93b1-3471-4e86-a24f-a21785d3a863 - - - - -] MySQL server mode set to STRICT_TRANS_TABLES,STRICT_ALL_TABLES,NO_ZERO_IN_DATE,NO_ZERO_DATE,ERROR_FOR_DIVISION_BY_ZERO,TRADITIONAL,NO_ENGINE_SUBSTITUTION _check_effective_sql_mode /usr/lib/python3/dist-packages/oslo_db/sqlalchemy/engines.py:314
2025-01-20 01:54:45.911 69399 DEBUG heat.engine.service [req-c98ff4b5-fa5e-4153-b7a3-305015fa26c7 - - - - -] Service 14a0bd4e-6725-4889-b97a-d00b83a99b1f is started service_manage_report /usr/lib/python3/dist-packages/heat/engine/service.py:2363
2025-01-20 01:54:45.937 69399 DEBUG heat.engine.service [req-c98ff4b5-fa5e-4153-b7a3-305015fa26c7 - - - - -] Service 14a0bd4e-6725-4889-b97a-d00b83a99b1f is updated service_manage_report /usr/lib/python3/dist-packages/heat/engine/service.py:2370
2025-01-20 01:54:45.943 69402 DEBUG heat.engine.service [req-bffb0871-e703-44c9-bb4e-f088d974afdb - - - - -] Service 9b79e371-b0b6-4dad-8975-0756e209976c is started service_manage_report /usr/lib/python3/dist-packages/heat/engine/service.py:2363
2025-01-20 01:54:45.943 69401 DEBUG heat.engine.service [req-744d503f-a694-4abd-8b55-61262cf4fffd - - - - -] Service cd399748-3143-4ed7-b1d4-fb02c388b2ff is started service_manage_report /usr/lib/python3/dist-packages/heat/engine/service.py:2363
2025-01-20 01:54:45.960 69402 DEBUG heat.engine.service [req-bffb0871-e703-44c9-bb4e-f088d974afdb - - - - -] Service 9b79e371-b0b6-4dad-8975-0756e209976c is updated service_manage_report /usr/lib/python3/dist-packages/heat/engine/service.py:2370
2025-01-20 01:54:45.965 69401 DEBUG heat.engine.service [req-744d503f-a694-4abd-8b55-61262cf4fffd - - - - -] Service cd399748-3143-4ed7-b1d4-fb02c388b2ff is updated service_manage_report /usr/lib/python3/dist-packages/heat/engine/service.py:2370
2025-01-20 01:54:45.966 69400 DEBUG heat.engine.service [req-1f119b14-fa14-4388-a12a-455cff7dc15e - - - - -] Service e233f686-4b1a-4482-98a3-6209119a9433 is started service_manage_report /usr/lib/python3/dist-packages/heat/engine/service.py:2363
2025-01-20 01:54:45.985 69400 DEBUG heat.engine.service [req-1f119b14-fa14-4388-a12a-455cff7dc15e - - - - -] Service e233f686-4b1a-4482-98a3-6209119a9433 is updated service_manage_report /usr/lib/python3/dist-packages/heat/engine/service.py:2370
2025-01-20 01:55:45.902 69399 DEBUG heat.engine.service [req-fb3a6059-bcd6-4ebf-909e-ed135eac7f17 - - - - -] Service 14a0bd4e-6725-4889-b97a-d00b83a99b1f is updated service_manage_report /usr/lib/python3/dist-packages/heat/engine/service.py:2370
2025-01-20 01:55:45.926 69402 DEBUG heat.engine.service [req-7ee551f4-ae09-47d6-a222-8d1d803a159c - - - - -] Service 9b79e371-b0b6-4dad-8975-0756e209976c is updated service_manage_report /usr/lib/python3/dist-packages/heat/engine/service.py:2370
2025-01-20 01:55:45.931 69401 DEBUG heat.engine.service [req-ba75e8c3-9b7f-474a-95d3-e1a66f215de4 - - - - -] Service cd399748-3143-4ed7-b1d4-fb02c388b2ff is updated service_manage_report /usr/lib/python3/dist-packages/heat/engine/service.py:2370
2025-01-20 01:55:45.949 69400 DEBUG heat.engine.service [req-4482184b-f3e6-499e-b411-5daa848a8e9b - - - - -] Service e233f686-4b1a-4482-98a3-6209119a9433 is updated service_manage_report /usr/lib/python3/dist-packages/heat/engine/service.py:2370
2025-01-20 01:56:45.912 69399 DEBUG heat.engine.service [req-41e6a176-2499-4abc-a29c-1b6922babed2 - - - - -] Service 14a0bd4e-6725-4889-b97a-d00b83a99b1f is updated service_manage_report /usr/lib/python3/dist-packages/heat/engine/service.py:2370
2025-01-20 01:56:45.923 69402 DEBUG heat.engine.service [req-f57f2112-b07a-4187-8978-bc167dd0b03f - - - - -] Service 9b79e371-b0b6-4dad-8975-0756e209976c is updated service_manage_report /usr/lib/python3/dist-packages/heat/engine/service.py:2370
2025-01-20 01:56:45.936 69401 DEBUG heat.engine.service [req-b0581222-87e1-40a5-aac5-c1602dcccd04 - - - - -] Service cd399748-3143-4ed7-b1d4-fb02c388b2ff is updated service_manage_report /usr/lib/python3/dist-packages/heat/engine/service.py:2370
2025-01-20 01:56:45.955 69400 DEBUG heat.engine.service [req-9bd02118-e3bb-4853-8039-f0599a11dc23 - - - - -] Service e233f686-4b1a-4482-98a3-6209119a9433 is updated service_manage_report /usr/lib/python3/dist-packages/heat/engine/service.py:2370
2025-01-20 01:57:45.910 69399 DEBUG heat.engine.service [req-d5ffcdd5-bb61-4744-9960-050f4f4d21b9 - - - - -] Service 14a0bd4e-6725-4889-b97a-d00b83a99b1f is updated service_manage_report /usr/lib/python3/dist-packages/heat/engine/service.py:2370
2025-01-20 01:57:45.919 69402 DEBUG heat.engine.service [req-5d82e4f4-64b7-4e64-b8e8-fe2af28bacec - - - - -] Service 9b79e371-b0b6-4dad-8975-0756e209976c is updated service_manage_report /usr/lib/python3/dist-packages/heat/engine/service.py:2370
2025-01-20 01:57:45.930 69401 DEBUG heat.engine.service [req-18701015-2090-429d-b78f-835a9ac1af9e - - - - -] Service cd399748-3143-4ed7-b1d4-fb02c388b2ff is updated service_manage_report /usr/lib/python3/dist-packages/heat/engine/service.py:2370
2025-01-20 01:57:45.950 69400 DEBUG heat.engine.service [req-17909590-df72-42f1-af71-46357357a217 - - - - -] Service e233f686-4b1a-4482-98a3-6209119a9433 is updated service_manage_report /usr/lib/python3/dist-packages/heat/engine/service.py:2370
2025-01-20 01:58:45.906 69399 DEBUG heat.engine.service [req-980fc22d-c0e1-4373-a2c7-1717e74208b4 - - - - -] Service 14a0bd4e-6725-4889-b97a-d00b83a99b1f is updated service_manage_report /usr/lib/python3/dist-packages/heat/engine/service.py:2370
2025-01-20 01:58:45.914 69402 DEBUG heat.engine.service [req-7e05fdd5-c2d0-4916-a468-016338afed75 - - - - -] Service 9b79e371-b0b6-4dad-8975-0756e209976c is updated service_manage_report /usr/lib/python3/dist-packages/heat/engine/service.py:2370
2025-01-20 01:58:45.934 69401 DEBUG heat.engine.service [req-badaaa0b-c041-4ad5-93e8-7b0f8ca0a464 - - - - -] Service cd399748-3143-4ed7-b1d4-fb02c388b2ff is updated service_manage_report /usr/lib/python3/dist-packages/heat/engine/service.py:2370
2025-01-20 01:58:45.954 69400 DEBUG heat.engine.service [req-1d8518e3-d6f2-44c6-a59b-383e6d7b74c3 - - - - -] Service e233f686-4b1a-4482-98a3-6209119a9433 is updated service_manage_report /usr/lib/python3/dist-packages/heat/engine/service.py:2370
2025-01-20 01:59:45.902 69399 DEBUG heat.engine.service [req-bf3b15d7-071e-46b4-aca8-26f6e3bd9baf - - - - -] Service 14a0bd4e-6725-4889-b97a-d00b83a99b1f is updated service_manage_report /usr/lib/python3/dist-packages/heat/engine/service.py:2370
2025-01-20 01:59:45.919 69402 DEBUG heat.engine.service [req-021347a8-f979-4c21-bc9c-632bf8604c36 - - - - -] Service 9b79e371-b0b6-4dad-8975-0756e209976c is updated service_manage_report /usr/lib/python3/dist-packages/heat/engine/service.py:2370
2025-01-20 01:59:45.940 69401 DEBUG heat.engine.service [req-cfab71eb-2a84-459b-bd28-a02d9de7cdea - - - - -] Service cd399748-3143-4ed7-b1d4-fb02c388b2ff is updated service_manage_report /usr/lib/python3/dist-packages/heat/engine/service.py:2370
2025-01-20 01:59:45.961 69400 DEBUG heat.engine.service [req-719bd16d-aaea-4285-ba7d-e569641cefc3 - - - - -] Service e233f686-4b1a-4482-98a3-6209119a9433 is updated service_manage_report /usr/lib/python3/dist-packages/heat/engine/service.py:2370
2025-01-20 02:00:45.897 69399 DEBUG heat.engine.service [req-cfbe8e19-629a-49af-b3a9-f3c2e32ae102 - - - - -] Service 14a0bd4e-6725-4889-b97a-d00b83a99b1f is updated service_manage_report /usr/lib/python3/dist-packages/heat/engine/service.py:2370
2025-01-20 02:00:45.928 69402 DEBUG heat.engine.service [req-c330f808-0e73-4255-beed-de236d7dcf4e - - - - -] Service 9b79e371-b0b6-4dad-8975-0756e209976c is updated service_manage_report /usr/lib/python3/dist-packages/heat/engine/service.py:2370
2025-01-20 02:00:45.951 69401 DEBUG heat.engine.service [req-7de95864-4654-4c1c-a7ca-34950d19db82 - - - - -] Service cd399748-3143-4ed7-b1d4-fb02c388b2ff is updated service_manage_report /usr/lib/python3/dist-packages/heat/engine/service.py:2370
2025-01-20 02:00:45.962 69400 DEBUG heat.engine.service [req-31c6b539-945b-440a-827b-07d16a3b3269 - - - - -] Service e233f686-4b1a-4482-98a3-6209119a9433 is updated service_manage_report /usr/lib/python3/dist-packages/heat/engine/service.py:2370
2025-01-20 02:01:45.901 69399 DEBUG heat.engine.service [req-aeb1984a-fbf2-447b-a3ba-8323542c239d - - - - -] Service 14a0bd4e-6725-4889-b97a-d00b83a99b1f is updated service_manage_report /usr/lib/python3/dist-packages/heat/engine/service.py:2370
2025-01-20 02:01:45.924 69402 DEBUG heat.engine.service [req-91dcee57-8528-4850-9c8b-edf7c3a36a1f - - - - -] Service 9b79e371-b0b6-4dad-8975-0756e209976c is updated service_manage_report /usr/lib/python3/dist-packages/heat/engine/service.py:2370
2025-01-20 02:01:45.949 69401 DEBUG heat.engine.service [req-021490d1-24f9-435a-a81a-beff7dc1fdd0 - - - - -] Service cd399748-3143-4ed7-b1d4-fb02c388b2ff is updated service_manage_report /usr/lib/python3/dist-packages/heat/engine/service.py:2370
2025-01-20 02:01:45.967 69400 DEBUG heat.engine.service [req-a53b5bc1-9515-47fe-9141-95e2317635f5 - - - - -] Service e233f686-4b1a-4482-98a3-6209119a9433 is updated service_manage_report /usr/lib/python3/dist-packages/heat/engine/service.py:2370
2025-01-20 02:02:45.907 69399 DEBUG heat.engine.service [req-0868f6be-2c7c-4666-9e0a-3ed5f0e272a5 - - - - -] Service 14a0bd4e-6725-4889-b97a-d00b83a99b1f is updated service_manage_report /usr/lib/python3/dist-packages/heat/engine/service.py:2370
2025-01-20 02:02:45.921 69402 DEBUG heat.engine.service [req-4c6098ac-f471-4791-93a8-5b9ab083d28b - - - - -] Service 9b79e371-b0b6-4dad-8975-0756e209976c is updated service_manage_report /usr/lib/python3/dist-packages/heat/engine/service.py:2370
2025-01-20 02:02:45.943 69401 DEBUG heat.engine.service [req-579d3f65-9e6b-48e7-b280-df19f98b8842 - - - - -] Service cd399748-3143-4ed7-b1d4-fb02c388b2ff is updated service_manage_report /usr/lib/python3/dist-packages/heat/engine/service.py:2370
2025-01-20 02:02:45.973 69400 DEBUG heat.engine.service [req-f8ffa57d-3791-4df3-bc46-97d41c80ec7a - - - - -] Service e233f686-4b1a-4482-98a3-6209119a9433 is updated service_manage_report /usr/lib/python3/dist-packages/heat/engine/service.py:2370
2025-01-20 02:03:45.902 69399 DEBUG heat.engine.service [req-f2249b76-5fab-482d-9222-ce4a99c448b2 - - - - -] Service 14a0bd4e-6725-4889-b97a-d00b83a99b1f is updated service_manage_report /usr/lib/python3/dist-packages/heat/engine/service.py:2370
2025-01-20 02:03:45.920 69402 DEBUG heat.engine.service [req-963285d3-ace1-47da-97b7-0fe27578c6d2 - - - - -] Service 9b79e371-b0b6-4dad-8975-0756e209976c is updated service_manage_report /usr/lib/python3/dist-packages/heat/engine/service.py:2370
2025-01-20 02:03:45.949 69401 DEBUG heat.engine.service [req-85f43530-df1e-4c76-9f63-52b1e41b3859 - - - - -] Service cd399748-3143-4ed7-b1d4-fb02c388b2ff is updated service_manage_report /usr/lib/python3/dist-packages/heat/engine/service.py:2370
2025-01-20 02:03:45.976 69400 DEBUG heat.engine.service [req-1bdde577-5bc7-41e0-b82c-bcb4adaa0ff8 - - - - -] Service e233f686-4b1a-4482-98a3-6209119a9433 is updated service_manage_report /usr/lib/python3/dist-packages/heat/engine/service.py:2370
2025-01-20 02:04:45.911 69399 DEBUG heat.engine.service [req-c2ccc0a8-25ac-4451-9e89-7dbda9a71eb1 - - - - -] Service 14a0bd4e-6725-4889-b97a-d00b83a99b1f is updated service_manage_report /usr/lib/python3/dist-packages/heat/engine/service.py:2370
2025-01-20 02:04:45.915 69402 DEBUG heat.engine.service [req-70c237e7-6bf3-4ef2-a116-b6988e8ec06f - - - - -] Service 9b79e371-b0b6-4dad-8975-0756e209976c is updated service_manage_report /usr/lib/python3/dist-packages/heat/engine/service.py:2370
2025-01-20 02:04:45.963 69401 DEBUG heat.engine.service [req-fba7e241-2c8e-426e-a95f-98f7fd7aab86 - - - - -] Service cd399748-3143-4ed7-b1d4-fb02c388b2ff is updated service_manage_report /usr/lib/python3/dist-packages/heat/engine/service.py:2370
2025-01-20 02:04:45.988 69400 DEBUG heat.engine.service [req-f7574d73-0eb5-45e8-a606-5f63be7452d2 - - - - -] Service e233f686-4b1a-4482-98a3-6209119a9433 is updated service_manage_report /usr/lib/python3/dist-packages/heat/engine/service.py:2370
2025-01-20 02:05:45.905 69399 DEBUG heat.engine.service [req-b6cdc00a-33af-49fb-88e2-ea90615ba236 - - - - -] Service 14a0bd4e-6725-4889-b97a-d00b83a99b1f is updated service_manage_report /usr/lib/python3/dist-packages/heat/engine/service.py:2370
2025-01-20 02:05:45.920 69402 DEBUG heat.engine.service [req-bbe48425-0921-48db-b932-fc8bd5b5ad3b - - - - -] Service 9b79e371-b0b6-4dad-8975-0756e209976c is updated service_manage_report /usr/lib/python3/dist-packages/heat/engine/service.py:2370
2025-01-20 02:05:45.960 69401 DEBUG heat.engine.service [req-af4f9ad5-df23-4a2f-8f94-94bff289067b - - - - -] Service cd399748-3143-4ed7-b1d4-fb02c388b2ff is updated service_manage_report /usr/lib/python3/dist-packages/heat/engine/service.py:2370
2025-01-20 02:05:45.982 69400 DEBUG heat.engine.service [req-314a92d8-7cbf-4b39-9661-0902195984d8 - - - - -] Service e233f686-4b1a-4482-98a3-6209119a9433 is updated service_manage_report /usr/lib/python3/dist-packages/heat/engine/service.py:2370
2025-01-20 02:06:45.924 69399 DEBUG heat.engine.service [req-89297ccf-7f38-4fb7-b182-2a7f4e45302a - - - - -] Service 14a0bd4e-6725-4889-b97a-d00b83a99b1f is updated service_manage_report /usr/lib/python3/dist-packages/heat/engine/service.py:2370
2025-01-20 02:06:45.935 69402 DEBUG heat.engine.service [req-76e36e8b-990d-4fe1-81d9-b3651337d728 - - - - -] Service 9b79e371-b0b6-4dad-8975-0756e209976c is updated service_manage_report /usr/lib/python3/dist-packages/heat/engine/service.py:2370
2025-01-20 02:06:45.965 69401 DEBUG heat.engine.service [req-728d25cf-c27c-4755-9b54-f9999fe402bd - - - - -] Service cd399748-3143-4ed7-b1d4-fb02c388b2ff is updated service_manage_report /usr/lib/python3/dist-packages/heat/engine/service.py:2370
