2025-01-20 00:33:18.203 35901 DEBUG oslo_service.service [-] clients_heat.endpoint_type = None log_opt_values /usr/lib/python3/dist-packages/oslo_config/cfg.py:2609
2025-01-20 00:33:18.203 35901 DEBUG oslo_service.service [-] clients_heat.insecure = None log_opt_values /usr/lib/python3/dist-packages/oslo_config/cfg.py:2609
2025-01-20 00:33:18.203 35901 DEBUG oslo_service.service [-] clients_heat.key_file = None log_opt_values /usr/lib/python3/dist-packages/oslo_config/cfg.py:2609
2025-01-20 00:33:18.203 35901 DEBUG oslo_service.service [-] clients_heat.url = log_opt_values /usr/lib/python3/dist-packages/oslo_config/cfg.py:2609
2025-01-20 00:33:18.205 35901 DEBUG oslo_service.service [-] clients_keystone.auth_uri = http://252.37.207.26:5050 log_opt_values /usr/lib/python3/dist-packages/oslo_config/cfg.py:2609
2025-01-20 00:33:18.206 35901 DEBUG oslo_service.service [-] clients_keystone.ca_file = None log_opt_values /usr/lib/python3/dist-packages/oslo_config/cfg.py:2609
2025-01-20 00:33:18.207 35901 DEBUG oslo_service.service [-] clients_keystone.cert_file = None log_opt_values /usr/lib/python3/dist-packages/oslo_config/cfg.py:2609
2025-01-20 00:33:18.207 35901 DEBUG oslo_service.service [-] clients_keystone.endpoint_type = None log_opt_values /usr/lib/python3/dist-packages/oslo_config/cfg.py:2609
2025-01-20 00:33:18.207 35901 DEBUG oslo_service.service [-] clients_keystone.insecure = None log_opt_values /usr/lib/python3/dist-packages/oslo_config/cfg.py:2609
2025-01-20 00:33:18.207 35901 DEBUG oslo_service.service [-] clients_keystone.key_file = None log_opt_values /usr/lib/python3/dist-packages/oslo_config/cfg.py:2609
2025-01-20 00:33:18.208 35901 DEBUG oslo_service.service [-] clients_magnum.ca_file = None log_opt_values /usr/lib/python3/dist-packages/oslo_config/cfg.py:2609
2025-01-20 00:33:18.208 35901 DEBUG oslo_service.service [-] clients_magnum.cert_file = None log_opt_values /usr/lib/python3/dist-packages/oslo_config/cfg.py:2609
2025-01-20 00:33:18.208 35901 DEBUG oslo_service.service [-] clients_magnum.endpoint_type = None log_opt_values /usr/lib/python3/dist-packages/oslo_config/cfg.py:2609
2025-01-20 00:33:18.208 35901 DEBUG oslo_service.service [-] clients_magnum.insecure = None log_opt_values /usr/lib/python3/dist-packages/oslo_config/cfg.py:2609
2025-01-20 00:33:18.208 35901 DEBUG oslo_service.service [-] clients_magnum.key_file = None log_opt_values /usr/lib/python3/dist-packages/oslo_config/cfg.py:2609
2025-01-20 00:33:18.208 35901 DEBUG oslo_service.service [-] clients_manila.ca_file = None log_opt_values /usr/lib/python3/dist-packages/oslo_config/cfg.py:2609
2025-01-20 00:33:18.208 35901 DEBUG oslo_service.service [-] clients_manila.cert_file = None log_opt_values /usr/lib/python3/dist-packages/oslo_config/cfg.py:2609
2025-01-20 00:33:18.209 35901 DEBUG oslo_service.service [-] clients_manila.endpoint_type = None log_opt_values /usr/lib/python3/dist-packages/oslo_config/cfg.py:2609
2025-01-20 00:33:18.211 35901 DEBUG oslo_service.service [-] clients_manila.insecure = None log_opt_values /usr/lib/python3/dist-packages/oslo_config/cfg.py:2609
2025-01-20 00:33:18.211 35901 DEBUG oslo_service.service [-] clients_manila.key_file = None log_opt_values /usr/lib/python3/dist-packages/oslo_config/cfg.py:2609
2025-01-20 00:33:18.211 35901 DEBUG oslo_service.service [-] clients_mistral.ca_file = None log_opt_values /usr/lib/python3/dist-packages/oslo_config/cfg.py:2609
2025-01-20 00:33:18.212 35901 DEBUG oslo_service.service [-] clients_mistral.cert_file = None log_opt_values /usr/lib/python3/dist-packages/oslo_config/cfg.py:2609
2025-01-20 00:33:18.212 35901 DEBUG oslo_service.service [-] clients_mistral.endpoint_type = None log_opt_values /usr/lib/python3/dist-packages/oslo_config/cfg.py:2609
2025-01-20 00:33:18.213 35901 DEBUG oslo_service.service [-] clients_mistral.insecure = None log_opt_values /usr/lib/python3/dist-packages/oslo_config/cfg.py:2609
2025-01-20 00:33:18.213 35901 DEBUG oslo_service.service [-] clients_mistral.key_file = None log_opt_values /usr/lib/python3/dist-packages/oslo_config/cfg.py:2609
2025-01-20 00:33:18.213 35901 DEBUG oslo_service.service [-] clients_monasca.ca_file = None log_opt_values /usr/lib/python3/dist-packages/oslo_config/cfg.py:2609
2025-01-20 00:33:18.213 35901 DEBUG oslo_service.service [-] clients_monasca.cert_file = None log_opt_values /usr/lib/python3/dist-packages/oslo_config/cfg.py:2609
2025-01-20 00:33:18.213 35901 DEBUG oslo_service.service [-] clients_monasca.endpoint_type = None log_opt_values /usr/lib/python3/dist-packages/oslo_config/cfg.py:2609
2025-01-20 00:33:18.214 35901 DEBUG oslo_service.service [-] clients_monasca.insecure = None log_opt_values /usr/lib/python3/dist-packages/oslo_config/cfg.py:2609
2025-01-20 00:33:18.214 35901 DEBUG oslo_service.service [-] clients_monasca.key_file = None log_opt_values /usr/lib/python3/dist-packages/oslo_config/cfg.py:2609
2025-01-20 00:33:18.214 35901 DEBUG oslo_service.service [-] clients_neutron.ca_file = None log_opt_values /usr/lib/python3/dist-packages/oslo_config/cfg.py:2609
2025-01-20 00:33:18.215 35901 DEBUG oslo_service.service [-] clients_neutron.cert_file = None log_opt_values /usr/lib/python3/dist-packages/oslo_config/cfg.py:2609
2025-01-20 00:33:18.215 35901 DEBUG oslo_service.service [-] clients_neutron.endpoint_type = None log_opt_values /usr/lib/python3/dist-packages/oslo_config/cfg.py:2609
2025-01-20 00:33:18.215 35901 DEBUG oslo_service.service [-] clients_neutron.insecure = None log_opt_values /usr/lib/python3/dist-packages/oslo_config/cfg.py:2609
2025-01-20 00:33:18.215 35901 DEBUG oslo_service.service [-] clients_neutron.key_file = None log_opt_values /usr/lib/python3/dist-packages/oslo_config/cfg.py:2609
2025-01-20 00:33:18.215 35901 DEBUG oslo_service.service [-] clients_nova.ca_file = None log_opt_values /usr/lib/python3/dist-packages/oslo_config/cfg.py:2609
2025-01-20 00:33:18.215 35901 DEBUG oslo_service.service [-] clients_nova.cert_file = None log_opt_values /usr/lib/python3/dist-packages/oslo_config/cfg.py:2609
2025-01-20 00:33:18.215 35901 DEBUG oslo_service.service [-] clients_nova.endpoint_type = None log_opt_values /usr/lib/python3/dist-packages/oslo_config/cfg.py:2609
2025-01-20 00:33:18.216 35901 DEBUG oslo_service.service [-] clients_nova.http_log_debug = False log_opt_values /usr/lib/python3/dist-packages/oslo_config/cfg.py:2609
2025-01-20 00:33:18.216 35901 DEBUG oslo_service.service [-] clients_nova.insecure = None log_opt_values /usr/lib/python3/dist-packages/oslo_config/cfg.py:2609
2025-01-20 00:33:18.216 35901 DEBUG oslo_service.service [-] clients_nova.key_file = None log_opt_values /usr/lib/python3/dist-packages/oslo_config/cfg.py:2609
2025-01-20 00:33:18.216 35901 DEBUG oslo_service.service [-] clients_octavia.ca_file = None log_opt_values /usr/lib/python3/dist-packages/oslo_config/cfg.py:2609
2025-01-20 00:33:18.216 35901 DEBUG oslo_service.service [-] clients_octavia.cert_file = None log_opt_values /usr/lib/python3/dist-packages/oslo_config/cfg.py:2609
2025-01-20 00:33:18.216 35901 DEBUG oslo_service.service [-] clients_octavia.endpoint_type = None log_opt_values /usr/lib/python3/dist-packages/oslo_config/cfg.py:2609
2025-01-20 00:33:18.216 35901 DEBUG oslo_service.service [-] clients_octavia.insecure = None log_opt_values /usr/lib/python3/dist-packages/oslo_config/cfg.py:2609
2025-01-20 00:33:18.217 35901 DEBUG oslo_service.service [-] clients_octavia.key_file = None log_opt_values /usr/lib/python3/dist-packages/oslo_config/cfg.py:2609
2025-01-20 00:33:18.217 35901 DEBUG oslo_service.service [-] clients_sahara.ca_file = None log_opt_values /usr/lib/python3/dist-packages/oslo_config/cfg.py:2609
2025-01-20 00:33:18.217 35901 DEBUG oslo_service.service [-] clients_sahara.cert_file = None log_opt_values /usr/lib/python3/dist-packages/oslo_config/cfg.py:2609
2025-01-20 00:33:18.217 35901 DEBUG oslo_service.service [-] clients_sahara.endpoint_type = None log_opt_values /usr/lib/python3/dist-packages/oslo_config/cfg.py:2609
2025-01-20 00:33:18.217 35901 DEBUG oslo_service.service [-] clients_sahara.insecure = None log_opt_values /usr/lib/python3/dist-packages/oslo_config/cfg.py:2609
2025-01-20 00:33:18.217 35901 DEBUG oslo_service.service [-] clients_sahara.key_file = None log_opt_values /usr/lib/python3/dist-packages/oslo_config/cfg.py:2609
2025-01-20 00:33:18.218 35901 DEBUG oslo_service.service [-] clients_senlin.ca_file = None log_opt_values /usr/lib/python3/dist-packages/oslo_config/cfg.py:2609
2025-01-20 00:33:18.218 35901 DEBUG oslo_service.service [-] clients_senlin.cert_file = None log_opt_values /usr/lib/python3/dist-packages/oslo_config/cfg.py:2609
2025-01-20 00:33:18.218 35901 DEBUG oslo_service.service [-] clients_senlin.endpoint_type = None log_opt_values /usr/lib/python3/dist-packages/oslo_config/cfg.py:2609
2025-01-20 00:33:18.218 35901 DEBUG oslo_service.service [-] clients_senlin.insecure = None log_opt_values /usr/lib/python3/dist-packages/oslo_config/cfg.py:2609
2025-01-20 00:33:18.219 35901 DEBUG oslo_service.service [-] clients_senlin.key_file = None log_opt_values /usr/lib/python3/dist-packages/oslo_config/cfg.py:2609
2025-01-20 00:33:18.219 35901 DEBUG oslo_service.service [-] clients_swift.ca_file = None log_opt_values /usr/lib/python3/dist-packages/oslo_config/cfg.py:2609
2025-01-20 00:33:18.219 35901 DEBUG oslo_service.service [-] clients_swift.cert_file = None log_opt_values /usr/lib/python3/dist-packages/oslo_config/cfg.py:2609
2025-01-20 00:33:18.219 35901 DEBUG oslo_service.service [-] clients_swift.endpoint_type = None log_opt_values /usr/lib/python3/dist-packages/oslo_config/cfg.py:2609
2025-01-20 00:33:18.219 35901 DEBUG oslo_service.service [-] clients_swift.insecure = None log_opt_values /usr/lib/python3/dist-packages/oslo_config/cfg.py:2609
2025-01-20 00:33:18.219 35901 DEBUG oslo_service.service [-] clients_swift.key_file = None log_opt_values /usr/lib/python3/dist-packages/oslo_config/cfg.py:2609
2025-01-20 00:33:18.219 35901 DEBUG oslo_service.service [-] clients_trove.ca_file = None log_opt_values /usr/lib/python3/dist-packages/oslo_config/cfg.py:2609
2025-01-20 00:33:18.220 35901 DEBUG oslo_service.service [-] clients_trove.cert_file = None log_opt_values /usr/lib/python3/dist-packages/oslo_config/cfg.py:2609
2025-01-20 00:33:18.220 35901 DEBUG oslo_service.service [-] clients_trove.endpoint_type = None log_opt_values /usr/lib/python3/dist-packages/oslo_config/cfg.py:2609
2025-01-20 00:33:18.220 35901 DEBUG oslo_service.service [-] clients_trove.insecure = None log_opt_values /usr/lib/python3/dist-packages/oslo_config/cfg.py:2609
2025-01-20 00:33:18.221 35901 DEBUG oslo_service.service [-] clients_trove.key_file = None log_opt_values /usr/lib/python3/dist-packages/oslo_config/cfg.py:2609
2025-01-20 00:33:18.221 35901 DEBUG oslo_service.service [-] clients_vitrage.ca_file = None log_opt_values /usr/lib/python3/dist-packages/oslo_config/cfg.py:2609
2025-01-20 00:33:18.221 35901 DEBUG oslo_service.service [-] clients_vitrage.cert_file = None log_opt_values /usr/lib/python3/dist-packages/oslo_config/cfg.py:2609
2025-01-20 00:33:18.221 35901 DEBUG oslo_service.service [-] clients_vitrage.endpoint_type = None log_opt_values /usr/lib/python3/dist-packages/oslo_config/cfg.py:2609
2025-01-20 00:33:18.221 35901 DEBUG oslo_service.service [-] clients_vitrage.insecure = None log_opt_values /usr/lib/python3/dist-packages/oslo_config/cfg.py:2609
2025-01-20 00:33:18.221 35901 DEBUG oslo_service.service [-] clients_vitrage.key_file = None log_opt_values /usr/lib/python3/dist-packages/oslo_config/cfg.py:2609
2025-01-20 00:33:18.222 35901 DEBUG oslo_service.service [-] clients_zaqar.ca_file = None log_opt_values /usr/lib/python3/dist-packages/oslo_config/cfg.py:2609
2025-01-20 00:33:18.222 35901 DEBUG oslo_service.service [-] clients_zaqar.cert_file = None log_opt_values /usr/lib/python3/dist-packages/oslo_config/cfg.py:2609
2025-01-20 00:33:18.222 35901 DEBUG oslo_service.service [-] clients_zaqar.endpoint_type = None log_opt_values /usr/lib/python3/dist-packages/oslo_config/cfg.py:2609
2025-01-20 00:33:18.222 35901 DEBUG oslo_service.service [-] clients_zaqar.insecure = None log_opt_values /usr/lib/python3/dist-packages/oslo_config/cfg.py:2609
2025-01-20 00:33:18.222 35901 DEBUG oslo_service.service [-] clients_zaqar.key_file = None log_opt_values /usr/lib/python3/dist-packages/oslo_config/cfg.py:2609
2025-01-20 00:33:18.222 35901 DEBUG oslo_service.service [-] database.backend = sqlalchemy log_opt_values /usr/lib/python3/dist-packages/oslo_config/cfg.py:2609
2025-01-20 00:33:18.223 35901 DEBUG oslo_service.service [-] database.connection = **** log_opt_values /usr/lib/python3/dist-packages/oslo_config/cfg.py:2609
2025-01-20 00:33:18.223 35901 DEBUG oslo_service.service [-] database.connection_debug = 0 log_opt_values /usr/lib/python3/dist-packages/oslo_config/cfg.py:2609
2025-01-20 00:33:18.223 35901 DEBUG oslo_service.service [-] database.connection_parameters = log_opt_values /usr/lib/python3/dist-packages/oslo_config/cfg.py:2609
2025-01-20 00:33:18.223 35901 DEBUG oslo_service.service [-] database.connection_recycle_time = 3600 log_opt_values /usr/lib/python3/dist-packages/oslo_config/cfg.py:2609
2025-01-20 00:33:18.223 35901 DEBUG oslo_service.service [-] database.connection_trace = False log_opt_values /usr/lib/python3/dist-packages/oslo_config/cfg.py:2609
2025-01-20 00:33:18.223 35901 DEBUG oslo_service.service [-] database.db_inc_retry_interval = True log_opt_values /usr/lib/python3/dist-packages/oslo_config/cfg.py:2609
2025-01-20 00:33:18.224 36123 INFO heat.engine.worker [-] Starting engine_worker (1.4) in engine 7235d013-6d33-43e1-8b28-b0e0bc9a14c7.
2025-01-20 00:33:18.224 35901 DEBUG oslo_service.service [-] database.db_max_retries = 20 log_opt_values /usr/lib/python3/dist-packages/oslo_config/cfg.py:2609
2025-01-20 00:33:18.225 35901 DEBUG oslo_service.service [-] database.db_max_retry_interval = 10 log_opt_values /usr/lib/python3/dist-packages/oslo_config/cfg.py:2609
2025-01-20 00:33:18.225 35901 DEBUG oslo_service.service [-] database.db_retry_interval = 1 log_opt_values /usr/lib/python3/dist-packages/oslo_config/cfg.py:2609
2025-01-20 00:33:18.225 35901 DEBUG oslo_service.service [-] database.max_overflow = 50 log_opt_values /usr/lib/python3/dist-packages/oslo_config/cfg.py:2609
2025-01-20 00:33:18.225 35901 DEBUG oslo_service.service [-] database.max_pool_size = 5 log_opt_values /usr/lib/python3/dist-packages/oslo_config/cfg.py:2609
2025-01-20 00:33:18.226 35901 DEBUG oslo_service.service [-] database.max_retries = 10 log_opt_values /usr/lib/python3/dist-packages/oslo_config/cfg.py:2609
2025-01-20 00:33:18.226 35901 DEBUG oslo_service.service [-] database.mysql_enable_ndb = False log_opt_values /usr/lib/python3/dist-packages/oslo_config/cfg.py:2609
2025-01-20 00:33:18.226 35901 DEBUG oslo_service.service [-] database.mysql_sql_mode = TRADITIONAL log_opt_values /usr/lib/python3/dist-packages/oslo_config/cfg.py:2609
2025-01-20 00:33:18.226 35901 DEBUG oslo_service.service [-] database.pool_timeout = None log_opt_values /usr/lib/python3/dist-packages/oslo_config/cfg.py:2609
2025-01-20 00:33:18.226 35901 DEBUG oslo_service.service [-] database.retry_interval = 10 log_opt_values /usr/lib/python3/dist-packages/oslo_config/cfg.py:2609
2025-01-20 00:33:18.235 35901 DEBUG oslo_service.service [-] database.slave_connection = **** log_opt_values /usr/lib/python3/dist-packages/oslo_config/cfg.py:2609
2025-01-20 00:33:18.236 35901 DEBUG oslo_service.service [-] database.sqlite_synchronous = True log_opt_values /usr/lib/python3/dist-packages/oslo_config/cfg.py:2609
2025-01-20 00:33:18.236 35901 DEBUG oslo_service.service [-] database.use_db_reconnect = False log_opt_values /usr/lib/python3/dist-packages/oslo_config/cfg.py:2609
2025-01-20 00:33:18.236 35901 DEBUG oslo_service.service [-] oslo_messaging_metrics.metrics_buffer_size = 1000 log_opt_values /usr/lib/python3/dist-packages/oslo_config/cfg.py:2609
2025-01-20 00:33:18.236 35901 DEBUG oslo_service.service [-] oslo_messaging_metrics.metrics_enabled = False log_opt_values /usr/lib/python3/dist-packages/oslo_config/cfg.py:2609
2025-01-20 00:33:18.236 35901 DEBUG oslo_service.service [-] oslo_messaging_metrics.metrics_process_name = log_opt_values /usr/lib/python3/dist-packages/oslo_config/cfg.py:2609
2025-01-20 00:33:18.237 35901 DEBUG oslo_service.service [-] oslo_messaging_metrics.metrics_socket_file = /var/tmp/metrics_collector.sock log_opt_values /usr/lib/python3/dist-packages/oslo_config/cfg.py:2609
2025-01-20 00:33:18.237 35901 DEBUG oslo_service.service [-] oslo_messaging_metrics.metrics_thread_stop_timeout = 10 log_opt_values /usr/lib/python3/dist-packages/oslo_config/cfg.py:2609
2025-01-20 00:33:18.238 35901 DEBUG oslo_service.service [-] oslo_policy.enforce_new_defaults = False log_opt_values /usr/lib/python3/dist-packages/oslo_config/cfg.py:2609
2025-01-20 00:33:18.239 35901 DEBUG oslo_service.service [-] oslo_policy.enforce_scope = False log_opt_values /usr/lib/python3/dist-packages/oslo_config/cfg.py:2609
2025-01-20 00:33:18.239 35901 DEBUG oslo_service.service [-] oslo_policy.policy_default_rule = default log_opt_values /usr/lib/python3/dist-packages/oslo_config/cfg.py:2609
2025-01-20 00:33:18.240 35901 DEBUG oslo_service.service [-] oslo_policy.policy_dirs = ['policy.d'] log_opt_values /usr/lib/python3/dist-packages/oslo_config/cfg.py:2609
2025-01-20 00:33:18.240 35901 DEBUG oslo_service.service [-] oslo_policy.policy_file = policy.yaml log_opt_values /usr/lib/python3/dist-packages/oslo_config/cfg.py:2609
2025-01-20 00:33:18.240 35901 DEBUG oslo_service.service [-] oslo_policy.remote_content_type = application/x-www-form-urlencoded log_opt_values /usr/lib/python3/dist-packages/oslo_config/cfg.py:2609
2025-01-20 00:33:18.241 35901 DEBUG oslo_service.service [-] oslo_policy.remote_ssl_ca_crt_file = None log_opt_values /usr/lib/python3/dist-packages/oslo_config/cfg.py:2609
2025-01-20 00:33:18.241 35901 DEBUG oslo_service.service [-] oslo_policy.remote_ssl_client_crt_file = None log_opt_values /usr/lib/python3/dist-packages/oslo_config/cfg.py:2609
2025-01-20 00:33:18.242 35901 DEBUG oslo_service.service [-] oslo_policy.remote_ssl_client_key_file = None log_opt_values /usr/lib/python3/dist-packages/oslo_config/cfg.py:2609
2025-01-20 00:33:18.243 35901 DEBUG oslo_service.service [-] oslo_policy.remote_ssl_verify_server_crt = False log_opt_values /usr/lib/python3/dist-packages/oslo_config/cfg.py:2609
2025-01-20 00:33:18.244 35901 DEBUG oslo_service.service [-] trustee.auth_section = None log_opt_values /usr/lib/python3/dist-packages/oslo_config/cfg.py:2609
2025-01-20 00:33:18.244 35901 WARNING oslo_config.cfg [-] Deprecated: Option "auth_plugin" from group "trustee" is deprecated. Use option "auth_type" from group "trustee".
2025-01-20 00:33:18.244 35901 DEBUG oslo_service.service [-] trustee.auth_type = password log_opt_values /usr/lib/python3/dist-packages/oslo_config/cfg.py:2609
2025-01-20 00:33:18.245 35901 DEBUG oslo_service.service [-] oslo_versionedobjects.fatal_exception_format_errors = False log_opt_values /usr/lib/python3/dist-packages/oslo_config/cfg.py:2609
2025-01-20 00:33:18.245 35901 DEBUG oslo_service.service [-] oslo_messaging_rabbit.amqp_auto_delete = False log_opt_values /usr/lib/python3/dist-packages/oslo_config/cfg.py:2609
2025-01-20 00:33:18.245 35901 DEBUG oslo_service.service [-] oslo_messaging_rabbit.amqp_durable_queues = False log_opt_values /usr/lib/python3/dist-packages/oslo_config/cfg.py:2609
2025-01-20 00:33:18.245 35901 DEBUG oslo_service.service [-] oslo_messaging_rabbit.conn_pool_min_size = 2 log_opt_values /usr/lib/python3/dist-packages/oslo_config/cfg.py:2609
2025-01-20 00:33:18.246 35901 DEBUG oslo_service.service [-] oslo_messaging_rabbit.conn_pool_ttl = 1200 log_opt_values /usr/lib/python3/dist-packages/oslo_config/cfg.py:2609
2025-01-20 00:33:18.246 35901 DEBUG oslo_service.service [-] oslo_messaging_rabbit.direct_mandatory_flag = True log_opt_values /usr/lib/python3/dist-packages/oslo_config/cfg.py:2609
2025-01-20 00:33:18.246 35901 DEBUG oslo_service.service [-] oslo_messaging_rabbit.enable_cancel_on_failover = False log_opt_values /usr/lib/python3/dist-packages/oslo_config/cfg.py:2609
2025-01-20 00:33:18.246 35901 DEBUG oslo_service.service [-] oslo_messaging_rabbit.heartbeat_in_pthread = True log_opt_values /usr/lib/python3/dist-packages/oslo_config/cfg.py:2609
2025-01-20 00:33:18.246 35901 DEBUG oslo_service.service [-] oslo_messaging_rabbit.heartbeat_rate = 2 log_opt_values /usr/lib/python3/dist-packages/oslo_config/cfg.py:2609
2025-01-20 00:33:18.246 35901 DEBUG oslo_service.service [-] oslo_messaging_rabbit.heartbeat_timeout_threshold = 60 log_opt_values /usr/lib/python3/dist-packages/oslo_config/cfg.py:2609
2025-01-20 00:33:18.246 35901 DEBUG oslo_service.service [-] oslo_messaging_rabbit.kombu_compression = None log_opt_values /usr/lib/python3/dist-packages/oslo_config/cfg.py:2609
2025-01-20 00:33:18.246 35901 DEBUG oslo_service.service [-] oslo_messaging_rabbit.kombu_failover_strategy = round-robin log_opt_values /usr/lib/python3/dist-packages/oslo_config/cfg.py:2609
2025-01-20 00:33:18.247 35901 DEBUG oslo_service.service [-] oslo_messaging_rabbit.kombu_missing_consumer_retry_timeout = 60 log_opt_values /usr/lib/python3/dist-packages/oslo_config/cfg.py:2609
2025-01-20 00:33:18.247 35901 DEBUG oslo_service.service [-] oslo_messaging_rabbit.kombu_reconnect_delay = 1.0 log_opt_values /usr/lib/python3/dist-packages/oslo_config/cfg.py:2609
2025-01-20 00:33:18.247 35901 DEBUG oslo_service.service [-] oslo_messaging_rabbit.rabbit_ha_queues = False log_opt_values /usr/lib/python3/dist-packages/oslo_config/cfg.py:2609
2025-01-20 00:33:18.247 35901 DEBUG oslo_service.service [-] oslo_messaging_rabbit.rabbit_interval_max = 30 log_opt_values /usr/lib/python3/dist-packages/oslo_config/cfg.py:2609
2025-01-20 00:33:18.247 35901 DEBUG oslo_service.service [-] oslo_messaging_rabbit.rabbit_login_method = AMQPLAIN log_opt_values /usr/lib/python3/dist-packages/oslo_config/cfg.py:2609
2025-01-20 00:33:18.248 35901 DEBUG oslo_service.service [-] oslo_messaging_rabbit.rabbit_qos_prefetch_count = 0 log_opt_values /usr/lib/python3/dist-packages/oslo_config/cfg.py:2609
2025-01-20 00:33:18.248 35901 DEBUG oslo_service.service [-] oslo_messaging_rabbit.rabbit_quorum_queue = False log_opt_values /usr/lib/python3/dist-packages/oslo_config/cfg.py:2609
2025-01-20 00:33:18.248 35901 DEBUG oslo_service.service [-] oslo_messaging_rabbit.rabbit_retry_backoff = 2 log_opt_values /usr/lib/python3/dist-packages/oslo_config/cfg.py:2609
2025-01-20 00:33:18.248 35901 DEBUG oslo_service.service [-] oslo_messaging_rabbit.rabbit_retry_interval = 1 log_opt_values /usr/lib/python3/dist-packages/oslo_config/cfg.py:2609
2025-01-20 00:33:18.248 35901 DEBUG oslo_service.service [-] oslo_messaging_rabbit.rabbit_transient_queues_ttl = 1800 log_opt_values /usr/lib/python3/dist-packages/oslo_config/cfg.py:2609
2025-01-20 00:33:18.249 35901 DEBUG oslo_service.service [-] oslo_messaging_rabbit.rpc_conn_pool_size = 30 log_opt_values /usr/lib/python3/dist-packages/oslo_config/cfg.py:2609
2025-01-20 00:33:18.249 35901 DEBUG oslo_service.service [-] oslo_messaging_rabbit.ssl = False log_opt_values /usr/lib/python3/dist-packages/oslo_config/cfg.py:2609
2025-01-20 00:33:18.250 35901 DEBUG oslo_service.service [-] oslo_messaging_rabbit.ssl_ca_file = log_opt_values /usr/lib/python3/dist-packages/oslo_config/cfg.py:2609
2025-01-20 00:33:18.250 35901 DEBUG oslo_service.service [-] oslo_messaging_rabbit.ssl_cert_file = log_opt_values /usr/lib/python3/dist-packages/oslo_config/cfg.py:2609
2025-01-20 00:33:18.250 35901 DEBUG oslo_service.service [-] oslo_messaging_rabbit.ssl_key_file = log_opt_values /usr/lib/python3/dist-packages/oslo_config/cfg.py:2609
2025-01-20 00:33:18.250 35901 DEBUG oslo_service.service [-] oslo_messaging_rabbit.ssl_version = log_opt_values /usr/lib/python3/dist-packages/oslo_config/cfg.py:2609
2025-01-20 00:33:18.250 35901 DEBUG oslo_service.service [-] oslo_messaging_notifications.driver = [] log_opt_values /usr/lib/python3/dist-packages/oslo_config/cfg.py:2609
2025-01-20 00:33:18.251 35901 DEBUG oslo_service.service [-] oslo_messaging_notifications.retry = -1 log_opt_values /usr/lib/python3/dist-packages/oslo_config/cfg.py:2609
2025-01-20 00:33:18.251 35901 DEBUG oslo_service.service [-] oslo_messaging_notifications.topics = ['notifications'] log_opt_values /usr/lib/python3/dist-packages/oslo_config/cfg.py:2609
2025-01-20 00:33:18.251 35901 DEBUG oslo_service.service [-] oslo_messaging_notifications.transport_url = **** log_opt_values /usr/lib/python3/dist-packages/oslo_config/cfg.py:2609
2025-01-20 00:33:18.251 35901 DEBUG oslo_service.service [-] cache.backend = dogpile.cache.null log_opt_values /usr/lib/python3/dist-packages/oslo_config/cfg.py:2609
2025-01-20 00:33:18.251 35901 DEBUG oslo_service.service [-] cache.backend_argument = **** log_opt_values /usr/lib/python3/dist-packages/oslo_config/cfg.py:2609
2025-01-20 00:33:18.251 35901 DEBUG oslo_service.service [-] cache.config_prefix = cache.oslo log_opt_values /usr/lib/python3/dist-packages/oslo_config/cfg.py:2609
2025-01-20 00:33:18.251 35901 DEBUG oslo_service.service [-] cache.debug_cache_backend = False log_opt_values /usr/lib/python3/dist-packages/oslo_config/cfg.py:2609
2025-01-20 00:33:18.251 35901 DEBUG oslo_service.service [-] cache.enabled = False log_opt_values /usr/lib/python3/dist-packages/oslo_config/cfg.py:2609
2025-01-20 00:33:18.252 35901 DEBUG oslo_service.service [-] cache.expiration_time = 600 log_opt_values /usr/lib/python3/dist-packages/oslo_config/cfg.py:2609
2025-01-20 00:33:18.252 35901 DEBUG oslo_service.service [-] cache.memcache_dead_retry = 300 log_opt_values /usr/lib/python3/dist-packages/oslo_config/cfg.py:2609
2025-01-20 00:33:18.252 35901 DEBUG oslo_service.service [-] cache.memcache_pool_connection_get_timeout = 10 log_opt_values /usr/lib/python3/dist-packages/oslo_config/cfg.py:2609
2025-01-20 00:33:18.252 35901 DEBUG oslo_service.service [-] cache.memcache_pool_flush_on_reconnect = False log_opt_values /usr/lib/python3/dist-packages/oslo_config/cfg.py:2609
2025-01-20 00:33:18.252 35901 DEBUG oslo_service.service [-] cache.memcache_pool_maxsize = 10 log_opt_values /usr/lib/python3/dist-packages/oslo_config/cfg.py:2609
2025-01-20 00:33:18.252 35901 DEBUG oslo_service.service [-] cache.memcache_pool_unused_timeout = 60 log_opt_values /usr/lib/python3/dist-packages/oslo_config/cfg.py:2609
2025-01-20 00:33:18.252 35901 DEBUG oslo_service.service [-] cache.memcache_servers = ['localhost:11211'] log_opt_values /usr/lib/python3/dist-packages/oslo_config/cfg.py:2609
2025-01-20 00:33:18.252 35901 DEBUG oslo_service.service [-] cache.memcache_socket_timeout = 1.0 log_opt_values /usr/lib/python3/dist-packages/oslo_config/cfg.py:2609
2025-01-20 00:33:18.252 35901 DEBUG oslo_service.service [-] cache.proxies = [] log_opt_values /usr/lib/python3/dist-packages/oslo_config/cfg.py:2609
2025-01-20 00:33:18.253 35901 DEBUG oslo_service.service [-] cache.tls_allowed_ciphers = None log_opt_values /usr/lib/python3/dist-packages/oslo_config/cfg.py:2609
2025-01-20 00:33:18.253 35901 DEBUG oslo_service.service [-] cache.tls_cafile = None log_opt_values /usr/lib/python3/dist-packages/oslo_config/cfg.py:2609
2025-01-20 00:33:18.253 35901 DEBUG oslo_service.service [-] cache.tls_certfile = None log_opt_values /usr/lib/python3/dist-packages/oslo_config/cfg.py:2609
2025-01-20 00:33:18.253 35901 DEBUG oslo_service.service [-] cache.tls_enabled = False log_opt_values /usr/lib/python3/dist-packages/oslo_config/cfg.py:2609
2025-01-20 00:33:18.253 35901 DEBUG oslo_service.service [-] cache.tls_keyfile = None log_opt_values /usr/lib/python3/dist-packages/oslo_config/cfg.py:2609
2025-01-20 00:33:18.253 35901 DEBUG oslo_service.service [-] constraint_validation_cache.caching = True log_opt_values /usr/lib/python3/dist-packages/oslo_config/cfg.py:2609
2025-01-20 00:33:18.253 35901 DEBUG oslo_service.service [-] constraint_validation_cache.expiration_time = 60 log_opt_values /usr/lib/python3/dist-packages/oslo_config/cfg.py:2609
2025-01-20 00:33:18.255 35901 DEBUG oslo_service.service [-] service_extension_cache.caching = True log_opt_values /usr/lib/python3/dist-packages/oslo_config/cfg.py:2609
2025-01-20 00:33:18.255 35901 DEBUG oslo_service.service [-] service_extension_cache.expiration_time = 3600 log_opt_values /usr/lib/python3/dist-packages/oslo_config/cfg.py:2609
2025-01-20 00:33:18.255 35901 DEBUG oslo_service.service [-] resource_finder_cache.caching = True log_opt_values /usr/lib/python3/dist-packages/oslo_config/cfg.py:2609
2025-01-20 00:33:18.263 35901 DEBUG oslo_service.service [-] resource_finder_cache.expiration_time = 3600 log_opt_values /usr/lib/python3/dist-packages/oslo_config/cfg.py:2609
2025-01-20 00:33:18.264 35901 DEBUG oslo_service.service [-] yaql.limit_iterators = 200 log_opt_values /usr/lib/python3/dist-packages/oslo_config/cfg.py:2609
2025-01-20 00:33:18.266 35901 DEBUG oslo_service.service [-] yaql.memory_quota = 10000 log_opt_values /usr/lib/python3/dist-packages/oslo_config/cfg.py:2609
2025-01-20 00:33:18.266 35901 DEBUG oslo_service.service [-] ******************************************************************************** log_opt_values /usr/lib/python3/dist-packages/oslo_config/cfg.py:2613
2025-01-20 00:33:18.288 36122 DEBUG oslo_db.sqlalchemy.engines [req-9e31eb02-05c5-4c9f-9723-40e644648de3 - - - - -] MySQL server mode set to STRICT_TRANS_TABLES,STRICT_ALL_TABLES,NO_ZERO_IN_DATE,NO_ZERO_DATE,ERROR_FOR_DIVISION_BY_ZERO,TRADITIONAL,NO_ENGINE_SUBSTITUTION _check_effective_sql_mode /usr/lib/python3/dist-packages/oslo_db/sqlalchemy/engines.py:314
2025-01-20 00:33:18.298 36124 DEBUG oslo_db.sqlalchemy.engines [req-1b3c7e50-e1e8-4fe8-9b50-350d086e9256 - - - - -] MySQL server mode set to STRICT_TRANS_TABLES,STRICT_ALL_TABLES,NO_ZERO_IN_DATE,NO_ZERO_DATE,ERROR_FOR_DIVISION_BY_ZERO,TRADITIONAL,NO_ENGINE_SUBSTITUTION _check_effective_sql_mode /usr/lib/python3/dist-packages/oslo_db/sqlalchemy/engines.py:314
2025-01-20 00:33:18.299 36121 DEBUG oslo_db.sqlalchemy.engines [req-3acd2840-aa62-4d42-9bde-befd4fdc5ffb - - - - -] MySQL server mode set to STRICT_TRANS_TABLES,STRICT_ALL_TABLES,NO_ZERO_IN_DATE,NO_ZERO_DATE,ERROR_FOR_DIVISION_BY_ZERO,TRADITIONAL,NO_ENGINE_SUBSTITUTION _check_effective_sql_mode /usr/lib/python3/dist-packages/oslo_db/sqlalchemy/engines.py:314
2025-01-20 00:33:18.339 36123 DEBUG oslo_db.sqlalchemy.engines [req-85be2f54-f4a3-4ed3-8906-3d072b66560b - - - - -] MySQL server mode set to STRICT_TRANS_TABLES,STRICT_ALL_TABLES,NO_ZERO_IN_DATE,NO_ZERO_DATE,ERROR_FOR_DIVISION_BY_ZERO,TRADITIONAL,NO_ENGINE_SUBSTITUTION _check_effective_sql_mode /usr/lib/python3/dist-packages/oslo_db/sqlalchemy/engines.py:314
2025-01-20 00:33:18.364 36122 DEBUG heat.engine.service [req-4669715e-452a-4210-b2ec-1352736b6977 - - - - -] Service cbf6fba7-af11-4afa-8287-d4ae8eb2e601 is started service_manage_report /usr/lib/python3/dist-packages/heat/engine/service.py:2363
2025-01-20 00:33:18.375 36124 DEBUG heat.engine.service [req-91adecae-12f9-4359-9452-1a2e4fb251fc - - - - -] Service fbc9cd5c-cdfb-4b13-85db-55b5ca3be54c is started service_manage_report /usr/lib/python3/dist-packages/heat/engine/service.py:2363
2025-01-20 00:33:18.386 36122 DEBUG heat.engine.service [req-4669715e-452a-4210-b2ec-1352736b6977 - - - - -] Service cbf6fba7-af11-4afa-8287-d4ae8eb2e601 is updated service_manage_report /usr/lib/python3/dist-packages/heat/engine/service.py:2370
2025-01-20 00:33:18.395 36124 DEBUG heat.engine.service [req-91adecae-12f9-4359-9452-1a2e4fb251fc - - - - -] Service fbc9cd5c-cdfb-4b13-85db-55b5ca3be54c is updated service_manage_report /usr/lib/python3/dist-packages/heat/engine/service.py:2370
2025-01-20 00:33:18.418 36121 DEBUG heat.engine.service [req-12156982-85c5-42c7-9269-6ada63a48125 - - - - -] Service 6b369db4-b702-4c9b-9161-d71d25061647 is started service_manage_report /usr/lib/python3/dist-packages/heat/engine/service.py:2363
2025-01-20 00:33:18.457 36121 DEBUG heat.engine.service [req-12156982-85c5-42c7-9269-6ada63a48125 - - - - -] Service 6b369db4-b702-4c9b-9161-d71d25061647 is updated service_manage_report /usr/lib/python3/dist-packages/heat/engine/service.py:2370
2025-01-20 00:33:18.461 36123 DEBUG heat.engine.service [req-973db53e-7e1f-41ed-b75d-41f49279ae66 - - - - -] Service 7f7a2c3d-fc46-4580-9dd8-6fc94b42e918 is started service_manage_report /usr/lib/python3/dist-packages/heat/engine/service.py:2363
2025-01-20 00:33:18.476 36123 DEBUG heat.engine.service [req-973db53e-7e1f-41ed-b75d-41f49279ae66 - - - - -] Service 7f7a2c3d-fc46-4580-9dd8-6fc94b42e918 is updated service_manage_report /usr/lib/python3/dist-packages/heat/engine/service.py:2370
2025-01-20 00:34:18.362 36122 DEBUG heat.engine.service [req-5986ef91-1c24-448e-a6a6-76654b60452d - - - - -] Service cbf6fba7-af11-4afa-8287-d4ae8eb2e601 is updated service_manage_report /usr/lib/python3/dist-packages/heat/engine/service.py:2370
2025-01-20 00:34:18.368 36124 DEBUG heat.engine.service [req-2e5a2245-3cf3-4182-b5c1-a7b8df595c7d - - - - -] Service fbc9cd5c-cdfb-4b13-85db-55b5ca3be54c is updated service_manage_report /usr/lib/python3/dist-packages/heat/engine/service.py:2370
2025-01-20 00:34:18.413 36121 DEBUG heat.engine.service [req-ae386b86-71f6-402f-89ad-f8ee967038ad - - - - -] Service 6b369db4-b702-4c9b-9161-d71d25061647 is updated service_manage_report /usr/lib/python3/dist-packages/heat/engine/service.py:2370
2025-01-20 00:34:18.451 36123 DEBUG heat.engine.service [req-c1a0335e-7ff9-44e1-9b5a-fd4fd43ff900 - - - - -] Service 7f7a2c3d-fc46-4580-9dd8-6fc94b42e918 is updated service_manage_report /usr/lib/python3/dist-packages/heat/engine/service.py:2370
2025-01-20 00:35:18.371 36122 DEBUG heat.engine.service [req-1670666a-575d-459b-87c2-e454dde7ea8a - - - - -] Service cbf6fba7-af11-4afa-8287-d4ae8eb2e601 is updated service_manage_report /usr/lib/python3/dist-packages/heat/engine/service.py:2370
2025-01-20 00:35:18.374 36124 DEBUG heat.engine.service [req-5596830c-e6f9-4e9c-a7ec-28e1377e1d2a - - - - -] Service fbc9cd5c-cdfb-4b13-85db-55b5ca3be54c is updated service_manage_report /usr/lib/python3/dist-packages/heat/engine/service.py:2370
2025-01-20 00:35:18.409 36121 DEBUG heat.engine.service [req-adc394b2-917b-46c1-acc4-5b78c3f57e7f - - - - -] Service 6b369db4-b702-4c9b-9161-d71d25061647 is updated service_manage_report /usr/lib/python3/dist-packages/heat/engine/service.py:2370
2025-01-20 00:35:18.457 36123 DEBUG heat.engine.service [req-db9d1664-dac2-4d21-a061-ceffcd146414 - - - - -] Service 7f7a2c3d-fc46-4580-9dd8-6fc94b42e918 is updated service_manage_report /usr/lib/python3/dist-packages/heat/engine/service.py:2370
2025-01-20 00:36:18.368 36122 DEBUG heat.engine.service [req-0f9ba8d3-6305-44cd-9e68-c59dadd39116 - - - - -] Service cbf6fba7-af11-4afa-8287-d4ae8eb2e601 is updated service_manage_report /usr/lib/python3/dist-packages/heat/engine/service.py:2370
2025-01-20 00:36:18.372 36124 DEBUG heat.engine.service [req-aded6078-f0d5-46f6-9d72-117794330c38 - - - - -] Service fbc9cd5c-cdfb-4b13-85db-55b5ca3be54c is updated service_manage_report /usr/lib/python3/dist-packages/heat/engine/service.py:2370
2025-01-20 00:36:18.417 36121 DEBUG heat.engine.service [req-53bba420-4032-434e-8c99-4c844d9c38e9 - - - - -] Service 6b369db4-b702-4c9b-9161-d71d25061647 is updated service_manage_report /usr/lib/python3/dist-packages/heat/engine/service.py:2370
2025-01-20 00:36:18.453 36123 DEBUG heat.engine.service [req-7637150e-a07d-4f23-ab76-701c2160c021 - - - - -] Service 7f7a2c3d-fc46-4580-9dd8-6fc94b42e918 is updated service_manage_report /usr/lib/python3/dist-packages/heat/engine/service.py:2370
2025-01-20 00:37:18.365 36122 DEBUG heat.engine.service [req-9d350f1a-51ba-4e90-8d3c-58815215eb35 - - - - -] Service cbf6fba7-af11-4afa-8287-d4ae8eb2e601 is updated service_manage_report /usr/lib/python3/dist-packages/heat/engine/service.py:2370
2025-01-20 00:37:18.368 36124 DEBUG heat.engine.service [req-b81614cf-a5dc-4c8c-b98b-128688598fd3 - - - - -] Service fbc9cd5c-cdfb-4b13-85db-55b5ca3be54c is updated service_manage_report /usr/lib/python3/dist-packages/heat/engine/service.py:2370
2025-01-20 00:37:18.412 36121 DEBUG heat.engine.service [req-8cf069f7-6616-4e42-bcad-e838b0f7b250 - - - - -] Service 6b369db4-b702-4c9b-9161-d71d25061647 is updated service_manage_report /usr/lib/python3/dist-packages/heat/engine/service.py:2370
2025-01-20 00:37:18.447 36123 DEBUG heat.engine.service [req-0cbe6bb8-3ed3-495b-bbb1-e9f470cb4c7b - - - - -] Service 7f7a2c3d-fc46-4580-9dd8-6fc94b42e918 is updated service_manage_report /usr/lib/python3/dist-packages/heat/engine/service.py:2370
2025-01-20 00:38:18.362 36122 DEBUG heat.engine.service [req-7be2b30c-dedf-4563-855c-0d5e328893a5 - - - - -] Service cbf6fba7-af11-4afa-8287-d4ae8eb2e601 is updated service_manage_report /usr/lib/python3/dist-packages/heat/engine/service.py:2370
2025-01-20 00:38:18.364 36124 DEBUG heat.engine.service [req-e2de3036-7a0d-47dc-8e1f-324e277ab4f4 - - - - -] Service fbc9cd5c-cdfb-4b13-85db-55b5ca3be54c is updated service_manage_report /usr/lib/python3/dist-packages/heat/engine/service.py:2370
2025-01-20 00:38:18.406 36121 DEBUG heat.engine.service [req-ff5808f9-c47a-49f0-9294-9f271607500a - - - - -] Service 6b369db4-b702-4c9b-9161-d71d25061647 is updated service_manage_report /usr/lib/python3/dist-packages/heat/engine/service.py:2370
2025-01-20 00:38:18.451 36123 DEBUG heat.engine.service [req-bb33ccf6-a316-4e97-8181-8ab26fd41f22 - - - - -] Service 7f7a2c3d-fc46-4580-9dd8-6fc94b42e918 is updated service_manage_report /usr/lib/python3/dist-packages/heat/engine/service.py:2370
2025-01-20 00:39:18.359 36122 DEBUG heat.engine.service [req-8518f11e-2c29-4e9e-84ff-370b8ec2d687 - - - - -] Service cbf6fba7-af11-4afa-8287-d4ae8eb2e601 is updated service_manage_report /usr/lib/python3/dist-packages/heat/engine/service.py:2370
2025-01-20 00:39:18.362 36124 DEBUG heat.engine.service [req-83d981d7-55d3-4f29-ba2d-37d500b3fbe0 - - - - -] Service fbc9cd5c-cdfb-4b13-85db-55b5ca3be54c is updated service_manage_report /usr/lib/python3/dist-packages/heat/engine/service.py:2370
2025-01-20 00:39:18.412 36121 DEBUG heat.engine.service [req-62d77fc8-2a9f-43d2-b31b-5d762ec1fd70 - - - - -] Service 6b369db4-b702-4c9b-9161-d71d25061647 is updated service_manage_report /usr/lib/python3/dist-packages/heat/engine/service.py:2370
2025-01-20 00:39:18.456 36123 DEBUG heat.engine.service [req-55b090d4-df9f-4fa7-8b22-37fcc5fc5692 - - - - -] Service 7f7a2c3d-fc46-4580-9dd8-6fc94b42e918 is updated service_manage_report /usr/lib/python3/dist-packages/heat/engine/service.py:2370
2025-01-20 00:40:18.355 36122 DEBUG heat.engine.service [req-afb3d29a-3ee5-470e-b370-48084b7fe4d5 - - - - -] Service cbf6fba7-af11-4afa-8287-d4ae8eb2e601 is updated service_manage_report /usr/lib/python3/dist-packages/heat/engine/service.py:2370
2025-01-20 00:40:18.358 36124 DEBUG heat.engine.service [req-9b32ac35-70a1-411b-8152-67c6fb287485 - - - - -] Service fbc9cd5c-cdfb-4b13-85db-55b5ca3be54c is updated service_manage_report /usr/lib/python3/dist-packages/heat/engine/service.py:2370
2025-01-20 00:40:18.417 36121 DEBUG heat.engine.service [req-9fa39c5f-6bfa-4f2c-928d-69ec6e3b8350 - - - - -] Service 6b369db4-b702-4c9b-9161-d71d25061647 is updated service_manage_report /usr/lib/python3/dist-packages/heat/engine/service.py:2370
2025-01-20 00:40:18.460 36123 DEBUG heat.engine.service [req-1967037f-83f0-49c8-be4d-cb6a63f9e6c3 - - - - -] Service 7f7a2c3d-fc46-4580-9dd8-6fc94b42e918 is updated service_manage_report /usr/lib/python3/dist-packages/heat/engine/service.py:2370
2025-01-20 00:41:18.358 36124 DEBUG heat.engine.service [req-f470a56f-ae4d-4604-ac4f-839027cf4760 - - - - -] Service fbc9cd5c-cdfb-4b13-85db-55b5ca3be54c is updated service_manage_report /usr/lib/python3/dist-packages/heat/engine/service.py:2370
2025-01-20 00:41:18.361 36122 DEBUG heat.engine.service [req-545eb47c-7599-4603-bb0f-ace9ee21eaba - - - - -] Service cbf6fba7-af11-4afa-8287-d4ae8eb2e601 is updated service_manage_report /usr/lib/python3/dist-packages/heat/engine/service.py:2370
2025-01-20 00:41:18.423 36121 DEBUG heat.engine.service [req-32584553-6724-417a-91e1-38dc8f789676 - - - - -] Service 6b369db4-b702-4c9b-9161-d71d25061647 is updated service_manage_report /usr/lib/python3/dist-packages/heat/engine/service.py:2370
2025-01-20 00:41:18.463 36123 DEBUG heat.engine.service [req-9a739d4a-a910-4c29-b78e-a64b09d1b3c9 - - - - -] Service 7f7a2c3d-fc46-4580-9dd8-6fc94b42e918 is updated service_manage_report /usr/lib/python3/dist-packages/heat/engine/service.py:2370
2025-01-20 00:42:18.355 36122 DEBUG heat.engine.service [req-20637399-0608-49d8-b45c-fd1702f0d95f - - - - -] Service cbf6fba7-af11-4afa-8287-d4ae8eb2e601 is updated service_manage_report /usr/lib/python3/dist-packages/heat/engine/service.py:2370
2025-01-20 00:42:18.357 36124 DEBUG heat.engine.service [req-ae20bf4a-e008-4f99-b065-58b92e2d29d7 - - - - -] Service fbc9cd5c-cdfb-4b13-85db-55b5ca3be54c is updated service_manage_report /usr/lib/python3/dist-packages/heat/engine/service.py:2370
2025-01-20 00:42:18.421 36121 DEBUG heat.engine.service [req-b8e3946b-7e2c-4f1b-84be-45db0aac8c75 - - - - -] Service 6b369db4-b702-4c9b-9161-d71d25061647 is updated service_manage_report /usr/lib/python3/dist-packages/heat/engine/service.py:2370
2025-01-20 00:42:18.472 36123 DEBUG heat.engine.service [req-2348a50a-ecc5-4b2c-8e64-2cbb3f8595bc - - - - -] Service 7f7a2c3d-fc46-4580-9dd8-6fc94b42e918 is updated service_manage_report /usr/lib/python3/dist-packages/heat/engine/service.py:2370
2025-01-20 00:43:18.358 36124 DEBUG heat.engine.service [req-7c29d663-939a-492f-ad03-80aa68c62276 - - - - -] Service fbc9cd5c-cdfb-4b13-85db-55b5ca3be54c is updated service_manage_report /usr/lib/python3/dist-packages/heat/engine/service.py:2370
2025-01-20 00:43:18.361 36122 DEBUG heat.engine.service [req-fa175336-4acc-4478-a823-f2a7834bf074 - - - - -] Service cbf6fba7-af11-4afa-8287-d4ae8eb2e601 is updated service_manage_report /usr/lib/python3/dist-packages/heat/engine/service.py:2370
2025-01-20 00:43:18.414 36121 DEBUG heat.engine.service [req-1c9331a9-a7a5-4435-863f-d0fc5f2e0fbc - - - - -] Service 6b369db4-b702-4c9b-9161-d71d25061647 is updated service_manage_report /usr/lib/python3/dist-packages/heat/engine/service.py:2370
2025-01-20 00:43:18.466 36123 DEBUG heat.engine.service [req-25c33758-6d48-499b-a5fa-40cc3cf9dbce - - - - -] Service 7f7a2c3d-fc46-4580-9dd8-6fc94b42e918 is updated service_manage_report /usr/lib/python3/dist-packages/heat/engine/service.py:2370
2025-01-20 00:44:18.358 36124 DEBUG heat.engine.service [req-dbda412a-c929-43de-b06e-8f24aeaa0661 - - - - -] Service fbc9cd5c-cdfb-4b13-85db-55b5ca3be54c is updated service_manage_report /usr/lib/python3/dist-packages/heat/engine/service.py:2370
2025-01-20 00:44:18.361 36122 DEBUG heat.engine.service [req-d7f8dcc3-4e9d-4a44-bcdc-6eefc1796e55 - - - - -] Service cbf6fba7-af11-4afa-8287-d4ae8eb2e601 is updated service_manage_report /usr/lib/python3/dist-packages/heat/engine/service.py:2370
2025-01-20 00:44:18.421 36121 DEBUG heat.engine.service [req-87e88fe5-f781-48e8-93c9-1a7d5b0b48a0 - - - - -] Service 6b369db4-b702-4c9b-9161-d71d25061647 is updated service_manage_report /usr/lib/python3/dist-packages/heat/engine/service.py:2370
2025-01-20 00:44:18.474 36123 DEBUG heat.engine.service [req-b9b5b9c9-3cfc-4ff2-8d0d-59109200403c - - - - -] Service 7f7a2c3d-fc46-4580-9dd8-6fc94b42e918 is updated service_manage_report /usr/lib/python3/dist-packages/heat/engine/service.py:2370
2025-01-20 00:45:18.353 36124 DEBUG heat.engine.service [req-b41dece0-db7b-477f-aa4a-01f36044c627 - - - - -] Service fbc9cd5c-cdfb-4b13-85db-55b5ca3be54c is updated service_manage_report /usr/lib/python3/dist-packages/heat/engine/service.py:2370
2025-01-20 00:45:18.356 36122 DEBUG heat.engine.service [req-97481e70-c586-410f-87ef-55e2168fad49 - - - - -] Service cbf6fba7-af11-4afa-8287-d4ae8eb2e601 is updated service_manage_report /usr/lib/python3/dist-packages/heat/engine/service.py:2370
2025-01-20 00:45:18.414 36121 DEBUG heat.engine.service [req-e71deaa1-149b-4ee9-b38a-7c7f17bf1ef5 - - - - -] Service 6b369db4-b702-4c9b-9161-d71d25061647 is updated service_manage_report /usr/lib/python3/dist-packages/heat/engine/service.py:2370
2025-01-20 00:45:18.467 36123 DEBUG heat.engine.service [req-595cb2d1-2ad0-4219-a138-29ec9bb66a02 - - - - -] Service 7f7a2c3d-fc46-4580-9dd8-6fc94b42e918 is updated service_manage_report /usr/lib/python3/dist-packages/heat/engine/service.py:2370
2025-01-20 00:46:18.353 36122 DEBUG heat.engine.service [req-6b3a6c9f-7c53-4d0c-ae13-8859b43bd9a2 - - - - -] Service cbf6fba7-af11-4afa-8287-d4ae8eb2e601 is updated service_manage_report /usr/lib/python3/dist-packages/heat/engine/service.py:2370
2025-01-20 00:46:18.357 36124 DEBUG heat.engine.service [req-0f0f09d2-19ce-4fdb-a285-0fac54af1934 - - - - -] Service fbc9cd5c-cdfb-4b13-85db-55b5ca3be54c is updated service_manage_report /usr/lib/python3/dist-packages/heat/engine/service.py:2370
2025-01-20 00:46:18.420 36121 DEBUG heat.engine.service [req-9d1b4f9e-f572-4d92-a646-18c74d20a2ad - - - - -] Service 6b369db4-b702-4c9b-9161-d71d25061647 is updated service_manage_report /usr/lib/python3/dist-packages/heat/engine/service.py:2370
2025-01-20 00:46:18.471 36123 DEBUG heat.engine.service [req-39cdae5f-8d64-4ee9-8ccb-158a57d5e13e - - - - -] Service 7f7a2c3d-fc46-4580-9dd8-6fc94b42e918 is updated service_manage_report /usr/lib/python3/dist-packages/heat/engine/service.py:2370
2025-01-20 00:47:18.346 36122 DEBUG heat.engine.service [req-f6dbaf1d-6782-433c-9cde-56edb42ba63b - - - - -] Service cbf6fba7-af11-4afa-8287-d4ae8eb2e601 is updated service_manage_report /usr/lib/python3/dist-packages/heat/engine/service.py:2370
2025-01-20 00:47:18.360 36124 DEBUG heat.engine.service [req-62d07acc-5e11-49b3-96bd-4246b30b1cde - - - - -] Service fbc9cd5c-cdfb-4b13-85db-55b5ca3be54c is updated service_manage_report /usr/lib/python3/dist-packages/heat/engine/service.py:2370
2025-01-20 00:47:18.424 36121 DEBUG heat.engine.service [req-92338d09-87d4-4e44-9774-d9e2ccdb0e8b - - - - -] Service 6b369db4-b702-4c9b-9161-d71d25061647 is updated service_manage_report /usr/lib/python3/dist-packages/heat/engine/service.py:2370
2025-01-20 00:47:18.475 36123 DEBUG heat.engine.service [req-e6124048-cc4e-4f3d-9128-b578db6a6749 - - - - -] Service 7f7a2c3d-fc46-4580-9dd8-6fc94b42e918 is updated service_manage_report /usr/lib/python3/dist-packages/heat/engine/service.py:2370
2025-01-20 00:48:18.351 36122 DEBUG heat.engine.service [req-fb940aab-0c0a-4339-bc1b-724fbcd923c4 - - - - -] Service cbf6fba7-af11-4afa-8287-d4ae8eb2e601 is updated service_manage_report /usr/lib/python3/dist-packages/heat/engine/service.py:2370
2025-01-20 00:48:18.365 36124 DEBUG heat.engine.service [req-2b9e218e-a4bb-4f31-b915-d5c32c3b5eb3 - - - - -] Service fbc9cd5c-cdfb-4b13-85db-55b5ca3be54c is updated service_manage_report /usr/lib/python3/dist-packages/heat/engine/service.py:2370
2025-01-20 00:48:18.430 36121 DEBUG heat.engine.service [req-fa1844a3-c336-404d-9728-ffae54cba981 - - - - -] Service 6b369db4-b702-4c9b-9161-d71d25061647 is updated service_manage_report /usr/lib/python3/dist-packages/heat/engine/service.py:2370
2025-01-20 00:48:18.478 36123 DEBUG heat.engine.service [req-c4a0a83a-6666-4e61-abdb-9cff00249bc7 - - - - -] Service 7f7a2c3d-fc46-4580-9dd8-6fc94b42e918 is updated service_manage_report /usr/lib/python3/dist-packages/heat/engine/service.py:2370
2025-01-20 00:49:18.356 36122 DEBUG heat.engine.service [req-6f6ca33f-bc5c-4fb8-b84c-9a6a3f86ef6e - - - - -] Service cbf6fba7-af11-4afa-8287-d4ae8eb2e601 is updated service_manage_report /usr/lib/python3/dist-packages/heat/engine/service.py:2370
2025-01-20 00:49:18.370 36124 DEBUG heat.engine.service [req-3245ae14-d8ee-4b42-88be-7af0a72b5b98 - - - - -] Service fbc9cd5c-cdfb-4b13-85db-55b5ca3be54c is updated service_manage_report /usr/lib/python3/dist-packages/heat/engine/service.py:2370
2025-01-20 00:49:18.434 36121 DEBUG heat.engine.service [req-3bf5a552-fe61-4a68-9a3a-48ea070f141f - - - - -] Service 6b369db4-b702-4c9b-9161-d71d25061647 is updated service_manage_report /usr/lib/python3/dist-packages/heat/engine/service.py:2370
2025-01-20 00:49:18.482 36123 DEBUG heat.engine.service [req-50924299-a3b7-4f8a-8656-ad56bda7ccef - - - - -] Service 7f7a2c3d-fc46-4580-9dd8-6fc94b42e918 is updated service_manage_report /usr/lib/python3/dist-packages/heat/engine/service.py:2370
2025-01-20 00:50:18.364 36122 DEBUG heat.engine.service [req-5b07897f-5286-4582-867f-11f9ea5fea2f - - - - -] Service cbf6fba7-af11-4afa-8287-d4ae8eb2e601 is updated service_manage_report /usr/lib/python3/dist-packages/heat/engine/service.py:2370
2025-01-20 00:50:18.370 36124 DEBUG heat.engine.service [req-0826f30c-ccae-4151-9dba-d58ceb362fbb - - - - -] Service fbc9cd5c-cdfb-4b13-85db-55b5ca3be54c is updated service_manage_report /usr/lib/python3/dist-packages/heat/engine/service.py:2370
2025-01-20 00:50:18.439 36121 DEBUG heat.engine.service [req-e93560b6-780d-4757-a448-b460820d3e61 - - - - -] Service 6b369db4-b702-4c9b-9161-d71d25061647 is updated service_manage_report /usr/lib/python3/dist-packages/heat/engine/service.py:2370
2025-01-20 00:50:18.485 36123 DEBUG heat.engine.service [req-6222f43e-0e9b-41a2-812a-f1ebe877bc5c - - - - -] Service 7f7a2c3d-fc46-4580-9dd8-6fc94b42e918 is updated service_manage_report /usr/lib/python3/dist-packages/heat/engine/service.py:2370
2025-01-20 00:51:18.360 36122 DEBUG heat.engine.service [req-3562e31d-20fe-42e1-bea1-8f0b811b8a0f - - - - -] Service cbf6fba7-af11-4afa-8287-d4ae8eb2e601 is updated service_manage_report /usr/lib/python3/dist-packages/heat/engine/service.py:2370
