2025-01-20 02:01:52.789 7 DEBUG oslo_service.service [-] ml2_type_geneve.vni_ranges = [] log_opt_values /var/lib/kolla/venv/lib/python3.6/site-packages/oslo_config/cfg.py:2611
2025-01-20 02:01:52.789 7 DEBUG oslo_service.service [-] ml2_type_gre.tunnel_id_ranges = [] log_opt_values /var/lib/kolla/venv/lib/python3.6/site-packages/oslo_config/cfg.py:2611
2025-01-20 02:01:52.789 7 DEBUG oslo_service.service [-] ml2_type_vlan.network_vlan_ranges = [] log_opt_values /var/lib/kolla/venv/lib/python3.6/site-packages/oslo_config/cfg.py:2611
2025-01-20 02:01:52.789 7 DEBUG oslo_service.service [-] ml2_type_vxlan.vni_ranges = [] log_opt_values /var/lib/kolla/venv/lib/python3.6/site-packages/oslo_config/cfg.py:2611
2025-01-20 02:01:52.789 7 DEBUG oslo_service.service [-] ml2_type_vxlan.vxlan_group = None log_opt_values /var/lib/kolla/venv/lib/python3.6/site-packages/oslo_config/cfg.py:2611
2025-01-20 02:01:52.789 7 DEBUG oslo_service.service [-] database.backend = sqlalchemy log_opt_values /var/lib/kolla/venv/lib/python3.6/site-packages/oslo_config/cfg.py:2611
2025-01-20 02:01:52.789 7 DEBUG oslo_service.service [-] database.connection = **** log_opt_values /var/lib/kolla/venv/lib/python3.6/site-packages/oslo_config/cfg.py:2611
2025-01-20 02:01:52.789 7 DEBUG oslo_service.service [-] database.connection_debug = 0 log_opt_values /var/lib/kolla/venv/lib/python3.6/site-packages/oslo_config/cfg.py:2611
2025-01-20 02:01:52.789 7 DEBUG oslo_service.service [-] database.connection_parameters = log_opt_values /var/lib/kolla/venv/lib/python3.6/site-packages/oslo_config/cfg.py:2611
2025-01-20 02:01:52.789 7 DEBUG oslo_service.service [-] database.connection_recycle_time = 10 log_opt_values /var/lib/kolla/venv/lib/python3.6/site-packages/oslo_config/cfg.py:2611
2025-01-20 02:01:52.789 7 DEBUG oslo_service.service [-] database.connection_trace = False log_opt_values /var/lib/kolla/venv/lib/python3.6/site-packages/oslo_config/cfg.py:2611
2025-01-20 02:01:52.789 7 DEBUG oslo_service.service [-] database.db_inc_retry_interval = True log_opt_values /var/lib/kolla/venv/lib/python3.6/site-packages/oslo_config/cfg.py:2611
2025-01-20 02:01:52.789 7 DEBUG oslo_service.service [-] database.db_max_retries = 20 log_opt_values /var/lib/kolla/venv/lib/python3.6/site-packages/oslo_config/cfg.py:2611
2025-01-20 02:01:52.790 7 DEBUG oslo_service.service [-] database.db_max_retry_interval = 10 log_opt_values /var/lib/kolla/venv/lib/python3.6/site-packages/oslo_config/cfg.py:2611
2025-01-20 02:01:52.790 7 DEBUG oslo_service.service [-] database.db_retry_interval = 1 log_opt_values /var/lib/kolla/venv/lib/python3.6/site-packages/oslo_config/cfg.py:2611
2025-01-20 02:01:52.790 7 DEBUG oslo_service.service [-] database.max_overflow = 50 log_opt_values /var/lib/kolla/venv/lib/python3.6/site-packages/oslo_config/cfg.py:2611
2025-01-20 02:01:52.790 7 DEBUG oslo_service.service [-] database.max_pool_size = 1 log_opt_values /var/lib/kolla/venv/lib/python3.6/site-packages/oslo_config/cfg.py:2611
2025-01-20 02:01:52.790 7 DEBUG oslo_service.service [-] database.max_retries = -1 log_opt_values /var/lib/kolla/venv/lib/python3.6/site-packages/oslo_config/cfg.py:2611
2025-01-20 02:01:52.790 7 DEBUG oslo_service.service [-] database.mysql_enable_ndb = False log_opt_values /var/lib/kolla/venv/lib/python3.6/site-packages/oslo_config/cfg.py:2611
2025-01-20 02:01:52.790 7 DEBUG oslo_service.service [-] database.mysql_sql_mode = TRADITIONAL log_opt_values /var/lib/kolla/venv/lib/python3.6/site-packages/oslo_config/cfg.py:2611
2025-01-20 02:01:52.790 7 DEBUG oslo_service.service [-] database.pool_timeout = None log_opt_values /var/lib/kolla/venv/lib/python3.6/site-packages/oslo_config/cfg.py:2611
2025-01-20 02:01:52.790 7 DEBUG oslo_service.service [-] database.retry_interval = 10 log_opt_values /var/lib/kolla/venv/lib/python3.6/site-packages/oslo_config/cfg.py:2611
2025-01-20 02:01:52.790 7 DEBUG oslo_service.service [-] database.slave_connection = **** log_opt_values /var/lib/kolla/venv/lib/python3.6/site-packages/oslo_config/cfg.py:2611
2025-01-20 02:01:52.790 7 DEBUG oslo_service.service [-] database.sqlite_synchronous = True log_opt_values /var/lib/kolla/venv/lib/python3.6/site-packages/oslo_config/cfg.py:2611
2025-01-20 02:01:52.790 7 DEBUG oslo_service.service [-] database.use_db_reconnect = False log_opt_values /var/lib/kolla/venv/lib/python3.6/site-packages/oslo_config/cfg.py:2611
2025-01-20 02:01:52.790 7 DEBUG oslo_service.service [-] ******************************************************************************** log_opt_values /var/lib/kolla/venv/lib/python3.6/site-packages/oslo_config/cfg.py:2613
2025-01-20 02:01:54.761 22 DEBUG neutron.wsgi [-] (22) accepted ('10.0.0.17', 38382) server /var/lib/kolla/venv/lib/python3.6/site-packages/eventlet/wsgi.py:1004
2025-01-20 02:01:54.767 22 INFO neutron.wsgi [-] 10.0.0.17 "GET / HTTP/1.1" status: 200 len: 227 time: 0.0050483
2025-01-20 02:01:59.307 25 DEBUG neutron.api.rpc.handlers.dhcp_rpc [req-6b1be428-58d6-4565-bfac-b6897dd9dbc5 - - - - -] get_active_networks_info from cn-jenkins-deploy-platform-ansible-os-2653-1 get_active_networks_info /var/lib/kolla/venv/lib/python3.6/site-packages/neutron/api/rpc/handlers/dhcp_rpc.py:159
2025-01-20 02:01:59.331 27 DEBUG neutron_lib.callbacks.manager [req-a41b7af6-9349-4cc0-9c25-d3aca4f0f200 - - - - -] Publish callbacks ['neutron.services.segments.db._update_segment_host_mapping_for_agent-8784530590835', 'neutron.services.l3_router.l3_router_plugin.DVRResourceOperationHandler.create_fip_agent_gw_ports-1639683'] for agent (e064e23a-bea1-4210-8bf6-9f6fcdeaf33e), after_create _notify_loop /var/lib/kolla/venv/lib/python3.6/site-packages/neutron_lib/callbacks/manager.py:177
2025-01-20 02:01:59.342 25 DEBUG neutron.scheduler.dhcp_agent_scheduler [req-6b1be428-58d6-4565-bfac-b6897dd9dbc5 - - - - -] No non-hosted networks auto_schedule_networks /var/lib/kolla/venv/lib/python3.6/site-packages/neutron/scheduler/dhcp_agent_scheduler.py:60
2025-01-20 02:02:14.584 24 DEBUG neutron_lib.callbacks.manager [req-7b144b75-14bc-4b53-b4ef-5523a6a158a3 - - - - -] Publish callbacks ['neutron.services.segments.db._update_segment_host_mapping_for_agent-8784530590835', 'neutron.services.l3_router.l3_router_plugin.DVRResourceOperationHandler.create_fip_agent_gw_ports-1639683'] for agent (7fa4cd5a-1be0-43fc-9e54-4fd84de97d6e), after_create _notify_loop /var/lib/kolla/venv/lib/python3.6/site-packages/neutron_lib/callbacks/manager.py:177
2025-01-20 02:02:24.812 22 DEBUG neutron.wsgi [-] (22) accepted ('10.0.0.17', 47162) server /var/lib/kolla/venv/lib/python3.6/site-packages/eventlet/wsgi.py:1004
2025-01-20 02:02:24.816 22 INFO neutron.wsgi [-] 10.0.0.17 "GET / HTTP/1.1" status: 200 len: 227 time: 0.0028954
2025-01-20 02:02:29.319 23 DEBUG neutron_lib.callbacks.manager [req-5658fa4b-6270-4d83-a137-8aa4a9fee998 - - - - -] Publish callbacks ['neutron.services.segments.db._update_segment_host_mapping_for_agent-8784530590835', 'neutron.plugins.ml2.plugin.Ml2Plugin._retry_binding_revived_agents-811656'] for agent (e064e23a-bea1-4210-8bf6-9f6fcdeaf33e), after_update _notify_loop /var/lib/kolla/venv/lib/python3.6/site-packages/neutron_lib/callbacks/manager.py:177
2025-01-20 02:02:44.559 25 DEBUG neutron_lib.callbacks.manager [req-7b144b75-14bc-4b53-b4ef-5523a6a158a3 - - - - -] Publish callbacks ['neutron.services.segments.db._update_segment_host_mapping_for_agent-8784530590835', 'neutron.plugins.ml2.plugin.Ml2Plugin._retry_binding_revived_agents-811656'] for agent (7fa4cd5a-1be0-43fc-9e54-4fd84de97d6e), after_update _notify_loop /var/lib/kolla/venv/lib/python3.6/site-packages/neutron_lib/callbacks/manager.py:177
2025-01-20 02:02:50.760 29 DEBUG neutron.db.agents_db [req-77a095be-ff42-42e8-837d-5d69e3236694 - - - - -] Agent healthcheck: found 2 active agents agent_health_check /var/lib/kolla/venv/lib/python3.6/site-packages/neutron/db/agents_db.py:318
2025-01-20 02:02:54.858 22 DEBUG neutron.wsgi [-] (22) accepted ('10.0.0.17', 45592) server /var/lib/kolla/venv/lib/python3.6/site-packages/eventlet/wsgi.py:1004
2025-01-20 02:02:54.862 22 INFO neutron.wsgi [-] 10.0.0.17 "GET / HTTP/1.1" status: 200 len: 227 time: 0.0026920
2025-01-20 02:02:59.311 26 DEBUG neutron_lib.callbacks.manager [req-ec48d56b-5875-4477-9a29-229e3b4458e4 - - - - -] Publish callbacks ['neutron.services.segments.db._update_segment_host_mapping_for_agent-8784530590835', 'neutron.plugins.ml2.plugin.Ml2Plugin._retry_binding_revived_agents-811656'] for agent (e064e23a-bea1-4210-8bf6-9f6fcdeaf33e), after_update _notify_loop /var/lib/kolla/venv/lib/python3.6/site-packages/neutron_lib/callbacks/manager.py:177
2025-01-20 02:03:14.570 28 DEBUG neutron_lib.callbacks.manager [req-7b144b75-14bc-4b53-b4ef-5523a6a158a3 - - - - -] Publish callbacks ['neutron.services.segments.db._update_segment_host_mapping_for_agent-8784530590835', 'neutron.plugins.ml2.plugin.Ml2Plugin._retry_binding_revived_agents-811656'] for agent (7fa4cd5a-1be0-43fc-9e54-4fd84de97d6e), after_update _notify_loop /var/lib/kolla/venv/lib/python3.6/site-packages/neutron_lib/callbacks/manager.py:177
2025-01-20 02:03:24.903 22 DEBUG neutron.wsgi [-] (22) accepted ('10.0.0.17', 49916) server /var/lib/kolla/venv/lib/python3.6/site-packages/eventlet/wsgi.py:1004
2025-01-20 02:03:24.907 22 INFO neutron.wsgi [-] 10.0.0.17 "GET / HTTP/1.1" status: 200 len: 227 time: 0.0031517
2025-01-20 02:03:27.757 29 DEBUG neutron.db.agents_db [req-77a095be-ff42-42e8-837d-5d69e3236694 - - - - -] Agent healthcheck: found 2 active agents agent_health_check /var/lib/kolla/venv/lib/python3.6/site-packages/neutron/db/agents_db.py:318
2025-01-20 02:03:29.306 27 DEBUG neutron_lib.callbacks.manager [req-329a7c53-8361-4002-9f62-109cd6337567 - - - - -] Publish callbacks ['neutron.services.segments.db._update_segment_host_mapping_for_agent-8784530590835', 'neutron.plugins.ml2.plugin.Ml2Plugin._retry_binding_revived_agents-811656'] for agent (e064e23a-bea1-4210-8bf6-9f6fcdeaf33e), after_update _notify_loop /var/lib/kolla/venv/lib/python3.6/site-packages/neutron_lib/callbacks/manager.py:177
2025-01-20 02:03:44.561 24 DEBUG neutron_lib.callbacks.manager [req-7b144b75-14bc-4b53-b4ef-5523a6a158a3 - - - - -] Publish callbacks ['neutron.services.segments.db._update_segment_host_mapping_for_agent-8784530590835', 'neutron.plugins.ml2.plugin.Ml2Plugin._retry_binding_revived_agents-811656'] for agent (7fa4cd5a-1be0-43fc-9e54-4fd84de97d6e), after_update _notify_loop /var/lib/kolla/venv/lib/python3.6/site-packages/neutron_lib/callbacks/manager.py:177
2025-01-20 02:03:54.949 22 DEBUG neutron.wsgi [-] (22) accepted ('10.0.0.17', 39950) server /var/lib/kolla/venv/lib/python3.6/site-packages/eventlet/wsgi.py:1004
2025-01-20 02:03:54.953 22 INFO neutron.wsgi [-] 10.0.0.17 "GET / HTTP/1.1" status: 200 len: 227 time: 0.0032473
2025-01-20 02:03:59.303 23 DEBUG neutron_lib.callbacks.manager [req-d041b432-a572-45d7-9d4c-a37630ce4dfb - - - - -] Publish callbacks ['neutron.services.segments.db._update_segment_host_mapping_for_agent-8784530590835', 'neutron.plugins.ml2.plugin.Ml2Plugin._retry_binding_revived_agents-811656'] for agent (e064e23a-bea1-4210-8bf6-9f6fcdeaf33e), after_update _notify_loop /var/lib/kolla/venv/lib/python3.6/site-packages/neutron_lib/callbacks/manager.py:177
2025-01-20 02:04:04.755 29 DEBUG neutron.db.agents_db [req-77a095be-ff42-42e8-837d-5d69e3236694 - - - - -] Agent healthcheck: found 2 active agents agent_health_check /var/lib/kolla/venv/lib/python3.6/site-packages/neutron/db/agents_db.py:318
2025-01-20 02:04:14.566 25 DEBUG neutron_lib.callbacks.manager [req-7b144b75-14bc-4b53-b4ef-5523a6a158a3 - - - - -] Publish callbacks ['neutron.services.segments.db._update_segment_host_mapping_for_agent-8784530590835', 'neutron.plugins.ml2.plugin.Ml2Plugin._retry_binding_revived_agents-811656'] for agent (7fa4cd5a-1be0-43fc-9e54-4fd84de97d6e), after_update _notify_loop /var/lib/kolla/venv/lib/python3.6/site-packages/neutron_lib/callbacks/manager.py:177
2025-01-20 02:04:24.994 22 DEBUG neutron.wsgi [-] (22) accepted ('10.0.0.17', 42560) server /var/lib/kolla/venv/lib/python3.6/site-packages/eventlet/wsgi.py:1004
2025-01-20 02:04:24.998 22 INFO neutron.wsgi [-] 10.0.0.17 "GET / HTTP/1.1" status: 200 len: 227 time: 0.0026994
2025-01-20 02:04:29.297 26 DEBUG neutron_lib.callbacks.manager [req-ddc2e900-1ecd-4347-acf5-4ed11680212a - - - - -] Publish callbacks ['neutron.services.segments.db._update_segment_host_mapping_for_agent-8784530590835', 'neutron.plugins.ml2.plugin.Ml2Plugin._retry_binding_revived_agents-811656'] for agent (e064e23a-bea1-4210-8bf6-9f6fcdeaf33e), after_update _notify_loop /var/lib/kolla/venv/lib/python3.6/site-packages/neutron_lib/callbacks/manager.py:177
2025-01-20 02:04:41.755 29 DEBUG neutron.db.agents_db [req-77a095be-ff42-42e8-837d-5d69e3236694 - - - - -] Agent healthcheck: found 2 active agents agent_health_check /var/lib/kolla/venv/lib/python3.6/site-packages/neutron/db/agents_db.py:318
2025-01-20 02:04:44.563 28 DEBUG neutron_lib.callbacks.manager [req-7b144b75-14bc-4b53-b4ef-5523a6a158a3 - - - - -] Publish callbacks ['neutron.services.segments.db._update_segment_host_mapping_for_agent-8784530590835', 'neutron.plugins.ml2.plugin.Ml2Plugin._retry_binding_revived_agents-811656'] for agent (7fa4cd5a-1be0-43fc-9e54-4fd84de97d6e), after_update _notify_loop /var/lib/kolla/venv/lib/python3.6/site-packages/neutron_lib/callbacks/manager.py:177
2025-01-20 02:04:55.039 22 DEBUG neutron.wsgi [-] (22) accepted ('10.0.0.17', 39852) server /var/lib/kolla/venv/lib/python3.6/site-packages/eventlet/wsgi.py:1004
2025-01-20 02:04:55.043 22 INFO neutron.wsgi [-] 10.0.0.17 "GET / HTTP/1.1" status: 200 len: 227 time: 0.0026209
2025-01-20 02:04:59.303 27 DEBUG neutron_lib.callbacks.manager [req-41329165-62b5-4ef5-863b-bcc98a829efe - - - - -] Publish callbacks ['neutron.services.segments.db._update_segment_host_mapping_for_agent-8784530590835', 'neutron.plugins.ml2.plugin.Ml2Plugin._retry_binding_revived_agents-811656'] for agent (e064e23a-bea1-4210-8bf6-9f6fcdeaf33e), after_update _notify_loop /var/lib/kolla/venv/lib/python3.6/site-packages/neutron_lib/callbacks/manager.py:177
2025-01-20 02:05:14.565 24 DEBUG neutron_lib.callbacks.manager [req-7b144b75-14bc-4b53-b4ef-5523a6a158a3 - - - - -] Publish callbacks ['neutron.services.segments.db._update_segment_host_mapping_for_agent-8784530590835', 'neutron.plugins.ml2.plugin.Ml2Plugin._retry_binding_revived_agents-811656'] for agent (7fa4cd5a-1be0-43fc-9e54-4fd84de97d6e), after_update _notify_loop /var/lib/kolla/venv/lib/python3.6/site-packages/neutron_lib/callbacks/manager.py:177
2025-01-20 02:05:18.752 29 DEBUG neutron.db.agents_db [req-77a095be-ff42-42e8-837d-5d69e3236694 - - - - -] Agent healthcheck: found 2 active agents agent_health_check /var/lib/kolla/venv/lib/python3.6/site-packages/neutron/db/agents_db.py:318
2025-01-20 02:05:25.085 22 DEBUG neutron.wsgi [-] (22) accepted ('10.0.0.17', 44180) server /var/lib/kolla/venv/lib/python3.6/site-packages/eventlet/wsgi.py:1004
2025-01-20 02:05:25.089 22 INFO neutron.wsgi [-] 10.0.0.17 "GET / HTTP/1.1" status: 200 len: 227 time: 0.0025978
2025-01-20 02:05:29.307 23 DEBUG neutron_lib.callbacks.manager [req-d03d8506-3ac7-4cea-a646-9afc53ee9415 - - - - -] Publish callbacks ['neutron.services.segments.db._update_segment_host_mapping_for_agent-8784530590835', 'neutron.plugins.ml2.plugin.Ml2Plugin._retry_binding_revived_agents-811656'] for agent (e064e23a-bea1-4210-8bf6-9f6fcdeaf33e), after_update _notify_loop /var/lib/kolla/venv/lib/python3.6/site-packages/neutron_lib/callbacks/manager.py:177
2025-01-20 02:05:44.566 25 DEBUG neutron_lib.callbacks.manager [req-7b144b75-14bc-4b53-b4ef-5523a6a158a3 - - - - -] Publish callbacks ['neutron.services.segments.db._update_segment_host_mapping_for_agent-8784530590835', 'neutron.plugins.ml2.plugin.Ml2Plugin._retry_binding_revived_agents-811656'] for agent (7fa4cd5a-1be0-43fc-9e54-4fd84de97d6e), after_update _notify_loop /var/lib/kolla/venv/lib/python3.6/site-packages/neutron_lib/callbacks/manager.py:177
2025-01-20 02:05:55.130 22 DEBUG neutron.wsgi [-] (22) accepted ('10.0.0.17', 48852) server /var/lib/kolla/venv/lib/python3.6/site-packages/eventlet/wsgi.py:1004
2025-01-20 02:05:55.134 22 INFO neutron.wsgi [-] 10.0.0.17 "GET / HTTP/1.1" status: 200 len: 227 time: 0.0024920
2025-01-20 02:05:55.747 29 DEBUG neutron.db.agents_db [req-77a095be-ff42-42e8-837d-5d69e3236694 - - - - -] Agent healthcheck: found 2 active agents agent_health_check /var/lib/kolla/venv/lib/python3.6/site-packages/neutron/db/agents_db.py:318
2025-01-20 02:05:59.313 26 DEBUG neutron_lib.callbacks.manager [req-b4528d7e-aa96-48a5-8716-a8c489feae42 - - - - -] Publish callbacks ['neutron.services.segments.db._update_segment_host_mapping_for_agent-8784530590835', 'neutron.plugins.ml2.plugin.Ml2Plugin._retry_binding_revived_agents-811656'] for agent (e064e23a-bea1-4210-8bf6-9f6fcdeaf33e), after_update _notify_loop /var/lib/kolla/venv/lib/python3.6/site-packages/neutron_lib/callbacks/manager.py:177
2025-01-20 02:06:14.573 28 DEBUG neutron_lib.callbacks.manager [req-7b144b75-14bc-4b53-b4ef-5523a6a158a3 - - - - -] Publish callbacks ['neutron.services.segments.db._update_segment_host_mapping_for_agent-8784530590835', 'neutron.plugins.ml2.plugin.Ml2Plugin._retry_binding_revived_agents-811656'] for agent (7fa4cd5a-1be0-43fc-9e54-4fd84de97d6e), after_update _notify_loop /var/lib/kolla/venv/lib/python3.6/site-packages/neutron_lib/callbacks/manager.py:177
2025-01-20 02:06:25.173 22 DEBUG neutron.wsgi [-] (22) accepted ('10.0.0.17', 58994) server /var/lib/kolla/venv/lib/python3.6/site-packages/eventlet/wsgi.py:1004
2025-01-20 02:06:25.179 22 INFO neutron.wsgi [-] 10.0.0.17 "GET / HTTP/1.1" status: 200 len: 227 time: 0.0053816
2025-01-20 02:06:29.322 27 DEBUG neutron_lib.callbacks.manager [req-2cc4ae68-8ca0-4f42-8cf1-7ba2a18d6047 - - - - -] Publish callbacks ['neutron.services.segments.db._update_segment_host_mapping_for_agent-8784530590835', 'neutron.plugins.ml2.plugin.Ml2Plugin._retry_binding_revived_agents-811656'] for agent (e064e23a-bea1-4210-8bf6-9f6fcdeaf33e), after_update _notify_loop /var/lib/kolla/venv/lib/python3.6/site-packages/neutron_lib/callbacks/manager.py:177
2025-01-20 02:06:32.758 29 DEBUG neutron.db.agents_db [req-77a095be-ff42-42e8-837d-5d69e3236694 - - - - -] Agent healthcheck: found 2 active agents agent_health_check /var/lib/kolla/venv/lib/python3.6/site-packages/neutron/db/agents_db.py:318
2025-01-20 02:06:44.570 24 DEBUG neutron_lib.callbacks.manager [req-7b144b75-14bc-4b53-b4ef-5523a6a158a3 - - - - -] Publish callbacks ['neutron.services.segments.db._update_segment_host_mapping_for_agent-8784530590835', 'neutron.plugins.ml2.plugin.Ml2Plugin._retry_binding_revived_agents-811656'] for agent (7fa4cd5a-1be0-43fc-9e54-4fd84de97d6e), after_update _notify_loop /var/lib/kolla/venv/lib/python3.6/site-packages/neutron_lib/callbacks/manager.py:177
2025-01-20 02:06:55.220 22 DEBUG neutron.wsgi [-] (22) accepted ('10.0.0.17', 44494) server /var/lib/kolla/venv/lib/python3.6/site-packages/eventlet/wsgi.py:1004
2025-01-20 02:06:55.223 22 INFO neutron.wsgi [-] 10.0.0.17 "GET / HTTP/1.1" status: 200 len: 227 time: 0.0023508
2025-01-20 02:06:59.318 23 DEBUG neutron_lib.callbacks.manager [req-eaddc706-2c58-4ab0-87db-730076369498 - - - - -] Publish callbacks ['neutron.services.segments.db._update_segment_host_mapping_for_agent-8784530590835', 'neutron.plugins.ml2.plugin.Ml2Plugin._retry_binding_revived_agents-811656'] for agent (e064e23a-bea1-4210-8bf6-9f6fcdeaf33e), after_update _notify_loop /var/lib/kolla/venv/lib/python3.6/site-packages/neutron_lib/callbacks/manager.py:177
2025-01-20 02:07:09.757 29 DEBUG neutron.db.agents_db [req-77a095be-ff42-42e8-837d-5d69e3236694 - - - - -] Agent healthcheck: found 2 active agents agent_health_check /var/lib/kolla/venv/lib/python3.6/site-packages/neutron/db/agents_db.py:318
2025-01-20 02:07:14.573 25 DEBUG neutron_lib.callbacks.manager [req-7b144b75-14bc-4b53-b4ef-5523a6a158a3 - - - - -] Publish callbacks ['neutron.services.segments.db._update_segment_host_mapping_for_agent-8784530590835', 'neutron.plugins.ml2.plugin.Ml2Plugin._retry_binding_revived_agents-811656'] for agent (7fa4cd5a-1be0-43fc-9e54-4fd84de97d6e), after_update _notify_loop /var/lib/kolla/venv/lib/python3.6/site-packages/neutron_lib/callbacks/manager.py:177
2025-01-20 02:07:25.266 22 DEBUG neutron.wsgi [-] (22) accepted ('10.0.0.17', 55370) server /var/lib/kolla/venv/lib/python3.6/site-packages/eventlet/wsgi.py:1004
2025-01-20 02:07:25.269 22 INFO neutron.wsgi [-] 10.0.0.17 "GET / HTTP/1.1" status: 200 len: 227 time: 0.0024371
2025-01-20 02:07:29.313 26 DEBUG neutron_lib.callbacks.manager [req-69ba7c72-3de0-4e7b-a923-c47b5321e24a - - - - -] Publish callbacks ['neutron.services.segments.db._update_segment_host_mapping_for_agent-8784530590835', 'neutron.plugins.ml2.plugin.Ml2Plugin._retry_binding_revived_agents-811656'] for agent (e064e23a-bea1-4210-8bf6-9f6fcdeaf33e), after_update _notify_loop /var/lib/kolla/venv/lib/python3.6/site-packages/neutron_lib/callbacks/manager.py:177
2025-01-20 02:07:44.575 28 DEBUG neutron_lib.callbacks.manager [req-7b144b75-14bc-4b53-b4ef-5523a6a158a3 - - - - -] Publish callbacks ['neutron.services.segments.db._update_segment_host_mapping_for_agent-8784530590835', 'neutron.plugins.ml2.plugin.Ml2Plugin._retry_binding_revived_agents-811656'] for agent (7fa4cd5a-1be0-43fc-9e54-4fd84de97d6e), after_update _notify_loop /var/lib/kolla/venv/lib/python3.6/site-packages/neutron_lib/callbacks/manager.py:177
2025-01-20 02:07:46.758 29 DEBUG neutron.db.agents_db [req-77a095be-ff42-42e8-837d-5d69e3236694 - - - - -] Agent healthcheck: found 2 active agents agent_health_check /var/lib/kolla/venv/lib/python3.6/site-packages/neutron/db/agents_db.py:318
2025-01-20 02:07:55.310 22 DEBUG neutron.wsgi [-] (22) accepted ('10.0.0.17', 34602) server /var/lib/kolla/venv/lib/python3.6/site-packages/eventlet/wsgi.py:1004
2025-01-20 02:07:55.313 22 INFO neutron.wsgi [-] 10.0.0.17 "GET / HTTP/1.1" status: 200 len: 227 time: 0.0024295
2025-01-20 02:07:59.319 27 DEBUG neutron_lib.callbacks.manager [req-491923c4-29cf-469f-a17d-f1ce272c8d68 - - - - -] Publish callbacks ['neutron.services.segments.db._update_segment_host_mapping_for_agent-8784530590835', 'neutron.plugins.ml2.plugin.Ml2Plugin._retry_binding_revived_agents-811656'] for agent (e064e23a-bea1-4210-8bf6-9f6fcdeaf33e), after_update _notify_loop /var/lib/kolla/venv/lib/python3.6/site-packages/neutron_lib/callbacks/manager.py:177
2025-01-20 02:08:14.577 24 DEBUG neutron_lib.callbacks.manager [req-7b144b75-14bc-4b53-b4ef-5523a6a158a3 - - - - -] Publish callbacks ['neutron.services.segments.db._update_segment_host_mapping_for_agent-8784530590835', 'neutron.plugins.ml2.plugin.Ml2Plugin._retry_binding_revived_agents-811656'] for agent (7fa4cd5a-1be0-43fc-9e54-4fd84de97d6e), after_update _notify_loop /var/lib/kolla/venv/lib/python3.6/site-packages/neutron_lib/callbacks/manager.py:177
2025-01-20 02:08:23.755 29 DEBUG neutron.db.agents_db [req-77a095be-ff42-42e8-837d-5d69e3236694 - - - - -] Agent healthcheck: found 2 active agents agent_health_check /var/lib/kolla/venv/lib/python3.6/site-packages/neutron/db/agents_db.py:318
2025-01-20 02:08:25.353 22 DEBUG neutron.wsgi [-] (22) accepted ('10.0.0.17', 58112) server /var/lib/kolla/venv/lib/python3.6/site-packages/eventlet/wsgi.py:1004
2025-01-20 02:08:25.358 22 INFO neutron.wsgi [-] 10.0.0.17 "GET / HTTP/1.1" status: 200 len: 227 time: 0.0031922
2025-01-20 02:08:29.321 23 DEBUG neutron_lib.callbacks.manager [req-d2897f9a-55e7-4265-96b1-e658a6dd2146 - - - - -] Publish callbacks ['neutron.services.segments.db._update_segment_host_mapping_for_agent-8784530590835', 'neutron.plugins.ml2.plugin.Ml2Plugin._retry_binding_revived_agents-811656'] for agent (e064e23a-bea1-4210-8bf6-9f6fcdeaf33e), after_update _notify_loop /var/lib/kolla/venv/lib/python3.6/site-packages/neutron_lib/callbacks/manager.py:177
2025-01-20 02:08:44.580 25 DEBUG neutron_lib.callbacks.manager [req-7b144b75-14bc-4b53-b4ef-5523a6a158a3 - - - - -] Publish callbacks ['neutron.services.segments.db._update_segment_host_mapping_for_agent-8784530590835', 'neutron.plugins.ml2.plugin.Ml2Plugin._retry_binding_revived_agents-811656'] for agent (7fa4cd5a-1be0-43fc-9e54-4fd84de97d6e), after_update _notify_loop /var/lib/kolla/venv/lib/python3.6/site-packages/neutron_lib/callbacks/manager.py:177
2025-01-20 02:08:55.400 22 DEBUG neutron.wsgi [-] (22) accepted ('10.0.0.17', 57196) server /var/lib/kolla/venv/lib/python3.6/site-packages/eventlet/wsgi.py:1004
2025-01-20 02:08:55.404 22 INFO neutron.wsgi [-] 10.0.0.17 "GET / HTTP/1.1" status: 200 len: 227 time: 0.0026143
2025-01-20 02:08:59.326 26 DEBUG neutron_lib.callbacks.manager [req-0c5fc4e1-baae-416c-8743-e66512c1289b - - - - -] Publish callbacks ['neutron.services.segments.db._update_segment_host_mapping_for_agent-8784530590835', 'neutron.plugins.ml2.plugin.Ml2Plugin._retry_binding_revived_agents-811656'] for agent (e064e23a-bea1-4210-8bf6-9f6fcdeaf33e), after_update _notify_loop /var/lib/kolla/venv/lib/python3.6/site-packages/neutron_lib/callbacks/manager.py:177
2025-01-20 02:09:00.752 29 DEBUG neutron.db.agents_db [req-77a095be-ff42-42e8-837d-5d69e3236694 - - - - -] Agent healthcheck: found 2 active agents agent_health_check /var/lib/kolla/venv/lib/python3.6/site-packages/neutron/db/agents_db.py:318
2025-01-20 02:09:14.582 28 DEBUG neutron_lib.callbacks.manager [req-7b144b75-14bc-4b53-b4ef-5523a6a158a3 - - - - -] Publish callbacks ['neutron.services.segments.db._update_segment_host_mapping_for_agent-8784530590835', 'neutron.plugins.ml2.plugin.Ml2Plugin._retry_binding_revived_agents-811656'] for agent (7fa4cd5a-1be0-43fc-9e54-4fd84de97d6e), after_update _notify_loop /var/lib/kolla/venv/lib/python3.6/site-packages/neutron_lib/callbacks/manager.py:177
2025-01-20 02:09:25.446 22 DEBUG neutron.wsgi [-] (22) accepted ('10.0.0.17', 38848) server /var/lib/kolla/venv/lib/python3.6/site-packages/eventlet/wsgi.py:1004
2025-01-20 02:09:25.450 22 INFO neutron.wsgi [-] 10.0.0.17 "GET / HTTP/1.1" status: 200 len: 227 time: 0.0025690
2025-01-20 02:09:29.333 27 DEBUG neutron_lib.callbacks.manager [req-c7eb00c8-728a-45a8-b96a-6e781365795a - - - - -] Publish callbacks ['neutron.services.segments.db._update_segment_host_mapping_for_agent-8784530590835', 'neutron.plugins.ml2.plugin.Ml2Plugin._retry_binding_revived_agents-811656'] for agent (e064e23a-bea1-4210-8bf6-9f6fcdeaf33e), after_update _notify_loop /var/lib/kolla/venv/lib/python3.6/site-packages/neutron_lib/callbacks/manager.py:177
2025-01-20 02:09:37.760 29 DEBUG neutron.db.agents_db [req-77a095be-ff42-42e8-837d-5d69e3236694 - - - - -] Agent healthcheck: found 2 active agents agent_health_check /var/lib/kolla/venv/lib/python3.6/site-packages/neutron/db/agents_db.py:318
2025-01-20 02:09:44.585 24 DEBUG neutron_lib.callbacks.manager [req-7b144b75-14bc-4b53-b4ef-5523a6a158a3 - - - - -] Publish callbacks ['neutron.services.segments.db._update_segment_host_mapping_for_agent-8784530590835', 'neutron.plugins.ml2.plugin.Ml2Plugin._retry_binding_revived_agents-811656'] for agent (7fa4cd5a-1be0-43fc-9e54-4fd84de97d6e), after_update _notify_loop /var/lib/kolla/venv/lib/python3.6/site-packages/neutron_lib/callbacks/manager.py:177
2025-01-20 02:09:55.492 22 DEBUG neutron.wsgi [-] (22) accepted ('10.0.0.17', 40836) server /var/lib/kolla/venv/lib/python3.6/site-packages/eventlet/wsgi.py:1004
2025-01-20 02:09:55.495 22 INFO neutron.wsgi [-] 10.0.0.17 "GET / HTTP/1.1" status: 200 len: 227 time: 0.0024357
2025-01-20 02:09:59.329 23 DEBUG neutron_lib.callbacks.manager [req-e282cdc1-9e74-4f30-bef3-f98ef32ac7cc - - - - -] Publish callbacks ['neutron.services.segments.db._update_segment_host_mapping_for_agent-8784530590835', 'neutron.plugins.ml2.plugin.Ml2Plugin._retry_binding_revived_agents-811656'] for agent (e064e23a-bea1-4210-8bf6-9f6fcdeaf33e), after_update _notify_loop /var/lib/kolla/venv/lib/python3.6/site-packages/neutron_lib/callbacks/manager.py:177
2025-01-20 02:10:14.586 25 DEBUG neutron_lib.callbacks.manager [req-7b144b75-14bc-4b53-b4ef-5523a6a158a3 - - - - -] Publish callbacks ['neutron.services.segments.db._update_segment_host_mapping_for_agent-8784530590835', 'neutron.plugins.ml2.plugin.Ml2Plugin._retry_binding_revived_agents-811656'] for agent (7fa4cd5a-1be0-43fc-9e54-4fd84de97d6e), after_update _notify_loop /var/lib/kolla/venv/lib/python3.6/site-packages/neutron_lib/callbacks/manager.py:177
2025-01-20 02:10:14.768 29 DEBUG neutron.db.agents_db [req-77a095be-ff42-42e8-837d-5d69e3236694 - - - - -] Agent healthcheck: found 2 active agents agent_health_check /var/lib/kolla/venv/lib/python3.6/site-packages/neutron/db/agents_db.py:318
2025-01-20 02:10:25.536 22 DEBUG neutron.wsgi [-] (22) accepted ('10.0.0.17', 48050) server /var/lib/kolla/venv/lib/python3.6/site-packages/eventlet/wsgi.py:1004
2025-01-20 02:10:25.539 22 INFO neutron.wsgi [-] 10.0.0.17 "GET / HTTP/1.1" status: 200 len: 227 time: 0.0023849
2025-01-20 02:10:29.333 26 DEBUG neutron_lib.callbacks.manager [req-e7c0c6e3-9e46-45c3-ae43-52eb5bb8b69b - - - - -] Publish callbacks ['neutron.services.segments.db._update_segment_host_mapping_for_agent-8784530590835', 'neutron.plugins.ml2.plugin.Ml2Plugin._retry_binding_revived_agents-811656'] for agent (e064e23a-bea1-4210-8bf6-9f6fcdeaf33e), after_update _notify_loop /var/lib/kolla/venv/lib/python3.6/site-packages/neutron_lib/callbacks/manager.py:177
2025-01-20 02:10:44.588 28 DEBUG neutron_lib.callbacks.manager [req-7b144b75-14bc-4b53-b4ef-5523a6a158a3 - - - - -] Publish callbacks ['neutron.services.segments.db._update_segment_host_mapping_for_agent-8784530590835', 'neutron.plugins.ml2.plugin.Ml2Plugin._retry_binding_revived_agents-811656'] for agent (7fa4cd5a-1be0-43fc-9e54-4fd84de97d6e), after_update _notify_loop /var/lib/kolla/venv/lib/python3.6/site-packages/neutron_lib/callbacks/manager.py:177
2025-01-20 02:10:51.778 29 DEBUG neutron.db.agents_db [req-77a095be-ff42-42e8-837d-5d69e3236694 - - - - -] Agent healthcheck: found 2 active agents agent_health_check /var/lib/kolla/venv/lib/python3.6/site-packages/neutron/db/agents_db.py:318
2025-01-20 02:10:55.582 22 DEBUG neutron.wsgi [-] (22) accepted ('10.0.0.17', 49028) server /var/lib/kolla/venv/lib/python3.6/site-packages/eventlet/wsgi.py:1004
2025-01-20 02:10:55.586 22 INFO neutron.wsgi [-] 10.0.0.17 "GET / HTTP/1.1" status: 200 len: 227 time: 0.0030296
2025-01-20 02:10:59.341 27 DEBUG neutron_lib.callbacks.manager [req-711ced33-4750-4524-be68-acb66d388fc1 - - - - -] Publish callbacks ['neutron.services.segments.db._update_segment_host_mapping_for_agent-8784530590835', 'neutron.plugins.ml2.plugin.Ml2Plugin._retry_binding_revived_agents-811656'] for agent (e064e23a-bea1-4210-8bf6-9f6fcdeaf33e), after_update _notify_loop /var/lib/kolla/venv/lib/python3.6/site-packages/neutron_lib/callbacks/manager.py:177
2025-01-20 02:11:14.592 24 DEBUG neutron_lib.callbacks.manager [req-7b144b75-14bc-4b53-b4ef-5523a6a158a3 - - - - -] Publish callbacks ['neutron.services.segments.db._update_segment_host_mapping_for_agent-8784530590835', 'neutron.plugins.ml2.plugin.Ml2Plugin._retry_binding_revived_agents-811656'] for agent (7fa4cd5a-1be0-43fc-9e54-4fd84de97d6e), after_update _notify_loop /var/lib/kolla/venv/lib/python3.6/site-packages/neutron_lib/callbacks/manager.py:177
2025-01-20 02:11:25.634 22 DEBUG neutron.wsgi [-] (22) accepted ('10.0.0.17', 57888) server /var/lib/kolla/venv/lib/python3.6/site-packages/eventlet/wsgi.py:1004
2025-01-20 02:11:25.638 22 INFO neutron.wsgi [-] 10.0.0.17 "GET / HTTP/1.1" status: 200 len: 227 time: 0.0029140
2025-01-20 02:11:28.786 29 DEBUG neutron.db.agents_db [req-77a095be-ff42-42e8-837d-5d69e3236694 - - - - -] Agent healthcheck: found 2 active agents agent_health_check /var/lib/kolla/venv/lib/python3.6/site-packages/neutron/db/agents_db.py:318
2025-01-20 02:11:29.338 23 DEBUG neutron_lib.callbacks.manager [req-4077856e-e9db-474e-a019-cc70f8c63e0f - - - - -] Publish callbacks ['neutron.services.segments.db._update_segment_host_mapping_for_agent-8784530590835', 'neutron.plugins.ml2.plugin.Ml2Plugin._retry_binding_revived_agents-811656'] for agent (e064e23a-bea1-4210-8bf6-9f6fcdeaf33e), after_update _notify_loop /var/lib/kolla/venv/lib/python3.6/site-packages/neutron_lib/callbacks/manager.py:177
2025-01-20 02:11:44.593 25 DEBUG neutron_lib.callbacks.manager [req-7b144b75-14bc-4b53-b4ef-5523a6a158a3 - - - - -] Publish callbacks ['neutron.services.segments.db._update_segment_host_mapping_for_agent-8784530590835', 'neutron.plugins.ml2.plugin.Ml2Plugin._retry_binding_revived_agents-811656'] for agent (7fa4cd5a-1be0-43fc-9e54-4fd84de97d6e), after_update _notify_loop /var/lib/kolla/venv/lib/python3.6/site-packages/neutron_lib/callbacks/manager.py:177
2025-01-20 02:11:55.679 22 DEBUG neutron.wsgi [-] (22) accepted ('10.0.0.17', 52366) server /var/lib/kolla/venv/lib/python3.6/site-packages/eventlet/wsgi.py:1004
2025-01-20 02:11:55.684 22 INFO neutron.wsgi [-] 10.0.0.17 "GET / HTTP/1.1" status: 200 len: 227 time: 0.0035272
2025-01-20 02:11:59.333 26 DEBUG neutron_lib.callbacks.manager [req-2f9fff80-ca90-422f-9d50-ff9c2d174a2c - - - - -] Publish callbacks ['neutron.services.segments.db._update_segment_host_mapping_for_agent-8784530590835', 'neutron.plugins.ml2.plugin.Ml2Plugin._retry_binding_revived_agents-811656'] for agent (e064e23a-bea1-4210-8bf6-9f6fcdeaf33e), after_update _notify_loop /var/lib/kolla/venv/lib/python3.6/site-packages/neutron_lib/callbacks/manager.py:177
2025-01-20 02:12:05.784 29 DEBUG neutron.db.agents_db [req-77a095be-ff42-42e8-837d-5d69e3236694 - - - - -] Agent healthcheck: found 2 active agents agent_health_check /var/lib/kolla/venv/lib/python3.6/site-packages/neutron/db/agents_db.py:318
2025-01-20 02:12:14.595 28 DEBUG neutron_lib.callbacks.manager [req-7b144b75-14bc-4b53-b4ef-5523a6a158a3 - - - - -] Publish callbacks ['neutron.services.segments.db._update_segment_host_mapping_for_agent-8784530590835', 'neutron.plugins.ml2.plugin.Ml2Plugin._retry_binding_revived_agents-811656'] for agent (7fa4cd5a-1be0-43fc-9e54-4fd84de97d6e), after_update _notify_loop /var/lib/kolla/venv/lib/python3.6/site-packages/neutron_lib/callbacks/manager.py:177
2025-01-20 02:12:25.754 22 DEBUG neutron.wsgi [-] (22) accepted ('10.0.0.17', 37764) server /var/lib/kolla/venv/lib/python3.6/site-packages/eventlet/wsgi.py:1004
2025-01-20 02:12:25.758 22 INFO neutron.wsgi [-] 10.0.0.17 "GET / HTTP/1.1" status: 200 len: 227 time: 0.0025651
2025-01-20 02:12:29.337 27 DEBUG neutron_lib.callbacks.manager [req-261bcf4d-1721-41d3-8d98-5437dc68c376 - - - - -] Publish callbacks ['neutron.services.segments.db._update_segment_host_mapping_for_agent-8784530590835', 'neutron.plugins.ml2.plugin.Ml2Plugin._retry_binding_revived_agents-811656'] for agent (e064e23a-bea1-4210-8bf6-9f6fcdeaf33e), after_update _notify_loop /var/lib/kolla/venv/lib/python3.6/site-packages/neutron_lib/callbacks/manager.py:177
2025-01-20 02:12:35.993 7 INFO oslo_service.service [-] Caught SIGTERM, stopping children
2025-01-20 02:12:35.993 7 DEBUG oslo_concurrency.lockutils [-] Acquired lock "singleton_lock" lock /var/lib/kolla/venv/lib/python3.6/site-packages/oslo_concurrency/lockutils.py:294
2025-01-20 02:12:35.993 7 DEBUG oslo_concurrency.lockutils [-] Releasing lock "singleton_lock" lock /var/lib/kolla/venv/lib/python3.6/site-packages/oslo_concurrency/lockutils.py:312
2025-01-20 02:12:35.994 7 DEBUG oslo_service.service [-] Stop services. stop /var/lib/kolla/venv/lib/python3.6/site-packages/oslo_service/service.py:695
2025-01-20 02:12:35.994 7 DEBUG neutron.service [-] calling RpcWorker stop() stop /var/lib/kolla/venv/lib/python3.6/site-packages/neutron/service.py:138
2025-01-20 02:12:35.994 7 DEBUG neutron.service [-] calling RpcWorker stop() stop /var/lib/kolla/venv/lib/python3.6/site-packages/neutron/service.py:138
2025-01-20 02:12:35.994 7 DEBUG oslo_service.service [-] Killing children. stop /var/lib/kolla/venv/lib/python3.6/site-packages/oslo_service/service.py:700
2025-01-20 02:12:35.994 7 INFO oslo_service.service [-] Waiting on 8 children to exit
2025-01-20 02:12:35.994 22 INFO neutron.wsgi [-] (22) wsgi exited, is_accepting=True
2025-01-20 02:12:35.994 29 DEBUG neutron.service [-] calling RpcWorker stop() stop /var/lib/kolla/venv/lib/python3.6/site-packages/neutron/service.py:138
2025-01-20 02:12:35.995 22 DEBUG oslo_concurrency.lockutils [req-b9c2a43c-715f-4250-94a5-7ce6e3bd7078 - - - - -] Acquired lock "singleton_lock" lock /var/lib/kolla/venv/lib/python3.6/site-packages/oslo_concurrency/lockutils.py:294
2025-01-20 02:12:35.995 29 DEBUG neutron.service [-] calling stop on stop /var/lib/kolla/venv/lib/python3.6/site-packages/neutron/service.py:141
2025-01-20 02:12:35.995 22 DEBUG oslo_concurrency.lockutils [req-b9c2a43c-715f-4250-94a5-7ce6e3bd7078 - - - - -] Releasing lock "singleton_lock" lock /var/lib/kolla/venv/lib/python3.6/site-packages/oslo_concurrency/lockutils.py:312
2025-01-20 02:12:35.995 28 DEBUG neutron.service [-] calling RpcWorker stop() stop /var/lib/kolla/venv/lib/python3.6/site-packages/neutron/service.py:138
2025-01-20 02:12:35.996 28 DEBUG neutron.service [-] calling stop on stop /var/lib/kolla/venv/lib/python3.6/site-packages/neutron/service.py:141
2025-01-20 02:12:35.999 23 DEBUG neutron.service [-] calling RpcWorker stop() stop /var/lib/kolla/venv/lib/python3.6/site-packages/neutron/service.py:138
2025-01-20 02:12:36.000 7 INFO oslo_service.service [-] Child 22 exited with status 0
2025-01-20 02:12:36.000 25 DEBUG neutron.service [-] calling RpcWorker stop() stop /var/lib/kolla/venv/lib/python3.6/site-packages/neutron/service.py:138
2025-01-20 02:12:36.000 25 DEBUG neutron.service [-] calling stop on stop /var/lib/kolla/venv/lib/python3.6/site-packages/neutron/service.py:141
2025-01-20 02:12:36.000 23 DEBUG neutron.service [-] calling stop on stop /var/lib/kolla/venv/lib/python3.6/site-packages/neutron/service.py:141
2025-01-20 02:12:36.002 24 DEBUG neutron.service [-] calling RpcWorker stop() stop /var/lib/kolla/venv/lib/python3.6/site-packages/neutron/service.py:138
2025-01-20 02:12:36.002 24 DEBUG neutron.service [-] calling stop on stop /var/lib/kolla/venv/lib/python3.6/site-packages/neutron/service.py:141
2025-01-20 02:12:36.005 27 DEBUG neutron.service [-] calling RpcWorker stop() stop /var/lib/kolla/venv/lib/python3.6/site-packages/neutron/service.py:138
2025-01-20 02:12:36.005 26 DEBUG neutron.service [-] calling RpcWorker stop() stop /var/lib/kolla/venv/lib/python3.6/site-packages/neutron/service.py:138
2025-01-20 02:12:36.005 27 DEBUG neutron.service [-] calling stop on stop /var/lib/kolla/venv/lib/python3.6/site-packages/neutron/service.py:141
2025-01-20 02:12:36.006 26 DEBUG neutron.service [-] calling stop on stop /var/lib/kolla/venv/lib/python3.6/site-packages/neutron/service.py:141
2025-01-20 02:12:37.532 26 DEBUG oslo_concurrency.lockutils [req-b9c2a43c-715f-4250-94a5-7ce6e3bd7078 - - - - -] Acquired lock "singleton_lock" lock /var/lib/kolla/venv/lib/python3.6/site-packages/oslo_concurrency/lockutils.py:294
2025-01-20 02:12:37.532 27 DEBUG oslo_concurrency.lockutils [req-b9c2a43c-715f-4250-94a5-7ce6e3bd7078 - - - - -] Acquired lock "singleton_lock" lock /var/lib/kolla/venv/lib/python3.6/site-packages/oslo_concurrency/lockutils.py:294
2025-01-20 02:12:37.532 26 DEBUG oslo_concurrency.lockutils [req-b9c2a43c-715f-4250-94a5-7ce6e3bd7078 - - - - -] Releasing lock "singleton_lock" lock /var/lib/kolla/venv/lib/python3.6/site-packages/oslo_concurrency/lockutils.py:312
2025-01-20 02:12:37.532 27 DEBUG oslo_concurrency.lockutils [req-b9c2a43c-715f-4250-94a5-7ce6e3bd7078 - - - - -] Releasing lock "singleton_lock" lock /var/lib/kolla/venv/lib/python3.6/site-packages/oslo_concurrency/lockutils.py:312
2025-01-20 02:12:37.533 26 DEBUG neutron.service [req-b9c2a43c-715f-4250-94a5-7ce6e3bd7078 - - - - -] calling RpcWorker wait() _wait /var/lib/kolla/venv/lib/python3.6/site-packages/neutron/service.py:128
2025-01-20 02:12:37.533 27 DEBUG neutron.service [req-b9c2a43c-715f-4250-94a5-7ce6e3bd7078 - - - - -] calling RpcWorker wait() _wait /var/lib/kolla/venv/lib/python3.6/site-packages/neutron/service.py:128
2025-01-20 02:12:37.533 26 DEBUG neutron.service [req-b9c2a43c-715f-4250-94a5-7ce6e3bd7078 - - - - -] calling wait on _wait /var/lib/kolla/venv/lib/python3.6/site-packages/neutron/service.py:131
2025-01-20 02:12:37.533 27 DEBUG neutron.service [req-b9c2a43c-715f-4250-94a5-7ce6e3bd7078 - - - - -] calling wait on _wait /var/lib/kolla/venv/lib/python3.6/site-packages/neutron/service.py:131
2025-01-20 02:12:37.540 26 WARNING amqp [req-b9c2a43c-715f-4250-94a5-7ce6e3bd7078 - - - - -] Received method (60, 30) during closing channel 1. This method will be ignored
2025-01-20 02:12:37.541 26 DEBUG neutron.service [req-b9c2a43c-715f-4250-94a5-7ce6e3bd7078 - - - - -] returning from RpcWorker wait() _wait /var/lib/kolla/venv/lib/python3.6/site-packages/neutron/service.py:135
2025-01-20 02:12:37.543 27 WARNING amqp [req-b9c2a43c-715f-4250-94a5-7ce6e3bd7078 - - - - -] Received method (60, 30) during closing channel 1. This method will be ignored
2025-01-20 02:12:37.544 27 DEBUG neutron.service [req-b9c2a43c-715f-4250-94a5-7ce6e3bd7078 - - - - -] returning from RpcWorker wait() _wait /var/lib/kolla/venv/lib/python3.6/site-packages/neutron/service.py:135
2025-01-20 02:12:37.547 7 INFO oslo_service.service [-] Child 26 exited with status 0
2025-01-20 02:12:37.548 7 INFO oslo_service.service [-] Child 27 exited with status 0
2025-01-20 02:12:37.754 24 DEBUG neutron.service [-] calling stop on stop /var/lib/kolla/venv/lib/python3.6/site-packages/neutron/service.py:141
2025-01-20 02:12:37.757 23 DEBUG neutron.service [-] calling stop on stop /var/lib/kolla/venv/lib/python3.6/site-packages/neutron/service.py:141
2025-01-20 02:12:37.758 25 DEBUG neutron.service [-] calling stop on stop /var/lib/kolla/venv/lib/python3.6/site-packages/neutron/service.py:141
2025-01-20 02:12:37.767 23 DEBUG neutron.service [-] calling stop on stop /var/lib/kolla/venv/lib/python3.6/site-packages/neutron/service.py:141
2025-01-20 02:12:37.769 25 DEBUG neutron.service [-] calling stop on stop /var/lib/kolla/venv/lib/python3.6/site-packages/neutron/service.py:141
2025-01-20 02:12:37.775 29 DEBUG oslo_concurrency.lockutils [req-b9c2a43c-715f-4250-94a5-7ce6e3bd7078 - - - - -] Acquired lock "singleton_lock" lock /var/lib/kolla/venv/lib/python3.6/site-packages/oslo_concurrency/lockutils.py:294
2025-01-20 02:12:37.776 29 DEBUG oslo_concurrency.lockutils [req-b9c2a43c-715f-4250-94a5-7ce6e3bd7078 - - - - -] Releasing lock "singleton_lock" lock /var/lib/kolla/venv/lib/python3.6/site-packages/oslo_concurrency/lockutils.py:312
2025-01-20 02:12:37.776 29 DEBUG neutron.service [req-b9c2a43c-715f-4250-94a5-7ce6e3bd7078 - - - - -] calling RpcWorker wait() _wait /var/lib/kolla/venv/lib/python3.6/site-packages/neutron/service.py:128
2025-01-20 02:12:37.777 29 DEBUG neutron.service [req-b9c2a43c-715f-4250-94a5-7ce6e3bd7078 - - - - -] calling wait on _wait /var/lib/kolla/venv/lib/python3.6/site-packages/neutron/service.py:131
2025-01-20 02:12:37.782 29 WARNING amqp [req-b9c2a43c-715f-4250-94a5-7ce6e3bd7078 - - - - -] Received method (60, 30) during closing channel 1. This method will be ignored
2025-01-20 02:12:37.783 29 DEBUG neutron.service [req-b9c2a43c-715f-4250-94a5-7ce6e3bd7078 - - - - -] returning from RpcWorker wait() _wait /var/lib/kolla/venv/lib/python3.6/site-packages/neutron/service.py:135
2025-01-20 02:12:37.784 24 DEBUG neutron.service [-] calling stop on stop /var/lib/kolla/venv/lib/python3.6/site-packages/neutron/service.py:141
2025-01-20 02:12:37.788 7 INFO oslo_service.service [-] Child 29 exited with status 0
2025-01-20 02:12:37.802 28 DEBUG oslo_concurrency.lockutils [req-b9c2a43c-715f-4250-94a5-7ce6e3bd7078 - - - - -] Acquired lock "singleton_lock" lock /var/lib/kolla/venv/lib/python3.6/site-packages/oslo_concurrency/lockutils.py:294
2025-01-20 02:12:37.803 28 DEBUG oslo_concurrency.lockutils [req-b9c2a43c-715f-4250-94a5-7ce6e3bd7078 - - - - -] Releasing lock "singleton_lock" lock /var/lib/kolla/venv/lib/python3.6/site-packages/oslo_concurrency/lockutils.py:312
2025-01-20 02:12:37.803 23 DEBUG neutron.service [-] calling stop on stop /var/lib/kolla/venv/lib/python3.6/site-packages/neutron/service.py:141
2025-01-20 02:12:37.803 28 DEBUG neutron.service [req-b9c2a43c-715f-4250-94a5-7ce6e3bd7078 - - - - -] calling RpcWorker wait() _wait /var/lib/kolla/venv/lib/python3.6/site-packages/neutron/service.py:128
2025-01-20 02:12:37.803 28 DEBUG neutron.service [req-b9c2a43c-715f-4250-94a5-7ce6e3bd7078 - - - - -] calling wait on _wait /var/lib/kolla/venv/lib/python3.6/site-packages/neutron/service.py:131
2025-01-20 02:12:37.804 25 DEBUG neutron.service [-] calling stop on stop /var/lib/kolla/venv/lib/python3.6/site-packages/neutron/service.py:141
2025-01-20 02:12:37.805 24 DEBUG neutron.service [-] calling stop on stop /var/lib/kolla/venv/lib/python3.6/site-packages/neutron/service.py:141
2025-01-20 02:12:37.809 28 WARNING amqp [req-b9c2a43c-715f-4250-94a5-7ce6e3bd7078 - - - - -] Received method (60, 30) during closing channel 1. This method will be ignored
2025-01-20 02:12:37.810 28 DEBUG neutron.service [req-b9c2a43c-715f-4250-94a5-7ce6e3bd7078 - - - - -] returning from RpcWorker wait() _wait /var/lib/kolla/venv/lib/python3.6/site-packages/neutron/service.py:135
2025-01-20 02:12:37.814 25 DEBUG oslo_concurrency.lockutils [req-b9c2a43c-715f-4250-94a5-7ce6e3bd7078 - - - - -] Acquired lock "singleton_lock" lock /var/lib/kolla/venv/lib/python3.6/site-packages/oslo_concurrency/lockutils.py:294
2025-01-20 02:12:37.815 7 INFO oslo_service.service [-] Child 28 exited with status 0
2025-01-20 02:12:37.815 23 DEBUG oslo_concurrency.lockutils [req-b9c2a43c-715f-4250-94a5-7ce6e3bd7078 - - - - -] Acquired lock "singleton_lock" lock /var/lib/kolla/venv/lib/python3.6/site-packages/oslo_concurrency/lockutils.py:294
2025-01-20 02:12:37.815 23 DEBUG oslo_concurrency.lockutils [req-b9c2a43c-715f-4250-94a5-7ce6e3bd7078 - - - - -] Releasing lock "singleton_lock" lock /var/lib/kolla/venv/lib/python3.6/site-packages/oslo_concurrency/lockutils.py:312
2025-01-20 02:12:37.816 23 DEBUG neutron.service [req-b9c2a43c-715f-4250-94a5-7ce6e3bd7078 - - - - -] calling RpcWorker wait() _wait /var/lib/kolla/venv/lib/python3.6/site-packages/neutron/service.py:128
2025-01-20 02:12:37.816 23 DEBUG neutron.service [req-b9c2a43c-715f-4250-94a5-7ce6e3bd7078 - - - - -] calling wait on _wait /var/lib/kolla/venv/lib/python3.6/site-packages/neutron/service.py:131
2025-01-20 02:12:37.817 24 DEBUG oslo_concurrency.lockutils [req-b9c2a43c-715f-4250-94a5-7ce6e3bd7078 - - - - -] Acquired lock "singleton_lock" lock /var/lib/kolla/venv/lib/python3.6/site-packages/oslo_concurrency/lockutils.py:294
2025-01-20 02:12:37.817 24 DEBUG oslo_concurrency.lockutils [req-b9c2a43c-715f-4250-94a5-7ce6e3bd7078 - - - - -] Releasing lock "singleton_lock" lock /var/lib/kolla/venv/lib/python3.6/site-packages/oslo_concurrency/lockutils.py:312
2025-01-20 02:12:37.818 24 DEBUG neutron.service [req-b9c2a43c-715f-4250-94a5-7ce6e3bd7078 - - - - -] calling RpcWorker wait() _wait /var/lib/kolla/venv/lib/python3.6/site-packages/neutron/service.py:128
2025-01-20 02:12:37.818 24 DEBUG neutron.service [req-b9c2a43c-715f-4250-94a5-7ce6e3bd7078 - - - - -] calling wait on _wait /var/lib/kolla/venv/lib/python3.6/site-packages/neutron/service.py:131
2025-01-20 02:12:37.818 25 DEBUG oslo_concurrency.lockutils [req-b9c2a43c-715f-4250-94a5-7ce6e3bd7078 - - - - -] Releasing lock "singleton_lock" lock /var/lib/kolla/venv/lib/python3.6/site-packages/oslo_concurrency/lockutils.py:312
2025-01-20 02:12:37.821 25 DEBUG neutron.service [req-b9c2a43c-715f-4250-94a5-7ce6e3bd7078 - - - - -] calling RpcWorker wait() _wait /var/lib/kolla/venv/lib/python3.6/site-packages/neutron/service.py:128
2025-01-20 02:12:37.822 25 DEBUG neutron.service [req-b9c2a43c-715f-4250-94a5-7ce6e3bd7078 - - - - -] calling wait on _wait /var/lib/kolla/venv/lib/python3.6/site-packages/neutron/service.py:131
2025-01-20 02:12:37.824 23 WARNING amqp [req-b9c2a43c-715f-4250-94a5-7ce6e3bd7078 - - - - -] Received method (60, 30) during closing channel 1. This method will be ignored
2025-01-20 02:12:37.825 24 WARNING amqp [req-b9c2a43c-715f-4250-94a5-7ce6e3bd7078 - - - - -] Received method (60, 30) during closing channel 1. This method will be ignored
2025-01-20 02:12:37.825 23 DEBUG neutron.service [req-b9c2a43c-715f-4250-94a5-7ce6e3bd7078 - - - - -] calling wait on _wait /var/lib/kolla/venv/lib/python3.6/site-packages/neutron/service.py:131
2025-01-20 02:12:37.827 25 WARNING amqp [req-b9c2a43c-715f-4250-94a5-7ce6e3bd7078 - - - - -] Received method (60, 30) during closing channel 1. This method will be ignored
2025-01-20 02:12:37.827 25 DEBUG neutron.service [req-b9c2a43c-715f-4250-94a5-7ce6e3bd7078 - - - - -] calling wait on _wait /var/lib/kolla/venv/lib/python3.6/site-packages/neutron/service.py:131
2025-01-20 02:12:37.827 24 DEBUG neutron.service [req-b9c2a43c-715f-4250-94a5-7ce6e3bd7078 - - - - -] calling wait on _wait /var/lib/kolla/venv/lib/python3.6/site-packages/neutron/service.py:131
2025-01-20 02:12:37.830 23 WARNING amqp [req-b9c2a43c-715f-4250-94a5-7ce6e3bd7078 - - - - -] Received method (60, 30) during closing channel 1. This method will be ignored
2025-01-20 02:12:37.832 24 WARNING amqp [req-b9c2a43c-715f-4250-94a5-7ce6e3bd7078 - - - - -] Received method (60, 30) during closing channel 1. This method will be ignored
2025-01-20 02:12:37.833 24 DEBUG neutron.service [req-b9c2a43c-715f-4250-94a5-7ce6e3bd7078 - - - - -] calling wait on _wait /var/lib/kolla/venv/lib/python3.6/site-packages/neutron/service.py:131
2025-01-20 02:12:37.833 23 DEBUG neutron.service [req-b9c2a43c-715f-4250-94a5-7ce6e3bd7078 - - - - -] calling wait on _wait /var/lib/kolla/venv/lib/python3.6/site-packages/neutron/service.py:131
