2025-01-16 00:36:49.448 140382 DEBUG oslo_concurrency.lockutils [req-9f578c10-68ef-48d7-9f70-742c615f49cf - - - - -] Lock "00000000-0000-0000-0000-000000000000" "released" by "nova.context.set_target_cell..get_or_set_cached_cell_and_set_connections" :: held 0.001s inner /usr/lib/python3/dist-packages/oslo_concurrency/lockutils.py:400
2025-01-16 00:36:49.449 140382 DEBUG oslo_concurrency.lockutils [req-9f578c10-68ef-48d7-9f70-742c615f49cf - - - - -] Lock "ad3f9bf6-477e-487a-80b0-6d7ebb5679bb" acquired by "nova.context.set_target_cell..get_or_set_cached_cell_and_set_connections" :: waited 0.000s inner /usr/lib/python3/dist-packages/oslo_concurrency/lockutils.py:386
2025-01-16 00:36:49.449 140382 DEBUG oslo_concurrency.lockutils [req-9f578c10-68ef-48d7-9f70-742c615f49cf - - - - -] Lock "ad3f9bf6-477e-487a-80b0-6d7ebb5679bb" "released" by "nova.context.set_target_cell..get_or_set_cached_cell_and_set_connections" :: held 0.000s inner /usr/lib/python3/dist-packages/oslo_concurrency/lockutils.py:400
2025-01-16 00:36:49.457 140382 DEBUG oslo_db.sqlalchemy.engines [req-9f578c10-68ef-48d7-9f70-742c615f49cf - - - - -] MySQL server mode set to STRICT_TRANS_TABLES,STRICT_ALL_TABLES,NO_ZERO_IN_DATE,NO_ZERO_DATE,ERROR_FOR_DIVISION_BY_ZERO,TRADITIONAL,NO_ENGINE_SUBSTITUTION _check_effective_sql_mode /usr/lib/python3/dist-packages/oslo_db/sqlalchemy/engines.py:314
2025-01-16 00:36:49.465 140382 DEBUG oslo_concurrency.lockutils [req-9f578c10-68ef-48d7-9f70-742c615f49cf - - - - -] Acquired lock "singleton_lock" lock /usr/lib/python3/dist-packages/oslo_concurrency/lockutils.py:294
2025-01-16 00:36:49.465 140382 DEBUG oslo_concurrency.lockutils [req-9f578c10-68ef-48d7-9f70-742c615f49cf - - - - -] Releasing lock "singleton_lock" lock /usr/lib/python3/dist-packages/oslo_concurrency/lockutils.py:312
2025-01-16 00:36:49.466 140382 INFO oslo_service.service [req-9f578c10-68ef-48d7-9f70-742c615f49cf - - - - -] Starting 4 workers
2025-01-16 00:36:49.469 140382 DEBUG oslo_service.service [req-9f578c10-68ef-48d7-9f70-742c615f49cf - - - - -] Started child 140695 _start_child /usr/lib/python3/dist-packages/oslo_service/service.py:575
2025-01-16 00:36:49.473 140695 INFO nova.service [-] Starting scheduler node (version 25.2.1)
2025-01-16 00:36:49.473 140382 DEBUG oslo_service.service [req-9f578c10-68ef-48d7-9f70-742c615f49cf - - - - -] Started child 140696 _start_child /usr/lib/python3/dist-packages/oslo_service/service.py:575
2025-01-16 00:36:49.477 140696 INFO nova.service [-] Starting scheduler node (version 25.2.1)
2025-01-16 00:36:49.478 140382 DEBUG oslo_service.service [req-9f578c10-68ef-48d7-9f70-742c615f49cf - - - - -] Started child 140697 _start_child /usr/lib/python3/dist-packages/oslo_service/service.py:575
2025-01-16 00:36:49.482 140697 INFO nova.service [-] Starting scheduler node (version 25.2.1)
2025-01-16 00:36:49.483 140382 DEBUG oslo_service.service [req-9f578c10-68ef-48d7-9f70-742c615f49cf - - - - -] Started child 140698 _start_child /usr/lib/python3/dist-packages/oslo_service/service.py:575
2025-01-16 00:36:49.484 140382 DEBUG oslo_service.service [req-9f578c10-68ef-48d7-9f70-742c615f49cf - - - - -] Full set of CONF: wait /usr/lib/python3/dist-packages/oslo_service/service.py:649
2025-01-16 00:36:49.484 140382 DEBUG oslo_service.service [req-9f578c10-68ef-48d7-9f70-742c615f49cf - - - - -] ******************************************************************************** log_opt_values /usr/lib/python3/dist-packages/oslo_config/cfg.py:2589
2025-01-16 00:36:49.485 140382 DEBUG oslo_service.service [req-9f578c10-68ef-48d7-9f70-742c615f49cf - - - - -] Configuration options gathered from: log_opt_values /usr/lib/python3/dist-packages/oslo_config/cfg.py:2590
2025-01-16 00:36:49.485 140382 DEBUG oslo_service.service [req-9f578c10-68ef-48d7-9f70-742c615f49cf - - - - -] command line args: ['--config-file=/etc/nova/nova.conf', '--log-file=/var/log/nova/nova-scheduler.log'] log_opt_values /usr/lib/python3/dist-packages/oslo_config/cfg.py:2591
2025-01-16 00:36:49.485 140382 DEBUG oslo_service.service [req-9f578c10-68ef-48d7-9f70-742c615f49cf - - - - -] config files: ['/etc/nova/nova.conf'] log_opt_values /usr/lib/python3/dist-packages/oslo_config/cfg.py:2592
2025-01-16 00:36:49.485 140382 DEBUG oslo_service.service [req-9f578c10-68ef-48d7-9f70-742c615f49cf - - - - -] ================================================================================ log_opt_values /usr/lib/python3/dist-packages/oslo_config/cfg.py:2594
2025-01-16 00:36:49.485 140695 DEBUG oslo_db.sqlalchemy.engines [req-abecb83a-cdd5-48c6-a64d-2265c40fe529 - - - - -] MySQL server mode set to STRICT_TRANS_TABLES,STRICT_ALL_TABLES,NO_ZERO_IN_DATE,NO_ZERO_DATE,ERROR_FOR_DIVISION_BY_ZERO,TRADITIONAL,NO_ENGINE_SUBSTITUTION _check_effective_sql_mode /usr/lib/python3/dist-packages/oslo_db/sqlalchemy/engines.py:314
2025-01-16 00:36:49.486 140382 DEBUG oslo_service.service [req-9f578c10-68ef-48d7-9f70-742c615f49cf - - - - -] allow_resize_to_same_host = False log_opt_values /usr/lib/python3/dist-packages/oslo_config/cfg.py:2602
2025-01-16 00:36:49.486 140382 DEBUG oslo_service.service [req-9f578c10-68ef-48d7-9f70-742c615f49cf - - - - -] arq_binding_timeout = 300 log_opt_values /usr/lib/python3/dist-packages/oslo_config/cfg.py:2602
2025-01-16 00:36:49.486 140382 DEBUG oslo_service.service [req-9f578c10-68ef-48d7-9f70-742c615f49cf - - - - -] block_device_allocate_retries = 60 log_opt_values /usr/lib/python3/dist-packages/oslo_config/cfg.py:2602
2025-01-16 00:36:49.486 140382 DEBUG oslo_service.service [req-9f578c10-68ef-48d7-9f70-742c615f49cf - - - - -] block_device_allocate_retries_interval = 3 log_opt_values /usr/lib/python3/dist-packages/oslo_config/cfg.py:2602
2025-01-16 00:36:49.487 140382 DEBUG oslo_service.service [req-9f578c10-68ef-48d7-9f70-742c615f49cf - - - - -] cert = self.pem log_opt_values /usr/lib/python3/dist-packages/oslo_config/cfg.py:2602
2025-01-16 00:36:49.486 140698 INFO nova.service [-] Starting scheduler node (version 25.2.1)
2025-01-16 00:36:49.487 140382 DEBUG oslo_service.service [req-9f578c10-68ef-48d7-9f70-742c615f49cf - - - - -] compute_driver = libvirt.LibvirtDriver log_opt_values /usr/lib/python3/dist-packages/oslo_config/cfg.py:2602
2025-01-16 00:36:49.487 140382 DEBUG oslo_service.service [req-9f578c10-68ef-48d7-9f70-742c615f49cf - - - - -] compute_monitors = [] log_opt_values /usr/lib/python3/dist-packages/oslo_config/cfg.py:2602
2025-01-16 00:36:49.487 140382 DEBUG oslo_service.service [req-9f578c10-68ef-48d7-9f70-742c615f49cf - - - - -] config_dir = [] log_opt_values /usr/lib/python3/dist-packages/oslo_config/cfg.py:2602
2025-01-16 00:36:49.487 140382 DEBUG oslo_service.service [req-9f578c10-68ef-48d7-9f70-742c615f49cf - - - - -] config_drive_format = iso9660 log_opt_values /usr/lib/python3/dist-packages/oslo_config/cfg.py:2602
2025-01-16 00:36:49.488 140382 DEBUG oslo_service.service [req-9f578c10-68ef-48d7-9f70-742c615f49cf - - - - -] config_file = ['/etc/nova/nova.conf'] log_opt_values /usr/lib/python3/dist-packages/oslo_config/cfg.py:2602
2025-01-16 00:36:49.488 140382 DEBUG oslo_service.service [req-9f578c10-68ef-48d7-9f70-742c615f49cf - - - - -] config_source = [] log_opt_values /usr/lib/python3/dist-packages/oslo_config/cfg.py:2602
2025-01-16 00:36:49.487 140696 DEBUG oslo_db.sqlalchemy.engines [req-0f890693-d302-4c39-8adb-d3b34a243bfd - - - - -] MySQL server mode set to STRICT_TRANS_TABLES,STRICT_ALL_TABLES,NO_ZERO_IN_DATE,NO_ZERO_DATE,ERROR_FOR_DIVISION_BY_ZERO,TRADITIONAL,NO_ENGINE_SUBSTITUTION _check_effective_sql_mode /usr/lib/python3/dist-packages/oslo_db/sqlalchemy/engines.py:314
2025-01-16 00:36:49.488 140382 DEBUG oslo_service.service [req-9f578c10-68ef-48d7-9f70-742c615f49cf - - - - -] console_host = juju-7b1f11-0-lxd-7 log_opt_values /usr/lib/python3/dist-packages/oslo_config/cfg.py:2602
2025-01-16 00:36:49.488 140382 DEBUG oslo_service.service [req-9f578c10-68ef-48d7-9f70-742c615f49cf - - - - -] control_exchange = nova log_opt_values /usr/lib/python3/dist-packages/oslo_config/cfg.py:2602
2025-01-16 00:36:49.488 140382 DEBUG oslo_service.service [req-9f578c10-68ef-48d7-9f70-742c615f49cf - - - - -] cpu_allocation_ratio = 2.0 log_opt_values /usr/lib/python3/dist-packages/oslo_config/cfg.py:2602
2025-01-16 00:36:49.488 140382 DEBUG oslo_service.service [req-9f578c10-68ef-48d7-9f70-742c615f49cf - - - - -] daemon = False log_opt_values /usr/lib/python3/dist-packages/oslo_config/cfg.py:2602
2025-01-16 00:36:49.489 140382 DEBUG oslo_service.service [req-9f578c10-68ef-48d7-9f70-742c615f49cf - - - - -] debug = True log_opt_values /usr/lib/python3/dist-packages/oslo_config/cfg.py:2602
2025-01-16 00:36:49.489 140382 DEBUG oslo_service.service [req-9f578c10-68ef-48d7-9f70-742c615f49cf - - - - -] default_access_ip_network_name = None log_opt_values /usr/lib/python3/dist-packages/oslo_config/cfg.py:2602
2025-01-16 00:36:49.489 140382 DEBUG oslo_service.service [req-9f578c10-68ef-48d7-9f70-742c615f49cf - - - - -] default_availability_zone = nova log_opt_values /usr/lib/python3/dist-packages/oslo_config/cfg.py:2602
2025-01-16 00:36:49.490 140382 DEBUG oslo_service.service [req-9f578c10-68ef-48d7-9f70-742c615f49cf - - - - -] default_ephemeral_format = None log_opt_values /usr/lib/python3/dist-packages/oslo_config/cfg.py:2602
2025-01-16 00:36:49.490 140382 DEBUG oslo_service.service [req-9f578c10-68ef-48d7-9f70-742c615f49cf - - - - -] default_log_levels = ['amqp=WARN', 'amqplib=WARN', 'boto=WARN', 'qpid=WARN', 'sqlalchemy=WARN', 'suds=INFO', 'oslo.messaging=INFO', 'oslo_messaging=DEBUG', 'iso8601=WARN', 'requests.packages.urllib3.connectionpool=WARN', 'urllib3.connectionpool=WARN', 'websocket=WARN', 'requests.packages.urllib3.util.retry=WARN', 'urllib3.util.retry=WARN', 'keystonemiddleware=WARN', 'routes.middleware=WARN', 'stevedore=WARN', 'taskflow=WARN', 'keystoneauth=WARN', 'oslo.cache=INFO', 'dogpile.core.dogpile=INFO', 'glanceclient=WARN', 'oslo.privsep.daemon=INFO'] log_opt_values /usr/lib/python3/dist-packages/oslo_config/cfg.py:2602
2025-01-16 00:36:49.491 140382 DEBUG oslo_service.service [req-9f578c10-68ef-48d7-9f70-742c615f49cf - - - - -] default_schedule_zone = None log_opt_values /usr/lib/python3/dist-packages/oslo_config/cfg.py:2602
2025-01-16 00:36:49.491 140382 DEBUG oslo_service.service [req-9f578c10-68ef-48d7-9f70-742c615f49cf - - - - -] disk_allocation_ratio = 1.0 log_opt_values /usr/lib/python3/dist-packages/oslo_config/cfg.py:2602
2025-01-16 00:36:49.491 140382 DEBUG oslo_service.service [req-9f578c10-68ef-48d7-9f70-742c615f49cf - - - - -] enable_new_services = True log_opt_values /usr/lib/python3/dist-packages/oslo_config/cfg.py:2602
2025-01-16 00:36:49.492 140382 DEBUG oslo_service.service [req-9f578c10-68ef-48d7-9f70-742c615f49cf - - - - -] enabled_apis = ['osapi_compute', 'metadata'] log_opt_values /usr/lib/python3/dist-packages/oslo_config/cfg.py:2602
2025-01-16 00:36:49.492 140382 DEBUG oslo_service.service [req-9f578c10-68ef-48d7-9f70-742c615f49cf - - - - -] enabled_ssl_apis = [] log_opt_values /usr/lib/python3/dist-packages/oslo_config/cfg.py:2602
2025-01-16 00:36:49.492 140382 DEBUG oslo_service.service [req-9f578c10-68ef-48d7-9f70-742c615f49cf - - - - -] fatal_deprecations = False log_opt_values /usr/lib/python3/dist-packages/oslo_config/cfg.py:2602
2025-01-16 00:36:49.492 140382 DEBUG oslo_service.service [req-9f578c10-68ef-48d7-9f70-742c615f49cf - - - - -] flat_injected = False log_opt_values /usr/lib/python3/dist-packages/oslo_config/cfg.py:2602
2025-01-16 00:36:49.492 140382 DEBUG oslo_service.service [req-9f578c10-68ef-48d7-9f70-742c615f49cf - - - - -] force_config_drive = False log_opt_values /usr/lib/python3/dist-packages/oslo_config/cfg.py:2602
2025-01-16 00:36:49.493 140382 DEBUG oslo_service.service [req-9f578c10-68ef-48d7-9f70-742c615f49cf - - - - -] force_raw_images = True log_opt_values /usr/lib/python3/dist-packages/oslo_config/cfg.py:2602
2025-01-16 00:36:49.493 140382 DEBUG oslo_service.service [req-9f578c10-68ef-48d7-9f70-742c615f49cf - - - - -] graceful_shutdown_timeout = 60 log_opt_values /usr/lib/python3/dist-packages/oslo_config/cfg.py:2602
2025-01-16 00:36:49.493 140382 DEBUG oslo_service.service [req-9f578c10-68ef-48d7-9f70-742c615f49cf - - - - -] heal_instance_info_cache_interval = 60 log_opt_values /usr/lib/python3/dist-packages/oslo_config/cfg.py:2602
2025-01-16 00:36:49.493 140697 DEBUG oslo_db.sqlalchemy.engines [req-bdcf6e81-a4de-4882-b108-fba77b2cb2a6 - - - - -] MySQL server mode set to STRICT_TRANS_TABLES,STRICT_ALL_TABLES,NO_ZERO_IN_DATE,NO_ZERO_DATE,ERROR_FOR_DIVISION_BY_ZERO,TRADITIONAL,NO_ENGINE_SUBSTITUTION _check_effective_sql_mode /usr/lib/python3/dist-packages/oslo_db/sqlalchemy/engines.py:314
2025-01-16 00:36:49.493 140382 DEBUG oslo_service.service [req-9f578c10-68ef-48d7-9f70-742c615f49cf - - - - -] host = juju-7b1f11-0-lxd-7 log_opt_values /usr/lib/python3/dist-packages/oslo_config/cfg.py:2602
2025-01-16 00:36:49.494 140382 DEBUG oslo_service.service [req-9f578c10-68ef-48d7-9f70-742c615f49cf - - - - -] initial_cpu_allocation_ratio = 16.0 log_opt_values /usr/lib/python3/dist-packages/oslo_config/cfg.py:2602
2025-01-16 00:36:49.494 140382 DEBUG oslo_service.service [req-9f578c10-68ef-48d7-9f70-742c615f49cf - - - - -] initial_disk_allocation_ratio = 1.0 log_opt_values /usr/lib/python3/dist-packages/oslo_config/cfg.py:2602
2025-01-16 00:36:49.494 140382 DEBUG oslo_service.service [req-9f578c10-68ef-48d7-9f70-742c615f49cf - - - - -] initial_ram_allocation_ratio = 1.5 log_opt_values /usr/lib/python3/dist-packages/oslo_config/cfg.py:2602
2025-01-16 00:36:49.495 140382 DEBUG oslo_service.service [req-9f578c10-68ef-48d7-9f70-742c615f49cf - - - - -] injected_network_template = /usr/lib/python3/dist-packages/nova/virt/interfaces.template log_opt_values /usr/lib/python3/dist-packages/oslo_config/cfg.py:2602
2025-01-16 00:36:49.495 140382 DEBUG oslo_service.service [req-9f578c10-68ef-48d7-9f70-742c615f49cf - - - - -] instance_build_timeout = 0 log_opt_values /usr/lib/python3/dist-packages/oslo_config/cfg.py:2602
2025-01-16 00:36:49.495 140382 DEBUG oslo_service.service [req-9f578c10-68ef-48d7-9f70-742c615f49cf - - - - -] instance_delete_interval = 300 log_opt_values /usr/lib/python3/dist-packages/oslo_config/cfg.py:2602
2025-01-16 00:36:49.495 140382 DEBUG oslo_service.service [req-9f578c10-68ef-48d7-9f70-742c615f49cf - - - - -] instance_format = [instance: %(uuid)s] log_opt_values /usr/lib/python3/dist-packages/oslo_config/cfg.py:2602
2025-01-16 00:36:49.496 140382 DEBUG oslo_service.service [req-9f578c10-68ef-48d7-9f70-742c615f49cf - - - - -] instance_name_template = instance-%08x log_opt_values /usr/lib/python3/dist-packages/oslo_config/cfg.py:2602
2025-01-16 00:36:49.496 140698 DEBUG oslo_db.sqlalchemy.engines [req-cfffe2a7-fb3a-47eb-8024-d120ed13d2a9 - - - - -] MySQL server mode set to STRICT_TRANS_TABLES,STRICT_ALL_TABLES,NO_ZERO_IN_DATE,NO_ZERO_DATE,ERROR_FOR_DIVISION_BY_ZERO,TRADITIONAL,NO_ENGINE_SUBSTITUTION _check_effective_sql_mode /usr/lib/python3/dist-packages/oslo_db/sqlalchemy/engines.py:314
2025-01-16 00:36:49.496 140382 DEBUG oslo_service.service [req-9f578c10-68ef-48d7-9f70-742c615f49cf - - - - -] instance_usage_audit = False log_opt_values /usr/lib/python3/dist-packages/oslo_config/cfg.py:2602
2025-01-16 00:36:49.496 140382 DEBUG oslo_service.service [req-9f578c10-68ef-48d7-9f70-742c615f49cf - - - - -] instance_usage_audit_period = month log_opt_values /usr/lib/python3/dist-packages/oslo_config/cfg.py:2602
2025-01-16 00:36:49.497 140382 DEBUG oslo_service.service [req-9f578c10-68ef-48d7-9f70-742c615f49cf - - - - -] instance_uuid_format = [instance: %(uuid)s] log_opt_values /usr/lib/python3/dist-packages/oslo_config/cfg.py:2602
2025-01-16 00:36:49.497 140382 DEBUG oslo_service.service [req-9f578c10-68ef-48d7-9f70-742c615f49cf - - - - -] instances_path = /var/lib/nova/instances log_opt_values /usr/lib/python3/dist-packages/oslo_config/cfg.py:2602
2025-01-16 00:36:49.497 140382 DEBUG oslo_service.service [req-9f578c10-68ef-48d7-9f70-742c615f49cf - - - - -] internal_service_availability_zone = internal log_opt_values /usr/lib/python3/dist-packages/oslo_config/cfg.py:2602
2025-01-16 00:36:49.498 140382 DEBUG oslo_service.service [req-9f578c10-68ef-48d7-9f70-742c615f49cf - - - - -] key = None log_opt_values /usr/lib/python3/dist-packages/oslo_config/cfg.py:2602
2025-01-16 00:36:49.498 140382 DEBUG oslo_service.service [req-9f578c10-68ef-48d7-9f70-742c615f49cf - - - - -] live_migration_retry_count = 30 log_opt_values /usr/lib/python3/dist-packages/oslo_config/cfg.py:2602
2025-01-16 00:36:49.498 140382 DEBUG oslo_service.service [req-9f578c10-68ef-48d7-9f70-742c615f49cf - - - - -] log_config_append = None log_opt_values /usr/lib/python3/dist-packages/oslo_config/cfg.py:2602
2025-01-16 00:36:49.498 140382 DEBUG oslo_service.service [req-9f578c10-68ef-48d7-9f70-742c615f49cf - - - - -] log_date_format = %Y-%m-%d %H:%M:%S log_opt_values /usr/lib/python3/dist-packages/oslo_config/cfg.py:2602
2025-01-16 00:36:49.498 140382 DEBUG oslo_service.service [req-9f578c10-68ef-48d7-9f70-742c615f49cf - - - - -] log_dir = /var/log/nova log_opt_values /usr/lib/python3/dist-packages/oslo_config/cfg.py:2602
2025-01-16 00:36:49.499 140382 DEBUG oslo_service.service [req-9f578c10-68ef-48d7-9f70-742c615f49cf - - - - -] log_file = /var/log/nova/nova-scheduler.log log_opt_values /usr/lib/python3/dist-packages/oslo_config/cfg.py:2602
2025-01-16 00:36:49.499 140382 DEBUG oslo_service.service [req-9f578c10-68ef-48d7-9f70-742c615f49cf - - - - -] log_options = True log_opt_values /usr/lib/python3/dist-packages/oslo_config/cfg.py:2602
2025-01-16 00:36:49.500 140382 DEBUG oslo_service.service [req-9f578c10-68ef-48d7-9f70-742c615f49cf - - - - -] log_rotate_interval = 1 log_opt_values /usr/lib/python3/dist-packages/oslo_config/cfg.py:2602
2025-01-16 00:36:49.500 140382 DEBUG oslo_service.service [req-9f578c10-68ef-48d7-9f70-742c615f49cf - - - - -] log_rotate_interval_type = days log_opt_values /usr/lib/python3/dist-packages/oslo_config/cfg.py:2602
2025-01-16 00:36:49.500 140382 DEBUG oslo_service.service [req-9f578c10-68ef-48d7-9f70-742c615f49cf - - - - -] log_rotation_type = none log_opt_values /usr/lib/python3/dist-packages/oslo_config/cfg.py:2602
2025-01-16 00:36:49.500 140382 DEBUG oslo_service.service [req-9f578c10-68ef-48d7-9f70-742c615f49cf - - - - -] logging_context_format_string = %(asctime)s.%(msecs)03d %(process)d %(levelname)s %(name)s [%(request_id)s %(user_identity)s] %(instance)s%(message)s log_opt_values /usr/lib/python3/dist-packages/oslo_config/cfg.py:2602
2025-01-16 00:36:49.500 140382 DEBUG oslo_service.service [req-9f578c10-68ef-48d7-9f70-742c615f49cf - - - - -] logging_debug_format_suffix = %(funcName)s %(pathname)s:%(lineno)d log_opt_values /usr/lib/python3/dist-packages/oslo_config/cfg.py:2602
2025-01-16 00:36:49.501 140382 DEBUG oslo_service.service [req-9f578c10-68ef-48d7-9f70-742c615f49cf - - - - -] logging_default_format_string = %(asctime)s.%(msecs)03d %(process)d %(levelname)s %(name)s [-] %(instance)s%(message)s log_opt_values /usr/lib/python3/dist-packages/oslo_config/cfg.py:2602
2025-01-16 00:36:49.501 140382 DEBUG oslo_service.service [req-9f578c10-68ef-48d7-9f70-742c615f49cf - - - - -] logging_exception_prefix = %(asctime)s.%(msecs)03d %(process)d ERROR %(name)s %(instance)s log_opt_values /usr/lib/python3/dist-packages/oslo_config/cfg.py:2602
2025-01-16 00:36:49.501 140382 DEBUG oslo_service.service [req-9f578c10-68ef-48d7-9f70-742c615f49cf - - - - -] logging_user_identity_format = %(user)s %(project)s %(domain)s %(user_domain)s %(project_domain)s log_opt_values /usr/lib/python3/dist-packages/oslo_config/cfg.py:2602
2025-01-16 00:36:49.501 140382 DEBUG oslo_service.service [req-9f578c10-68ef-48d7-9f70-742c615f49cf - - - - -] long_rpc_timeout = 1800 log_opt_values /usr/lib/python3/dist-packages/oslo_config/cfg.py:2602
2025-01-16 00:36:49.501 140382 DEBUG oslo_service.service [req-9f578c10-68ef-48d7-9f70-742c615f49cf - - - - -] max_concurrent_builds = 10 log_opt_values /usr/lib/python3/dist-packages/oslo_config/cfg.py:2602
2025-01-16 00:36:49.502 140382 DEBUG oslo_service.service [req-9f578c10-68ef-48d7-9f70-742c615f49cf - - - - -] max_concurrent_live_migrations = 1 log_opt_values /usr/lib/python3/dist-packages/oslo_config/cfg.py:2602
2025-01-16 00:36:49.502 140382 DEBUG oslo_service.service [req-9f578c10-68ef-48d7-9f70-742c615f49cf - - - - -] max_concurrent_snapshots = 5 log_opt_values /usr/lib/python3/dist-packages/oslo_config/cfg.py:2602
2025-01-16 00:36:49.502 140382 DEBUG oslo_service.service [req-9f578c10-68ef-48d7-9f70-742c615f49cf - - - - -] max_local_block_devices = 3 log_opt_values /usr/lib/python3/dist-packages/oslo_config/cfg.py:2602
2025-01-16 00:36:49.503 140382 DEBUG oslo_service.service [req-9f578c10-68ef-48d7-9f70-742c615f49cf - - - - -] max_logfile_count = 30 log_opt_values /usr/lib/python3/dist-packages/oslo_config/cfg.py:2602
2025-01-16 00:36:49.503 140382 DEBUG oslo_service.service [req-9f578c10-68ef-48d7-9f70-742c615f49cf - - - - -] max_logfile_size_mb = 200 log_opt_values /usr/lib/python3/dist-packages/oslo_config/cfg.py:2602
2025-01-16 00:36:49.503 140382 DEBUG oslo_service.service [req-9f578c10-68ef-48d7-9f70-742c615f49cf - - - - -] maximum_instance_delete_attempts = 5 log_opt_values /usr/lib/python3/dist-packages/oslo_config/cfg.py:2602
2025-01-16 00:36:49.503 140695 DEBUG nova.service [req-abecb83a-cdd5-48c6-a64d-2265c40fe529 - - - - -] Creating RPC server for service scheduler start /usr/lib/python3/dist-packages/nova/service.py:182
2025-01-16 00:36:49.503 140382 DEBUG oslo_service.service [req-9f578c10-68ef-48d7-9f70-742c615f49cf - - - - -] metadata_listen = 0.0.0.0 log_opt_values /usr/lib/python3/dist-packages/oslo_config/cfg.py:2602
2025-01-16 00:36:49.504 140382 DEBUG oslo_service.service [req-9f578c10-68ef-48d7-9f70-742c615f49cf - - - - -] metadata_listen_port = 8765 log_opt_values /usr/lib/python3/dist-packages/oslo_config/cfg.py:2602
2025-01-16 00:36:49.504 140696 DEBUG nova.service [req-0f890693-d302-4c39-8adb-d3b34a243bfd - - - - -] Creating RPC server for service scheduler start /usr/lib/python3/dist-packages/nova/service.py:182
2025-01-16 00:36:49.504 140382 DEBUG oslo_service.service [req-9f578c10-68ef-48d7-9f70-742c615f49cf - - - - -] metadata_workers = None log_opt_values /usr/lib/python3/dist-packages/oslo_config/cfg.py:2602
2025-01-16 00:36:49.504 140382 DEBUG oslo_service.service [req-9f578c10-68ef-48d7-9f70-742c615f49cf - - - - -] migrate_max_retries = -1 log_opt_values /usr/lib/python3/dist-packages/oslo_config/cfg.py:2602
2025-01-16 00:36:49.505 140382 DEBUG oslo_service.service [req-9f578c10-68ef-48d7-9f70-742c615f49cf - - - - -] mkisofs_cmd = genisoimage log_opt_values /usr/lib/python3/dist-packages/oslo_config/cfg.py:2602
2025-01-16 00:36:49.505 140382 DEBUG oslo_service.service [req-9f578c10-68ef-48d7-9f70-742c615f49cf - - - - -] my_block_storage_ip = 252.22.18.231 log_opt_values /usr/lib/python3/dist-packages/oslo_config/cfg.py:2602
2025-01-16 00:36:49.505 140382 DEBUG oslo_service.service [req-9f578c10-68ef-48d7-9f70-742c615f49cf - - - - -] my_ip = 252.22.18.231 log_opt_values /usr/lib/python3/dist-packages/oslo_config/cfg.py:2602
2025-01-16 00:36:49.506 140382 DEBUG oslo_service.service [req-9f578c10-68ef-48d7-9f70-742c615f49cf - - - - -] network_allocate_retries = 0 log_opt_values /usr/lib/python3/dist-packages/oslo_config/cfg.py:2602
2025-01-16 00:36:49.506 140382 DEBUG oslo_service.service [req-9f578c10-68ef-48d7-9f70-742c615f49cf - - - - -] non_inheritable_image_properties = ['cache_in_nova', 'bittorrent'] log_opt_values /usr/lib/python3/dist-packages/oslo_config/cfg.py:2602
2025-01-16 00:36:49.506 140382 DEBUG oslo_service.service [req-9f578c10-68ef-48d7-9f70-742c615f49cf - - - - -] osapi_compute_listen = 0.0.0.0 log_opt_values /usr/lib/python3/dist-packages/oslo_config/cfg.py:2602
2025-01-16 00:36:49.507 140382 DEBUG oslo_service.service [req-9f578c10-68ef-48d7-9f70-742c615f49cf - - - - -] osapi_compute_listen_port = 8764 log_opt_values /usr/lib/python3/dist-packages/oslo_config/cfg.py:2602
2025-01-16 00:36:49.507 140382 DEBUG oslo_service.service [req-9f578c10-68ef-48d7-9f70-742c615f49cf - - - - -] osapi_compute_unique_server_name_scope = log_opt_values /usr/lib/python3/dist-packages/oslo_config/cfg.py:2602
2025-01-16 00:36:49.507 140382 DEBUG oslo_service.service [req-9f578c10-68ef-48d7-9f70-742c615f49cf - - - - -] osapi_compute_workers = 4 log_opt_values /usr/lib/python3/dist-packages/oslo_config/cfg.py:2602
2025-01-16 00:36:49.507 140382 DEBUG oslo_service.service [req-9f578c10-68ef-48d7-9f70-742c615f49cf - - - - -] password_length = 12 log_opt_values /usr/lib/python3/dist-packages/oslo_config/cfg.py:2602
2025-01-16 00:36:49.507 140382 DEBUG oslo_service.service [req-9f578c10-68ef-48d7-9f70-742c615f49cf - - - - -] periodic_enable = True log_opt_values /usr/lib/python3/dist-packages/oslo_config/cfg.py:2602
2025-01-16 00:36:49.508 140382 DEBUG oslo_service.service [req-9f578c10-68ef-48d7-9f70-742c615f49cf - - - - -] periodic_fuzzy_delay = 60 log_opt_values /usr/lib/python3/dist-packages/oslo_config/cfg.py:2602
2025-01-16 00:36:49.508 140382 DEBUG oslo_service.service [req-9f578c10-68ef-48d7-9f70-742c615f49cf - - - - -] pointer_model = usbtablet log_opt_values /usr/lib/python3/dist-packages/oslo_config/cfg.py:2602
2025-01-16 00:36:49.508 140382 DEBUG oslo_service.service [req-9f578c10-68ef-48d7-9f70-742c615f49cf - - - - -] preallocate_images = none log_opt_values /usr/lib/python3/dist-packages/oslo_config/cfg.py:2602
2025-01-16 00:36:49.508 140382 DEBUG oslo_service.service [req-9f578c10-68ef-48d7-9f70-742c615f49cf - - - - -] publish_errors = False log_opt_values /usr/lib/python3/dist-packages/oslo_config/cfg.py:2602
2025-01-16 00:36:49.508 140382 DEBUG oslo_service.service [req-9f578c10-68ef-48d7-9f70-742c615f49cf - - - - -] pybasedir = /usr/lib/python3/dist-packages log_opt_values /usr/lib/python3/dist-packages/oslo_config/cfg.py:2602
2025-01-16 00:36:49.509 140382 DEBUG oslo_service.service [req-9f578c10-68ef-48d7-9f70-742c615f49cf - - - - -] ram_allocation_ratio = 0.98 log_opt_values /usr/lib/python3/dist-packages/oslo_config/cfg.py:2602
2025-01-16 00:36:49.508 140697 DEBUG nova.service [req-bdcf6e81-a4de-4882-b108-fba77b2cb2a6 - - - - -] Creating RPC server for service scheduler start /usr/lib/python3/dist-packages/nova/service.py:182
2025-01-16 00:36:49.509 140382 DEBUG oslo_service.service [req-9f578c10-68ef-48d7-9f70-742c615f49cf - - - - -] rate_limit_burst = 0 log_opt_values /usr/lib/python3/dist-packages/oslo_config/cfg.py:2602
2025-01-16 00:36:49.509 140382 DEBUG oslo_service.service [req-9f578c10-68ef-48d7-9f70-742c615f49cf - - - - -] rate_limit_except_level = CRITICAL log_opt_values /usr/lib/python3/dist-packages/oslo_config/cfg.py:2602
2025-01-16 00:36:49.509 140698 DEBUG nova.service [req-cfffe2a7-fb3a-47eb-8024-d120ed13d2a9 - - - - -] Creating RPC server for service scheduler start /usr/lib/python3/dist-packages/nova/service.py:182
2025-01-16 00:36:49.509 140382 DEBUG oslo_service.service [req-9f578c10-68ef-48d7-9f70-742c615f49cf - - - - -] rate_limit_interval = 0 log_opt_values /usr/lib/python3/dist-packages/oslo_config/cfg.py:2602
2025-01-16 00:36:49.509 140382 DEBUG oslo_service.service [req-9f578c10-68ef-48d7-9f70-742c615f49cf - - - - -] reboot_timeout = 0 log_opt_values /usr/lib/python3/dist-packages/oslo_config/cfg.py:2602
2025-01-16 00:36:49.510 140382 DEBUG oslo_service.service [req-9f578c10-68ef-48d7-9f70-742c615f49cf - - - - -] reclaim_instance_interval = 0 log_opt_values /usr/lib/python3/dist-packages/oslo_config/cfg.py:2602
2025-01-16 00:36:49.510 140382 DEBUG oslo_service.service [req-9f578c10-68ef-48d7-9f70-742c615f49cf - - - - -] record = None log_opt_values /usr/lib/python3/dist-packages/oslo_config/cfg.py:2602
2025-01-16 00:36:49.510 140382 DEBUG oslo_service.service [req-9f578c10-68ef-48d7-9f70-742c615f49cf - - - - -] report_interval = 10 log_opt_values /usr/lib/python3/dist-packages/oslo_config/cfg.py:2602
2025-01-16 00:36:49.510 140382 DEBUG oslo_service.service [req-9f578c10-68ef-48d7-9f70-742c615f49cf - - - - -] rescue_timeout = 0 log_opt_values /usr/lib/python3/dist-packages/oslo_config/cfg.py:2602
2025-01-16 00:36:49.510 140382 DEBUG oslo_service.service [req-9f578c10-68ef-48d7-9f70-742c615f49cf - - - - -] reserved_host_cpus = 0 log_opt_values /usr/lib/python3/dist-packages/oslo_config/cfg.py:2602
2025-01-16 00:36:49.510 140382 DEBUG oslo_service.service [req-9f578c10-68ef-48d7-9f70-742c615f49cf - - - - -] reserved_host_disk_mb = 0 log_opt_values /usr/lib/python3/dist-packages/oslo_config/cfg.py:2602
2025-01-16 00:36:49.510 140382 DEBUG oslo_service.service [req-9f578c10-68ef-48d7-9f70-742c615f49cf - - - - -] reserved_host_memory_mb = 512 log_opt_values /usr/lib/python3/dist-packages/oslo_config/cfg.py:2602
2025-01-16 00:36:49.511 140382 DEBUG oslo_service.service [req-9f578c10-68ef-48d7-9f70-742c615f49cf - - - - -] reserved_huge_pages = None log_opt_values /usr/lib/python3/dist-packages/oslo_config/cfg.py:2602
2025-01-16 00:36:49.511 140382 DEBUG oslo_service.service [req-9f578c10-68ef-48d7-9f70-742c615f49cf - - - - -] resize_confirm_window = 0 log_opt_values /usr/lib/python3/dist-packages/oslo_config/cfg.py:2602
2025-01-16 00:36:49.511 140382 DEBUG oslo_service.service [req-9f578c10-68ef-48d7-9f70-742c615f49cf - - - - -] resize_fs_using_block_device = False log_opt_values /usr/lib/python3/dist-packages/oslo_config/cfg.py:2602
2025-01-16 00:36:49.511 140382 DEBUG oslo_service.service [req-9f578c10-68ef-48d7-9f70-742c615f49cf - - - - -] resume_guests_state_on_host_boot = False log_opt_values /usr/lib/python3/dist-packages/oslo_config/cfg.py:2602
2025-01-16 00:36:49.512 140382 DEBUG oslo_service.service [req-9f578c10-68ef-48d7-9f70-742c615f49cf - - - - -] rootwrap_config = /etc/nova/rootwrap.conf log_opt_values /usr/lib/python3/dist-packages/oslo_config/cfg.py:2602
2025-01-16 00:36:49.512 140382 DEBUG oslo_service.service [req-9f578c10-68ef-48d7-9f70-742c615f49cf - - - - -] run_external_periodic_tasks = True log_opt_values /usr/lib/python3/dist-packages/oslo_config/cfg.py:2602
2025-01-16 00:36:49.512 140382 DEBUG oslo_service.service [req-9f578c10-68ef-48d7-9f70-742c615f49cf - - - - -] running_deleted_instance_action = reap log_opt_values /usr/lib/python3/dist-packages/oslo_config/cfg.py:2602
2025-01-16 00:36:49.512 140382 DEBUG oslo_service.service [req-9f578c10-68ef-48d7-9f70-742c615f49cf - - - - -] running_deleted_instance_poll_interval = 1800 log_opt_values /usr/lib/python3/dist-packages/oslo_config/cfg.py:2602
2025-01-16 00:36:49.513 140382 DEBUG oslo_service.service [req-9f578c10-68ef-48d7-9f70-742c615f49cf - - - - -] running_deleted_instance_timeout = 0 log_opt_values /usr/lib/python3/dist-packages/oslo_config/cfg.py:2602
2025-01-16 00:36:49.513 140382 DEBUG oslo_service.service [req-9f578c10-68ef-48d7-9f70-742c615f49cf - - - - -] scheduler_instance_sync_interval = 120 log_opt_values /usr/lib/python3/dist-packages/oslo_config/cfg.py:2602
2025-01-16 00:36:49.513 140382 DEBUG oslo_service.service [req-9f578c10-68ef-48d7-9f70-742c615f49cf - - - - -] service_down_time = 60 log_opt_values /usr/lib/python3/dist-packages/oslo_config/cfg.py:2602
2025-01-16 00:36:49.513 140382 DEBUG oslo_service.service [req-9f578c10-68ef-48d7-9f70-742c615f49cf - - - - -] servicegroup_driver = db log_opt_values /usr/lib/python3/dist-packages/oslo_config/cfg.py:2602
2025-01-16 00:36:49.515 140382 DEBUG oslo_service.service [req-9f578c10-68ef-48d7-9f70-742c615f49cf - - - - -] shelved_offload_time = 0 log_opt_values /usr/lib/python3/dist-packages/oslo_config/cfg.py:2602
2025-01-16 00:36:49.515 140382 DEBUG oslo_service.service [req-9f578c10-68ef-48d7-9f70-742c615f49cf - - - - -] shelved_poll_interval = 3600 log_opt_values /usr/lib/python3/dist-packages/oslo_config/cfg.py:2602
2025-01-16 00:36:49.516 140382 DEBUG oslo_service.service [req-9f578c10-68ef-48d7-9f70-742c615f49cf - - - - -] shutdown_timeout = 60 log_opt_values /usr/lib/python3/dist-packages/oslo_config/cfg.py:2602
2025-01-16 00:36:49.516 140382 DEBUG oslo_service.service [req-9f578c10-68ef-48d7-9f70-742c615f49cf - - - - -] source_is_ipv6 = False log_opt_values /usr/lib/python3/dist-packages/oslo_config/cfg.py:2602
2025-01-16 00:36:49.518 140382 DEBUG oslo_service.service [req-9f578c10-68ef-48d7-9f70-742c615f49cf - - - - -] ssl_only = False log_opt_values /usr/lib/python3/dist-packages/oslo_config/cfg.py:2602
2025-01-16 00:36:49.518 140382 DEBUG oslo_service.service [req-9f578c10-68ef-48d7-9f70-742c615f49cf - - - - -] state_path = /var/lib/nova log_opt_values /usr/lib/python3/dist-packages/oslo_config/cfg.py:2602
2025-01-16 00:36:49.518 140382 DEBUG oslo_service.service [req-9f578c10-68ef-48d7-9f70-742c615f49cf - - - - -] sync_power_state_interval = 600 log_opt_values /usr/lib/python3/dist-packages/oslo_config/cfg.py:2602
2025-01-16 00:36:49.519 140382 DEBUG oslo_service.service [req-9f578c10-68ef-48d7-9f70-742c615f49cf - - - - -] sync_power_state_pool_size = 1000 log_opt_values /usr/lib/python3/dist-packages/oslo_config/cfg.py:2602
2025-01-16 00:36:49.520 140382 DEBUG oslo_service.service [req-9f578c10-68ef-48d7-9f70-742c615f49cf - - - - -] syslog_log_facility = LOG_USER log_opt_values /usr/lib/python3/dist-packages/oslo_config/cfg.py:2602
2025-01-16 00:36:49.520 140382 DEBUG oslo_service.service [req-9f578c10-68ef-48d7-9f70-742c615f49cf - - - - -] tempdir = None log_opt_values /usr/lib/python3/dist-packages/oslo_config/cfg.py:2602
2025-01-16 00:36:49.521 140382 DEBUG oslo_service.service [req-9f578c10-68ef-48d7-9f70-742c615f49cf - - - - -] timeout_nbd = 10 log_opt_values /usr/lib/python3/dist-packages/oslo_config/cfg.py:2602
2025-01-16 00:36:49.521 140382 DEBUG oslo_service.service [req-9f578c10-68ef-48d7-9f70-742c615f49cf - - - - -] transport_url = **** log_opt_values /usr/lib/python3/dist-packages/oslo_config/cfg.py:2602
2025-01-16 00:36:49.521 140382 DEBUG oslo_service.service [req-9f578c10-68ef-48d7-9f70-742c615f49cf - - - - -] update_resources_interval = 0 log_opt_values /usr/lib/python3/dist-packages/oslo_config/cfg.py:2602
2025-01-16 00:36:49.521 140382 DEBUG oslo_service.service [req-9f578c10-68ef-48d7-9f70-742c615f49cf - - - - -] use_cow_images = True log_opt_values /usr/lib/python3/dist-packages/oslo_config/cfg.py:2602
2025-01-16 00:36:49.522 140382 DEBUG oslo_service.service [req-9f578c10-68ef-48d7-9f70-742c615f49cf - - - - -] use_eventlog = False log_opt_values /usr/lib/python3/dist-packages/oslo_config/cfg.py:2602
2025-01-16 00:36:49.522 140382 DEBUG oslo_service.service [req-9f578c10-68ef-48d7-9f70-742c615f49cf - - - - -] use_journal = False log_opt_values /usr/lib/python3/dist-packages/oslo_config/cfg.py:2602
2025-01-16 00:36:49.522 140382 DEBUG oslo_service.service [req-9f578c10-68ef-48d7-9f70-742c615f49cf - - - - -] use_json = False log_opt_values /usr/lib/python3/dist-packages/oslo_config/cfg.py:2602
2025-01-16 00:36:49.522 140382 DEBUG oslo_service.service [req-9f578c10-68ef-48d7-9f70-742c615f49cf - - - - -] use_rootwrap_daemon = False log_opt_values /usr/lib/python3/dist-packages/oslo_config/cfg.py:2602
2025-01-16 00:36:49.527 140382 DEBUG oslo_service.service [req-9f578c10-68ef-48d7-9f70-742c615f49cf - - - - -] use_stderr = False log_opt_values /usr/lib/python3/dist-packages/oslo_config/cfg.py:2602
2025-01-16 00:36:49.528 140696 DEBUG oslo_messaging._drivers.amqpdriver [-] Listener is running poll /usr/lib/python3/dist-packages/oslo_messaging/_drivers/amqpdriver.py:343
2025-01-16 00:36:49.528 140696 DEBUG oslo_messaging._drivers.amqpdriver [-] AMQPListener connection consume poll /usr/lib/python3/dist-packages/oslo_messaging/_drivers/amqpdriver.py:357
2025-01-16 00:36:49.528 140382 DEBUG oslo_service.service [req-9f578c10-68ef-48d7-9f70-742c615f49cf - - - - -] use_syslog = False log_opt_values /usr/lib/python3/dist-packages/oslo_config/cfg.py:2602
2025-01-16 00:36:49.528 140696 DEBUG nova.service [req-0f890693-d302-4c39-8adb-d3b34a243bfd - - - - -] Join ServiceGroup membership for this service scheduler start /usr/lib/python3/dist-packages/nova/service.py:199
2025-01-16 00:36:49.528 140695 DEBUG oslo_messaging._drivers.amqpdriver [-] Listener is running poll /usr/lib/python3/dist-packages/oslo_messaging/_drivers/amqpdriver.py:343
2025-01-16 00:36:49.529 140696 DEBUG nova.servicegroup.drivers.db [req-0f890693-d302-4c39-8adb-d3b34a243bfd - - - - -] DB_Driver: join new ServiceGroup member juju-7b1f11-0-lxd-7 to the scheduler group, service = join /usr/lib/python3/dist-packages/nova/servicegroup/drivers/db.py:44
2025-01-16 00:36:49.529 140382 DEBUG oslo_service.service [req-9f578c10-68ef-48d7-9f70-742c615f49cf - - - - -] vcpu_pin_set = None log_opt_values /usr/lib/python3/dist-packages/oslo_config/cfg.py:2602
2025-01-16 00:36:49.529 140382 DEBUG oslo_service.service [req-9f578c10-68ef-48d7-9f70-742c615f49cf - - - - -] vif_plugging_is_fatal = True log_opt_values /usr/lib/python3/dist-packages/oslo_config/cfg.py:2602
2025-01-16 00:36:49.530 140382 DEBUG oslo_service.service [req-9f578c10-68ef-48d7-9f70-742c615f49cf - - - - -] vif_plugging_timeout = 300 log_opt_values /usr/lib/python3/dist-packages/oslo_config/cfg.py:2602
2025-01-16 00:36:49.529 140695 DEBUG oslo_messaging._drivers.amqpdriver [-] AMQPListener connection consume poll /usr/lib/python3/dist-packages/oslo_messaging/_drivers/amqpdriver.py:357
2025-01-16 00:36:49.531 140696 DEBUG oslo_messaging._drivers.amqpdriver [-] AMQPListener connection timeout poll /usr/lib/python3/dist-packages/oslo_messaging/_drivers/amqpdriver.py:360
2025-01-16 00:36:49.531 140696 DEBUG oslo_messaging._drivers.amqpdriver [-] Listener is running poll /usr/lib/python3/dist-packages/oslo_messaging/_drivers/amqpdriver.py:343
2025-01-16 00:36:49.531 140696 DEBUG oslo_messaging._drivers.amqpdriver [-] AMQPListener connection consume poll /usr/lib/python3/dist-packages/oslo_messaging/_drivers/amqpdriver.py:357
2025-01-16 00:36:49.531 140382 DEBUG oslo_service.service [req-9f578c10-68ef-48d7-9f70-742c615f49cf - - - - -] virt_mkfs = [] log_opt_values /usr/lib/python3/dist-packages/oslo_config/cfg.py:2602
2025-01-16 00:36:49.531 140695 DEBUG nova.service [req-abecb83a-cdd5-48c6-a64d-2265c40fe529 - - - - -] Join ServiceGroup membership for this service scheduler start /usr/lib/python3/dist-packages/nova/service.py:199
2025-01-16 00:36:49.532 140695 DEBUG nova.servicegroup.drivers.db [req-abecb83a-cdd5-48c6-a64d-2265c40fe529 - - - - -] DB_Driver: join new ServiceGroup member juju-7b1f11-0-lxd-7 to the scheduler group, service = join /usr/lib/python3/dist-packages/nova/servicegroup/drivers/db.py:44
2025-01-16 00:36:49.532 140382 DEBUG oslo_service.service [req-9f578c10-68ef-48d7-9f70-742c615f49cf - - - - -] volume_usage_poll_interval = 0 log_opt_values /usr/lib/python3/dist-packages/oslo_config/cfg.py:2602
2025-01-16 00:36:49.532 140382 DEBUG oslo_service.service [req-9f578c10-68ef-48d7-9f70-742c615f49cf - - - - -] watch_log_file = False log_opt_values /usr/lib/python3/dist-packages/oslo_config/cfg.py:2602
2025-01-16 00:36:49.534 140382 DEBUG oslo_service.service [req-9f578c10-68ef-48d7-9f70-742c615f49cf - - - - -] web = /usr/share/spice-html5 log_opt_values /usr/lib/python3/dist-packages/oslo_config/cfg.py:2602
2025-01-16 00:36:49.533 140695 DEBUG oslo_service.periodic_task [req-01896b1a-57d2-454e-ad1a-4885121a8e9c - - - - -] Running periodic task SchedulerManager._discover_hosts_in_cells run_periodic_tasks /usr/lib/python3/dist-packages/oslo_service/periodic_task.py:210
2025-01-16 00:36:49.534 140382 DEBUG oslo_service.service [req-9f578c10-68ef-48d7-9f70-742c615f49cf - - - - -] oslo_concurrency.disable_process_locking = False log_opt_values /usr/lib/python3/dist-packages/oslo_config/cfg.py:2609
2025-01-16 00:36:49.534 140698 DEBUG oslo_messaging._drivers.amqpdriver [-] Listener is running poll /usr/lib/python3/dist-packages/oslo_messaging/_drivers/amqpdriver.py:343
2025-01-16 00:36:49.534 140697 DEBUG oslo_messaging._drivers.amqpdriver [-] Listener is running poll /usr/lib/python3/dist-packages/oslo_messaging/_drivers/amqpdriver.py:343
2025-01-16 00:36:49.534 140382 DEBUG oslo_service.service [req-9f578c10-68ef-48d7-9f70-742c615f49cf - - - - -] oslo_concurrency.lock_path = /var/lock/nova log_opt_values /usr/lib/python3/dist-packages/oslo_config/cfg.py:2609
2025-01-16 00:36:49.535 140698 DEBUG oslo_messaging._drivers.amqpdriver [-] AMQPListener connection consume poll /usr/lib/python3/dist-packages/oslo_messaging/_drivers/amqpdriver.py:357
2025-01-16 00:36:49.535 140697 DEBUG oslo_messaging._drivers.amqpdriver [-] AMQPListener connection consume poll /usr/lib/python3/dist-packages/oslo_messaging/_drivers/amqpdriver.py:357
2025-01-16 00:36:49.535 140698 DEBUG nova.service [req-cfffe2a7-fb3a-47eb-8024-d120ed13d2a9 - - - - -] Join ServiceGroup membership for this service scheduler start /usr/lib/python3/dist-packages/nova/service.py:199
2025-01-16 00:36:49.535 140382 WARNING oslo_config.cfg [req-9f578c10-68ef-48d7-9f70-742c615f49cf - - - - -] Deprecated: Option "auth_strategy" from group "api" is deprecated for removal ( The only non-default choice, ``noauth2``, is for internal development and testing purposes only and should not be used in deployments. This option and its middleware, NoAuthMiddleware[V2_18], will be removed in a future release. ). Its value may be silently ignored in the future.
2025-01-16 00:36:49.535 140695 DEBUG oslo_db.sqlalchemy.engines [req-01896b1a-57d2-454e-ad1a-4885121a8e9c - - - - -] Parent process 140382 forked (140695) with an open database connection, which is being discarded and recreated. checkout /usr/lib/python3/dist-packages/oslo_db/sqlalchemy/engines.py:413
2025-01-16 00:36:49.535 140697 DEBUG nova.service [req-bdcf6e81-a4de-4882-b108-fba77b2cb2a6 - - - - -] Join ServiceGroup membership for this service scheduler start /usr/lib/python3/dist-packages/nova/service.py:199
2025-01-16 00:36:49.535 140698 DEBUG nova.servicegroup.drivers.db [req-cfffe2a7-fb3a-47eb-8024-d120ed13d2a9 - - - - -] DB_Driver: join new ServiceGroup member juju-7b1f11-0-lxd-7 to the scheduler group, service = join /usr/lib/python3/dist-packages/nova/servicegroup/drivers/db.py:44
2025-01-16 00:36:49.535 140382 DEBUG oslo_service.service [req-9f578c10-68ef-48d7-9f70-742c615f49cf - - - - -] api.auth_strategy = keystone log_opt_values /usr/lib/python3/dist-packages/oslo_config/cfg.py:2609
2025-01-16 00:36:49.536 140382 DEBUG oslo_service.service [req-9f578c10-68ef-48d7-9f70-742c615f49cf - - - - -] api.compute_link_prefix = None log_opt_values /usr/lib/python3/dist-packages/oslo_config/cfg.py:2609
2025-01-16 00:36:49.535 140697 DEBUG nova.servicegroup.drivers.db [req-bdcf6e81-a4de-4882-b108-fba77b2cb2a6 - - - - -] DB_Driver: join new ServiceGroup member juju-7b1f11-0-lxd-7 to the scheduler group, service = join /usr/lib/python3/dist-packages/nova/servicegroup/drivers/db.py:44
2025-01-16 00:36:49.536 140382 DEBUG oslo_service.service [req-9f578c10-68ef-48d7-9f70-742c615f49cf - - - - -] api.config_drive_skip_versions = 1.0 2007-01-19 2007-03-01 2007-08-29 2007-10-10 2007-12-15 2008-02-01 2008-09-01 log_opt_values /usr/lib/python3/dist-packages/oslo_config/cfg.py:2609
2025-01-16 00:36:49.536 140382 DEBUG oslo_service.service [req-9f578c10-68ef-48d7-9f70-742c615f49cf - - - - -] api.dhcp_domain = novalocal log_opt_values /usr/lib/python3/dist-packages/oslo_config/cfg.py:2609
2025-01-16 00:36:49.537 140382 DEBUG oslo_service.service [req-9f578c10-68ef-48d7-9f70-742c615f49cf - - - - -] api.enable_instance_password = True log_opt_values /usr/lib/python3/dist-packages/oslo_config/cfg.py:2609
2025-01-16 00:36:49.537 140382 DEBUG oslo_service.service [req-9f578c10-68ef-48d7-9f70-742c615f49cf - - - - -] api.glance_link_prefix = None log_opt_values /usr/lib/python3/dist-packages/oslo_config/cfg.py:2609
2025-01-16 00:36:49.537 140382 DEBUG oslo_service.service [req-9f578c10-68ef-48d7-9f70-742c615f49cf - - - - -] api.instance_list_cells_batch_fixed_size = 100 log_opt_values /usr/lib/python3/dist-packages/oslo_config/cfg.py:2609
2025-01-16 00:36:49.537 140382 DEBUG oslo_service.service [req-9f578c10-68ef-48d7-9f70-742c615f49cf - - - - -] api.instance_list_cells_batch_strategy = distributed log_opt_values /usr/lib/python3/dist-packages/oslo_config/cfg.py:2609
2025-01-16 00:36:49.537 140382 DEBUG oslo_service.service [req-9f578c10-68ef-48d7-9f70-742c615f49cf - - - - -] api.instance_list_per_project_cells = False log_opt_values /usr/lib/python3/dist-packages/oslo_config/cfg.py:2609
2025-01-16 00:36:49.538 140382 DEBUG oslo_service.service [req-9f578c10-68ef-48d7-9f70-742c615f49cf - - - - -] api.list_records_by_skipping_down_cells = True log_opt_values /usr/lib/python3/dist-packages/oslo_config/cfg.py:2609
2025-01-16 00:36:49.538 140382 DEBUG oslo_service.service [req-9f578c10-68ef-48d7-9f70-742c615f49cf - - - - -] api.local_metadata_per_cell = False log_opt_values /usr/lib/python3/dist-packages/oslo_config/cfg.py:2609
2025-01-16 00:36:49.538 140698 DEBUG oslo_messaging._drivers.amqpdriver [-] AMQPListener connection timeout poll /usr/lib/python3/dist-packages/oslo_messaging/_drivers/amqpdriver.py:360
2025-01-16 00:36:49.538 140382 DEBUG oslo_service.service [req-9f578c10-68ef-48d7-9f70-742c615f49cf - - - - -] api.max_limit = 1000 log_opt_values /usr/lib/python3/dist-packages/oslo_config/cfg.py:2609
2025-01-16 00:36:49.538 140698 DEBUG oslo_messaging._drivers.amqpdriver [-] Listener is running poll /usr/lib/python3/dist-packages/oslo_messaging/_drivers/amqpdriver.py:343
2025-01-16 00:36:49.538 140697 DEBUG oslo_messaging._drivers.amqpdriver [-] AMQPListener connection timeout poll /usr/lib/python3/dist-packages/oslo_messaging/_drivers/amqpdriver.py:360
2025-01-16 00:36:49.538 140382 DEBUG oslo_service.service [req-9f578c10-68ef-48d7-9f70-742c615f49cf - - - - -] api.metadata_cache_expiration = 15 log_opt_values /usr/lib/python3/dist-packages/oslo_config/cfg.py:2609
2025-01-16 00:36:49.538 140698 DEBUG oslo_messaging._drivers.amqpdriver [-] AMQPListener connection consume poll /usr/lib/python3/dist-packages/oslo_messaging/_drivers/amqpdriver.py:357
2025-01-16 00:36:49.538 140695 DEBUG oslo_messaging._drivers.amqpdriver [-] AMQPListener connection timeout poll /usr/lib/python3/dist-packages/oslo_messaging/_drivers/amqpdriver.py:360
2025-01-16 00:36:49.538 140697 DEBUG oslo_messaging._drivers.amqpdriver [-] Listener is running poll /usr/lib/python3/dist-packages/oslo_messaging/_drivers/amqpdriver.py:343
2025-01-16 00:36:49.538 140382 DEBUG oslo_service.service [req-9f578c10-68ef-48d7-9f70-742c615f49cf - - - - -] api.neutron_default_tenant_id = default log_opt_values /usr/lib/python3/dist-packages/oslo_config/cfg.py:2609
2025-01-16 00:36:49.538 140697 DEBUG oslo_messaging._drivers.amqpdriver [-] AMQPListener connection consume poll /usr/lib/python3/dist-packages/oslo_messaging/_drivers/amqpdriver.py:357
2025-01-16 00:36:49.538 140695 DEBUG oslo_messaging._drivers.amqpdriver [-] Listener is running poll /usr/lib/python3/dist-packages/oslo_messaging/_drivers/amqpdriver.py:343
2025-01-16 00:36:49.538 140382 DEBUG oslo_service.service [req-9f578c10-68ef-48d7-9f70-742c615f49cf - - - - -] api.use_forwarded_for = False log_opt_values /usr/lib/python3/dist-packages/oslo_config/cfg.py:2609
2025-01-16 00:36:49.538 140695 DEBUG oslo_messaging._drivers.amqpdriver [-] AMQPListener connection consume poll /usr/lib/python3/dist-packages/oslo_messaging/_drivers/amqpdriver.py:357
2025-01-16 00:36:49.539 140382 DEBUG oslo_service.service [req-9f578c10-68ef-48d7-9f70-742c615f49cf - - - - -] api.use_neutron_default_nets = False log_opt_values /usr/lib/python3/dist-packages/oslo_config/cfg.py:2609
2025-01-16 00:36:49.539 140382 DEBUG oslo_service.service [req-9f578c10-68ef-48d7-9f70-742c615f49cf - - - - -] api.vendordata_dynamic_connect_timeout = 5 log_opt_values /usr/lib/python3/dist-packages/oslo_config/cfg.py:2609
2025-01-16 00:36:49.539 140382 DEBUG oslo_service.service [req-9f578c10-68ef-48d7-9f70-742c615f49cf - - - - -] api.vendordata_dynamic_failure_fatal = False log_opt_values /usr/lib/python3/dist-packages/oslo_config/cfg.py:2609
2025-01-16 00:36:49.539 140382 DEBUG oslo_service.service [req-9f578c10-68ef-48d7-9f70-742c615f49cf - - - - -] api.vendordata_dynamic_read_timeout = 5 log_opt_values /usr/lib/python3/dist-packages/oslo_config/cfg.py:2609
2025-01-16 00:36:49.539 140382 DEBUG oslo_service.service [req-9f578c10-68ef-48d7-9f70-742c615f49cf - - - - -] api.vendordata_dynamic_ssl_certfile = log_opt_values /usr/lib/python3/dist-packages/oslo_config/cfg.py:2609
2025-01-16 00:36:49.539 140382 DEBUG oslo_service.service [req-9f578c10-68ef-48d7-9f70-742c615f49cf - - - - -] api.vendordata_dynamic_targets = [] log_opt_values /usr/lib/python3/dist-packages/oslo_config/cfg.py:2609
2025-01-16 00:36:49.540 140382 DEBUG oslo_service.service [req-9f578c10-68ef-48d7-9f70-742c615f49cf - - - - -] api.vendordata_jsonfile_path = None log_opt_values /usr/lib/python3/dist-packages/oslo_config/cfg.py:2609
2025-01-16 00:36:49.540 140382 DEBUG oslo_service.service [req-9f578c10-68ef-48d7-9f70-742c615f49cf - - - - -] api.vendordata_providers = ['StaticJSON'] log_opt_values /usr/lib/python3/dist-packages/oslo_config/cfg.py:2609
2025-01-16 00:36:49.540 140382 DEBUG oslo_service.service [req-9f578c10-68ef-48d7-9f70-742c615f49cf - - - - -] cache.backend = dogpile.cache.null log_opt_values /usr/lib/python3/dist-packages/oslo_config/cfg.py:2609
2025-01-16 00:36:49.540 140382 DEBUG oslo_service.service [req-9f578c10-68ef-48d7-9f70-742c615f49cf - - - - -] cache.backend_argument = **** log_opt_values /usr/lib/python3/dist-packages/oslo_config/cfg.py:2609
2025-01-16 00:36:49.540 140382 DEBUG oslo_service.service [req-9f578c10-68ef-48d7-9f70-742c615f49cf - - - - -] cache.config_prefix = cache.oslo log_opt_values /usr/lib/python3/dist-packages/oslo_config/cfg.py:2609
2025-01-16 00:36:49.541 140382 DEBUG oslo_service.service [req-9f578c10-68ef-48d7-9f70-742c615f49cf - - - - -] cache.debug_cache_backend = False log_opt_values /usr/lib/python3/dist-packages/oslo_config/cfg.py:2609
