2025-01-16 00:36:48.751 140256 DEBUG oslo_service.service [req-2e54d9a7-9358-4152-9263-769d558dc670 - - - - -] report_interval = 10 log_opt_values /usr/lib/python3/dist-packages/oslo_config/cfg.py:2602
2025-01-16 00:36:48.751 140256 DEBUG oslo_service.service [req-2e54d9a7-9358-4152-9263-769d558dc670 - - - - -] rescue_timeout = 0 log_opt_values /usr/lib/python3/dist-packages/oslo_config/cfg.py:2602
2025-01-16 00:36:48.751 140256 DEBUG oslo_service.service [req-2e54d9a7-9358-4152-9263-769d558dc670 - - - - -] reserved_host_cpus = 0 log_opt_values /usr/lib/python3/dist-packages/oslo_config/cfg.py:2602
2025-01-16 00:36:48.751 140256 DEBUG oslo_service.service [req-2e54d9a7-9358-4152-9263-769d558dc670 - - - - -] reserved_host_disk_mb = 0 log_opt_values /usr/lib/python3/dist-packages/oslo_config/cfg.py:2602
2025-01-16 00:36:48.752 140256 DEBUG oslo_service.service [req-2e54d9a7-9358-4152-9263-769d558dc670 - - - - -] reserved_host_memory_mb = 512 log_opt_values /usr/lib/python3/dist-packages/oslo_config/cfg.py:2602
2025-01-16 00:36:48.752 140256 DEBUG oslo_service.service [req-2e54d9a7-9358-4152-9263-769d558dc670 - - - - -] reserved_huge_pages = None log_opt_values /usr/lib/python3/dist-packages/oslo_config/cfg.py:2602
2025-01-16 00:36:48.752 140256 DEBUG oslo_service.service [req-2e54d9a7-9358-4152-9263-769d558dc670 - - - - -] resize_confirm_window = 0 log_opt_values /usr/lib/python3/dist-packages/oslo_config/cfg.py:2602
2025-01-16 00:36:48.752 140256 DEBUG oslo_service.service [req-2e54d9a7-9358-4152-9263-769d558dc670 - - - - -] resize_fs_using_block_device = False log_opt_values /usr/lib/python3/dist-packages/oslo_config/cfg.py:2602
2025-01-16 00:36:48.752 140256 DEBUG oslo_service.service [req-2e54d9a7-9358-4152-9263-769d558dc670 - - - - -] resume_guests_state_on_host_boot = False log_opt_values /usr/lib/python3/dist-packages/oslo_config/cfg.py:2602
2025-01-16 00:36:48.752 140256 DEBUG oslo_service.service [req-2e54d9a7-9358-4152-9263-769d558dc670 - - - - -] rootwrap_config = /etc/nova/rootwrap.conf log_opt_values /usr/lib/python3/dist-packages/oslo_config/cfg.py:2602
2025-01-16 00:36:48.752 140692 DEBUG nova.service [req-aebfd2f1-0bdb-45ff-b5b2-5a62361eedf5 - - - - -] Creating RPC server for service conductor start /usr/lib/python3/dist-packages/nova/service.py:182
2025-01-16 00:36:48.753 140256 DEBUG oslo_service.service [req-2e54d9a7-9358-4152-9263-769d558dc670 - - - - -] rpc_response_timeout = 60 log_opt_values /usr/lib/python3/dist-packages/oslo_config/cfg.py:2602
2025-01-16 00:36:48.753 140256 DEBUG oslo_service.service [req-2e54d9a7-9358-4152-9263-769d558dc670 - - - - -] run_external_periodic_tasks = True log_opt_values /usr/lib/python3/dist-packages/oslo_config/cfg.py:2602
2025-01-16 00:36:48.753 140256 DEBUG oslo_service.service [req-2e54d9a7-9358-4152-9263-769d558dc670 - - - - -] running_deleted_instance_action = reap log_opt_values /usr/lib/python3/dist-packages/oslo_config/cfg.py:2602
2025-01-16 00:36:48.753 140256 DEBUG oslo_service.service [req-2e54d9a7-9358-4152-9263-769d558dc670 - - - - -] running_deleted_instance_poll_interval = 1800 log_opt_values /usr/lib/python3/dist-packages/oslo_config/cfg.py:2602
2025-01-16 00:36:48.753 140256 DEBUG oslo_service.service [req-2e54d9a7-9358-4152-9263-769d558dc670 - - - - -] running_deleted_instance_timeout = 0 log_opt_values /usr/lib/python3/dist-packages/oslo_config/cfg.py:2602
2025-01-16 00:36:48.753 140256 DEBUG oslo_service.service [req-2e54d9a7-9358-4152-9263-769d558dc670 - - - - -] scheduler_instance_sync_interval = 120 log_opt_values /usr/lib/python3/dist-packages/oslo_config/cfg.py:2602
2025-01-16 00:36:48.753 140256 DEBUG oslo_service.service [req-2e54d9a7-9358-4152-9263-769d558dc670 - - - - -] service_down_time = 60 log_opt_values /usr/lib/python3/dist-packages/oslo_config/cfg.py:2602
2025-01-16 00:36:48.754 140256 DEBUG oslo_service.service [req-2e54d9a7-9358-4152-9263-769d558dc670 - - - - -] servicegroup_driver = db log_opt_values /usr/lib/python3/dist-packages/oslo_config/cfg.py:2602
2025-01-16 00:36:48.754 140256 DEBUG oslo_service.service [req-2e54d9a7-9358-4152-9263-769d558dc670 - - - - -] shelved_offload_time = 0 log_opt_values /usr/lib/python3/dist-packages/oslo_config/cfg.py:2602
2025-01-16 00:36:48.754 140256 DEBUG oslo_service.service [req-2e54d9a7-9358-4152-9263-769d558dc670 - - - - -] shelved_poll_interval = 3600 log_opt_values /usr/lib/python3/dist-packages/oslo_config/cfg.py:2602
2025-01-16 00:36:48.754 140256 DEBUG oslo_service.service [req-2e54d9a7-9358-4152-9263-769d558dc670 - - - - -] shutdown_timeout = 60 log_opt_values /usr/lib/python3/dist-packages/oslo_config/cfg.py:2602
2025-01-16 00:36:48.754 140256 DEBUG oslo_service.service [req-2e54d9a7-9358-4152-9263-769d558dc670 - - - - -] source_is_ipv6 = False log_opt_values /usr/lib/python3/dist-packages/oslo_config/cfg.py:2602
2025-01-16 00:36:48.754 140693 DEBUG nova.service [req-d7d51e2b-1135-4dbe-b0b4-1331179f9735 - - - - -] Creating RPC server for service conductor start /usr/lib/python3/dist-packages/nova/service.py:182
2025-01-16 00:36:48.754 140256 DEBUG oslo_service.service [req-2e54d9a7-9358-4152-9263-769d558dc670 - - - - -] ssl_only = False log_opt_values /usr/lib/python3/dist-packages/oslo_config/cfg.py:2602
2025-01-16 00:36:48.755 140256 DEBUG oslo_service.service [req-2e54d9a7-9358-4152-9263-769d558dc670 - - - - -] state_path = /var/lib/nova log_opt_values /usr/lib/python3/dist-packages/oslo_config/cfg.py:2602
2025-01-16 00:36:48.755 140256 DEBUG oslo_service.service [req-2e54d9a7-9358-4152-9263-769d558dc670 - - - - -] sync_power_state_interval = 600 log_opt_values /usr/lib/python3/dist-packages/oslo_config/cfg.py:2602
2025-01-16 00:36:48.755 140256 DEBUG oslo_service.service [req-2e54d9a7-9358-4152-9263-769d558dc670 - - - - -] sync_power_state_pool_size = 1000 log_opt_values /usr/lib/python3/dist-packages/oslo_config/cfg.py:2602
2025-01-16 00:36:48.755 140256 DEBUG oslo_service.service [req-2e54d9a7-9358-4152-9263-769d558dc670 - - - - -] syslog_log_facility = LOG_USER log_opt_values /usr/lib/python3/dist-packages/oslo_config/cfg.py:2602
2025-01-16 00:36:48.755 140256 DEBUG oslo_service.service [req-2e54d9a7-9358-4152-9263-769d558dc670 - - - - -] tempdir = None log_opt_values /usr/lib/python3/dist-packages/oslo_config/cfg.py:2602
2025-01-16 00:36:48.755 140256 DEBUG oslo_service.service [req-2e54d9a7-9358-4152-9263-769d558dc670 - - - - -] timeout_nbd = 10 log_opt_values /usr/lib/python3/dist-packages/oslo_config/cfg.py:2602
2025-01-16 00:36:48.755 140256 DEBUG oslo_service.service [req-2e54d9a7-9358-4152-9263-769d558dc670 - - - - -] transport_url = **** log_opt_values /usr/lib/python3/dist-packages/oslo_config/cfg.py:2602
2025-01-16 00:36:48.756 140256 DEBUG oslo_service.service [req-2e54d9a7-9358-4152-9263-769d558dc670 - - - - -] update_resources_interval = 0 log_opt_values /usr/lib/python3/dist-packages/oslo_config/cfg.py:2602
2025-01-16 00:36:48.756 140256 DEBUG oslo_service.service [req-2e54d9a7-9358-4152-9263-769d558dc670 - - - - -] use_cow_images = True log_opt_values /usr/lib/python3/dist-packages/oslo_config/cfg.py:2602
2025-01-16 00:36:48.756 140256 DEBUG oslo_service.service [req-2e54d9a7-9358-4152-9263-769d558dc670 - - - - -] use_eventlog = False log_opt_values /usr/lib/python3/dist-packages/oslo_config/cfg.py:2602
2025-01-16 00:36:48.756 140256 DEBUG oslo_service.service [req-2e54d9a7-9358-4152-9263-769d558dc670 - - - - -] use_journal = False log_opt_values /usr/lib/python3/dist-packages/oslo_config/cfg.py:2602
2025-01-16 00:36:48.756 140256 DEBUG oslo_service.service [req-2e54d9a7-9358-4152-9263-769d558dc670 - - - - -] use_json = False log_opt_values /usr/lib/python3/dist-packages/oslo_config/cfg.py:2602
2025-01-16 00:36:48.756 140256 DEBUG oslo_service.service [req-2e54d9a7-9358-4152-9263-769d558dc670 - - - - -] use_rootwrap_daemon = False log_opt_values /usr/lib/python3/dist-packages/oslo_config/cfg.py:2602
2025-01-16 00:36:48.756 140256 DEBUG oslo_service.service [req-2e54d9a7-9358-4152-9263-769d558dc670 - - - - -] use_stderr = False log_opt_values /usr/lib/python3/dist-packages/oslo_config/cfg.py:2602
2025-01-16 00:36:48.757 140256 DEBUG oslo_service.service [req-2e54d9a7-9358-4152-9263-769d558dc670 - - - - -] use_syslog = False log_opt_values /usr/lib/python3/dist-packages/oslo_config/cfg.py:2602
2025-01-16 00:36:48.757 140256 DEBUG oslo_service.service [req-2e54d9a7-9358-4152-9263-769d558dc670 - - - - -] vcpu_pin_set = None log_opt_values /usr/lib/python3/dist-packages/oslo_config/cfg.py:2602
2025-01-16 00:36:48.757 140256 DEBUG oslo_service.service [req-2e54d9a7-9358-4152-9263-769d558dc670 - - - - -] vif_plugging_is_fatal = True log_opt_values /usr/lib/python3/dist-packages/oslo_config/cfg.py:2602
2025-01-16 00:36:48.757 140256 DEBUG oslo_service.service [req-2e54d9a7-9358-4152-9263-769d558dc670 - - - - -] vif_plugging_timeout = 300 log_opt_values /usr/lib/python3/dist-packages/oslo_config/cfg.py:2602
2025-01-16 00:36:48.757 140256 DEBUG oslo_service.service [req-2e54d9a7-9358-4152-9263-769d558dc670 - - - - -] virt_mkfs = [] log_opt_values /usr/lib/python3/dist-packages/oslo_config/cfg.py:2602
2025-01-16 00:36:48.757 140256 DEBUG oslo_service.service [req-2e54d9a7-9358-4152-9263-769d558dc670 - - - - -] volume_usage_poll_interval = 0 log_opt_values /usr/lib/python3/dist-packages/oslo_config/cfg.py:2602
2025-01-16 00:36:48.758 140256 DEBUG oslo_service.service [req-2e54d9a7-9358-4152-9263-769d558dc670 - - - - -] watch_log_file = False log_opt_values /usr/lib/python3/dist-packages/oslo_config/cfg.py:2602
2025-01-16 00:36:48.758 140256 DEBUG oslo_service.service [req-2e54d9a7-9358-4152-9263-769d558dc670 - - - - -] web = /usr/share/spice-html5 log_opt_values /usr/lib/python3/dist-packages/oslo_config/cfg.py:2602
2025-01-16 00:36:48.758 140256 DEBUG oslo_service.service [req-2e54d9a7-9358-4152-9263-769d558dc670 - - - - -] oslo_concurrency.disable_process_locking = False log_opt_values /usr/lib/python3/dist-packages/oslo_config/cfg.py:2609
2025-01-16 00:36:48.758 140256 DEBUG oslo_service.service [req-2e54d9a7-9358-4152-9263-769d558dc670 - - - - -] oslo_concurrency.lock_path = /var/lock/nova log_opt_values /usr/lib/python3/dist-packages/oslo_config/cfg.py:2609
2025-01-16 00:36:48.758 140256 DEBUG oslo_service.service [req-2e54d9a7-9358-4152-9263-769d558dc670 - - - - -] oslo_messaging_metrics.metrics_buffer_size = 1000 log_opt_values /usr/lib/python3/dist-packages/oslo_config/cfg.py:2609
2025-01-16 00:36:48.759 140256 DEBUG oslo_service.service [req-2e54d9a7-9358-4152-9263-769d558dc670 - - - - -] oslo_messaging_metrics.metrics_enabled = False log_opt_values /usr/lib/python3/dist-packages/oslo_config/cfg.py:2609
2025-01-16 00:36:48.759 140256 DEBUG oslo_service.service [req-2e54d9a7-9358-4152-9263-769d558dc670 - - - - -] oslo_messaging_metrics.metrics_process_name = log_opt_values /usr/lib/python3/dist-packages/oslo_config/cfg.py:2609
2025-01-16 00:36:48.758 140694 DEBUG nova.service [req-0d7c5628-7017-4d03-9662-05de42d62d8f - - - - -] Creating RPC server for service conductor start /usr/lib/python3/dist-packages/nova/service.py:182
2025-01-16 00:36:48.759 140256 DEBUG oslo_service.service [req-2e54d9a7-9358-4152-9263-769d558dc670 - - - - -] oslo_messaging_metrics.metrics_socket_file = /var/tmp/metrics_collector.sock log_opt_values /usr/lib/python3/dist-packages/oslo_config/cfg.py:2609
2025-01-16 00:36:48.759 140256 DEBUG oslo_service.service [req-2e54d9a7-9358-4152-9263-769d558dc670 - - - - -] oslo_messaging_metrics.metrics_thread_stop_timeout = 10 log_opt_values /usr/lib/python3/dist-packages/oslo_config/cfg.py:2609
2025-01-16 00:36:48.759 140256 WARNING oslo_config.cfg [req-2e54d9a7-9358-4152-9263-769d558dc670 - - - - -] Deprecated: Option "auth_strategy" from group "api" is deprecated for removal ( The only non-default choice, ``noauth2``, is for internal development and testing purposes only and should not be used in deployments. This option and its middleware, NoAuthMiddleware[V2_18], will be removed in a future release. ). Its value may be silently ignored in the future.
2025-01-16 00:36:48.760 140256 DEBUG oslo_service.service [req-2e54d9a7-9358-4152-9263-769d558dc670 - - - - -] api.auth_strategy = keystone log_opt_values /usr/lib/python3/dist-packages/oslo_config/cfg.py:2609
2025-01-16 00:36:48.760 140256 DEBUG oslo_service.service [req-2e54d9a7-9358-4152-9263-769d558dc670 - - - - -] api.compute_link_prefix = None log_opt_values /usr/lib/python3/dist-packages/oslo_config/cfg.py:2609
2025-01-16 00:36:48.761 140256 DEBUG oslo_service.service [req-2e54d9a7-9358-4152-9263-769d558dc670 - - - - -] api.config_drive_skip_versions = 1.0 2007-01-19 2007-03-01 2007-08-29 2007-10-10 2007-12-15 2008-02-01 2008-09-01 log_opt_values /usr/lib/python3/dist-packages/oslo_config/cfg.py:2609
2025-01-16 00:36:48.761 140256 DEBUG oslo_service.service [req-2e54d9a7-9358-4152-9263-769d558dc670 - - - - -] api.dhcp_domain = novalocal log_opt_values /usr/lib/python3/dist-packages/oslo_config/cfg.py:2609
2025-01-16 00:36:48.761 140256 DEBUG oslo_service.service [req-2e54d9a7-9358-4152-9263-769d558dc670 - - - - -] api.enable_instance_password = True log_opt_values /usr/lib/python3/dist-packages/oslo_config/cfg.py:2609
2025-01-16 00:36:48.761 140256 DEBUG oslo_service.service [req-2e54d9a7-9358-4152-9263-769d558dc670 - - - - -] api.glance_link_prefix = None log_opt_values /usr/lib/python3/dist-packages/oslo_config/cfg.py:2609
2025-01-16 00:36:48.761 140256 DEBUG oslo_service.service [req-2e54d9a7-9358-4152-9263-769d558dc670 - - - - -] api.instance_list_cells_batch_fixed_size = 100 log_opt_values /usr/lib/python3/dist-packages/oslo_config/cfg.py:2609
2025-01-16 00:36:48.761 140256 DEBUG oslo_service.service [req-2e54d9a7-9358-4152-9263-769d558dc670 - - - - -] api.instance_list_cells_batch_strategy = distributed log_opt_values /usr/lib/python3/dist-packages/oslo_config/cfg.py:2609
2025-01-16 00:36:48.762 140256 DEBUG oslo_service.service [req-2e54d9a7-9358-4152-9263-769d558dc670 - - - - -] api.instance_list_per_project_cells = False log_opt_values /usr/lib/python3/dist-packages/oslo_config/cfg.py:2609
2025-01-16 00:36:48.762 140256 DEBUG oslo_service.service [req-2e54d9a7-9358-4152-9263-769d558dc670 - - - - -] api.list_records_by_skipping_down_cells = True log_opt_values /usr/lib/python3/dist-packages/oslo_config/cfg.py:2609
2025-01-16 00:36:48.762 140256 DEBUG oslo_service.service [req-2e54d9a7-9358-4152-9263-769d558dc670 - - - - -] api.local_metadata_per_cell = False log_opt_values /usr/lib/python3/dist-packages/oslo_config/cfg.py:2609
2025-01-16 00:36:48.762 140256 DEBUG oslo_service.service [req-2e54d9a7-9358-4152-9263-769d558dc670 - - - - -] api.max_limit = 1000 log_opt_values /usr/lib/python3/dist-packages/oslo_config/cfg.py:2609
2025-01-16 00:36:48.762 140256 DEBUG oslo_service.service [req-2e54d9a7-9358-4152-9263-769d558dc670 - - - - -] api.metadata_cache_expiration = 15 log_opt_values /usr/lib/python3/dist-packages/oslo_config/cfg.py:2609
2025-01-16 00:36:48.762 140256 DEBUG oslo_service.service [req-2e54d9a7-9358-4152-9263-769d558dc670 - - - - -] api.neutron_default_tenant_id = default log_opt_values /usr/lib/python3/dist-packages/oslo_config/cfg.py:2609
2025-01-16 00:36:48.763 140256 DEBUG oslo_service.service [req-2e54d9a7-9358-4152-9263-769d558dc670 - - - - -] api.use_forwarded_for = False log_opt_values /usr/lib/python3/dist-packages/oslo_config/cfg.py:2609
2025-01-16 00:36:48.763 140256 DEBUG oslo_service.service [req-2e54d9a7-9358-4152-9263-769d558dc670 - - - - -] api.use_neutron_default_nets = False log_opt_values /usr/lib/python3/dist-packages/oslo_config/cfg.py:2609
2025-01-16 00:36:48.763 140256 DEBUG oslo_service.service [req-2e54d9a7-9358-4152-9263-769d558dc670 - - - - -] api.vendordata_dynamic_connect_timeout = 5 log_opt_values /usr/lib/python3/dist-packages/oslo_config/cfg.py:2609
2025-01-16 00:36:48.763 140256 DEBUG oslo_service.service [req-2e54d9a7-9358-4152-9263-769d558dc670 - - - - -] api.vendordata_dynamic_failure_fatal = False log_opt_values /usr/lib/python3/dist-packages/oslo_config/cfg.py:2609
2025-01-16 00:36:48.763 140256 DEBUG oslo_service.service [req-2e54d9a7-9358-4152-9263-769d558dc670 - - - - -] api.vendordata_dynamic_read_timeout = 5 log_opt_values /usr/lib/python3/dist-packages/oslo_config/cfg.py:2609
2025-01-16 00:36:48.763 140256 DEBUG oslo_service.service [req-2e54d9a7-9358-4152-9263-769d558dc670 - - - - -] api.vendordata_dynamic_ssl_certfile = log_opt_values /usr/lib/python3/dist-packages/oslo_config/cfg.py:2609
2025-01-16 00:36:48.764 140256 DEBUG oslo_service.service [req-2e54d9a7-9358-4152-9263-769d558dc670 - - - - -] api.vendordata_dynamic_targets = [] log_opt_values /usr/lib/python3/dist-packages/oslo_config/cfg.py:2609
2025-01-16 00:36:48.764 140256 DEBUG oslo_service.service [req-2e54d9a7-9358-4152-9263-769d558dc670 - - - - -] api.vendordata_jsonfile_path = None log_opt_values /usr/lib/python3/dist-packages/oslo_config/cfg.py:2609
2025-01-16 00:36:48.764 140256 DEBUG oslo_service.service [req-2e54d9a7-9358-4152-9263-769d558dc670 - - - - -] api.vendordata_providers = ['StaticJSON'] log_opt_values /usr/lib/python3/dist-packages/oslo_config/cfg.py:2609
2025-01-16 00:36:48.764 140256 DEBUG oslo_service.service [req-2e54d9a7-9358-4152-9263-769d558dc670 - - - - -] cache.backend = dogpile.cache.null log_opt_values /usr/lib/python3/dist-packages/oslo_config/cfg.py:2609
2025-01-16 00:36:48.764 140256 DEBUG oslo_service.service [req-2e54d9a7-9358-4152-9263-769d558dc670 - - - - -] cache.backend_argument = **** log_opt_values /usr/lib/python3/dist-packages/oslo_config/cfg.py:2609
2025-01-16 00:36:48.764 140256 DEBUG oslo_service.service [req-2e54d9a7-9358-4152-9263-769d558dc670 - - - - -] cache.config_prefix = cache.oslo log_opt_values /usr/lib/python3/dist-packages/oslo_config/cfg.py:2609
2025-01-16 00:36:48.765 140256 DEBUG oslo_service.service [req-2e54d9a7-9358-4152-9263-769d558dc670 - - - - -] cache.debug_cache_backend = False log_opt_values /usr/lib/python3/dist-packages/oslo_config/cfg.py:2609
2025-01-16 00:36:48.765 140256 DEBUG oslo_service.service [req-2e54d9a7-9358-4152-9263-769d558dc670 - - - - -] cache.enabled = False log_opt_values /usr/lib/python3/dist-packages/oslo_config/cfg.py:2609
2025-01-16 00:36:48.765 140256 DEBUG oslo_service.service [req-2e54d9a7-9358-4152-9263-769d558dc670 - - - - -] cache.expiration_time = 600 log_opt_values /usr/lib/python3/dist-packages/oslo_config/cfg.py:2609
2025-01-16 00:36:48.765 140256 DEBUG oslo_service.service [req-2e54d9a7-9358-4152-9263-769d558dc670 - - - - -] cache.memcache_dead_retry = 300 log_opt_values /usr/lib/python3/dist-packages/oslo_config/cfg.py:2609
2025-01-16 00:36:48.765 140256 DEBUG oslo_service.service [req-2e54d9a7-9358-4152-9263-769d558dc670 - - - - -] cache.memcache_pool_connection_get_timeout = 10 log_opt_values /usr/lib/python3/dist-packages/oslo_config/cfg.py:2609
2025-01-16 00:36:48.765 140256 DEBUG oslo_service.service [req-2e54d9a7-9358-4152-9263-769d558dc670 - - - - -] cache.memcache_pool_flush_on_reconnect = False log_opt_values /usr/lib/python3/dist-packages/oslo_config/cfg.py:2609
2025-01-16 00:36:48.766 140256 DEBUG oslo_service.service [req-2e54d9a7-9358-4152-9263-769d558dc670 - - - - -] cache.memcache_pool_maxsize = 10 log_opt_values /usr/lib/python3/dist-packages/oslo_config/cfg.py:2609
2025-01-16 00:36:48.767 140256 DEBUG oslo_service.service [req-2e54d9a7-9358-4152-9263-769d558dc670 - - - - -] cache.memcache_pool_unused_timeout = 60 log_opt_values /usr/lib/python3/dist-packages/oslo_config/cfg.py:2609
2025-01-16 00:36:48.767 140256 DEBUG oslo_service.service [req-2e54d9a7-9358-4152-9263-769d558dc670 - - - - -] cache.memcache_servers = ['localhost:11211'] log_opt_values /usr/lib/python3/dist-packages/oslo_config/cfg.py:2609
2025-01-16 00:36:48.768 140256 DEBUG oslo_service.service [req-2e54d9a7-9358-4152-9263-769d558dc670 - - - - -] cache.memcache_socket_timeout = 1.0 log_opt_values /usr/lib/python3/dist-packages/oslo_config/cfg.py:2609
2025-01-16 00:36:48.768 140256 DEBUG oslo_service.service [req-2e54d9a7-9358-4152-9263-769d558dc670 - - - - -] cache.proxies = [] log_opt_values /usr/lib/python3/dist-packages/oslo_config/cfg.py:2609
2025-01-16 00:36:48.768 140256 DEBUG oslo_service.service [req-2e54d9a7-9358-4152-9263-769d558dc670 - - - - -] cache.tls_allowed_ciphers = None log_opt_values /usr/lib/python3/dist-packages/oslo_config/cfg.py:2609
2025-01-16 00:36:48.768 140691 DEBUG oslo_messaging._drivers.amqpdriver [-] Listener is running poll /usr/lib/python3/dist-packages/oslo_messaging/_drivers/amqpdriver.py:343
2025-01-16 00:36:48.768 140256 DEBUG oslo_service.service [req-2e54d9a7-9358-4152-9263-769d558dc670 - - - - -] cache.tls_cafile = None log_opt_values /usr/lib/python3/dist-packages/oslo_config/cfg.py:2609
2025-01-16 00:36:48.768 140691 DEBUG oslo_messaging._drivers.amqpdriver [-] AMQPListener connection consume poll /usr/lib/python3/dist-packages/oslo_messaging/_drivers/amqpdriver.py:357
2025-01-16 00:36:48.768 140256 DEBUG oslo_service.service [req-2e54d9a7-9358-4152-9263-769d558dc670 - - - - -] cache.tls_certfile = None log_opt_values /usr/lib/python3/dist-packages/oslo_config/cfg.py:2609
2025-01-16 00:36:48.768 140256 DEBUG oslo_service.service [req-2e54d9a7-9358-4152-9263-769d558dc670 - - - - -] cache.tls_enabled = False log_opt_values /usr/lib/python3/dist-packages/oslo_config/cfg.py:2609
2025-01-16 00:36:48.769 140256 DEBUG oslo_service.service [req-2e54d9a7-9358-4152-9263-769d558dc670 - - - - -] cache.tls_keyfile = None log_opt_values /usr/lib/python3/dist-packages/oslo_config/cfg.py:2609
2025-01-16 00:36:48.769 140691 DEBUG nova.service [req-5e50ba61-a027-4ed1-9c5c-70f86fef2213 - - - - -] Join ServiceGroup membership for this service conductor start /usr/lib/python3/dist-packages/nova/service.py:199
2025-01-16 00:36:48.769 140256 DEBUG oslo_service.service [req-2e54d9a7-9358-4152-9263-769d558dc670 - - - - -] cinder.auth_section = None log_opt_values /usr/lib/python3/dist-packages/oslo_config/cfg.py:2609
2025-01-16 00:36:48.769 140256 DEBUG oslo_service.service [req-2e54d9a7-9358-4152-9263-769d558dc670 - - - - -] cinder.auth_type = None log_opt_values /usr/lib/python3/dist-packages/oslo_config/cfg.py:2609
2025-01-16 00:36:48.769 140691 DEBUG nova.servicegroup.drivers.db [req-5e50ba61-a027-4ed1-9c5c-70f86fef2213 - - - - -] DB_Driver: join new ServiceGroup member juju-7b1f11-0-lxd-7 to the conductor group, service = join /usr/lib/python3/dist-packages/nova/servicegroup/drivers/db.py:44
2025-01-16 00:36:48.769 140256 DEBUG oslo_service.service [req-2e54d9a7-9358-4152-9263-769d558dc670 - - - - -] cinder.cafile = None log_opt_values /usr/lib/python3/dist-packages/oslo_config/cfg.py:2609
2025-01-16 00:36:48.769 140256 DEBUG oslo_service.service [req-2e54d9a7-9358-4152-9263-769d558dc670 - - - - -] cinder.catalog_info = volumev3::publicURL log_opt_values /usr/lib/python3/dist-packages/oslo_config/cfg.py:2609
2025-01-16 00:36:48.769 140256 DEBUG oslo_service.service [req-2e54d9a7-9358-4152-9263-769d558dc670 - - - - -] cinder.certfile = None log_opt_values /usr/lib/python3/dist-packages/oslo_config/cfg.py:2609
2025-01-16 00:36:48.770 140256 DEBUG oslo_service.service [req-2e54d9a7-9358-4152-9263-769d558dc670 - - - - -] cinder.collect_timing = False log_opt_values /usr/lib/python3/dist-packages/oslo_config/cfg.py:2609
2025-01-16 00:36:48.770 140256 DEBUG oslo_service.service [req-2e54d9a7-9358-4152-9263-769d558dc670 - - - - -] cinder.cross_az_attach = True log_opt_values /usr/lib/python3/dist-packages/oslo_config/cfg.py:2609
2025-01-16 00:36:48.770 140256 DEBUG oslo_service.service [req-2e54d9a7-9358-4152-9263-769d558dc670 - - - - -] cinder.debug = False log_opt_values /usr/lib/python3/dist-packages/oslo_config/cfg.py:2609
2025-01-16 00:36:48.770 140256 DEBUG oslo_service.service [req-2e54d9a7-9358-4152-9263-769d558dc670 - - - - -] cinder.endpoint_template = None log_opt_values /usr/lib/python3/dist-packages/oslo_config/cfg.py:2609
2025-01-16 00:36:48.770 140256 DEBUG oslo_service.service [req-2e54d9a7-9358-4152-9263-769d558dc670 - - - - -] cinder.http_retries = 3 log_opt_values /usr/lib/python3/dist-packages/oslo_config/cfg.py:2609
2025-01-16 00:36:48.770 140256 DEBUG oslo_service.service [req-2e54d9a7-9358-4152-9263-769d558dc670 - - - - -] cinder.insecure = False log_opt_values /usr/lib/python3/dist-packages/oslo_config/cfg.py:2609
2025-01-16 00:36:48.771 140256 DEBUG oslo_service.service [req-2e54d9a7-9358-4152-9263-769d558dc670 - - - - -] cinder.keyfile = None log_opt_values /usr/lib/python3/dist-packages/oslo_config/cfg.py:2609
2025-01-16 00:36:48.771 140256 DEBUG oslo_service.service [req-2e54d9a7-9358-4152-9263-769d558dc670 - - - - -] cinder.os_region_name = None log_opt_values /usr/lib/python3/dist-packages/oslo_config/cfg.py:2609
2025-01-16 00:36:48.771 140256 DEBUG oslo_service.service [req-2e54d9a7-9358-4152-9263-769d558dc670 - - - - -] cinder.split_loggers = False log_opt_values /usr/lib/python3/dist-packages/oslo_config/cfg.py:2609
2025-01-16 00:36:48.771 140256 DEBUG oslo_service.service [req-2e54d9a7-9358-4152-9263-769d558dc670 - - - - -] cinder.timeout = None log_opt_values /usr/lib/python3/dist-packages/oslo_config/cfg.py:2609
2025-01-16 00:36:48.771 140691 DEBUG oslo_messaging._drivers.amqpdriver [-] AMQPListener connection timeout poll /usr/lib/python3/dist-packages/oslo_messaging/_drivers/amqpdriver.py:360
2025-01-16 00:36:48.771 140691 DEBUG oslo_messaging._drivers.amqpdriver [-] Listener is running poll /usr/lib/python3/dist-packages/oslo_messaging/_drivers/amqpdriver.py:343
2025-01-16 00:36:48.771 140256 DEBUG oslo_service.service [req-2e54d9a7-9358-4152-9263-769d558dc670 - - - - -] compute.consecutive_build_service_disable_threshold = 10 log_opt_values /usr/lib/python3/dist-packages/oslo_config/cfg.py:2609
2025-01-16 00:36:48.771 140691 DEBUG oslo_messaging._drivers.amqpdriver [-] AMQPListener connection consume poll /usr/lib/python3/dist-packages/oslo_messaging/_drivers/amqpdriver.py:357
2025-01-16 00:36:48.771 140256 DEBUG oslo_service.service [req-2e54d9a7-9358-4152-9263-769d558dc670 - - - - -] compute.cpu_dedicated_set = None log_opt_values /usr/lib/python3/dist-packages/oslo_config/cfg.py:2609
2025-01-16 00:36:48.772 140256 DEBUG oslo_service.service [req-2e54d9a7-9358-4152-9263-769d558dc670 - - - - -] compute.cpu_shared_set = None log_opt_values /usr/lib/python3/dist-packages/oslo_config/cfg.py:2609
2025-01-16 00:36:48.773 140256 DEBUG oslo_service.service [req-2e54d9a7-9358-4152-9263-769d558dc670 - - - - -] compute.image_type_exclude_list = [] log_opt_values /usr/lib/python3/dist-packages/oslo_config/cfg.py:2609
2025-01-16 00:36:48.773 140256 DEBUG oslo_service.service [req-2e54d9a7-9358-4152-9263-769d558dc670 - - - - -] compute.live_migration_wait_for_vif_plug = True log_opt_values /usr/lib/python3/dist-packages/oslo_config/cfg.py:2609
2025-01-16 00:36:48.774 140256 DEBUG oslo_service.service [req-2e54d9a7-9358-4152-9263-769d558dc670 - - - - -] compute.max_concurrent_disk_ops = 0 log_opt_values /usr/lib/python3/dist-packages/oslo_config/cfg.py:2609
2025-01-16 00:36:48.774 140256 DEBUG oslo_service.service [req-2e54d9a7-9358-4152-9263-769d558dc670 - - - - -] compute.max_disk_devices_to_attach = -1 log_opt_values /usr/lib/python3/dist-packages/oslo_config/cfg.py:2609
2025-01-16 00:36:48.774 140256 DEBUG oslo_service.service [req-2e54d9a7-9358-4152-9263-769d558dc670 - - - - -] compute.packing_host_numa_cells_allocation_strategy = True log_opt_values /usr/lib/python3/dist-packages/oslo_config/cfg.py:2609
2025-01-16 00:36:48.774 140256 DEBUG oslo_service.service [req-2e54d9a7-9358-4152-9263-769d558dc670 - - - - -] compute.provider_config_location = /etc/nova/provider_config/ log_opt_values /usr/lib/python3/dist-packages/oslo_config/cfg.py:2609
2025-01-16 00:36:48.774 140256 DEBUG oslo_service.service [req-2e54d9a7-9358-4152-9263-769d558dc670 - - - - -] compute.resource_provider_association_refresh = 300 log_opt_values /usr/lib/python3/dist-packages/oslo_config/cfg.py:2609
2025-01-16 00:36:48.774 140256 DEBUG oslo_service.service [req-2e54d9a7-9358-4152-9263-769d558dc670 - - - - -] compute.shutdown_retry_interval = 10 log_opt_values /usr/lib/python3/dist-packages/oslo_config/cfg.py:2609
2025-01-16 00:36:48.775 140256 DEBUG oslo_service.service [req-2e54d9a7-9358-4152-9263-769d558dc670 - - - - -] compute.vmdk_allowed_types = ['streamOptimized', 'monolithicSparse'] log_opt_values /usr/lib/python3/dist-packages/oslo_config/cfg.py:2609
2025-01-16 00:36:48.775 140256 DEBUG oslo_service.service [req-2e54d9a7-9358-4152-9263-769d558dc670 - - - - -] conductor.workers = 4 log_opt_values /usr/lib/python3/dist-packages/oslo_config/cfg.py:2609
2025-01-16 00:36:48.776 140256 DEBUG oslo_service.service [req-2e54d9a7-9358-4152-9263-769d558dc670 - - - - -] console.allowed_origins = [] log_opt_values /usr/lib/python3/dist-packages/oslo_config/cfg.py:2609
2025-01-16 00:36:48.776 140256 DEBUG oslo_service.service [req-2e54d9a7-9358-4152-9263-769d558dc670 - - - - -] console.ssl_ciphers = None log_opt_values /usr/lib/python3/dist-packages/oslo_config/cfg.py:2609
2025-01-16 00:36:48.776 140256 DEBUG oslo_service.service [req-2e54d9a7-9358-4152-9263-769d558dc670 - - - - -] console.ssl_minimum_version = default log_opt_values /usr/lib/python3/dist-packages/oslo_config/cfg.py:2609
2025-01-16 00:36:48.776 140256 DEBUG oslo_service.service [req-2e54d9a7-9358-4152-9263-769d558dc670 - - - - -] consoleauth.token_ttl = 600 log_opt_values /usr/lib/python3/dist-packages/oslo_config/cfg.py:2609
2025-01-16 00:36:48.776 140692 DEBUG oslo_messaging._drivers.amqpdriver [-] Listener is running poll /usr/lib/python3/dist-packages/oslo_messaging/_drivers/amqpdriver.py:343
2025-01-16 00:36:48.776 140693 DEBUG oslo_messaging._drivers.amqpdriver [-] Listener is running poll /usr/lib/python3/dist-packages/oslo_messaging/_drivers/amqpdriver.py:343
2025-01-16 00:36:48.776 140256 DEBUG oslo_service.service [req-2e54d9a7-9358-4152-9263-769d558dc670 - - - - -] cyborg.cafile = None log_opt_values /usr/lib/python3/dist-packages/oslo_config/cfg.py:2609
2025-01-16 00:36:48.776 140693 DEBUG oslo_messaging._drivers.amqpdriver [-] AMQPListener connection consume poll /usr/lib/python3/dist-packages/oslo_messaging/_drivers/amqpdriver.py:357
2025-01-16 00:36:48.776 140692 DEBUG oslo_messaging._drivers.amqpdriver [-] AMQPListener connection consume poll /usr/lib/python3/dist-packages/oslo_messaging/_drivers/amqpdriver.py:357
2025-01-16 00:36:48.776 140256 DEBUG oslo_service.service [req-2e54d9a7-9358-4152-9263-769d558dc670 - - - - -] cyborg.certfile = None log_opt_values /usr/lib/python3/dist-packages/oslo_config/cfg.py:2609
2025-01-16 00:36:48.777 140256 DEBUG oslo_service.service [req-2e54d9a7-9358-4152-9263-769d558dc670 - - - - -] cyborg.collect_timing = False log_opt_values /usr/lib/python3/dist-packages/oslo_config/cfg.py:2609
2025-01-16 00:36:48.777 140256 DEBUG oslo_service.service [req-2e54d9a7-9358-4152-9263-769d558dc670 - - - - -] cyborg.connect_retries = None log_opt_values /usr/lib/python3/dist-packages/oslo_config/cfg.py:2609
2025-01-16 00:36:48.777 140256 DEBUG oslo_service.service [req-2e54d9a7-9358-4152-9263-769d558dc670 - - - - -] cyborg.connect_retry_delay = None log_opt_values /usr/lib/python3/dist-packages/oslo_config/cfg.py:2609
2025-01-16 00:36:48.777 140692 DEBUG nova.service [req-aebfd2f1-0bdb-45ff-b5b2-5a62361eedf5 - - - - -] Join ServiceGroup membership for this service conductor start /usr/lib/python3/dist-packages/nova/service.py:199
2025-01-16 00:36:48.777 140256 DEBUG oslo_service.service [req-2e54d9a7-9358-4152-9263-769d558dc670 - - - - -] cyborg.endpoint_override = None log_opt_values /usr/lib/python3/dist-packages/oslo_config/cfg.py:2609
2025-01-16 00:36:48.777 140692 DEBUG nova.servicegroup.drivers.db [req-aebfd2f1-0bdb-45ff-b5b2-5a62361eedf5 - - - - -] DB_Driver: join new ServiceGroup member juju-7b1f11-0-lxd-7 to the conductor group, service = join /usr/lib/python3/dist-packages/nova/servicegroup/drivers/db.py:44
2025-01-16 00:36:48.777 140256 DEBUG oslo_service.service [req-2e54d9a7-9358-4152-9263-769d558dc670 - - - - -] cyborg.insecure = False log_opt_values /usr/lib/python3/dist-packages/oslo_config/cfg.py:2609
2025-01-16 00:36:48.777 140256 DEBUG oslo_service.service [req-2e54d9a7-9358-4152-9263-769d558dc670 - - - - -] cyborg.keyfile = None log_opt_values /usr/lib/python3/dist-packages/oslo_config/cfg.py:2609
2025-01-16 00:36:48.778 140256 DEBUG oslo_service.service [req-2e54d9a7-9358-4152-9263-769d558dc670 - - - - -] cyborg.max_version = None log_opt_values /usr/lib/python3/dist-packages/oslo_config/cfg.py:2609
2025-01-16 00:36:48.778 140256 DEBUG oslo_service.service [req-2e54d9a7-9358-4152-9263-769d558dc670 - - - - -] cyborg.min_version = None log_opt_values /usr/lib/python3/dist-packages/oslo_config/cfg.py:2609
2025-01-16 00:36:48.777 140693 DEBUG nova.service [req-d7d51e2b-1135-4dbe-b0b4-1331179f9735 - - - - -] Join ServiceGroup membership for this service conductor start /usr/lib/python3/dist-packages/nova/service.py:199
2025-01-16 00:36:48.778 140256 DEBUG oslo_service.service [req-2e54d9a7-9358-4152-9263-769d558dc670 - - - - -] cyborg.region_name = None log_opt_values /usr/lib/python3/dist-packages/oslo_config/cfg.py:2609
2025-01-16 00:36:48.778 140256 DEBUG oslo_service.service [req-2e54d9a7-9358-4152-9263-769d558dc670 - - - - -] cyborg.service_name = None log_opt_values /usr/lib/python3/dist-packages/oslo_config/cfg.py:2609
2025-01-16 00:36:48.778 140256 DEBUG oslo_service.service [req-2e54d9a7-9358-4152-9263-769d558dc670 - - - - -] cyborg.service_type = accelerator log_opt_values /usr/lib/python3/dist-packages/oslo_config/cfg.py:2609
2025-01-16 00:36:48.778 140693 DEBUG nova.servicegroup.drivers.db [req-d7d51e2b-1135-4dbe-b0b4-1331179f9735 - - - - -] DB_Driver: join new ServiceGroup member juju-7b1f11-0-lxd-7 to the conductor group, service = join /usr/lib/python3/dist-packages/nova/servicegroup/drivers/db.py:44
2025-01-16 00:36:48.778 140256 DEBUG oslo_service.service [req-2e54d9a7-9358-4152-9263-769d558dc670 - - - - -] cyborg.split_loggers = False log_opt_values /usr/lib/python3/dist-packages/oslo_config/cfg.py:2609
2025-01-16 00:36:48.778 140256 DEBUG oslo_service.service [req-2e54d9a7-9358-4152-9263-769d558dc670 - - - - -] cyborg.status_code_retries = None log_opt_values /usr/lib/python3/dist-packages/oslo_config/cfg.py:2609
2025-01-16 00:36:48.779 140256 DEBUG oslo_service.service [req-2e54d9a7-9358-4152-9263-769d558dc670 - - - - -] cyborg.status_code_retry_delay = None log_opt_values /usr/lib/python3/dist-packages/oslo_config/cfg.py:2609
2025-01-16 00:36:48.779 140256 DEBUG oslo_service.service [req-2e54d9a7-9358-4152-9263-769d558dc670 - - - - -] cyborg.timeout = None log_opt_values /usr/lib/python3/dist-packages/oslo_config/cfg.py:2609
2025-01-16 00:36:48.779 140256 DEBUG oslo_service.service [req-2e54d9a7-9358-4152-9263-769d558dc670 - - - - -] cyborg.valid_interfaces = ['internal', 'public'] log_opt_values /usr/lib/python3/dist-packages/oslo_config/cfg.py:2609
2025-01-16 00:36:48.779 140256 DEBUG oslo_service.service [req-2e54d9a7-9358-4152-9263-769d558dc670 - - - - -] cyborg.version = None log_opt_values /usr/lib/python3/dist-packages/oslo_config/cfg.py:2609
2025-01-16 00:36:48.779 140256 DEBUG oslo_service.service [req-2e54d9a7-9358-4152-9263-769d558dc670 - - - - -] database.backend = sqlalchemy log_opt_values /usr/lib/python3/dist-packages/oslo_config/cfg.py:2609
2025-01-16 00:36:48.779 140692 DEBUG oslo_messaging._drivers.amqpdriver [-] AMQPListener connection timeout poll /usr/lib/python3/dist-packages/oslo_messaging/_drivers/amqpdriver.py:360
2025-01-16 00:36:48.779 140256 DEBUG oslo_service.service [req-2e54d9a7-9358-4152-9263-769d558dc670 - - - - -] database.connection = **** log_opt_values /usr/lib/python3/dist-packages/oslo_config/cfg.py:2609
2025-01-16 00:36:48.780 140692 DEBUG oslo_messaging._drivers.amqpdriver [-] Listener is running poll /usr/lib/python3/dist-packages/oslo_messaging/_drivers/amqpdriver.py:343
2025-01-16 00:36:48.780 140692 DEBUG oslo_messaging._drivers.amqpdriver [-] AMQPListener connection consume poll /usr/lib/python3/dist-packages/oslo_messaging/_drivers/amqpdriver.py:357
2025-01-16 00:36:48.780 140256 DEBUG oslo_service.service [req-2e54d9a7-9358-4152-9263-769d558dc670 - - - - -] database.connection_debug = 0 log_opt_values /usr/lib/python3/dist-packages/oslo_config/cfg.py:2609
2025-01-16 00:36:48.780 140256 DEBUG oslo_service.service [req-2e54d9a7-9358-4152-9263-769d558dc670 - - - - -] database.connection_parameters = log_opt_values /usr/lib/python3/dist-packages/oslo_config/cfg.py:2609
2025-01-16 00:36:48.780 140256 DEBUG oslo_service.service [req-2e54d9a7-9358-4152-9263-769d558dc670 - - - - -] database.connection_recycle_time = 3600 log_opt_values /usr/lib/python3/dist-packages/oslo_config/cfg.py:2609
2025-01-16 00:36:48.780 140256 DEBUG oslo_service.service [req-2e54d9a7-9358-4152-9263-769d558dc670 - - - - -] database.connection_trace = False log_opt_values /usr/lib/python3/dist-packages/oslo_config/cfg.py:2609
2025-01-16 00:36:48.780 140256 DEBUG oslo_service.service [req-2e54d9a7-9358-4152-9263-769d558dc670 - - - - -] database.db_inc_retry_interval = True log_opt_values /usr/lib/python3/dist-packages/oslo_config/cfg.py:2609
2025-01-16 00:36:48.781 140256 DEBUG oslo_service.service [req-2e54d9a7-9358-4152-9263-769d558dc670 - - - - -] database.db_max_retries = 20 log_opt_values /usr/lib/python3/dist-packages/oslo_config/cfg.py:2609
2025-01-16 00:36:48.781 140256 DEBUG oslo_service.service [req-2e54d9a7-9358-4152-9263-769d558dc670 - - - - -] database.db_max_retry_interval = 10 log_opt_values /usr/lib/python3/dist-packages/oslo_config/cfg.py:2609
2025-01-16 00:36:48.781 140693 DEBUG oslo_messaging._drivers.amqpdriver [-] AMQPListener connection timeout poll /usr/lib/python3/dist-packages/oslo_messaging/_drivers/amqpdriver.py:360
2025-01-16 00:36:48.781 140256 DEBUG oslo_service.service [req-2e54d9a7-9358-4152-9263-769d558dc670 - - - - -] database.db_retry_interval = 1 log_opt_values /usr/lib/python3/dist-packages/oslo_config/cfg.py:2609
2025-01-16 00:36:48.781 140693 DEBUG oslo_messaging._drivers.amqpdriver [-] Listener is running poll /usr/lib/python3/dist-packages/oslo_messaging/_drivers/amqpdriver.py:343
2025-01-16 00:36:48.781 140693 DEBUG oslo_messaging._drivers.amqpdriver [-] AMQPListener connection consume poll /usr/lib/python3/dist-packages/oslo_messaging/_drivers/amqpdriver.py:357
2025-01-16 00:36:48.781 140256 DEBUG oslo_service.service [req-2e54d9a7-9358-4152-9263-769d558dc670 - - - - -] database.max_overflow = 50 log_opt_values /usr/lib/python3/dist-packages/oslo_config/cfg.py:2609
2025-01-16 00:36:48.781 140256 DEBUG oslo_service.service [req-2e54d9a7-9358-4152-9263-769d558dc670 - - - - -] database.max_pool_size = 4 log_opt_values /usr/lib/python3/dist-packages/oslo_config/cfg.py:2609
2025-01-16 00:36:48.781 140256 DEBUG oslo_service.service [req-2e54d9a7-9358-4152-9263-769d558dc670 - - - - -] database.max_retries = 10 log_opt_values /usr/lib/python3/dist-packages/oslo_config/cfg.py:2609
2025-01-16 00:36:48.782 140256 DEBUG oslo_service.service [req-2e54d9a7-9358-4152-9263-769d558dc670 - - - - -] database.mysql_enable_ndb = False log_opt_values /usr/lib/python3/dist-packages/oslo_config/cfg.py:2609
2025-01-16 00:36:48.782 140256 DEBUG oslo_service.service [req-2e54d9a7-9358-4152-9263-769d558dc670 - - - - -] database.mysql_sql_mode = TRADITIONAL log_opt_values /usr/lib/python3/dist-packages/oslo_config/cfg.py:2609
2025-01-16 00:36:48.782 140256 DEBUG oslo_service.service [req-2e54d9a7-9358-4152-9263-769d558dc670 - - - - -] database.pool_timeout = None log_opt_values /usr/lib/python3/dist-packages/oslo_config/cfg.py:2609
2025-01-16 00:36:48.782 140256 DEBUG oslo_service.service [req-2e54d9a7-9358-4152-9263-769d558dc670 - - - - -] database.retry_interval = 10 log_opt_values /usr/lib/python3/dist-packages/oslo_config/cfg.py:2609
2025-01-16 00:36:48.782 140256 DEBUG oslo_service.service [req-2e54d9a7-9358-4152-9263-769d558dc670 - - - - -] database.slave_connection = **** log_opt_values /usr/lib/python3/dist-packages/oslo_config/cfg.py:2609
2025-01-16 00:36:48.782 140256 DEBUG oslo_service.service [req-2e54d9a7-9358-4152-9263-769d558dc670 - - - - -] database.sqlite_synchronous = True log_opt_values /usr/lib/python3/dist-packages/oslo_config/cfg.py:2609
2025-01-16 00:36:48.783 140256 DEBUG oslo_service.service [req-2e54d9a7-9358-4152-9263-769d558dc670 - - - - -] database.use_db_reconnect = False log_opt_values /usr/lib/python3/dist-packages/oslo_config/cfg.py:2609
2025-01-16 00:36:48.783 140256 DEBUG oslo_service.service [req-2e54d9a7-9358-4152-9263-769d558dc670 - - - - -] api_database.backend = sqlalchemy log_opt_values /usr/lib/python3/dist-packages/oslo_config/cfg.py:2609
2025-01-16 00:36:48.783 140256 DEBUG oslo_service.service [req-2e54d9a7-9358-4152-9263-769d558dc670 - - - - -] api_database.connection = **** log_opt_values /usr/lib/python3/dist-packages/oslo_config/cfg.py:2609
2025-01-16 00:36:48.783 140256 DEBUG oslo_service.service [req-2e54d9a7-9358-4152-9263-769d558dc670 - - - - -] api_database.connection_debug = 0 log_opt_values /usr/lib/python3/dist-packages/oslo_config/cfg.py:2609
2025-01-16 00:36:48.783 140256 DEBUG oslo_service.service [req-2e54d9a7-9358-4152-9263-769d558dc670 - - - - -] api_database.connection_parameters = log_opt_values /usr/lib/python3/dist-packages/oslo_config/cfg.py:2609
2025-01-16 00:36:48.783 140256 DEBUG oslo_service.service [req-2e54d9a7-9358-4152-9263-769d558dc670 - - - - -] api_database.connection_recycle_time = 3600 log_opt_values /usr/lib/python3/dist-packages/oslo_config/cfg.py:2609
2025-01-16 00:36:48.783 140256 DEBUG oslo_service.service [req-2e54d9a7-9358-4152-9263-769d558dc670 - - - - -] api_database.connection_trace = False log_opt_values /usr/lib/python3/dist-packages/oslo_config/cfg.py:2609
2025-01-16 00:36:48.783 140694 DEBUG oslo_messaging._drivers.amqpdriver [-] Listener is running poll /usr/lib/python3/dist-packages/oslo_messaging/_drivers/amqpdriver.py:343
2025-01-16 00:36:48.784 140256 DEBUG oslo_service.service [req-2e54d9a7-9358-4152-9263-769d558dc670 - - - - -] api_database.db_inc_retry_interval = True log_opt_values /usr/lib/python3/dist-packages/oslo_config/cfg.py:2609
2025-01-16 00:36:48.784 140694 DEBUG oslo_messaging._drivers.amqpdriver [-] AMQPListener connection consume poll /usr/lib/python3/dist-packages/oslo_messaging/_drivers/amqpdriver.py:357
2025-01-16 00:36:48.784 140256 DEBUG oslo_service.service [req-2e54d9a7-9358-4152-9263-769d558dc670 - - - - -] api_database.db_max_retries = 20 log_opt_values /usr/lib/python3/dist-packages/oslo_config/cfg.py:2609
2025-01-16 00:36:48.784 140256 DEBUG oslo_service.service [req-2e54d9a7-9358-4152-9263-769d558dc670 - - - - -] api_database.db_max_retry_interval = 10 log_opt_values /usr/lib/python3/dist-packages/oslo_config/cfg.py:2609
2025-01-16 00:36:48.784 140256 DEBUG oslo_service.service [req-2e54d9a7-9358-4152-9263-769d558dc670 - - - - -] api_database.db_retry_interval = 1 log_opt_values /usr/lib/python3/dist-packages/oslo_config/cfg.py:2609
2025-01-16 00:36:48.784 140256 DEBUG oslo_service.service [req-2e54d9a7-9358-4152-9263-769d558dc670 - - - - -] api_database.max_overflow = 50 log_opt_values /usr/lib/python3/dist-packages/oslo_config/cfg.py:2609
2025-01-16 00:36:48.784 140694 DEBUG nova.service [req-0d7c5628-7017-4d03-9662-05de42d62d8f - - - - -] Join ServiceGroup membership for this service conductor start /usr/lib/python3/dist-packages/nova/service.py:199
2025-01-16 00:36:48.784 140256 DEBUG oslo_service.service [req-2e54d9a7-9358-4152-9263-769d558dc670 - - - - -] api_database.max_pool_size = 4 log_opt_values /usr/lib/python3/dist-packages/oslo_config/cfg.py:2609
2025-01-16 00:36:48.785 140256 DEBUG oslo_service.service [req-2e54d9a7-9358-4152-9263-769d558dc670 - - - - -] api_database.max_retries = 10 log_opt_values /usr/lib/python3/dist-packages/oslo_config/cfg.py:2609
2025-01-16 00:36:48.785 140694 DEBUG nova.servicegroup.drivers.db [req-0d7c5628-7017-4d03-9662-05de42d62d8f - - - - -] DB_Driver: join new ServiceGroup member juju-7b1f11-0-lxd-7 to the conductor group, service = join /usr/lib/python3/dist-packages/nova/servicegroup/drivers/db.py:44
2025-01-16 00:36:48.785 140256 DEBUG oslo_service.service [req-2e54d9a7-9358-4152-9263-769d558dc670 - - - - -] api_database.mysql_enable_ndb = False log_opt_values /usr/lib/python3/dist-packages/oslo_config/cfg.py:2609
2025-01-16 00:36:48.785 140256 DEBUG oslo_service.service [req-2e54d9a7-9358-4152-9263-769d558dc670 - - - - -] api_database.mysql_sql_mode = TRADITIONAL log_opt_values /usr/lib/python3/dist-packages/oslo_config/cfg.py:2609
2025-01-16 00:36:48.785 140256 DEBUG oslo_service.service [req-2e54d9a7-9358-4152-9263-769d558dc670 - - - - -] api_database.pool_timeout = None log_opt_values /usr/lib/python3/dist-packages/oslo_config/cfg.py:2609
2025-01-16 00:36:48.785 140256 DEBUG oslo_service.service [req-2e54d9a7-9358-4152-9263-769d558dc670 - - - - -] api_database.retry_interval = 10 log_opt_values /usr/lib/python3/dist-packages/oslo_config/cfg.py:2609
2025-01-16 00:36:48.785 140256 DEBUG oslo_service.service [req-2e54d9a7-9358-4152-9263-769d558dc670 - - - - -] api_database.slave_connection = **** log_opt_values /usr/lib/python3/dist-packages/oslo_config/cfg.py:2609
2025-01-16 00:36:48.786 140256 DEBUG oslo_service.service [req-2e54d9a7-9358-4152-9263-769d558dc670 - - - - -] api_database.sqlite_synchronous = True log_opt_values /usr/lib/python3/dist-packages/oslo_config/cfg.py:2609
2025-01-16 00:36:48.786 140256 DEBUG oslo_service.service [req-2e54d9a7-9358-4152-9263-769d558dc670 - - - - -] devices.enabled_mdev_types = [] log_opt_values /usr/lib/python3/dist-packages/oslo_config/cfg.py:2609
2025-01-16 00:36:48.786 140256 DEBUG oslo_service.service [req-2e54d9a7-9358-4152-9263-769d558dc670 - - - - -] ephemeral_storage_encryption.cipher = aes-xts-plain64 log_opt_values /usr/lib/python3/dist-packages/oslo_config/cfg.py:2609
2025-01-16 00:36:48.786 140256 DEBUG oslo_service.service [req-2e54d9a7-9358-4152-9263-769d558dc670 - - - - -] ephemeral_storage_encryption.enabled = False log_opt_values /usr/lib/python3/dist-packages/oslo_config/cfg.py:2609
2025-01-16 00:36:48.786 140256 DEBUG oslo_service.service [req-2e54d9a7-9358-4152-9263-769d558dc670 - - - - -] ephemeral_storage_encryption.key_size = 512 log_opt_values /usr/lib/python3/dist-packages/oslo_config/cfg.py:2609
2025-01-16 00:36:48.786 140256 WARNING oslo_config.cfg [req-2e54d9a7-9358-4152-9263-769d558dc670 - - - - -] Deprecated: Option "api_servers" from group "glance" is deprecated for removal ( Support for image service configuration via standard keystoneauth1 Adapter options was added in the 17.0.0 Queens release. The api_servers option was retained temporarily to allow consumers time to cut over to a real load balancing solution. ). Its value may be silently ignored in the future.
2025-01-16 00:36:48.787 140256 DEBUG oslo_service.service [req-2e54d9a7-9358-4152-9263-769d558dc670 - - - - -] glance.api_servers = ['http://252.22.82.7:9292'] log_opt_values /usr/lib/python3/dist-packages/oslo_config/cfg.py:2609
2025-01-16 00:36:48.787 140256 DEBUG oslo_service.service [req-2e54d9a7-9358-4152-9263-769d558dc670 - - - - -] glance.cafile = None log_opt_values /usr/lib/python3/dist-packages/oslo_config/cfg.py:2609
2025-01-16 00:36:48.787 140694 DEBUG oslo_messaging._drivers.amqpdriver [-] AMQPListener connection timeout poll /usr/lib/python3/dist-packages/oslo_messaging/_drivers/amqpdriver.py:360
2025-01-16 00:36:48.787 140256 DEBUG oslo_service.service [req-2e54d9a7-9358-4152-9263-769d558dc670 - - - - -] glance.certfile = None log_opt_values /usr/lib/python3/dist-packages/oslo_config/cfg.py:2609
2025-01-16 00:36:48.787 140694 DEBUG oslo_messaging._drivers.amqpdriver [-] Listener is running poll /usr/lib/python3/dist-packages/oslo_messaging/_drivers/amqpdriver.py:343
2025-01-16 00:36:48.787 140694 DEBUG oslo_messaging._drivers.amqpdriver [-] AMQPListener connection consume poll /usr/lib/python3/dist-packages/oslo_messaging/_drivers/amqpdriver.py:357
2025-01-16 00:36:48.787 140256 DEBUG oslo_service.service [req-2e54d9a7-9358-4152-9263-769d558dc670 - - - - -] glance.collect_timing = False log_opt_values /usr/lib/python3/dist-packages/oslo_config/cfg.py:2609
2025-01-16 00:36:48.787 140256 DEBUG oslo_service.service [req-2e54d9a7-9358-4152-9263-769d558dc670 - - - - -] glance.connect_retries = None log_opt_values /usr/lib/python3/dist-packages/oslo_config/cfg.py:2609
2025-01-16 00:36:48.787 140256 DEBUG oslo_service.service [req-2e54d9a7-9358-4152-9263-769d558dc670 - - - - -] glance.connect_retry_delay = None log_opt_values /usr/lib/python3/dist-packages/oslo_config/cfg.py:2609
2025-01-16 00:36:48.788 140256 DEBUG oslo_service.service [req-2e54d9a7-9358-4152-9263-769d558dc670 - - - - -] glance.debug = False log_opt_values /usr/lib/python3/dist-packages/oslo_config/cfg.py:2609
2025-01-16 00:36:48.788 140256 DEBUG oslo_service.service [req-2e54d9a7-9358-4152-9263-769d558dc670 - - - - -] glance.default_trusted_certificate_ids = [] log_opt_values /usr/lib/python3/dist-packages/oslo_config/cfg.py:2609
2025-01-16 00:36:48.788 140256 DEBUG oslo_service.service [req-2e54d9a7-9358-4152-9263-769d558dc670 - - - - -] glance.enable_certificate_validation = False log_opt_values /usr/lib/python3/dist-packages/oslo_config/cfg.py:2609
2025-01-16 00:36:48.788 140256 DEBUG oslo_service.service [req-2e54d9a7-9358-4152-9263-769d558dc670 - - - - -] glance.enable_rbd_download = False log_opt_values /usr/lib/python3/dist-packages/oslo_config/cfg.py:2609
2025-01-16 00:36:48.788 140256 DEBUG oslo_service.service [req-2e54d9a7-9358-4152-9263-769d558dc670 - - - - -] glance.endpoint_override = None log_opt_values /usr/lib/python3/dist-packages/oslo_config/cfg.py:2609
