2025-01-16 02:04:53.231 70411 DEBUG oslo_service.service [-] clients_aodh.key_file = None log_opt_values /usr/lib/python3/dist-packages/oslo_config/cfg.py:2609
2025-01-16 02:04:53.231 70411 DEBUG oslo_service.service [-] clients_barbican.ca_file = None log_opt_values /usr/lib/python3/dist-packages/oslo_config/cfg.py:2609
2025-01-16 02:04:53.231 70411 DEBUG oslo_service.service [-] clients_barbican.cert_file = None log_opt_values /usr/lib/python3/dist-packages/oslo_config/cfg.py:2609
2025-01-16 02:04:53.231 70411 DEBUG oslo_service.service [-] clients_barbican.endpoint_type = None log_opt_values /usr/lib/python3/dist-packages/oslo_config/cfg.py:2609
2025-01-16 02:04:53.231 70411 DEBUG oslo_service.service [-] clients_barbican.insecure = None log_opt_values /usr/lib/python3/dist-packages/oslo_config/cfg.py:2609
2025-01-16 02:04:53.231 70411 DEBUG oslo_service.service [-] clients_barbican.key_file = None log_opt_values /usr/lib/python3/dist-packages/oslo_config/cfg.py:2609
2025-01-16 02:04:53.231 70411 DEBUG oslo_service.service [-] clients_cinder.ca_file = None log_opt_values /usr/lib/python3/dist-packages/oslo_config/cfg.py:2609
2025-01-16 02:04:53.231 70411 DEBUG oslo_service.service [-] clients_cinder.cert_file = None log_opt_values /usr/lib/python3/dist-packages/oslo_config/cfg.py:2609
2025-01-16 02:04:53.232 70411 DEBUG oslo_service.service [-] clients_cinder.endpoint_type = None log_opt_values /usr/lib/python3/dist-packages/oslo_config/cfg.py:2609
2025-01-16 02:04:53.232 70411 DEBUG oslo_service.service [-] clients_cinder.http_log_debug = False log_opt_values /usr/lib/python3/dist-packages/oslo_config/cfg.py:2609
2025-01-16 02:04:53.232 70411 DEBUG oslo_service.service [-] clients_cinder.insecure = None log_opt_values /usr/lib/python3/dist-packages/oslo_config/cfg.py:2609
2025-01-16 02:04:53.232 70411 DEBUG oslo_service.service [-] clients_cinder.key_file = None log_opt_values /usr/lib/python3/dist-packages/oslo_config/cfg.py:2609
2025-01-16 02:04:53.232 70411 DEBUG oslo_service.service [-] clients_designate.ca_file = None log_opt_values /usr/lib/python3/dist-packages/oslo_config/cfg.py:2609
2025-01-16 02:04:53.232 70411 DEBUG oslo_service.service [-] clients_designate.cert_file = None log_opt_values /usr/lib/python3/dist-packages/oslo_config/cfg.py:2609
2025-01-16 02:04:53.232 70411 DEBUG oslo_service.service [-] clients_designate.endpoint_type = None log_opt_values /usr/lib/python3/dist-packages/oslo_config/cfg.py:2609
2025-01-16 02:04:53.232 70411 DEBUG oslo_service.service [-] clients_designate.insecure = None log_opt_values /usr/lib/python3/dist-packages/oslo_config/cfg.py:2609
2025-01-16 02:04:53.232 70411 DEBUG oslo_service.service [-] clients_designate.key_file = None log_opt_values /usr/lib/python3/dist-packages/oslo_config/cfg.py:2609
2025-01-16 02:04:53.233 70411 DEBUG oslo_service.service [-] clients_glance.ca_file = None log_opt_values /usr/lib/python3/dist-packages/oslo_config/cfg.py:2609
2025-01-16 02:04:53.233 70411 DEBUG oslo_service.service [-] clients_glance.cert_file = None log_opt_values /usr/lib/python3/dist-packages/oslo_config/cfg.py:2609
2025-01-16 02:04:53.233 70411 DEBUG oslo_service.service [-] clients_glance.endpoint_type = None log_opt_values /usr/lib/python3/dist-packages/oslo_config/cfg.py:2609
2025-01-16 02:04:53.233 70411 DEBUG oslo_service.service [-] clients_glance.insecure = None log_opt_values /usr/lib/python3/dist-packages/oslo_config/cfg.py:2609
2025-01-16 02:04:53.233 70411 DEBUG oslo_service.service [-] clients_glance.key_file = None log_opt_values /usr/lib/python3/dist-packages/oslo_config/cfg.py:2609
2025-01-16 02:04:53.235 70411 DEBUG oslo_service.service [-] clients_heat.ca_file = None log_opt_values /usr/lib/python3/dist-packages/oslo_config/cfg.py:2609
2025-01-16 02:04:53.235 70411 DEBUG oslo_service.service [-] clients_heat.cert_file = None log_opt_values /usr/lib/python3/dist-packages/oslo_config/cfg.py:2609
2025-01-16 02:04:53.235 70411 DEBUG oslo_service.service [-] clients_heat.endpoint_type = None log_opt_values /usr/lib/python3/dist-packages/oslo_config/cfg.py:2609
2025-01-16 02:04:53.235 70411 DEBUG oslo_service.service [-] clients_heat.insecure = None log_opt_values /usr/lib/python3/dist-packages/oslo_config/cfg.py:2609
2025-01-16 02:04:53.235 70411 DEBUG oslo_service.service [-] clients_heat.key_file = None log_opt_values /usr/lib/python3/dist-packages/oslo_config/cfg.py:2609
2025-01-16 02:04:53.236 70411 DEBUG oslo_service.service [-] clients_heat.url = log_opt_values /usr/lib/python3/dist-packages/oslo_config/cfg.py:2609
2025-01-16 02:04:53.236 70411 DEBUG oslo_service.service [-] clients_keystone.auth_uri = http://252.22.224.102:5050 log_opt_values /usr/lib/python3/dist-packages/oslo_config/cfg.py:2609
2025-01-16 02:04:53.236 70411 DEBUG oslo_service.service [-] clients_keystone.ca_file = None log_opt_values /usr/lib/python3/dist-packages/oslo_config/cfg.py:2609
2025-01-16 02:04:53.236 70411 DEBUG oslo_service.service [-] clients_keystone.cert_file = None log_opt_values /usr/lib/python3/dist-packages/oslo_config/cfg.py:2609
2025-01-16 02:04:53.237 70411 DEBUG oslo_service.service [-] clients_keystone.endpoint_type = None log_opt_values /usr/lib/python3/dist-packages/oslo_config/cfg.py:2609
2025-01-16 02:04:53.237 70411 DEBUG oslo_service.service [-] clients_keystone.insecure = None log_opt_values /usr/lib/python3/dist-packages/oslo_config/cfg.py:2609
2025-01-16 02:04:53.237 70411 DEBUG oslo_service.service [-] clients_keystone.key_file = None log_opt_values /usr/lib/python3/dist-packages/oslo_config/cfg.py:2609
2025-01-16 02:04:53.237 70411 DEBUG oslo_service.service [-] clients_magnum.ca_file = None log_opt_values /usr/lib/python3/dist-packages/oslo_config/cfg.py:2609
2025-01-16 02:04:53.237 70411 DEBUG oslo_service.service [-] clients_magnum.cert_file = None log_opt_values /usr/lib/python3/dist-packages/oslo_config/cfg.py:2609
2025-01-16 02:04:53.238 70411 DEBUG oslo_service.service [-] clients_magnum.endpoint_type = None log_opt_values /usr/lib/python3/dist-packages/oslo_config/cfg.py:2609
2025-01-16 02:04:53.238 70411 DEBUG oslo_service.service [-] clients_magnum.insecure = None log_opt_values /usr/lib/python3/dist-packages/oslo_config/cfg.py:2609
2025-01-16 02:04:53.238 70411 DEBUG oslo_service.service [-] clients_magnum.key_file = None log_opt_values /usr/lib/python3/dist-packages/oslo_config/cfg.py:2609
2025-01-16 02:04:53.239 70411 DEBUG oslo_service.service [-] clients_manila.ca_file = None log_opt_values /usr/lib/python3/dist-packages/oslo_config/cfg.py:2609
2025-01-16 02:04:53.239 70411 DEBUG oslo_service.service [-] clients_manila.cert_file = None log_opt_values /usr/lib/python3/dist-packages/oslo_config/cfg.py:2609
2025-01-16 02:04:53.239 70411 DEBUG oslo_service.service [-] clients_manila.endpoint_type = None log_opt_values /usr/lib/python3/dist-packages/oslo_config/cfg.py:2609
2025-01-16 02:04:53.240 70411 DEBUG oslo_service.service [-] clients_manila.insecure = None log_opt_values /usr/lib/python3/dist-packages/oslo_config/cfg.py:2609
2025-01-16 02:04:53.241 70411 DEBUG oslo_service.service [-] clients_manila.key_file = None log_opt_values /usr/lib/python3/dist-packages/oslo_config/cfg.py:2609
2025-01-16 02:04:53.241 70411 DEBUG oslo_service.service [-] clients_mistral.ca_file = None log_opt_values /usr/lib/python3/dist-packages/oslo_config/cfg.py:2609
2025-01-16 02:04:53.241 70411 DEBUG oslo_service.service [-] clients_mistral.cert_file = None log_opt_values /usr/lib/python3/dist-packages/oslo_config/cfg.py:2609
2025-01-16 02:04:53.241 70411 DEBUG oslo_service.service [-] clients_mistral.endpoint_type = None log_opt_values /usr/lib/python3/dist-packages/oslo_config/cfg.py:2609
2025-01-16 02:04:53.242 70411 DEBUG oslo_service.service [-] clients_mistral.insecure = None log_opt_values /usr/lib/python3/dist-packages/oslo_config/cfg.py:2609
2025-01-16 02:04:53.242 70411 DEBUG oslo_service.service [-] clients_mistral.key_file = None log_opt_values /usr/lib/python3/dist-packages/oslo_config/cfg.py:2609
2025-01-16 02:04:53.242 70411 DEBUG oslo_service.service [-] clients_monasca.ca_file = None log_opt_values /usr/lib/python3/dist-packages/oslo_config/cfg.py:2609
2025-01-16 02:04:53.242 70411 DEBUG oslo_service.service [-] clients_monasca.cert_file = None log_opt_values /usr/lib/python3/dist-packages/oslo_config/cfg.py:2609
2025-01-16 02:04:53.242 70411 DEBUG oslo_service.service [-] clients_monasca.endpoint_type = None log_opt_values /usr/lib/python3/dist-packages/oslo_config/cfg.py:2609
2025-01-16 02:04:53.242 70411 DEBUG oslo_service.service [-] clients_monasca.insecure = None log_opt_values /usr/lib/python3/dist-packages/oslo_config/cfg.py:2609
2025-01-16 02:04:53.242 70411 DEBUG oslo_service.service [-] clients_monasca.key_file = None log_opt_values /usr/lib/python3/dist-packages/oslo_config/cfg.py:2609
2025-01-16 02:04:53.243 70411 DEBUG oslo_service.service [-] clients_neutron.ca_file = None log_opt_values /usr/lib/python3/dist-packages/oslo_config/cfg.py:2609
2025-01-16 02:04:53.243 70411 DEBUG oslo_service.service [-] clients_neutron.cert_file = None log_opt_values /usr/lib/python3/dist-packages/oslo_config/cfg.py:2609
2025-01-16 02:04:53.243 70411 DEBUG oslo_service.service [-] clients_neutron.endpoint_type = None log_opt_values /usr/lib/python3/dist-packages/oslo_config/cfg.py:2609
2025-01-16 02:04:53.243 70411 DEBUG oslo_service.service [-] clients_neutron.insecure = None log_opt_values /usr/lib/python3/dist-packages/oslo_config/cfg.py:2609
2025-01-16 02:04:53.243 70411 DEBUG oslo_service.service [-] clients_neutron.key_file = None log_opt_values /usr/lib/python3/dist-packages/oslo_config/cfg.py:2609
2025-01-16 02:04:53.243 70411 DEBUG oslo_service.service [-] clients_nova.ca_file = None log_opt_values /usr/lib/python3/dist-packages/oslo_config/cfg.py:2609
2025-01-16 02:04:53.243 70411 DEBUG oslo_service.service [-] clients_nova.cert_file = None log_opt_values /usr/lib/python3/dist-packages/oslo_config/cfg.py:2609
2025-01-16 02:04:53.243 70411 DEBUG oslo_service.service [-] clients_nova.endpoint_type = None log_opt_values /usr/lib/python3/dist-packages/oslo_config/cfg.py:2609
2025-01-16 02:04:53.243 70411 DEBUG oslo_service.service [-] clients_nova.http_log_debug = False log_opt_values /usr/lib/python3/dist-packages/oslo_config/cfg.py:2609
2025-01-16 02:04:53.244 70411 DEBUG oslo_service.service [-] clients_nova.insecure = None log_opt_values /usr/lib/python3/dist-packages/oslo_config/cfg.py:2609
2025-01-16 02:04:53.244 70411 DEBUG oslo_service.service [-] clients_nova.key_file = None log_opt_values /usr/lib/python3/dist-packages/oslo_config/cfg.py:2609
2025-01-16 02:04:53.244 70411 DEBUG oslo_service.service [-] clients_octavia.ca_file = None log_opt_values /usr/lib/python3/dist-packages/oslo_config/cfg.py:2609
2025-01-16 02:04:53.244 70411 DEBUG oslo_service.service [-] clients_octavia.cert_file = None log_opt_values /usr/lib/python3/dist-packages/oslo_config/cfg.py:2609
2025-01-16 02:04:53.244 70411 DEBUG oslo_service.service [-] clients_octavia.endpoint_type = None log_opt_values /usr/lib/python3/dist-packages/oslo_config/cfg.py:2609
2025-01-16 02:04:53.245 70411 DEBUG oslo_service.service [-] clients_octavia.insecure = None log_opt_values /usr/lib/python3/dist-packages/oslo_config/cfg.py:2609
2025-01-16 02:04:53.245 70411 DEBUG oslo_service.service [-] clients_octavia.key_file = None log_opt_values /usr/lib/python3/dist-packages/oslo_config/cfg.py:2609
2025-01-16 02:04:53.245 70411 DEBUG oslo_service.service [-] clients_sahara.ca_file = None log_opt_values /usr/lib/python3/dist-packages/oslo_config/cfg.py:2609
2025-01-16 02:04:53.245 70411 DEBUG oslo_service.service [-] clients_sahara.cert_file = None log_opt_values /usr/lib/python3/dist-packages/oslo_config/cfg.py:2609
2025-01-16 02:04:53.245 70411 DEBUG oslo_service.service [-] clients_sahara.endpoint_type = None log_opt_values /usr/lib/python3/dist-packages/oslo_config/cfg.py:2609
2025-01-16 02:04:53.245 70411 DEBUG oslo_service.service [-] clients_sahara.insecure = None log_opt_values /usr/lib/python3/dist-packages/oslo_config/cfg.py:2609
2025-01-16 02:04:53.245 70411 DEBUG oslo_service.service [-] clients_sahara.key_file = None log_opt_values /usr/lib/python3/dist-packages/oslo_config/cfg.py:2609
2025-01-16 02:04:53.245 70411 DEBUG oslo_service.service [-] clients_senlin.ca_file = None log_opt_values /usr/lib/python3/dist-packages/oslo_config/cfg.py:2609
2025-01-16 02:04:53.245 70411 DEBUG oslo_service.service [-] clients_senlin.cert_file = None log_opt_values /usr/lib/python3/dist-packages/oslo_config/cfg.py:2609
2025-01-16 02:04:53.246 70411 DEBUG oslo_service.service [-] clients_senlin.endpoint_type = None log_opt_values /usr/lib/python3/dist-packages/oslo_config/cfg.py:2609
2025-01-16 02:04:53.246 70411 DEBUG oslo_service.service [-] clients_senlin.insecure = None log_opt_values /usr/lib/python3/dist-packages/oslo_config/cfg.py:2609
2025-01-16 02:04:53.246 70411 DEBUG oslo_service.service [-] clients_senlin.key_file = None log_opt_values /usr/lib/python3/dist-packages/oslo_config/cfg.py:2609
2025-01-16 02:04:53.246 70411 DEBUG oslo_service.service [-] clients_swift.ca_file = None log_opt_values /usr/lib/python3/dist-packages/oslo_config/cfg.py:2609
2025-01-16 02:04:53.246 70411 DEBUG oslo_service.service [-] clients_swift.cert_file = None log_opt_values /usr/lib/python3/dist-packages/oslo_config/cfg.py:2609
2025-01-16 02:04:53.246 70411 DEBUG oslo_service.service [-] clients_swift.endpoint_type = None log_opt_values /usr/lib/python3/dist-packages/oslo_config/cfg.py:2609
2025-01-16 02:04:53.247 70411 DEBUG oslo_service.service [-] clients_swift.insecure = None log_opt_values /usr/lib/python3/dist-packages/oslo_config/cfg.py:2609
2025-01-16 02:04:53.247 70411 DEBUG oslo_service.service [-] clients_swift.key_file = None log_opt_values /usr/lib/python3/dist-packages/oslo_config/cfg.py:2609
2025-01-16 02:04:53.247 70411 DEBUG oslo_service.service [-] clients_trove.ca_file = None log_opt_values /usr/lib/python3/dist-packages/oslo_config/cfg.py:2609
2025-01-16 02:04:53.247 70411 DEBUG oslo_service.service [-] clients_trove.cert_file = None log_opt_values /usr/lib/python3/dist-packages/oslo_config/cfg.py:2609
2025-01-16 02:04:53.247 70411 DEBUG oslo_service.service [-] clients_trove.endpoint_type = None log_opt_values /usr/lib/python3/dist-packages/oslo_config/cfg.py:2609
2025-01-16 02:04:53.247 70411 DEBUG oslo_service.service [-] clients_trove.insecure = None log_opt_values /usr/lib/python3/dist-packages/oslo_config/cfg.py:2609
2025-01-16 02:04:53.247 70411 DEBUG oslo_service.service [-] clients_trove.key_file = None log_opt_values /usr/lib/python3/dist-packages/oslo_config/cfg.py:2609
2025-01-16 02:04:53.247 70411 DEBUG oslo_service.service [-] clients_vitrage.ca_file = None log_opt_values /usr/lib/python3/dist-packages/oslo_config/cfg.py:2609
2025-01-16 02:04:53.248 70411 DEBUG oslo_service.service [-] clients_vitrage.cert_file = None log_opt_values /usr/lib/python3/dist-packages/oslo_config/cfg.py:2609
2025-01-16 02:04:53.248 70411 DEBUG oslo_service.service [-] clients_vitrage.endpoint_type = None log_opt_values /usr/lib/python3/dist-packages/oslo_config/cfg.py:2609
2025-01-16 02:04:53.248 70411 DEBUG oslo_service.service [-] clients_vitrage.insecure = None log_opt_values /usr/lib/python3/dist-packages/oslo_config/cfg.py:2609
2025-01-16 02:04:53.248 70411 DEBUG oslo_service.service [-] clients_vitrage.key_file = None log_opt_values /usr/lib/python3/dist-packages/oslo_config/cfg.py:2609
2025-01-16 02:04:53.248 70411 DEBUG oslo_service.service [-] clients_zaqar.ca_file = None log_opt_values /usr/lib/python3/dist-packages/oslo_config/cfg.py:2609
2025-01-16 02:04:53.249 70411 DEBUG oslo_service.service [-] clients_zaqar.cert_file = None log_opt_values /usr/lib/python3/dist-packages/oslo_config/cfg.py:2609
2025-01-16 02:04:53.249 70411 DEBUG oslo_service.service [-] clients_zaqar.endpoint_type = None log_opt_values /usr/lib/python3/dist-packages/oslo_config/cfg.py:2609
2025-01-16 02:04:53.249 70411 DEBUG oslo_service.service [-] clients_zaqar.insecure = None log_opt_values /usr/lib/python3/dist-packages/oslo_config/cfg.py:2609
2025-01-16 02:04:53.249 70411 DEBUG oslo_service.service [-] clients_zaqar.key_file = None log_opt_values /usr/lib/python3/dist-packages/oslo_config/cfg.py:2609
2025-01-16 02:04:53.251 70411 DEBUG oslo_service.service [-] database.backend = sqlalchemy log_opt_values /usr/lib/python3/dist-packages/oslo_config/cfg.py:2609
2025-01-16 02:04:53.251 70411 DEBUG oslo_service.service [-] database.connection = **** log_opt_values /usr/lib/python3/dist-packages/oslo_config/cfg.py:2609
2025-01-16 02:04:53.252 70411 DEBUG oslo_service.service [-] database.connection_debug = 0 log_opt_values /usr/lib/python3/dist-packages/oslo_config/cfg.py:2609
2025-01-16 02:04:53.252 70411 DEBUG oslo_service.service [-] database.connection_parameters = log_opt_values /usr/lib/python3/dist-packages/oslo_config/cfg.py:2609
2025-01-16 02:04:53.252 70411 DEBUG oslo_service.service [-] database.connection_recycle_time = 3600 log_opt_values /usr/lib/python3/dist-packages/oslo_config/cfg.py:2609
2025-01-16 02:04:53.252 70411 DEBUG oslo_service.service [-] database.connection_trace = False log_opt_values /usr/lib/python3/dist-packages/oslo_config/cfg.py:2609
2025-01-16 02:04:53.253 70411 DEBUG oslo_service.service [-] database.db_inc_retry_interval = True log_opt_values /usr/lib/python3/dist-packages/oslo_config/cfg.py:2609
2025-01-16 02:04:53.253 70411 DEBUG oslo_service.service [-] database.db_max_retries = 20 log_opt_values /usr/lib/python3/dist-packages/oslo_config/cfg.py:2609
2025-01-16 02:04:53.253 70411 DEBUG oslo_service.service [-] database.db_max_retry_interval = 10 log_opt_values /usr/lib/python3/dist-packages/oslo_config/cfg.py:2609
2025-01-16 02:04:53.253 70411 DEBUG oslo_service.service [-] database.db_retry_interval = 1 log_opt_values /usr/lib/python3/dist-packages/oslo_config/cfg.py:2609
2025-01-16 02:04:53.253 70411 DEBUG oslo_service.service [-] database.max_overflow = 50 log_opt_values /usr/lib/python3/dist-packages/oslo_config/cfg.py:2609
2025-01-16 02:04:53.253 70411 DEBUG oslo_service.service [-] database.max_pool_size = 5 log_opt_values /usr/lib/python3/dist-packages/oslo_config/cfg.py:2609
2025-01-16 02:04:53.253 70411 DEBUG oslo_service.service [-] database.max_retries = 10 log_opt_values /usr/lib/python3/dist-packages/oslo_config/cfg.py:2609
2025-01-16 02:04:53.253 70411 DEBUG oslo_service.service [-] database.mysql_enable_ndb = False log_opt_values /usr/lib/python3/dist-packages/oslo_config/cfg.py:2609
2025-01-16 02:04:53.254 70411 DEBUG oslo_service.service [-] database.mysql_sql_mode = TRADITIONAL log_opt_values /usr/lib/python3/dist-packages/oslo_config/cfg.py:2609
2025-01-16 02:04:53.254 70411 DEBUG oslo_service.service [-] database.pool_timeout = None log_opt_values /usr/lib/python3/dist-packages/oslo_config/cfg.py:2609
2025-01-16 02:04:53.254 70411 DEBUG oslo_service.service [-] database.retry_interval = 10 log_opt_values /usr/lib/python3/dist-packages/oslo_config/cfg.py:2609
2025-01-16 02:04:53.254 70411 DEBUG oslo_service.service [-] database.slave_connection = **** log_opt_values /usr/lib/python3/dist-packages/oslo_config/cfg.py:2609
2025-01-16 02:04:53.254 70411 DEBUG oslo_service.service [-] database.sqlite_synchronous = True log_opt_values /usr/lib/python3/dist-packages/oslo_config/cfg.py:2609
2025-01-16 02:04:53.254 70411 DEBUG oslo_service.service [-] database.use_db_reconnect = False log_opt_values /usr/lib/python3/dist-packages/oslo_config/cfg.py:2609
2025-01-16 02:04:53.254 70411 DEBUG oslo_service.service [-] oslo_messaging_metrics.metrics_buffer_size = 1000 log_opt_values /usr/lib/python3/dist-packages/oslo_config/cfg.py:2609
2025-01-16 02:04:53.254 70411 DEBUG oslo_service.service [-] oslo_messaging_metrics.metrics_enabled = False log_opt_values /usr/lib/python3/dist-packages/oslo_config/cfg.py:2609
2025-01-16 02:04:53.254 70411 DEBUG oslo_service.service [-] oslo_messaging_metrics.metrics_process_name = log_opt_values /usr/lib/python3/dist-packages/oslo_config/cfg.py:2609
2025-01-16 02:04:53.255 70411 DEBUG oslo_service.service [-] oslo_messaging_metrics.metrics_socket_file = /var/tmp/metrics_collector.sock log_opt_values /usr/lib/python3/dist-packages/oslo_config/cfg.py:2609
2025-01-16 02:04:53.255 70411 DEBUG oslo_service.service [-] oslo_messaging_metrics.metrics_thread_stop_timeout = 10 log_opt_values /usr/lib/python3/dist-packages/oslo_config/cfg.py:2609
2025-01-16 02:04:53.255 70411 DEBUG oslo_service.service [-] oslo_policy.enforce_new_defaults = False log_opt_values /usr/lib/python3/dist-packages/oslo_config/cfg.py:2609
2025-01-16 02:04:53.255 70411 DEBUG oslo_service.service [-] oslo_policy.enforce_scope = False log_opt_values /usr/lib/python3/dist-packages/oslo_config/cfg.py:2609
2025-01-16 02:04:53.255 70411 DEBUG oslo_service.service [-] oslo_policy.policy_default_rule = default log_opt_values /usr/lib/python3/dist-packages/oslo_config/cfg.py:2609
2025-01-16 02:04:53.255 70411 DEBUG oslo_service.service [-] oslo_policy.policy_dirs = ['policy.d'] log_opt_values /usr/lib/python3/dist-packages/oslo_config/cfg.py:2609
2025-01-16 02:04:53.255 70411 DEBUG oslo_service.service [-] oslo_policy.policy_file = policy.yaml log_opt_values /usr/lib/python3/dist-packages/oslo_config/cfg.py:2609
2025-01-16 02:04:53.255 70411 DEBUG oslo_service.service [-] oslo_policy.remote_content_type = application/x-www-form-urlencoded log_opt_values /usr/lib/python3/dist-packages/oslo_config/cfg.py:2609
2025-01-16 02:04:53.255 70411 DEBUG oslo_service.service [-] oslo_policy.remote_ssl_ca_crt_file = None log_opt_values /usr/lib/python3/dist-packages/oslo_config/cfg.py:2609
2025-01-16 02:04:53.256 70411 DEBUG oslo_service.service [-] oslo_policy.remote_ssl_client_crt_file = None log_opt_values /usr/lib/python3/dist-packages/oslo_config/cfg.py:2609
2025-01-16 02:04:53.256 70411 DEBUG oslo_service.service [-] oslo_policy.remote_ssl_client_key_file = None log_opt_values /usr/lib/python3/dist-packages/oslo_config/cfg.py:2609
2025-01-16 02:04:53.256 70411 DEBUG oslo_service.service [-] oslo_policy.remote_ssl_verify_server_crt = False log_opt_values /usr/lib/python3/dist-packages/oslo_config/cfg.py:2609
2025-01-16 02:04:53.256 70411 DEBUG oslo_service.service [-] trustee.auth_section = None log_opt_values /usr/lib/python3/dist-packages/oslo_config/cfg.py:2609
2025-01-16 02:04:53.256 70411 WARNING oslo_config.cfg [-] Deprecated: Option "auth_plugin" from group "trustee" is deprecated. Use option "auth_type" from group "trustee".
2025-01-16 02:04:53.256 70411 DEBUG oslo_service.service [-] trustee.auth_type = password log_opt_values /usr/lib/python3/dist-packages/oslo_config/cfg.py:2609
2025-01-16 02:04:53.257 70411 DEBUG oslo_service.service [-] oslo_versionedobjects.fatal_exception_format_errors = False log_opt_values /usr/lib/python3/dist-packages/oslo_config/cfg.py:2609
2025-01-16 02:04:53.257 70411 DEBUG oslo_service.service [-] oslo_messaging_rabbit.amqp_auto_delete = False log_opt_values /usr/lib/python3/dist-packages/oslo_config/cfg.py:2609
2025-01-16 02:04:53.257 70411 DEBUG oslo_service.service [-] oslo_messaging_rabbit.amqp_durable_queues = False log_opt_values /usr/lib/python3/dist-packages/oslo_config/cfg.py:2609
2025-01-16 02:04:53.257 70411 DEBUG oslo_service.service [-] oslo_messaging_rabbit.conn_pool_min_size = 2 log_opt_values /usr/lib/python3/dist-packages/oslo_config/cfg.py:2609
2025-01-16 02:04:53.257 70411 DEBUG oslo_service.service [-] oslo_messaging_rabbit.conn_pool_ttl = 1200 log_opt_values /usr/lib/python3/dist-packages/oslo_config/cfg.py:2609
2025-01-16 02:04:53.257 70411 DEBUG oslo_service.service [-] oslo_messaging_rabbit.direct_mandatory_flag = True log_opt_values /usr/lib/python3/dist-packages/oslo_config/cfg.py:2609
2025-01-16 02:04:53.257 70411 DEBUG oslo_service.service [-] oslo_messaging_rabbit.enable_cancel_on_failover = False log_opt_values /usr/lib/python3/dist-packages/oslo_config/cfg.py:2609
2025-01-16 02:04:53.257 70411 DEBUG oslo_service.service [-] oslo_messaging_rabbit.heartbeat_in_pthread = True log_opt_values /usr/lib/python3/dist-packages/oslo_config/cfg.py:2609
2025-01-16 02:04:53.258 70411 DEBUG oslo_service.service [-] oslo_messaging_rabbit.heartbeat_rate = 2 log_opt_values /usr/lib/python3/dist-packages/oslo_config/cfg.py:2609
2025-01-16 02:04:53.258 70411 DEBUG oslo_service.service [-] oslo_messaging_rabbit.heartbeat_timeout_threshold = 60 log_opt_values /usr/lib/python3/dist-packages/oslo_config/cfg.py:2609
2025-01-16 02:04:53.258 70411 DEBUG oslo_service.service [-] oslo_messaging_rabbit.kombu_compression = None log_opt_values /usr/lib/python3/dist-packages/oslo_config/cfg.py:2609
2025-01-16 02:04:53.258 70411 DEBUG oslo_service.service [-] oslo_messaging_rabbit.kombu_failover_strategy = round-robin log_opt_values /usr/lib/python3/dist-packages/oslo_config/cfg.py:2609
2025-01-16 02:04:53.258 70411 DEBUG oslo_service.service [-] oslo_messaging_rabbit.kombu_missing_consumer_retry_timeout = 60 log_opt_values /usr/lib/python3/dist-packages/oslo_config/cfg.py:2609
2025-01-16 02:04:53.258 70411 DEBUG oslo_service.service [-] oslo_messaging_rabbit.kombu_reconnect_delay = 1.0 log_opt_values /usr/lib/python3/dist-packages/oslo_config/cfg.py:2609
2025-01-16 02:04:53.258 70411 DEBUG oslo_service.service [-] oslo_messaging_rabbit.rabbit_ha_queues = False log_opt_values /usr/lib/python3/dist-packages/oslo_config/cfg.py:2609
2025-01-16 02:04:53.258 70411 DEBUG oslo_service.service [-] oslo_messaging_rabbit.rabbit_interval_max = 30 log_opt_values /usr/lib/python3/dist-packages/oslo_config/cfg.py:2609
2025-01-16 02:04:53.258 70411 DEBUG oslo_service.service [-] oslo_messaging_rabbit.rabbit_login_method = AMQPLAIN log_opt_values /usr/lib/python3/dist-packages/oslo_config/cfg.py:2609
2025-01-16 02:04:53.259 70411 DEBUG oslo_service.service [-] oslo_messaging_rabbit.rabbit_qos_prefetch_count = 0 log_opt_values /usr/lib/python3/dist-packages/oslo_config/cfg.py:2609
2025-01-16 02:04:53.259 70411 DEBUG oslo_service.service [-] oslo_messaging_rabbit.rabbit_quorum_queue = False log_opt_values /usr/lib/python3/dist-packages/oslo_config/cfg.py:2609
2025-01-16 02:04:53.259 70411 DEBUG oslo_service.service [-] oslo_messaging_rabbit.rabbit_retry_backoff = 2 log_opt_values /usr/lib/python3/dist-packages/oslo_config/cfg.py:2609
2025-01-16 02:04:53.259 70411 DEBUG oslo_service.service [-] oslo_messaging_rabbit.rabbit_retry_interval = 1 log_opt_values /usr/lib/python3/dist-packages/oslo_config/cfg.py:2609
2025-01-16 02:04:53.259 70411 DEBUG oslo_service.service [-] oslo_messaging_rabbit.rabbit_transient_queues_ttl = 1800 log_opt_values /usr/lib/python3/dist-packages/oslo_config/cfg.py:2609
2025-01-16 02:04:53.259 70411 DEBUG oslo_service.service [-] oslo_messaging_rabbit.rpc_conn_pool_size = 30 log_opt_values /usr/lib/python3/dist-packages/oslo_config/cfg.py:2609
2025-01-16 02:04:53.259 70411 DEBUG oslo_service.service [-] oslo_messaging_rabbit.ssl = False log_opt_values /usr/lib/python3/dist-packages/oslo_config/cfg.py:2609
2025-01-16 02:04:53.259 70411 DEBUG oslo_service.service [-] oslo_messaging_rabbit.ssl_ca_file = log_opt_values /usr/lib/python3/dist-packages/oslo_config/cfg.py:2609
2025-01-16 02:04:53.259 70411 DEBUG oslo_service.service [-] oslo_messaging_rabbit.ssl_cert_file = log_opt_values /usr/lib/python3/dist-packages/oslo_config/cfg.py:2609
2025-01-16 02:04:53.260 70411 DEBUG oslo_service.service [-] oslo_messaging_rabbit.ssl_key_file = log_opt_values /usr/lib/python3/dist-packages/oslo_config/cfg.py:2609
2025-01-16 02:04:53.260 70411 DEBUG oslo_service.service [-] oslo_messaging_rabbit.ssl_version = log_opt_values /usr/lib/python3/dist-packages/oslo_config/cfg.py:2609
2025-01-16 02:04:53.260 70411 DEBUG oslo_service.service [-] oslo_messaging_notifications.driver = [] log_opt_values /usr/lib/python3/dist-packages/oslo_config/cfg.py:2609
2025-01-16 02:04:53.260 70411 DEBUG oslo_service.service [-] oslo_messaging_notifications.retry = -1 log_opt_values /usr/lib/python3/dist-packages/oslo_config/cfg.py:2609
2025-01-16 02:04:53.260 70411 DEBUG oslo_service.service [-] oslo_messaging_notifications.topics = ['notifications'] log_opt_values /usr/lib/python3/dist-packages/oslo_config/cfg.py:2609
2025-01-16 02:04:53.261 70411 DEBUG oslo_service.service [-] oslo_messaging_notifications.transport_url = **** log_opt_values /usr/lib/python3/dist-packages/oslo_config/cfg.py:2609
2025-01-16 02:04:53.261 70411 DEBUG oslo_service.service [-] cache.backend = dogpile.cache.null log_opt_values /usr/lib/python3/dist-packages/oslo_config/cfg.py:2609
2025-01-16 02:04:53.261 70411 DEBUG oslo_service.service [-] cache.backend_argument = **** log_opt_values /usr/lib/python3/dist-packages/oslo_config/cfg.py:2609
2025-01-16 02:04:53.261 70411 DEBUG oslo_service.service [-] cache.config_prefix = cache.oslo log_opt_values /usr/lib/python3/dist-packages/oslo_config/cfg.py:2609
2025-01-16 02:04:53.261 70411 DEBUG oslo_service.service [-] cache.debug_cache_backend = False log_opt_values /usr/lib/python3/dist-packages/oslo_config/cfg.py:2609
2025-01-16 02:04:53.262 70411 DEBUG oslo_service.service [-] cache.enabled = False log_opt_values /usr/lib/python3/dist-packages/oslo_config/cfg.py:2609
2025-01-16 02:04:53.262 70411 DEBUG oslo_service.service [-] cache.expiration_time = 600 log_opt_values /usr/lib/python3/dist-packages/oslo_config/cfg.py:2609
2025-01-16 02:04:53.262 70411 DEBUG oslo_service.service [-] cache.memcache_dead_retry = 300 log_opt_values /usr/lib/python3/dist-packages/oslo_config/cfg.py:2609
2025-01-16 02:04:53.262 70411 DEBUG oslo_service.service [-] cache.memcache_pool_connection_get_timeout = 10 log_opt_values /usr/lib/python3/dist-packages/oslo_config/cfg.py:2609
2025-01-16 02:04:53.262 70411 DEBUG oslo_service.service [-] cache.memcache_pool_flush_on_reconnect = False log_opt_values /usr/lib/python3/dist-packages/oslo_config/cfg.py:2609
2025-01-16 02:04:53.262 70411 DEBUG oslo_service.service [-] cache.memcache_pool_maxsize = 10 log_opt_values /usr/lib/python3/dist-packages/oslo_config/cfg.py:2609
2025-01-16 02:04:53.262 70411 DEBUG oslo_service.service [-] cache.memcache_pool_unused_timeout = 60 log_opt_values /usr/lib/python3/dist-packages/oslo_config/cfg.py:2609
2025-01-16 02:04:53.262 70411 DEBUG oslo_service.service [-] cache.memcache_servers = ['localhost:11211'] log_opt_values /usr/lib/python3/dist-packages/oslo_config/cfg.py:2609
2025-01-16 02:04:53.263 70411 DEBUG oslo_service.service [-] cache.memcache_socket_timeout = 1.0 log_opt_values /usr/lib/python3/dist-packages/oslo_config/cfg.py:2609
2025-01-16 02:04:53.263 70411 DEBUG oslo_service.service [-] cache.proxies = [] log_opt_values /usr/lib/python3/dist-packages/oslo_config/cfg.py:2609
2025-01-16 02:04:53.263 70411 DEBUG oslo_service.service [-] cache.tls_allowed_ciphers = None log_opt_values /usr/lib/python3/dist-packages/oslo_config/cfg.py:2609
2025-01-16 02:04:53.263 70411 DEBUG oslo_service.service [-] cache.tls_cafile = None log_opt_values /usr/lib/python3/dist-packages/oslo_config/cfg.py:2609
2025-01-16 02:04:53.263 70411 DEBUG oslo_service.service [-] cache.tls_certfile = None log_opt_values /usr/lib/python3/dist-packages/oslo_config/cfg.py:2609
2025-01-16 02:04:53.263 70411 DEBUG oslo_service.service [-] cache.tls_enabled = False log_opt_values /usr/lib/python3/dist-packages/oslo_config/cfg.py:2609
2025-01-16 02:04:53.263 70411 DEBUG oslo_service.service [-] cache.tls_keyfile = None log_opt_values /usr/lib/python3/dist-packages/oslo_config/cfg.py:2609
2025-01-16 02:04:53.263 70411 DEBUG oslo_service.service [-] constraint_validation_cache.caching = True log_opt_values /usr/lib/python3/dist-packages/oslo_config/cfg.py:2609
2025-01-16 02:04:53.263 70411 DEBUG oslo_service.service [-] constraint_validation_cache.expiration_time = 60 log_opt_values /usr/lib/python3/dist-packages/oslo_config/cfg.py:2609
2025-01-16 02:04:53.264 70411 DEBUG oslo_service.service [-] service_extension_cache.caching = True log_opt_values /usr/lib/python3/dist-packages/oslo_config/cfg.py:2609
2025-01-16 02:04:53.264 70411 DEBUG oslo_service.service [-] service_extension_cache.expiration_time = 3600 log_opt_values /usr/lib/python3/dist-packages/oslo_config/cfg.py:2609
2025-01-16 02:04:53.264 70411 DEBUG oslo_service.service [-] resource_finder_cache.caching = True log_opt_values /usr/lib/python3/dist-packages/oslo_config/cfg.py:2609
2025-01-16 02:04:53.264 70411 DEBUG oslo_service.service [-] resource_finder_cache.expiration_time = 3600 log_opt_values /usr/lib/python3/dist-packages/oslo_config/cfg.py:2609
2025-01-16 02:04:53.264 70411 DEBUG oslo_service.service [-] yaql.limit_iterators = 200 log_opt_values /usr/lib/python3/dist-packages/oslo_config/cfg.py:2609
2025-01-16 02:04:53.264 70411 DEBUG oslo_service.service [-] yaql.memory_quota = 10000 log_opt_values /usr/lib/python3/dist-packages/oslo_config/cfg.py:2609
2025-01-16 02:04:53.264 70411 DEBUG oslo_service.service [-] ******************************************************************************** log_opt_values /usr/lib/python3/dist-packages/oslo_config/cfg.py:2613
2025-01-16 02:04:53.275 70634 DEBUG oslo_db.sqlalchemy.engines [req-0fc92aa2-eedd-4775-a7a4-32fefc299d62 - - - - -] MySQL server mode set to STRICT_TRANS_TABLES,STRICT_ALL_TABLES,NO_ZERO_IN_DATE,NO_ZERO_DATE,ERROR_FOR_DIVISION_BY_ZERO,TRADITIONAL,NO_ENGINE_SUBSTITUTION _check_effective_sql_mode /usr/lib/python3/dist-packages/oslo_db/sqlalchemy/engines.py:314
2025-01-16 02:04:53.280 70636 DEBUG oslo_db.sqlalchemy.engines [req-f8076bb7-96a8-4fba-a8eb-2563a1a5e923 - - - - -] MySQL server mode set to STRICT_TRANS_TABLES,STRICT_ALL_TABLES,NO_ZERO_IN_DATE,NO_ZERO_DATE,ERROR_FOR_DIVISION_BY_ZERO,TRADITIONAL,NO_ENGINE_SUBSTITUTION _check_effective_sql_mode /usr/lib/python3/dist-packages/oslo_db/sqlalchemy/engines.py:314
2025-01-16 02:04:53.287 70633 DEBUG oslo_db.sqlalchemy.engines [req-461faa56-15e3-46da-9dfc-2c11c321b6a2 - - - - -] MySQL server mode set to STRICT_TRANS_TABLES,STRICT_ALL_TABLES,NO_ZERO_IN_DATE,NO_ZERO_DATE,ERROR_FOR_DIVISION_BY_ZERO,TRADITIONAL,NO_ENGINE_SUBSTITUTION _check_effective_sql_mode /usr/lib/python3/dist-packages/oslo_db/sqlalchemy/engines.py:314
2025-01-16 02:04:53.287 70635 DEBUG oslo_db.sqlalchemy.engines [req-4319a2ce-c78c-4778-9cfa-6f53d14f07f9 - - - - -] MySQL server mode set to STRICT_TRANS_TABLES,STRICT_ALL_TABLES,NO_ZERO_IN_DATE,NO_ZERO_DATE,ERROR_FOR_DIVISION_BY_ZERO,TRADITIONAL,NO_ENGINE_SUBSTITUTION _check_effective_sql_mode /usr/lib/python3/dist-packages/oslo_db/sqlalchemy/engines.py:314
2025-01-16 02:04:53.339 70634 DEBUG heat.engine.service [req-3d698347-bb1b-4338-8e04-656d5da2e6e2 - - - - -] Service 6cf42ed0-9f48-43c0-b0e5-ca105b884a7a is started service_manage_report /usr/lib/python3/dist-packages/heat/engine/service.py:2363
2025-01-16 02:04:53.350 70636 DEBUG heat.engine.service [req-65c18925-70f0-4e89-99a9-38e26d599f6e - - - - -] Service c9f5f4a1-ba05-46e4-a7b0-f9303f7cf007 is started service_manage_report /usr/lib/python3/dist-packages/heat/engine/service.py:2363
2025-01-16 02:04:53.354 70633 DEBUG heat.engine.service [req-83c4101d-45c9-4c6e-af72-20a2153021fb - - - - -] Service dddae95a-4ad7-49fb-a1ff-997c9275ec03 is started service_manage_report /usr/lib/python3/dist-packages/heat/engine/service.py:2363
2025-01-16 02:04:53.359 70634 DEBUG heat.engine.service [req-3d698347-bb1b-4338-8e04-656d5da2e6e2 - - - - -] Service 6cf42ed0-9f48-43c0-b0e5-ca105b884a7a is updated service_manage_report /usr/lib/python3/dist-packages/heat/engine/service.py:2370
2025-01-16 02:04:53.373 70633 DEBUG heat.engine.service [req-83c4101d-45c9-4c6e-af72-20a2153021fb - - - - -] Service dddae95a-4ad7-49fb-a1ff-997c9275ec03 is updated service_manage_report /usr/lib/python3/dist-packages/heat/engine/service.py:2370
2025-01-16 02:04:53.380 70635 DEBUG heat.engine.service [req-26fddd19-96ee-43d2-b236-3fb85ade59ae - - - - -] Service 07ce7332-846c-48e5-b0af-91703691f87d is started service_manage_report /usr/lib/python3/dist-packages/heat/engine/service.py:2363
2025-01-16 02:04:53.398 70636 DEBUG heat.engine.service [req-65c18925-70f0-4e89-99a9-38e26d599f6e - - - - -] Service c9f5f4a1-ba05-46e4-a7b0-f9303f7cf007 is updated service_manage_report /usr/lib/python3/dist-packages/heat/engine/service.py:2370
2025-01-16 02:04:53.400 70635 DEBUG heat.engine.service [req-26fddd19-96ee-43d2-b236-3fb85ade59ae - - - - -] Service 07ce7332-846c-48e5-b0af-91703691f87d is updated service_manage_report /usr/lib/python3/dist-packages/heat/engine/service.py:2370
2025-01-16 02:05:53.335 70634 DEBUG heat.engine.service [req-79faaffa-9ff4-431a-8502-c9a2a158ff06 - - - - -] Service 6cf42ed0-9f48-43c0-b0e5-ca105b884a7a is updated service_manage_report /usr/lib/python3/dist-packages/heat/engine/service.py:2370
2025-01-16 02:05:53.342 70636 DEBUG heat.engine.service [req-b120d090-b487-4d30-93fa-c332364c8c13 - - - - -] Service c9f5f4a1-ba05-46e4-a7b0-f9303f7cf007 is updated service_manage_report /usr/lib/python3/dist-packages/heat/engine/service.py:2370
2025-01-16 02:05:53.348 70633 DEBUG heat.engine.service [req-1f1e2890-ff6e-471f-bdba-171dd19313ee - - - - -] Service dddae95a-4ad7-49fb-a1ff-997c9275ec03 is updated service_manage_report /usr/lib/python3/dist-packages/heat/engine/service.py:2370
2025-01-16 02:05:53.373 70635 DEBUG heat.engine.service [req-9bb66a62-1f97-44fc-8167-c8a76861a71b - - - - -] Service 07ce7332-846c-48e5-b0af-91703691f87d is updated service_manage_report /usr/lib/python3/dist-packages/heat/engine/service.py:2370
2025-01-16 02:06:53.329 70634 DEBUG heat.engine.service [req-ab1484e4-3396-4e9e-babb-72868bca7504 - - - - -] Service 6cf42ed0-9f48-43c0-b0e5-ca105b884a7a is updated service_manage_report /usr/lib/python3/dist-packages/heat/engine/service.py:2370
2025-01-16 02:06:53.342 70633 DEBUG heat.engine.service [req-5a64e51f-1ad1-46b0-9e06-732d4295e9fd - - - - -] Service dddae95a-4ad7-49fb-a1ff-997c9275ec03 is updated service_manage_report /usr/lib/python3/dist-packages/heat/engine/service.py:2370
2025-01-16 02:06:53.346 70636 DEBUG heat.engine.service [req-db546190-a997-4aaa-b915-84d3ec3d73a0 - - - - -] Service c9f5f4a1-ba05-46e4-a7b0-f9303f7cf007 is updated service_manage_report /usr/lib/python3/dist-packages/heat/engine/service.py:2370
2025-01-16 02:06:53.379 70635 DEBUG heat.engine.service [req-1b0e3340-3cb1-485a-803f-87c328f83e26 - - - - -] Service 07ce7332-846c-48e5-b0af-91703691f87d is updated service_manage_report /usr/lib/python3/dist-packages/heat/engine/service.py:2370
2025-01-16 02:07:53.335 70634 DEBUG heat.engine.service [req-e1bb7b2d-4bb8-4794-9e80-b9cde4e2376f - - - - -] Service 6cf42ed0-9f48-43c0-b0e5-ca105b884a7a is updated service_manage_report /usr/lib/python3/dist-packages/heat/engine/service.py:2370
2025-01-16 02:07:53.344 70633 DEBUG heat.engine.service [req-66474be3-81f9-4b3f-8199-1adf844070c1 - - - - -] Service dddae95a-4ad7-49fb-a1ff-997c9275ec03 is updated service_manage_report /usr/lib/python3/dist-packages/heat/engine/service.py:2370
2025-01-16 02:07:53.352 70636 DEBUG heat.engine.service [req-cea103ae-8d22-439c-a165-05656adec385 - - - - -] Service c9f5f4a1-ba05-46e4-a7b0-f9303f7cf007 is updated service_manage_report /usr/lib/python3/dist-packages/heat/engine/service.py:2370
2025-01-16 02:07:53.373 70635 DEBUG heat.engine.service [req-eac94f05-aa40-4509-a1a9-f6fdbdb7d7f2 - - - - -] Service 07ce7332-846c-48e5-b0af-91703691f87d is updated service_manage_report /usr/lib/python3/dist-packages/heat/engine/service.py:2370
2025-01-16 02:08:53.342 70634 DEBUG heat.engine.service [req-bf46c6f6-ac2a-4e50-8471-2507381b7404 - - - - -] Service 6cf42ed0-9f48-43c0-b0e5-ca105b884a7a is updated service_manage_report /usr/lib/python3/dist-packages/heat/engine/service.py:2370
2025-01-16 02:08:53.353 70633 DEBUG heat.engine.service [req-0a98b4ca-05fa-4d46-9db6-a71bffa7ea79 - - - - -] Service dddae95a-4ad7-49fb-a1ff-997c9275ec03 is updated service_manage_report /usr/lib/python3/dist-packages/heat/engine/service.py:2370
2025-01-16 02:08:53.355 70636 DEBUG heat.engine.service [req-878d17aa-13f1-458b-a963-e39a80772ced - - - - -] Service c9f5f4a1-ba05-46e4-a7b0-f9303f7cf007 is updated service_manage_report /usr/lib/python3/dist-packages/heat/engine/service.py:2370
2025-01-16 02:08:53.379 70635 DEBUG heat.engine.service [req-0a70256f-ec37-4e19-85f8-fa403e1d006e - - - - -] Service 07ce7332-846c-48e5-b0af-91703691f87d is updated service_manage_report /usr/lib/python3/dist-packages/heat/engine/service.py:2370
2025-01-16 02:09:53.337 70634 DEBUG heat.engine.service [req-09e68763-7d9c-403c-a88c-8093e96ca706 - - - - -] Service 6cf42ed0-9f48-43c0-b0e5-ca105b884a7a is updated service_manage_report /usr/lib/python3/dist-packages/heat/engine/service.py:2370
2025-01-16 02:09:53.347 70633 DEBUG heat.engine.service [req-cf056883-f7c7-437e-b6af-717edbb554e3 - - - - -] Service dddae95a-4ad7-49fb-a1ff-997c9275ec03 is updated service_manage_report /usr/lib/python3/dist-packages/heat/engine/service.py:2370
2025-01-16 02:09:53.349 70636 DEBUG heat.engine.service [req-d22367a5-bc2d-4d78-88a5-040f4cda4938 - - - - -] Service c9f5f4a1-ba05-46e4-a7b0-f9303f7cf007 is updated service_manage_report /usr/lib/python3/dist-packages/heat/engine/service.py:2370
2025-01-16 02:09:53.381 70635 DEBUG heat.engine.service [req-67391198-4c77-401e-8a99-814ee65ceb91 - - - - -] Service 07ce7332-846c-48e5-b0af-91703691f87d is updated service_manage_report /usr/lib/python3/dist-packages/heat/engine/service.py:2370
2025-01-16 02:10:53.379 70634 DEBUG heat.engine.service [req-fedd11c1-58f0-4d84-aa44-b93b04fd3c04 - - - - -] Service 6cf42ed0-9f48-43c0-b0e5-ca105b884a7a is updated service_manage_report /usr/lib/python3/dist-packages/heat/engine/service.py:2370
2025-01-16 02:10:53.381 70633 DEBUG heat.engine.service [req-be0ad340-d798-4e02-9c73-ab2470099be1 - - - - -] Service dddae95a-4ad7-49fb-a1ff-997c9275ec03 is updated service_manage_report /usr/lib/python3/dist-packages/heat/engine/service.py:2370
2025-01-16 02:10:53.381 70636 DEBUG heat.engine.service [req-a29d8457-921a-4aff-9fb1-6695ef872322 - - - - -] Service c9f5f4a1-ba05-46e4-a7b0-f9303f7cf007 is updated service_manage_report /usr/lib/python3/dist-packages/heat/engine/service.py:2370
2025-01-16 02:10:53.424 70635 DEBUG heat.engine.service [req-5f5ded25-1d8d-4635-9544-24eab6dee8d0 - - - - -] Service 07ce7332-846c-48e5-b0af-91703691f87d is updated service_manage_report /usr/lib/python3/dist-packages/heat/engine/service.py:2370
2025-01-16 02:11:53.342 70634 DEBUG heat.engine.service [req-7df87fd3-c3e3-4573-99ea-d51acc82d0a6 - - - - -] Service 6cf42ed0-9f48-43c0-b0e5-ca105b884a7a is updated service_manage_report /usr/lib/python3/dist-packages/heat/engine/service.py:2370
2025-01-16 02:11:53.357 70636 DEBUG heat.engine.service [req-e60e12a3-661c-478c-9a47-99c971a01423 - - - - -] Service c9f5f4a1-ba05-46e4-a7b0-f9303f7cf007 is updated service_manage_report /usr/lib/python3/dist-packages/heat/engine/service.py:2370
2025-01-16 02:11:53.359 70633 DEBUG heat.engine.service [req-e57b36d4-04a8-4198-8c15-c87c9e332ecd - - - - -] Service dddae95a-4ad7-49fb-a1ff-997c9275ec03 is updated service_manage_report /usr/lib/python3/dist-packages/heat/engine/service.py:2370
2025-01-16 02:11:53.388 70635 DEBUG heat.engine.service [req-cf738a22-7a20-4b7f-aa70-6d94791c38c8 - - - - -] Service 07ce7332-846c-48e5-b0af-91703691f87d is updated service_manage_report /usr/lib/python3/dist-packages/heat/engine/service.py:2370
2025-01-16 02:12:53.348 70634 DEBUG heat.engine.service [req-e4d75612-1427-4de4-8a2c-276961cc80c7 - - - - -] Service 6cf42ed0-9f48-43c0-b0e5-ca105b884a7a is updated service_manage_report /usr/lib/python3/dist-packages/heat/engine/service.py:2370
2025-01-16 02:12:53.351 70636 DEBUG heat.engine.service [req-b1399df6-6b0e-49f1-81d0-f2e28d7f417b - - - - -] Service c9f5f4a1-ba05-46e4-a7b0-f9303f7cf007 is updated service_manage_report /usr/lib/python3/dist-packages/heat/engine/service.py:2370
2025-01-16 02:12:53.355 70633 DEBUG heat.engine.service [req-77d49b91-a2cd-43a8-a5a2-42f30342ef5d - - - - -] Service dddae95a-4ad7-49fb-a1ff-997c9275ec03 is updated service_manage_report /usr/lib/python3/dist-packages/heat/engine/service.py:2370
2025-01-16 02:12:53.390 70635 DEBUG heat.engine.service [req-22715415-f2b3-4989-93b0-d9b44373f032 - - - - -] Service 07ce7332-846c-48e5-b0af-91703691f87d is updated service_manage_report /usr/lib/python3/dist-packages/heat/engine/service.py:2370
2025-01-16 02:13:53.340 70634 DEBUG heat.engine.service [req-7eec8efc-87af-4e99-a5d4-b1ac6ef416f6 - - - - -] Service 6cf42ed0-9f48-43c0-b0e5-ca105b884a7a is updated service_manage_report /usr/lib/python3/dist-packages/heat/engine/service.py:2370
2025-01-16 02:13:53.350 70633 DEBUG heat.engine.service [req-3d94058f-f496-460f-aa97-460b4f3aec24 - - - - -] Service dddae95a-4ad7-49fb-a1ff-997c9275ec03 is updated service_manage_report /usr/lib/python3/dist-packages/heat/engine/service.py:2370
2025-01-16 02:13:53.359 70636 DEBUG heat.engine.service [req-5e3de814-136c-44d7-b9be-85fb7814ceb6 - - - - -] Service c9f5f4a1-ba05-46e4-a7b0-f9303f7cf007 is updated service_manage_report /usr/lib/python3/dist-packages/heat/engine/service.py:2370
2025-01-16 02:13:53.395 70635 DEBUG heat.engine.service [req-a74ad778-a02f-48f2-a24a-77b880d196a0 - - - - -] Service 07ce7332-846c-48e5-b0af-91703691f87d is updated service_manage_report /usr/lib/python3/dist-packages/heat/engine/service.py:2370
2025-01-16 02:14:53.360 70634 DEBUG heat.engine.service [req-a0c463a8-0392-41c2-87cd-b609034448cd - - - - -] Service 6cf42ed0-9f48-43c0-b0e5-ca105b884a7a is updated service_manage_report /usr/lib/python3/dist-packages/heat/engine/service.py:2370
2025-01-16 02:14:53.370 70636 DEBUG heat.engine.service [req-72a22ced-c112-4aa5-bd89-0d690157e394 - - - - -] Service c9f5f4a1-ba05-46e4-a7b0-f9303f7cf007 is updated service_manage_report /usr/lib/python3/dist-packages/heat/engine/service.py:2370
2025-01-16 02:14:53.370 70633 DEBUG heat.engine.service [req-b4049668-ea87-4804-8a43-e3df07ab011c - - - - -] Service dddae95a-4ad7-49fb-a1ff-997c9275ec03 is updated service_manage_report /usr/lib/python3/dist-packages/heat/engine/service.py:2370
2025-01-16 02:14:53.417 70635 DEBUG heat.engine.service [req-2c48d178-32c8-41f5-8c6a-4f7cfc4ef53b - - - - -] Service 07ce7332-846c-48e5-b0af-91703691f87d is updated service_manage_report /usr/lib/python3/dist-packages/heat/engine/service.py:2370
2025-01-16 02:15:53.343 70634 DEBUG heat.engine.service [req-64276a04-f09c-497d-9241-267710e40ef5 - - - - -] Service 6cf42ed0-9f48-43c0-b0e5-ca105b884a7a is updated service_manage_report /usr/lib/python3/dist-packages/heat/engine/service.py:2370
2025-01-16 02:15:53.355 70636 DEBUG heat.engine.service [req-bfd8bebc-d7c3-4d89-97ce-6b9609e34d09 - - - - -] Service c9f5f4a1-ba05-46e4-a7b0-f9303f7cf007 is updated service_manage_report /usr/lib/python3/dist-packages/heat/engine/service.py:2370
2025-01-16 02:15:53.357 70633 DEBUG heat.engine.service [req-53676ab7-8f5a-4c94-b476-4ee499f6e917 - - - - -] Service dddae95a-4ad7-49fb-a1ff-997c9275ec03 is updated service_manage_report /usr/lib/python3/dist-packages/heat/engine/service.py:2370
2025-01-16 02:15:53.453 70635 DEBUG heat.engine.service [req-e3ac8d30-060a-4446-b06e-f1010d4af0b8 - - - - -] Service 07ce7332-846c-48e5-b0af-91703691f87d is updated service_manage_report /usr/lib/python3/dist-packages/heat/engine/service.py:2370
2025-01-16 02:16:53.346 70634 DEBUG heat.engine.service [req-9a0da414-2f20-431d-9c4a-6176404c534a - - - - -] Service 6cf42ed0-9f48-43c0-b0e5-ca105b884a7a is updated service_manage_report /usr/lib/python3/dist-packages/heat/engine/service.py:2370
2025-01-16 02:16:53.354 70633 DEBUG heat.engine.service [req-1531b0a3-2912-4894-a971-0c4653ad90eb - - - - -] Service dddae95a-4ad7-49fb-a1ff-997c9275ec03 is updated service_manage_report /usr/lib/python3/dist-packages/heat/engine/service.py:2370
2025-01-16 02:16:53.359 70636 DEBUG heat.engine.service [req-98f05202-3c78-4d3d-9e9a-2efc660c911d - - - - -] Service c9f5f4a1-ba05-46e4-a7b0-f9303f7cf007 is updated service_manage_report /usr/lib/python3/dist-packages/heat/engine/service.py:2370
2025-01-16 02:16:53.400 70635 DEBUG heat.engine.service [req-be7879e3-486d-4d58-afd9-e7bb11f206b2 - - - - -] Service 07ce7332-846c-48e5-b0af-91703691f87d is updated service_manage_report /usr/lib/python3/dist-packages/heat/engine/service.py:2370
2025-01-16 02:17:53.351 70633 DEBUG heat.engine.service [req-c11e59d5-1036-4162-af82-4aee914adb22 - - - - -] Service dddae95a-4ad7-49fb-a1ff-997c9275ec03 is updated service_manage_report /usr/lib/python3/dist-packages/heat/engine/service.py:2370
2025-01-16 02:17:53.353 70634 DEBUG heat.engine.service [req-48f0d76a-dd69-4db7-9565-53492c6f4f8d - - - - -] Service 6cf42ed0-9f48-43c0-b0e5-ca105b884a7a is updated service_manage_report /usr/lib/python3/dist-packages/heat/engine/service.py:2370
2025-01-16 02:17:53.362 70636 DEBUG heat.engine.service [req-183c3bd2-821a-4710-a5ea-22734a2c9111 - - - - -] Service c9f5f4a1-ba05-46e4-a7b0-f9303f7cf007 is updated service_manage_report /usr/lib/python3/dist-packages/heat/engine/service.py:2370
2025-01-16 02:17:53.392 70635 DEBUG heat.engine.service [req-a09b1f3e-80ad-43d6-9858-1e1e1d80e46f - - - - -] Service 07ce7332-846c-48e5-b0af-91703691f87d is updated service_manage_report /usr/lib/python3/dist-packages/heat/engine/service.py:2370
2025-01-16 02:18:53.349 70634 DEBUG heat.engine.service [req-3559896d-6d8c-44cd-b0d1-10f695bf699b - - - - -] Service 6cf42ed0-9f48-43c0-b0e5-ca105b884a7a is updated service_manage_report /usr/lib/python3/dist-packages/heat/engine/service.py:2370
2025-01-16 02:18:53.354 70633 DEBUG heat.engine.service [req-b93df934-a8f5-476b-b950-414802427a6d - - - - -] Service dddae95a-4ad7-49fb-a1ff-997c9275ec03 is updated service_manage_report /usr/lib/python3/dist-packages/heat/engine/service.py:2370
