2025-01-16 00:34:45.041 36907 DEBUG oslo_service.service [-] clients_zaqar.endpoint_type = None log_opt_values /usr/lib/python3/dist-packages/oslo_config/cfg.py:2609
2025-01-16 00:34:45.041 36907 DEBUG oslo_service.service [-] clients_zaqar.insecure = None log_opt_values /usr/lib/python3/dist-packages/oslo_config/cfg.py:2609
2025-01-16 00:34:45.041 36907 DEBUG oslo_service.service [-] clients_zaqar.key_file = None log_opt_values /usr/lib/python3/dist-packages/oslo_config/cfg.py:2609
2025-01-16 00:34:45.041 36907 DEBUG oslo_service.service [-] database.backend = sqlalchemy log_opt_values /usr/lib/python3/dist-packages/oslo_config/cfg.py:2609
2025-01-16 00:34:45.041 36907 DEBUG oslo_service.service [-] database.connection = **** log_opt_values /usr/lib/python3/dist-packages/oslo_config/cfg.py:2609
2025-01-16 00:34:45.042 36907 DEBUG oslo_service.service [-] database.connection_debug = 0 log_opt_values /usr/lib/python3/dist-packages/oslo_config/cfg.py:2609
2025-01-16 00:34:45.042 36907 DEBUG oslo_service.service [-] database.connection_parameters = log_opt_values /usr/lib/python3/dist-packages/oslo_config/cfg.py:2609
2025-01-16 00:34:45.042 36907 DEBUG oslo_service.service [-] database.connection_recycle_time = 3600 log_opt_values /usr/lib/python3/dist-packages/oslo_config/cfg.py:2609
2025-01-16 00:34:45.042 36907 DEBUG oslo_service.service [-] database.connection_trace = False log_opt_values /usr/lib/python3/dist-packages/oslo_config/cfg.py:2609
2025-01-16 00:34:45.042 36907 DEBUG oslo_service.service [-] database.db_inc_retry_interval = True log_opt_values /usr/lib/python3/dist-packages/oslo_config/cfg.py:2609
2025-01-16 00:34:45.042 36907 DEBUG oslo_service.service [-] database.db_max_retries = 20 log_opt_values /usr/lib/python3/dist-packages/oslo_config/cfg.py:2609
2025-01-16 00:34:45.042 36907 DEBUG oslo_service.service [-] database.db_max_retry_interval = 10 log_opt_values /usr/lib/python3/dist-packages/oslo_config/cfg.py:2609
2025-01-16 00:34:45.042 36907 DEBUG oslo_service.service [-] database.db_retry_interval = 1 log_opt_values /usr/lib/python3/dist-packages/oslo_config/cfg.py:2609
2025-01-16 00:34:45.043 36907 DEBUG oslo_service.service [-] database.max_overflow = 50 log_opt_values /usr/lib/python3/dist-packages/oslo_config/cfg.py:2609
2025-01-16 00:34:45.043 36907 DEBUG oslo_service.service [-] database.max_pool_size = 5 log_opt_values /usr/lib/python3/dist-packages/oslo_config/cfg.py:2609
2025-01-16 00:34:45.043 36907 DEBUG oslo_service.service [-] database.max_retries = 10 log_opt_values /usr/lib/python3/dist-packages/oslo_config/cfg.py:2609
2025-01-16 00:34:45.043 36907 DEBUG oslo_service.service [-] database.mysql_enable_ndb = False log_opt_values /usr/lib/python3/dist-packages/oslo_config/cfg.py:2609
2025-01-16 00:34:45.043 36907 DEBUG oslo_service.service [-] database.mysql_sql_mode = TRADITIONAL log_opt_values /usr/lib/python3/dist-packages/oslo_config/cfg.py:2609
2025-01-16 00:34:45.043 36907 DEBUG oslo_service.service [-] database.pool_timeout = None log_opt_values /usr/lib/python3/dist-packages/oslo_config/cfg.py:2609
2025-01-16 00:34:45.043 36907 DEBUG oslo_service.service [-] database.retry_interval = 10 log_opt_values /usr/lib/python3/dist-packages/oslo_config/cfg.py:2609
2025-01-16 00:34:45.043 36907 DEBUG oslo_service.service [-] database.slave_connection = **** log_opt_values /usr/lib/python3/dist-packages/oslo_config/cfg.py:2609
2025-01-16 00:34:45.044 36907 DEBUG oslo_service.service [-] database.sqlite_synchronous = True log_opt_values /usr/lib/python3/dist-packages/oslo_config/cfg.py:2609
2025-01-16 00:34:45.044 36907 DEBUG oslo_service.service [-] database.use_db_reconnect = False log_opt_values /usr/lib/python3/dist-packages/oslo_config/cfg.py:2609
2025-01-16 00:34:45.044 36907 DEBUG oslo_service.service [-] oslo_messaging_metrics.metrics_buffer_size = 1000 log_opt_values /usr/lib/python3/dist-packages/oslo_config/cfg.py:2609
2025-01-16 00:34:45.044 36907 DEBUG oslo_service.service [-] oslo_messaging_metrics.metrics_enabled = False log_opt_values /usr/lib/python3/dist-packages/oslo_config/cfg.py:2609
2025-01-16 00:34:45.044 36907 DEBUG oslo_service.service [-] oslo_messaging_metrics.metrics_process_name = log_opt_values /usr/lib/python3/dist-packages/oslo_config/cfg.py:2609
2025-01-16 00:34:45.044 36907 DEBUG oslo_service.service [-] oslo_messaging_metrics.metrics_socket_file = /var/tmp/metrics_collector.sock log_opt_values /usr/lib/python3/dist-packages/oslo_config/cfg.py:2609
2025-01-16 00:34:45.044 36907 DEBUG oslo_service.service [-] oslo_messaging_metrics.metrics_thread_stop_timeout = 10 log_opt_values /usr/lib/python3/dist-packages/oslo_config/cfg.py:2609
2025-01-16 00:34:45.045 36907 DEBUG oslo_service.service [-] oslo_policy.enforce_new_defaults = False log_opt_values /usr/lib/python3/dist-packages/oslo_config/cfg.py:2609
2025-01-16 00:34:45.045 36907 DEBUG oslo_service.service [-] oslo_policy.enforce_scope = False log_opt_values /usr/lib/python3/dist-packages/oslo_config/cfg.py:2609
2025-01-16 00:34:45.045 36907 DEBUG oslo_service.service [-] oslo_policy.policy_default_rule = default log_opt_values /usr/lib/python3/dist-packages/oslo_config/cfg.py:2609
2025-01-16 00:34:45.045 36907 DEBUG oslo_service.service [-] oslo_policy.policy_dirs = ['policy.d'] log_opt_values /usr/lib/python3/dist-packages/oslo_config/cfg.py:2609
2025-01-16 00:34:45.045 36907 DEBUG oslo_service.service [-] oslo_policy.policy_file = policy.yaml log_opt_values /usr/lib/python3/dist-packages/oslo_config/cfg.py:2609
2025-01-16 00:34:45.045 36907 DEBUG oslo_service.service [-] oslo_policy.remote_content_type = application/x-www-form-urlencoded log_opt_values /usr/lib/python3/dist-packages/oslo_config/cfg.py:2609
2025-01-16 00:34:45.046 36907 DEBUG oslo_service.service [-] oslo_policy.remote_ssl_ca_crt_file = None log_opt_values /usr/lib/python3/dist-packages/oslo_config/cfg.py:2609
2025-01-16 00:34:45.046 36907 DEBUG oslo_service.service [-] oslo_policy.remote_ssl_client_crt_file = None log_opt_values /usr/lib/python3/dist-packages/oslo_config/cfg.py:2609
2025-01-16 00:34:45.046 36907 DEBUG oslo_service.service [-] oslo_policy.remote_ssl_client_key_file = None log_opt_values /usr/lib/python3/dist-packages/oslo_config/cfg.py:2609
2025-01-16 00:34:45.046 36907 DEBUG oslo_service.service [-] oslo_policy.remote_ssl_verify_server_crt = False log_opt_values /usr/lib/python3/dist-packages/oslo_config/cfg.py:2609
2025-01-16 00:34:45.046 36907 DEBUG oslo_service.service [-] trustee.auth_section = None log_opt_values /usr/lib/python3/dist-packages/oslo_config/cfg.py:2609
2025-01-16 00:34:45.046 36907 WARNING oslo_config.cfg [-] Deprecated: Option "auth_plugin" from group "trustee" is deprecated. Use option "auth_type" from group "trustee".
2025-01-16 00:34:45.046 36907 DEBUG oslo_service.service [-] trustee.auth_type = password log_opt_values /usr/lib/python3/dist-packages/oslo_config/cfg.py:2609
2025-01-16 00:34:45.047 36907 DEBUG oslo_service.service [-] oslo_versionedobjects.fatal_exception_format_errors = False log_opt_values /usr/lib/python3/dist-packages/oslo_config/cfg.py:2609
2025-01-16 00:34:45.047 36907 DEBUG oslo_service.service [-] oslo_messaging_rabbit.amqp_auto_delete = False log_opt_values /usr/lib/python3/dist-packages/oslo_config/cfg.py:2609
2025-01-16 00:34:45.047 36907 DEBUG oslo_service.service [-] oslo_messaging_rabbit.amqp_durable_queues = False log_opt_values /usr/lib/python3/dist-packages/oslo_config/cfg.py:2609
2025-01-16 00:34:45.047 36907 DEBUG oslo_service.service [-] oslo_messaging_rabbit.conn_pool_min_size = 2 log_opt_values /usr/lib/python3/dist-packages/oslo_config/cfg.py:2609
2025-01-16 00:34:45.047 36907 DEBUG oslo_service.service [-] oslo_messaging_rabbit.conn_pool_ttl = 1200 log_opt_values /usr/lib/python3/dist-packages/oslo_config/cfg.py:2609
2025-01-16 00:34:45.047 36907 DEBUG oslo_service.service [-] oslo_messaging_rabbit.direct_mandatory_flag = True log_opt_values /usr/lib/python3/dist-packages/oslo_config/cfg.py:2609
2025-01-16 00:34:45.047 36907 DEBUG oslo_service.service [-] oslo_messaging_rabbit.enable_cancel_on_failover = False log_opt_values /usr/lib/python3/dist-packages/oslo_config/cfg.py:2609
2025-01-16 00:34:45.048 36907 DEBUG oslo_service.service [-] oslo_messaging_rabbit.heartbeat_in_pthread = True log_opt_values /usr/lib/python3/dist-packages/oslo_config/cfg.py:2609
2025-01-16 00:34:45.048 36907 DEBUG oslo_service.service [-] oslo_messaging_rabbit.heartbeat_rate = 2 log_opt_values /usr/lib/python3/dist-packages/oslo_config/cfg.py:2609
2025-01-16 00:34:45.048 36907 DEBUG oslo_service.service [-] oslo_messaging_rabbit.heartbeat_timeout_threshold = 60 log_opt_values /usr/lib/python3/dist-packages/oslo_config/cfg.py:2609
2025-01-16 00:34:45.048 36907 DEBUG oslo_service.service [-] oslo_messaging_rabbit.kombu_compression = None log_opt_values /usr/lib/python3/dist-packages/oslo_config/cfg.py:2609
2025-01-16 00:34:45.048 36907 DEBUG oslo_service.service [-] oslo_messaging_rabbit.kombu_failover_strategy = round-robin log_opt_values /usr/lib/python3/dist-packages/oslo_config/cfg.py:2609
2025-01-16 00:34:45.048 36907 DEBUG oslo_service.service [-] oslo_messaging_rabbit.kombu_missing_consumer_retry_timeout = 60 log_opt_values /usr/lib/python3/dist-packages/oslo_config/cfg.py:2609
2025-01-16 00:34:45.048 36907 DEBUG oslo_service.service [-] oslo_messaging_rabbit.kombu_reconnect_delay = 1.0 log_opt_values /usr/lib/python3/dist-packages/oslo_config/cfg.py:2609
2025-01-16 00:34:45.049 36907 DEBUG oslo_service.service [-] oslo_messaging_rabbit.rabbit_ha_queues = False log_opt_values /usr/lib/python3/dist-packages/oslo_config/cfg.py:2609
2025-01-16 00:34:45.049 36907 DEBUG oslo_service.service [-] oslo_messaging_rabbit.rabbit_interval_max = 30 log_opt_values /usr/lib/python3/dist-packages/oslo_config/cfg.py:2609
2025-01-16 00:34:45.049 36907 DEBUG oslo_service.service [-] oslo_messaging_rabbit.rabbit_login_method = AMQPLAIN log_opt_values /usr/lib/python3/dist-packages/oslo_config/cfg.py:2609
2025-01-16 00:34:45.049 36907 DEBUG oslo_service.service [-] oslo_messaging_rabbit.rabbit_qos_prefetch_count = 0 log_opt_values /usr/lib/python3/dist-packages/oslo_config/cfg.py:2609
2025-01-16 00:34:45.049 36907 DEBUG oslo_service.service [-] oslo_messaging_rabbit.rabbit_quorum_queue = False log_opt_values /usr/lib/python3/dist-packages/oslo_config/cfg.py:2609
2025-01-16 00:34:45.049 36907 DEBUG oslo_service.service [-] oslo_messaging_rabbit.rabbit_retry_backoff = 2 log_opt_values /usr/lib/python3/dist-packages/oslo_config/cfg.py:2609
2025-01-16 00:34:45.049 36907 DEBUG oslo_service.service [-] oslo_messaging_rabbit.rabbit_retry_interval = 1 log_opt_values /usr/lib/python3/dist-packages/oslo_config/cfg.py:2609
2025-01-16 00:34:45.049 36907 DEBUG oslo_service.service [-] oslo_messaging_rabbit.rabbit_transient_queues_ttl = 1800 log_opt_values /usr/lib/python3/dist-packages/oslo_config/cfg.py:2609
2025-01-16 00:34:45.050 36907 DEBUG oslo_service.service [-] oslo_messaging_rabbit.rpc_conn_pool_size = 30 log_opt_values /usr/lib/python3/dist-packages/oslo_config/cfg.py:2609
2025-01-16 00:34:45.050 36907 DEBUG oslo_service.service [-] oslo_messaging_rabbit.ssl = False log_opt_values /usr/lib/python3/dist-packages/oslo_config/cfg.py:2609
2025-01-16 00:34:45.050 36907 DEBUG oslo_service.service [-] oslo_messaging_rabbit.ssl_ca_file = log_opt_values /usr/lib/python3/dist-packages/oslo_config/cfg.py:2609
2025-01-16 00:34:45.050 36907 DEBUG oslo_service.service [-] oslo_messaging_rabbit.ssl_cert_file = log_opt_values /usr/lib/python3/dist-packages/oslo_config/cfg.py:2609
2025-01-16 00:34:45.050 36907 DEBUG oslo_service.service [-] oslo_messaging_rabbit.ssl_key_file = log_opt_values /usr/lib/python3/dist-packages/oslo_config/cfg.py:2609
2025-01-16 00:34:45.050 36907 DEBUG oslo_service.service [-] oslo_messaging_rabbit.ssl_version = log_opt_values /usr/lib/python3/dist-packages/oslo_config/cfg.py:2609
2025-01-16 00:34:45.050 36907 DEBUG oslo_service.service [-] oslo_messaging_notifications.driver = [] log_opt_values /usr/lib/python3/dist-packages/oslo_config/cfg.py:2609
2025-01-16 00:34:45.051 36907 DEBUG oslo_service.service [-] oslo_messaging_notifications.retry = -1 log_opt_values /usr/lib/python3/dist-packages/oslo_config/cfg.py:2609
2025-01-16 00:34:45.051 36907 DEBUG oslo_service.service [-] oslo_messaging_notifications.topics = ['notifications'] log_opt_values /usr/lib/python3/dist-packages/oslo_config/cfg.py:2609
2025-01-16 00:34:45.051 36907 DEBUG oslo_service.service [-] oslo_messaging_notifications.transport_url = **** log_opt_values /usr/lib/python3/dist-packages/oslo_config/cfg.py:2609
2025-01-16 00:34:45.051 36907 DEBUG oslo_service.service [-] cache.backend = dogpile.cache.null log_opt_values /usr/lib/python3/dist-packages/oslo_config/cfg.py:2609
2025-01-16 00:34:45.051 36907 DEBUG oslo_service.service [-] cache.backend_argument = **** log_opt_values /usr/lib/python3/dist-packages/oslo_config/cfg.py:2609
2025-01-16 00:34:45.051 36907 DEBUG oslo_service.service [-] cache.config_prefix = cache.oslo log_opt_values /usr/lib/python3/dist-packages/oslo_config/cfg.py:2609
2025-01-16 00:34:45.051 36907 DEBUG oslo_service.service [-] cache.debug_cache_backend = False log_opt_values /usr/lib/python3/dist-packages/oslo_config/cfg.py:2609
2025-01-16 00:34:45.052 36907 DEBUG oslo_service.service [-] cache.enabled = False log_opt_values /usr/lib/python3/dist-packages/oslo_config/cfg.py:2609
2025-01-16 00:34:45.052 36907 DEBUG oslo_service.service [-] cache.expiration_time = 600 log_opt_values /usr/lib/python3/dist-packages/oslo_config/cfg.py:2609
2025-01-16 00:34:45.052 36907 DEBUG oslo_service.service [-] cache.memcache_dead_retry = 300 log_opt_values /usr/lib/python3/dist-packages/oslo_config/cfg.py:2609
2025-01-16 00:34:45.052 36907 DEBUG oslo_service.service [-] cache.memcache_pool_connection_get_timeout = 10 log_opt_values /usr/lib/python3/dist-packages/oslo_config/cfg.py:2609
2025-01-16 00:34:45.052 36907 DEBUG oslo_service.service [-] cache.memcache_pool_flush_on_reconnect = False log_opt_values /usr/lib/python3/dist-packages/oslo_config/cfg.py:2609
2025-01-16 00:34:45.052 36907 DEBUG oslo_service.service [-] cache.memcache_pool_maxsize = 10 log_opt_values /usr/lib/python3/dist-packages/oslo_config/cfg.py:2609
2025-01-16 00:34:45.052 36907 DEBUG oslo_service.service [-] cache.memcache_pool_unused_timeout = 60 log_opt_values /usr/lib/python3/dist-packages/oslo_config/cfg.py:2609
2025-01-16 00:34:45.052 36907 DEBUG oslo_service.service [-] cache.memcache_servers = ['localhost:11211'] log_opt_values /usr/lib/python3/dist-packages/oslo_config/cfg.py:2609
2025-01-16 00:34:45.053 36907 DEBUG oslo_service.service [-] cache.memcache_socket_timeout = 1.0 log_opt_values /usr/lib/python3/dist-packages/oslo_config/cfg.py:2609
2025-01-16 00:34:45.053 36907 DEBUG oslo_service.service [-] cache.proxies = [] log_opt_values /usr/lib/python3/dist-packages/oslo_config/cfg.py:2609
2025-01-16 00:34:45.053 36907 DEBUG oslo_service.service [-] cache.tls_allowed_ciphers = None log_opt_values /usr/lib/python3/dist-packages/oslo_config/cfg.py:2609
2025-01-16 00:34:45.053 36907 DEBUG oslo_service.service [-] cache.tls_cafile = None log_opt_values /usr/lib/python3/dist-packages/oslo_config/cfg.py:2609
2025-01-16 00:34:45.053 36907 DEBUG oslo_service.service [-] cache.tls_certfile = None log_opt_values /usr/lib/python3/dist-packages/oslo_config/cfg.py:2609
2025-01-16 00:34:45.053 36907 DEBUG oslo_service.service [-] cache.tls_enabled = False log_opt_values /usr/lib/python3/dist-packages/oslo_config/cfg.py:2609
2025-01-16 00:34:45.053 36907 DEBUG oslo_service.service [-] cache.tls_keyfile = None log_opt_values /usr/lib/python3/dist-packages/oslo_config/cfg.py:2609
2025-01-16 00:34:45.054 36907 DEBUG oslo_service.service [-] constraint_validation_cache.caching = True log_opt_values /usr/lib/python3/dist-packages/oslo_config/cfg.py:2609
2025-01-16 00:34:45.054 36907 DEBUG oslo_service.service [-] constraint_validation_cache.expiration_time = 60 log_opt_values /usr/lib/python3/dist-packages/oslo_config/cfg.py:2609
2025-01-16 00:34:45.054 36907 DEBUG oslo_service.service [-] service_extension_cache.caching = True log_opt_values /usr/lib/python3/dist-packages/oslo_config/cfg.py:2609
2025-01-16 00:34:45.054 36907 DEBUG oslo_service.service [-] service_extension_cache.expiration_time = 3600 log_opt_values /usr/lib/python3/dist-packages/oslo_config/cfg.py:2609
2025-01-16 00:34:45.054 36907 DEBUG oslo_service.service [-] resource_finder_cache.caching = True log_opt_values /usr/lib/python3/dist-packages/oslo_config/cfg.py:2609
2025-01-16 00:34:45.054 36907 DEBUG oslo_service.service [-] resource_finder_cache.expiration_time = 3600 log_opt_values /usr/lib/python3/dist-packages/oslo_config/cfg.py:2609
2025-01-16 00:34:45.054 36907 DEBUG oslo_service.service [-] yaql.limit_iterators = 200 log_opt_values /usr/lib/python3/dist-packages/oslo_config/cfg.py:2609
2025-01-16 00:34:45.055 36907 DEBUG oslo_service.service [-] yaql.memory_quota = 10000 log_opt_values /usr/lib/python3/dist-packages/oslo_config/cfg.py:2609
2025-01-16 00:34:45.055 36907 DEBUG oslo_service.service [-] ******************************************************************************** log_opt_values /usr/lib/python3/dist-packages/oslo_config/cfg.py:2613
2025-01-16 00:34:45.099 37132 DEBUG oslo_db.sqlalchemy.engines [req-ffc93266-84c5-4c3e-bcee-610bc78554c9 - - - - -] MySQL server mode set to STRICT_TRANS_TABLES,STRICT_ALL_TABLES,NO_ZERO_IN_DATE,NO_ZERO_DATE,ERROR_FOR_DIVISION_BY_ZERO,TRADITIONAL,NO_ENGINE_SUBSTITUTION _check_effective_sql_mode /usr/lib/python3/dist-packages/oslo_db/sqlalchemy/engines.py:314
2025-01-16 00:34:45.106 37131 DEBUG oslo_db.sqlalchemy.engines [req-524d1c37-05e8-4400-abc9-41078ec2b593 - - - - -] MySQL server mode set to STRICT_TRANS_TABLES,STRICT_ALL_TABLES,NO_ZERO_IN_DATE,NO_ZERO_DATE,ERROR_FOR_DIVISION_BY_ZERO,TRADITIONAL,NO_ENGINE_SUBSTITUTION _check_effective_sql_mode /usr/lib/python3/dist-packages/oslo_db/sqlalchemy/engines.py:314
2025-01-16 00:34:45.112 37129 DEBUG oslo_db.sqlalchemy.engines [req-5eb04331-a865-436f-be73-bdc32c67cce3 - - - - -] MySQL server mode set to STRICT_TRANS_TABLES,STRICT_ALL_TABLES,NO_ZERO_IN_DATE,NO_ZERO_DATE,ERROR_FOR_DIVISION_BY_ZERO,TRADITIONAL,NO_ENGINE_SUBSTITUTION _check_effective_sql_mode /usr/lib/python3/dist-packages/oslo_db/sqlalchemy/engines.py:314
2025-01-16 00:34:45.122 37130 DEBUG oslo_db.sqlalchemy.engines [req-40d8b06e-049d-4d6e-b8ce-78078002fb14 - - - - -] MySQL server mode set to STRICT_TRANS_TABLES,STRICT_ALL_TABLES,NO_ZERO_IN_DATE,NO_ZERO_DATE,ERROR_FOR_DIVISION_BY_ZERO,TRADITIONAL,NO_ENGINE_SUBSTITUTION _check_effective_sql_mode /usr/lib/python3/dist-packages/oslo_db/sqlalchemy/engines.py:314
2025-01-16 00:34:45.196 37131 DEBUG heat.engine.service [req-b3b3319d-7842-46ad-a537-4d6c9f358c4e - - - - -] Service 28eeeca9-852f-435f-a10a-67b000ffbe07 is started service_manage_report /usr/lib/python3/dist-packages/heat/engine/service.py:2363
2025-01-16 00:34:45.210 37130 DEBUG heat.engine.service [req-73ffc4dd-e461-47fb-bc22-20d709cd6a01 - - - - -] Service ad9d554a-10ab-4975-b458-9b03e9e94dce is started service_manage_report /usr/lib/python3/dist-packages/heat/engine/service.py:2363
2025-01-16 00:34:45.218 37131 DEBUG heat.engine.service [req-b3b3319d-7842-46ad-a537-4d6c9f358c4e - - - - -] Service 28eeeca9-852f-435f-a10a-67b000ffbe07 is updated service_manage_report /usr/lib/python3/dist-packages/heat/engine/service.py:2370
2025-01-16 00:34:45.235 37130 DEBUG heat.engine.service [req-73ffc4dd-e461-47fb-bc22-20d709cd6a01 - - - - -] Service ad9d554a-10ab-4975-b458-9b03e9e94dce is updated service_manage_report /usr/lib/python3/dist-packages/heat/engine/service.py:2370
2025-01-16 00:34:45.239 37132 DEBUG heat.engine.service [req-fd233c16-dc09-4f86-ac8d-1fad79f423c6 - - - - -] Service 7c0b0f2e-5feb-4edb-8d3c-826a106dfb33 is started service_manage_report /usr/lib/python3/dist-packages/heat/engine/service.py:2363
2025-01-16 00:34:45.251 37129 DEBUG heat.engine.service [req-3eaa6eb2-6c69-468c-8161-7aad10afd014 - - - - -] Service 4ded2473-fcce-44f7-b7e6-d5f926695c6a is started service_manage_report /usr/lib/python3/dist-packages/heat/engine/service.py:2363
2025-01-16 00:34:45.253 37132 DEBUG heat.engine.service [req-fd233c16-dc09-4f86-ac8d-1fad79f423c6 - - - - -] Service 7c0b0f2e-5feb-4edb-8d3c-826a106dfb33 is updated service_manage_report /usr/lib/python3/dist-packages/heat/engine/service.py:2370
2025-01-16 00:34:45.280 37129 DEBUG heat.engine.service [req-3eaa6eb2-6c69-468c-8161-7aad10afd014 - - - - -] Service 4ded2473-fcce-44f7-b7e6-d5f926695c6a is updated service_manage_report /usr/lib/python3/dist-packages/heat/engine/service.py:2370
2025-01-16 00:35:45.182 37131 DEBUG heat.engine.service [req-70ec27aa-bd08-4224-a75d-4ee0b6060bc7 - - - - -] Service 28eeeca9-852f-435f-a10a-67b000ffbe07 is updated service_manage_report /usr/lib/python3/dist-packages/heat/engine/service.py:2370
2025-01-16 00:35:45.197 37130 DEBUG heat.engine.service [req-3961c4a8-31b1-4ba2-8d24-078d2f2d6ce0 - - - - -] Service ad9d554a-10ab-4975-b458-9b03e9e94dce is updated service_manage_report /usr/lib/python3/dist-packages/heat/engine/service.py:2370
2025-01-16 00:35:45.207 37132 DEBUG heat.engine.service [req-1fba67cf-24c9-48d0-bfe9-3f5771fbec02 - - - - -] Service 7c0b0f2e-5feb-4edb-8d3c-826a106dfb33 is updated service_manage_report /usr/lib/python3/dist-packages/heat/engine/service.py:2370
2025-01-16 00:35:45.234 37129 DEBUG heat.engine.service [req-95e56eee-17e6-491c-b9d5-8abeb3f8e409 - - - - -] Service 4ded2473-fcce-44f7-b7e6-d5f926695c6a is updated service_manage_report /usr/lib/python3/dist-packages/heat/engine/service.py:2370
2025-01-16 00:36:45.187 37131 DEBUG heat.engine.service [req-3cb612de-8d0b-4f0f-90b0-a793a336f633 - - - - -] Service 28eeeca9-852f-435f-a10a-67b000ffbe07 is updated service_manage_report /usr/lib/python3/dist-packages/heat/engine/service.py:2370
2025-01-16 00:36:45.201 37130 DEBUG heat.engine.service [req-dce66359-411e-4714-88dd-618db080d35b - - - - -] Service ad9d554a-10ab-4975-b458-9b03e9e94dce is updated service_manage_report /usr/lib/python3/dist-packages/heat/engine/service.py:2370
2025-01-16 00:36:45.212 37132 DEBUG heat.engine.service [req-30a653c0-4bda-4487-8eec-f580e393d7b0 - - - - -] Service 7c0b0f2e-5feb-4edb-8d3c-826a106dfb33 is updated service_manage_report /usr/lib/python3/dist-packages/heat/engine/service.py:2370
2025-01-16 00:36:45.239 37129 DEBUG heat.engine.service [req-4eeb5055-3fc1-449d-9f3b-6c53e7d68ff2 - - - - -] Service 4ded2473-fcce-44f7-b7e6-d5f926695c6a is updated service_manage_report /usr/lib/python3/dist-packages/heat/engine/service.py:2370
2025-01-16 00:37:45.191 37131 DEBUG heat.engine.service [req-9a5c53db-e464-4f8d-b2ed-e981f73f0fde - - - - -] Service 28eeeca9-852f-435f-a10a-67b000ffbe07 is updated service_manage_report /usr/lib/python3/dist-packages/heat/engine/service.py:2370
2025-01-16 00:37:45.206 37130 DEBUG heat.engine.service [req-51abd57d-ce55-43dc-b53c-5f998ec1a355 - - - - -] Service ad9d554a-10ab-4975-b458-9b03e9e94dce is updated service_manage_report /usr/lib/python3/dist-packages/heat/engine/service.py:2370
2025-01-16 00:37:45.208 37132 DEBUG heat.engine.service [req-cc5bf1df-ac47-443e-bb27-1d1c9a169d34 - - - - -] Service 7c0b0f2e-5feb-4edb-8d3c-826a106dfb33 is updated service_manage_report /usr/lib/python3/dist-packages/heat/engine/service.py:2370
2025-01-16 00:37:45.242 37129 DEBUG heat.engine.service [req-8c61b961-c34e-4d2a-a3e0-79c031573fec - - - - -] Service 4ded2473-fcce-44f7-b7e6-d5f926695c6a is updated service_manage_report /usr/lib/python3/dist-packages/heat/engine/service.py:2370
2025-01-16 00:38:45.198 37131 DEBUG heat.engine.service [req-61a7e4b9-acf8-4c93-a8c0-38d491c204d9 - - - - -] Service 28eeeca9-852f-435f-a10a-67b000ffbe07 is updated service_manage_report /usr/lib/python3/dist-packages/heat/engine/service.py:2370
2025-01-16 00:38:45.203 37132 DEBUG heat.engine.service [req-dc0bcf3e-9e2a-4efc-9c40-fc6504a8a1ee - - - - -] Service 7c0b0f2e-5feb-4edb-8d3c-826a106dfb33 is updated service_manage_report /usr/lib/python3/dist-packages/heat/engine/service.py:2370
2025-01-16 00:38:45.207 37130 DEBUG heat.engine.service [req-6edb6eae-1ba7-4d56-b63c-e2df80065a40 - - - - -] Service ad9d554a-10ab-4975-b458-9b03e9e94dce is updated service_manage_report /usr/lib/python3/dist-packages/heat/engine/service.py:2370
2025-01-16 00:38:45.244 37129 DEBUG heat.engine.service [req-7d6de707-36c5-4756-9e77-94df72a68943 - - - - -] Service 4ded2473-fcce-44f7-b7e6-d5f926695c6a is updated service_manage_report /usr/lib/python3/dist-packages/heat/engine/service.py:2370
2025-01-16 00:39:45.194 37131 DEBUG heat.engine.service [req-3e601e19-75fd-4300-bc30-418b4f7bff1d - - - - -] Service 28eeeca9-852f-435f-a10a-67b000ffbe07 is updated service_manage_report /usr/lib/python3/dist-packages/heat/engine/service.py:2370
2025-01-16 00:39:45.208 37132 DEBUG heat.engine.service [req-ef3f0584-99c5-45e0-8c6f-2e2284a95d24 - - - - -] Service 7c0b0f2e-5feb-4edb-8d3c-826a106dfb33 is updated service_manage_report /usr/lib/python3/dist-packages/heat/engine/service.py:2370
2025-01-16 00:39:45.215 37130 DEBUG heat.engine.service [req-3702d89f-5073-4176-9fb7-3b870d6b4e58 - - - - -] Service ad9d554a-10ab-4975-b458-9b03e9e94dce is updated service_manage_report /usr/lib/python3/dist-packages/heat/engine/service.py:2370
2025-01-16 00:39:45.249 37129 DEBUG heat.engine.service [req-6e38bc8d-00b8-45c9-b838-629b115a8569 - - - - -] Service 4ded2473-fcce-44f7-b7e6-d5f926695c6a is updated service_manage_report /usr/lib/python3/dist-packages/heat/engine/service.py:2370
2025-01-16 00:40:45.201 37131 DEBUG heat.engine.service [req-91e4f2fc-5ca2-40d1-a0eb-78d34377c461 - - - - -] Service 28eeeca9-852f-435f-a10a-67b000ffbe07 is updated service_manage_report /usr/lib/python3/dist-packages/heat/engine/service.py:2370
2025-01-16 00:40:45.211 37130 DEBUG heat.engine.service [req-ae2f8018-a9e5-42a4-b331-2df1180ad18b - - - - -] Service ad9d554a-10ab-4975-b458-9b03e9e94dce is updated service_manage_report /usr/lib/python3/dist-packages/heat/engine/service.py:2370
2025-01-16 00:40:45.215 37132 DEBUG heat.engine.service [req-e4eaf2a0-f073-478e-b8f9-240cf8a65e23 - - - - -] Service 7c0b0f2e-5feb-4edb-8d3c-826a106dfb33 is updated service_manage_report /usr/lib/python3/dist-packages/heat/engine/service.py:2370
2025-01-16 00:40:45.254 37129 DEBUG heat.engine.service [req-a47de54e-502a-4d23-bced-1955a9a4cedb - - - - -] Service 4ded2473-fcce-44f7-b7e6-d5f926695c6a is updated service_manage_report /usr/lib/python3/dist-packages/heat/engine/service.py:2370
2025-01-16 00:41:45.195 37131 DEBUG heat.engine.service [req-b8b92d34-85f1-44ef-b9d9-7a6c682350d4 - - - - -] Service 28eeeca9-852f-435f-a10a-67b000ffbe07 is updated service_manage_report /usr/lib/python3/dist-packages/heat/engine/service.py:2370
2025-01-16 00:41:45.204 37130 DEBUG heat.engine.service [req-384d03fa-8339-4567-9c2e-f9a5e60ce3e9 - - - - -] Service ad9d554a-10ab-4975-b458-9b03e9e94dce is updated service_manage_report /usr/lib/python3/dist-packages/heat/engine/service.py:2370
2025-01-16 00:41:45.207 37132 DEBUG heat.engine.service [req-b3675f8d-78dc-41f9-a482-93bf503b459c - - - - -] Service 7c0b0f2e-5feb-4edb-8d3c-826a106dfb33 is updated service_manage_report /usr/lib/python3/dist-packages/heat/engine/service.py:2370
2025-01-16 00:41:45.263 37129 DEBUG heat.engine.service [req-f47481ba-87b5-4d1a-b30a-884031880138 - - - - -] Service 4ded2473-fcce-44f7-b7e6-d5f926695c6a is updated service_manage_report /usr/lib/python3/dist-packages/heat/engine/service.py:2370
2025-01-16 00:42:45.201 37131 DEBUG heat.engine.service [req-5d2cd28d-7af0-4e4a-8b89-04ff6a137622 - - - - -] Service 28eeeca9-852f-435f-a10a-67b000ffbe07 is updated service_manage_report /usr/lib/python3/dist-packages/heat/engine/service.py:2370
2025-01-16 00:42:45.207 37130 DEBUG heat.engine.service [req-0ba5a296-7084-45b5-bbfd-29c0a2f81284 - - - - -] Service ad9d554a-10ab-4975-b458-9b03e9e94dce is updated service_manage_report /usr/lib/python3/dist-packages/heat/engine/service.py:2370
2025-01-16 00:42:45.209 37132 DEBUG heat.engine.service [req-071869fd-645f-4f1b-a592-a57c9cdc74f1 - - - - -] Service 7c0b0f2e-5feb-4edb-8d3c-826a106dfb33 is updated service_manage_report /usr/lib/python3/dist-packages/heat/engine/service.py:2370
2025-01-16 00:42:45.262 37129 DEBUG heat.engine.service [req-25bba575-ba20-4cc5-913e-5759a9b07857 - - - - -] Service 4ded2473-fcce-44f7-b7e6-d5f926695c6a is updated service_manage_report /usr/lib/python3/dist-packages/heat/engine/service.py:2370
2025-01-16 00:43:45.209 37131 DEBUG heat.engine.service [req-815b69a4-5a4e-4a09-a658-f48a3e86019f - - - - -] Service 28eeeca9-852f-435f-a10a-67b000ffbe07 is updated service_manage_report /usr/lib/python3/dist-packages/heat/engine/service.py:2370
2025-01-16 00:43:45.214 37130 DEBUG heat.engine.service [req-7b2620d6-3a6a-48b7-aedb-97b0588c805d - - - - -] Service ad9d554a-10ab-4975-b458-9b03e9e94dce is updated service_manage_report /usr/lib/python3/dist-packages/heat/engine/service.py:2370
2025-01-16 00:43:45.215 37132 DEBUG heat.engine.service [req-88cb27f4-cc45-4dfd-85a2-7e74eb0159c7 - - - - -] Service 7c0b0f2e-5feb-4edb-8d3c-826a106dfb33 is updated service_manage_report /usr/lib/python3/dist-packages/heat/engine/service.py:2370
2025-01-16 00:43:45.255 37129 DEBUG heat.engine.service [req-afa97e32-a030-4ea7-b175-582eaa4f7f0f - - - - -] Service 4ded2473-fcce-44f7-b7e6-d5f926695c6a is updated service_manage_report /usr/lib/python3/dist-packages/heat/engine/service.py:2370
2025-01-16 00:44:45.207 37131 DEBUG heat.engine.service [req-20401534-d248-44c1-a12e-dda3167ebad3 - - - - -] Service 28eeeca9-852f-435f-a10a-67b000ffbe07 is updated service_manage_report /usr/lib/python3/dist-packages/heat/engine/service.py:2370
2025-01-16 00:44:45.209 37130 DEBUG heat.engine.service [req-fb10704c-2165-40f5-b3b7-6018aeb00991 - - - - -] Service ad9d554a-10ab-4975-b458-9b03e9e94dce is updated service_manage_report /usr/lib/python3/dist-packages/heat/engine/service.py:2370
2025-01-16 00:44:45.209 37132 DEBUG heat.engine.service [req-e6b849df-322b-4b19-bf8a-0558060069c6 - - - - -] Service 7c0b0f2e-5feb-4edb-8d3c-826a106dfb33 is updated service_manage_report /usr/lib/python3/dist-packages/heat/engine/service.py:2370
2025-01-16 00:44:45.259 37129 DEBUG heat.engine.service [req-5cfb4cf9-709b-4d1a-9f8e-3185067101f7 - - - - -] Service 4ded2473-fcce-44f7-b7e6-d5f926695c6a is updated service_manage_report /usr/lib/python3/dist-packages/heat/engine/service.py:2370
2025-01-16 00:45:45.201 37131 DEBUG heat.engine.service [req-d3870cb1-57cf-4088-8fbe-bf8d79d4cbe2 - - - - -] Service 28eeeca9-852f-435f-a10a-67b000ffbe07 is updated service_manage_report /usr/lib/python3/dist-packages/heat/engine/service.py:2370
2025-01-16 00:45:45.203 37130 DEBUG heat.engine.service [req-99b4c921-660d-4220-bdec-240e244e0fef - - - - -] Service ad9d554a-10ab-4975-b458-9b03e9e94dce is updated service_manage_report /usr/lib/python3/dist-packages/heat/engine/service.py:2370
2025-01-16 00:45:45.214 37132 DEBUG heat.engine.service [req-b9b28dbe-7c6a-4356-aeef-950d86ccb5c4 - - - - -] Service 7c0b0f2e-5feb-4edb-8d3c-826a106dfb33 is updated service_manage_report /usr/lib/python3/dist-packages/heat/engine/service.py:2370
2025-01-16 00:45:45.266 37129 DEBUG heat.engine.service [req-36b4ea6e-e551-4123-9993-fb46a0a57b0d - - - - -] Service 4ded2473-fcce-44f7-b7e6-d5f926695c6a is updated service_manage_report /usr/lib/python3/dist-packages/heat/engine/service.py:2370
2025-01-16 00:46:45.210 37131 DEBUG heat.engine.service [req-85c15bb3-572d-47d0-a28b-e4e3f7cf915b - - - - -] Service 28eeeca9-852f-435f-a10a-67b000ffbe07 is updated service_manage_report /usr/lib/python3/dist-packages/heat/engine/service.py:2370
2025-01-16 00:46:45.212 37130 DEBUG heat.engine.service [req-96965b26-df47-4b0e-9383-c704cbc23253 - - - - -] Service ad9d554a-10ab-4975-b458-9b03e9e94dce is updated service_manage_report /usr/lib/python3/dist-packages/heat/engine/service.py:2370
2025-01-16 00:46:45.217 37132 DEBUG heat.engine.service [req-40fed9ae-948d-4d84-b3cf-2c86f37e4284 - - - - -] Service 7c0b0f2e-5feb-4edb-8d3c-826a106dfb33 is updated service_manage_report /usr/lib/python3/dist-packages/heat/engine/service.py:2370
2025-01-16 00:46:45.259 37129 DEBUG heat.engine.service [req-f6a68c07-042c-4fe4-923e-7b53e46b4e75 - - - - -] Service 4ded2473-fcce-44f7-b7e6-d5f926695c6a is updated service_manage_report /usr/lib/python3/dist-packages/heat/engine/service.py:2370
2025-01-16 00:47:45.206 37131 DEBUG heat.engine.service [req-982311d1-5ec0-4ee8-aeac-c33e2fedc423 - - - - -] Service 28eeeca9-852f-435f-a10a-67b000ffbe07 is updated service_manage_report /usr/lib/python3/dist-packages/heat/engine/service.py:2370
2025-01-16 00:47:45.208 37130 DEBUG heat.engine.service [req-fce0c696-c6f0-403b-a573-5c11edd50cb6 - - - - -] Service ad9d554a-10ab-4975-b458-9b03e9e94dce is updated service_manage_report /usr/lib/python3/dist-packages/heat/engine/service.py:2370
2025-01-16 00:47:45.222 37132 DEBUG heat.engine.service [req-ad4ef986-e177-4587-9de7-12932de419d1 - - - - -] Service 7c0b0f2e-5feb-4edb-8d3c-826a106dfb33 is updated service_manage_report /usr/lib/python3/dist-packages/heat/engine/service.py:2370
2025-01-16 00:47:45.266 37129 DEBUG heat.engine.service [req-038750dd-4bb5-4dfb-aec4-6aa3e0c6655f - - - - -] Service 4ded2473-fcce-44f7-b7e6-d5f926695c6a is updated service_manage_report /usr/lib/python3/dist-packages/heat/engine/service.py:2370
2025-01-16 00:48:45.201 37131 DEBUG heat.engine.service [req-a7022eff-c6d8-43d2-8abe-92d25abd783b - - - - -] Service 28eeeca9-852f-435f-a10a-67b000ffbe07 is updated service_manage_report /usr/lib/python3/dist-packages/heat/engine/service.py:2370
2025-01-16 00:48:45.206 37130 DEBUG heat.engine.service [req-0115ce6c-4ce9-4b16-b415-65ab39c64fde - - - - -] Service ad9d554a-10ab-4975-b458-9b03e9e94dce is updated service_manage_report /usr/lib/python3/dist-packages/heat/engine/service.py:2370
2025-01-16 00:48:45.227 37132 DEBUG heat.engine.service [req-12b85a20-d122-47d1-9fa2-63dd83a9e66e - - - - -] Service 7c0b0f2e-5feb-4edb-8d3c-826a106dfb33 is updated service_manage_report /usr/lib/python3/dist-packages/heat/engine/service.py:2370
2025-01-16 00:48:45.259 37129 DEBUG heat.engine.service [req-fd702e26-91d1-4d8c-a19c-cac92e1edd01 - - - - -] Service 4ded2473-fcce-44f7-b7e6-d5f926695c6a is updated service_manage_report /usr/lib/python3/dist-packages/heat/engine/service.py:2370
2025-01-16 00:49:45.199 37130 DEBUG heat.engine.service [req-2f58810e-1d33-409a-959f-6cad9092c579 - - - - -] Service ad9d554a-10ab-4975-b458-9b03e9e94dce is updated service_manage_report /usr/lib/python3/dist-packages/heat/engine/service.py:2370
2025-01-16 00:49:45.208 37131 DEBUG heat.engine.service [req-ca25dda7-6132-4050-b8b6-10dfc7265d83 - - - - -] Service 28eeeca9-852f-435f-a10a-67b000ffbe07 is updated service_manage_report /usr/lib/python3/dist-packages/heat/engine/service.py:2370
2025-01-16 00:49:45.230 37132 DEBUG heat.engine.service [req-f900b690-62a4-425e-9306-3494f09875f9 - - - - -] Service 7c0b0f2e-5feb-4edb-8d3c-826a106dfb33 is updated service_manage_report /usr/lib/python3/dist-packages/heat/engine/service.py:2370
2025-01-16 00:49:45.262 37129 DEBUG heat.engine.service [req-8202e8e0-880e-4f76-90d2-b0137767c9e5 - - - - -] Service 4ded2473-fcce-44f7-b7e6-d5f926695c6a is updated service_manage_report /usr/lib/python3/dist-packages/heat/engine/service.py:2370
2025-01-16 00:50:45.201 37131 DEBUG heat.engine.service [req-31f04084-f8d1-4a6e-ae11-d48b06dd214b - - - - -] Service 28eeeca9-852f-435f-a10a-67b000ffbe07 is updated service_manage_report /usr/lib/python3/dist-packages/heat/engine/service.py:2370
2025-01-16 00:50:45.204 37130 DEBUG heat.engine.service [req-ddbefe18-a2e9-42bf-9d7f-c32eedce3fb0 - - - - -] Service ad9d554a-10ab-4975-b458-9b03e9e94dce is updated service_manage_report /usr/lib/python3/dist-packages/heat/engine/service.py:2370
2025-01-16 00:50:45.233 37132 DEBUG heat.engine.service [req-f6a5669f-f32e-4bc0-adb5-a06b833e846e - - - - -] Service 7c0b0f2e-5feb-4edb-8d3c-826a106dfb33 is updated service_manage_report /usr/lib/python3/dist-packages/heat/engine/service.py:2370
2025-01-16 00:50:45.267 37129 DEBUG heat.engine.service [req-61d1fcac-93ad-44e3-9d55-cf8b7989f9b8 - - - - -] Service 4ded2473-fcce-44f7-b7e6-d5f926695c6a is updated service_manage_report /usr/lib/python3/dist-packages/heat/engine/service.py:2370
2025-01-16 00:51:45.207 37130 DEBUG heat.engine.service [req-270f358c-ca9e-4274-9da7-bfdfd513b9c4 - - - - -] Service ad9d554a-10ab-4975-b458-9b03e9e94dce is updated service_manage_report /usr/lib/python3/dist-packages/heat/engine/service.py:2370
2025-01-16 00:51:45.208 37131 DEBUG heat.engine.service [req-413ad017-d2de-4faa-8830-931951de8dfd - - - - -] Service 28eeeca9-852f-435f-a10a-67b000ffbe07 is updated service_manage_report /usr/lib/python3/dist-packages/heat/engine/service.py:2370
2025-01-16 00:51:45.238 37132 DEBUG heat.engine.service [req-ae23cdb8-6e05-4f47-b537-04294f4efcf8 - - - - -] Service 7c0b0f2e-5feb-4edb-8d3c-826a106dfb33 is updated service_manage_report /usr/lib/python3/dist-packages/heat/engine/service.py:2370
2025-01-16 00:51:45.270 37129 DEBUG heat.engine.service [req-be06f0d4-b83f-498d-a985-6156ca3906d0 - - - - -] Service 4ded2473-fcce-44f7-b7e6-d5f926695c6a is updated service_manage_report /usr/lib/python3/dist-packages/heat/engine/service.py:2370
2025-01-16 00:52:45.201 37130 DEBUG heat.engine.service [req-bb05d810-aa38-4ae4-b0ed-de11a2d552a1 - - - - -] Service ad9d554a-10ab-4975-b458-9b03e9e94dce is updated service_manage_report /usr/lib/python3/dist-packages/heat/engine/service.py:2370
2025-01-16 00:52:45.204 37131 DEBUG heat.engine.service [req-c953d1f3-8bb8-4b29-a846-566ef185f663 - - - - -] Service 28eeeca9-852f-435f-a10a-67b000ffbe07 is updated service_manage_report /usr/lib/python3/dist-packages/heat/engine/service.py:2370
2025-01-16 00:52:45.231 37132 DEBUG heat.engine.service [req-d0cd0a44-017d-4cd8-b529-777743794f24 - - - - -] Service 7c0b0f2e-5feb-4edb-8d3c-826a106dfb33 is updated service_manage_report /usr/lib/python3/dist-packages/heat/engine/service.py:2370
2025-01-16 00:52:45.274 37129 DEBUG heat.engine.service [req-ed19e0f4-2efa-4116-a7fd-cd69cd920944 - - - - -] Service 4ded2473-fcce-44f7-b7e6-d5f926695c6a is updated service_manage_report /usr/lib/python3/dist-packages/heat/engine/service.py:2370
2025-01-16 00:53:45.205 37130 DEBUG heat.engine.service [req-041ea3ee-0e00-494a-b01b-5546f68924b0 - - - - -] Service ad9d554a-10ab-4975-b458-9b03e9e94dce is updated service_manage_report /usr/lib/python3/dist-packages/heat/engine/service.py:2370
2025-01-16 00:53:45.209 37131 DEBUG heat.engine.service [req-18eac5da-753a-4f37-859a-04c7fbbec5b5 - - - - -] Service 28eeeca9-852f-435f-a10a-67b000ffbe07 is updated service_manage_report /usr/lib/python3/dist-packages/heat/engine/service.py:2370
2025-01-16 00:53:45.235 37132 DEBUG heat.engine.service [req-3ae82aac-52dc-47c1-a9f5-cf0909c56816 - - - - -] Service 7c0b0f2e-5feb-4edb-8d3c-826a106dfb33 is updated service_manage_report /usr/lib/python3/dist-packages/heat/engine/service.py:2370
2025-01-16 00:53:45.277 37129 DEBUG heat.engine.service [req-3623ab76-b911-49a9-816e-9ceebe791470 - - - - -] Service 4ded2473-fcce-44f7-b7e6-d5f926695c6a is updated service_manage_report /usr/lib/python3/dist-packages/heat/engine/service.py:2370
2025-01-16 00:54:45.212 37130 DEBUG heat.engine.service [req-957bdbf9-78f3-4f4a-a7f6-8c3844652b1c - - - - -] Service ad9d554a-10ab-4975-b458-9b03e9e94dce is updated service_manage_report /usr/lib/python3/dist-packages/heat/engine/service.py:2370
2025-01-16 00:54:45.214 37131 DEBUG heat.engine.service [req-58f7a4a9-9c11-4ca4-86de-eb30211c7114 - - - - -] Service 28eeeca9-852f-435f-a10a-67b000ffbe07 is updated service_manage_report /usr/lib/python3/dist-packages/heat/engine/service.py:2370
2025-01-16 00:54:45.239 37132 DEBUG heat.engine.service [req-85b227af-8481-4b74-b9c2-db09d7eb17d8 - - - - -] Service 7c0b0f2e-5feb-4edb-8d3c-826a106dfb33 is updated service_manage_report /usr/lib/python3/dist-packages/heat/engine/service.py:2370
2025-01-16 00:54:45.286 37129 DEBUG heat.engine.service [req-8b60bb6c-b385-4c7e-b6da-9ce3d63ae34c - - - - -] Service 4ded2473-fcce-44f7-b7e6-d5f926695c6a is updated service_manage_report /usr/lib/python3/dist-packages/heat/engine/service.py:2370
2025-01-16 00:55:45.211 37130 DEBUG heat.engine.service [req-dfa846c5-fb4e-4985-b0d4-ef2d1f4c76ce - - - - -] Service ad9d554a-10ab-4975-b458-9b03e9e94dce is updated service_manage_report /usr/lib/python3/dist-packages/heat/engine/service.py:2370
2025-01-16 00:55:45.221 37131 DEBUG heat.engine.service [req-e1e0dcd3-4d28-4d58-8254-cab99ae6c3c2 - - - - -] Service 28eeeca9-852f-435f-a10a-67b000ffbe07 is updated service_manage_report /usr/lib/python3/dist-packages/heat/engine/service.py:2370
2025-01-16 00:55:45.246 37132 DEBUG heat.engine.service [req-a3a7d5bd-9e26-4786-a30c-21aac092b1df - - - - -] Service 7c0b0f2e-5feb-4edb-8d3c-826a106dfb33 is updated service_manage_report /usr/lib/python3/dist-packages/heat/engine/service.py:2370
2025-01-16 00:55:45.285 37129 DEBUG heat.engine.service [req-4c39df63-7ce2-411f-9caa-d22c8dbf41e1 - - - - -] Service 4ded2473-fcce-44f7-b7e6-d5f926695c6a is updated service_manage_report /usr/lib/python3/dist-packages/heat/engine/service.py:2370
2025-01-16 00:56:45.205 37130 DEBUG heat.engine.service [req-b7087038-4359-49f1-a4a3-54b49e5be968 - - - - -] Service ad9d554a-10ab-4975-b458-9b03e9e94dce is updated service_manage_report /usr/lib/python3/dist-packages/heat/engine/service.py:2370
2025-01-16 00:56:45.207 37131 DEBUG heat.engine.service [req-f9279595-5256-4ff6-b84b-2ddc5a40b728 - - - - -] Service 28eeeca9-852f-435f-a10a-67b000ffbe07 is updated service_manage_report /usr/lib/python3/dist-packages/heat/engine/service.py:2370
2025-01-16 00:56:45.239 37132 DEBUG heat.engine.service [req-5dd5d0d3-1c2b-4a24-9c06-60f3915c3611 - - - - -] Service 7c0b0f2e-5feb-4edb-8d3c-826a106dfb33 is updated service_manage_report /usr/lib/python3/dist-packages/heat/engine/service.py:2370
2025-01-16 00:56:45.279 37129 DEBUG heat.engine.service [req-d36315a2-dd92-427c-860c-8e71d29c2ad2 - - - - -] Service 4ded2473-fcce-44f7-b7e6-d5f926695c6a is updated service_manage_report /usr/lib/python3/dist-packages/heat/engine/service.py:2370
2025-01-16 00:57:45.199 37131 DEBUG heat.engine.service [req-2d5e640c-d91c-421f-bb16-323293cbd836 - - - - -] Service 28eeeca9-852f-435f-a10a-67b000ffbe07 is updated service_manage_report /usr/lib/python3/dist-packages/heat/engine/service.py:2370
2025-01-16 00:57:45.206 37130 DEBUG heat.engine.service [req-bf9c1862-1e62-4cf7-a462-50322a793777 - - - - -] Service ad9d554a-10ab-4975-b458-9b03e9e94dce is updated service_manage_report /usr/lib/python3/dist-packages/heat/engine/service.py:2370
2025-01-16 00:57:45.243 37132 DEBUG heat.engine.service [req-462d3ab1-9b88-4f07-a618-52afd34231cd - - - - -] Service 7c0b0f2e-5feb-4edb-8d3c-826a106dfb33 is updated service_manage_report /usr/lib/python3/dist-packages/heat/engine/service.py:2370
2025-01-16 00:57:45.283 37129 DEBUG heat.engine.service [req-ef01e1f2-a32b-4146-a907-5f6babc68c39 - - - - -] Service 4ded2473-fcce-44f7-b7e6-d5f926695c6a is updated service_manage_report /usr/lib/python3/dist-packages/heat/engine/service.py:2370
2025-01-16 00:58:45.205 37131 DEBUG heat.engine.service [req-d189c01c-7511-4f57-95fc-75686b754ea3 - - - - -] Service 28eeeca9-852f-435f-a10a-67b000ffbe07 is updated service_manage_report /usr/lib/python3/dist-packages/heat/engine/service.py:2370
2025-01-16 00:58:45.210 37130 DEBUG heat.engine.service [req-184300ed-9c57-4e35-9c24-8f88bce008cc - - - - -] Service ad9d554a-10ab-4975-b458-9b03e9e94dce is updated service_manage_report /usr/lib/python3/dist-packages/heat/engine/service.py:2370
2025-01-16 00:58:45.246 37132 DEBUG heat.engine.service [req-bb3f59eb-53b9-4951-8a88-dae76d98ccf1 - - - - -] Service 7c0b0f2e-5feb-4edb-8d3c-826a106dfb33 is updated service_manage_report /usr/lib/python3/dist-packages/heat/engine/service.py:2370
2025-01-16 00:58:45.286 37129 DEBUG heat.engine.service [req-9c7ed850-c1e7-4ef7-95ec-bddd7607d1aa - - - - -] Service 4ded2473-fcce-44f7-b7e6-d5f926695c6a is updated service_manage_report /usr/lib/python3/dist-packages/heat/engine/service.py:2370
2025-01-16 00:59:45.200 37131 DEBUG heat.engine.service [req-27d8cc12-f118-4478-a1af-50afa49ef2ed - - - - -] Service 28eeeca9-852f-435f-a10a-67b000ffbe07 is updated service_manage_report /usr/lib/python3/dist-packages/heat/engine/service.py:2370
2025-01-16 00:59:45.212 37130 DEBUG heat.engine.service [req-9f18eabe-250d-4061-b6a1-ce307ff18c10 - - - - -] Service ad9d554a-10ab-4975-b458-9b03e9e94dce is updated service_manage_report /usr/lib/python3/dist-packages/heat/engine/service.py:2370
2025-01-16 00:59:45.248 37132 DEBUG heat.engine.service [req-22f75809-1d2f-4e4e-837b-e34500465c1f - - - - -] Service 7c0b0f2e-5feb-4edb-8d3c-826a106dfb33 is updated service_manage_report /usr/lib/python3/dist-packages/heat/engine/service.py:2370
2025-01-16 00:59:45.289 37129 DEBUG heat.engine.service [req-cbce2781-7be9-43e1-93b9-4e4bb7c5116d - - - - -] Service 4ded2473-fcce-44f7-b7e6-d5f926695c6a is updated service_manage_report /usr/lib/python3/dist-packages/heat/engine/service.py:2370
2025-01-16 01:00:45.204 37131 DEBUG heat.engine.service [req-7e1eaa12-7b7b-4a5a-8b65-b3479e64a2fe - - - - -] Service 28eeeca9-852f-435f-a10a-67b000ffbe07 is updated service_manage_report /usr/lib/python3/dist-packages/heat/engine/service.py:2370
2025-01-16 01:00:45.218 37130 DEBUG heat.engine.service [req-aa154e6e-27ed-422c-bf00-16a49e226bf6 - - - - -] Service ad9d554a-10ab-4975-b458-9b03e9e94dce is updated service_manage_report /usr/lib/python3/dist-packages/heat/engine/service.py:2370
2025-01-16 01:00:45.250 37132 DEBUG heat.engine.service [req-e092c095-9d45-4f6a-a2c2-c5dbb093e77a - - - - -] Service 7c0b0f2e-5feb-4edb-8d3c-826a106dfb33 is updated service_manage_report /usr/lib/python3/dist-packages/heat/engine/service.py:2370
2025-01-16 01:00:45.291 37129 DEBUG heat.engine.service [req-86fb9970-e8d4-42fa-848d-cebe42bb8e8d - - - - -] Service 4ded2473-fcce-44f7-b7e6-d5f926695c6a is updated service_manage_report /usr/lib/python3/dist-packages/heat/engine/service.py:2370
2025-01-16 01:01:45.208 37131 DEBUG heat.engine.service [req-8a30e176-452a-484b-b3d8-b6b0d0fcc067 - - - - -] Service 28eeeca9-852f-435f-a10a-67b000ffbe07 is updated service_manage_report /usr/lib/python3/dist-packages/heat/engine/service.py:2370
2025-01-16 01:01:45.221 37130 DEBUG heat.engine.service [req-eeae5e85-7616-47ea-a8c7-55cf809dac17 - - - - -] Service ad9d554a-10ab-4975-b458-9b03e9e94dce is updated service_manage_report /usr/lib/python3/dist-packages/heat/engine/service.py:2370
2025-01-16 01:01:45.257 37132 DEBUG heat.engine.service [req-73fa4516-4a4f-4874-b952-477c3e1dfefb - - - - -] Service 7c0b0f2e-5feb-4edb-8d3c-826a106dfb33 is updated service_manage_report /usr/lib/python3/dist-packages/heat/engine/service.py:2370
2025-01-16 01:01:45.295 37129 DEBUG heat.engine.service [req-21eddba7-526a-4e1e-8d04-38731c3445dc - - - - -] Service 4ded2473-fcce-44f7-b7e6-d5f926695c6a is updated service_manage_report /usr/lib/python3/dist-packages/heat/engine/service.py:2370
2025-01-16 01:02:45.211 37131 DEBUG heat.engine.service [req-f511393b-36d5-4c35-a8aa-c29faa19d8be - - - - -] Service 28eeeca9-852f-435f-a10a-67b000ffbe07 is updated service_manage_report /usr/lib/python3/dist-packages/heat/engine/service.py:2370
2025-01-16 01:02:45.226 37130 DEBUG heat.engine.service [req-d1b4c6d9-a271-4cb9-a0fe-6e0eac55a397 - - - - -] Service ad9d554a-10ab-4975-b458-9b03e9e94dce is updated service_manage_report /usr/lib/python3/dist-packages/heat/engine/service.py:2370
2025-01-16 01:02:45.251 37132 DEBUG heat.engine.service [req-d212444b-025f-483d-bcf5-610e4cf33548 - - - - -] Service 7c0b0f2e-5feb-4edb-8d3c-826a106dfb33 is updated service_manage_report /usr/lib/python3/dist-packages/heat/engine/service.py:2370
2025-01-16 01:02:45.299 37129 DEBUG heat.engine.service [req-bafba9e9-88bd-4a0e-90e2-c12b3cbed41f - - - - -] Service 4ded2473-fcce-44f7-b7e6-d5f926695c6a is updated service_manage_report /usr/lib/python3/dist-packages/heat/engine/service.py:2370
2025-01-16 01:03:45.214 37131 DEBUG heat.engine.service [req-152d9133-f66d-4391-a2cc-04b1803a9396 - - - - -] Service 28eeeca9-852f-435f-a10a-67b000ffbe07 is updated service_manage_report /usr/lib/python3/dist-packages/heat/engine/service.py:2370
2025-01-16 01:03:45.231 37130 DEBUG heat.engine.service [req-3ebd3b4e-e68a-490f-a5aa-20abf3c1ba68 - - - - -] Service ad9d554a-10ab-4975-b458-9b03e9e94dce is updated service_manage_report /usr/lib/python3/dist-packages/heat/engine/service.py:2370
2025-01-16 01:03:45.255 37132 DEBUG heat.engine.service [req-b62e20ad-6dca-4a99-8989-d81aa198ef95 - - - - -] Service 7c0b0f2e-5feb-4edb-8d3c-826a106dfb33 is updated service_manage_report /usr/lib/python3/dist-packages/heat/engine/service.py:2370
2025-01-16 01:03:45.303 37129 DEBUG heat.engine.service [req-fe01cead-4055-40ca-9d7d-f5e34195a09b - - - - -] Service 4ded2473-fcce-44f7-b7e6-d5f926695c6a is updated service_manage_report /usr/lib/python3/dist-packages/heat/engine/service.py:2370
2025-01-16 01:04:45.218 37131 DEBUG heat.engine.service [req-09f42dba-92a6-4871-bbc8-efb93b326ead - - - - -] Service 28eeeca9-852f-435f-a10a-67b000ffbe07 is updated service_manage_report /usr/lib/python3/dist-packages/heat/engine/service.py:2370
2025-01-16 01:04:45.236 37130 DEBUG heat.engine.service [req-4f81a836-0d91-47f2-a0fc-babac0382052 - - - - -] Service ad9d554a-10ab-4975-b458-9b03e9e94dce is updated service_manage_report /usr/lib/python3/dist-packages/heat/engine/service.py:2370
