2025-01-16 02:17:53.845 7 DEBUG oslo_service.service [-] ml2_type_gre.tunnel_id_ranges = [] log_opt_values /var/lib/kolla/venv/lib/python3.6/site-packages/oslo_config/cfg.py:2611
2025-01-16 02:17:53.845 7 DEBUG oslo_service.service [-] ml2_type_vlan.network_vlan_ranges = [] log_opt_values /var/lib/kolla/venv/lib/python3.6/site-packages/oslo_config/cfg.py:2611
2025-01-16 02:17:53.845 7 DEBUG oslo_service.service [-] ml2_type_vxlan.vni_ranges = [] log_opt_values /var/lib/kolla/venv/lib/python3.6/site-packages/oslo_config/cfg.py:2611
2025-01-16 02:17:53.845 7 DEBUG oslo_service.service [-] ml2_type_vxlan.vxlan_group = None log_opt_values /var/lib/kolla/venv/lib/python3.6/site-packages/oslo_config/cfg.py:2611
2025-01-16 02:17:53.845 7 DEBUG oslo_service.service [-] database.backend = sqlalchemy log_opt_values /var/lib/kolla/venv/lib/python3.6/site-packages/oslo_config/cfg.py:2611
2025-01-16 02:17:53.845 7 DEBUG oslo_service.service [-] database.connection = **** log_opt_values /var/lib/kolla/venv/lib/python3.6/site-packages/oslo_config/cfg.py:2611
2025-01-16 02:17:53.845 7 DEBUG oslo_service.service [-] database.connection_debug = 0 log_opt_values /var/lib/kolla/venv/lib/python3.6/site-packages/oslo_config/cfg.py:2611
2025-01-16 02:17:53.845 7 DEBUG oslo_service.service [-] database.connection_parameters = log_opt_values /var/lib/kolla/venv/lib/python3.6/site-packages/oslo_config/cfg.py:2611
2025-01-16 02:17:53.845 7 DEBUG oslo_service.service [-] database.connection_recycle_time = 10 log_opt_values /var/lib/kolla/venv/lib/python3.6/site-packages/oslo_config/cfg.py:2611
2025-01-16 02:17:53.845 7 DEBUG oslo_service.service [-] database.connection_trace = False log_opt_values /var/lib/kolla/venv/lib/python3.6/site-packages/oslo_config/cfg.py:2611
2025-01-16 02:17:53.845 7 DEBUG oslo_service.service [-] database.db_inc_retry_interval = True log_opt_values /var/lib/kolla/venv/lib/python3.6/site-packages/oslo_config/cfg.py:2611
2025-01-16 02:17:53.845 7 DEBUG oslo_service.service [-] database.db_max_retries = 20 log_opt_values /var/lib/kolla/venv/lib/python3.6/site-packages/oslo_config/cfg.py:2611
2025-01-16 02:17:53.845 7 DEBUG oslo_service.service [-] database.db_max_retry_interval = 10 log_opt_values /var/lib/kolla/venv/lib/python3.6/site-packages/oslo_config/cfg.py:2611
2025-01-16 02:17:53.845 7 DEBUG oslo_service.service [-] database.db_retry_interval = 1 log_opt_values /var/lib/kolla/venv/lib/python3.6/site-packages/oslo_config/cfg.py:2611
2025-01-16 02:17:53.845 7 DEBUG oslo_service.service [-] database.max_overflow = 50 log_opt_values /var/lib/kolla/venv/lib/python3.6/site-packages/oslo_config/cfg.py:2611
2025-01-16 02:17:53.846 7 DEBUG oslo_service.service [-] database.max_pool_size = 1 log_opt_values /var/lib/kolla/venv/lib/python3.6/site-packages/oslo_config/cfg.py:2611
2025-01-16 02:17:53.846 7 DEBUG oslo_service.service [-] database.max_retries = -1 log_opt_values /var/lib/kolla/venv/lib/python3.6/site-packages/oslo_config/cfg.py:2611
2025-01-16 02:17:53.846 7 DEBUG oslo_service.service [-] database.mysql_enable_ndb = False log_opt_values /var/lib/kolla/venv/lib/python3.6/site-packages/oslo_config/cfg.py:2611
2025-01-16 02:17:53.846 7 DEBUG oslo_service.service [-] database.mysql_sql_mode = TRADITIONAL log_opt_values /var/lib/kolla/venv/lib/python3.6/site-packages/oslo_config/cfg.py:2611
2025-01-16 02:17:53.846 7 DEBUG oslo_service.service [-] database.pool_timeout = None log_opt_values /var/lib/kolla/venv/lib/python3.6/site-packages/oslo_config/cfg.py:2611
2025-01-16 02:17:53.846 7 DEBUG oslo_service.service [-] database.retry_interval = 10 log_opt_values /var/lib/kolla/venv/lib/python3.6/site-packages/oslo_config/cfg.py:2611
2025-01-16 02:17:53.846 7 DEBUG oslo_service.service [-] database.slave_connection = **** log_opt_values /var/lib/kolla/venv/lib/python3.6/site-packages/oslo_config/cfg.py:2611
2025-01-16 02:17:53.846 7 DEBUG oslo_service.service [-] database.sqlite_synchronous = True log_opt_values /var/lib/kolla/venv/lib/python3.6/site-packages/oslo_config/cfg.py:2611
2025-01-16 02:17:53.846 7 DEBUG oslo_service.service [-] database.use_db_reconnect = False log_opt_values /var/lib/kolla/venv/lib/python3.6/site-packages/oslo_config/cfg.py:2611
2025-01-16 02:17:53.846 7 DEBUG oslo_service.service [-] ******************************************************************************** log_opt_values /var/lib/kolla/venv/lib/python3.6/site-packages/oslo_config/cfg.py:2613
2025-01-16 02:17:55.450 22 DEBUG neutron.wsgi [-] (22) accepted ('10.0.0.24', 53710) server /var/lib/kolla/venv/lib/python3.6/site-packages/eventlet/wsgi.py:1004
2025-01-16 02:17:55.457 22 INFO neutron.wsgi [-] 10.0.0.24 "GET / HTTP/1.1" status: 200 len: 227 time: 0.0056865
2025-01-16 02:17:58.483 23 DEBUG neutron.api.rpc.handlers.dhcp_rpc [req-12138ccc-20a0-4087-b3cd-c0b473e4b7d5 - - - - -] get_active_networks_info from cn-jenkins-deploy-platform-ansible-os-2649-1 get_active_networks_info /var/lib/kolla/venv/lib/python3.6/site-packages/neutron/api/rpc/handlers/dhcp_rpc.py:159
2025-01-16 02:17:58.506 28 DEBUG neutron_lib.callbacks.manager [req-dc16b0ad-59b4-4f41-9923-6f188ffcfa6f - - - - -] Publish callbacks ['neutron.services.segments.db._update_segment_host_mapping_for_agent-8771661253491', 'neutron.services.l3_router.l3_router_plugin.DVRResourceOperationHandler.create_fip_agent_gw_ports-7935747'] for agent (6ab1ff70-48cb-48f0-ad87-908640992fcb), after_create _notify_loop /var/lib/kolla/venv/lib/python3.6/site-packages/neutron_lib/callbacks/manager.py:177
2025-01-16 02:17:58.524 23 DEBUG neutron.scheduler.dhcp_agent_scheduler [req-12138ccc-20a0-4087-b3cd-c0b473e4b7d5 - - - - -] No non-hosted networks auto_schedule_networks /var/lib/kolla/venv/lib/python3.6/site-packages/neutron/scheduler/dhcp_agent_scheduler.py:60
2025-01-16 02:18:12.741 27 DEBUG neutron_lib.callbacks.manager [req-83e2106d-e7d7-4908-908c-e6f048bbd1a0 - - - - -] Publish callbacks ['neutron.services.segments.db._update_segment_host_mapping_for_agent-8771661253491', 'neutron.services.l3_router.l3_router_plugin.DVRResourceOperationHandler.create_fip_agent_gw_ports-7935747'] for agent (1941da28-89df-4350-9ba8-e33a208ce9cb), after_create _notify_loop /var/lib/kolla/venv/lib/python3.6/site-packages/neutron_lib/callbacks/manager.py:177
2025-01-16 02:18:25.507 22 DEBUG neutron.wsgi [-] (22) accepted ('10.0.0.24', 42770) server /var/lib/kolla/venv/lib/python3.6/site-packages/eventlet/wsgi.py:1004
2025-01-16 02:18:25.511 22 INFO neutron.wsgi [-] 10.0.0.24 "GET / HTTP/1.1" status: 200 len: 227 time: 0.0031459
2025-01-16 02:18:28.498 26 DEBUG neutron_lib.callbacks.manager [req-a352aa2f-e131-49ec-9334-d71c4672e869 - - - - -] Publish callbacks ['neutron.services.segments.db._update_segment_host_mapping_for_agent-8771661253491', 'neutron.plugins.ml2.plugin.Ml2Plugin._retry_binding_revived_agents--9223372036847149680'] for agent (6ab1ff70-48cb-48f0-ad87-908640992fcb), after_update _notify_loop /var/lib/kolla/venv/lib/python3.6/site-packages/neutron_lib/callbacks/manager.py:177
2025-01-16 02:18:42.722 25 DEBUG neutron_lib.callbacks.manager [req-83e2106d-e7d7-4908-908c-e6f048bbd1a0 - - - - -] Publish callbacks ['neutron.services.segments.db._update_segment_host_mapping_for_agent-8771661253491', 'neutron.plugins.ml2.plugin.Ml2Plugin._retry_binding_revived_agents--9223372036847149680'] for agent (1941da28-89df-4350-9ba8-e33a208ce9cb), after_update _notify_loop /var/lib/kolla/venv/lib/python3.6/site-packages/neutron_lib/callbacks/manager.py:177
2025-01-16 02:18:54.802 29 DEBUG neutron.db.agents_db [req-6c4823ac-db27-48cd-b3d8-63a7fe1459e3 - - - - -] Agent healthcheck: found 2 active agents agent_health_check /var/lib/kolla/venv/lib/python3.6/site-packages/neutron/db/agents_db.py:318
2025-01-16 02:18:55.558 22 DEBUG neutron.wsgi [-] (22) accepted ('10.0.0.24', 35288) server /var/lib/kolla/venv/lib/python3.6/site-packages/eventlet/wsgi.py:1004
2025-01-16 02:18:55.561 22 INFO neutron.wsgi [-] 10.0.0.24 "GET / HTTP/1.1" status: 200 len: 227 time: 0.0029638
2025-01-16 02:18:58.486 23 DEBUG neutron_lib.callbacks.manager [req-b08dd63e-1779-4752-aa1f-179064df30f4 - - - - -] Publish callbacks ['neutron.services.segments.db._update_segment_host_mapping_for_agent-8771661253491', 'neutron.plugins.ml2.plugin.Ml2Plugin._retry_binding_revived_agents--9223372036847149680'] for agent (6ab1ff70-48cb-48f0-ad87-908640992fcb), after_update _notify_loop /var/lib/kolla/venv/lib/python3.6/site-packages/neutron_lib/callbacks/manager.py:177
2025-01-16 02:19:12.726 24 DEBUG neutron_lib.callbacks.manager [req-83e2106d-e7d7-4908-908c-e6f048bbd1a0 - - - - -] Publish callbacks ['neutron.services.segments.db._update_segment_host_mapping_for_agent-8771661253491', 'neutron.plugins.ml2.plugin.Ml2Plugin._retry_binding_revived_agents--9223372036847149680'] for agent (1941da28-89df-4350-9ba8-e33a208ce9cb), after_update _notify_loop /var/lib/kolla/venv/lib/python3.6/site-packages/neutron_lib/callbacks/manager.py:177
2025-01-16 02:19:25.610 22 DEBUG neutron.wsgi [-] (22) accepted ('10.0.0.24', 41700) server /var/lib/kolla/venv/lib/python3.6/site-packages/eventlet/wsgi.py:1004
2025-01-16 02:19:25.614 22 INFO neutron.wsgi [-] 10.0.0.24 "GET / HTTP/1.1" status: 200 len: 227 time: 0.0033417
2025-01-16 02:19:28.488 28 DEBUG neutron_lib.callbacks.manager [req-02363eec-7628-4efd-ba6a-b0833b2341ec - - - - -] Publish callbacks ['neutron.services.segments.db._update_segment_host_mapping_for_agent-8771661253491', 'neutron.plugins.ml2.plugin.Ml2Plugin._retry_binding_revived_agents--9223372036847149680'] for agent (6ab1ff70-48cb-48f0-ad87-908640992fcb), after_update _notify_loop /var/lib/kolla/venv/lib/python3.6/site-packages/neutron_lib/callbacks/manager.py:177
2025-01-16 02:19:31.802 29 DEBUG neutron.db.agents_db [req-6c4823ac-db27-48cd-b3d8-63a7fe1459e3 - - - - -] Agent healthcheck: found 2 active agents agent_health_check /var/lib/kolla/venv/lib/python3.6/site-packages/neutron/db/agents_db.py:318
2025-01-16 02:19:42.712 27 DEBUG neutron_lib.callbacks.manager [req-83e2106d-e7d7-4908-908c-e6f048bbd1a0 - - - - -] Publish callbacks ['neutron.services.segments.db._update_segment_host_mapping_for_agent-8771661253491', 'neutron.plugins.ml2.plugin.Ml2Plugin._retry_binding_revived_agents--9223372036847149680'] for agent (1941da28-89df-4350-9ba8-e33a208ce9cb), after_update _notify_loop /var/lib/kolla/venv/lib/python3.6/site-packages/neutron_lib/callbacks/manager.py:177
2025-01-16 02:19:55.661 22 DEBUG neutron.wsgi [-] (22) accepted ('10.0.0.24', 47350) server /var/lib/kolla/venv/lib/python3.6/site-packages/eventlet/wsgi.py:1004
2025-01-16 02:19:55.664 22 INFO neutron.wsgi [-] 10.0.0.24 "GET / HTTP/1.1" status: 200 len: 227 time: 0.0028720
2025-01-16 02:19:58.484 26 DEBUG neutron_lib.callbacks.manager [req-f4a3af18-1bea-4c82-a65a-1fc070ad414a - - - - -] Publish callbacks ['neutron.services.segments.db._update_segment_host_mapping_for_agent-8771661253491', 'neutron.plugins.ml2.plugin.Ml2Plugin._retry_binding_revived_agents--9223372036847149680'] for agent (6ab1ff70-48cb-48f0-ad87-908640992fcb), after_update _notify_loop /var/lib/kolla/venv/lib/python3.6/site-packages/neutron_lib/callbacks/manager.py:177
2025-01-16 02:20:08.799 29 DEBUG neutron.db.agents_db [req-6c4823ac-db27-48cd-b3d8-63a7fe1459e3 - - - - -] Agent healthcheck: found 2 active agents agent_health_check /var/lib/kolla/venv/lib/python3.6/site-packages/neutron/db/agents_db.py:318
2025-01-16 02:20:12.713 25 DEBUG neutron_lib.callbacks.manager [req-83e2106d-e7d7-4908-908c-e6f048bbd1a0 - - - - -] Publish callbacks ['neutron.services.segments.db._update_segment_host_mapping_for_agent-8771661253491', 'neutron.plugins.ml2.plugin.Ml2Plugin._retry_binding_revived_agents--9223372036847149680'] for agent (1941da28-89df-4350-9ba8-e33a208ce9cb), after_update _notify_loop /var/lib/kolla/venv/lib/python3.6/site-packages/neutron_lib/callbacks/manager.py:177
2025-01-16 02:20:25.712 22 DEBUG neutron.wsgi [-] (22) accepted ('10.0.0.24', 42272) server /var/lib/kolla/venv/lib/python3.6/site-packages/eventlet/wsgi.py:1004
2025-01-16 02:20:25.716 22 INFO neutron.wsgi [-] 10.0.0.24 "GET / HTTP/1.1" status: 200 len: 227 time: 0.0034487
2025-01-16 02:20:28.482 23 DEBUG neutron_lib.callbacks.manager [req-51b64017-9022-4530-a6e1-9b2f662efdd6 - - - - -] Publish callbacks ['neutron.services.segments.db._update_segment_host_mapping_for_agent-8771661253491', 'neutron.plugins.ml2.plugin.Ml2Plugin._retry_binding_revived_agents--9223372036847149680'] for agent (6ab1ff70-48cb-48f0-ad87-908640992fcb), after_update _notify_loop /var/lib/kolla/venv/lib/python3.6/site-packages/neutron_lib/callbacks/manager.py:177
2025-01-16 02:20:42.715 24 DEBUG neutron_lib.callbacks.manager [req-83e2106d-e7d7-4908-908c-e6f048bbd1a0 - - - - -] Publish callbacks ['neutron.services.segments.db._update_segment_host_mapping_for_agent-8771661253491', 'neutron.plugins.ml2.plugin.Ml2Plugin._retry_binding_revived_agents--9223372036847149680'] for agent (1941da28-89df-4350-9ba8-e33a208ce9cb), after_update _notify_loop /var/lib/kolla/venv/lib/python3.6/site-packages/neutron_lib/callbacks/manager.py:177
2025-01-16 02:20:45.796 29 DEBUG neutron.db.agents_db [req-6c4823ac-db27-48cd-b3d8-63a7fe1459e3 - - - - -] Agent healthcheck: found 2 active agents agent_health_check /var/lib/kolla/venv/lib/python3.6/site-packages/neutron/db/agents_db.py:318
2025-01-16 02:20:55.762 22 DEBUG neutron.wsgi [-] (22) accepted ('10.0.0.24', 33668) server /var/lib/kolla/venv/lib/python3.6/site-packages/eventlet/wsgi.py:1004
2025-01-16 02:20:55.766 22 INFO neutron.wsgi [-] 10.0.0.24 "GET / HTTP/1.1" status: 200 len: 227 time: 0.0027647
2025-01-16 02:20:58.478 28 DEBUG neutron_lib.callbacks.manager [req-f002a15b-8ad8-4840-8baf-1d98f6f005d4 - - - - -] Publish callbacks ['neutron.services.segments.db._update_segment_host_mapping_for_agent-8771661253491', 'neutron.plugins.ml2.plugin.Ml2Plugin._retry_binding_revived_agents--9223372036847149680'] for agent (6ab1ff70-48cb-48f0-ad87-908640992fcb), after_update _notify_loop /var/lib/kolla/venv/lib/python3.6/site-packages/neutron_lib/callbacks/manager.py:177
2025-01-16 02:21:12.719 27 DEBUG neutron_lib.callbacks.manager [req-83e2106d-e7d7-4908-908c-e6f048bbd1a0 - - - - -] Publish callbacks ['neutron.services.segments.db._update_segment_host_mapping_for_agent-8771661253491', 'neutron.plugins.ml2.plugin.Ml2Plugin._retry_binding_revived_agents--9223372036847149680'] for agent (1941da28-89df-4350-9ba8-e33a208ce9cb), after_update _notify_loop /var/lib/kolla/venv/lib/python3.6/site-packages/neutron_lib/callbacks/manager.py:177
2025-01-16 02:21:22.798 29 DEBUG neutron.db.agents_db [req-6c4823ac-db27-48cd-b3d8-63a7fe1459e3 - - - - -] Agent healthcheck: found 2 active agents agent_health_check /var/lib/kolla/venv/lib/python3.6/site-packages/neutron/db/agents_db.py:318
2025-01-16 02:21:25.814 22 DEBUG neutron.wsgi [-] (22) accepted ('10.0.0.24', 37584) server /var/lib/kolla/venv/lib/python3.6/site-packages/eventlet/wsgi.py:1004
2025-01-16 02:21:25.818 22 INFO neutron.wsgi [-] 10.0.0.24 "GET / HTTP/1.1" status: 200 len: 227 time: 0.0029163
2025-01-16 02:21:28.475 26 DEBUG neutron_lib.callbacks.manager [req-c74ab6a8-5caf-409d-852b-07896d107554 - - - - -] Publish callbacks ['neutron.services.segments.db._update_segment_host_mapping_for_agent-8771661253491', 'neutron.plugins.ml2.plugin.Ml2Plugin._retry_binding_revived_agents--9223372036847149680'] for agent (6ab1ff70-48cb-48f0-ad87-908640992fcb), after_update _notify_loop /var/lib/kolla/venv/lib/python3.6/site-packages/neutron_lib/callbacks/manager.py:177
2025-01-16 02:21:42.720 25 DEBUG neutron_lib.callbacks.manager [req-83e2106d-e7d7-4908-908c-e6f048bbd1a0 - - - - -] Publish callbacks ['neutron.services.segments.db._update_segment_host_mapping_for_agent-8771661253491', 'neutron.plugins.ml2.plugin.Ml2Plugin._retry_binding_revived_agents--9223372036847149680'] for agent (1941da28-89df-4350-9ba8-e33a208ce9cb), after_update _notify_loop /var/lib/kolla/venv/lib/python3.6/site-packages/neutron_lib/callbacks/manager.py:177
2025-01-16 02:21:55.864 22 DEBUG neutron.wsgi [-] (22) accepted ('10.0.0.24', 37890) server /var/lib/kolla/venv/lib/python3.6/site-packages/eventlet/wsgi.py:1004
2025-01-16 02:21:55.868 22 INFO neutron.wsgi [-] 10.0.0.24 "GET / HTTP/1.1" status: 200 len: 227 time: 0.0027628
2025-01-16 02:21:58.473 23 DEBUG neutron_lib.callbacks.manager [req-5f68c8e3-2932-4da7-aa2c-df30f6b6a05a - - - - -] Publish callbacks ['neutron.services.segments.db._update_segment_host_mapping_for_agent-8771661253491', 'neutron.plugins.ml2.plugin.Ml2Plugin._retry_binding_revived_agents--9223372036847149680'] for agent (6ab1ff70-48cb-48f0-ad87-908640992fcb), after_update _notify_loop /var/lib/kolla/venv/lib/python3.6/site-packages/neutron_lib/callbacks/manager.py:177
2025-01-16 02:21:59.794 29 DEBUG neutron.db.agents_db [req-6c4823ac-db27-48cd-b3d8-63a7fe1459e3 - - - - -] Agent healthcheck: found 2 active agents agent_health_check /var/lib/kolla/venv/lib/python3.6/site-packages/neutron/db/agents_db.py:318
2025-01-16 02:22:12.723 24 DEBUG neutron_lib.callbacks.manager [req-83e2106d-e7d7-4908-908c-e6f048bbd1a0 - - - - -] Publish callbacks ['neutron.services.segments.db._update_segment_host_mapping_for_agent-8771661253491', 'neutron.plugins.ml2.plugin.Ml2Plugin._retry_binding_revived_agents--9223372036847149680'] for agent (1941da28-89df-4350-9ba8-e33a208ce9cb), after_update _notify_loop /var/lib/kolla/venv/lib/python3.6/site-packages/neutron_lib/callbacks/manager.py:177
2025-01-16 02:22:25.922 22 DEBUG neutron.wsgi [-] (22) accepted ('10.0.0.24', 37030) server /var/lib/kolla/venv/lib/python3.6/site-packages/eventlet/wsgi.py:1004
2025-01-16 02:22:25.930 22 INFO neutron.wsgi [-] 10.0.0.24 "GET / HTTP/1.1" status: 200 len: 227 time: 0.0063229
2025-01-16 02:22:28.480 28 DEBUG neutron_lib.callbacks.manager [req-a789bdd8-9618-44cf-a6dc-d92853836513 - - - - -] Publish callbacks ['neutron.services.segments.db._update_segment_host_mapping_for_agent-8771661253491', 'neutron.plugins.ml2.plugin.Ml2Plugin._retry_binding_revived_agents--9223372036847149680'] for agent (6ab1ff70-48cb-48f0-ad87-908640992fcb), after_update _notify_loop /var/lib/kolla/venv/lib/python3.6/site-packages/neutron_lib/callbacks/manager.py:177
2025-01-16 02:22:36.800 29 DEBUG neutron.db.agents_db [req-6c4823ac-db27-48cd-b3d8-63a7fe1459e3 - - - - -] Agent healthcheck: found 2 active agents agent_health_check /var/lib/kolla/venv/lib/python3.6/site-packages/neutron/db/agents_db.py:318
2025-01-16 02:22:42.726 27 DEBUG neutron_lib.callbacks.manager [req-83e2106d-e7d7-4908-908c-e6f048bbd1a0 - - - - -] Publish callbacks ['neutron.services.segments.db._update_segment_host_mapping_for_agent-8771661253491', 'neutron.plugins.ml2.plugin.Ml2Plugin._retry_binding_revived_agents--9223372036847149680'] for agent (1941da28-89df-4350-9ba8-e33a208ce9cb), after_update _notify_loop /var/lib/kolla/venv/lib/python3.6/site-packages/neutron_lib/callbacks/manager.py:177
2025-01-16 02:22:55.978 22 DEBUG neutron.wsgi [-] (22) accepted ('10.0.0.24', 54850) server /var/lib/kolla/venv/lib/python3.6/site-packages/eventlet/wsgi.py:1004
2025-01-16 02:22:55.982 22 INFO neutron.wsgi [-] 10.0.0.24 "GET / HTTP/1.1" status: 200 len: 227 time: 0.0031087
2025-01-16 02:22:58.469 26 DEBUG neutron_lib.callbacks.manager [req-0dcbd99c-52e7-4613-a64b-13bbb56a9fed - - - - -] Publish callbacks ['neutron.services.segments.db._update_segment_host_mapping_for_agent-8771661253491', 'neutron.plugins.ml2.plugin.Ml2Plugin._retry_binding_revived_agents--9223372036847149680'] for agent (6ab1ff70-48cb-48f0-ad87-908640992fcb), after_update _notify_loop /var/lib/kolla/venv/lib/python3.6/site-packages/neutron_lib/callbacks/manager.py:177
2025-01-16 02:23:12.728 25 DEBUG neutron_lib.callbacks.manager [req-83e2106d-e7d7-4908-908c-e6f048bbd1a0 - - - - -] Publish callbacks ['neutron.services.segments.db._update_segment_host_mapping_for_agent-8771661253491', 'neutron.plugins.ml2.plugin.Ml2Plugin._retry_binding_revived_agents--9223372036847149680'] for agent (1941da28-89df-4350-9ba8-e33a208ce9cb), after_update _notify_loop /var/lib/kolla/venv/lib/python3.6/site-packages/neutron_lib/callbacks/manager.py:177
2025-01-16 02:23:13.801 29 DEBUG neutron.db.agents_db [req-6c4823ac-db27-48cd-b3d8-63a7fe1459e3 - - - - -] Agent healthcheck: found 2 active agents agent_health_check /var/lib/kolla/venv/lib/python3.6/site-packages/neutron/db/agents_db.py:318
2025-01-16 02:23:26.033 22 DEBUG neutron.wsgi [-] (22) accepted ('10.0.0.24', 46710) server /var/lib/kolla/venv/lib/python3.6/site-packages/eventlet/wsgi.py:1004
2025-01-16 02:23:26.037 22 INFO neutron.wsgi [-] 10.0.0.24 "GET / HTTP/1.1" status: 200 len: 227 time: 0.0032904
2025-01-16 02:23:28.466 23 DEBUG neutron_lib.callbacks.manager [req-2fa2ef95-9477-4e74-ac48-fecf920e9bab - - - - -] Publish callbacks ['neutron.services.segments.db._update_segment_host_mapping_for_agent-8771661253491', 'neutron.plugins.ml2.plugin.Ml2Plugin._retry_binding_revived_agents--9223372036847149680'] for agent (6ab1ff70-48cb-48f0-ad87-908640992fcb), after_update _notify_loop /var/lib/kolla/venv/lib/python3.6/site-packages/neutron_lib/callbacks/manager.py:177
2025-01-16 02:23:42.729 24 DEBUG neutron_lib.callbacks.manager [req-83e2106d-e7d7-4908-908c-e6f048bbd1a0 - - - - -] Publish callbacks ['neutron.services.segments.db._update_segment_host_mapping_for_agent-8771661253491', 'neutron.plugins.ml2.plugin.Ml2Plugin._retry_binding_revived_agents--9223372036847149680'] for agent (1941da28-89df-4350-9ba8-e33a208ce9cb), after_update _notify_loop /var/lib/kolla/venv/lib/python3.6/site-packages/neutron_lib/callbacks/manager.py:177
2025-01-16 02:23:50.799 29 DEBUG neutron.db.agents_db [req-6c4823ac-db27-48cd-b3d8-63a7fe1459e3 - - - - -] Agent healthcheck: found 2 active agents agent_health_check /var/lib/kolla/venv/lib/python3.6/site-packages/neutron/db/agents_db.py:318
2025-01-16 02:23:56.083 22 DEBUG neutron.wsgi [-] (22) accepted ('10.0.0.24', 39974) server /var/lib/kolla/venv/lib/python3.6/site-packages/eventlet/wsgi.py:1004
2025-01-16 02:23:56.087 22 INFO neutron.wsgi [-] 10.0.0.24 "GET / HTTP/1.1" status: 200 len: 227 time: 0.0035715
2025-01-16 02:23:58.462 28 DEBUG neutron_lib.callbacks.manager [req-4d9483ab-b122-44c7-85e0-cdf403f8cd70 - - - - -] Publish callbacks ['neutron.services.segments.db._update_segment_host_mapping_for_agent-8771661253491', 'neutron.plugins.ml2.plugin.Ml2Plugin._retry_binding_revived_agents--9223372036847149680'] for agent (6ab1ff70-48cb-48f0-ad87-908640992fcb), after_update _notify_loop /var/lib/kolla/venv/lib/python3.6/site-packages/neutron_lib/callbacks/manager.py:177
2025-01-16 02:24:12.736 27 DEBUG neutron_lib.callbacks.manager [req-83e2106d-e7d7-4908-908c-e6f048bbd1a0 - - - - -] Publish callbacks ['neutron.services.segments.db._update_segment_host_mapping_for_agent-8771661253491', 'neutron.plugins.ml2.plugin.Ml2Plugin._retry_binding_revived_agents--9223372036847149680'] for agent (1941da28-89df-4350-9ba8-e33a208ce9cb), after_update _notify_loop /var/lib/kolla/venv/lib/python3.6/site-packages/neutron_lib/callbacks/manager.py:177
2025-01-16 02:24:26.137 22 DEBUG neutron.wsgi [-] (22) accepted ('10.0.0.24', 48524) server /var/lib/kolla/venv/lib/python3.6/site-packages/eventlet/wsgi.py:1004
2025-01-16 02:24:26.141 22 INFO neutron.wsgi [-] 10.0.0.24 "GET / HTTP/1.1" status: 200 len: 227 time: 0.0028307
2025-01-16 02:24:27.798 29 DEBUG neutron.db.agents_db [req-6c4823ac-db27-48cd-b3d8-63a7fe1459e3 - - - - -] Agent healthcheck: found 2 active agents agent_health_check /var/lib/kolla/venv/lib/python3.6/site-packages/neutron/db/agents_db.py:318
2025-01-16 02:24:28.460 26 DEBUG neutron_lib.callbacks.manager [req-3d198182-912e-42fe-8ceb-828a5c743b81 - - - - -] Publish callbacks ['neutron.services.segments.db._update_segment_host_mapping_for_agent-8771661253491', 'neutron.plugins.ml2.plugin.Ml2Plugin._retry_binding_revived_agents--9223372036847149680'] for agent (6ab1ff70-48cb-48f0-ad87-908640992fcb), after_update _notify_loop /var/lib/kolla/venv/lib/python3.6/site-packages/neutron_lib/callbacks/manager.py:177
2025-01-16 02:24:42.734 25 DEBUG neutron_lib.callbacks.manager [req-83e2106d-e7d7-4908-908c-e6f048bbd1a0 - - - - -] Publish callbacks ['neutron.services.segments.db._update_segment_host_mapping_for_agent-8771661253491', 'neutron.plugins.ml2.plugin.Ml2Plugin._retry_binding_revived_agents--9223372036847149680'] for agent (1941da28-89df-4350-9ba8-e33a208ce9cb), after_update _notify_loop /var/lib/kolla/venv/lib/python3.6/site-packages/neutron_lib/callbacks/manager.py:177
2025-01-16 02:24:56.187 22 DEBUG neutron.wsgi [-] (22) accepted ('10.0.0.24', 56620) server /var/lib/kolla/venv/lib/python3.6/site-packages/eventlet/wsgi.py:1004
2025-01-16 02:24:56.191 22 INFO neutron.wsgi [-] 10.0.0.24 "GET / HTTP/1.1" status: 200 len: 227 time: 0.0031924
2025-01-16 02:24:58.492 23 DEBUG neutron_lib.callbacks.manager [req-c0dd3073-c5aa-45e6-9218-ef743d06589e - - - - -] Publish callbacks ['neutron.services.segments.db._update_segment_host_mapping_for_agent-8771661253491', 'neutron.plugins.ml2.plugin.Ml2Plugin._retry_binding_revived_agents--9223372036847149680'] for agent (6ab1ff70-48cb-48f0-ad87-908640992fcb), after_update _notify_loop /var/lib/kolla/venv/lib/python3.6/site-packages/neutron_lib/callbacks/manager.py:177
2025-01-16 02:25:04.797 29 DEBUG neutron.db.agents_db [req-6c4823ac-db27-48cd-b3d8-63a7fe1459e3 - - - - -] Agent healthcheck: found 2 active agents agent_health_check /var/lib/kolla/venv/lib/python3.6/site-packages/neutron/db/agents_db.py:318
2025-01-16 02:25:12.739 24 DEBUG neutron_lib.callbacks.manager [req-83e2106d-e7d7-4908-908c-e6f048bbd1a0 - - - - -] Publish callbacks ['neutron.services.segments.db._update_segment_host_mapping_for_agent-8771661253491', 'neutron.plugins.ml2.plugin.Ml2Plugin._retry_binding_revived_agents--9223372036847149680'] for agent (1941da28-89df-4350-9ba8-e33a208ce9cb), after_update _notify_loop /var/lib/kolla/venv/lib/python3.6/site-packages/neutron_lib/callbacks/manager.py:177
2025-01-16 02:25:26.239 22 DEBUG neutron.wsgi [-] (22) accepted ('10.0.0.24', 39356) server /var/lib/kolla/venv/lib/python3.6/site-packages/eventlet/wsgi.py:1004
2025-01-16 02:25:26.242 22 INFO neutron.wsgi [-] 10.0.0.24 "GET / HTTP/1.1" status: 200 len: 227 time: 0.0027370
2025-01-16 02:25:28.460 28 DEBUG neutron_lib.callbacks.manager [req-2b8c53ef-e7e8-40a6-b14a-ff92563ae229 - - - - -] Publish callbacks ['neutron.services.segments.db._update_segment_host_mapping_for_agent-8771661253491', 'neutron.plugins.ml2.plugin.Ml2Plugin._retry_binding_revived_agents--9223372036847149680'] for agent (6ab1ff70-48cb-48f0-ad87-908640992fcb), after_update _notify_loop /var/lib/kolla/venv/lib/python3.6/site-packages/neutron_lib/callbacks/manager.py:177
2025-01-16 02:25:41.796 29 DEBUG neutron.db.agents_db [req-6c4823ac-db27-48cd-b3d8-63a7fe1459e3 - - - - -] Agent healthcheck: found 2 active agents agent_health_check /var/lib/kolla/venv/lib/python3.6/site-packages/neutron/db/agents_db.py:318
2025-01-16 02:25:42.738 27 DEBUG neutron_lib.callbacks.manager [req-83e2106d-e7d7-4908-908c-e6f048bbd1a0 - - - - -] Publish callbacks ['neutron.services.segments.db._update_segment_host_mapping_for_agent-8771661253491', 'neutron.plugins.ml2.plugin.Ml2Plugin._retry_binding_revived_agents--9223372036847149680'] for agent (1941da28-89df-4350-9ba8-e33a208ce9cb), after_update _notify_loop /var/lib/kolla/venv/lib/python3.6/site-packages/neutron_lib/callbacks/manager.py:177
2025-01-16 02:25:56.288 22 DEBUG neutron.wsgi [-] (22) accepted ('10.0.0.24', 56324) server /var/lib/kolla/venv/lib/python3.6/site-packages/eventlet/wsgi.py:1004
2025-01-16 02:25:56.292 22 INFO neutron.wsgi [-] 10.0.0.24 "GET / HTTP/1.1" status: 200 len: 227 time: 0.0028059
2025-01-16 02:25:58.458 26 DEBUG neutron_lib.callbacks.manager [req-9b4b229a-fd33-4185-98d2-9c69a059b778 - - - - -] Publish callbacks ['neutron.services.segments.db._update_segment_host_mapping_for_agent-8771661253491', 'neutron.plugins.ml2.plugin.Ml2Plugin._retry_binding_revived_agents--9223372036847149680'] for agent (6ab1ff70-48cb-48f0-ad87-908640992fcb), after_update _notify_loop /var/lib/kolla/venv/lib/python3.6/site-packages/neutron_lib/callbacks/manager.py:177
2025-01-16 02:26:12.746 25 DEBUG neutron_lib.callbacks.manager [req-83e2106d-e7d7-4908-908c-e6f048bbd1a0 - - - - -] Publish callbacks ['neutron.services.segments.db._update_segment_host_mapping_for_agent-8771661253491', 'neutron.plugins.ml2.plugin.Ml2Plugin._retry_binding_revived_agents--9223372036847149680'] for agent (1941da28-89df-4350-9ba8-e33a208ce9cb), after_update _notify_loop /var/lib/kolla/venv/lib/python3.6/site-packages/neutron_lib/callbacks/manager.py:177
2025-01-16 02:26:18.797 29 DEBUG neutron.db.agents_db [req-6c4823ac-db27-48cd-b3d8-63a7fe1459e3 - - - - -] Agent healthcheck: found 2 active agents agent_health_check /var/lib/kolla/venv/lib/python3.6/site-packages/neutron/db/agents_db.py:318
2025-01-16 02:26:26.340 22 DEBUG neutron.wsgi [-] (22) accepted ('10.0.0.24', 34342) server /var/lib/kolla/venv/lib/python3.6/site-packages/eventlet/wsgi.py:1004
2025-01-16 02:26:26.344 22 INFO neutron.wsgi [-] 10.0.0.24 "GET / HTTP/1.1" status: 200 len: 227 time: 0.0030844
2025-01-16 02:26:28.455 23 DEBUG neutron_lib.callbacks.manager [req-7d136666-0a53-4305-a101-c557ea20acf1 - - - - -] Publish callbacks ['neutron.services.segments.db._update_segment_host_mapping_for_agent-8771661253491', 'neutron.plugins.ml2.plugin.Ml2Plugin._retry_binding_revived_agents--9223372036847149680'] for agent (6ab1ff70-48cb-48f0-ad87-908640992fcb), after_update _notify_loop /var/lib/kolla/venv/lib/python3.6/site-packages/neutron_lib/callbacks/manager.py:177
2025-01-16 02:26:42.744 24 DEBUG neutron_lib.callbacks.manager [req-83e2106d-e7d7-4908-908c-e6f048bbd1a0 - - - - -] Publish callbacks ['neutron.services.segments.db._update_segment_host_mapping_for_agent-8771661253491', 'neutron.plugins.ml2.plugin.Ml2Plugin._retry_binding_revived_agents--9223372036847149680'] for agent (1941da28-89df-4350-9ba8-e33a208ce9cb), after_update _notify_loop /var/lib/kolla/venv/lib/python3.6/site-packages/neutron_lib/callbacks/manager.py:177
2025-01-16 02:26:55.796 29 DEBUG neutron.db.agents_db [req-6c4823ac-db27-48cd-b3d8-63a7fe1459e3 - - - - -] Agent healthcheck: found 2 active agents agent_health_check /var/lib/kolla/venv/lib/python3.6/site-packages/neutron/db/agents_db.py:318
2025-01-16 02:26:56.394 22 DEBUG neutron.wsgi [-] (22) accepted ('10.0.0.24', 60944) server /var/lib/kolla/venv/lib/python3.6/site-packages/eventlet/wsgi.py:1004
2025-01-16 02:26:56.398 22 INFO neutron.wsgi [-] 10.0.0.24 "GET / HTTP/1.1" status: 200 len: 227 time: 0.0028701
2025-01-16 02:26:58.452 28 DEBUG neutron_lib.callbacks.manager [req-e32c943f-9ab0-4a3b-9581-52d78b499259 - - - - -] Publish callbacks ['neutron.services.segments.db._update_segment_host_mapping_for_agent-8771661253491', 'neutron.plugins.ml2.plugin.Ml2Plugin._retry_binding_revived_agents--9223372036847149680'] for agent (6ab1ff70-48cb-48f0-ad87-908640992fcb), after_update _notify_loop /var/lib/kolla/venv/lib/python3.6/site-packages/neutron_lib/callbacks/manager.py:177
2025-01-16 02:27:12.748 27 DEBUG neutron_lib.callbacks.manager [req-83e2106d-e7d7-4908-908c-e6f048bbd1a0 - - - - -] Publish callbacks ['neutron.services.segments.db._update_segment_host_mapping_for_agent-8771661253491', 'neutron.plugins.ml2.plugin.Ml2Plugin._retry_binding_revived_agents--9223372036847149680'] for agent (1941da28-89df-4350-9ba8-e33a208ce9cb), after_update _notify_loop /var/lib/kolla/venv/lib/python3.6/site-packages/neutron_lib/callbacks/manager.py:177
2025-01-16 02:27:26.448 22 DEBUG neutron.wsgi [-] (22) accepted ('10.0.0.24', 48032) server /var/lib/kolla/venv/lib/python3.6/site-packages/eventlet/wsgi.py:1004
2025-01-16 02:27:26.452 22 INFO neutron.wsgi [-] 10.0.0.24 "GET / HTTP/1.1" status: 200 len: 227 time: 0.0032935
2025-01-16 02:27:28.450 26 DEBUG neutron_lib.callbacks.manager [req-9909d253-6fd2-43e7-90b7-09cdac83fad9 - - - - -] Publish callbacks ['neutron.services.segments.db._update_segment_host_mapping_for_agent-8771661253491', 'neutron.plugins.ml2.plugin.Ml2Plugin._retry_binding_revived_agents--9223372036847149680'] for agent (6ab1ff70-48cb-48f0-ad87-908640992fcb), after_update _notify_loop /var/lib/kolla/venv/lib/python3.6/site-packages/neutron_lib/callbacks/manager.py:177
2025-01-16 02:27:32.796 29 DEBUG neutron.db.agents_db [req-6c4823ac-db27-48cd-b3d8-63a7fe1459e3 - - - - -] Agent healthcheck: found 2 active agents agent_health_check /var/lib/kolla/venv/lib/python3.6/site-packages/neutron/db/agents_db.py:318
2025-01-16 02:27:42.748 25 DEBUG neutron_lib.callbacks.manager [req-83e2106d-e7d7-4908-908c-e6f048bbd1a0 - - - - -] Publish callbacks ['neutron.services.segments.db._update_segment_host_mapping_for_agent-8771661253491', 'neutron.plugins.ml2.plugin.Ml2Plugin._retry_binding_revived_agents--9223372036847149680'] for agent (1941da28-89df-4350-9ba8-e33a208ce9cb), after_update _notify_loop /var/lib/kolla/venv/lib/python3.6/site-packages/neutron_lib/callbacks/manager.py:177
2025-01-16 02:27:56.518 22 DEBUG neutron.wsgi [-] (22) accepted ('10.0.0.24', 35332) server /var/lib/kolla/venv/lib/python3.6/site-packages/eventlet/wsgi.py:1004
2025-01-16 02:27:56.523 22 INFO neutron.wsgi [-] 10.0.0.24 "GET / HTTP/1.1" status: 200 len: 227 time: 0.0028806
2025-01-16 02:27:58.448 23 DEBUG neutron_lib.callbacks.manager [req-5b502e1c-6849-4f32-894e-fe5cde4254da - - - - -] Publish callbacks ['neutron.services.segments.db._update_segment_host_mapping_for_agent-8771661253491', 'neutron.plugins.ml2.plugin.Ml2Plugin._retry_binding_revived_agents--9223372036847149680'] for agent (6ab1ff70-48cb-48f0-ad87-908640992fcb), after_update _notify_loop /var/lib/kolla/venv/lib/python3.6/site-packages/neutron_lib/callbacks/manager.py:177
2025-01-16 02:28:09.794 29 DEBUG neutron.db.agents_db [req-6c4823ac-db27-48cd-b3d8-63a7fe1459e3 - - - - -] Agent healthcheck: found 2 active agents agent_health_check /var/lib/kolla/venv/lib/python3.6/site-packages/neutron/db/agents_db.py:318
2025-01-16 02:28:12.753 24 DEBUG neutron_lib.callbacks.manager [req-83e2106d-e7d7-4908-908c-e6f048bbd1a0 - - - - -] Publish callbacks ['neutron.services.segments.db._update_segment_host_mapping_for_agent-8771661253491', 'neutron.plugins.ml2.plugin.Ml2Plugin._retry_binding_revived_agents--9223372036847149680'] for agent (1941da28-89df-4350-9ba8-e33a208ce9cb), after_update _notify_loop /var/lib/kolla/venv/lib/python3.6/site-packages/neutron_lib/callbacks/manager.py:177
2025-01-16 02:28:26.574 22 DEBUG neutron.wsgi [-] (22) accepted ('10.0.0.24', 37972) server /var/lib/kolla/venv/lib/python3.6/site-packages/eventlet/wsgi.py:1004
2025-01-16 02:28:26.578 22 INFO neutron.wsgi [-] 10.0.0.24 "GET / HTTP/1.1" status: 200 len: 227 time: 0.0031791
2025-01-16 02:28:28.447 28 DEBUG neutron_lib.callbacks.manager [req-58c6aa46-a7c0-472d-9145-f1e563faf291 - - - - -] Publish callbacks ['neutron.services.segments.db._update_segment_host_mapping_for_agent-8771661253491', 'neutron.plugins.ml2.plugin.Ml2Plugin._retry_binding_revived_agents--9223372036847149680'] for agent (6ab1ff70-48cb-48f0-ad87-908640992fcb), after_update _notify_loop /var/lib/kolla/venv/lib/python3.6/site-packages/neutron_lib/callbacks/manager.py:177
2025-01-16 02:28:42.755 27 DEBUG neutron_lib.callbacks.manager [req-83e2106d-e7d7-4908-908c-e6f048bbd1a0 - - - - -] Publish callbacks ['neutron.services.segments.db._update_segment_host_mapping_for_agent-8771661253491', 'neutron.plugins.ml2.plugin.Ml2Plugin._retry_binding_revived_agents--9223372036847149680'] for agent (1941da28-89df-4350-9ba8-e33a208ce9cb), after_update _notify_loop /var/lib/kolla/venv/lib/python3.6/site-packages/neutron_lib/callbacks/manager.py:177
2025-01-16 02:28:46.793 29 DEBUG neutron.db.agents_db [req-6c4823ac-db27-48cd-b3d8-63a7fe1459e3 - - - - -] Agent healthcheck: found 2 active agents agent_health_check /var/lib/kolla/venv/lib/python3.6/site-packages/neutron/db/agents_db.py:318
2025-01-16 02:28:56.629 22 DEBUG neutron.wsgi [-] (22) accepted ('10.0.0.24', 34072) server /var/lib/kolla/venv/lib/python3.6/site-packages/eventlet/wsgi.py:1004
2025-01-16 02:28:56.634 22 INFO neutron.wsgi [-] 10.0.0.24 "GET / HTTP/1.1" status: 200 len: 227 time: 0.0030601
2025-01-16 02:28:58.447 26 DEBUG neutron_lib.callbacks.manager [req-aac1d29c-3c79-4983-a2f5-f5e27430574c - - - - -] Publish callbacks ['neutron.services.segments.db._update_segment_host_mapping_for_agent-8771661253491', 'neutron.plugins.ml2.plugin.Ml2Plugin._retry_binding_revived_agents--9223372036847149680'] for agent (6ab1ff70-48cb-48f0-ad87-908640992fcb), after_update _notify_loop /var/lib/kolla/venv/lib/python3.6/site-packages/neutron_lib/callbacks/manager.py:177
2025-01-16 02:29:12.764 25 DEBUG neutron_lib.callbacks.manager [req-83e2106d-e7d7-4908-908c-e6f048bbd1a0 - - - - -] Publish callbacks ['neutron.services.segments.db._update_segment_host_mapping_for_agent-8771661253491', 'neutron.plugins.ml2.plugin.Ml2Plugin._retry_binding_revived_agents--9223372036847149680'] for agent (1941da28-89df-4350-9ba8-e33a208ce9cb), after_update _notify_loop /var/lib/kolla/venv/lib/python3.6/site-packages/neutron_lib/callbacks/manager.py:177
2025-01-16 02:29:23.793 29 DEBUG neutron.db.agents_db [req-6c4823ac-db27-48cd-b3d8-63a7fe1459e3 - - - - -] Agent healthcheck: found 2 active agents agent_health_check /var/lib/kolla/venv/lib/python3.6/site-packages/neutron/db/agents_db.py:318
2025-01-16 02:29:26.691 22 DEBUG neutron.wsgi [-] (22) accepted ('10.0.0.24', 50628) server /var/lib/kolla/venv/lib/python3.6/site-packages/eventlet/wsgi.py:1004
2025-01-16 02:29:26.694 22 INFO neutron.wsgi [-] 10.0.0.24 "GET / HTTP/1.1" status: 200 len: 227 time: 0.0030034
2025-01-16 02:29:28.454 23 DEBUG neutron_lib.callbacks.manager [req-dc461bef-6b0b-4bcc-a645-58295d4f076d - - - - -] Publish callbacks ['neutron.services.segments.db._update_segment_host_mapping_for_agent-8771661253491', 'neutron.plugins.ml2.plugin.Ml2Plugin._retry_binding_revived_agents--9223372036847149680'] for agent (6ab1ff70-48cb-48f0-ad87-908640992fcb), after_update _notify_loop /var/lib/kolla/venv/lib/python3.6/site-packages/neutron_lib/callbacks/manager.py:177
2025-01-16 02:29:42.758 24 DEBUG neutron_lib.callbacks.manager [req-83e2106d-e7d7-4908-908c-e6f048bbd1a0 - - - - -] Publish callbacks ['neutron.services.segments.db._update_segment_host_mapping_for_agent-8771661253491', 'neutron.plugins.ml2.plugin.Ml2Plugin._retry_binding_revived_agents--9223372036847149680'] for agent (1941da28-89df-4350-9ba8-e33a208ce9cb), after_update _notify_loop /var/lib/kolla/venv/lib/python3.6/site-packages/neutron_lib/callbacks/manager.py:177
2025-01-16 02:29:56.752 22 DEBUG neutron.wsgi [-] (22) accepted ('10.0.0.24', 41388) server /var/lib/kolla/venv/lib/python3.6/site-packages/eventlet/wsgi.py:1004
2025-01-16 02:29:56.756 22 INFO neutron.wsgi [-] 10.0.0.24 "GET / HTTP/1.1" status: 200 len: 227 time: 0.0032833
2025-01-16 02:29:58.440 28 DEBUG neutron_lib.callbacks.manager [req-e3b16bf8-8b39-45b6-993c-7389b4c22ba6 - - - - -] Publish callbacks ['neutron.services.segments.db._update_segment_host_mapping_for_agent-8771661253491', 'neutron.plugins.ml2.plugin.Ml2Plugin._retry_binding_revived_agents--9223372036847149680'] for agent (6ab1ff70-48cb-48f0-ad87-908640992fcb), after_update _notify_loop /var/lib/kolla/venv/lib/python3.6/site-packages/neutron_lib/callbacks/manager.py:177
2025-01-16 02:30:00.790 29 DEBUG neutron.db.agents_db [req-6c4823ac-db27-48cd-b3d8-63a7fe1459e3 - - - - -] Agent healthcheck: found 2 active agents agent_health_check /var/lib/kolla/venv/lib/python3.6/site-packages/neutron/db/agents_db.py:318
2025-01-16 02:30:12.802 27 DEBUG neutron_lib.callbacks.manager [req-83e2106d-e7d7-4908-908c-e6f048bbd1a0 - - - - -] Publish callbacks ['neutron.services.segments.db._update_segment_host_mapping_for_agent-8771661253491', 'neutron.plugins.ml2.plugin.Ml2Plugin._retry_binding_revived_agents--9223372036847149680'] for agent (1941da28-89df-4350-9ba8-e33a208ce9cb), after_update _notify_loop /var/lib/kolla/venv/lib/python3.6/site-packages/neutron_lib/callbacks/manager.py:177
2025-01-16 02:30:26.816 22 DEBUG neutron.wsgi [-] (22) accepted ('10.0.0.24', 45366) server /var/lib/kolla/venv/lib/python3.6/site-packages/eventlet/wsgi.py:1004
2025-01-16 02:30:26.820 22 INFO neutron.wsgi [-] 10.0.0.24 "GET / HTTP/1.1" status: 200 len: 227 time: 0.0032229
2025-01-16 02:30:28.438 26 DEBUG neutron_lib.callbacks.manager [req-fd801853-bdae-44b1-8251-cc9a78ce2a8b - - - - -] Publish callbacks ['neutron.services.segments.db._update_segment_host_mapping_for_agent-8771661253491', 'neutron.plugins.ml2.plugin.Ml2Plugin._retry_binding_revived_agents--9223372036847149680'] for agent (6ab1ff70-48cb-48f0-ad87-908640992fcb), after_update _notify_loop /var/lib/kolla/venv/lib/python3.6/site-packages/neutron_lib/callbacks/manager.py:177
2025-01-16 02:30:37.788 29 DEBUG neutron.db.agents_db [req-6c4823ac-db27-48cd-b3d8-63a7fe1459e3 - - - - -] Agent healthcheck: found 2 active agents agent_health_check /var/lib/kolla/venv/lib/python3.6/site-packages/neutron/db/agents_db.py:318
2025-01-16 02:30:42.764 25 DEBUG neutron_lib.callbacks.manager [req-83e2106d-e7d7-4908-908c-e6f048bbd1a0 - - - - -] Publish callbacks ['neutron.services.segments.db._update_segment_host_mapping_for_agent-8771661253491', 'neutron.plugins.ml2.plugin.Ml2Plugin._retry_binding_revived_agents--9223372036847149680'] for agent (1941da28-89df-4350-9ba8-e33a208ce9cb), after_update _notify_loop /var/lib/kolla/venv/lib/python3.6/site-packages/neutron_lib/callbacks/manager.py:177
2025-01-16 02:30:43.087 7 INFO oslo_service.service [-] Caught SIGTERM, stopping children
2025-01-16 02:30:43.088 7 DEBUG oslo_concurrency.lockutils [-] Acquired lock "singleton_lock" lock /var/lib/kolla/venv/lib/python3.6/site-packages/oslo_concurrency/lockutils.py:294
2025-01-16 02:30:43.088 7 DEBUG oslo_concurrency.lockutils [-] Releasing lock "singleton_lock" lock /var/lib/kolla/venv/lib/python3.6/site-packages/oslo_concurrency/lockutils.py:312
2025-01-16 02:30:43.088 7 DEBUG oslo_service.service [-] Stop services. stop /var/lib/kolla/venv/lib/python3.6/site-packages/oslo_service/service.py:695
2025-01-16 02:30:43.089 7 DEBUG neutron.service [-] calling RpcWorker stop() stop /var/lib/kolla/venv/lib/python3.6/site-packages/neutron/service.py:138
2025-01-16 02:30:43.089 7 DEBUG neutron.service [-] calling RpcWorker stop() stop /var/lib/kolla/venv/lib/python3.6/site-packages/neutron/service.py:138
2025-01-16 02:30:43.089 7 DEBUG oslo_service.service [-] Killing children. stop /var/lib/kolla/venv/lib/python3.6/site-packages/oslo_service/service.py:700
2025-01-16 02:30:43.089 7 INFO oslo_service.service [-] Waiting on 8 children to exit
2025-01-16 02:30:43.089 27 DEBUG neutron.service [-] calling RpcWorker stop() stop /var/lib/kolla/venv/lib/python3.6/site-packages/neutron/service.py:138
2025-01-16 02:30:43.089 29 DEBUG neutron.service [-] calling RpcWorker stop() stop /var/lib/kolla/venv/lib/python3.6/site-packages/neutron/service.py:138
2025-01-16 02:30:43.089 25 DEBUG neutron.service [-] calling RpcWorker stop() stop /var/lib/kolla/venv/lib/python3.6/site-packages/neutron/service.py:138
2025-01-16 02:30:43.089 23 DEBUG neutron.service [-] calling RpcWorker stop() stop /var/lib/kolla/venv/lib/python3.6/site-packages/neutron/service.py:138
2025-01-16 02:30:43.090 22 INFO neutron.wsgi [-] (22) wsgi exited, is_accepting=True
2025-01-16 02:30:43.090 28 DEBUG neutron.service [-] calling RpcWorker stop() stop /var/lib/kolla/venv/lib/python3.6/site-packages/neutron/service.py:138
2025-01-16 02:30:43.090 29 DEBUG neutron.service [-] calling stop on stop /var/lib/kolla/venv/lib/python3.6/site-packages/neutron/service.py:141
2025-01-16 02:30:43.091 22 DEBUG oslo_concurrency.lockutils [req-62c07484-dee4-4c2b-99a8-87d84a941e7c - - - - -] Acquired lock "singleton_lock" lock /var/lib/kolla/venv/lib/python3.6/site-packages/oslo_concurrency/lockutils.py:294
2025-01-16 02:30:43.090 23 DEBUG neutron.service [-] calling stop on stop /var/lib/kolla/venv/lib/python3.6/site-packages/neutron/service.py:141
2025-01-16 02:30:43.091 22 DEBUG oslo_concurrency.lockutils [req-62c07484-dee4-4c2b-99a8-87d84a941e7c - - - - -] Releasing lock "singleton_lock" lock /var/lib/kolla/venv/lib/python3.6/site-packages/oslo_concurrency/lockutils.py:312
2025-01-16 02:30:43.091 26 DEBUG neutron.service [-] calling RpcWorker stop() stop /var/lib/kolla/venv/lib/python3.6/site-packages/neutron/service.py:138
2025-01-16 02:30:43.090 27 DEBUG neutron.service [-] calling stop on stop /var/lib/kolla/venv/lib/python3.6/site-packages/neutron/service.py:141
2025-01-16 02:30:43.090 25 DEBUG neutron.service [-] calling stop on stop /var/lib/kolla/venv/lib/python3.6/site-packages/neutron/service.py:141
2025-01-16 02:30:43.093 24 DEBUG neutron.service [-] calling RpcWorker stop() stop /var/lib/kolla/venv/lib/python3.6/site-packages/neutron/service.py:138
2025-01-16 02:30:43.090 28 DEBUG neutron.service [-] calling stop on stop /var/lib/kolla/venv/lib/python3.6/site-packages/neutron/service.py:141
2025-01-16 02:30:43.092 26 DEBUG neutron.service [-] calling stop on stop /var/lib/kolla/venv/lib/python3.6/site-packages/neutron/service.py:141
2025-01-16 02:30:43.093 24 DEBUG neutron.service [-] calling stop on stop /var/lib/kolla/venv/lib/python3.6/site-packages/neutron/service.py:141
2025-01-16 02:30:43.098 7 INFO oslo_service.service [-] Child 22 exited with status 0
2025-01-16 02:30:43.794 23 DEBUG neutron.service [-] calling stop on stop /var/lib/kolla/venv/lib/python3.6/site-packages/neutron/service.py:141
2025-01-16 02:30:43.811 23 DEBUG neutron.service [-] calling stop on stop /var/lib/kolla/venv/lib/python3.6/site-packages/neutron/service.py:141
2025-01-16 02:30:43.815 24 DEBUG neutron.service [-] calling stop on stop /var/lib/kolla/venv/lib/python3.6/site-packages/neutron/service.py:141
2025-01-16 02:30:43.817 25 DEBUG neutron.service [-] calling stop on stop /var/lib/kolla/venv/lib/python3.6/site-packages/neutron/service.py:141
2025-01-16 02:30:43.832 29 DEBUG oslo_concurrency.lockutils [req-62c07484-dee4-4c2b-99a8-87d84a941e7c - - - - -] Acquired lock "singleton_lock" lock /var/lib/kolla/venv/lib/python3.6/site-packages/oslo_concurrency/lockutils.py:294
2025-01-16 02:30:43.832 29 DEBUG oslo_concurrency.lockutils [req-62c07484-dee4-4c2b-99a8-87d84a941e7c - - - - -] Releasing lock "singleton_lock" lock /var/lib/kolla/venv/lib/python3.6/site-packages/oslo_concurrency/lockutils.py:312
2025-01-16 02:30:43.832 29 DEBUG neutron.service [req-62c07484-dee4-4c2b-99a8-87d84a941e7c - - - - -] calling RpcWorker wait() _wait /var/lib/kolla/venv/lib/python3.6/site-packages/neutron/service.py:128
2025-01-16 02:30:43.832 29 DEBUG neutron.service [req-62c07484-dee4-4c2b-99a8-87d84a941e7c - - - - -] calling wait on _wait /var/lib/kolla/venv/lib/python3.6/site-packages/neutron/service.py:131
2025-01-16 02:30:43.835 23 DEBUG neutron.service [-] calling stop on stop /var/lib/kolla/venv/lib/python3.6/site-packages/neutron/service.py:141
2025-01-16 02:30:43.841 29 WARNING amqp [req-62c07484-dee4-4c2b-99a8-87d84a941e7c - - - - -] Received method (60, 30) during closing channel 1. This method will be ignored
2025-01-16 02:30:43.842 29 DEBUG neutron.service [req-62c07484-dee4-4c2b-99a8-87d84a941e7c - - - - -] returning from RpcWorker wait() _wait /var/lib/kolla/venv/lib/python3.6/site-packages/neutron/service.py:135
2025-01-16 02:30:43.847 7 INFO oslo_service.service [-] Child 29 exited with status 0
2025-01-16 02:30:43.856 23 DEBUG oslo_concurrency.lockutils [req-62c07484-dee4-4c2b-99a8-87d84a941e7c - - - - -] Acquired lock "singleton_lock" lock /var/lib/kolla/venv/lib/python3.6/site-packages/oslo_concurrency/lockutils.py:294
2025-01-16 02:30:43.857 23 DEBUG oslo_concurrency.lockutils [req-62c07484-dee4-4c2b-99a8-87d84a941e7c - - - - -] Releasing lock "singleton_lock" lock /var/lib/kolla/venv/lib/python3.6/site-packages/oslo_concurrency/lockutils.py:312
2025-01-16 02:30:43.857 23 DEBUG neutron.service [req-62c07484-dee4-4c2b-99a8-87d84a941e7c - - - - -] calling RpcWorker wait() _wait /var/lib/kolla/venv/lib/python3.6/site-packages/neutron/service.py:128
2025-01-16 02:30:43.857 23 DEBUG neutron.service [req-62c07484-dee4-4c2b-99a8-87d84a941e7c - - - - -] calling wait on _wait /var/lib/kolla/venv/lib/python3.6/site-packages/neutron/service.py:131
2025-01-16 02:30:43.863 23 WARNING amqp [req-62c07484-dee4-4c2b-99a8-87d84a941e7c - - - - -] Received method (60, 30) during closing channel 1. This method will be ignored
2025-01-16 02:30:43.864 23 DEBUG neutron.service [req-62c07484-dee4-4c2b-99a8-87d84a941e7c - - - - -] calling wait on _wait /var/lib/kolla/venv/lib/python3.6/site-packages/neutron/service.py:131
2025-01-16 02:30:43.869 23 WARNING amqp [req-62c07484-dee4-4c2b-99a8-87d84a941e7c - - - - -] Received method (60, 30) during closing channel 1. This method will be ignored
2025-01-16 02:30:43.869 23 DEBUG neutron.service [req-62c07484-dee4-4c2b-99a8-87d84a941e7c - - - - -] calling wait on _wait /var/lib/kolla/venv/lib/python3.6/site-packages/neutron/service.py:131
2025-01-16 02:30:43.874 23 WARNING amqp [req-62c07484-dee4-4c2b-99a8-87d84a941e7c - - - - -] Received method (60, 30) during closing channel 1. This method will be ignored
2025-01-16 02:30:43.874 23 DEBUG neutron.service [req-62c07484-dee4-4c2b-99a8-87d84a941e7c - - - - -] calling wait on _wait /var/lib/kolla/venv/lib/python3.6/site-packages/neutron/service.py:131
2025-01-16 02:30:43.880 23 WARNING amqp [req-62c07484-dee4-4c2b-99a8-87d84a941e7c - - - - -] Received method (60, 30) during closing channel 1. This method will be ignored
2025-01-16 02:30:43.880 23 DEBUG neutron.service [req-62c07484-dee4-4c2b-99a8-87d84a941e7c - - - - -] returning from RpcWorker wait() _wait /var/lib/kolla/venv/lib/python3.6/site-packages/neutron/service.py:135
2025-01-16 02:30:43.885 7 INFO oslo_service.service [-] Child 23 exited with status 0
