2025-01-13 00:44:38.291 130894 DEBUG oslo_service.service [req-9d5ed626-b0ed-4994-8e8f-6c362aaf68d6 - - - - -] block_device_allocate_retries = 60 log_opt_values /usr/lib/python3/dist-packages/oslo_config/cfg.py:2602
2025-01-13 00:44:38.291 130894 DEBUG oslo_service.service [req-9d5ed626-b0ed-4994-8e8f-6c362aaf68d6 - - - - -] block_device_allocate_retries_interval = 3 log_opt_values /usr/lib/python3/dist-packages/oslo_config/cfg.py:2602
2025-01-13 00:44:38.291 130894 DEBUG oslo_service.service [req-9d5ed626-b0ed-4994-8e8f-6c362aaf68d6 - - - - -] cert = self.pem log_opt_values /usr/lib/python3/dist-packages/oslo_config/cfg.py:2602
2025-01-13 00:44:38.292 130894 DEBUG oslo_service.service [req-9d5ed626-b0ed-4994-8e8f-6c362aaf68d6 - - - - -] compute_driver = libvirt.LibvirtDriver log_opt_values /usr/lib/python3/dist-packages/oslo_config/cfg.py:2602
2025-01-13 00:44:38.292 130894 DEBUG oslo_service.service [req-9d5ed626-b0ed-4994-8e8f-6c362aaf68d6 - - - - -] compute_monitors = [] log_opt_values /usr/lib/python3/dist-packages/oslo_config/cfg.py:2602
2025-01-13 00:44:38.294 130894 DEBUG oslo_service.service [req-9d5ed626-b0ed-4994-8e8f-6c362aaf68d6 - - - - -] config_dir = [] log_opt_values /usr/lib/python3/dist-packages/oslo_config/cfg.py:2602
2025-01-13 00:44:38.294 130894 DEBUG oslo_service.service [req-9d5ed626-b0ed-4994-8e8f-6c362aaf68d6 - - - - -] config_drive_format = iso9660 log_opt_values /usr/lib/python3/dist-packages/oslo_config/cfg.py:2602
2025-01-13 00:44:38.295 130894 DEBUG oslo_service.service [req-9d5ed626-b0ed-4994-8e8f-6c362aaf68d6 - - - - -] config_file = ['/etc/nova/nova.conf'] log_opt_values /usr/lib/python3/dist-packages/oslo_config/cfg.py:2602
2025-01-13 00:44:38.295 130894 DEBUG oslo_service.service [req-9d5ed626-b0ed-4994-8e8f-6c362aaf68d6 - - - - -] config_source = [] log_opt_values /usr/lib/python3/dist-packages/oslo_config/cfg.py:2602
2025-01-13 00:44:38.296 130894 DEBUG oslo_service.service [req-9d5ed626-b0ed-4994-8e8f-6c362aaf68d6 - - - - -] console_host = juju-722981-0-lxd-7 log_opt_values /usr/lib/python3/dist-packages/oslo_config/cfg.py:2602
2025-01-13 00:44:38.297 130894 DEBUG oslo_service.service [req-9d5ed626-b0ed-4994-8e8f-6c362aaf68d6 - - - - -] control_exchange = nova log_opt_values /usr/lib/python3/dist-packages/oslo_config/cfg.py:2602
2025-01-13 00:44:38.298 130894 DEBUG oslo_service.service [req-9d5ed626-b0ed-4994-8e8f-6c362aaf68d6 - - - - -] cpu_allocation_ratio = 2.0 log_opt_values /usr/lib/python3/dist-packages/oslo_config/cfg.py:2602
2025-01-13 00:44:38.298 130894 DEBUG oslo_service.service [req-9d5ed626-b0ed-4994-8e8f-6c362aaf68d6 - - - - -] daemon = False log_opt_values /usr/lib/python3/dist-packages/oslo_config/cfg.py:2602
2025-01-13 00:44:38.300 130894 DEBUG oslo_service.service [req-9d5ed626-b0ed-4994-8e8f-6c362aaf68d6 - - - - -] debug = True log_opt_values /usr/lib/python3/dist-packages/oslo_config/cfg.py:2602
2025-01-13 00:44:38.300 131369 DEBUG oslo_db.sqlalchemy.engines [req-f794bb17-2908-47e1-88c0-0c01630f9b4a - - - - -] MySQL server mode set to STRICT_TRANS_TABLES,STRICT_ALL_TABLES,NO_ZERO_IN_DATE,NO_ZERO_DATE,ERROR_FOR_DIVISION_BY_ZERO,TRADITIONAL,NO_ENGINE_SUBSTITUTION _check_effective_sql_mode /usr/lib/python3/dist-packages/oslo_db/sqlalchemy/engines.py:314
2025-01-13 00:44:38.300 130894 DEBUG oslo_service.service [req-9d5ed626-b0ed-4994-8e8f-6c362aaf68d6 - - - - -] default_access_ip_network_name = None log_opt_values /usr/lib/python3/dist-packages/oslo_config/cfg.py:2602
2025-01-13 00:44:38.301 130894 DEBUG oslo_service.service [req-9d5ed626-b0ed-4994-8e8f-6c362aaf68d6 - - - - -] default_availability_zone = nova log_opt_values /usr/lib/python3/dist-packages/oslo_config/cfg.py:2602
2025-01-13 00:44:38.302 131358 DEBUG oslo_db.sqlalchemy.engines [req-584ac6a3-f603-4247-9051-a56a2bcc0861 - - - - -] MySQL server mode set to STRICT_TRANS_TABLES,STRICT_ALL_TABLES,NO_ZERO_IN_DATE,NO_ZERO_DATE,ERROR_FOR_DIVISION_BY_ZERO,TRADITIONAL,NO_ENGINE_SUBSTITUTION _check_effective_sql_mode /usr/lib/python3/dist-packages/oslo_db/sqlalchemy/engines.py:314
2025-01-13 00:44:38.302 130894 DEBUG oslo_service.service [req-9d5ed626-b0ed-4994-8e8f-6c362aaf68d6 - - - - -] default_ephemeral_format = None log_opt_values /usr/lib/python3/dist-packages/oslo_config/cfg.py:2602
2025-01-13 00:44:38.303 130894 DEBUG oslo_service.service [req-9d5ed626-b0ed-4994-8e8f-6c362aaf68d6 - - - - -] default_log_levels = ['amqp=WARN', 'amqplib=WARN', 'boto=WARN', 'qpid=WARN', 'sqlalchemy=WARN', 'suds=INFO', 'oslo.messaging=INFO', 'oslo_messaging=DEBUG', 'iso8601=WARN', 'requests.packages.urllib3.connectionpool=WARN', 'urllib3.connectionpool=WARN', 'websocket=WARN', 'requests.packages.urllib3.util.retry=WARN', 'urllib3.util.retry=WARN', 'keystonemiddleware=WARN', 'routes.middleware=WARN', 'stevedore=WARN', 'taskflow=WARN', 'keystoneauth=WARN', 'oslo.cache=INFO', 'dogpile.core.dogpile=INFO', 'glanceclient=WARN', 'oslo.privsep.daemon=INFO'] log_opt_values /usr/lib/python3/dist-packages/oslo_config/cfg.py:2602
2025-01-13 00:44:38.304 130894 DEBUG oslo_service.service [req-9d5ed626-b0ed-4994-8e8f-6c362aaf68d6 - - - - -] default_schedule_zone = None log_opt_values /usr/lib/python3/dist-packages/oslo_config/cfg.py:2602
2025-01-13 00:44:38.304 130894 DEBUG oslo_service.service [req-9d5ed626-b0ed-4994-8e8f-6c362aaf68d6 - - - - -] disk_allocation_ratio = 1.0 log_opt_values /usr/lib/python3/dist-packages/oslo_config/cfg.py:2602
2025-01-13 00:44:38.304 130894 DEBUG oslo_service.service [req-9d5ed626-b0ed-4994-8e8f-6c362aaf68d6 - - - - -] enable_new_services = True log_opt_values /usr/lib/python3/dist-packages/oslo_config/cfg.py:2602
2025-01-13 00:44:38.305 130894 DEBUG oslo_service.service [req-9d5ed626-b0ed-4994-8e8f-6c362aaf68d6 - - - - -] enabled_apis = ['osapi_compute', 'metadata'] log_opt_values /usr/lib/python3/dist-packages/oslo_config/cfg.py:2602
2025-01-13 00:44:38.306 131356 DEBUG nova.service [req-7e564658-4a5b-4095-8dbe-c0911d4be5ed - - - - -] Creating RPC server for service scheduler start /usr/lib/python3/dist-packages/nova/service.py:182
2025-01-13 00:44:38.306 130894 DEBUG oslo_service.service [req-9d5ed626-b0ed-4994-8e8f-6c362aaf68d6 - - - - -] enabled_ssl_apis = [] log_opt_values /usr/lib/python3/dist-packages/oslo_config/cfg.py:2602
2025-01-13 00:44:38.307 130894 DEBUG oslo_service.service [req-9d5ed626-b0ed-4994-8e8f-6c362aaf68d6 - - - - -] fatal_deprecations = False log_opt_values /usr/lib/python3/dist-packages/oslo_config/cfg.py:2602
2025-01-13 00:44:38.307 130894 DEBUG oslo_service.service [req-9d5ed626-b0ed-4994-8e8f-6c362aaf68d6 - - - - -] flat_injected = False log_opt_values /usr/lib/python3/dist-packages/oslo_config/cfg.py:2602
2025-01-13 00:44:38.308 130894 DEBUG oslo_service.service [req-9d5ed626-b0ed-4994-8e8f-6c362aaf68d6 - - - - -] force_config_drive = False log_opt_values /usr/lib/python3/dist-packages/oslo_config/cfg.py:2602
2025-01-13 00:44:38.309 130894 DEBUG oslo_service.service [req-9d5ed626-b0ed-4994-8e8f-6c362aaf68d6 - - - - -] force_raw_images = True log_opt_values /usr/lib/python3/dist-packages/oslo_config/cfg.py:2602
2025-01-13 00:44:38.309 130894 DEBUG oslo_service.service [req-9d5ed626-b0ed-4994-8e8f-6c362aaf68d6 - - - - -] graceful_shutdown_timeout = 60 log_opt_values /usr/lib/python3/dist-packages/oslo_config/cfg.py:2602
2025-01-13 00:44:38.310 130894 DEBUG oslo_service.service [req-9d5ed626-b0ed-4994-8e8f-6c362aaf68d6 - - - - -] heal_instance_info_cache_interval = 60 log_opt_values /usr/lib/python3/dist-packages/oslo_config/cfg.py:2602
2025-01-13 00:44:38.310 131346 DEBUG nova.service [req-ae7681d9-96bd-4f7e-9be5-75af6ec618d3 - - - - -] Creating RPC server for service scheduler start /usr/lib/python3/dist-packages/nova/service.py:182
2025-01-13 00:44:38.311 130894 DEBUG oslo_service.service [req-9d5ed626-b0ed-4994-8e8f-6c362aaf68d6 - - - - -] host = juju-722981-0-lxd-7 log_opt_values /usr/lib/python3/dist-packages/oslo_config/cfg.py:2602
2025-01-13 00:44:38.312 130894 DEBUG oslo_service.service [req-9d5ed626-b0ed-4994-8e8f-6c362aaf68d6 - - - - -] initial_cpu_allocation_ratio = 16.0 log_opt_values /usr/lib/python3/dist-packages/oslo_config/cfg.py:2602
2025-01-13 00:44:38.312 130894 DEBUG oslo_service.service [req-9d5ed626-b0ed-4994-8e8f-6c362aaf68d6 - - - - -] initial_disk_allocation_ratio = 1.0 log_opt_values /usr/lib/python3/dist-packages/oslo_config/cfg.py:2602
2025-01-13 00:44:38.313 130894 DEBUG oslo_service.service [req-9d5ed626-b0ed-4994-8e8f-6c362aaf68d6 - - - - -] initial_ram_allocation_ratio = 1.5 log_opt_values /usr/lib/python3/dist-packages/oslo_config/cfg.py:2602
2025-01-13 00:44:38.314 130894 DEBUG oslo_service.service [req-9d5ed626-b0ed-4994-8e8f-6c362aaf68d6 - - - - -] injected_network_template = /usr/lib/python3/dist-packages/nova/virt/interfaces.template log_opt_values /usr/lib/python3/dist-packages/oslo_config/cfg.py:2602
2025-01-13 00:44:38.314 130894 DEBUG oslo_service.service [req-9d5ed626-b0ed-4994-8e8f-6c362aaf68d6 - - - - -] instance_build_timeout = 0 log_opt_values /usr/lib/python3/dist-packages/oslo_config/cfg.py:2602
2025-01-13 00:44:38.315 130894 DEBUG oslo_service.service [req-9d5ed626-b0ed-4994-8e8f-6c362aaf68d6 - - - - -] instance_delete_interval = 300 log_opt_values /usr/lib/python3/dist-packages/oslo_config/cfg.py:2602
2025-01-13 00:44:38.316 130894 DEBUG oslo_service.service [req-9d5ed626-b0ed-4994-8e8f-6c362aaf68d6 - - - - -] instance_format = [instance: %(uuid)s] log_opt_values /usr/lib/python3/dist-packages/oslo_config/cfg.py:2602
2025-01-13 00:44:38.316 130894 DEBUG oslo_service.service [req-9d5ed626-b0ed-4994-8e8f-6c362aaf68d6 - - - - -] instance_name_template = instance-%08x log_opt_values /usr/lib/python3/dist-packages/oslo_config/cfg.py:2602
2025-01-13 00:44:38.317 130894 DEBUG oslo_service.service [req-9d5ed626-b0ed-4994-8e8f-6c362aaf68d6 - - - - -] instance_usage_audit = False log_opt_values /usr/lib/python3/dist-packages/oslo_config/cfg.py:2602
2025-01-13 00:44:38.317 130894 DEBUG oslo_service.service [req-9d5ed626-b0ed-4994-8e8f-6c362aaf68d6 - - - - -] instance_usage_audit_period = month log_opt_values /usr/lib/python3/dist-packages/oslo_config/cfg.py:2602
2025-01-13 00:44:38.318 130894 DEBUG oslo_service.service [req-9d5ed626-b0ed-4994-8e8f-6c362aaf68d6 - - - - -] instance_uuid_format = [instance: %(uuid)s] log_opt_values /usr/lib/python3/dist-packages/oslo_config/cfg.py:2602
2025-01-13 00:44:38.319 130894 DEBUG oslo_service.service [req-9d5ed626-b0ed-4994-8e8f-6c362aaf68d6 - - - - -] instances_path = /var/lib/nova/instances log_opt_values /usr/lib/python3/dist-packages/oslo_config/cfg.py:2602
2025-01-13 00:44:38.319 130894 DEBUG oslo_service.service [req-9d5ed626-b0ed-4994-8e8f-6c362aaf68d6 - - - - -] internal_service_availability_zone = internal log_opt_values /usr/lib/python3/dist-packages/oslo_config/cfg.py:2602
2025-01-13 00:44:38.319 130894 DEBUG oslo_service.service [req-9d5ed626-b0ed-4994-8e8f-6c362aaf68d6 - - - - -] key = None log_opt_values /usr/lib/python3/dist-packages/oslo_config/cfg.py:2602
2025-01-13 00:44:38.320 130894 DEBUG oslo_service.service [req-9d5ed626-b0ed-4994-8e8f-6c362aaf68d6 - - - - -] live_migration_retry_count = 30 log_opt_values /usr/lib/python3/dist-packages/oslo_config/cfg.py:2602
2025-01-13 00:44:38.320 130894 DEBUG oslo_service.service [req-9d5ed626-b0ed-4994-8e8f-6c362aaf68d6 - - - - -] log_config_append = None log_opt_values /usr/lib/python3/dist-packages/oslo_config/cfg.py:2602
2025-01-13 00:44:38.320 130894 DEBUG oslo_service.service [req-9d5ed626-b0ed-4994-8e8f-6c362aaf68d6 - - - - -] log_date_format = %Y-%m-%d %H:%M:%S log_opt_values /usr/lib/python3/dist-packages/oslo_config/cfg.py:2602
2025-01-13 00:44:38.321 130894 DEBUG oslo_service.service [req-9d5ed626-b0ed-4994-8e8f-6c362aaf68d6 - - - - -] log_dir = /var/log/nova log_opt_values /usr/lib/python3/dist-packages/oslo_config/cfg.py:2602
2025-01-13 00:44:38.322 130894 DEBUG oslo_service.service [req-9d5ed626-b0ed-4994-8e8f-6c362aaf68d6 - - - - -] log_file = /var/log/nova/nova-scheduler.log log_opt_values /usr/lib/python3/dist-packages/oslo_config/cfg.py:2602
2025-01-13 00:44:38.322 130894 DEBUG oslo_service.service [req-9d5ed626-b0ed-4994-8e8f-6c362aaf68d6 - - - - -] log_options = True log_opt_values /usr/lib/python3/dist-packages/oslo_config/cfg.py:2602
2025-01-13 00:44:38.322 130894 DEBUG oslo_service.service [req-9d5ed626-b0ed-4994-8e8f-6c362aaf68d6 - - - - -] log_rotate_interval = 1 log_opt_values /usr/lib/python3/dist-packages/oslo_config/cfg.py:2602
2025-01-13 00:44:38.323 130894 DEBUG oslo_service.service [req-9d5ed626-b0ed-4994-8e8f-6c362aaf68d6 - - - - -] log_rotate_interval_type = days log_opt_values /usr/lib/python3/dist-packages/oslo_config/cfg.py:2602
2025-01-13 00:44:38.323 130894 DEBUG oslo_service.service [req-9d5ed626-b0ed-4994-8e8f-6c362aaf68d6 - - - - -] log_rotation_type = none log_opt_values /usr/lib/python3/dist-packages/oslo_config/cfg.py:2602
2025-01-13 00:44:38.324 130894 DEBUG oslo_service.service [req-9d5ed626-b0ed-4994-8e8f-6c362aaf68d6 - - - - -] logging_context_format_string = %(asctime)s.%(msecs)03d %(process)d %(levelname)s %(name)s [%(request_id)s %(user_identity)s] %(instance)s%(message)s log_opt_values /usr/lib/python3/dist-packages/oslo_config/cfg.py:2602
2025-01-13 00:44:38.324 130894 DEBUG oslo_service.service [req-9d5ed626-b0ed-4994-8e8f-6c362aaf68d6 - - - - -] logging_debug_format_suffix = %(funcName)s %(pathname)s:%(lineno)d log_opt_values /usr/lib/python3/dist-packages/oslo_config/cfg.py:2602
2025-01-13 00:44:38.325 130894 DEBUG oslo_service.service [req-9d5ed626-b0ed-4994-8e8f-6c362aaf68d6 - - - - -] logging_default_format_string = %(asctime)s.%(msecs)03d %(process)d %(levelname)s %(name)s [-] %(instance)s%(message)s log_opt_values /usr/lib/python3/dist-packages/oslo_config/cfg.py:2602
2025-01-13 00:44:38.325 130894 DEBUG oslo_service.service [req-9d5ed626-b0ed-4994-8e8f-6c362aaf68d6 - - - - -] logging_exception_prefix = %(asctime)s.%(msecs)03d %(process)d ERROR %(name)s %(instance)s log_opt_values /usr/lib/python3/dist-packages/oslo_config/cfg.py:2602
2025-01-13 00:44:38.325 130894 DEBUG oslo_service.service [req-9d5ed626-b0ed-4994-8e8f-6c362aaf68d6 - - - - -] logging_user_identity_format = %(user)s %(project)s %(domain)s %(user_domain)s %(project_domain)s log_opt_values /usr/lib/python3/dist-packages/oslo_config/cfg.py:2602
2025-01-13 00:44:38.325 130894 DEBUG oslo_service.service [req-9d5ed626-b0ed-4994-8e8f-6c362aaf68d6 - - - - -] long_rpc_timeout = 1800 log_opt_values /usr/lib/python3/dist-packages/oslo_config/cfg.py:2602
2025-01-13 00:44:38.326 130894 DEBUG oslo_service.service [req-9d5ed626-b0ed-4994-8e8f-6c362aaf68d6 - - - - -] max_concurrent_builds = 10 log_opt_values /usr/lib/python3/dist-packages/oslo_config/cfg.py:2602
2025-01-13 00:44:38.326 130894 DEBUG oslo_service.service [req-9d5ed626-b0ed-4994-8e8f-6c362aaf68d6 - - - - -] max_concurrent_live_migrations = 1 log_opt_values /usr/lib/python3/dist-packages/oslo_config/cfg.py:2602
2025-01-13 00:44:38.328 130894 DEBUG oslo_service.service [req-9d5ed626-b0ed-4994-8e8f-6c362aaf68d6 - - - - -] max_concurrent_snapshots = 5 log_opt_values /usr/lib/python3/dist-packages/oslo_config/cfg.py:2602
2025-01-13 00:44:38.328 130894 DEBUG oslo_service.service [req-9d5ed626-b0ed-4994-8e8f-6c362aaf68d6 - - - - -] max_local_block_devices = 3 log_opt_values /usr/lib/python3/dist-packages/oslo_config/cfg.py:2602
2025-01-13 00:44:38.328 130894 DEBUG oslo_service.service [req-9d5ed626-b0ed-4994-8e8f-6c362aaf68d6 - - - - -] max_logfile_count = 30 log_opt_values /usr/lib/python3/dist-packages/oslo_config/cfg.py:2602
2025-01-13 00:44:38.328 130894 DEBUG oslo_service.service [req-9d5ed626-b0ed-4994-8e8f-6c362aaf68d6 - - - - -] max_logfile_size_mb = 200 log_opt_values /usr/lib/python3/dist-packages/oslo_config/cfg.py:2602
2025-01-13 00:44:38.329 130894 DEBUG oslo_service.service [req-9d5ed626-b0ed-4994-8e8f-6c362aaf68d6 - - - - -] maximum_instance_delete_attempts = 5 log_opt_values /usr/lib/python3/dist-packages/oslo_config/cfg.py:2602
2025-01-13 00:44:38.329 130894 DEBUG oslo_service.service [req-9d5ed626-b0ed-4994-8e8f-6c362aaf68d6 - - - - -] metadata_listen = 0.0.0.0 log_opt_values /usr/lib/python3/dist-packages/oslo_config/cfg.py:2602
2025-01-13 00:44:38.329 131369 DEBUG nova.service [req-f794bb17-2908-47e1-88c0-0c01630f9b4a - - - - -] Creating RPC server for service scheduler start /usr/lib/python3/dist-packages/nova/service.py:182
2025-01-13 00:44:38.329 130894 DEBUG oslo_service.service [req-9d5ed626-b0ed-4994-8e8f-6c362aaf68d6 - - - - -] metadata_listen_port = 8765 log_opt_values /usr/lib/python3/dist-packages/oslo_config/cfg.py:2602
2025-01-13 00:44:38.330 130894 DEBUG oslo_service.service [req-9d5ed626-b0ed-4994-8e8f-6c362aaf68d6 - - - - -] metadata_workers = None log_opt_values /usr/lib/python3/dist-packages/oslo_config/cfg.py:2602
2025-01-13 00:44:38.330 130894 DEBUG oslo_service.service [req-9d5ed626-b0ed-4994-8e8f-6c362aaf68d6 - - - - -] migrate_max_retries = -1 log_opt_values /usr/lib/python3/dist-packages/oslo_config/cfg.py:2602
2025-01-13 00:44:38.330 130894 DEBUG oslo_service.service [req-9d5ed626-b0ed-4994-8e8f-6c362aaf68d6 - - - - -] mkisofs_cmd = genisoimage log_opt_values /usr/lib/python3/dist-packages/oslo_config/cfg.py:2602
2025-01-13 00:44:38.331 130894 DEBUG oslo_service.service [req-9d5ed626-b0ed-4994-8e8f-6c362aaf68d6 - - - - -] my_block_storage_ip = 252.44.11.108 log_opt_values /usr/lib/python3/dist-packages/oslo_config/cfg.py:2602
2025-01-13 00:44:38.331 130894 DEBUG oslo_service.service [req-9d5ed626-b0ed-4994-8e8f-6c362aaf68d6 - - - - -] my_ip = 252.44.11.108 log_opt_values /usr/lib/python3/dist-packages/oslo_config/cfg.py:2602
2025-01-13 00:44:38.332 130894 DEBUG oslo_service.service [req-9d5ed626-b0ed-4994-8e8f-6c362aaf68d6 - - - - -] network_allocate_retries = 0 log_opt_values /usr/lib/python3/dist-packages/oslo_config/cfg.py:2602
2025-01-13 00:44:38.332 130894 DEBUG oslo_service.service [req-9d5ed626-b0ed-4994-8e8f-6c362aaf68d6 - - - - -] non_inheritable_image_properties = ['cache_in_nova', 'bittorrent'] log_opt_values /usr/lib/python3/dist-packages/oslo_config/cfg.py:2602
2025-01-13 00:44:38.333 130894 DEBUG oslo_service.service [req-9d5ed626-b0ed-4994-8e8f-6c362aaf68d6 - - - - -] osapi_compute_listen = 0.0.0.0 log_opt_values /usr/lib/python3/dist-packages/oslo_config/cfg.py:2602
2025-01-13 00:44:38.333 130894 DEBUG oslo_service.service [req-9d5ed626-b0ed-4994-8e8f-6c362aaf68d6 - - - - -] osapi_compute_listen_port = 8764 log_opt_values /usr/lib/python3/dist-packages/oslo_config/cfg.py:2602
2025-01-13 00:44:38.333 130894 DEBUG oslo_service.service [req-9d5ed626-b0ed-4994-8e8f-6c362aaf68d6 - - - - -] osapi_compute_unique_server_name_scope = log_opt_values /usr/lib/python3/dist-packages/oslo_config/cfg.py:2602
2025-01-13 00:44:38.334 130894 DEBUG oslo_service.service [req-9d5ed626-b0ed-4994-8e8f-6c362aaf68d6 - - - - -] osapi_compute_workers = 4 log_opt_values /usr/lib/python3/dist-packages/oslo_config/cfg.py:2602
2025-01-13 00:44:38.333 131358 DEBUG nova.service [req-584ac6a3-f603-4247-9051-a56a2bcc0861 - - - - -] Creating RPC server for service scheduler start /usr/lib/python3/dist-packages/nova/service.py:182
2025-01-13 00:44:38.334 130894 DEBUG oslo_service.service [req-9d5ed626-b0ed-4994-8e8f-6c362aaf68d6 - - - - -] password_length = 12 log_opt_values /usr/lib/python3/dist-packages/oslo_config/cfg.py:2602
2025-01-13 00:44:38.335 130894 DEBUG oslo_service.service [req-9d5ed626-b0ed-4994-8e8f-6c362aaf68d6 - - - - -] periodic_enable = True log_opt_values /usr/lib/python3/dist-packages/oslo_config/cfg.py:2602
2025-01-13 00:44:38.335 130894 DEBUG oslo_service.service [req-9d5ed626-b0ed-4994-8e8f-6c362aaf68d6 - - - - -] periodic_fuzzy_delay = 60 log_opt_values /usr/lib/python3/dist-packages/oslo_config/cfg.py:2602
2025-01-13 00:44:38.335 130894 DEBUG oslo_service.service [req-9d5ed626-b0ed-4994-8e8f-6c362aaf68d6 - - - - -] pointer_model = usbtablet log_opt_values /usr/lib/python3/dist-packages/oslo_config/cfg.py:2602
2025-01-13 00:44:38.335 130894 DEBUG oslo_service.service [req-9d5ed626-b0ed-4994-8e8f-6c362aaf68d6 - - - - -] preallocate_images = none log_opt_values /usr/lib/python3/dist-packages/oslo_config/cfg.py:2602
2025-01-13 00:44:38.336 130894 DEBUG oslo_service.service [req-9d5ed626-b0ed-4994-8e8f-6c362aaf68d6 - - - - -] publish_errors = False log_opt_values /usr/lib/python3/dist-packages/oslo_config/cfg.py:2602
2025-01-13 00:44:38.336 130894 DEBUG oslo_service.service [req-9d5ed626-b0ed-4994-8e8f-6c362aaf68d6 - - - - -] pybasedir = /usr/lib/python3/dist-packages log_opt_values /usr/lib/python3/dist-packages/oslo_config/cfg.py:2602
2025-01-13 00:44:38.336 130894 DEBUG oslo_service.service [req-9d5ed626-b0ed-4994-8e8f-6c362aaf68d6 - - - - -] ram_allocation_ratio = 0.98 log_opt_values /usr/lib/python3/dist-packages/oslo_config/cfg.py:2602
2025-01-13 00:44:38.337 130894 DEBUG oslo_service.service [req-9d5ed626-b0ed-4994-8e8f-6c362aaf68d6 - - - - -] rate_limit_burst = 0 log_opt_values /usr/lib/python3/dist-packages/oslo_config/cfg.py:2602
2025-01-13 00:44:38.337 130894 DEBUG oslo_service.service [req-9d5ed626-b0ed-4994-8e8f-6c362aaf68d6 - - - - -] rate_limit_except_level = CRITICAL log_opt_values /usr/lib/python3/dist-packages/oslo_config/cfg.py:2602
2025-01-13 00:44:38.338 130894 DEBUG oslo_service.service [req-9d5ed626-b0ed-4994-8e8f-6c362aaf68d6 - - - - -] rate_limit_interval = 0 log_opt_values /usr/lib/python3/dist-packages/oslo_config/cfg.py:2602
2025-01-13 00:44:38.339 130894 DEBUG oslo_service.service [req-9d5ed626-b0ed-4994-8e8f-6c362aaf68d6 - - - - -] reboot_timeout = 0 log_opt_values /usr/lib/python3/dist-packages/oslo_config/cfg.py:2602
2025-01-13 00:44:38.340 130894 DEBUG oslo_service.service [req-9d5ed626-b0ed-4994-8e8f-6c362aaf68d6 - - - - -] reclaim_instance_interval = 0 log_opt_values /usr/lib/python3/dist-packages/oslo_config/cfg.py:2602
2025-01-13 00:44:38.340 130894 DEBUG oslo_service.service [req-9d5ed626-b0ed-4994-8e8f-6c362aaf68d6 - - - - -] record = None log_opt_values /usr/lib/python3/dist-packages/oslo_config/cfg.py:2602
2025-01-13 00:44:38.340 130894 DEBUG oslo_service.service [req-9d5ed626-b0ed-4994-8e8f-6c362aaf68d6 - - - - -] report_interval = 10 log_opt_values /usr/lib/python3/dist-packages/oslo_config/cfg.py:2602
2025-01-13 00:44:38.340 130894 DEBUG oslo_service.service [req-9d5ed626-b0ed-4994-8e8f-6c362aaf68d6 - - - - -] rescue_timeout = 0 log_opt_values /usr/lib/python3/dist-packages/oslo_config/cfg.py:2602
2025-01-13 00:44:38.341 130894 DEBUG oslo_service.service [req-9d5ed626-b0ed-4994-8e8f-6c362aaf68d6 - - - - -] reserved_host_cpus = 0 log_opt_values /usr/lib/python3/dist-packages/oslo_config/cfg.py:2602
2025-01-13 00:44:38.342 130894 DEBUG oslo_service.service [req-9d5ed626-b0ed-4994-8e8f-6c362aaf68d6 - - - - -] reserved_host_disk_mb = 0 log_opt_values /usr/lib/python3/dist-packages/oslo_config/cfg.py:2602
2025-01-13 00:44:38.343 130894 DEBUG oslo_service.service [req-9d5ed626-b0ed-4994-8e8f-6c362aaf68d6 - - - - -] reserved_host_memory_mb = 512 log_opt_values /usr/lib/python3/dist-packages/oslo_config/cfg.py:2602
2025-01-13 00:44:38.343 130894 DEBUG oslo_service.service [req-9d5ed626-b0ed-4994-8e8f-6c362aaf68d6 - - - - -] reserved_huge_pages = None log_opt_values /usr/lib/python3/dist-packages/oslo_config/cfg.py:2602
2025-01-13 00:44:38.343 130894 DEBUG oslo_service.service [req-9d5ed626-b0ed-4994-8e8f-6c362aaf68d6 - - - - -] resize_confirm_window = 0 log_opt_values /usr/lib/python3/dist-packages/oslo_config/cfg.py:2602
2025-01-13 00:44:38.344 130894 DEBUG oslo_service.service [req-9d5ed626-b0ed-4994-8e8f-6c362aaf68d6 - - - - -] resize_fs_using_block_device = False log_opt_values /usr/lib/python3/dist-packages/oslo_config/cfg.py:2602
2025-01-13 00:44:38.344 130894 DEBUG oslo_service.service [req-9d5ed626-b0ed-4994-8e8f-6c362aaf68d6 - - - - -] resume_guests_state_on_host_boot = False log_opt_values /usr/lib/python3/dist-packages/oslo_config/cfg.py:2602
2025-01-13 00:44:38.345 130894 DEBUG oslo_service.service [req-9d5ed626-b0ed-4994-8e8f-6c362aaf68d6 - - - - -] rootwrap_config = /etc/nova/rootwrap.conf log_opt_values /usr/lib/python3/dist-packages/oslo_config/cfg.py:2602
2025-01-13 00:44:38.345 130894 DEBUG oslo_service.service [req-9d5ed626-b0ed-4994-8e8f-6c362aaf68d6 - - - - -] run_external_periodic_tasks = True log_opt_values /usr/lib/python3/dist-packages/oslo_config/cfg.py:2602
2025-01-13 00:44:38.346 130894 DEBUG oslo_service.service [req-9d5ed626-b0ed-4994-8e8f-6c362aaf68d6 - - - - -] running_deleted_instance_action = reap log_opt_values /usr/lib/python3/dist-packages/oslo_config/cfg.py:2602
2025-01-13 00:44:38.347 130894 DEBUG oslo_service.service [req-9d5ed626-b0ed-4994-8e8f-6c362aaf68d6 - - - - -] running_deleted_instance_poll_interval = 1800 log_opt_values /usr/lib/python3/dist-packages/oslo_config/cfg.py:2602
2025-01-13 00:44:38.347 130894 DEBUG oslo_service.service [req-9d5ed626-b0ed-4994-8e8f-6c362aaf68d6 - - - - -] running_deleted_instance_timeout = 0 log_opt_values /usr/lib/python3/dist-packages/oslo_config/cfg.py:2602
2025-01-13 00:44:38.347 130894 DEBUG oslo_service.service [req-9d5ed626-b0ed-4994-8e8f-6c362aaf68d6 - - - - -] scheduler_instance_sync_interval = 120 log_opt_values /usr/lib/python3/dist-packages/oslo_config/cfg.py:2602
2025-01-13 00:44:38.349 130894 DEBUG oslo_service.service [req-9d5ed626-b0ed-4994-8e8f-6c362aaf68d6 - - - - -] service_down_time = 60 log_opt_values /usr/lib/python3/dist-packages/oslo_config/cfg.py:2602
2025-01-13 00:44:38.349 130894 DEBUG oslo_service.service [req-9d5ed626-b0ed-4994-8e8f-6c362aaf68d6 - - - - -] servicegroup_driver = db log_opt_values /usr/lib/python3/dist-packages/oslo_config/cfg.py:2602
2025-01-13 00:44:38.350 130894 DEBUG oslo_service.service [req-9d5ed626-b0ed-4994-8e8f-6c362aaf68d6 - - - - -] shelved_offload_time = 0 log_opt_values /usr/lib/python3/dist-packages/oslo_config/cfg.py:2602
2025-01-13 00:44:38.350 130894 DEBUG oslo_service.service [req-9d5ed626-b0ed-4994-8e8f-6c362aaf68d6 - - - - -] shelved_poll_interval = 3600 log_opt_values /usr/lib/python3/dist-packages/oslo_config/cfg.py:2602
2025-01-13 00:44:38.351 130894 DEBUG oslo_service.service [req-9d5ed626-b0ed-4994-8e8f-6c362aaf68d6 - - - - -] shutdown_timeout = 60 log_opt_values /usr/lib/python3/dist-packages/oslo_config/cfg.py:2602
2025-01-13 00:44:38.352 130894 DEBUG oslo_service.service [req-9d5ed626-b0ed-4994-8e8f-6c362aaf68d6 - - - - -] source_is_ipv6 = False log_opt_values /usr/lib/python3/dist-packages/oslo_config/cfg.py:2602
2025-01-13 00:44:38.354 130894 DEBUG oslo_service.service [req-9d5ed626-b0ed-4994-8e8f-6c362aaf68d6 - - - - -] ssl_only = False log_opt_values /usr/lib/python3/dist-packages/oslo_config/cfg.py:2602
2025-01-13 00:44:38.355 130894 DEBUG oslo_service.service [req-9d5ed626-b0ed-4994-8e8f-6c362aaf68d6 - - - - -] state_path = /var/lib/nova log_opt_values /usr/lib/python3/dist-packages/oslo_config/cfg.py:2602
2025-01-13 00:44:38.356 131356 DEBUG oslo_messaging._drivers.amqpdriver [-] Listener is running poll /usr/lib/python3/dist-packages/oslo_messaging/_drivers/amqpdriver.py:343
2025-01-13 00:44:38.356 131356 DEBUG oslo_messaging._drivers.amqpdriver [-] AMQPListener connection consume poll /usr/lib/python3/dist-packages/oslo_messaging/_drivers/amqpdriver.py:357
2025-01-13 00:44:38.356 130894 DEBUG oslo_service.service [req-9d5ed626-b0ed-4994-8e8f-6c362aaf68d6 - - - - -] sync_power_state_interval = 600 log_opt_values /usr/lib/python3/dist-packages/oslo_config/cfg.py:2602
2025-01-13 00:44:38.357 130894 DEBUG oslo_service.service [req-9d5ed626-b0ed-4994-8e8f-6c362aaf68d6 - - - - -] sync_power_state_pool_size = 1000 log_opt_values /usr/lib/python3/dist-packages/oslo_config/cfg.py:2602
2025-01-13 00:44:38.357 130894 DEBUG oslo_service.service [req-9d5ed626-b0ed-4994-8e8f-6c362aaf68d6 - - - - -] syslog_log_facility = LOG_USER log_opt_values /usr/lib/python3/dist-packages/oslo_config/cfg.py:2602
2025-01-13 00:44:38.358 130894 DEBUG oslo_service.service [req-9d5ed626-b0ed-4994-8e8f-6c362aaf68d6 - - - - -] tempdir = None log_opt_values /usr/lib/python3/dist-packages/oslo_config/cfg.py:2602
2025-01-13 00:44:38.358 130894 DEBUG oslo_service.service [req-9d5ed626-b0ed-4994-8e8f-6c362aaf68d6 - - - - -] timeout_nbd = 10 log_opt_values /usr/lib/python3/dist-packages/oslo_config/cfg.py:2602
2025-01-13 00:44:38.358 130894 DEBUG oslo_service.service [req-9d5ed626-b0ed-4994-8e8f-6c362aaf68d6 - - - - -] transport_url = **** log_opt_values /usr/lib/python3/dist-packages/oslo_config/cfg.py:2602
2025-01-13 00:44:38.359 130894 DEBUG oslo_service.service [req-9d5ed626-b0ed-4994-8e8f-6c362aaf68d6 - - - - -] update_resources_interval = 0 log_opt_values /usr/lib/python3/dist-packages/oslo_config/cfg.py:2602
2025-01-13 00:44:38.359 130894 DEBUG oslo_service.service [req-9d5ed626-b0ed-4994-8e8f-6c362aaf68d6 - - - - -] use_cow_images = True log_opt_values /usr/lib/python3/dist-packages/oslo_config/cfg.py:2602
2025-01-13 00:44:38.359 130894 DEBUG oslo_service.service [req-9d5ed626-b0ed-4994-8e8f-6c362aaf68d6 - - - - -] use_eventlog = False log_opt_values /usr/lib/python3/dist-packages/oslo_config/cfg.py:2602
2025-01-13 00:44:38.359 130894 DEBUG oslo_service.service [req-9d5ed626-b0ed-4994-8e8f-6c362aaf68d6 - - - - -] use_journal = False log_opt_values /usr/lib/python3/dist-packages/oslo_config/cfg.py:2602
2025-01-13 00:44:38.360 130894 DEBUG oslo_service.service [req-9d5ed626-b0ed-4994-8e8f-6c362aaf68d6 - - - - -] use_json = False log_opt_values /usr/lib/python3/dist-packages/oslo_config/cfg.py:2602
2025-01-13 00:44:38.360 130894 DEBUG oslo_service.service [req-9d5ed626-b0ed-4994-8e8f-6c362aaf68d6 - - - - -] use_rootwrap_daemon = False log_opt_values /usr/lib/python3/dist-packages/oslo_config/cfg.py:2602
2025-01-13 00:44:38.360 130894 DEBUG oslo_service.service [req-9d5ed626-b0ed-4994-8e8f-6c362aaf68d6 - - - - -] use_stderr = False log_opt_values /usr/lib/python3/dist-packages/oslo_config/cfg.py:2602
2025-01-13 00:44:38.360 130894 DEBUG oslo_service.service [req-9d5ed626-b0ed-4994-8e8f-6c362aaf68d6 - - - - -] use_syslog = False log_opt_values /usr/lib/python3/dist-packages/oslo_config/cfg.py:2602
2025-01-13 00:44:38.360 130894 DEBUG oslo_service.service [req-9d5ed626-b0ed-4994-8e8f-6c362aaf68d6 - - - - -] vcpu_pin_set = None log_opt_values /usr/lib/python3/dist-packages/oslo_config/cfg.py:2602
2025-01-13 00:44:38.361 130894 DEBUG oslo_service.service [req-9d5ed626-b0ed-4994-8e8f-6c362aaf68d6 - - - - -] vif_plugging_is_fatal = True log_opt_values /usr/lib/python3/dist-packages/oslo_config/cfg.py:2602
2025-01-13 00:44:38.361 130894 DEBUG oslo_service.service [req-9d5ed626-b0ed-4994-8e8f-6c362aaf68d6 - - - - -] vif_plugging_timeout = 300 log_opt_values /usr/lib/python3/dist-packages/oslo_config/cfg.py:2602
2025-01-13 00:44:38.361 130894 DEBUG oslo_service.service [req-9d5ed626-b0ed-4994-8e8f-6c362aaf68d6 - - - - -] virt_mkfs = [] log_opt_values /usr/lib/python3/dist-packages/oslo_config/cfg.py:2602
2025-01-13 00:44:38.361 130894 DEBUG oslo_service.service [req-9d5ed626-b0ed-4994-8e8f-6c362aaf68d6 - - - - -] volume_usage_poll_interval = 0 log_opt_values /usr/lib/python3/dist-packages/oslo_config/cfg.py:2602
2025-01-13 00:44:38.362 130894 DEBUG oslo_service.service [req-9d5ed626-b0ed-4994-8e8f-6c362aaf68d6 - - - - -] watch_log_file = False log_opt_values /usr/lib/python3/dist-packages/oslo_config/cfg.py:2602
2025-01-13 00:44:38.362 130894 DEBUG oslo_service.service [req-9d5ed626-b0ed-4994-8e8f-6c362aaf68d6 - - - - -] web = /usr/share/spice-html5 log_opt_values /usr/lib/python3/dist-packages/oslo_config/cfg.py:2602
2025-01-13 00:44:38.363 130894 DEBUG oslo_service.service [req-9d5ed626-b0ed-4994-8e8f-6c362aaf68d6 - - - - -] oslo_concurrency.disable_process_locking = False log_opt_values /usr/lib/python3/dist-packages/oslo_config/cfg.py:2609
2025-01-13 00:44:38.363 130894 DEBUG oslo_service.service [req-9d5ed626-b0ed-4994-8e8f-6c362aaf68d6 - - - - -] oslo_concurrency.lock_path = /var/lock/nova log_opt_values /usr/lib/python3/dist-packages/oslo_config/cfg.py:2609
2025-01-13 00:44:38.363 131356 DEBUG nova.service [req-7e564658-4a5b-4095-8dbe-c0911d4be5ed - - - - -] Join ServiceGroup membership for this service scheduler start /usr/lib/python3/dist-packages/nova/service.py:199
2025-01-13 00:44:38.365 130894 WARNING oslo_config.cfg [req-9d5ed626-b0ed-4994-8e8f-6c362aaf68d6 - - - - -] Deprecated: Option "auth_strategy" from group "api" is deprecated for removal ( The only non-default choice, ``noauth2``, is for internal development and testing purposes only and should not be used in deployments. This option and its middleware, NoAuthMiddleware[V2_18], will be removed in a future release. ). Its value may be silently ignored in the future.
2025-01-13 00:44:38.365 131356 DEBUG nova.servicegroup.drivers.db [req-7e564658-4a5b-4095-8dbe-c0911d4be5ed - - - - -] DB_Driver: join new ServiceGroup member juju-722981-0-lxd-7 to the scheduler group, service = join /usr/lib/python3/dist-packages/nova/servicegroup/drivers/db.py:44
2025-01-13 00:44:38.365 130894 DEBUG oslo_service.service [req-9d5ed626-b0ed-4994-8e8f-6c362aaf68d6 - - - - -] api.auth_strategy = keystone log_opt_values /usr/lib/python3/dist-packages/oslo_config/cfg.py:2609
2025-01-13 00:44:38.365 130894 DEBUG oslo_service.service [req-9d5ed626-b0ed-4994-8e8f-6c362aaf68d6 - - - - -] api.compute_link_prefix = None log_opt_values /usr/lib/python3/dist-packages/oslo_config/cfg.py:2609
2025-01-13 00:44:38.366 130894 DEBUG oslo_service.service [req-9d5ed626-b0ed-4994-8e8f-6c362aaf68d6 - - - - -] api.config_drive_skip_versions = 1.0 2007-01-19 2007-03-01 2007-08-29 2007-10-10 2007-12-15 2008-02-01 2008-09-01 log_opt_values /usr/lib/python3/dist-packages/oslo_config/cfg.py:2609
2025-01-13 00:44:38.366 131369 DEBUG oslo_messaging._drivers.amqpdriver [-] Listener is running poll /usr/lib/python3/dist-packages/oslo_messaging/_drivers/amqpdriver.py:343
2025-01-13 00:44:38.366 130894 DEBUG oslo_service.service [req-9d5ed626-b0ed-4994-8e8f-6c362aaf68d6 - - - - -] api.dhcp_domain = novalocal log_opt_values /usr/lib/python3/dist-packages/oslo_config/cfg.py:2609
2025-01-13 00:44:38.366 131369 DEBUG oslo_messaging._drivers.amqpdriver [-] AMQPListener connection consume poll /usr/lib/python3/dist-packages/oslo_messaging/_drivers/amqpdriver.py:357
2025-01-13 00:44:38.366 130894 DEBUG oslo_service.service [req-9d5ed626-b0ed-4994-8e8f-6c362aaf68d6 - - - - -] api.enable_instance_password = True log_opt_values /usr/lib/python3/dist-packages/oslo_config/cfg.py:2609
2025-01-13 00:44:38.366 130894 DEBUG oslo_service.service [req-9d5ed626-b0ed-4994-8e8f-6c362aaf68d6 - - - - -] api.glance_link_prefix = None log_opt_values /usr/lib/python3/dist-packages/oslo_config/cfg.py:2609
2025-01-13 00:44:38.367 130894 DEBUG oslo_service.service [req-9d5ed626-b0ed-4994-8e8f-6c362aaf68d6 - - - - -] api.instance_list_cells_batch_fixed_size = 100 log_opt_values /usr/lib/python3/dist-packages/oslo_config/cfg.py:2609
2025-01-13 00:44:38.367 131369 DEBUG nova.service [req-f794bb17-2908-47e1-88c0-0c01630f9b4a - - - - -] Join ServiceGroup membership for this service scheduler start /usr/lib/python3/dist-packages/nova/service.py:199
2025-01-13 00:44:38.367 130894 DEBUG oslo_service.service [req-9d5ed626-b0ed-4994-8e8f-6c362aaf68d6 - - - - -] api.instance_list_cells_batch_strategy = distributed log_opt_values /usr/lib/python3/dist-packages/oslo_config/cfg.py:2609
2025-01-13 00:44:38.367 131369 DEBUG nova.servicegroup.drivers.db [req-f794bb17-2908-47e1-88c0-0c01630f9b4a - - - - -] DB_Driver: join new ServiceGroup member juju-722981-0-lxd-7 to the scheduler group, service = join /usr/lib/python3/dist-packages/nova/servicegroup/drivers/db.py:44
2025-01-13 00:44:38.367 130894 DEBUG oslo_service.service [req-9d5ed626-b0ed-4994-8e8f-6c362aaf68d6 - - - - -] api.instance_list_per_project_cells = False log_opt_values /usr/lib/python3/dist-packages/oslo_config/cfg.py:2609
2025-01-13 00:44:38.367 131356 DEBUG oslo_messaging._drivers.amqpdriver [-] AMQPListener connection timeout poll /usr/lib/python3/dist-packages/oslo_messaging/_drivers/amqpdriver.py:360
2025-01-13 00:44:38.368 130894 DEBUG oslo_service.service [req-9d5ed626-b0ed-4994-8e8f-6c362aaf68d6 - - - - -] api.list_records_by_skipping_down_cells = True log_opt_values /usr/lib/python3/dist-packages/oslo_config/cfg.py:2609
2025-01-13 00:44:38.368 131356 DEBUG oslo_messaging._drivers.amqpdriver [-] Listener is running poll /usr/lib/python3/dist-packages/oslo_messaging/_drivers/amqpdriver.py:343
2025-01-13 00:44:38.368 130894 DEBUG oslo_service.service [req-9d5ed626-b0ed-4994-8e8f-6c362aaf68d6 - - - - -] api.local_metadata_per_cell = False log_opt_values /usr/lib/python3/dist-packages/oslo_config/cfg.py:2609
2025-01-13 00:44:38.368 131356 DEBUG oslo_messaging._drivers.amqpdriver [-] AMQPListener connection consume poll /usr/lib/python3/dist-packages/oslo_messaging/_drivers/amqpdriver.py:357
2025-01-13 00:44:38.368 130894 DEBUG oslo_service.service [req-9d5ed626-b0ed-4994-8e8f-6c362aaf68d6 - - - - -] api.max_limit = 1000 log_opt_values /usr/lib/python3/dist-packages/oslo_config/cfg.py:2609
2025-01-13 00:44:38.369 130894 DEBUG oslo_service.service [req-9d5ed626-b0ed-4994-8e8f-6c362aaf68d6 - - - - -] api.metadata_cache_expiration = 15 log_opt_values /usr/lib/python3/dist-packages/oslo_config/cfg.py:2609
2025-01-13 00:44:38.369 130894 DEBUG oslo_service.service [req-9d5ed626-b0ed-4994-8e8f-6c362aaf68d6 - - - - -] api.neutron_default_tenant_id = default log_opt_values /usr/lib/python3/dist-packages/oslo_config/cfg.py:2609
2025-01-13 00:44:38.369 130894 DEBUG oslo_service.service [req-9d5ed626-b0ed-4994-8e8f-6c362aaf68d6 - - - - -] api.use_forwarded_for = False log_opt_values /usr/lib/python3/dist-packages/oslo_config/cfg.py:2609
2025-01-13 00:44:38.369 130894 DEBUG oslo_service.service [req-9d5ed626-b0ed-4994-8e8f-6c362aaf68d6 - - - - -] api.use_neutron_default_nets = False log_opt_values /usr/lib/python3/dist-packages/oslo_config/cfg.py:2609
2025-01-13 00:44:38.370 130894 DEBUG oslo_service.service [req-9d5ed626-b0ed-4994-8e8f-6c362aaf68d6 - - - - -] api.vendordata_dynamic_connect_timeout = 5 log_opt_values /usr/lib/python3/dist-packages/oslo_config/cfg.py:2609
2025-01-13 00:44:38.370 130894 DEBUG oslo_service.service [req-9d5ed626-b0ed-4994-8e8f-6c362aaf68d6 - - - - -] api.vendordata_dynamic_failure_fatal = False log_opt_values /usr/lib/python3/dist-packages/oslo_config/cfg.py:2609
2025-01-13 00:44:38.370 130894 DEBUG oslo_service.service [req-9d5ed626-b0ed-4994-8e8f-6c362aaf68d6 - - - - -] api.vendordata_dynamic_read_timeout = 5 log_opt_values /usr/lib/python3/dist-packages/oslo_config/cfg.py:2609
2025-01-13 00:44:38.370 131369 DEBUG oslo_messaging._drivers.amqpdriver [-] AMQPListener connection timeout poll /usr/lib/python3/dist-packages/oslo_messaging/_drivers/amqpdriver.py:360
2025-01-13 00:44:38.370 131369 DEBUG oslo_messaging._drivers.amqpdriver [-] Listener is running poll /usr/lib/python3/dist-packages/oslo_messaging/_drivers/amqpdriver.py:343
2025-01-13 00:44:38.370 130894 DEBUG oslo_service.service [req-9d5ed626-b0ed-4994-8e8f-6c362aaf68d6 - - - - -] api.vendordata_dynamic_ssl_certfile = log_opt_values /usr/lib/python3/dist-packages/oslo_config/cfg.py:2609
2025-01-13 00:44:38.370 131369 DEBUG oslo_messaging._drivers.amqpdriver [-] AMQPListener connection consume poll /usr/lib/python3/dist-packages/oslo_messaging/_drivers/amqpdriver.py:357
2025-01-13 00:44:38.370 131346 DEBUG oslo_messaging._drivers.amqpdriver [-] Listener is running poll /usr/lib/python3/dist-packages/oslo_messaging/_drivers/amqpdriver.py:343
2025-01-13 00:44:38.370 130894 DEBUG oslo_service.service [req-9d5ed626-b0ed-4994-8e8f-6c362aaf68d6 - - - - -] api.vendordata_dynamic_targets = [] log_opt_values /usr/lib/python3/dist-packages/oslo_config/cfg.py:2609
2025-01-13 00:44:38.371 130894 DEBUG oslo_service.service [req-9d5ed626-b0ed-4994-8e8f-6c362aaf68d6 - - - - -] api.vendordata_jsonfile_path = None log_opt_values /usr/lib/python3/dist-packages/oslo_config/cfg.py:2609
2025-01-13 00:44:38.371 131346 DEBUG oslo_messaging._drivers.amqpdriver [-] AMQPListener connection consume poll /usr/lib/python3/dist-packages/oslo_messaging/_drivers/amqpdriver.py:357
2025-01-13 00:44:38.371 130894 DEBUG oslo_service.service [req-9d5ed626-b0ed-4994-8e8f-6c362aaf68d6 - - - - -] api.vendordata_providers = ['StaticJSON'] log_opt_values /usr/lib/python3/dist-packages/oslo_config/cfg.py:2609
2025-01-13 00:44:38.371 130894 DEBUG oslo_service.service [req-9d5ed626-b0ed-4994-8e8f-6c362aaf68d6 - - - - -] cache.backend = dogpile.cache.null log_opt_values /usr/lib/python3/dist-packages/oslo_config/cfg.py:2609
2025-01-13 00:44:38.371 130894 DEBUG oslo_service.service [req-9d5ed626-b0ed-4994-8e8f-6c362aaf68d6 - - - - -] cache.backend_argument = **** log_opt_values /usr/lib/python3/dist-packages/oslo_config/cfg.py:2609
2025-01-13 00:44:38.372 130894 DEBUG oslo_service.service [req-9d5ed626-b0ed-4994-8e8f-6c362aaf68d6 - - - - -] cache.config_prefix = cache.oslo log_opt_values /usr/lib/python3/dist-packages/oslo_config/cfg.py:2609
2025-01-13 00:44:38.372 130894 DEBUG oslo_service.service [req-9d5ed626-b0ed-4994-8e8f-6c362aaf68d6 - - - - -] cache.debug_cache_backend = False log_opt_values /usr/lib/python3/dist-packages/oslo_config/cfg.py:2609
2025-01-13 00:44:38.372 131346 DEBUG nova.service [req-ae7681d9-96bd-4f7e-9be5-75af6ec618d3 - - - - -] Join ServiceGroup membership for this service scheduler start /usr/lib/python3/dist-packages/nova/service.py:199
2025-01-13 00:44:38.372 130894 DEBUG oslo_service.service [req-9d5ed626-b0ed-4994-8e8f-6c362aaf68d6 - - - - -] cache.enabled = False log_opt_values /usr/lib/python3/dist-packages/oslo_config/cfg.py:2609
2025-01-13 00:44:38.372 130894 DEBUG oslo_service.service [req-9d5ed626-b0ed-4994-8e8f-6c362aaf68d6 - - - - -] cache.expiration_time = 600 log_opt_values /usr/lib/python3/dist-packages/oslo_config/cfg.py:2609
2025-01-13 00:44:38.372 131346 DEBUG nova.servicegroup.drivers.db [req-ae7681d9-96bd-4f7e-9be5-75af6ec618d3 - - - - -] DB_Driver: join new ServiceGroup member juju-722981-0-lxd-7 to the scheduler group, service = join /usr/lib/python3/dist-packages/nova/servicegroup/drivers/db.py:44
2025-01-13 00:44:38.373 130894 DEBUG oslo_service.service [req-9d5ed626-b0ed-4994-8e8f-6c362aaf68d6 - - - - -] cache.memcache_dead_retry = 300 log_opt_values /usr/lib/python3/dist-packages/oslo_config/cfg.py:2609
2025-01-13 00:44:38.373 131358 DEBUG oslo_messaging._drivers.amqpdriver [-] Listener is running poll /usr/lib/python3/dist-packages/oslo_messaging/_drivers/amqpdriver.py:343
2025-01-13 00:44:38.373 130894 DEBUG oslo_service.service [req-9d5ed626-b0ed-4994-8e8f-6c362aaf68d6 - - - - -] cache.memcache_pool_connection_get_timeout = 10 log_opt_values /usr/lib/python3/dist-packages/oslo_config/cfg.py:2609
2025-01-13 00:44:38.373 131358 DEBUG oslo_messaging._drivers.amqpdriver [-] AMQPListener connection consume poll /usr/lib/python3/dist-packages/oslo_messaging/_drivers/amqpdriver.py:357
2025-01-13 00:44:38.373 130894 DEBUG oslo_service.service [req-9d5ed626-b0ed-4994-8e8f-6c362aaf68d6 - - - - -] cache.memcache_pool_flush_on_reconnect = False log_opt_values /usr/lib/python3/dist-packages/oslo_config/cfg.py:2609
2025-01-13 00:44:38.374 130894 DEBUG oslo_service.service [req-9d5ed626-b0ed-4994-8e8f-6c362aaf68d6 - - - - -] cache.memcache_pool_maxsize = 10 log_opt_values /usr/lib/python3/dist-packages/oslo_config/cfg.py:2609
2025-01-13 00:44:38.374 130894 DEBUG oslo_service.service [req-9d5ed626-b0ed-4994-8e8f-6c362aaf68d6 - - - - -] cache.memcache_pool_unused_timeout = 60 log_opt_values /usr/lib/python3/dist-packages/oslo_config/cfg.py:2609
2025-01-13 00:44:38.374 130894 DEBUG oslo_service.service [req-9d5ed626-b0ed-4994-8e8f-6c362aaf68d6 - - - - -] cache.memcache_servers = ['localhost:11211'] log_opt_values /usr/lib/python3/dist-packages/oslo_config/cfg.py:2609
2025-01-13 00:44:38.374 130894 DEBUG oslo_service.service [req-9d5ed626-b0ed-4994-8e8f-6c362aaf68d6 - - - - -] cache.memcache_socket_timeout = 1.0 log_opt_values /usr/lib/python3/dist-packages/oslo_config/cfg.py:2609
2025-01-13 00:44:38.375 130894 DEBUG oslo_service.service [req-9d5ed626-b0ed-4994-8e8f-6c362aaf68d6 - - - - -] cache.proxies = [] log_opt_values /usr/lib/python3/dist-packages/oslo_config/cfg.py:2609
2025-01-13 00:44:38.375 130894 DEBUG oslo_service.service [req-9d5ed626-b0ed-4994-8e8f-6c362aaf68d6 - - - - -] cache.tls_allowed_ciphers = None log_opt_values /usr/lib/python3/dist-packages/oslo_config/cfg.py:2609
2025-01-13 00:44:38.375 130894 DEBUG oslo_service.service [req-9d5ed626-b0ed-4994-8e8f-6c362aaf68d6 - - - - -] cache.tls_cafile = None log_opt_values /usr/lib/python3/dist-packages/oslo_config/cfg.py:2609
2025-01-13 00:44:38.375 130894 DEBUG oslo_service.service [req-9d5ed626-b0ed-4994-8e8f-6c362aaf68d6 - - - - -] cache.tls_certfile = None log_opt_values /usr/lib/python3/dist-packages/oslo_config/cfg.py:2609
2025-01-13 00:44:38.375 131358 DEBUG nova.service [req-584ac6a3-f603-4247-9051-a56a2bcc0861 - - - - -] Join ServiceGroup membership for this service scheduler start /usr/lib/python3/dist-packages/nova/service.py:199
2025-01-13 00:44:38.375 130894 DEBUG oslo_service.service [req-9d5ed626-b0ed-4994-8e8f-6c362aaf68d6 - - - - -] cache.tls_enabled = False log_opt_values /usr/lib/python3/dist-packages/oslo_config/cfg.py:2609
2025-01-13 00:44:38.376 130894 DEBUG oslo_service.service [req-9d5ed626-b0ed-4994-8e8f-6c362aaf68d6 - - - - -] cache.tls_keyfile = None log_opt_values /usr/lib/python3/dist-packages/oslo_config/cfg.py:2609
2025-01-13 00:44:38.376 131358 DEBUG nova.servicegroup.drivers.db [req-584ac6a3-f603-4247-9051-a56a2bcc0861 - - - - -] DB_Driver: join new ServiceGroup member juju-722981-0-lxd-7 to the scheduler group, service = join /usr/lib/python3/dist-packages/nova/servicegroup/drivers/db.py:44
2025-01-13 00:44:38.376 130894 DEBUG oslo_service.service [req-9d5ed626-b0ed-4994-8e8f-6c362aaf68d6 - - - - -] cinder.auth_section = None log_opt_values /usr/lib/python3/dist-packages/oslo_config/cfg.py:2609
2025-01-13 00:44:38.376 131346 DEBUG oslo_messaging._drivers.amqpdriver [-] AMQPListener connection timeout poll /usr/lib/python3/dist-packages/oslo_messaging/_drivers/amqpdriver.py:360
2025-01-13 00:44:38.376 130894 DEBUG oslo_service.service [req-9d5ed626-b0ed-4994-8e8f-6c362aaf68d6 - - - - -] cinder.auth_type = None log_opt_values /usr/lib/python3/dist-packages/oslo_config/cfg.py:2609
2025-01-13 00:44:38.376 131358 DEBUG oslo_messaging._drivers.amqpdriver [-] AMQPListener connection timeout poll /usr/lib/python3/dist-packages/oslo_messaging/_drivers/amqpdriver.py:360
2025-01-13 00:44:38.376 130894 DEBUG oslo_service.service [req-9d5ed626-b0ed-4994-8e8f-6c362aaf68d6 - - - - -] cinder.cafile = None log_opt_values /usr/lib/python3/dist-packages/oslo_config/cfg.py:2609
2025-01-13 00:44:38.376 131346 DEBUG oslo_messaging._drivers.amqpdriver [-] Listener is running poll /usr/lib/python3/dist-packages/oslo_messaging/_drivers/amqpdriver.py:343
2025-01-13 00:44:38.376 131358 DEBUG oslo_messaging._drivers.amqpdriver [-] Listener is running poll /usr/lib/python3/dist-packages/oslo_messaging/_drivers/amqpdriver.py:343
2025-01-13 00:44:38.376 131346 DEBUG oslo_messaging._drivers.amqpdriver [-] AMQPListener connection consume poll /usr/lib/python3/dist-packages/oslo_messaging/_drivers/amqpdriver.py:357
2025-01-13 00:44:38.376 131358 DEBUG oslo_messaging._drivers.amqpdriver [-] AMQPListener connection consume poll /usr/lib/python3/dist-packages/oslo_messaging/_drivers/amqpdriver.py:357
2025-01-13 00:44:38.376 130894 DEBUG oslo_service.service [req-9d5ed626-b0ed-4994-8e8f-6c362aaf68d6 - - - - -] cinder.catalog_info = volumev3::publicURL log_opt_values /usr/lib/python3/dist-packages/oslo_config/cfg.py:2609
2025-01-13 00:44:38.377 130894 DEBUG oslo_service.service [req-9d5ed626-b0ed-4994-8e8f-6c362aaf68d6 - - - - -] cinder.certfile = None log_opt_values /usr/lib/python3/dist-packages/oslo_config/cfg.py:2609
2025-01-13 00:44:38.377 130894 DEBUG oslo_service.service [req-9d5ed626-b0ed-4994-8e8f-6c362aaf68d6 - - - - -] cinder.collect_timing = False log_opt_values /usr/lib/python3/dist-packages/oslo_config/cfg.py:2609
2025-01-13 00:44:38.377 130894 DEBUG oslo_service.service [req-9d5ed626-b0ed-4994-8e8f-6c362aaf68d6 - - - - -] cinder.cross_az_attach = True log_opt_values /usr/lib/python3/dist-packages/oslo_config/cfg.py:2609
2025-01-13 00:44:38.377 130894 DEBUG oslo_service.service [req-9d5ed626-b0ed-4994-8e8f-6c362aaf68d6 - - - - -] cinder.debug = False log_opt_values /usr/lib/python3/dist-packages/oslo_config/cfg.py:2609
2025-01-13 00:44:38.378 130894 DEBUG oslo_service.service [req-9d5ed626-b0ed-4994-8e8f-6c362aaf68d6 - - - - -] cinder.endpoint_template = None log_opt_values /usr/lib/python3/dist-packages/oslo_config/cfg.py:2609
2025-01-13 00:44:38.378 130894 DEBUG oslo_service.service [req-9d5ed626-b0ed-4994-8e8f-6c362aaf68d6 - - - - -] cinder.http_retries = 3 log_opt_values /usr/lib/python3/dist-packages/oslo_config/cfg.py:2609
2025-01-13 00:44:38.378 130894 DEBUG oslo_service.service [req-9d5ed626-b0ed-4994-8e8f-6c362aaf68d6 - - - - -] cinder.insecure = False log_opt_values /usr/lib/python3/dist-packages/oslo_config/cfg.py:2609
2025-01-13 00:44:38.378 130894 DEBUG oslo_service.service [req-9d5ed626-b0ed-4994-8e8f-6c362aaf68d6 - - - - -] cinder.keyfile = None log_opt_values /usr/lib/python3/dist-packages/oslo_config/cfg.py:2609
2025-01-13 00:44:38.379 130894 DEBUG oslo_service.service [req-9d5ed626-b0ed-4994-8e8f-6c362aaf68d6 - - - - -] cinder.os_region_name = None log_opt_values /usr/lib/python3/dist-packages/oslo_config/cfg.py:2609
2025-01-13 00:44:38.379 130894 DEBUG oslo_service.service [req-9d5ed626-b0ed-4994-8e8f-6c362aaf68d6 - - - - -] cinder.split_loggers = False log_opt_values /usr/lib/python3/dist-packages/oslo_config/cfg.py:2609
