2025-01-13 00:42:55.423 119420 DEBUG oslo_service.service [req-b899eb90-ced2-4602-b1b8-a3283f7999cd - - - - -] oslo_limit.service_name = None log_opt_values /usr/lib/python3/dist-packages/oslo_config/cfg.py:2609
2025-01-13 00:42:55.424 119420 DEBUG oslo_service.service [req-b899eb90-ced2-4602-b1b8-a3283f7999cd - - - - -] oslo_limit.service_type = None log_opt_values /usr/lib/python3/dist-packages/oslo_config/cfg.py:2609
2025-01-13 00:42:55.424 119420 DEBUG oslo_service.service [req-b899eb90-ced2-4602-b1b8-a3283f7999cd - - - - -] oslo_limit.split_loggers = False log_opt_values /usr/lib/python3/dist-packages/oslo_config/cfg.py:2609
2025-01-13 00:42:55.424 119420 DEBUG oslo_service.service [req-b899eb90-ced2-4602-b1b8-a3283f7999cd - - - - -] oslo_limit.status_code_retries = None log_opt_values /usr/lib/python3/dist-packages/oslo_config/cfg.py:2609
2025-01-13 00:42:55.424 119420 DEBUG oslo_service.service [req-b899eb90-ced2-4602-b1b8-a3283f7999cd - - - - -] oslo_limit.status_code_retry_delay = None log_opt_values /usr/lib/python3/dist-packages/oslo_config/cfg.py:2609
2025-01-13 00:42:55.425 119420 DEBUG oslo_service.service [req-b899eb90-ced2-4602-b1b8-a3283f7999cd - - - - -] oslo_limit.timeout = None log_opt_values /usr/lib/python3/dist-packages/oslo_config/cfg.py:2609
2025-01-13 00:42:55.425 119420 DEBUG oslo_service.service [req-b899eb90-ced2-4602-b1b8-a3283f7999cd - - - - -] oslo_limit.valid_interfaces = None log_opt_values /usr/lib/python3/dist-packages/oslo_config/cfg.py:2609
2025-01-13 00:42:55.425 119420 DEBUG oslo_service.service [req-b899eb90-ced2-4602-b1b8-a3283f7999cd - - - - -] oslo_limit.version = None log_opt_values /usr/lib/python3/dist-packages/oslo_config/cfg.py:2609
2025-01-13 00:42:55.425 119420 DEBUG oslo_service.service [req-b899eb90-ced2-4602-b1b8-a3283f7999cd - - - - -] oslo_reports.file_event_handler = None log_opt_values /usr/lib/python3/dist-packages/oslo_config/cfg.py:2609
2025-01-13 00:42:55.426 119420 DEBUG oslo_service.service [req-b899eb90-ced2-4602-b1b8-a3283f7999cd - - - - -] oslo_reports.file_event_handler_interval = 1 log_opt_values /usr/lib/python3/dist-packages/oslo_config/cfg.py:2609
2025-01-13 00:42:55.426 119420 DEBUG oslo_service.service [req-b899eb90-ced2-4602-b1b8-a3283f7999cd - - - - -] oslo_reports.log_dir = None log_opt_values /usr/lib/python3/dist-packages/oslo_config/cfg.py:2609
2025-01-13 00:42:55.426 119420 DEBUG oslo_service.service [req-b899eb90-ced2-4602-b1b8-a3283f7999cd - - - - -] ******************************************************************************** log_opt_values /usr/lib/python3/dist-packages/oslo_config/cfg.py:2613
2025-01-13 00:42:55.639 120829 DEBUG nova.service [req-0bb43a39-a4e9-45ec-90f0-ee86a268de2e - - - - -] Creating RPC server for service scheduler start /usr/lib/python3/dist-packages/nova/service.py:182
2025-01-13 00:42:55.669 120837 DEBUG nova.service [req-9a58f832-53b8-4dab-a05b-8dc5074a7464 - - - - -] Creating RPC server for service scheduler start /usr/lib/python3/dist-packages/nova/service.py:182
2025-01-13 00:42:55.692 120838 DEBUG nova.service [req-5f88e14e-2ce0-4d61-85a7-cf0e616829d5 - - - - -] Creating RPC server for service scheduler start /usr/lib/python3/dist-packages/nova/service.py:182
2025-01-13 00:42:55.697 120830 DEBUG nova.service [req-3f5e1644-35df-45e0-923e-06e31aaccdc3 - - - - -] Creating RPC server for service scheduler start /usr/lib/python3/dist-packages/nova/service.py:182
2025-01-13 00:42:55.730 120829 DEBUG oslo_messaging._drivers.amqpdriver [-] Listener is running poll /usr/lib/python3/dist-packages/oslo_messaging/_drivers/amqpdriver.py:343
2025-01-13 00:42:55.731 120837 DEBUG oslo_messaging._drivers.amqpdriver [-] Listener is running poll /usr/lib/python3/dist-packages/oslo_messaging/_drivers/amqpdriver.py:343
2025-01-13 00:42:55.732 120837 DEBUG oslo_messaging._drivers.amqpdriver [-] AMQPListener connection consume poll /usr/lib/python3/dist-packages/oslo_messaging/_drivers/amqpdriver.py:357
2025-01-13 00:42:55.731 120829 DEBUG oslo_messaging._drivers.amqpdriver [-] AMQPListener connection consume poll /usr/lib/python3/dist-packages/oslo_messaging/_drivers/amqpdriver.py:357
2025-01-13 00:42:55.733 120837 DEBUG nova.service [req-9a58f832-53b8-4dab-a05b-8dc5074a7464 - - - - -] Join ServiceGroup membership for this service scheduler start /usr/lib/python3/dist-packages/nova/service.py:199
2025-01-13 00:42:55.733 120837 DEBUG nova.servicegroup.drivers.db [req-9a58f832-53b8-4dab-a05b-8dc5074a7464 - - - - -] DB_Driver: join new ServiceGroup member juju-722981-0-lxd-7 to the scheduler group, service = join /usr/lib/python3/dist-packages/nova/servicegroup/drivers/db.py:44
2025-01-13 00:42:55.736 120829 DEBUG nova.service [req-0bb43a39-a4e9-45ec-90f0-ee86a268de2e - - - - -] Join ServiceGroup membership for this service scheduler start /usr/lib/python3/dist-packages/nova/service.py:199
2025-01-13 00:42:55.737 120829 DEBUG nova.servicegroup.drivers.db [req-0bb43a39-a4e9-45ec-90f0-ee86a268de2e - - - - -] DB_Driver: join new ServiceGroup member juju-722981-0-lxd-7 to the scheduler group, service = join /usr/lib/python3/dist-packages/nova/servicegroup/drivers/db.py:44
2025-01-13 00:42:55.739 120837 DEBUG oslo_messaging._drivers.amqpdriver [-] AMQPListener connection timeout poll /usr/lib/python3/dist-packages/oslo_messaging/_drivers/amqpdriver.py:360
2025-01-13 00:42:55.739 120837 DEBUG oslo_messaging._drivers.amqpdriver [-] Listener is running poll /usr/lib/python3/dist-packages/oslo_messaging/_drivers/amqpdriver.py:343
2025-01-13 00:42:55.740 120837 DEBUG oslo_messaging._drivers.amqpdriver [-] AMQPListener connection consume poll /usr/lib/python3/dist-packages/oslo_messaging/_drivers/amqpdriver.py:357
2025-01-13 00:42:55.743 120830 DEBUG oslo_messaging._drivers.amqpdriver [-] Listener is running poll /usr/lib/python3/dist-packages/oslo_messaging/_drivers/amqpdriver.py:343
2025-01-13 00:42:55.744 120830 DEBUG oslo_messaging._drivers.amqpdriver [-] AMQPListener connection consume poll /usr/lib/python3/dist-packages/oslo_messaging/_drivers/amqpdriver.py:357
2025-01-13 00:42:55.744 120829 DEBUG oslo_messaging._drivers.amqpdriver [-] AMQPListener connection timeout poll /usr/lib/python3/dist-packages/oslo_messaging/_drivers/amqpdriver.py:360
2025-01-13 00:42:55.744 120829 DEBUG oslo_messaging._drivers.amqpdriver [-] Listener is running poll /usr/lib/python3/dist-packages/oslo_messaging/_drivers/amqpdriver.py:343
2025-01-13 00:42:55.745 120829 DEBUG oslo_messaging._drivers.amqpdriver [-] AMQPListener connection consume poll /usr/lib/python3/dist-packages/oslo_messaging/_drivers/amqpdriver.py:357
2025-01-13 00:42:55.746 120830 DEBUG nova.service [req-3f5e1644-35df-45e0-923e-06e31aaccdc3 - - - - -] Join ServiceGroup membership for this service scheduler start /usr/lib/python3/dist-packages/nova/service.py:199
2025-01-13 00:42:55.747 120830 DEBUG nova.servicegroup.drivers.db [req-3f5e1644-35df-45e0-923e-06e31aaccdc3 - - - - -] DB_Driver: join new ServiceGroup member juju-722981-0-lxd-7 to the scheduler group, service = join /usr/lib/python3/dist-packages/nova/servicegroup/drivers/db.py:44
2025-01-13 00:42:55.748 120830 DEBUG oslo_messaging._drivers.amqpdriver [-] AMQPListener connection timeout poll /usr/lib/python3/dist-packages/oslo_messaging/_drivers/amqpdriver.py:360
2025-01-13 00:42:55.748 120830 DEBUG oslo_messaging._drivers.amqpdriver [-] Listener is running poll /usr/lib/python3/dist-packages/oslo_messaging/_drivers/amqpdriver.py:343
2025-01-13 00:42:55.748 120830 DEBUG oslo_messaging._drivers.amqpdriver [-] AMQPListener connection consume poll /usr/lib/python3/dist-packages/oslo_messaging/_drivers/amqpdriver.py:357
2025-01-13 00:42:55.754 120838 DEBUG oslo_messaging._drivers.amqpdriver [-] Listener is running poll /usr/lib/python3/dist-packages/oslo_messaging/_drivers/amqpdriver.py:343
2025-01-13 00:42:55.754 120838 DEBUG oslo_messaging._drivers.amqpdriver [-] AMQPListener connection consume poll /usr/lib/python3/dist-packages/oslo_messaging/_drivers/amqpdriver.py:357
2025-01-13 00:42:55.755 120838 DEBUG nova.service [req-5f88e14e-2ce0-4d61-85a7-cf0e616829d5 - - - - -] Join ServiceGroup membership for this service scheduler start /usr/lib/python3/dist-packages/nova/service.py:199
2025-01-13 00:42:55.756 120838 DEBUG nova.servicegroup.drivers.db [req-5f88e14e-2ce0-4d61-85a7-cf0e616829d5 - - - - -] DB_Driver: join new ServiceGroup member juju-722981-0-lxd-7 to the scheduler group, service = join /usr/lib/python3/dist-packages/nova/servicegroup/drivers/db.py:44
2025-01-13 00:42:55.759 120838 DEBUG oslo_messaging._drivers.amqpdriver [-] AMQPListener connection timeout poll /usr/lib/python3/dist-packages/oslo_messaging/_drivers/amqpdriver.py:360
2025-01-13 00:42:55.759 120838 DEBUG oslo_messaging._drivers.amqpdriver [-] Listener is running poll /usr/lib/python3/dist-packages/oslo_messaging/_drivers/amqpdriver.py:343
2025-01-13 00:42:55.759 120838 DEBUG oslo_messaging._drivers.amqpdriver [-] AMQPListener connection consume poll /usr/lib/python3/dist-packages/oslo_messaging/_drivers/amqpdriver.py:357
2025-01-13 00:42:56.742 120837 DEBUG oslo_messaging._drivers.amqpdriver [-] AMQPListener connection timeout poll /usr/lib/python3/dist-packages/oslo_messaging/_drivers/amqpdriver.py:360
2025-01-13 00:42:56.742 120837 DEBUG oslo_messaging._drivers.amqpdriver [-] Listener is running poll /usr/lib/python3/dist-packages/oslo_messaging/_drivers/amqpdriver.py:343
2025-01-13 00:42:56.743 120837 DEBUG oslo_messaging._drivers.amqpdriver [-] AMQPListener connection consume poll /usr/lib/python3/dist-packages/oslo_messaging/_drivers/amqpdriver.py:357
2025-01-13 00:42:56.747 120829 DEBUG oslo_messaging._drivers.amqpdriver [-] AMQPListener connection timeout poll /usr/lib/python3/dist-packages/oslo_messaging/_drivers/amqpdriver.py:360
2025-01-13 00:42:56.747 120829 DEBUG oslo_messaging._drivers.amqpdriver [-] Listener is running poll /usr/lib/python3/dist-packages/oslo_messaging/_drivers/amqpdriver.py:343
2025-01-13 00:42:56.748 120829 DEBUG oslo_messaging._drivers.amqpdriver [-] AMQPListener connection consume poll /usr/lib/python3/dist-packages/oslo_messaging/_drivers/amqpdriver.py:357
2025-01-13 00:42:56.750 120830 DEBUG oslo_messaging._drivers.amqpdriver [-] AMQPListener connection timeout poll /usr/lib/python3/dist-packages/oslo_messaging/_drivers/amqpdriver.py:360
2025-01-13 00:42:56.751 120830 DEBUG oslo_messaging._drivers.amqpdriver [-] Listener is running poll /usr/lib/python3/dist-packages/oslo_messaging/_drivers/amqpdriver.py:343
2025-01-13 00:42:56.751 120830 DEBUG oslo_messaging._drivers.amqpdriver [-] AMQPListener connection consume poll /usr/lib/python3/dist-packages/oslo_messaging/_drivers/amqpdriver.py:357
2025-01-13 00:42:56.761 120838 DEBUG oslo_messaging._drivers.amqpdriver [-] AMQPListener connection timeout poll /usr/lib/python3/dist-packages/oslo_messaging/_drivers/amqpdriver.py:360
2025-01-13 00:42:56.761 120838 DEBUG oslo_messaging._drivers.amqpdriver [-] Listener is running poll /usr/lib/python3/dist-packages/oslo_messaging/_drivers/amqpdriver.py:343
2025-01-13 00:42:56.762 120838 DEBUG oslo_messaging._drivers.amqpdriver [-] AMQPListener connection consume poll /usr/lib/python3/dist-packages/oslo_messaging/_drivers/amqpdriver.py:357
2025-01-13 00:42:58.745 120837 DEBUG oslo_messaging._drivers.amqpdriver [-] AMQPListener connection timeout poll /usr/lib/python3/dist-packages/oslo_messaging/_drivers/amqpdriver.py:360
2025-01-13 00:42:58.746 120837 DEBUG oslo_messaging._drivers.amqpdriver [-] Listener is running poll /usr/lib/python3/dist-packages/oslo_messaging/_drivers/amqpdriver.py:343
2025-01-13 00:42:58.746 120837 DEBUG oslo_messaging._drivers.amqpdriver [-] AMQPListener connection consume poll /usr/lib/python3/dist-packages/oslo_messaging/_drivers/amqpdriver.py:357
2025-01-13 00:42:58.750 120829 DEBUG oslo_messaging._drivers.amqpdriver [-] AMQPListener connection timeout poll /usr/lib/python3/dist-packages/oslo_messaging/_drivers/amqpdriver.py:360
2025-01-13 00:42:58.750 120829 DEBUG oslo_messaging._drivers.amqpdriver [-] Listener is running poll /usr/lib/python3/dist-packages/oslo_messaging/_drivers/amqpdriver.py:343
2025-01-13 00:42:58.751 120829 DEBUG oslo_messaging._drivers.amqpdriver [-] AMQPListener connection consume poll /usr/lib/python3/dist-packages/oslo_messaging/_drivers/amqpdriver.py:357
2025-01-13 00:42:58.752 120830 DEBUG oslo_messaging._drivers.amqpdriver [-] AMQPListener connection timeout poll /usr/lib/python3/dist-packages/oslo_messaging/_drivers/amqpdriver.py:360
2025-01-13 00:42:58.753 120830 DEBUG oslo_messaging._drivers.amqpdriver [-] Listener is running poll /usr/lib/python3/dist-packages/oslo_messaging/_drivers/amqpdriver.py:343
2025-01-13 00:42:58.753 120830 DEBUG oslo_messaging._drivers.amqpdriver [-] AMQPListener connection consume poll /usr/lib/python3/dist-packages/oslo_messaging/_drivers/amqpdriver.py:357
2025-01-13 00:42:58.764 120838 DEBUG oslo_messaging._drivers.amqpdriver [-] AMQPListener connection timeout poll /usr/lib/python3/dist-packages/oslo_messaging/_drivers/amqpdriver.py:360
2025-01-13 00:42:58.765 120838 DEBUG oslo_messaging._drivers.amqpdriver [-] Listener is running poll /usr/lib/python3/dist-packages/oslo_messaging/_drivers/amqpdriver.py:343
2025-01-13 00:42:58.765 120838 DEBUG oslo_messaging._drivers.amqpdriver [-] AMQPListener connection consume poll /usr/lib/python3/dist-packages/oslo_messaging/_drivers/amqpdriver.py:357
2025-01-13 00:43:02.748 120837 DEBUG oslo_messaging._drivers.amqpdriver [-] AMQPListener connection timeout poll /usr/lib/python3/dist-packages/oslo_messaging/_drivers/amqpdriver.py:360
2025-01-13 00:43:02.749 120837 DEBUG oslo_messaging._drivers.amqpdriver [-] Listener is running poll /usr/lib/python3/dist-packages/oslo_messaging/_drivers/amqpdriver.py:343
2025-01-13 00:43:02.749 120837 DEBUG oslo_messaging._drivers.amqpdriver [-] AMQPListener connection consume poll /usr/lib/python3/dist-packages/oslo_messaging/_drivers/amqpdriver.py:357
2025-01-13 00:43:02.751 120829 DEBUG oslo_messaging._drivers.amqpdriver [-] AMQPListener connection timeout poll /usr/lib/python3/dist-packages/oslo_messaging/_drivers/amqpdriver.py:360
2025-01-13 00:43:02.752 120829 DEBUG oslo_messaging._drivers.amqpdriver [-] Listener is running poll /usr/lib/python3/dist-packages/oslo_messaging/_drivers/amqpdriver.py:343
2025-01-13 00:43:02.752 120829 DEBUG oslo_messaging._drivers.amqpdriver [-] AMQPListener connection consume poll /usr/lib/python3/dist-packages/oslo_messaging/_drivers/amqpdriver.py:357
2025-01-13 00:43:02.755 120830 DEBUG oslo_messaging._drivers.amqpdriver [-] AMQPListener connection timeout poll /usr/lib/python3/dist-packages/oslo_messaging/_drivers/amqpdriver.py:360
2025-01-13 00:43:02.756 120830 DEBUG oslo_messaging._drivers.amqpdriver [-] Listener is running poll /usr/lib/python3/dist-packages/oslo_messaging/_drivers/amqpdriver.py:343
2025-01-13 00:43:02.756 120830 DEBUG oslo_messaging._drivers.amqpdriver [-] AMQPListener connection consume poll /usr/lib/python3/dist-packages/oslo_messaging/_drivers/amqpdriver.py:357
2025-01-13 00:43:02.768 120838 DEBUG oslo_messaging._drivers.amqpdriver [-] AMQPListener connection timeout poll /usr/lib/python3/dist-packages/oslo_messaging/_drivers/amqpdriver.py:360
2025-01-13 00:43:02.768 120838 DEBUG oslo_messaging._drivers.amqpdriver [-] Listener is running poll /usr/lib/python3/dist-packages/oslo_messaging/_drivers/amqpdriver.py:343
2025-01-13 00:43:02.768 120838 DEBUG oslo_messaging._drivers.amqpdriver [-] AMQPListener connection consume poll /usr/lib/python3/dist-packages/oslo_messaging/_drivers/amqpdriver.py:357
2025-01-13 00:43:10.751 120837 DEBUG oslo_messaging._drivers.amqpdriver [-] AMQPListener connection timeout poll /usr/lib/python3/dist-packages/oslo_messaging/_drivers/amqpdriver.py:360
2025-01-13 00:43:10.751 120837 DEBUG oslo_messaging._drivers.amqpdriver [-] Listener is running poll /usr/lib/python3/dist-packages/oslo_messaging/_drivers/amqpdriver.py:343
2025-01-13 00:43:10.751 120837 DEBUG oslo_messaging._drivers.amqpdriver [-] AMQPListener connection consume poll /usr/lib/python3/dist-packages/oslo_messaging/_drivers/amqpdriver.py:357
2025-01-13 00:43:10.754 120829 DEBUG oslo_messaging._drivers.amqpdriver [-] AMQPListener connection timeout poll /usr/lib/python3/dist-packages/oslo_messaging/_drivers/amqpdriver.py:360
2025-01-13 00:43:10.755 120829 DEBUG oslo_messaging._drivers.amqpdriver [-] Listener is running poll /usr/lib/python3/dist-packages/oslo_messaging/_drivers/amqpdriver.py:343
2025-01-13 00:43:10.755 120829 DEBUG oslo_messaging._drivers.amqpdriver [-] AMQPListener connection consume poll /usr/lib/python3/dist-packages/oslo_messaging/_drivers/amqpdriver.py:357
2025-01-13 00:43:10.759 120830 DEBUG oslo_messaging._drivers.amqpdriver [-] AMQPListener connection timeout poll /usr/lib/python3/dist-packages/oslo_messaging/_drivers/amqpdriver.py:360
2025-01-13 00:43:10.759 120830 DEBUG oslo_messaging._drivers.amqpdriver [-] Listener is running poll /usr/lib/python3/dist-packages/oslo_messaging/_drivers/amqpdriver.py:343
2025-01-13 00:43:10.759 120830 DEBUG oslo_messaging._drivers.amqpdriver [-] AMQPListener connection consume poll /usr/lib/python3/dist-packages/oslo_messaging/_drivers/amqpdriver.py:357
2025-01-13 00:43:10.769 120838 DEBUG oslo_messaging._drivers.amqpdriver [-] AMQPListener connection timeout poll /usr/lib/python3/dist-packages/oslo_messaging/_drivers/amqpdriver.py:360
2025-01-13 00:43:10.770 120838 DEBUG oslo_messaging._drivers.amqpdriver [-] Listener is running poll /usr/lib/python3/dist-packages/oslo_messaging/_drivers/amqpdriver.py:343
2025-01-13 00:43:10.770 120838 DEBUG oslo_messaging._drivers.amqpdriver [-] AMQPListener connection consume poll /usr/lib/python3/dist-packages/oslo_messaging/_drivers/amqpdriver.py:357
2025-01-13 00:43:33.742 120829 DEBUG oslo_service.periodic_task [req-292e34b9-c53a-42e1-8973-8d7a1424239a - - - - -] Running periodic task SchedulerManager._discover_hosts_in_cells run_periodic_tasks /usr/lib/python3/dist-packages/oslo_service/periodic_task.py:210
2025-01-13 00:43:33.744 120829 DEBUG oslo_db.sqlalchemy.engines [req-292e34b9-c53a-42e1-8973-8d7a1424239a - - - - -] Parent process 119420 forked (120829) with an open database connection, which is being discarded and recreated. checkout /usr/lib/python3/dist-packages/oslo_db/sqlalchemy/engines.py:413
2025-01-13 00:43:33.753 120829 DEBUG oslo_concurrency.lockutils [req-292e34b9-c53a-42e1-8973-8d7a1424239a - - - - -] Lock "2b356106-060c-4ab3-af53-c28e3c5a15cf" acquired by "nova.context.set_target_cell..get_or_set_cached_cell_and_set_connections" :: waited 0.000s inner /usr/lib/python3/dist-packages/oslo_concurrency/lockutils.py:386
2025-01-13 00:43:33.756 120829 DEBUG oslo_concurrency.lockutils [req-292e34b9-c53a-42e1-8973-8d7a1424239a - - - - -] Lock "2b356106-060c-4ab3-af53-c28e3c5a15cf" "released" by "nova.context.set_target_cell..get_or_set_cached_cell_and_set_connections" :: held 0.002s inner /usr/lib/python3/dist-packages/oslo_concurrency/lockutils.py:400
2025-01-13 00:43:33.763 120829 DEBUG oslo_db.sqlalchemy.engines [req-292e34b9-c53a-42e1-8973-8d7a1424239a - - - - -] MySQL server mode set to STRICT_TRANS_TABLES,STRICT_ALL_TABLES,NO_ZERO_IN_DATE,NO_ZERO_DATE,ERROR_FOR_DIVISION_BY_ZERO,TRADITIONAL,NO_ENGINE_SUBSTITUTION _check_effective_sql_mode /usr/lib/python3/dist-packages/oslo_db/sqlalchemy/engines.py:314
2025-01-13 00:43:40.683 120829 DEBUG oslo_messaging._drivers.amqpdriver [-] AMQPListener connection timeout poll /usr/lib/python3/dist-packages/oslo_messaging/_drivers/amqpdriver.py:360
2025-01-13 00:43:40.684 120829 DEBUG oslo_messaging._drivers.amqpdriver [-] Listener is running poll /usr/lib/python3/dist-packages/oslo_messaging/_drivers/amqpdriver.py:343
2025-01-13 00:43:40.684 120829 DEBUG oslo_messaging._drivers.amqpdriver [-] AMQPListener connection consume poll /usr/lib/python3/dist-packages/oslo_messaging/_drivers/amqpdriver.py:357
2025-01-13 00:43:40.712 120837 DEBUG oslo_messaging._drivers.amqpdriver [-] AMQPListener connection timeout poll /usr/lib/python3/dist-packages/oslo_messaging/_drivers/amqpdriver.py:360
2025-01-13 00:43:40.713 120837 DEBUG oslo_messaging._drivers.amqpdriver [-] Listener is running poll /usr/lib/python3/dist-packages/oslo_messaging/_drivers/amqpdriver.py:343
2025-01-13 00:43:40.713 120837 DEBUG oslo_messaging._drivers.amqpdriver [-] AMQPListener connection consume poll /usr/lib/python3/dist-packages/oslo_messaging/_drivers/amqpdriver.py:357
2025-01-13 00:43:40.736 120830 DEBUG oslo_messaging._drivers.amqpdriver [-] AMQPListener connection timeout poll /usr/lib/python3/dist-packages/oslo_messaging/_drivers/amqpdriver.py:360
2025-01-13 00:43:40.736 120830 DEBUG oslo_messaging._drivers.amqpdriver [-] Listener is running poll /usr/lib/python3/dist-packages/oslo_messaging/_drivers/amqpdriver.py:343
2025-01-13 00:43:40.736 120830 DEBUG oslo_messaging._drivers.amqpdriver [-] AMQPListener connection consume poll /usr/lib/python3/dist-packages/oslo_messaging/_drivers/amqpdriver.py:357
2025-01-13 00:43:40.742 120838 DEBUG oslo_messaging._drivers.amqpdriver [-] AMQPListener connection timeout poll /usr/lib/python3/dist-packages/oslo_messaging/_drivers/amqpdriver.py:360
2025-01-13 00:43:40.742 120838 DEBUG oslo_messaging._drivers.amqpdriver [-] Listener is running poll /usr/lib/python3/dist-packages/oslo_messaging/_drivers/amqpdriver.py:343
2025-01-13 00:43:40.742 120838 DEBUG oslo_messaging._drivers.amqpdriver [-] AMQPListener connection consume poll /usr/lib/python3/dist-packages/oslo_messaging/_drivers/amqpdriver.py:357
2025-01-13 00:43:42.759 120838 DEBUG oslo_service.periodic_task [req-afd9e170-c29b-403a-ac46-749ad387cf23 - - - - -] Running periodic task SchedulerManager._discover_hosts_in_cells run_periodic_tasks /usr/lib/python3/dist-packages/oslo_service/periodic_task.py:210
2025-01-13 00:43:42.760 120838 DEBUG oslo_db.sqlalchemy.engines [req-afd9e170-c29b-403a-ac46-749ad387cf23 - - - - -] Parent process 119420 forked (120838) with an open database connection, which is being discarded and recreated. checkout /usr/lib/python3/dist-packages/oslo_db/sqlalchemy/engines.py:413
2025-01-13 00:43:42.772 120838 DEBUG oslo_concurrency.lockutils [req-afd9e170-c29b-403a-ac46-749ad387cf23 - - - - -] Lock "2b356106-060c-4ab3-af53-c28e3c5a15cf" acquired by "nova.context.set_target_cell..get_or_set_cached_cell_and_set_connections" :: waited 0.000s inner /usr/lib/python3/dist-packages/oslo_concurrency/lockutils.py:386
2025-01-13 00:43:42.774 120838 DEBUG oslo_concurrency.lockutils [req-afd9e170-c29b-403a-ac46-749ad387cf23 - - - - -] Lock "2b356106-060c-4ab3-af53-c28e3c5a15cf" "released" by "nova.context.set_target_cell..get_or_set_cached_cell_and_set_connections" :: held 0.002s inner /usr/lib/python3/dist-packages/oslo_concurrency/lockutils.py:400
2025-01-13 00:43:42.781 120838 DEBUG oslo_db.sqlalchemy.engines [req-afd9e170-c29b-403a-ac46-749ad387cf23 - - - - -] MySQL server mode set to STRICT_TRANS_TABLES,STRICT_ALL_TABLES,NO_ZERO_IN_DATE,NO_ZERO_DATE,ERROR_FOR_DIVISION_BY_ZERO,TRADITIONAL,NO_ENGINE_SUBSTITUTION _check_effective_sql_mode /usr/lib/python3/dist-packages/oslo_db/sqlalchemy/engines.py:314
2025-01-13 00:43:50.745 120837 DEBUG oslo_service.periodic_task [req-27c0be77-2de9-4bdb-94d0-c45d5614031d - - - - -] Running periodic task SchedulerManager._discover_hosts_in_cells run_periodic_tasks /usr/lib/python3/dist-packages/oslo_service/periodic_task.py:210
2025-01-13 00:43:50.747 120837 DEBUG oslo_db.sqlalchemy.engines [req-27c0be77-2de9-4bdb-94d0-c45d5614031d - - - - -] Parent process 119420 forked (120837) with an open database connection, which is being discarded and recreated. checkout /usr/lib/python3/dist-packages/oslo_db/sqlalchemy/engines.py:413
2025-01-13 00:43:50.759 120837 DEBUG oslo_concurrency.lockutils [req-27c0be77-2de9-4bdb-94d0-c45d5614031d - - - - -] Lock "2b356106-060c-4ab3-af53-c28e3c5a15cf" acquired by "nova.context.set_target_cell..get_or_set_cached_cell_and_set_connections" :: waited 0.000s inner /usr/lib/python3/dist-packages/oslo_concurrency/lockutils.py:386
2025-01-13 00:43:50.761 120837 DEBUG oslo_concurrency.lockutils [req-27c0be77-2de9-4bdb-94d0-c45d5614031d - - - - -] Lock "2b356106-060c-4ab3-af53-c28e3c5a15cf" "released" by "nova.context.set_target_cell..get_or_set_cached_cell_and_set_connections" :: held 0.002s inner /usr/lib/python3/dist-packages/oslo_concurrency/lockutils.py:400
2025-01-13 00:43:50.774 120837 DEBUG oslo_db.sqlalchemy.engines [req-27c0be77-2de9-4bdb-94d0-c45d5614031d - - - - -] MySQL server mode set to STRICT_TRANS_TABLES,STRICT_ALL_TABLES,NO_ZERO_IN_DATE,NO_ZERO_DATE,ERROR_FOR_DIVISION_BY_ZERO,TRADITIONAL,NO_ENGINE_SUBSTITUTION _check_effective_sql_mode /usr/lib/python3/dist-packages/oslo_db/sqlalchemy/engines.py:314
2025-01-13 00:43:52.752 120830 DEBUG oslo_service.periodic_task [req-78aaa90e-1f24-468b-9221-d9eb647051cf - - - - -] Running periodic task SchedulerManager._discover_hosts_in_cells run_periodic_tasks /usr/lib/python3/dist-packages/oslo_service/periodic_task.py:210
2025-01-13 00:43:52.754 120830 DEBUG oslo_db.sqlalchemy.engines [req-78aaa90e-1f24-468b-9221-d9eb647051cf - - - - -] Parent process 119420 forked (120830) with an open database connection, which is being discarded and recreated. checkout /usr/lib/python3/dist-packages/oslo_db/sqlalchemy/engines.py:413
2025-01-13 00:43:52.765 120830 DEBUG oslo_concurrency.lockutils [req-78aaa90e-1f24-468b-9221-d9eb647051cf - - - - -] Lock "2b356106-060c-4ab3-af53-c28e3c5a15cf" acquired by "nova.context.set_target_cell..get_or_set_cached_cell_and_set_connections" :: waited 0.000s inner /usr/lib/python3/dist-packages/oslo_concurrency/lockutils.py:386
2025-01-13 00:43:52.767 120830 DEBUG oslo_concurrency.lockutils [req-78aaa90e-1f24-468b-9221-d9eb647051cf - - - - -] Lock "2b356106-060c-4ab3-af53-c28e3c5a15cf" "released" by "nova.context.set_target_cell..get_or_set_cached_cell_and_set_connections" :: held 0.002s inner /usr/lib/python3/dist-packages/oslo_concurrency/lockutils.py:400
2025-01-13 00:43:52.779 120830 DEBUG oslo_db.sqlalchemy.engines [req-78aaa90e-1f24-468b-9221-d9eb647051cf - - - - -] MySQL server mode set to STRICT_TRANS_TABLES,STRICT_ALL_TABLES,NO_ZERO_IN_DATE,NO_ZERO_DATE,ERROR_FOR_DIVISION_BY_ZERO,TRADITIONAL,NO_ENGINE_SUBSTITUTION _check_effective_sql_mode /usr/lib/python3/dist-packages/oslo_db/sqlalchemy/engines.py:314
2025-01-13 00:44:03.787 120829 DEBUG oslo_service.periodic_task [req-292e34b9-c53a-42e1-8973-8d7a1424239a - - - - -] Running periodic task SchedulerManager._discover_hosts_in_cells run_periodic_tasks /usr/lib/python3/dist-packages/oslo_service/periodic_task.py:210
2025-01-13 00:44:03.797 120829 DEBUG oslo_concurrency.lockutils [req-4afd5df5-2890-422d-bf85-fe177d539f45 - - - - -] Lock "2b356106-060c-4ab3-af53-c28e3c5a15cf" acquired by "nova.context.set_target_cell..get_or_set_cached_cell_and_set_connections" :: waited 0.000s inner /usr/lib/python3/dist-packages/oslo_concurrency/lockutils.py:386
2025-01-13 00:44:03.797 120829 DEBUG oslo_concurrency.lockutils [req-4afd5df5-2890-422d-bf85-fe177d539f45 - - - - -] Lock "2b356106-060c-4ab3-af53-c28e3c5a15cf" "released" by "nova.context.set_target_cell..get_or_set_cached_cell_and_set_connections" :: held 0.001s inner /usr/lib/python3/dist-packages/oslo_concurrency/lockutils.py:400
2025-01-13 00:44:12.288 119420 INFO oslo_service.service [req-b899eb90-ced2-4602-b1b8-a3283f7999cd - - - - -] Caught SIGTERM, stopping children
2025-01-13 00:44:12.289 119420 DEBUG oslo_concurrency.lockutils [req-b899eb90-ced2-4602-b1b8-a3283f7999cd - - - - -] Acquired lock "singleton_lock" lock /usr/lib/python3/dist-packages/oslo_concurrency/lockutils.py:294
2025-01-13 00:44:12.291 119420 DEBUG oslo_concurrency.lockutils [req-b899eb90-ced2-4602-b1b8-a3283f7999cd - - - - -] Releasing lock "singleton_lock" lock /usr/lib/python3/dist-packages/oslo_concurrency/lockutils.py:312
2025-01-13 00:44:12.292 119420 DEBUG oslo_service.service [req-b899eb90-ced2-4602-b1b8-a3283f7999cd - - - - -] Stop services. stop /usr/lib/python3/dist-packages/oslo_service/service.py:695
2025-01-13 00:44:12.292 119420 DEBUG oslo_service.service [req-b899eb90-ced2-4602-b1b8-a3283f7999cd - - - - -] Killing children. stop /usr/lib/python3/dist-packages/oslo_service/service.py:700
2025-01-13 00:44:12.305 119420 INFO oslo_service.service [req-b899eb90-ced2-4602-b1b8-a3283f7999cd - - - - -] Waiting on 4 children to exit
2025-01-13 00:44:12.306 119420 INFO oslo_service.service [req-b899eb90-ced2-4602-b1b8-a3283f7999cd - - - - -] Child 120829 killed by signal 15
2025-01-13 00:44:12.306 119420 INFO oslo_service.service [req-b899eb90-ced2-4602-b1b8-a3283f7999cd - - - - -] Child 120830 killed by signal 15
2025-01-13 00:44:12.313 119420 INFO oslo_service.service [req-b899eb90-ced2-4602-b1b8-a3283f7999cd - - - - -] Child 120837 killed by signal 15
2025-01-13 00:44:12.315 119420 INFO oslo_service.service [req-b899eb90-ced2-4602-b1b8-a3283f7999cd - - - - -] Child 120838 killed by signal 15
2025-01-13 00:44:15.449 125678 DEBUG oslo_db.sqlalchemy.engines [req-57c39684-5fb8-4919-87e6-5f6fb27254c1 - - - - -] MySQL server mode set to STRICT_TRANS_TABLES,STRICT_ALL_TABLES,NO_ZERO_IN_DATE,NO_ZERO_DATE,ERROR_FOR_DIVISION_BY_ZERO,TRADITIONAL,NO_ENGINE_SUBSTITUTION _check_effective_sql_mode /usr/lib/python3/dist-packages/oslo_db/sqlalchemy/engines.py:314
2025-01-13 00:44:15.508 125678 DEBUG nova.scheduler.host_manager [req-57c39684-5fb8-4919-87e6-5f6fb27254c1 - - - - -] Found 1 cells: 2b356106-060c-4ab3-af53-c28e3c5a15cf refresh_cells_caches /usr/lib/python3/dist-packages/nova/scheduler/host_manager.py:730
2025-01-13 00:44:15.509 125678 DEBUG nova.scheduler.host_manager [req-57c39684-5fb8-4919-87e6-5f6fb27254c1 - - - - -] Found 0 disabled cells: refresh_cells_caches /usr/lib/python3/dist-packages/nova/scheduler/host_manager.py:742
2025-01-13 00:44:15.515 125678 WARNING nova.scheduler.filters.availability_zone_filter [req-57c39684-5fb8-4919-87e6-5f6fb27254c1 - - - - -] The 'AvailabilityZoneFilter' is deprecated since the 24.0.0 (Xena) release. Since the 18.0.0 (Rocky) release, nova has supported mapping AZs to placement aggregates. The feature is enabled by the 'query_placement_for_availability_zone' config option and is now enabled by default. As such, the 'AvailabilityZoneFilter' is no longer required. Nova is currently configured to use both placement and the AvailabilityZoneFilter for AZ enforcement.
2025-01-13 00:44:15.625 125678 DEBUG nova.scheduler.host_manager [req-57c39684-5fb8-4919-87e6-5f6fb27254c1 - - - - -] START:_async_init_instance_info _async_init_instance_info /usr/lib/python3/dist-packages/nova/scheduler/host_manager.py:411
2025-01-13 00:44:15.628 125678 DEBUG oslo_concurrency.lockutils [req-121cc288-39b0-4522-ab3c-6fb91eefa19b - - - - -] Lock "2b356106-060c-4ab3-af53-c28e3c5a15cf" acquired by "nova.context.set_target_cell..get_or_set_cached_cell_and_set_connections" :: waited 0.000s inner /usr/lib/python3/dist-packages/oslo_concurrency/lockutils.py:386
2025-01-13 00:44:15.629 125678 DEBUG oslo_concurrency.lockutils [req-121cc288-39b0-4522-ab3c-6fb91eefa19b - - - - -] Lock "2b356106-060c-4ab3-af53-c28e3c5a15cf" "released" by "nova.context.set_target_cell..get_or_set_cached_cell_and_set_connections" :: held 0.002s inner /usr/lib/python3/dist-packages/oslo_concurrency/lockutils.py:400
2025-01-13 00:44:15.635 125678 DEBUG oslo_db.sqlalchemy.engines [req-121cc288-39b0-4522-ab3c-6fb91eefa19b - - - - -] MySQL server mode set to STRICT_TRANS_TABLES,STRICT_ALL_TABLES,NO_ZERO_IN_DATE,NO_ZERO_DATE,ERROR_FOR_DIVISION_BY_ZERO,TRADITIONAL,NO_ENGINE_SUBSTITUTION _check_effective_sql_mode /usr/lib/python3/dist-packages/oslo_db/sqlalchemy/engines.py:314
2025-01-13 00:44:15.657 125678 DEBUG nova.scheduler.host_manager [req-121cc288-39b0-4522-ab3c-6fb91eefa19b - - - - -] Total number of compute nodes: 0 _async_init_instance_info /usr/lib/python3/dist-packages/nova/scheduler/host_manager.py:424
2025-01-13 00:44:15.659 125678 DEBUG oslo_concurrency.lockutils [req-121cc288-39b0-4522-ab3c-6fb91eefa19b - - - - -] Lock "2b356106-060c-4ab3-af53-c28e3c5a15cf" acquired by "nova.context.set_target_cell..get_or_set_cached_cell_and_set_connections" :: waited 0.000s inner /usr/lib/python3/dist-packages/oslo_concurrency/lockutils.py:386
2025-01-13 00:44:15.659 125678 DEBUG oslo_concurrency.lockutils [req-121cc288-39b0-4522-ab3c-6fb91eefa19b - - - - -] Lock "2b356106-060c-4ab3-af53-c28e3c5a15cf" "released" by "nova.context.set_target_cell..get_or_set_cached_cell_and_set_connections" :: held 0.001s inner /usr/lib/python3/dist-packages/oslo_concurrency/lockutils.py:400
2025-01-13 00:44:15.745 125678 DEBUG nova.scheduler.host_manager [req-121cc288-39b0-4522-ab3c-6fb91eefa19b - - - - -] Adding 0 instances for hosts 10-20 _async_init_instance_info /usr/lib/python3/dist-packages/nova/scheduler/host_manager.py:443
2025-01-13 00:44:15.747 125678 DEBUG nova.scheduler.host_manager [req-121cc288-39b0-4522-ab3c-6fb91eefa19b - - - - -] END:_async_init_instance_info _async_init_instance_info /usr/lib/python3/dist-packages/nova/scheduler/host_manager.py:454
2025-01-13 00:44:17.842 125678 DEBUG nova.context [req-57c39684-5fb8-4919-87e6-5f6fb27254c1 - - - - -] Found 2 cells: 00000000-0000-0000-0000-000000000000(cell0),2b356106-060c-4ab3-af53-c28e3c5a15cf(cell1) load_cells /usr/lib/python3/dist-packages/nova/context.py:464
2025-01-13 00:44:17.843 125678 DEBUG oslo_concurrency.lockutils [req-9eede7ad-9064-40b2-8d72-961511184fe0 - - - - -] Lock "00000000-0000-0000-0000-000000000000" acquired by "nova.context.set_target_cell..get_or_set_cached_cell_and_set_connections" :: waited 0.000s inner /usr/lib/python3/dist-packages/oslo_concurrency/lockutils.py:386
2025-01-13 00:44:17.844 125678 DEBUG oslo_concurrency.lockutils [req-9eede7ad-9064-40b2-8d72-961511184fe0 - - - - -] Lock "00000000-0000-0000-0000-000000000000" "released" by "nova.context.set_target_cell..get_or_set_cached_cell_and_set_connections" :: held 0.001s inner /usr/lib/python3/dist-packages/oslo_concurrency/lockutils.py:400
2025-01-13 00:44:17.845 125678 DEBUG oslo_concurrency.lockutils [req-9eede7ad-9064-40b2-8d72-961511184fe0 - - - - -] Lock "2b356106-060c-4ab3-af53-c28e3c5a15cf" acquired by "nova.context.set_target_cell..get_or_set_cached_cell_and_set_connections" :: waited 0.000s inner /usr/lib/python3/dist-packages/oslo_concurrency/lockutils.py:386
2025-01-13 00:44:17.845 125678 DEBUG oslo_concurrency.lockutils [req-9eede7ad-9064-40b2-8d72-961511184fe0 - - - - -] Lock "2b356106-060c-4ab3-af53-c28e3c5a15cf" "released" by "nova.context.set_target_cell..get_or_set_cached_cell_and_set_connections" :: held 0.000s inner /usr/lib/python3/dist-packages/oslo_concurrency/lockutils.py:400
2025-01-13 00:44:17.867 125678 DEBUG oslo_db.sqlalchemy.engines [req-9eede7ad-9064-40b2-8d72-961511184fe0 - - - - -] MySQL server mode set to STRICT_TRANS_TABLES,STRICT_ALL_TABLES,NO_ZERO_IN_DATE,NO_ZERO_DATE,ERROR_FOR_DIVISION_BY_ZERO,TRADITIONAL,NO_ENGINE_SUBSTITUTION _check_effective_sql_mode /usr/lib/python3/dist-packages/oslo_db/sqlalchemy/engines.py:314
2025-01-13 00:44:17.881 125678 DEBUG oslo_concurrency.lockutils [req-9eede7ad-9064-40b2-8d72-961511184fe0 - - - - -] Acquired lock "singleton_lock" lock /usr/lib/python3/dist-packages/oslo_concurrency/lockutils.py:294
2025-01-13 00:44:17.882 125678 DEBUG oslo_concurrency.lockutils [req-9eede7ad-9064-40b2-8d72-961511184fe0 - - - - -] Releasing lock "singleton_lock" lock /usr/lib/python3/dist-packages/oslo_concurrency/lockutils.py:312
2025-01-13 00:44:17.882 125678 INFO oslo_service.service [req-9eede7ad-9064-40b2-8d72-961511184fe0 - - - - -] Starting 4 workers
2025-01-13 00:44:17.895 125678 DEBUG oslo_service.service [req-9eede7ad-9064-40b2-8d72-961511184fe0 - - - - -] Started child 126392 _start_child /usr/lib/python3/dist-packages/oslo_service/service.py:575
2025-01-13 00:44:17.904 126392 INFO nova.service [-] Starting scheduler node (version 25.2.1)
2025-01-13 00:44:17.904 125678 DEBUG oslo_service.service [req-9eede7ad-9064-40b2-8d72-961511184fe0 - - - - -] Started child 126393 _start_child /usr/lib/python3/dist-packages/oslo_service/service.py:575
2025-01-13 00:44:17.919 126393 INFO nova.service [-] Starting scheduler node (version 25.2.1)
2025-01-13 00:44:17.916 125678 DEBUG oslo_service.service [req-9eede7ad-9064-40b2-8d72-961511184fe0 - - - - -] Started child 126401 _start_child /usr/lib/python3/dist-packages/oslo_service/service.py:575
2025-01-13 00:44:17.924 126392 DEBUG oslo_db.sqlalchemy.engines [req-22947104-cd7c-4a3b-80d9-0e877b5bbde7 - - - - -] MySQL server mode set to STRICT_TRANS_TABLES,STRICT_ALL_TABLES,NO_ZERO_IN_DATE,NO_ZERO_DATE,ERROR_FOR_DIVISION_BY_ZERO,TRADITIONAL,NO_ENGINE_SUBSTITUTION _check_effective_sql_mode /usr/lib/python3/dist-packages/oslo_db/sqlalchemy/engines.py:314
2025-01-13 00:44:17.925 126401 INFO nova.service [-] Starting scheduler node (version 25.2.1)
2025-01-13 00:44:17.932 125678 DEBUG oslo_service.service [req-9eede7ad-9064-40b2-8d72-961511184fe0 - - - - -] Started child 126403 _start_child /usr/lib/python3/dist-packages/oslo_service/service.py:575
2025-01-13 00:44:17.938 125678 DEBUG oslo_service.service [req-9eede7ad-9064-40b2-8d72-961511184fe0 - - - - -] Full set of CONF: wait /usr/lib/python3/dist-packages/oslo_service/service.py:649
2025-01-13 00:44:17.939 125678 DEBUG oslo_service.service [req-9eede7ad-9064-40b2-8d72-961511184fe0 - - - - -] ******************************************************************************** log_opt_values /usr/lib/python3/dist-packages/oslo_config/cfg.py:2589
2025-01-13 00:44:17.939 125678 DEBUG oslo_service.service [req-9eede7ad-9064-40b2-8d72-961511184fe0 - - - - -] Configuration options gathered from: log_opt_values /usr/lib/python3/dist-packages/oslo_config/cfg.py:2590
2025-01-13 00:44:17.940 125678 DEBUG oslo_service.service [req-9eede7ad-9064-40b2-8d72-961511184fe0 - - - - -] command line args: ['--config-file=/etc/nova/nova.conf', '--log-file=/var/log/nova/nova-scheduler.log'] log_opt_values /usr/lib/python3/dist-packages/oslo_config/cfg.py:2591
2025-01-13 00:44:17.940 125678 DEBUG oslo_service.service [req-9eede7ad-9064-40b2-8d72-961511184fe0 - - - - -] config files: ['/etc/nova/nova.conf'] log_opt_values /usr/lib/python3/dist-packages/oslo_config/cfg.py:2592
2025-01-13 00:44:17.942 125678 DEBUG oslo_service.service [req-9eede7ad-9064-40b2-8d72-961511184fe0 - - - - -] ================================================================================ log_opt_values /usr/lib/python3/dist-packages/oslo_config/cfg.py:2594
2025-01-13 00:44:17.942 125678 DEBUG oslo_service.service [req-9eede7ad-9064-40b2-8d72-961511184fe0 - - - - -] allow_resize_to_same_host = False log_opt_values /usr/lib/python3/dist-packages/oslo_config/cfg.py:2602
2025-01-13 00:44:17.943 125678 DEBUG oslo_service.service [req-9eede7ad-9064-40b2-8d72-961511184fe0 - - - - -] arq_binding_timeout = 300 log_opt_values /usr/lib/python3/dist-packages/oslo_config/cfg.py:2602
2025-01-13 00:44:17.943 125678 DEBUG oslo_service.service [req-9eede7ad-9064-40b2-8d72-961511184fe0 - - - - -] block_device_allocate_retries = 60 log_opt_values /usr/lib/python3/dist-packages/oslo_config/cfg.py:2602
2025-01-13 00:44:17.945 125678 DEBUG oslo_service.service [req-9eede7ad-9064-40b2-8d72-961511184fe0 - - - - -] block_device_allocate_retries_interval = 3 log_opt_values /usr/lib/python3/dist-packages/oslo_config/cfg.py:2602
2025-01-13 00:44:17.945 125678 DEBUG oslo_service.service [req-9eede7ad-9064-40b2-8d72-961511184fe0 - - - - -] cert = self.pem log_opt_values /usr/lib/python3/dist-packages/oslo_config/cfg.py:2602
2025-01-13 00:44:17.945 125678 DEBUG oslo_service.service [req-9eede7ad-9064-40b2-8d72-961511184fe0 - - - - -] compute_driver = libvirt.LibvirtDriver log_opt_values /usr/lib/python3/dist-packages/oslo_config/cfg.py:2602
2025-01-13 00:44:17.947 125678 DEBUG oslo_service.service [req-9eede7ad-9064-40b2-8d72-961511184fe0 - - - - -] compute_monitors = [] log_opt_values /usr/lib/python3/dist-packages/oslo_config/cfg.py:2602
2025-01-13 00:44:17.947 125678 DEBUG oslo_service.service [req-9eede7ad-9064-40b2-8d72-961511184fe0 - - - - -] config_dir = [] log_opt_values /usr/lib/python3/dist-packages/oslo_config/cfg.py:2602
2025-01-13 00:44:17.948 125678 DEBUG oslo_service.service [req-9eede7ad-9064-40b2-8d72-961511184fe0 - - - - -] config_drive_format = iso9660 log_opt_values /usr/lib/python3/dist-packages/oslo_config/cfg.py:2602
2025-01-13 00:44:17.948 125678 DEBUG oslo_service.service [req-9eede7ad-9064-40b2-8d72-961511184fe0 - - - - -] config_file = ['/etc/nova/nova.conf'] log_opt_values /usr/lib/python3/dist-packages/oslo_config/cfg.py:2602
2025-01-13 00:44:17.948 125678 DEBUG oslo_service.service [req-9eede7ad-9064-40b2-8d72-961511184fe0 - - - - -] config_source = [] log_opt_values /usr/lib/python3/dist-packages/oslo_config/cfg.py:2602
2025-01-13 00:44:17.948 125678 DEBUG oslo_service.service [req-9eede7ad-9064-40b2-8d72-961511184fe0 - - - - -] console_host = juju-722981-0-lxd-7 log_opt_values /usr/lib/python3/dist-packages/oslo_config/cfg.py:2602
2025-01-13 00:44:17.950 126401 DEBUG oslo_db.sqlalchemy.engines [req-bb109696-e646-460e-8db4-bfffcdfb9cef - - - - -] MySQL server mode set to STRICT_TRANS_TABLES,STRICT_ALL_TABLES,NO_ZERO_IN_DATE,NO_ZERO_DATE,ERROR_FOR_DIVISION_BY_ZERO,TRADITIONAL,NO_ENGINE_SUBSTITUTION _check_effective_sql_mode /usr/lib/python3/dist-packages/oslo_db/sqlalchemy/engines.py:314
2025-01-13 00:44:17.948 125678 DEBUG oslo_service.service [req-9eede7ad-9064-40b2-8d72-961511184fe0 - - - - -] control_exchange = nova log_opt_values /usr/lib/python3/dist-packages/oslo_config/cfg.py:2602
2025-01-13 00:44:17.951 125678 DEBUG oslo_service.service [req-9eede7ad-9064-40b2-8d72-961511184fe0 - - - - -] cpu_allocation_ratio = 2.0 log_opt_values /usr/lib/python3/dist-packages/oslo_config/cfg.py:2602
2025-01-13 00:44:17.951 125678 DEBUG oslo_service.service [req-9eede7ad-9064-40b2-8d72-961511184fe0 - - - - -] daemon = False log_opt_values /usr/lib/python3/dist-packages/oslo_config/cfg.py:2602
2025-01-13 00:44:17.952 126393 DEBUG oslo_db.sqlalchemy.engines [req-73f9a5ff-6200-47aa-870e-75e9f275ef2b - - - - -] MySQL server mode set to STRICT_TRANS_TABLES,STRICT_ALL_TABLES,NO_ZERO_IN_DATE,NO_ZERO_DATE,ERROR_FOR_DIVISION_BY_ZERO,TRADITIONAL,NO_ENGINE_SUBSTITUTION _check_effective_sql_mode /usr/lib/python3/dist-packages/oslo_db/sqlalchemy/engines.py:314
2025-01-13 00:44:17.952 125678 DEBUG oslo_service.service [req-9eede7ad-9064-40b2-8d72-961511184fe0 - - - - -] debug = True log_opt_values /usr/lib/python3/dist-packages/oslo_config/cfg.py:2602
2025-01-13 00:44:17.954 125678 DEBUG oslo_service.service [req-9eede7ad-9064-40b2-8d72-961511184fe0 - - - - -] default_access_ip_network_name = None log_opt_values /usr/lib/python3/dist-packages/oslo_config/cfg.py:2602
2025-01-13 00:44:17.954 125678 DEBUG oslo_service.service [req-9eede7ad-9064-40b2-8d72-961511184fe0 - - - - -] default_availability_zone = nova log_opt_values /usr/lib/python3/dist-packages/oslo_config/cfg.py:2602
2025-01-13 00:44:17.954 125678 DEBUG oslo_service.service [req-9eede7ad-9064-40b2-8d72-961511184fe0 - - - - -] default_ephemeral_format = None log_opt_values /usr/lib/python3/dist-packages/oslo_config/cfg.py:2602
2025-01-13 00:44:17.955 125678 DEBUG oslo_service.service [req-9eede7ad-9064-40b2-8d72-961511184fe0 - - - - -] default_log_levels = ['amqp=WARN', 'amqplib=WARN', 'boto=WARN', 'qpid=WARN', 'sqlalchemy=WARN', 'suds=INFO', 'oslo.messaging=INFO', 'oslo_messaging=DEBUG', 'iso8601=WARN', 'requests.packages.urllib3.connectionpool=WARN', 'urllib3.connectionpool=WARN', 'websocket=WARN', 'requests.packages.urllib3.util.retry=WARN', 'urllib3.util.retry=WARN', 'keystonemiddleware=WARN', 'routes.middleware=WARN', 'stevedore=WARN', 'taskflow=WARN', 'keystoneauth=WARN', 'oslo.cache=INFO', 'dogpile.core.dogpile=INFO', 'glanceclient=WARN', 'oslo.privsep.daemon=INFO'] log_opt_values /usr/lib/python3/dist-packages/oslo_config/cfg.py:2602
2025-01-13 00:44:17.956 125678 DEBUG oslo_service.service [req-9eede7ad-9064-40b2-8d72-961511184fe0 - - - - -] default_schedule_zone = None log_opt_values /usr/lib/python3/dist-packages/oslo_config/cfg.py:2602
2025-01-13 00:44:17.956 125678 DEBUG oslo_service.service [req-9eede7ad-9064-40b2-8d72-961511184fe0 - - - - -] disk_allocation_ratio = 1.0 log_opt_values /usr/lib/python3/dist-packages/oslo_config/cfg.py:2602
2025-01-13 00:44:17.957 125678 DEBUG oslo_service.service [req-9eede7ad-9064-40b2-8d72-961511184fe0 - - - - -] enable_new_services = True log_opt_values /usr/lib/python3/dist-packages/oslo_config/cfg.py:2602
2025-01-13 00:44:17.957 125678 DEBUG oslo_service.service [req-9eede7ad-9064-40b2-8d72-961511184fe0 - - - - -] enabled_apis = ['osapi_compute', 'metadata'] log_opt_values /usr/lib/python3/dist-packages/oslo_config/cfg.py:2602
2025-01-13 00:44:17.958 125678 DEBUG oslo_service.service [req-9eede7ad-9064-40b2-8d72-961511184fe0 - - - - -] enabled_ssl_apis = [] log_opt_values /usr/lib/python3/dist-packages/oslo_config/cfg.py:2602
2025-01-13 00:44:17.958 125678 DEBUG oslo_service.service [req-9eede7ad-9064-40b2-8d72-961511184fe0 - - - - -] fatal_deprecations = False log_opt_values /usr/lib/python3/dist-packages/oslo_config/cfg.py:2602
2025-01-13 00:44:17.958 125678 DEBUG oslo_service.service [req-9eede7ad-9064-40b2-8d72-961511184fe0 - - - - -] flat_injected = False log_opt_values /usr/lib/python3/dist-packages/oslo_config/cfg.py:2602
2025-01-13 00:44:17.958 125678 DEBUG oslo_service.service [req-9eede7ad-9064-40b2-8d72-961511184fe0 - - - - -] force_config_drive = False log_opt_values /usr/lib/python3/dist-packages/oslo_config/cfg.py:2602
2025-01-13 00:44:17.959 125678 DEBUG oslo_service.service [req-9eede7ad-9064-40b2-8d72-961511184fe0 - - - - -] force_raw_images = True log_opt_values /usr/lib/python3/dist-packages/oslo_config/cfg.py:2602
2025-01-13 00:44:17.959 126392 DEBUG nova.service [req-22947104-cd7c-4a3b-80d9-0e877b5bbde7 - - - - -] Creating RPC server for service scheduler start /usr/lib/python3/dist-packages/nova/service.py:182
2025-01-13 00:44:17.961 125678 DEBUG oslo_service.service [req-9eede7ad-9064-40b2-8d72-961511184fe0 - - - - -] graceful_shutdown_timeout = 60 log_opt_values /usr/lib/python3/dist-packages/oslo_config/cfg.py:2602
2025-01-13 00:44:17.962 125678 DEBUG oslo_service.service [req-9eede7ad-9064-40b2-8d72-961511184fe0 - - - - -] heal_instance_info_cache_interval = 60 log_opt_values /usr/lib/python3/dist-packages/oslo_config/cfg.py:2602
2025-01-13 00:44:17.963 125678 DEBUG oslo_service.service [req-9eede7ad-9064-40b2-8d72-961511184fe0 - - - - -] host = juju-722981-0-lxd-7 log_opt_values /usr/lib/python3/dist-packages/oslo_config/cfg.py:2602
2025-01-13 00:44:17.963 125678 DEBUG oslo_service.service [req-9eede7ad-9064-40b2-8d72-961511184fe0 - - - - -] initial_cpu_allocation_ratio = 16.0 log_opt_values /usr/lib/python3/dist-packages/oslo_config/cfg.py:2602
2025-01-13 00:44:17.963 125678 DEBUG oslo_service.service [req-9eede7ad-9064-40b2-8d72-961511184fe0 - - - - -] initial_disk_allocation_ratio = 1.0 log_opt_values /usr/lib/python3/dist-packages/oslo_config/cfg.py:2602
2025-01-13 00:44:17.963 125678 DEBUG oslo_service.service [req-9eede7ad-9064-40b2-8d72-961511184fe0 - - - - -] initial_ram_allocation_ratio = 1.5 log_opt_values /usr/lib/python3/dist-packages/oslo_config/cfg.py:2602
2025-01-13 00:44:17.964 125678 DEBUG oslo_service.service [req-9eede7ad-9064-40b2-8d72-961511184fe0 - - - - -] injected_network_template = /usr/lib/python3/dist-packages/nova/virt/interfaces.template log_opt_values /usr/lib/python3/dist-packages/oslo_config/cfg.py:2602
2025-01-13 00:44:17.964 125678 DEBUG oslo_service.service [req-9eede7ad-9064-40b2-8d72-961511184fe0 - - - - -] instance_build_timeout = 0 log_opt_values /usr/lib/python3/dist-packages/oslo_config/cfg.py:2602
2025-01-13 00:44:17.965 125678 DEBUG oslo_service.service [req-9eede7ad-9064-40b2-8d72-961511184fe0 - - - - -] instance_delete_interval = 300 log_opt_values /usr/lib/python3/dist-packages/oslo_config/cfg.py:2602
2025-01-13 00:44:17.965 125678 DEBUG oslo_service.service [req-9eede7ad-9064-40b2-8d72-961511184fe0 - - - - -] instance_format = [instance: %(uuid)s] log_opt_values /usr/lib/python3/dist-packages/oslo_config/cfg.py:2602
2025-01-13 00:44:17.965 125678 DEBUG oslo_service.service [req-9eede7ad-9064-40b2-8d72-961511184fe0 - - - - -] instance_name_template = instance-%08x log_opt_values /usr/lib/python3/dist-packages/oslo_config/cfg.py:2602
2025-01-13 00:44:17.966 125678 DEBUG oslo_service.service [req-9eede7ad-9064-40b2-8d72-961511184fe0 - - - - -] instance_usage_audit = False log_opt_values /usr/lib/python3/dist-packages/oslo_config/cfg.py:2602
2025-01-13 00:44:17.968 125678 DEBUG oslo_service.service [req-9eede7ad-9064-40b2-8d72-961511184fe0 - - - - -] instance_usage_audit_period = month log_opt_values /usr/lib/python3/dist-packages/oslo_config/cfg.py:2602
2025-01-13 00:44:17.968 125678 DEBUG oslo_service.service [req-9eede7ad-9064-40b2-8d72-961511184fe0 - - - - -] instance_uuid_format = [instance: %(uuid)s] log_opt_values /usr/lib/python3/dist-packages/oslo_config/cfg.py:2602
2025-01-13 00:44:17.969 125678 DEBUG oslo_service.service [req-9eede7ad-9064-40b2-8d72-961511184fe0 - - - - -] instances_path = /var/lib/nova/instances log_opt_values /usr/lib/python3/dist-packages/oslo_config/cfg.py:2602
2025-01-13 00:44:17.969 125678 DEBUG oslo_service.service [req-9eede7ad-9064-40b2-8d72-961511184fe0 - - - - -] internal_service_availability_zone = internal log_opt_values /usr/lib/python3/dist-packages/oslo_config/cfg.py:2602
2025-01-13 00:44:17.969 125678 DEBUG oslo_service.service [req-9eede7ad-9064-40b2-8d72-961511184fe0 - - - - -] key = None log_opt_values /usr/lib/python3/dist-packages/oslo_config/cfg.py:2602
2025-01-13 00:44:17.970 125678 DEBUG oslo_service.service [req-9eede7ad-9064-40b2-8d72-961511184fe0 - - - - -] live_migration_retry_count = 30 log_opt_values /usr/lib/python3/dist-packages/oslo_config/cfg.py:2602
