2025-01-13 00:42:57.198 119930 DEBUG oslo_service.service [req-361980f4-1ced-435f-9394-a3c84df08cd2 - - - - -] glance.insecure = False log_opt_values /usr/lib/python3/dist-packages/oslo_config/cfg.py:2609
2025-01-13 00:42:57.198 119930 DEBUG oslo_service.service [req-361980f4-1ced-435f-9394-a3c84df08cd2 - - - - -] glance.keyfile = None log_opt_values /usr/lib/python3/dist-packages/oslo_config/cfg.py:2609
2025-01-13 00:42:57.198 119930 DEBUG oslo_service.service [req-361980f4-1ced-435f-9394-a3c84df08cd2 - - - - -] glance.max_version = None log_opt_values /usr/lib/python3/dist-packages/oslo_config/cfg.py:2609
2025-01-13 00:42:57.198 119930 DEBUG oslo_service.service [req-361980f4-1ced-435f-9394-a3c84df08cd2 - - - - -] glance.min_version = None log_opt_values /usr/lib/python3/dist-packages/oslo_config/cfg.py:2609
2025-01-13 00:42:57.199 119930 DEBUG oslo_service.service [req-361980f4-1ced-435f-9394-a3c84df08cd2 - - - - -] glance.num_retries = 3 log_opt_values /usr/lib/python3/dist-packages/oslo_config/cfg.py:2609
2025-01-13 00:42:57.199 119930 DEBUG oslo_service.service [req-361980f4-1ced-435f-9394-a3c84df08cd2 - - - - -] glance.rbd_ceph_conf = log_opt_values /usr/lib/python3/dist-packages/oslo_config/cfg.py:2609
2025-01-13 00:42:57.199 119930 DEBUG oslo_service.service [req-361980f4-1ced-435f-9394-a3c84df08cd2 - - - - -] glance.rbd_connect_timeout = 5 log_opt_values /usr/lib/python3/dist-packages/oslo_config/cfg.py:2609
2025-01-13 00:42:57.199 119930 DEBUG oslo_service.service [req-361980f4-1ced-435f-9394-a3c84df08cd2 - - - - -] glance.rbd_pool = log_opt_values /usr/lib/python3/dist-packages/oslo_config/cfg.py:2609
2025-01-13 00:42:57.199 119930 DEBUG oslo_service.service [req-361980f4-1ced-435f-9394-a3c84df08cd2 - - - - -] glance.rbd_user = log_opt_values /usr/lib/python3/dist-packages/oslo_config/cfg.py:2609
2025-01-13 00:42:57.200 119930 DEBUG oslo_service.service [req-361980f4-1ced-435f-9394-a3c84df08cd2 - - - - -] glance.region_name = None log_opt_values /usr/lib/python3/dist-packages/oslo_config/cfg.py:2609
2025-01-13 00:42:57.200 119930 DEBUG oslo_service.service [req-361980f4-1ced-435f-9394-a3c84df08cd2 - - - - -] glance.service_name = None log_opt_values /usr/lib/python3/dist-packages/oslo_config/cfg.py:2609
2025-01-13 00:42:57.200 119930 DEBUG oslo_service.service [req-361980f4-1ced-435f-9394-a3c84df08cd2 - - - - -] glance.service_type = image log_opt_values /usr/lib/python3/dist-packages/oslo_config/cfg.py:2609
2025-01-13 00:42:57.201 119930 DEBUG oslo_service.service [req-361980f4-1ced-435f-9394-a3c84df08cd2 - - - - -] glance.split_loggers = False log_opt_values /usr/lib/python3/dist-packages/oslo_config/cfg.py:2609
2025-01-13 00:42:57.201 119930 DEBUG oslo_service.service [req-361980f4-1ced-435f-9394-a3c84df08cd2 - - - - -] glance.status_code_retries = None log_opt_values /usr/lib/python3/dist-packages/oslo_config/cfg.py:2609
2025-01-13 00:42:57.201 119930 DEBUG oslo_service.service [req-361980f4-1ced-435f-9394-a3c84df08cd2 - - - - -] glance.status_code_retry_delay = None log_opt_values /usr/lib/python3/dist-packages/oslo_config/cfg.py:2609
2025-01-13 00:42:57.201 119930 DEBUG oslo_service.service [req-361980f4-1ced-435f-9394-a3c84df08cd2 - - - - -] glance.timeout = None log_opt_values /usr/lib/python3/dist-packages/oslo_config/cfg.py:2609
2025-01-13 00:42:57.202 119930 DEBUG oslo_service.service [req-361980f4-1ced-435f-9394-a3c84df08cd2 - - - - -] glance.valid_interfaces = ['internal', 'public'] log_opt_values /usr/lib/python3/dist-packages/oslo_config/cfg.py:2609
2025-01-13 00:42:57.202 119930 DEBUG oslo_service.service [req-361980f4-1ced-435f-9394-a3c84df08cd2 - - - - -] glance.verify_glance_signatures = False log_opt_values /usr/lib/python3/dist-packages/oslo_config/cfg.py:2609
2025-01-13 00:42:57.203 119930 DEBUG oslo_service.service [req-361980f4-1ced-435f-9394-a3c84df08cd2 - - - - -] glance.version = None log_opt_values /usr/lib/python3/dist-packages/oslo_config/cfg.py:2609
2025-01-13 00:42:57.203 119930 DEBUG oslo_service.service [req-361980f4-1ced-435f-9394-a3c84df08cd2 - - - - -] guestfs.debug = False log_opt_values /usr/lib/python3/dist-packages/oslo_config/cfg.py:2609
2025-01-13 00:42:57.203 119930 DEBUG oslo_service.service [req-361980f4-1ced-435f-9394-a3c84df08cd2 - - - - -] hyperv.config_drive_cdrom = False log_opt_values /usr/lib/python3/dist-packages/oslo_config/cfg.py:2609
2025-01-13 00:42:57.203 119930 DEBUG oslo_service.service [req-361980f4-1ced-435f-9394-a3c84df08cd2 - - - - -] hyperv.config_drive_inject_password = False log_opt_values /usr/lib/python3/dist-packages/oslo_config/cfg.py:2609
2025-01-13 00:42:57.204 119930 DEBUG oslo_service.service [req-361980f4-1ced-435f-9394-a3c84df08cd2 - - - - -] hyperv.dynamic_memory_ratio = 1.0 log_opt_values /usr/lib/python3/dist-packages/oslo_config/cfg.py:2609
2025-01-13 00:42:57.204 119930 DEBUG oslo_service.service [req-361980f4-1ced-435f-9394-a3c84df08cd2 - - - - -] hyperv.enable_instance_metrics_collection = False log_opt_values /usr/lib/python3/dist-packages/oslo_config/cfg.py:2609
2025-01-13 00:42:57.204 119930 DEBUG oslo_service.service [req-361980f4-1ced-435f-9394-a3c84df08cd2 - - - - -] hyperv.enable_remotefx = False log_opt_values /usr/lib/python3/dist-packages/oslo_config/cfg.py:2609
2025-01-13 00:42:57.204 119930 DEBUG oslo_service.service [req-361980f4-1ced-435f-9394-a3c84df08cd2 - - - - -] hyperv.instances_path_share = log_opt_values /usr/lib/python3/dist-packages/oslo_config/cfg.py:2609
2025-01-13 00:42:57.205 119930 DEBUG oslo_service.service [req-361980f4-1ced-435f-9394-a3c84df08cd2 - - - - -] hyperv.iscsi_initiator_list = [] log_opt_values /usr/lib/python3/dist-packages/oslo_config/cfg.py:2609
2025-01-13 00:42:57.205 119930 DEBUG oslo_service.service [req-361980f4-1ced-435f-9394-a3c84df08cd2 - - - - -] hyperv.limit_cpu_features = False log_opt_values /usr/lib/python3/dist-packages/oslo_config/cfg.py:2609
2025-01-13 00:42:57.205 119930 DEBUG oslo_service.service [req-361980f4-1ced-435f-9394-a3c84df08cd2 - - - - -] hyperv.mounted_disk_query_retry_count = 10 log_opt_values /usr/lib/python3/dist-packages/oslo_config/cfg.py:2609
2025-01-13 00:42:57.205 119930 DEBUG oslo_service.service [req-361980f4-1ced-435f-9394-a3c84df08cd2 - - - - -] hyperv.mounted_disk_query_retry_interval = 5 log_opt_values /usr/lib/python3/dist-packages/oslo_config/cfg.py:2609
2025-01-13 00:42:57.205 119930 DEBUG oslo_service.service [req-361980f4-1ced-435f-9394-a3c84df08cd2 - - - - -] hyperv.power_state_check_timeframe = 60 log_opt_values /usr/lib/python3/dist-packages/oslo_config/cfg.py:2609
2025-01-13 00:42:57.206 119930 DEBUG oslo_service.service [req-361980f4-1ced-435f-9394-a3c84df08cd2 - - - - -] hyperv.power_state_event_polling_interval = 2 log_opt_values /usr/lib/python3/dist-packages/oslo_config/cfg.py:2609
2025-01-13 00:42:57.206 119930 DEBUG oslo_service.service [req-361980f4-1ced-435f-9394-a3c84df08cd2 - - - - -] hyperv.qemu_img_cmd = qemu-img.exe log_opt_values /usr/lib/python3/dist-packages/oslo_config/cfg.py:2609
2025-01-13 00:42:57.206 119930 DEBUG oslo_service.service [req-361980f4-1ced-435f-9394-a3c84df08cd2 - - - - -] hyperv.use_multipath_io = False log_opt_values /usr/lib/python3/dist-packages/oslo_config/cfg.py:2609
2025-01-13 00:42:57.207 119930 DEBUG oslo_service.service [req-361980f4-1ced-435f-9394-a3c84df08cd2 - - - - -] hyperv.volume_attach_retry_count = 10 log_opt_values /usr/lib/python3/dist-packages/oslo_config/cfg.py:2609
2025-01-13 00:42:57.207 119930 DEBUG oslo_service.service [req-361980f4-1ced-435f-9394-a3c84df08cd2 - - - - -] hyperv.volume_attach_retry_interval = 5 log_opt_values /usr/lib/python3/dist-packages/oslo_config/cfg.py:2609
2025-01-13 00:42:57.207 119930 DEBUG oslo_service.service [req-361980f4-1ced-435f-9394-a3c84df08cd2 - - - - -] hyperv.vswitch_name = None log_opt_values /usr/lib/python3/dist-packages/oslo_config/cfg.py:2609
2025-01-13 00:42:57.207 119930 DEBUG oslo_service.service [req-361980f4-1ced-435f-9394-a3c84df08cd2 - - - - -] hyperv.wait_soft_reboot_seconds = 60 log_opt_values /usr/lib/python3/dist-packages/oslo_config/cfg.py:2609
2025-01-13 00:42:57.207 119930 DEBUG oslo_service.service [req-361980f4-1ced-435f-9394-a3c84df08cd2 - - - - -] mks.enabled = False log_opt_values /usr/lib/python3/dist-packages/oslo_config/cfg.py:2609
2025-01-13 00:42:57.208 119930 DEBUG oslo_service.service [req-361980f4-1ced-435f-9394-a3c84df08cd2 - - - - -] mks.mksproxy_base_url = http://127.0.0.1:6090/ log_opt_values /usr/lib/python3/dist-packages/oslo_config/cfg.py:2609
2025-01-13 00:42:57.208 119930 DEBUG oslo_service.service [req-361980f4-1ced-435f-9394-a3c84df08cd2 - - - - -] image_cache.manager_interval = 2400 log_opt_values /usr/lib/python3/dist-packages/oslo_config/cfg.py:2609
2025-01-13 00:42:57.209 119930 DEBUG oslo_service.service [req-361980f4-1ced-435f-9394-a3c84df08cd2 - - - - -] image_cache.precache_concurrency = 1 log_opt_values /usr/lib/python3/dist-packages/oslo_config/cfg.py:2609
2025-01-13 00:42:57.209 119930 DEBUG oslo_service.service [req-361980f4-1ced-435f-9394-a3c84df08cd2 - - - - -] image_cache.remove_unused_base_images = True log_opt_values /usr/lib/python3/dist-packages/oslo_config/cfg.py:2609
2025-01-13 00:42:57.209 119930 DEBUG oslo_service.service [req-361980f4-1ced-435f-9394-a3c84df08cd2 - - - - -] image_cache.remove_unused_original_minimum_age_seconds = 86400 log_opt_values /usr/lib/python3/dist-packages/oslo_config/cfg.py:2609
2025-01-13 00:42:57.209 119930 DEBUG oslo_service.service [req-361980f4-1ced-435f-9394-a3c84df08cd2 - - - - -] image_cache.remove_unused_resized_minimum_age_seconds = 3600 log_opt_values /usr/lib/python3/dist-packages/oslo_config/cfg.py:2609
2025-01-13 00:42:57.210 119930 DEBUG oslo_service.service [req-361980f4-1ced-435f-9394-a3c84df08cd2 - - - - -] image_cache.subdirectory_name = _base log_opt_values /usr/lib/python3/dist-packages/oslo_config/cfg.py:2609
2025-01-13 00:42:57.210 119930 DEBUG oslo_service.service [req-361980f4-1ced-435f-9394-a3c84df08cd2 - - - - -] ironic.api_max_retries = 60 log_opt_values /usr/lib/python3/dist-packages/oslo_config/cfg.py:2609
2025-01-13 00:42:57.210 119930 DEBUG oslo_service.service [req-361980f4-1ced-435f-9394-a3c84df08cd2 - - - - -] ironic.api_retry_interval = 2 log_opt_values /usr/lib/python3/dist-packages/oslo_config/cfg.py:2609
2025-01-13 00:42:57.211 119930 DEBUG oslo_service.service [req-361980f4-1ced-435f-9394-a3c84df08cd2 - - - - -] ironic.auth_section = None log_opt_values /usr/lib/python3/dist-packages/oslo_config/cfg.py:2609
2025-01-13 00:42:57.211 119930 DEBUG oslo_service.service [req-361980f4-1ced-435f-9394-a3c84df08cd2 - - - - -] ironic.auth_type = None log_opt_values /usr/lib/python3/dist-packages/oslo_config/cfg.py:2609
2025-01-13 00:42:57.211 119930 DEBUG oslo_service.service [req-361980f4-1ced-435f-9394-a3c84df08cd2 - - - - -] ironic.cafile = None log_opt_values /usr/lib/python3/dist-packages/oslo_config/cfg.py:2609
2025-01-13 00:42:57.211 119930 DEBUG oslo_service.service [req-361980f4-1ced-435f-9394-a3c84df08cd2 - - - - -] ironic.certfile = None log_opt_values /usr/lib/python3/dist-packages/oslo_config/cfg.py:2609
2025-01-13 00:42:57.212 119930 DEBUG oslo_service.service [req-361980f4-1ced-435f-9394-a3c84df08cd2 - - - - -] ironic.collect_timing = False log_opt_values /usr/lib/python3/dist-packages/oslo_config/cfg.py:2609
2025-01-13 00:42:57.212 119930 DEBUG oslo_service.service [req-361980f4-1ced-435f-9394-a3c84df08cd2 - - - - -] ironic.connect_retries = None log_opt_values /usr/lib/python3/dist-packages/oslo_config/cfg.py:2609
2025-01-13 00:42:57.212 119930 DEBUG oslo_service.service [req-361980f4-1ced-435f-9394-a3c84df08cd2 - - - - -] ironic.connect_retry_delay = None log_opt_values /usr/lib/python3/dist-packages/oslo_config/cfg.py:2609
2025-01-13 00:42:57.212 119930 DEBUG oslo_service.service [req-361980f4-1ced-435f-9394-a3c84df08cd2 - - - - -] ironic.endpoint_override = None log_opt_values /usr/lib/python3/dist-packages/oslo_config/cfg.py:2609
2025-01-13 00:42:57.213 119930 DEBUG oslo_service.service [req-361980f4-1ced-435f-9394-a3c84df08cd2 - - - - -] ironic.insecure = False log_opt_values /usr/lib/python3/dist-packages/oslo_config/cfg.py:2609
2025-01-13 00:42:57.213 119930 DEBUG oslo_service.service [req-361980f4-1ced-435f-9394-a3c84df08cd2 - - - - -] ironic.keyfile = None log_opt_values /usr/lib/python3/dist-packages/oslo_config/cfg.py:2609
2025-01-13 00:42:57.213 119930 DEBUG oslo_service.service [req-361980f4-1ced-435f-9394-a3c84df08cd2 - - - - -] ironic.max_version = None log_opt_values /usr/lib/python3/dist-packages/oslo_config/cfg.py:2609
2025-01-13 00:42:57.213 119930 DEBUG oslo_service.service [req-361980f4-1ced-435f-9394-a3c84df08cd2 - - - - -] ironic.min_version = None log_opt_values /usr/lib/python3/dist-packages/oslo_config/cfg.py:2609
2025-01-13 00:42:57.214 119930 DEBUG oslo_service.service [req-361980f4-1ced-435f-9394-a3c84df08cd2 - - - - -] ironic.partition_key = None log_opt_values /usr/lib/python3/dist-packages/oslo_config/cfg.py:2609
2025-01-13 00:42:57.214 119930 DEBUG oslo_service.service [req-361980f4-1ced-435f-9394-a3c84df08cd2 - - - - -] ironic.peer_list = [] log_opt_values /usr/lib/python3/dist-packages/oslo_config/cfg.py:2609
2025-01-13 00:42:57.214 119930 DEBUG oslo_service.service [req-361980f4-1ced-435f-9394-a3c84df08cd2 - - - - -] ironic.region_name = None log_opt_values /usr/lib/python3/dist-packages/oslo_config/cfg.py:2609
2025-01-13 00:42:57.214 119930 DEBUG oslo_service.service [req-361980f4-1ced-435f-9394-a3c84df08cd2 - - - - -] ironic.serial_console_state_timeout = 10 log_opt_values /usr/lib/python3/dist-packages/oslo_config/cfg.py:2609
2025-01-13 00:42:57.215 119930 DEBUG oslo_service.service [req-361980f4-1ced-435f-9394-a3c84df08cd2 - - - - -] ironic.service_name = None log_opt_values /usr/lib/python3/dist-packages/oslo_config/cfg.py:2609
2025-01-13 00:42:57.215 119930 DEBUG oslo_service.service [req-361980f4-1ced-435f-9394-a3c84df08cd2 - - - - -] ironic.service_type = baremetal log_opt_values /usr/lib/python3/dist-packages/oslo_config/cfg.py:2609
2025-01-13 00:42:57.215 119930 DEBUG oslo_service.service [req-361980f4-1ced-435f-9394-a3c84df08cd2 - - - - -] ironic.split_loggers = False log_opt_values /usr/lib/python3/dist-packages/oslo_config/cfg.py:2609
2025-01-13 00:42:57.216 119930 DEBUG oslo_service.service [req-361980f4-1ced-435f-9394-a3c84df08cd2 - - - - -] ironic.status_code_retries = None log_opt_values /usr/lib/python3/dist-packages/oslo_config/cfg.py:2609
2025-01-13 00:42:57.216 119930 DEBUG oslo_service.service [req-361980f4-1ced-435f-9394-a3c84df08cd2 - - - - -] ironic.status_code_retry_delay = None log_opt_values /usr/lib/python3/dist-packages/oslo_config/cfg.py:2609
2025-01-13 00:42:57.216 119930 DEBUG oslo_service.service [req-361980f4-1ced-435f-9394-a3c84df08cd2 - - - - -] ironic.timeout = None log_opt_values /usr/lib/python3/dist-packages/oslo_config/cfg.py:2609
2025-01-13 00:42:57.217 119930 DEBUG oslo_service.service [req-361980f4-1ced-435f-9394-a3c84df08cd2 - - - - -] ironic.valid_interfaces = ['internal', 'public'] log_opt_values /usr/lib/python3/dist-packages/oslo_config/cfg.py:2609
2025-01-13 00:42:57.217 119930 DEBUG oslo_service.service [req-361980f4-1ced-435f-9394-a3c84df08cd2 - - - - -] ironic.version = None log_opt_values /usr/lib/python3/dist-packages/oslo_config/cfg.py:2609
2025-01-13 00:42:57.217 119930 DEBUG oslo_service.service [req-361980f4-1ced-435f-9394-a3c84df08cd2 - - - - -] key_manager.backend = barbican log_opt_values /usr/lib/python3/dist-packages/oslo_config/cfg.py:2609
2025-01-13 00:42:57.217 119930 DEBUG oslo_service.service [req-361980f4-1ced-435f-9394-a3c84df08cd2 - - - - -] key_manager.fixed_key = **** log_opt_values /usr/lib/python3/dist-packages/oslo_config/cfg.py:2609
2025-01-13 00:42:57.218 119930 DEBUG oslo_service.service [req-361980f4-1ced-435f-9394-a3c84df08cd2 - - - - -] barbican.auth_endpoint = http://localhost/identity/v3 log_opt_values /usr/lib/python3/dist-packages/oslo_config/cfg.py:2609
2025-01-13 00:42:57.218 119930 DEBUG oslo_service.service [req-361980f4-1ced-435f-9394-a3c84df08cd2 - - - - -] barbican.barbican_api_version = None log_opt_values /usr/lib/python3/dist-packages/oslo_config/cfg.py:2609
2025-01-13 00:42:57.218 119930 DEBUG oslo_service.service [req-361980f4-1ced-435f-9394-a3c84df08cd2 - - - - -] barbican.barbican_endpoint = None log_opt_values /usr/lib/python3/dist-packages/oslo_config/cfg.py:2609
2025-01-13 00:42:57.219 119930 DEBUG oslo_service.service [req-361980f4-1ced-435f-9394-a3c84df08cd2 - - - - -] barbican.barbican_endpoint_type = public log_opt_values /usr/lib/python3/dist-packages/oslo_config/cfg.py:2609
2025-01-13 00:42:57.219 119930 DEBUG oslo_service.service [req-361980f4-1ced-435f-9394-a3c84df08cd2 - - - - -] barbican.barbican_region_name = None log_opt_values /usr/lib/python3/dist-packages/oslo_config/cfg.py:2609
2025-01-13 00:42:57.218 121333 DEBUG oslo_messaging._drivers.amqpdriver [-] Listener is running poll /usr/lib/python3/dist-packages/oslo_messaging/_drivers/amqpdriver.py:343
2025-01-13 00:42:57.219 119930 DEBUG oslo_service.service [req-361980f4-1ced-435f-9394-a3c84df08cd2 - - - - -] barbican.cafile = None log_opt_values /usr/lib/python3/dist-packages/oslo_config/cfg.py:2609
2025-01-13 00:42:57.219 121333 DEBUG oslo_messaging._drivers.amqpdriver [-] AMQPListener connection consume poll /usr/lib/python3/dist-packages/oslo_messaging/_drivers/amqpdriver.py:357
2025-01-13 00:42:57.219 119930 DEBUG oslo_service.service [req-361980f4-1ced-435f-9394-a3c84df08cd2 - - - - -] barbican.certfile = None log_opt_values /usr/lib/python3/dist-packages/oslo_config/cfg.py:2609
2025-01-13 00:42:57.220 119930 DEBUG oslo_service.service [req-361980f4-1ced-435f-9394-a3c84df08cd2 - - - - -] barbican.collect_timing = False log_opt_values /usr/lib/python3/dist-packages/oslo_config/cfg.py:2609
2025-01-13 00:42:57.220 119930 DEBUG oslo_service.service [req-361980f4-1ced-435f-9394-a3c84df08cd2 - - - - -] barbican.insecure = False log_opt_values /usr/lib/python3/dist-packages/oslo_config/cfg.py:2609
2025-01-13 00:42:57.220 121333 DEBUG nova.service [req-ed3c9e8c-f20a-41d0-b48c-2e04eb2b9e71 - - - - -] Join ServiceGroup membership for this service conductor start /usr/lib/python3/dist-packages/nova/service.py:199
2025-01-13 00:42:57.220 119930 DEBUG oslo_service.service [req-361980f4-1ced-435f-9394-a3c84df08cd2 - - - - -] barbican.keyfile = None log_opt_values /usr/lib/python3/dist-packages/oslo_config/cfg.py:2609
2025-01-13 00:42:57.220 119930 DEBUG oslo_service.service [req-361980f4-1ced-435f-9394-a3c84df08cd2 - - - - -] barbican.number_of_retries = 60 log_opt_values /usr/lib/python3/dist-packages/oslo_config/cfg.py:2609
2025-01-13 00:42:57.220 121333 DEBUG nova.servicegroup.drivers.db [req-ed3c9e8c-f20a-41d0-b48c-2e04eb2b9e71 - - - - -] DB_Driver: join new ServiceGroup member juju-722981-0-lxd-7 to the conductor group, service = join /usr/lib/python3/dist-packages/nova/servicegroup/drivers/db.py:44
2025-01-13 00:42:57.221 119930 DEBUG oslo_service.service [req-361980f4-1ced-435f-9394-a3c84df08cd2 - - - - -] barbican.retry_delay = 1 log_opt_values /usr/lib/python3/dist-packages/oslo_config/cfg.py:2609
2025-01-13 00:42:57.221 119930 DEBUG oslo_service.service [req-361980f4-1ced-435f-9394-a3c84df08cd2 - - - - -] barbican.send_service_user_token = False log_opt_values /usr/lib/python3/dist-packages/oslo_config/cfg.py:2609
2025-01-13 00:42:57.221 119930 DEBUG oslo_service.service [req-361980f4-1ced-435f-9394-a3c84df08cd2 - - - - -] barbican.split_loggers = False log_opt_values /usr/lib/python3/dist-packages/oslo_config/cfg.py:2609
2025-01-13 00:42:57.221 119930 DEBUG oslo_service.service [req-361980f4-1ced-435f-9394-a3c84df08cd2 - - - - -] barbican.timeout = None log_opt_values /usr/lib/python3/dist-packages/oslo_config/cfg.py:2609
2025-01-13 00:42:57.222 119930 DEBUG oslo_service.service [req-361980f4-1ced-435f-9394-a3c84df08cd2 - - - - -] barbican.verify_ssl = True log_opt_values /usr/lib/python3/dist-packages/oslo_config/cfg.py:2609
2025-01-13 00:42:57.222 119930 DEBUG oslo_service.service [req-361980f4-1ced-435f-9394-a3c84df08cd2 - - - - -] barbican.verify_ssl_path = None log_opt_values /usr/lib/python3/dist-packages/oslo_config/cfg.py:2609
2025-01-13 00:42:57.222 119930 DEBUG oslo_service.service [req-361980f4-1ced-435f-9394-a3c84df08cd2 - - - - -] barbican_service_user.auth_section = None log_opt_values /usr/lib/python3/dist-packages/oslo_config/cfg.py:2609
2025-01-13 00:42:57.223 119930 DEBUG oslo_service.service [req-361980f4-1ced-435f-9394-a3c84df08cd2 - - - - -] barbican_service_user.auth_type = None log_opt_values /usr/lib/python3/dist-packages/oslo_config/cfg.py:2609
2025-01-13 00:42:57.223 119930 DEBUG oslo_service.service [req-361980f4-1ced-435f-9394-a3c84df08cd2 - - - - -] barbican_service_user.cafile = None log_opt_values /usr/lib/python3/dist-packages/oslo_config/cfg.py:2609
2025-01-13 00:42:57.223 119930 DEBUG oslo_service.service [req-361980f4-1ced-435f-9394-a3c84df08cd2 - - - - -] barbican_service_user.certfile = None log_opt_values /usr/lib/python3/dist-packages/oslo_config/cfg.py:2609
2025-01-13 00:42:57.223 119930 DEBUG oslo_service.service [req-361980f4-1ced-435f-9394-a3c84df08cd2 - - - - -] barbican_service_user.collect_timing = False log_opt_values /usr/lib/python3/dist-packages/oslo_config/cfg.py:2609
2025-01-13 00:42:57.223 119930 DEBUG oslo_service.service [req-361980f4-1ced-435f-9394-a3c84df08cd2 - - - - -] barbican_service_user.insecure = False log_opt_values /usr/lib/python3/dist-packages/oslo_config/cfg.py:2609
2025-01-13 00:42:57.224 119930 DEBUG oslo_service.service [req-361980f4-1ced-435f-9394-a3c84df08cd2 - - - - -] barbican_service_user.keyfile = None log_opt_values /usr/lib/python3/dist-packages/oslo_config/cfg.py:2609
2025-01-13 00:42:57.224 119930 DEBUG oslo_service.service [req-361980f4-1ced-435f-9394-a3c84df08cd2 - - - - -] barbican_service_user.split_loggers = False log_opt_values /usr/lib/python3/dist-packages/oslo_config/cfg.py:2609
2025-01-13 00:42:57.224 119930 DEBUG oslo_service.service [req-361980f4-1ced-435f-9394-a3c84df08cd2 - - - - -] barbican_service_user.timeout = None log_opt_values /usr/lib/python3/dist-packages/oslo_config/cfg.py:2609
2025-01-13 00:42:57.225 119930 DEBUG oslo_service.service [req-361980f4-1ced-435f-9394-a3c84df08cd2 - - - - -] vault.approle_role_id = None log_opt_values /usr/lib/python3/dist-packages/oslo_config/cfg.py:2609
2025-01-13 00:42:57.225 119930 DEBUG oslo_service.service [req-361980f4-1ced-435f-9394-a3c84df08cd2 - - - - -] vault.approle_secret_id = None log_opt_values /usr/lib/python3/dist-packages/oslo_config/cfg.py:2609
2025-01-13 00:42:57.225 119930 DEBUG oslo_service.service [req-361980f4-1ced-435f-9394-a3c84df08cd2 - - - - -] vault.cafile = None log_opt_values /usr/lib/python3/dist-packages/oslo_config/cfg.py:2609
2025-01-13 00:42:57.225 119930 DEBUG oslo_service.service [req-361980f4-1ced-435f-9394-a3c84df08cd2 - - - - -] vault.certfile = None log_opt_values /usr/lib/python3/dist-packages/oslo_config/cfg.py:2609
2025-01-13 00:42:57.224 121333 DEBUG oslo_messaging._drivers.amqpdriver [-] AMQPListener connection timeout poll /usr/lib/python3/dist-packages/oslo_messaging/_drivers/amqpdriver.py:360
2025-01-13 00:42:57.226 119930 DEBUG oslo_service.service [req-361980f4-1ced-435f-9394-a3c84df08cd2 - - - - -] vault.collect_timing = False log_opt_values /usr/lib/python3/dist-packages/oslo_config/cfg.py:2609
2025-01-13 00:42:57.226 119930 DEBUG oslo_service.service [req-361980f4-1ced-435f-9394-a3c84df08cd2 - - - - -] vault.insecure = False log_opt_values /usr/lib/python3/dist-packages/oslo_config/cfg.py:2609
2025-01-13 00:42:57.226 119930 DEBUG oslo_service.service [req-361980f4-1ced-435f-9394-a3c84df08cd2 - - - - -] vault.keyfile = None log_opt_values /usr/lib/python3/dist-packages/oslo_config/cfg.py:2609
2025-01-13 00:42:57.226 121333 DEBUG oslo_messaging._drivers.amqpdriver [-] Listener is running poll /usr/lib/python3/dist-packages/oslo_messaging/_drivers/amqpdriver.py:343
2025-01-13 00:42:57.227 119930 DEBUG oslo_service.service [req-361980f4-1ced-435f-9394-a3c84df08cd2 - - - - -] vault.kv_mountpoint = secret log_opt_values /usr/lib/python3/dist-packages/oslo_config/cfg.py:2609
2025-01-13 00:42:57.227 119930 DEBUG oslo_service.service [req-361980f4-1ced-435f-9394-a3c84df08cd2 - - - - -] vault.kv_version = 2 log_opt_values /usr/lib/python3/dist-packages/oslo_config/cfg.py:2609
2025-01-13 00:42:57.227 121333 DEBUG oslo_messaging._drivers.amqpdriver [-] AMQPListener connection consume poll /usr/lib/python3/dist-packages/oslo_messaging/_drivers/amqpdriver.py:357
2025-01-13 00:42:57.227 119930 DEBUG oslo_service.service [req-361980f4-1ced-435f-9394-a3c84df08cd2 - - - - -] vault.namespace = None log_opt_values /usr/lib/python3/dist-packages/oslo_config/cfg.py:2609
2025-01-13 00:42:57.227 119930 DEBUG oslo_service.service [req-361980f4-1ced-435f-9394-a3c84df08cd2 - - - - -] vault.root_token_id = None log_opt_values /usr/lib/python3/dist-packages/oslo_config/cfg.py:2609
2025-01-13 00:42:57.228 119930 DEBUG oslo_service.service [req-361980f4-1ced-435f-9394-a3c84df08cd2 - - - - -] vault.split_loggers = False log_opt_values /usr/lib/python3/dist-packages/oslo_config/cfg.py:2609
2025-01-13 00:42:57.228 119930 DEBUG oslo_service.service [req-361980f4-1ced-435f-9394-a3c84df08cd2 - - - - -] vault.ssl_ca_crt_file = None log_opt_values /usr/lib/python3/dist-packages/oslo_config/cfg.py:2609
2025-01-13 00:42:57.228 119930 DEBUG oslo_service.service [req-361980f4-1ced-435f-9394-a3c84df08cd2 - - - - -] vault.timeout = None log_opt_values /usr/lib/python3/dist-packages/oslo_config/cfg.py:2609
2025-01-13 00:42:57.228 119930 DEBUG oslo_service.service [req-361980f4-1ced-435f-9394-a3c84df08cd2 - - - - -] vault.use_ssl = False log_opt_values /usr/lib/python3/dist-packages/oslo_config/cfg.py:2609
2025-01-13 00:42:57.228 119930 DEBUG oslo_service.service [req-361980f4-1ced-435f-9394-a3c84df08cd2 - - - - -] vault.vault_url = http://127.0.0.1:8200 log_opt_values /usr/lib/python3/dist-packages/oslo_config/cfg.py:2609
2025-01-13 00:42:57.229 119930 DEBUG oslo_service.service [req-361980f4-1ced-435f-9394-a3c84df08cd2 - - - - -] keystone.cafile = None log_opt_values /usr/lib/python3/dist-packages/oslo_config/cfg.py:2609
2025-01-13 00:42:57.229 119930 DEBUG oslo_service.service [req-361980f4-1ced-435f-9394-a3c84df08cd2 - - - - -] keystone.certfile = None log_opt_values /usr/lib/python3/dist-packages/oslo_config/cfg.py:2609
2025-01-13 00:42:57.229 119930 DEBUG oslo_service.service [req-361980f4-1ced-435f-9394-a3c84df08cd2 - - - - -] keystone.collect_timing = False log_opt_values /usr/lib/python3/dist-packages/oslo_config/cfg.py:2609
2025-01-13 00:42:57.229 119930 DEBUG oslo_service.service [req-361980f4-1ced-435f-9394-a3c84df08cd2 - - - - -] keystone.connect_retries = None log_opt_values /usr/lib/python3/dist-packages/oslo_config/cfg.py:2609
2025-01-13 00:42:57.230 119930 DEBUG oslo_service.service [req-361980f4-1ced-435f-9394-a3c84df08cd2 - - - - -] keystone.connect_retry_delay = None log_opt_values /usr/lib/python3/dist-packages/oslo_config/cfg.py:2609
2025-01-13 00:42:57.230 119930 DEBUG oslo_service.service [req-361980f4-1ced-435f-9394-a3c84df08cd2 - - - - -] keystone.endpoint_override = None log_opt_values /usr/lib/python3/dist-packages/oslo_config/cfg.py:2609
2025-01-13 00:42:57.230 119930 DEBUG oslo_service.service [req-361980f4-1ced-435f-9394-a3c84df08cd2 - - - - -] keystone.insecure = False log_opt_values /usr/lib/python3/dist-packages/oslo_config/cfg.py:2609
2025-01-13 00:42:57.230 119930 DEBUG oslo_service.service [req-361980f4-1ced-435f-9394-a3c84df08cd2 - - - - -] keystone.keyfile = None log_opt_values /usr/lib/python3/dist-packages/oslo_config/cfg.py:2609
2025-01-13 00:42:57.231 119930 DEBUG oslo_service.service [req-361980f4-1ced-435f-9394-a3c84df08cd2 - - - - -] keystone.max_version = None log_opt_values /usr/lib/python3/dist-packages/oslo_config/cfg.py:2609
2025-01-13 00:42:57.231 119930 DEBUG oslo_service.service [req-361980f4-1ced-435f-9394-a3c84df08cd2 - - - - -] keystone.min_version = None log_opt_values /usr/lib/python3/dist-packages/oslo_config/cfg.py:2609
2025-01-13 00:42:57.231 119930 DEBUG oslo_service.service [req-361980f4-1ced-435f-9394-a3c84df08cd2 - - - - -] keystone.region_name = None log_opt_values /usr/lib/python3/dist-packages/oslo_config/cfg.py:2609
2025-01-13 00:42:57.231 119930 DEBUG oslo_service.service [req-361980f4-1ced-435f-9394-a3c84df08cd2 - - - - -] keystone.service_name = None log_opt_values /usr/lib/python3/dist-packages/oslo_config/cfg.py:2609
2025-01-13 00:42:57.232 119930 DEBUG oslo_service.service [req-361980f4-1ced-435f-9394-a3c84df08cd2 - - - - -] keystone.service_type = identity log_opt_values /usr/lib/python3/dist-packages/oslo_config/cfg.py:2609
2025-01-13 00:42:57.232 119930 DEBUG oslo_service.service [req-361980f4-1ced-435f-9394-a3c84df08cd2 - - - - -] keystone.split_loggers = False log_opt_values /usr/lib/python3/dist-packages/oslo_config/cfg.py:2609
2025-01-13 00:42:57.232 119930 DEBUG oslo_service.service [req-361980f4-1ced-435f-9394-a3c84df08cd2 - - - - -] keystone.status_code_retries = None log_opt_values /usr/lib/python3/dist-packages/oslo_config/cfg.py:2609
2025-01-13 00:42:57.232 119930 DEBUG oslo_service.service [req-361980f4-1ced-435f-9394-a3c84df08cd2 - - - - -] keystone.status_code_retry_delay = None log_opt_values /usr/lib/python3/dist-packages/oslo_config/cfg.py:2609
2025-01-13 00:42:57.232 121334 DEBUG oslo_messaging._drivers.amqpdriver [-] Listener is running poll /usr/lib/python3/dist-packages/oslo_messaging/_drivers/amqpdriver.py:343
2025-01-13 00:42:57.232 119930 DEBUG oslo_service.service [req-361980f4-1ced-435f-9394-a3c84df08cd2 - - - - -] keystone.timeout = None log_opt_values /usr/lib/python3/dist-packages/oslo_config/cfg.py:2609
2025-01-13 00:42:57.233 119930 DEBUG oslo_service.service [req-361980f4-1ced-435f-9394-a3c84df08cd2 - - - - -] keystone.valid_interfaces = ['internal', 'public'] log_opt_values /usr/lib/python3/dist-packages/oslo_config/cfg.py:2609
2025-01-13 00:42:57.233 121334 DEBUG oslo_messaging._drivers.amqpdriver [-] AMQPListener connection consume poll /usr/lib/python3/dist-packages/oslo_messaging/_drivers/amqpdriver.py:357
2025-01-13 00:42:57.233 119930 DEBUG oslo_service.service [req-361980f4-1ced-435f-9394-a3c84df08cd2 - - - - -] keystone.version = None log_opt_values /usr/lib/python3/dist-packages/oslo_config/cfg.py:2609
2025-01-13 00:42:57.234 119930 DEBUG oslo_service.service [req-361980f4-1ced-435f-9394-a3c84df08cd2 - - - - -] libvirt.connection_uri = log_opt_values /usr/lib/python3/dist-packages/oslo_config/cfg.py:2609
2025-01-13 00:42:57.234 121327 DEBUG oslo_messaging._drivers.amqpdriver [-] Listener is running poll /usr/lib/python3/dist-packages/oslo_messaging/_drivers/amqpdriver.py:343
2025-01-13 00:42:57.234 119930 DEBUG oslo_service.service [req-361980f4-1ced-435f-9394-a3c84df08cd2 - - - - -] libvirt.cpu_mode = None log_opt_values /usr/lib/python3/dist-packages/oslo_config/cfg.py:2609
2025-01-13 00:42:57.235 119930 DEBUG oslo_service.service [req-361980f4-1ced-435f-9394-a3c84df08cd2 - - - - -] libvirt.cpu_model_extra_flags = [] log_opt_values /usr/lib/python3/dist-packages/oslo_config/cfg.py:2609
2025-01-13 00:42:57.235 119930 DEBUG oslo_service.service [req-361980f4-1ced-435f-9394-a3c84df08cd2 - - - - -] libvirt.cpu_models = [] log_opt_values /usr/lib/python3/dist-packages/oslo_config/cfg.py:2609
2025-01-13 00:42:57.235 121327 DEBUG oslo_messaging._drivers.amqpdriver [-] AMQPListener connection consume poll /usr/lib/python3/dist-packages/oslo_messaging/_drivers/amqpdriver.py:357
2025-01-13 00:42:57.235 119930 DEBUG oslo_service.service [req-361980f4-1ced-435f-9394-a3c84df08cd2 - - - - -] libvirt.device_detach_attempts = 8 log_opt_values /usr/lib/python3/dist-packages/oslo_config/cfg.py:2609
2025-01-13 00:42:57.236 119930 DEBUG oslo_service.service [req-361980f4-1ced-435f-9394-a3c84df08cd2 - - - - -] libvirt.device_detach_timeout = 20 log_opt_values /usr/lib/python3/dist-packages/oslo_config/cfg.py:2609
2025-01-13 00:42:57.235 121334 DEBUG nova.service [req-722765c1-7531-4818-8d87-8af9da4c6dce - - - - -] Join ServiceGroup membership for this service conductor start /usr/lib/python3/dist-packages/nova/service.py:199
2025-01-13 00:42:57.236 119930 DEBUG oslo_service.service [req-361980f4-1ced-435f-9394-a3c84df08cd2 - - - - -] libvirt.disk_cachemodes = [] log_opt_values /usr/lib/python3/dist-packages/oslo_config/cfg.py:2609
2025-01-13 00:42:57.236 119930 DEBUG oslo_service.service [req-361980f4-1ced-435f-9394-a3c84df08cd2 - - - - -] libvirt.disk_prefix = None log_opt_values /usr/lib/python3/dist-packages/oslo_config/cfg.py:2609
2025-01-13 00:42:57.236 121334 DEBUG nova.servicegroup.drivers.db [req-722765c1-7531-4818-8d87-8af9da4c6dce - - - - -] DB_Driver: join new ServiceGroup member juju-722981-0-lxd-7 to the conductor group, service = join /usr/lib/python3/dist-packages/nova/servicegroup/drivers/db.py:44
2025-01-13 00:42:57.237 119930 DEBUG oslo_service.service [req-361980f4-1ced-435f-9394-a3c84df08cd2 - - - - -] libvirt.enabled_perf_events = [] log_opt_values /usr/lib/python3/dist-packages/oslo_config/cfg.py:2609
2025-01-13 00:42:57.237 119930 DEBUG oslo_service.service [req-361980f4-1ced-435f-9394-a3c84df08cd2 - - - - -] libvirt.file_backed_memory = 0 log_opt_values /usr/lib/python3/dist-packages/oslo_config/cfg.py:2609
2025-01-13 00:42:57.237 119930 DEBUG oslo_service.service [req-361980f4-1ced-435f-9394-a3c84df08cd2 - - - - -] libvirt.gid_maps = [] log_opt_values /usr/lib/python3/dist-packages/oslo_config/cfg.py:2609
2025-01-13 00:42:57.237 119930 DEBUG oslo_service.service [req-361980f4-1ced-435f-9394-a3c84df08cd2 - - - - -] libvirt.hw_disk_discard = None log_opt_values /usr/lib/python3/dist-packages/oslo_config/cfg.py:2609
2025-01-13 00:42:57.237 121327 DEBUG nova.service [req-4e69e43f-04bf-44e1-8c2e-4b54a1977f88 - - - - -] Join ServiceGroup membership for this service conductor start /usr/lib/python3/dist-packages/nova/service.py:199
2025-01-13 00:42:57.238 119930 DEBUG oslo_service.service [req-361980f4-1ced-435f-9394-a3c84df08cd2 - - - - -] libvirt.hw_machine_type = None log_opt_values /usr/lib/python3/dist-packages/oslo_config/cfg.py:2609
2025-01-13 00:42:57.239 119930 DEBUG oslo_service.service [req-361980f4-1ced-435f-9394-a3c84df08cd2 - - - - -] libvirt.images_rbd_ceph_conf = log_opt_values /usr/lib/python3/dist-packages/oslo_config/cfg.py:2609
2025-01-13 00:42:57.239 119930 DEBUG oslo_service.service [req-361980f4-1ced-435f-9394-a3c84df08cd2 - - - - -] libvirt.images_rbd_glance_copy_poll_interval = 15 log_opt_values /usr/lib/python3/dist-packages/oslo_config/cfg.py:2609
2025-01-13 00:42:57.239 119930 DEBUG oslo_service.service [req-361980f4-1ced-435f-9394-a3c84df08cd2 - - - - -] libvirt.images_rbd_glance_copy_timeout = 600 log_opt_values /usr/lib/python3/dist-packages/oslo_config/cfg.py:2609
2025-01-13 00:42:57.240 119930 DEBUG oslo_service.service [req-361980f4-1ced-435f-9394-a3c84df08cd2 - - - - -] libvirt.images_rbd_glance_store_name = log_opt_values /usr/lib/python3/dist-packages/oslo_config/cfg.py:2609
2025-01-13 00:42:57.240 119930 DEBUG oslo_service.service [req-361980f4-1ced-435f-9394-a3c84df08cd2 - - - - -] libvirt.images_rbd_pool = rbd log_opt_values /usr/lib/python3/dist-packages/oslo_config/cfg.py:2609
2025-01-13 00:42:57.239 121334 DEBUG oslo_messaging._drivers.amqpdriver [-] AMQPListener connection timeout poll /usr/lib/python3/dist-packages/oslo_messaging/_drivers/amqpdriver.py:360
2025-01-13 00:42:57.240 121334 DEBUG oslo_messaging._drivers.amqpdriver [-] Listener is running poll /usr/lib/python3/dist-packages/oslo_messaging/_drivers/amqpdriver.py:343
2025-01-13 00:42:57.240 119930 DEBUG oslo_service.service [req-361980f4-1ced-435f-9394-a3c84df08cd2 - - - - -] libvirt.images_type = default log_opt_values /usr/lib/python3/dist-packages/oslo_config/cfg.py:2609
2025-01-13 00:42:57.241 121334 DEBUG oslo_messaging._drivers.amqpdriver [-] AMQPListener connection consume poll /usr/lib/python3/dist-packages/oslo_messaging/_drivers/amqpdriver.py:357
2025-01-13 00:42:57.241 119930 DEBUG oslo_service.service [req-361980f4-1ced-435f-9394-a3c84df08cd2 - - - - -] libvirt.images_volume_group = None log_opt_values /usr/lib/python3/dist-packages/oslo_config/cfg.py:2609
2025-01-13 00:42:57.241 119930 DEBUG oslo_service.service [req-361980f4-1ced-435f-9394-a3c84df08cd2 - - - - -] libvirt.inject_key = False log_opt_values /usr/lib/python3/dist-packages/oslo_config/cfg.py:2609
2025-01-13 00:42:57.241 119930 DEBUG oslo_service.service [req-361980f4-1ced-435f-9394-a3c84df08cd2 - - - - -] libvirt.inject_partition = -2 log_opt_values /usr/lib/python3/dist-packages/oslo_config/cfg.py:2609
2025-01-13 00:42:57.242 119930 DEBUG oslo_service.service [req-361980f4-1ced-435f-9394-a3c84df08cd2 - - - - -] libvirt.inject_password = False log_opt_values /usr/lib/python3/dist-packages/oslo_config/cfg.py:2609
2025-01-13 00:42:57.242 119930 DEBUG oslo_service.service [req-361980f4-1ced-435f-9394-a3c84df08cd2 - - - - -] libvirt.iscsi_iface = None log_opt_values /usr/lib/python3/dist-packages/oslo_config/cfg.py:2609
2025-01-13 00:42:57.242 119930 DEBUG oslo_service.service [req-361980f4-1ced-435f-9394-a3c84df08cd2 - - - - -] libvirt.iser_use_multipath = False log_opt_values /usr/lib/python3/dist-packages/oslo_config/cfg.py:2609
2025-01-13 00:42:57.242 119930 DEBUG oslo_service.service [req-361980f4-1ced-435f-9394-a3c84df08cd2 - - - - -] libvirt.live_migration_bandwidth = 0 log_opt_values /usr/lib/python3/dist-packages/oslo_config/cfg.py:2609
2025-01-13 00:42:57.242 119930 DEBUG oslo_service.service [req-361980f4-1ced-435f-9394-a3c84df08cd2 - - - - -] libvirt.live_migration_completion_timeout = 800 log_opt_values /usr/lib/python3/dist-packages/oslo_config/cfg.py:2609
2025-01-13 00:42:57.243 119930 DEBUG oslo_service.service [req-361980f4-1ced-435f-9394-a3c84df08cd2 - - - - -] libvirt.live_migration_downtime = 500 log_opt_values /usr/lib/python3/dist-packages/oslo_config/cfg.py:2609
2025-01-13 00:42:57.243 119930 DEBUG oslo_service.service [req-361980f4-1ced-435f-9394-a3c84df08cd2 - - - - -] libvirt.live_migration_downtime_delay = 75 log_opt_values /usr/lib/python3/dist-packages/oslo_config/cfg.py:2609
2025-01-13 00:42:57.243 119930 DEBUG oslo_service.service [req-361980f4-1ced-435f-9394-a3c84df08cd2 - - - - -] libvirt.live_migration_downtime_steps = 10 log_opt_values /usr/lib/python3/dist-packages/oslo_config/cfg.py:2609
2025-01-13 00:42:57.243 119930 DEBUG oslo_service.service [req-361980f4-1ced-435f-9394-a3c84df08cd2 - - - - -] libvirt.live_migration_inbound_addr = None log_opt_values /usr/lib/python3/dist-packages/oslo_config/cfg.py:2609
2025-01-13 00:42:57.244 119930 DEBUG oslo_service.service [req-361980f4-1ced-435f-9394-a3c84df08cd2 - - - - -] libvirt.live_migration_permit_auto_converge = False log_opt_values /usr/lib/python3/dist-packages/oslo_config/cfg.py:2609
2025-01-13 00:42:57.244 119930 DEBUG oslo_service.service [req-361980f4-1ced-435f-9394-a3c84df08cd2 - - - - -] libvirt.live_migration_permit_post_copy = False log_opt_values /usr/lib/python3/dist-packages/oslo_config/cfg.py:2609
2025-01-13 00:42:57.244 119930 DEBUG oslo_service.service [req-361980f4-1ced-435f-9394-a3c84df08cd2 - - - - -] libvirt.live_migration_scheme = None log_opt_values /usr/lib/python3/dist-packages/oslo_config/cfg.py:2609
2025-01-13 00:42:57.244 119930 DEBUG oslo_service.service [req-361980f4-1ced-435f-9394-a3c84df08cd2 - - - - -] libvirt.live_migration_timeout_action = abort log_opt_values /usr/lib/python3/dist-packages/oslo_config/cfg.py:2609
2025-01-13 00:42:57.245 119930 DEBUG oslo_service.service [req-361980f4-1ced-435f-9394-a3c84df08cd2 - - - - -] libvirt.live_migration_tunnelled = False log_opt_values /usr/lib/python3/dist-packages/oslo_config/cfg.py:2609
2025-01-13 00:42:57.244 121328 DEBUG oslo_messaging._drivers.amqpdriver [-] Listener is running poll /usr/lib/python3/dist-packages/oslo_messaging/_drivers/amqpdriver.py:343
2025-01-13 00:42:57.245 119930 DEBUG oslo_service.service [req-361980f4-1ced-435f-9394-a3c84df08cd2 - - - - -] libvirt.live_migration_uri = None log_opt_values /usr/lib/python3/dist-packages/oslo_config/cfg.py:2609
2025-01-13 00:42:57.245 121328 DEBUG oslo_messaging._drivers.amqpdriver [-] AMQPListener connection consume poll /usr/lib/python3/dist-packages/oslo_messaging/_drivers/amqpdriver.py:357
2025-01-13 00:42:57.245 119930 DEBUG oslo_service.service [req-361980f4-1ced-435f-9394-a3c84df08cd2 - - - - -] libvirt.live_migration_with_native_tls = False log_opt_values /usr/lib/python3/dist-packages/oslo_config/cfg.py:2609
2025-01-13 00:42:57.246 119930 DEBUG oslo_service.service [req-361980f4-1ced-435f-9394-a3c84df08cd2 - - - - -] libvirt.max_queues = None log_opt_values /usr/lib/python3/dist-packages/oslo_config/cfg.py:2609
2025-01-13 00:42:57.246 119930 DEBUG oslo_service.service [req-361980f4-1ced-435f-9394-a3c84df08cd2 - - - - -] libvirt.mem_stats_period_seconds = 10 log_opt_values /usr/lib/python3/dist-packages/oslo_config/cfg.py:2609
2025-01-13 00:42:57.246 119930 DEBUG oslo_service.service [req-361980f4-1ced-435f-9394-a3c84df08cd2 - - - - -] libvirt.nfs_mount_options = None log_opt_values /usr/lib/python3/dist-packages/oslo_config/cfg.py:2609
2025-01-13 00:42:57.239 121327 DEBUG nova.servicegroup.drivers.db [req-4e69e43f-04bf-44e1-8c2e-4b54a1977f88 - - - - -] DB_Driver: join new ServiceGroup member juju-722981-0-lxd-7 to the conductor group, service = join /usr/lib/python3/dist-packages/nova/servicegroup/drivers/db.py:44
2025-01-13 00:42:57.247 119930 DEBUG oslo_service.service [req-361980f4-1ced-435f-9394-a3c84df08cd2 - - - - -] libvirt.nfs_mount_point_base = /var/lib/nova/mnt log_opt_values /usr/lib/python3/dist-packages/oslo_config/cfg.py:2609
2025-01-13 00:42:57.247 121327 DEBUG oslo_messaging._drivers.amqpdriver [-] AMQPListener connection timeout poll /usr/lib/python3/dist-packages/oslo_messaging/_drivers/amqpdriver.py:360
2025-01-13 00:42:57.247 119930 DEBUG oslo_service.service [req-361980f4-1ced-435f-9394-a3c84df08cd2 - - - - -] libvirt.num_aoe_discover_tries = 3 log_opt_values /usr/lib/python3/dist-packages/oslo_config/cfg.py:2609
2025-01-13 00:42:57.247 121327 DEBUG oslo_messaging._drivers.amqpdriver [-] Listener is running poll /usr/lib/python3/dist-packages/oslo_messaging/_drivers/amqpdriver.py:343
2025-01-13 00:42:57.247 121327 DEBUG oslo_messaging._drivers.amqpdriver [-] AMQPListener connection consume poll /usr/lib/python3/dist-packages/oslo_messaging/_drivers/amqpdriver.py:357
2025-01-13 00:42:57.247 119930 DEBUG oslo_service.service [req-361980f4-1ced-435f-9394-a3c84df08cd2 - - - - -] libvirt.num_iser_scan_tries = 5 log_opt_values /usr/lib/python3/dist-packages/oslo_config/cfg.py:2609
2025-01-13 00:42:57.248 119930 DEBUG oslo_service.service [req-361980f4-1ced-435f-9394-a3c84df08cd2 - - - - -] libvirt.num_memory_encrypted_guests = None log_opt_values /usr/lib/python3/dist-packages/oslo_config/cfg.py:2609
2025-01-13 00:42:57.248 119930 DEBUG oslo_service.service [req-361980f4-1ced-435f-9394-a3c84df08cd2 - - - - -] libvirt.num_nvme_discover_tries = 5 log_opt_values /usr/lib/python3/dist-packages/oslo_config/cfg.py:2609
2025-01-13 00:42:57.248 119930 DEBUG oslo_service.service [req-361980f4-1ced-435f-9394-a3c84df08cd2 - - - - -] libvirt.num_pcie_ports = 0 log_opt_values /usr/lib/python3/dist-packages/oslo_config/cfg.py:2609
2025-01-13 00:42:57.248 119930 DEBUG oslo_service.service [req-361980f4-1ced-435f-9394-a3c84df08cd2 - - - - -] libvirt.num_volume_scan_tries = 5 log_opt_values /usr/lib/python3/dist-packages/oslo_config/cfg.py:2609
2025-01-13 00:42:57.249 119930 DEBUG oslo_service.service [req-361980f4-1ced-435f-9394-a3c84df08cd2 - - - - -] libvirt.pmem_namespaces = [] log_opt_values /usr/lib/python3/dist-packages/oslo_config/cfg.py:2609
2025-01-13 00:42:57.249 119930 DEBUG oslo_service.service [req-361980f4-1ced-435f-9394-a3c84df08cd2 - - - - -] libvirt.quobyte_client_cfg = None log_opt_values /usr/lib/python3/dist-packages/oslo_config/cfg.py:2609
2025-01-13 00:42:57.249 119930 DEBUG oslo_service.service [req-361980f4-1ced-435f-9394-a3c84df08cd2 - - - - -] libvirt.quobyte_mount_point_base = /var/lib/nova/mnt log_opt_values /usr/lib/python3/dist-packages/oslo_config/cfg.py:2609
2025-01-13 00:42:57.249 119930 DEBUG oslo_service.service [req-361980f4-1ced-435f-9394-a3c84df08cd2 - - - - -] libvirt.rbd_connect_timeout = 5 log_opt_values /usr/lib/python3/dist-packages/oslo_config/cfg.py:2609
2025-01-13 00:42:57.250 119930 DEBUG oslo_service.service [req-361980f4-1ced-435f-9394-a3c84df08cd2 - - - - -] libvirt.rbd_destroy_volume_retries = 12 log_opt_values /usr/lib/python3/dist-packages/oslo_config/cfg.py:2609
2025-01-13 00:42:57.250 119930 DEBUG oslo_service.service [req-361980f4-1ced-435f-9394-a3c84df08cd2 - - - - -] libvirt.rbd_destroy_volume_retry_interval = 5 log_opt_values /usr/lib/python3/dist-packages/oslo_config/cfg.py:2609
2025-01-13 00:42:57.250 119930 DEBUG oslo_service.service [req-361980f4-1ced-435f-9394-a3c84df08cd2 - - - - -] libvirt.rbd_secret_uuid = None log_opt_values /usr/lib/python3/dist-packages/oslo_config/cfg.py:2609
2025-01-13 00:42:57.250 119930 DEBUG oslo_service.service [req-361980f4-1ced-435f-9394-a3c84df08cd2 - - - - -] libvirt.rbd_user = None log_opt_values /usr/lib/python3/dist-packages/oslo_config/cfg.py:2609
2025-01-13 00:42:57.250 121328 DEBUG nova.service [req-3e82b8ef-1bfc-421a-ab6e-467c67f75fa9 - - - - -] Join ServiceGroup membership for this service conductor start /usr/lib/python3/dist-packages/nova/service.py:199
2025-01-13 00:42:57.251 119930 DEBUG oslo_service.service [req-361980f4-1ced-435f-9394-a3c84df08cd2 - - - - -] libvirt.realtime_scheduler_priority = 1 log_opt_values /usr/lib/python3/dist-packages/oslo_config/cfg.py:2609
2025-01-13 00:42:57.251 121328 DEBUG nova.servicegroup.drivers.db [req-3e82b8ef-1bfc-421a-ab6e-467c67f75fa9 - - - - -] DB_Driver: join new ServiceGroup member juju-722981-0-lxd-7 to the conductor group, service = join /usr/lib/python3/dist-packages/nova/servicegroup/drivers/db.py:44
2025-01-13 00:42:57.251 119930 DEBUG oslo_service.service [req-361980f4-1ced-435f-9394-a3c84df08cd2 - - - - -] libvirt.remote_filesystem_transport = ssh log_opt_values /usr/lib/python3/dist-packages/oslo_config/cfg.py:2609
2025-01-13 00:42:57.251 119930 DEBUG oslo_service.service [req-361980f4-1ced-435f-9394-a3c84df08cd2 - - - - -] libvirt.rescue_image_id = None log_opt_values /usr/lib/python3/dist-packages/oslo_config/cfg.py:2609
2025-01-13 00:42:57.251 119930 DEBUG oslo_service.service [req-361980f4-1ced-435f-9394-a3c84df08cd2 - - - - -] libvirt.rescue_kernel_id = None log_opt_values /usr/lib/python3/dist-packages/oslo_config/cfg.py:2609
2025-01-13 00:42:57.252 119930 DEBUG oslo_service.service [req-361980f4-1ced-435f-9394-a3c84df08cd2 - - - - -] libvirt.rescue_ramdisk_id = None log_opt_values /usr/lib/python3/dist-packages/oslo_config/cfg.py:2609
2025-01-13 00:42:57.252 119930 DEBUG oslo_service.service [req-361980f4-1ced-435f-9394-a3c84df08cd2 - - - - -] libvirt.rng_dev_path = /dev/urandom log_opt_values /usr/lib/python3/dist-packages/oslo_config/cfg.py:2609
2025-01-13 00:42:57.252 119930 DEBUG oslo_service.service [req-361980f4-1ced-435f-9394-a3c84df08cd2 - - - - -] libvirt.rx_queue_size = None log_opt_values /usr/lib/python3/dist-packages/oslo_config/cfg.py:2609
2025-01-13 00:42:57.252 119930 DEBUG oslo_service.service [req-361980f4-1ced-435f-9394-a3c84df08cd2 - - - - -] libvirt.smbfs_mount_options = log_opt_values /usr/lib/python3/dist-packages/oslo_config/cfg.py:2609
2025-01-13 00:42:57.253 119930 DEBUG oslo_service.service [req-361980f4-1ced-435f-9394-a3c84df08cd2 - - - - -] libvirt.smbfs_mount_point_base = /var/lib/nova/mnt log_opt_values /usr/lib/python3/dist-packages/oslo_config/cfg.py:2609
2025-01-13 00:42:57.253 121328 DEBUG oslo_messaging._drivers.amqpdriver [-] AMQPListener connection timeout poll /usr/lib/python3/dist-packages/oslo_messaging/_drivers/amqpdriver.py:360
2025-01-13 00:42:57.253 119930 DEBUG oslo_service.service [req-361980f4-1ced-435f-9394-a3c84df08cd2 - - - - -] libvirt.snapshot_compression = False log_opt_values /usr/lib/python3/dist-packages/oslo_config/cfg.py:2609
2025-01-13 00:42:57.253 121328 DEBUG oslo_messaging._drivers.amqpdriver [-] Listener is running poll /usr/lib/python3/dist-packages/oslo_messaging/_drivers/amqpdriver.py:343
2025-01-13 00:42:57.253 119930 DEBUG oslo_service.service [req-361980f4-1ced-435f-9394-a3c84df08cd2 - - - - -] libvirt.snapshot_image_format = None log_opt_values /usr/lib/python3/dist-packages/oslo_config/cfg.py:2609
2025-01-13 00:42:57.253 121328 DEBUG oslo_messaging._drivers.amqpdriver [-] AMQPListener connection consume poll /usr/lib/python3/dist-packages/oslo_messaging/_drivers/amqpdriver.py:357
2025-01-13 00:42:57.254 119930 DEBUG oslo_service.service [req-361980f4-1ced-435f-9394-a3c84df08cd2 - - - - -] libvirt.snapshots_directory = /var/lib/nova/instances/snapshots log_opt_values /usr/lib/python3/dist-packages/oslo_config/cfg.py:2609
2025-01-13 00:42:57.254 119930 DEBUG oslo_service.service [req-361980f4-1ced-435f-9394-a3c84df08cd2 - - - - -] libvirt.sparse_logical_volumes = False log_opt_values /usr/lib/python3/dist-packages/oslo_config/cfg.py:2609
2025-01-13 00:42:57.254 119930 DEBUG oslo_service.service [req-361980f4-1ced-435f-9394-a3c84df08cd2 - - - - -] libvirt.swtpm_enabled = False log_opt_values /usr/lib/python3/dist-packages/oslo_config/cfg.py:2609
2025-01-13 00:42:57.254 119930 DEBUG oslo_service.service [req-361980f4-1ced-435f-9394-a3c84df08cd2 - - - - -] libvirt.swtpm_group = tss log_opt_values /usr/lib/python3/dist-packages/oslo_config/cfg.py:2609
2025-01-13 00:42:57.255 119930 DEBUG oslo_service.service [req-361980f4-1ced-435f-9394-a3c84df08cd2 - - - - -] libvirt.swtpm_user = tss log_opt_values /usr/lib/python3/dist-packages/oslo_config/cfg.py:2609
