2025-01-13 00:44:37.489 130811 DEBUG oslo_service.service [req-6f7d64f9-aab6-4707-84fe-88d5e9133e66 - - - - -] conductor.workers = 4 log_opt_values /usr/lib/python3/dist-packages/oslo_config/cfg.py:2609
2025-01-13 00:44:37.490 130811 DEBUG oslo_service.service [req-6f7d64f9-aab6-4707-84fe-88d5e9133e66 - - - - -] console.allowed_origins = [] log_opt_values /usr/lib/python3/dist-packages/oslo_config/cfg.py:2609
2025-01-13 00:44:37.490 130811 DEBUG oslo_service.service [req-6f7d64f9-aab6-4707-84fe-88d5e9133e66 - - - - -] console.ssl_ciphers = None log_opt_values /usr/lib/python3/dist-packages/oslo_config/cfg.py:2609
2025-01-13 00:44:37.490 130811 DEBUG oslo_service.service [req-6f7d64f9-aab6-4707-84fe-88d5e9133e66 - - - - -] console.ssl_minimum_version = default log_opt_values /usr/lib/python3/dist-packages/oslo_config/cfg.py:2609
2025-01-13 00:44:37.490 131233 DEBUG nova.service [req-7baf2713-47f4-4874-913d-98d27e56e092 - - - - -] Join ServiceGroup membership for this service conductor start /usr/lib/python3/dist-packages/nova/service.py:199
2025-01-13 00:44:37.490 130811 DEBUG oslo_service.service [req-6f7d64f9-aab6-4707-84fe-88d5e9133e66 - - - - -] consoleauth.token_ttl = 600 log_opt_values /usr/lib/python3/dist-packages/oslo_config/cfg.py:2609
2025-01-13 00:44:37.490 131233 DEBUG nova.servicegroup.drivers.db [req-7baf2713-47f4-4874-913d-98d27e56e092 - - - - -] DB_Driver: join new ServiceGroup member juju-722981-0-lxd-7 to the conductor group, service = join /usr/lib/python3/dist-packages/nova/servicegroup/drivers/db.py:44
2025-01-13 00:44:37.491 130811 DEBUG oslo_service.service [req-6f7d64f9-aab6-4707-84fe-88d5e9133e66 - - - - -] cyborg.cafile = None log_opt_values /usr/lib/python3/dist-packages/oslo_config/cfg.py:2609
2025-01-13 00:44:37.491 130811 DEBUG oslo_service.service [req-6f7d64f9-aab6-4707-84fe-88d5e9133e66 - - - - -] cyborg.certfile = None log_opt_values /usr/lib/python3/dist-packages/oslo_config/cfg.py:2609
2025-01-13 00:44:37.491 130811 DEBUG oslo_service.service [req-6f7d64f9-aab6-4707-84fe-88d5e9133e66 - - - - -] cyborg.collect_timing = False log_opt_values /usr/lib/python3/dist-packages/oslo_config/cfg.py:2609
2025-01-13 00:44:37.491 130811 DEBUG oslo_service.service [req-6f7d64f9-aab6-4707-84fe-88d5e9133e66 - - - - -] cyborg.connect_retries = None log_opt_values /usr/lib/python3/dist-packages/oslo_config/cfg.py:2609
2025-01-13 00:44:37.491 130811 DEBUG oslo_service.service [req-6f7d64f9-aab6-4707-84fe-88d5e9133e66 - - - - -] cyborg.connect_retry_delay = None log_opt_values /usr/lib/python3/dist-packages/oslo_config/cfg.py:2609
2025-01-13 00:44:37.491 130811 DEBUG oslo_service.service [req-6f7d64f9-aab6-4707-84fe-88d5e9133e66 - - - - -] cyborg.endpoint_override = None log_opt_values /usr/lib/python3/dist-packages/oslo_config/cfg.py:2609
2025-01-13 00:44:37.491 131232 DEBUG oslo_messaging._drivers.amqpdriver [-] received message msg_id: 4a14708ca77c421cb4a5237df7ddd858 reply to reply_b6b74f6146af455fa38c38a4eb37d4ce __call__ /usr/lib/python3/dist-packages/oslo_messaging/_drivers/amqpdriver.py:320
2025-01-13 00:44:37.492 130811 DEBUG oslo_service.service [req-6f7d64f9-aab6-4707-84fe-88d5e9133e66 - - - - -] cyborg.insecure = False log_opt_values /usr/lib/python3/dist-packages/oslo_config/cfg.py:2609
2025-01-13 00:44:37.492 130811 DEBUG oslo_service.service [req-6f7d64f9-aab6-4707-84fe-88d5e9133e66 - - - - -] cyborg.keyfile = None log_opt_values /usr/lib/python3/dist-packages/oslo_config/cfg.py:2609
2025-01-13 00:44:37.492 130811 DEBUG oslo_service.service [req-6f7d64f9-aab6-4707-84fe-88d5e9133e66 - - - - -] cyborg.max_version = None log_opt_values /usr/lib/python3/dist-packages/oslo_config/cfg.py:2609
2025-01-13 00:44:37.492 131232 DEBUG nova.service [req-1503568c-22f8-4c89-95c9-dccf62385fac - - - - -] Join ServiceGroup membership for this service conductor start /usr/lib/python3/dist-packages/nova/service.py:199
2025-01-13 00:44:37.493 130811 DEBUG oslo_service.service [req-6f7d64f9-aab6-4707-84fe-88d5e9133e66 - - - - -] cyborg.min_version = None log_opt_values /usr/lib/python3/dist-packages/oslo_config/cfg.py:2609
2025-01-13 00:44:37.493 130811 DEBUG oslo_service.service [req-6f7d64f9-aab6-4707-84fe-88d5e9133e66 - - - - -] cyborg.region_name = None log_opt_values /usr/lib/python3/dist-packages/oslo_config/cfg.py:2609
2025-01-13 00:44:37.493 131232 DEBUG nova.servicegroup.drivers.db [req-1503568c-22f8-4c89-95c9-dccf62385fac - - - - -] DB_Driver: join new ServiceGroup member juju-722981-0-lxd-7 to the conductor group, service = join /usr/lib/python3/dist-packages/nova/servicegroup/drivers/db.py:44
2025-01-13 00:44:37.493 130811 DEBUG oslo_service.service [req-6f7d64f9-aab6-4707-84fe-88d5e9133e66 - - - - -] cyborg.service_name = None log_opt_values /usr/lib/python3/dist-packages/oslo_config/cfg.py:2609
2025-01-13 00:44:37.493 130811 DEBUG oslo_service.service [req-6f7d64f9-aab6-4707-84fe-88d5e9133e66 - - - - -] cyborg.service_type = accelerator log_opt_values /usr/lib/python3/dist-packages/oslo_config/cfg.py:2609
2025-01-13 00:44:37.494 130811 DEBUG oslo_service.service [req-6f7d64f9-aab6-4707-84fe-88d5e9133e66 - - - - -] cyborg.split_loggers = False log_opt_values /usr/lib/python3/dist-packages/oslo_config/cfg.py:2609
2025-01-13 00:44:37.494 130811 DEBUG oslo_service.service [req-6f7d64f9-aab6-4707-84fe-88d5e9133e66 - - - - -] cyborg.status_code_retries = None log_opt_values /usr/lib/python3/dist-packages/oslo_config/cfg.py:2609
2025-01-13 00:44:37.494 130811 DEBUG oslo_service.service [req-6f7d64f9-aab6-4707-84fe-88d5e9133e66 - - - - -] cyborg.status_code_retry_delay = None log_opt_values /usr/lib/python3/dist-packages/oslo_config/cfg.py:2609
2025-01-13 00:44:37.494 130811 DEBUG oslo_service.service [req-6f7d64f9-aab6-4707-84fe-88d5e9133e66 - - - - -] cyborg.timeout = None log_opt_values /usr/lib/python3/dist-packages/oslo_config/cfg.py:2609
2025-01-13 00:44:37.495 130811 DEBUG oslo_service.service [req-6f7d64f9-aab6-4707-84fe-88d5e9133e66 - - - - -] cyborg.valid_interfaces = ['internal', 'public'] log_opt_values /usr/lib/python3/dist-packages/oslo_config/cfg.py:2609
2025-01-13 00:44:37.495 130811 DEBUG oslo_service.service [req-6f7d64f9-aab6-4707-84fe-88d5e9133e66 - - - - -] cyborg.version = None log_opt_values /usr/lib/python3/dist-packages/oslo_config/cfg.py:2609
2025-01-13 00:44:37.495 130811 DEBUG oslo_service.service [req-6f7d64f9-aab6-4707-84fe-88d5e9133e66 - - - - -] database.backend = sqlalchemy log_opt_values /usr/lib/python3/dist-packages/oslo_config/cfg.py:2609
2025-01-13 00:44:37.495 131232 DEBUG oslo_messaging._drivers.amqpdriver [-] AMQPListener connection timeout poll /usr/lib/python3/dist-packages/oslo_messaging/_drivers/amqpdriver.py:360
2025-01-13 00:44:37.495 130811 DEBUG oslo_service.service [req-6f7d64f9-aab6-4707-84fe-88d5e9133e66 - - - - -] database.connection = **** log_opt_values /usr/lib/python3/dist-packages/oslo_config/cfg.py:2609
2025-01-13 00:44:37.495 131232 DEBUG oslo_messaging._drivers.amqpdriver [-] Listener is running poll /usr/lib/python3/dist-packages/oslo_messaging/_drivers/amqpdriver.py:343
2025-01-13 00:44:37.496 131232 DEBUG oslo_messaging._drivers.amqpdriver [-] Poll the incoming message with unique_id: 5f816edbc86746b09c4f7b69d2a38d86 poll /usr/lib/python3/dist-packages/oslo_messaging/_drivers/amqpdriver.py:346
2025-01-13 00:44:37.496 130811 DEBUG oslo_service.service [req-6f7d64f9-aab6-4707-84fe-88d5e9133e66 - - - - -] database.connection_debug = 0 log_opt_values /usr/lib/python3/dist-packages/oslo_config/cfg.py:2609
2025-01-13 00:44:37.496 130811 DEBUG oslo_service.service [req-6f7d64f9-aab6-4707-84fe-88d5e9133e66 - - - - -] database.connection_parameters = log_opt_values /usr/lib/python3/dist-packages/oslo_config/cfg.py:2609
2025-01-13 00:44:37.496 130811 DEBUG oslo_service.service [req-6f7d64f9-aab6-4707-84fe-88d5e9133e66 - - - - -] database.connection_recycle_time = 3600 log_opt_values /usr/lib/python3/dist-packages/oslo_config/cfg.py:2609
2025-01-13 00:44:37.496 131232 DEBUG oslo_messaging._drivers.amqpdriver [-] Listener is running poll /usr/lib/python3/dist-packages/oslo_messaging/_drivers/amqpdriver.py:343
2025-01-13 00:44:37.496 130811 DEBUG oslo_service.service [req-6f7d64f9-aab6-4707-84fe-88d5e9133e66 - - - - -] database.connection_trace = False log_opt_values /usr/lib/python3/dist-packages/oslo_config/cfg.py:2609
2025-01-13 00:44:37.496 131232 DEBUG oslo_messaging._drivers.amqpdriver [-] AMQPListener connection consume poll /usr/lib/python3/dist-packages/oslo_messaging/_drivers/amqpdriver.py:357
2025-01-13 00:44:37.496 130811 DEBUG oslo_service.service [req-6f7d64f9-aab6-4707-84fe-88d5e9133e66 - - - - -] database.db_inc_retry_interval = True log_opt_values /usr/lib/python3/dist-packages/oslo_config/cfg.py:2609
2025-01-13 00:44:37.497 130811 DEBUG oslo_service.service [req-6f7d64f9-aab6-4707-84fe-88d5e9133e66 - - - - -] database.db_max_retries = 20 log_opt_values /usr/lib/python3/dist-packages/oslo_config/cfg.py:2609
2025-01-13 00:44:37.497 131233 DEBUG oslo_messaging._drivers.amqpdriver [-] AMQPListener connection timeout poll /usr/lib/python3/dist-packages/oslo_messaging/_drivers/amqpdriver.py:360
2025-01-13 00:44:37.497 130811 DEBUG oslo_service.service [req-6f7d64f9-aab6-4707-84fe-88d5e9133e66 - - - - -] database.db_max_retry_interval = 10 log_opt_values /usr/lib/python3/dist-packages/oslo_config/cfg.py:2609
2025-01-13 00:44:37.497 131233 DEBUG oslo_messaging._drivers.amqpdriver [-] Listener is running poll /usr/lib/python3/dist-packages/oslo_messaging/_drivers/amqpdriver.py:343
2025-01-13 00:44:37.497 130811 DEBUG oslo_service.service [req-6f7d64f9-aab6-4707-84fe-88d5e9133e66 - - - - -] database.db_retry_interval = 1 log_opt_values /usr/lib/python3/dist-packages/oslo_config/cfg.py:2609
2025-01-13 00:44:37.497 131233 DEBUG oslo_messaging._drivers.amqpdriver [-] AMQPListener connection consume poll /usr/lib/python3/dist-packages/oslo_messaging/_drivers/amqpdriver.py:357
2025-01-13 00:44:37.497 130811 DEBUG oslo_service.service [req-6f7d64f9-aab6-4707-84fe-88d5e9133e66 - - - - -] database.max_overflow = 50 log_opt_values /usr/lib/python3/dist-packages/oslo_config/cfg.py:2609
2025-01-13 00:44:37.497 130811 DEBUG oslo_service.service [req-6f7d64f9-aab6-4707-84fe-88d5e9133e66 - - - - -] database.max_pool_size = 4 log_opt_values /usr/lib/python3/dist-packages/oslo_config/cfg.py:2609
2025-01-13 00:44:37.498 130811 DEBUG oslo_service.service [req-6f7d64f9-aab6-4707-84fe-88d5e9133e66 - - - - -] database.max_retries = 10 log_opt_values /usr/lib/python3/dist-packages/oslo_config/cfg.py:2609
2025-01-13 00:44:37.498 130811 DEBUG oslo_service.service [req-6f7d64f9-aab6-4707-84fe-88d5e9133e66 - - - - -] database.mysql_enable_ndb = False log_opt_values /usr/lib/python3/dist-packages/oslo_config/cfg.py:2609
2025-01-13 00:44:37.498 130811 DEBUG oslo_service.service [req-6f7d64f9-aab6-4707-84fe-88d5e9133e66 - - - - -] database.mysql_sql_mode = TRADITIONAL log_opt_values /usr/lib/python3/dist-packages/oslo_config/cfg.py:2609
2025-01-13 00:44:37.498 130811 DEBUG oslo_service.service [req-6f7d64f9-aab6-4707-84fe-88d5e9133e66 - - - - -] database.pool_timeout = None log_opt_values /usr/lib/python3/dist-packages/oslo_config/cfg.py:2609
2025-01-13 00:44:37.499 130811 DEBUG oslo_service.service [req-6f7d64f9-aab6-4707-84fe-88d5e9133e66 - - - - -] database.retry_interval = 10 log_opt_values /usr/lib/python3/dist-packages/oslo_config/cfg.py:2609
2025-01-13 00:44:37.499 130811 DEBUG oslo_service.service [req-6f7d64f9-aab6-4707-84fe-88d5e9133e66 - - - - -] database.slave_connection = **** log_opt_values /usr/lib/python3/dist-packages/oslo_config/cfg.py:2609
2025-01-13 00:44:37.499 130811 DEBUG oslo_service.service [req-6f7d64f9-aab6-4707-84fe-88d5e9133e66 - - - - -] database.sqlite_synchronous = True log_opt_values /usr/lib/python3/dist-packages/oslo_config/cfg.py:2609
2025-01-13 00:44:37.499 130811 DEBUG oslo_service.service [req-6f7d64f9-aab6-4707-84fe-88d5e9133e66 - - - - -] database.use_db_reconnect = False log_opt_values /usr/lib/python3/dist-packages/oslo_config/cfg.py:2609
2025-01-13 00:44:37.500 130811 DEBUG oslo_service.service [req-6f7d64f9-aab6-4707-84fe-88d5e9133e66 - - - - -] api_database.backend = sqlalchemy log_opt_values /usr/lib/python3/dist-packages/oslo_config/cfg.py:2609
2025-01-13 00:44:37.500 130811 DEBUG oslo_service.service [req-6f7d64f9-aab6-4707-84fe-88d5e9133e66 - - - - -] api_database.connection = **** log_opt_values /usr/lib/python3/dist-packages/oslo_config/cfg.py:2609
2025-01-13 00:44:37.500 130811 DEBUG oslo_service.service [req-6f7d64f9-aab6-4707-84fe-88d5e9133e66 - - - - -] api_database.connection_debug = 0 log_opt_values /usr/lib/python3/dist-packages/oslo_config/cfg.py:2609
2025-01-13 00:44:37.500 130811 DEBUG oslo_service.service [req-6f7d64f9-aab6-4707-84fe-88d5e9133e66 - - - - -] api_database.connection_parameters = log_opt_values /usr/lib/python3/dist-packages/oslo_config/cfg.py:2609
2025-01-13 00:44:37.501 130811 DEBUG oslo_service.service [req-6f7d64f9-aab6-4707-84fe-88d5e9133e66 - - - - -] api_database.connection_recycle_time = 3600 log_opt_values /usr/lib/python3/dist-packages/oslo_config/cfg.py:2609
2025-01-13 00:44:37.501 130811 DEBUG oslo_service.service [req-6f7d64f9-aab6-4707-84fe-88d5e9133e66 - - - - -] api_database.connection_trace = False log_opt_values /usr/lib/python3/dist-packages/oslo_config/cfg.py:2609
2025-01-13 00:44:37.501 131231 DEBUG oslo_messaging._drivers.amqpdriver [-] Listener is running poll /usr/lib/python3/dist-packages/oslo_messaging/_drivers/amqpdriver.py:343
2025-01-13 00:44:37.501 130811 DEBUG oslo_service.service [req-6f7d64f9-aab6-4707-84fe-88d5e9133e66 - - - - -] api_database.db_inc_retry_interval = True log_opt_values /usr/lib/python3/dist-packages/oslo_config/cfg.py:2609
2025-01-13 00:44:37.501 131231 DEBUG oslo_messaging._drivers.amqpdriver [-] AMQPListener connection consume poll /usr/lib/python3/dist-packages/oslo_messaging/_drivers/amqpdriver.py:357
2025-01-13 00:44:37.501 130811 DEBUG oslo_service.service [req-6f7d64f9-aab6-4707-84fe-88d5e9133e66 - - - - -] api_database.db_max_retries = 20 log_opt_values /usr/lib/python3/dist-packages/oslo_config/cfg.py:2609
2025-01-13 00:44:37.501 130811 DEBUG oslo_service.service [req-6f7d64f9-aab6-4707-84fe-88d5e9133e66 - - - - -] api_database.db_max_retry_interval = 10 log_opt_values /usr/lib/python3/dist-packages/oslo_config/cfg.py:2609
2025-01-13 00:44:37.502 130811 DEBUG oslo_service.service [req-6f7d64f9-aab6-4707-84fe-88d5e9133e66 - - - - -] api_database.db_retry_interval = 1 log_opt_values /usr/lib/python3/dist-packages/oslo_config/cfg.py:2609
2025-01-13 00:44:37.502 130811 DEBUG oslo_service.service [req-6f7d64f9-aab6-4707-84fe-88d5e9133e66 - - - - -] api_database.max_overflow = 50 log_opt_values /usr/lib/python3/dist-packages/oslo_config/cfg.py:2609
2025-01-13 00:44:37.502 131231 DEBUG nova.service [req-15766d64-2d6e-4c2b-8c35-ec56ac1a79b7 - - - - -] Join ServiceGroup membership for this service conductor start /usr/lib/python3/dist-packages/nova/service.py:199
2025-01-13 00:44:37.502 130811 DEBUG oslo_service.service [req-6f7d64f9-aab6-4707-84fe-88d5e9133e66 - - - - -] api_database.max_pool_size = 4 log_opt_values /usr/lib/python3/dist-packages/oslo_config/cfg.py:2609
2025-01-13 00:44:37.503 131231 DEBUG nova.servicegroup.drivers.db [req-15766d64-2d6e-4c2b-8c35-ec56ac1a79b7 - - - - -] DB_Driver: join new ServiceGroup member juju-722981-0-lxd-7 to the conductor group, service = join /usr/lib/python3/dist-packages/nova/servicegroup/drivers/db.py:44
2025-01-13 00:44:37.503 130811 DEBUG oslo_service.service [req-6f7d64f9-aab6-4707-84fe-88d5e9133e66 - - - - -] api_database.max_retries = 10 log_opt_values /usr/lib/python3/dist-packages/oslo_config/cfg.py:2609
2025-01-13 00:44:37.503 130811 DEBUG oslo_service.service [req-6f7d64f9-aab6-4707-84fe-88d5e9133e66 - - - - -] api_database.mysql_enable_ndb = False log_opt_values /usr/lib/python3/dist-packages/oslo_config/cfg.py:2609
2025-01-13 00:44:37.503 130811 DEBUG oslo_service.service [req-6f7d64f9-aab6-4707-84fe-88d5e9133e66 - - - - -] api_database.mysql_sql_mode = TRADITIONAL log_opt_values /usr/lib/python3/dist-packages/oslo_config/cfg.py:2609
2025-01-13 00:44:37.504 130811 DEBUG oslo_service.service [req-6f7d64f9-aab6-4707-84fe-88d5e9133e66 - - - - -] api_database.pool_timeout = None log_opt_values /usr/lib/python3/dist-packages/oslo_config/cfg.py:2609
2025-01-13 00:44:37.504 130811 DEBUG oslo_service.service [req-6f7d64f9-aab6-4707-84fe-88d5e9133e66 - - - - -] api_database.retry_interval = 10 log_opt_values /usr/lib/python3/dist-packages/oslo_config/cfg.py:2609
2025-01-13 00:44:37.504 130811 DEBUG oslo_service.service [req-6f7d64f9-aab6-4707-84fe-88d5e9133e66 - - - - -] api_database.slave_connection = **** log_opt_values /usr/lib/python3/dist-packages/oslo_config/cfg.py:2609
2025-01-13 00:44:37.504 130811 DEBUG oslo_service.service [req-6f7d64f9-aab6-4707-84fe-88d5e9133e66 - - - - -] api_database.sqlite_synchronous = True log_opt_values /usr/lib/python3/dist-packages/oslo_config/cfg.py:2609
2025-01-13 00:44:37.505 130811 DEBUG oslo_service.service [req-6f7d64f9-aab6-4707-84fe-88d5e9133e66 - - - - -] devices.enabled_mdev_types = [] log_opt_values /usr/lib/python3/dist-packages/oslo_config/cfg.py:2609
2025-01-13 00:44:37.505 130811 DEBUG oslo_service.service [req-6f7d64f9-aab6-4707-84fe-88d5e9133e66 - - - - -] ephemeral_storage_encryption.cipher = aes-xts-plain64 log_opt_values /usr/lib/python3/dist-packages/oslo_config/cfg.py:2609
2025-01-13 00:44:37.505 130811 DEBUG oslo_service.service [req-6f7d64f9-aab6-4707-84fe-88d5e9133e66 - - - - -] ephemeral_storage_encryption.enabled = False log_opt_values /usr/lib/python3/dist-packages/oslo_config/cfg.py:2609
2025-01-13 00:44:37.506 130811 DEBUG oslo_service.service [req-6f7d64f9-aab6-4707-84fe-88d5e9133e66 - - - - -] ephemeral_storage_encryption.key_size = 512 log_opt_values /usr/lib/python3/dist-packages/oslo_config/cfg.py:2609
2025-01-13 00:44:37.506 131231 DEBUG oslo_messaging._drivers.amqpdriver [-] AMQPListener connection timeout poll /usr/lib/python3/dist-packages/oslo_messaging/_drivers/amqpdriver.py:360
2025-01-13 00:44:37.506 131231 DEBUG oslo_messaging._drivers.amqpdriver [-] Listener is running poll /usr/lib/python3/dist-packages/oslo_messaging/_drivers/amqpdriver.py:343
2025-01-13 00:44:37.506 131231 DEBUG oslo_messaging._drivers.amqpdriver [-] AMQPListener connection consume poll /usr/lib/python3/dist-packages/oslo_messaging/_drivers/amqpdriver.py:357
2025-01-13 00:44:37.506 130811 WARNING oslo_config.cfg [req-6f7d64f9-aab6-4707-84fe-88d5e9133e66 - - - - -] Deprecated: Option "api_servers" from group "glance" is deprecated for removal ( Support for image service configuration via standard keystoneauth1 Adapter options was added in the 17.0.0 Queens release. The api_servers option was retained temporarily to allow consumers time to cut over to a real load balancing solution. ). Its value may be silently ignored in the future.
2025-01-13 00:44:37.506 130811 DEBUG oslo_service.service [req-6f7d64f9-aab6-4707-84fe-88d5e9133e66 - - - - -] glance.api_servers = ['http://252.44.70.162:9292'] log_opt_values /usr/lib/python3/dist-packages/oslo_config/cfg.py:2609
2025-01-13 00:44:37.506 130811 DEBUG oslo_service.service [req-6f7d64f9-aab6-4707-84fe-88d5e9133e66 - - - - -] glance.cafile = None log_opt_values /usr/lib/python3/dist-packages/oslo_config/cfg.py:2609
2025-01-13 00:44:37.507 130811 DEBUG oslo_service.service [req-6f7d64f9-aab6-4707-84fe-88d5e9133e66 - - - - -] glance.certfile = None log_opt_values /usr/lib/python3/dist-packages/oslo_config/cfg.py:2609
2025-01-13 00:44:37.507 130811 DEBUG oslo_service.service [req-6f7d64f9-aab6-4707-84fe-88d5e9133e66 - - - - -] glance.collect_timing = False log_opt_values /usr/lib/python3/dist-packages/oslo_config/cfg.py:2609
2025-01-13 00:44:37.507 130811 DEBUG oslo_service.service [req-6f7d64f9-aab6-4707-84fe-88d5e9133e66 - - - - -] glance.connect_retries = None log_opt_values /usr/lib/python3/dist-packages/oslo_config/cfg.py:2609
2025-01-13 00:44:37.507 130811 DEBUG oslo_service.service [req-6f7d64f9-aab6-4707-84fe-88d5e9133e66 - - - - -] glance.connect_retry_delay = None log_opt_values /usr/lib/python3/dist-packages/oslo_config/cfg.py:2609
2025-01-13 00:44:37.508 130811 DEBUG oslo_service.service [req-6f7d64f9-aab6-4707-84fe-88d5e9133e66 - - - - -] glance.debug = False log_opt_values /usr/lib/python3/dist-packages/oslo_config/cfg.py:2609
2025-01-13 00:44:37.508 130811 DEBUG oslo_service.service [req-6f7d64f9-aab6-4707-84fe-88d5e9133e66 - - - - -] glance.default_trusted_certificate_ids = [] log_opt_values /usr/lib/python3/dist-packages/oslo_config/cfg.py:2609
2025-01-13 00:44:37.508 130811 DEBUG oslo_service.service [req-6f7d64f9-aab6-4707-84fe-88d5e9133e66 - - - - -] glance.enable_certificate_validation = False log_opt_values /usr/lib/python3/dist-packages/oslo_config/cfg.py:2609
2025-01-13 00:44:37.508 130811 DEBUG oslo_service.service [req-6f7d64f9-aab6-4707-84fe-88d5e9133e66 - - - - -] glance.enable_rbd_download = False log_opt_values /usr/lib/python3/dist-packages/oslo_config/cfg.py:2609
2025-01-13 00:44:37.509 130811 DEBUG oslo_service.service [req-6f7d64f9-aab6-4707-84fe-88d5e9133e66 - - - - -] glance.endpoint_override = None log_opt_values /usr/lib/python3/dist-packages/oslo_config/cfg.py:2609
2025-01-13 00:44:37.509 130811 DEBUG oslo_service.service [req-6f7d64f9-aab6-4707-84fe-88d5e9133e66 - - - - -] glance.insecure = False log_opt_values /usr/lib/python3/dist-packages/oslo_config/cfg.py:2609
2025-01-13 00:44:37.509 130811 DEBUG oslo_service.service [req-6f7d64f9-aab6-4707-84fe-88d5e9133e66 - - - - -] glance.keyfile = None log_opt_values /usr/lib/python3/dist-packages/oslo_config/cfg.py:2609
2025-01-13 00:44:37.509 130811 DEBUG oslo_service.service [req-6f7d64f9-aab6-4707-84fe-88d5e9133e66 - - - - -] glance.max_version = None log_opt_values /usr/lib/python3/dist-packages/oslo_config/cfg.py:2609
2025-01-13 00:44:37.510 130811 DEBUG oslo_service.service [req-6f7d64f9-aab6-4707-84fe-88d5e9133e66 - - - - -] glance.min_version = None log_opt_values /usr/lib/python3/dist-packages/oslo_config/cfg.py:2609
2025-01-13 00:44:37.510 130811 DEBUG oslo_service.service [req-6f7d64f9-aab6-4707-84fe-88d5e9133e66 - - - - -] glance.num_retries = 3 log_opt_values /usr/lib/python3/dist-packages/oslo_config/cfg.py:2609
2025-01-13 00:44:37.510 130811 DEBUG oslo_service.service [req-6f7d64f9-aab6-4707-84fe-88d5e9133e66 - - - - -] glance.rbd_ceph_conf = log_opt_values /usr/lib/python3/dist-packages/oslo_config/cfg.py:2609
2025-01-13 00:44:37.510 130811 DEBUG oslo_service.service [req-6f7d64f9-aab6-4707-84fe-88d5e9133e66 - - - - -] glance.rbd_connect_timeout = 5 log_opt_values /usr/lib/python3/dist-packages/oslo_config/cfg.py:2609
2025-01-13 00:44:37.511 130811 DEBUG oslo_service.service [req-6f7d64f9-aab6-4707-84fe-88d5e9133e66 - - - - -] glance.rbd_pool = log_opt_values /usr/lib/python3/dist-packages/oslo_config/cfg.py:2609
2025-01-13 00:44:37.511 130811 DEBUG oslo_service.service [req-6f7d64f9-aab6-4707-84fe-88d5e9133e66 - - - - -] glance.rbd_user = log_opt_values /usr/lib/python3/dist-packages/oslo_config/cfg.py:2609
2025-01-13 00:44:37.511 130811 DEBUG oslo_service.service [req-6f7d64f9-aab6-4707-84fe-88d5e9133e66 - - - - -] glance.region_name = None log_opt_values /usr/lib/python3/dist-packages/oslo_config/cfg.py:2609
2025-01-13 00:44:37.511 130811 DEBUG oslo_service.service [req-6f7d64f9-aab6-4707-84fe-88d5e9133e66 - - - - -] glance.service_name = None log_opt_values /usr/lib/python3/dist-packages/oslo_config/cfg.py:2609
2025-01-13 00:44:37.511 130811 DEBUG oslo_service.service [req-6f7d64f9-aab6-4707-84fe-88d5e9133e66 - - - - -] glance.service_type = image log_opt_values /usr/lib/python3/dist-packages/oslo_config/cfg.py:2609
2025-01-13 00:44:37.512 130811 DEBUG oslo_service.service [req-6f7d64f9-aab6-4707-84fe-88d5e9133e66 - - - - -] glance.split_loggers = False log_opt_values /usr/lib/python3/dist-packages/oslo_config/cfg.py:2609
2025-01-13 00:44:37.512 130811 DEBUG oslo_service.service [req-6f7d64f9-aab6-4707-84fe-88d5e9133e66 - - - - -] glance.status_code_retries = None log_opt_values /usr/lib/python3/dist-packages/oslo_config/cfg.py:2609
2025-01-13 00:44:37.512 130811 DEBUG oslo_service.service [req-6f7d64f9-aab6-4707-84fe-88d5e9133e66 - - - - -] glance.status_code_retry_delay = None log_opt_values /usr/lib/python3/dist-packages/oslo_config/cfg.py:2609
2025-01-13 00:44:37.512 130811 DEBUG oslo_service.service [req-6f7d64f9-aab6-4707-84fe-88d5e9133e66 - - - - -] glance.timeout = None log_opt_values /usr/lib/python3/dist-packages/oslo_config/cfg.py:2609
2025-01-13 00:44:37.513 130811 DEBUG oslo_service.service [req-6f7d64f9-aab6-4707-84fe-88d5e9133e66 - - - - -] glance.valid_interfaces = ['internal', 'public'] log_opt_values /usr/lib/python3/dist-packages/oslo_config/cfg.py:2609
2025-01-13 00:44:37.513 130811 DEBUG oslo_service.service [req-6f7d64f9-aab6-4707-84fe-88d5e9133e66 - - - - -] glance.verify_glance_signatures = False log_opt_values /usr/lib/python3/dist-packages/oslo_config/cfg.py:2609
2025-01-13 00:44:37.514 130811 DEBUG oslo_service.service [req-6f7d64f9-aab6-4707-84fe-88d5e9133e66 - - - - -] glance.version = None log_opt_values /usr/lib/python3/dist-packages/oslo_config/cfg.py:2609
2025-01-13 00:44:37.514 130811 DEBUG oslo_service.service [req-6f7d64f9-aab6-4707-84fe-88d5e9133e66 - - - - -] guestfs.debug = False log_opt_values /usr/lib/python3/dist-packages/oslo_config/cfg.py:2609
2025-01-13 00:44:37.514 130811 DEBUG oslo_service.service [req-6f7d64f9-aab6-4707-84fe-88d5e9133e66 - - - - -] hyperv.config_drive_cdrom = False log_opt_values /usr/lib/python3/dist-packages/oslo_config/cfg.py:2609
2025-01-13 00:44:37.514 130811 DEBUG oslo_service.service [req-6f7d64f9-aab6-4707-84fe-88d5e9133e66 - - - - -] hyperv.config_drive_inject_password = False log_opt_values /usr/lib/python3/dist-packages/oslo_config/cfg.py:2609
2025-01-13 00:44:37.515 130811 DEBUG oslo_service.service [req-6f7d64f9-aab6-4707-84fe-88d5e9133e66 - - - - -] hyperv.dynamic_memory_ratio = 1.0 log_opt_values /usr/lib/python3/dist-packages/oslo_config/cfg.py:2609
2025-01-13 00:44:37.515 130811 DEBUG oslo_service.service [req-6f7d64f9-aab6-4707-84fe-88d5e9133e66 - - - - -] hyperv.enable_instance_metrics_collection = False log_opt_values /usr/lib/python3/dist-packages/oslo_config/cfg.py:2609
2025-01-13 00:44:37.515 130811 DEBUG oslo_service.service [req-6f7d64f9-aab6-4707-84fe-88d5e9133e66 - - - - -] hyperv.enable_remotefx = False log_opt_values /usr/lib/python3/dist-packages/oslo_config/cfg.py:2609
2025-01-13 00:44:37.515 130811 DEBUG oslo_service.service [req-6f7d64f9-aab6-4707-84fe-88d5e9133e66 - - - - -] hyperv.instances_path_share = log_opt_values /usr/lib/python3/dist-packages/oslo_config/cfg.py:2609
2025-01-13 00:44:37.516 130811 DEBUG oslo_service.service [req-6f7d64f9-aab6-4707-84fe-88d5e9133e66 - - - - -] hyperv.iscsi_initiator_list = [] log_opt_values /usr/lib/python3/dist-packages/oslo_config/cfg.py:2609
2025-01-13 00:44:37.516 130811 DEBUG oslo_service.service [req-6f7d64f9-aab6-4707-84fe-88d5e9133e66 - - - - -] hyperv.limit_cpu_features = False log_opt_values /usr/lib/python3/dist-packages/oslo_config/cfg.py:2609
2025-01-13 00:44:37.516 130811 DEBUG oslo_service.service [req-6f7d64f9-aab6-4707-84fe-88d5e9133e66 - - - - -] hyperv.mounted_disk_query_retry_count = 10 log_opt_values /usr/lib/python3/dist-packages/oslo_config/cfg.py:2609
2025-01-13 00:44:37.516 130811 DEBUG oslo_service.service [req-6f7d64f9-aab6-4707-84fe-88d5e9133e66 - - - - -] hyperv.mounted_disk_query_retry_interval = 5 log_opt_values /usr/lib/python3/dist-packages/oslo_config/cfg.py:2609
2025-01-13 00:44:37.516 130811 DEBUG oslo_service.service [req-6f7d64f9-aab6-4707-84fe-88d5e9133e66 - - - - -] hyperv.power_state_check_timeframe = 60 log_opt_values /usr/lib/python3/dist-packages/oslo_config/cfg.py:2609
2025-01-13 00:44:37.517 130811 DEBUG oslo_service.service [req-6f7d64f9-aab6-4707-84fe-88d5e9133e66 - - - - -] hyperv.power_state_event_polling_interval = 2 log_opt_values /usr/lib/python3/dist-packages/oslo_config/cfg.py:2609
2025-01-13 00:44:37.517 130811 DEBUG oslo_service.service [req-6f7d64f9-aab6-4707-84fe-88d5e9133e66 - - - - -] hyperv.qemu_img_cmd = qemu-img.exe log_opt_values /usr/lib/python3/dist-packages/oslo_config/cfg.py:2609
2025-01-13 00:44:37.517 130811 DEBUG oslo_service.service [req-6f7d64f9-aab6-4707-84fe-88d5e9133e66 - - - - -] hyperv.use_multipath_io = False log_opt_values /usr/lib/python3/dist-packages/oslo_config/cfg.py:2609
2025-01-13 00:44:37.517 130811 DEBUG oslo_service.service [req-6f7d64f9-aab6-4707-84fe-88d5e9133e66 - - - - -] hyperv.volume_attach_retry_count = 10 log_opt_values /usr/lib/python3/dist-packages/oslo_config/cfg.py:2609
2025-01-13 00:44:37.517 130811 DEBUG oslo_service.service [req-6f7d64f9-aab6-4707-84fe-88d5e9133e66 - - - - -] hyperv.volume_attach_retry_interval = 5 log_opt_values /usr/lib/python3/dist-packages/oslo_config/cfg.py:2609
2025-01-13 00:44:37.519 130811 DEBUG oslo_service.service [req-6f7d64f9-aab6-4707-84fe-88d5e9133e66 - - - - -] hyperv.vswitch_name = None log_opt_values /usr/lib/python3/dist-packages/oslo_config/cfg.py:2609
2025-01-13 00:44:37.519 130811 DEBUG oslo_service.service [req-6f7d64f9-aab6-4707-84fe-88d5e9133e66 - - - - -] hyperv.wait_soft_reboot_seconds = 60 log_opt_values /usr/lib/python3/dist-packages/oslo_config/cfg.py:2609
2025-01-13 00:44:37.519 130811 DEBUG oslo_service.service [req-6f7d64f9-aab6-4707-84fe-88d5e9133e66 - - - - -] mks.enabled = False log_opt_values /usr/lib/python3/dist-packages/oslo_config/cfg.py:2609
2025-01-13 00:44:37.519 131234 DEBUG oslo_messaging._drivers.amqpdriver [-] Listener is running poll /usr/lib/python3/dist-packages/oslo_messaging/_drivers/amqpdriver.py:343
2025-01-13 00:44:37.520 131234 DEBUG oslo_messaging._drivers.amqpdriver [-] AMQPListener connection consume poll /usr/lib/python3/dist-packages/oslo_messaging/_drivers/amqpdriver.py:357
2025-01-13 00:44:37.521 130811 DEBUG oslo_service.service [req-6f7d64f9-aab6-4707-84fe-88d5e9133e66 - - - - -] mks.mksproxy_base_url = http://127.0.0.1:6090/ log_opt_values /usr/lib/python3/dist-packages/oslo_config/cfg.py:2609
2025-01-13 00:44:37.521 130811 DEBUG oslo_service.service [req-6f7d64f9-aab6-4707-84fe-88d5e9133e66 - - - - -] image_cache.manager_interval = 2400 log_opt_values /usr/lib/python3/dist-packages/oslo_config/cfg.py:2609
2025-01-13 00:44:37.522 130811 DEBUG oslo_service.service [req-6f7d64f9-aab6-4707-84fe-88d5e9133e66 - - - - -] image_cache.precache_concurrency = 1 log_opt_values /usr/lib/python3/dist-packages/oslo_config/cfg.py:2609
2025-01-13 00:44:37.522 130811 DEBUG oslo_service.service [req-6f7d64f9-aab6-4707-84fe-88d5e9133e66 - - - - -] image_cache.remove_unused_base_images = True log_opt_values /usr/lib/python3/dist-packages/oslo_config/cfg.py:2609
2025-01-13 00:44:37.522 131234 DEBUG nova.service [req-8e5b0359-39b3-4a39-bd42-06f29132f216 - - - - -] Join ServiceGroup membership for this service conductor start /usr/lib/python3/dist-packages/nova/service.py:199
2025-01-13 00:44:37.522 130811 DEBUG oslo_service.service [req-6f7d64f9-aab6-4707-84fe-88d5e9133e66 - - - - -] image_cache.remove_unused_original_minimum_age_seconds = 86400 log_opt_values /usr/lib/python3/dist-packages/oslo_config/cfg.py:2609
2025-01-13 00:44:37.522 131234 DEBUG nova.servicegroup.drivers.db [req-8e5b0359-39b3-4a39-bd42-06f29132f216 - - - - -] DB_Driver: join new ServiceGroup member juju-722981-0-lxd-7 to the conductor group, service = join /usr/lib/python3/dist-packages/nova/servicegroup/drivers/db.py:44
2025-01-13 00:44:37.523 130811 DEBUG oslo_service.service [req-6f7d64f9-aab6-4707-84fe-88d5e9133e66 - - - - -] image_cache.remove_unused_resized_minimum_age_seconds = 3600 log_opt_values /usr/lib/python3/dist-packages/oslo_config/cfg.py:2609
2025-01-13 00:44:37.523 130811 DEBUG oslo_service.service [req-6f7d64f9-aab6-4707-84fe-88d5e9133e66 - - - - -] image_cache.subdirectory_name = _base log_opt_values /usr/lib/python3/dist-packages/oslo_config/cfg.py:2609
2025-01-13 00:44:37.523 130811 DEBUG oslo_service.service [req-6f7d64f9-aab6-4707-84fe-88d5e9133e66 - - - - -] ironic.api_max_retries = 60 log_opt_values /usr/lib/python3/dist-packages/oslo_config/cfg.py:2609
2025-01-13 00:44:37.524 130811 DEBUG oslo_service.service [req-6f7d64f9-aab6-4707-84fe-88d5e9133e66 - - - - -] ironic.api_retry_interval = 2 log_opt_values /usr/lib/python3/dist-packages/oslo_config/cfg.py:2609
2025-01-13 00:44:37.524 130811 DEBUG oslo_service.service [req-6f7d64f9-aab6-4707-84fe-88d5e9133e66 - - - - -] ironic.auth_section = None log_opt_values /usr/lib/python3/dist-packages/oslo_config/cfg.py:2609
2025-01-13 00:44:37.524 130811 DEBUG oslo_service.service [req-6f7d64f9-aab6-4707-84fe-88d5e9133e66 - - - - -] ironic.auth_type = None log_opt_values /usr/lib/python3/dist-packages/oslo_config/cfg.py:2609
2025-01-13 00:44:37.524 130811 DEBUG oslo_service.service [req-6f7d64f9-aab6-4707-84fe-88d5e9133e66 - - - - -] ironic.cafile = None log_opt_values /usr/lib/python3/dist-packages/oslo_config/cfg.py:2609
2025-01-13 00:44:37.525 130811 DEBUG oslo_service.service [req-6f7d64f9-aab6-4707-84fe-88d5e9133e66 - - - - -] ironic.certfile = None log_opt_values /usr/lib/python3/dist-packages/oslo_config/cfg.py:2609
2025-01-13 00:44:37.525 130811 DEBUG oslo_service.service [req-6f7d64f9-aab6-4707-84fe-88d5e9133e66 - - - - -] ironic.collect_timing = False log_opt_values /usr/lib/python3/dist-packages/oslo_config/cfg.py:2609
2025-01-13 00:44:37.525 130811 DEBUG oslo_service.service [req-6f7d64f9-aab6-4707-84fe-88d5e9133e66 - - - - -] ironic.connect_retries = None log_opt_values /usr/lib/python3/dist-packages/oslo_config/cfg.py:2609
2025-01-13 00:44:37.525 130811 DEBUG oslo_service.service [req-6f7d64f9-aab6-4707-84fe-88d5e9133e66 - - - - -] ironic.connect_retry_delay = None log_opt_values /usr/lib/python3/dist-packages/oslo_config/cfg.py:2609
2025-01-13 00:44:37.526 130811 DEBUG oslo_service.service [req-6f7d64f9-aab6-4707-84fe-88d5e9133e66 - - - - -] ironic.endpoint_override = None log_opt_values /usr/lib/python3/dist-packages/oslo_config/cfg.py:2609
2025-01-13 00:44:37.526 130811 DEBUG oslo_service.service [req-6f7d64f9-aab6-4707-84fe-88d5e9133e66 - - - - -] ironic.insecure = False log_opt_values /usr/lib/python3/dist-packages/oslo_config/cfg.py:2609
2025-01-13 00:44:37.526 130811 DEBUG oslo_service.service [req-6f7d64f9-aab6-4707-84fe-88d5e9133e66 - - - - -] ironic.keyfile = None log_opt_values /usr/lib/python3/dist-packages/oslo_config/cfg.py:2609
2025-01-13 00:44:37.526 131234 DEBUG oslo_messaging._drivers.amqpdriver [-] AMQPListener connection timeout poll /usr/lib/python3/dist-packages/oslo_messaging/_drivers/amqpdriver.py:360
2025-01-13 00:44:37.526 130811 DEBUG oslo_service.service [req-6f7d64f9-aab6-4707-84fe-88d5e9133e66 - - - - -] ironic.max_version = None log_opt_values /usr/lib/python3/dist-packages/oslo_config/cfg.py:2609
2025-01-13 00:44:37.526 131234 DEBUG oslo_messaging._drivers.amqpdriver [-] Listener is running poll /usr/lib/python3/dist-packages/oslo_messaging/_drivers/amqpdriver.py:343
2025-01-13 00:44:37.527 131234 DEBUG oslo_messaging._drivers.amqpdriver [-] AMQPListener connection consume poll /usr/lib/python3/dist-packages/oslo_messaging/_drivers/amqpdriver.py:357
2025-01-13 00:44:37.527 130811 DEBUG oslo_service.service [req-6f7d64f9-aab6-4707-84fe-88d5e9133e66 - - - - -] ironic.min_version = None log_opt_values /usr/lib/python3/dist-packages/oslo_config/cfg.py:2609
2025-01-13 00:44:37.527 130811 DEBUG oslo_service.service [req-6f7d64f9-aab6-4707-84fe-88d5e9133e66 - - - - -] ironic.partition_key = None log_opt_values /usr/lib/python3/dist-packages/oslo_config/cfg.py:2609
2025-01-13 00:44:37.527 130811 DEBUG oslo_service.service [req-6f7d64f9-aab6-4707-84fe-88d5e9133e66 - - - - -] ironic.peer_list = [] log_opt_values /usr/lib/python3/dist-packages/oslo_config/cfg.py:2609
2025-01-13 00:44:37.527 130811 DEBUG oslo_service.service [req-6f7d64f9-aab6-4707-84fe-88d5e9133e66 - - - - -] ironic.region_name = None log_opt_values /usr/lib/python3/dist-packages/oslo_config/cfg.py:2609
2025-01-13 00:44:37.528 130811 DEBUG oslo_service.service [req-6f7d64f9-aab6-4707-84fe-88d5e9133e66 - - - - -] ironic.serial_console_state_timeout = 10 log_opt_values /usr/lib/python3/dist-packages/oslo_config/cfg.py:2609
2025-01-13 00:44:37.528 130811 DEBUG oslo_service.service [req-6f7d64f9-aab6-4707-84fe-88d5e9133e66 - - - - -] ironic.service_name = None log_opt_values /usr/lib/python3/dist-packages/oslo_config/cfg.py:2609
2025-01-13 00:44:37.528 130811 DEBUG oslo_service.service [req-6f7d64f9-aab6-4707-84fe-88d5e9133e66 - - - - -] ironic.service_type = baremetal log_opt_values /usr/lib/python3/dist-packages/oslo_config/cfg.py:2609
2025-01-13 00:44:37.529 130811 DEBUG oslo_service.service [req-6f7d64f9-aab6-4707-84fe-88d5e9133e66 - - - - -] ironic.split_loggers = False log_opt_values /usr/lib/python3/dist-packages/oslo_config/cfg.py:2609
2025-01-13 00:44:37.529 130811 DEBUG oslo_service.service [req-6f7d64f9-aab6-4707-84fe-88d5e9133e66 - - - - -] ironic.status_code_retries = None log_opt_values /usr/lib/python3/dist-packages/oslo_config/cfg.py:2609
2025-01-13 00:44:37.529 130811 DEBUG oslo_service.service [req-6f7d64f9-aab6-4707-84fe-88d5e9133e66 - - - - -] ironic.status_code_retry_delay = None log_opt_values /usr/lib/python3/dist-packages/oslo_config/cfg.py:2609
2025-01-13 00:44:37.529 130811 DEBUG oslo_service.service [req-6f7d64f9-aab6-4707-84fe-88d5e9133e66 - - - - -] ironic.timeout = None log_opt_values /usr/lib/python3/dist-packages/oslo_config/cfg.py:2609
2025-01-13 00:44:37.530 130811 DEBUG oslo_service.service [req-6f7d64f9-aab6-4707-84fe-88d5e9133e66 - - - - -] ironic.valid_interfaces = ['internal', 'public'] log_opt_values /usr/lib/python3/dist-packages/oslo_config/cfg.py:2609
2025-01-13 00:44:37.530 130811 DEBUG oslo_service.service [req-6f7d64f9-aab6-4707-84fe-88d5e9133e66 - - - - -] ironic.version = None log_opt_values /usr/lib/python3/dist-packages/oslo_config/cfg.py:2609
2025-01-13 00:44:37.531 130811 DEBUG oslo_service.service [req-6f7d64f9-aab6-4707-84fe-88d5e9133e66 - - - - -] key_manager.backend = barbican log_opt_values /usr/lib/python3/dist-packages/oslo_config/cfg.py:2609
2025-01-13 00:44:37.531 130811 DEBUG oslo_service.service [req-6f7d64f9-aab6-4707-84fe-88d5e9133e66 - - - - -] key_manager.fixed_key = **** log_opt_values /usr/lib/python3/dist-packages/oslo_config/cfg.py:2609
2025-01-13 00:44:37.531 130811 DEBUG oslo_service.service [req-6f7d64f9-aab6-4707-84fe-88d5e9133e66 - - - - -] barbican.auth_endpoint = http://localhost/identity/v3 log_opt_values /usr/lib/python3/dist-packages/oslo_config/cfg.py:2609
2025-01-13 00:44:37.531 130811 DEBUG oslo_service.service [req-6f7d64f9-aab6-4707-84fe-88d5e9133e66 - - - - -] barbican.barbican_api_version = None log_opt_values /usr/lib/python3/dist-packages/oslo_config/cfg.py:2609
2025-01-13 00:44:37.532 130811 DEBUG oslo_service.service [req-6f7d64f9-aab6-4707-84fe-88d5e9133e66 - - - - -] barbican.barbican_endpoint = None log_opt_values /usr/lib/python3/dist-packages/oslo_config/cfg.py:2609
2025-01-13 00:44:37.532 130811 DEBUG oslo_service.service [req-6f7d64f9-aab6-4707-84fe-88d5e9133e66 - - - - -] barbican.barbican_endpoint_type = public log_opt_values /usr/lib/python3/dist-packages/oslo_config/cfg.py:2609
2025-01-13 00:44:37.533 130811 DEBUG oslo_service.service [req-6f7d64f9-aab6-4707-84fe-88d5e9133e66 - - - - -] barbican.barbican_region_name = None log_opt_values /usr/lib/python3/dist-packages/oslo_config/cfg.py:2609
2025-01-13 00:44:37.533 130811 DEBUG oslo_service.service [req-6f7d64f9-aab6-4707-84fe-88d5e9133e66 - - - - -] barbican.cafile = None log_opt_values /usr/lib/python3/dist-packages/oslo_config/cfg.py:2609
2025-01-13 00:44:37.533 130811 DEBUG oslo_service.service [req-6f7d64f9-aab6-4707-84fe-88d5e9133e66 - - - - -] barbican.certfile = None log_opt_values /usr/lib/python3/dist-packages/oslo_config/cfg.py:2609
2025-01-13 00:44:37.534 130811 DEBUG oslo_service.service [req-6f7d64f9-aab6-4707-84fe-88d5e9133e66 - - - - -] barbican.collect_timing = False log_opt_values /usr/lib/python3/dist-packages/oslo_config/cfg.py:2609
2025-01-13 00:44:37.534 130811 DEBUG oslo_service.service [req-6f7d64f9-aab6-4707-84fe-88d5e9133e66 - - - - -] barbican.insecure = False log_opt_values /usr/lib/python3/dist-packages/oslo_config/cfg.py:2609
2025-01-13 00:44:37.534 130811 DEBUG oslo_service.service [req-6f7d64f9-aab6-4707-84fe-88d5e9133e66 - - - - -] barbican.keyfile = None log_opt_values /usr/lib/python3/dist-packages/oslo_config/cfg.py:2609
2025-01-13 00:44:37.535 130811 DEBUG oslo_service.service [req-6f7d64f9-aab6-4707-84fe-88d5e9133e66 - - - - -] barbican.number_of_retries = 60 log_opt_values /usr/lib/python3/dist-packages/oslo_config/cfg.py:2609
2025-01-13 00:44:37.535 130811 DEBUG oslo_service.service [req-6f7d64f9-aab6-4707-84fe-88d5e9133e66 - - - - -] barbican.retry_delay = 1 log_opt_values /usr/lib/python3/dist-packages/oslo_config/cfg.py:2609
2025-01-13 00:44:37.535 130811 DEBUG oslo_service.service [req-6f7d64f9-aab6-4707-84fe-88d5e9133e66 - - - - -] barbican.send_service_user_token = False log_opt_values /usr/lib/python3/dist-packages/oslo_config/cfg.py:2609
2025-01-13 00:44:37.536 130811 DEBUG oslo_service.service [req-6f7d64f9-aab6-4707-84fe-88d5e9133e66 - - - - -] barbican.split_loggers = False log_opt_values /usr/lib/python3/dist-packages/oslo_config/cfg.py:2609
2025-01-13 00:44:37.536 130811 DEBUG oslo_service.service [req-6f7d64f9-aab6-4707-84fe-88d5e9133e66 - - - - -] barbican.timeout = None log_opt_values /usr/lib/python3/dist-packages/oslo_config/cfg.py:2609
2025-01-13 00:44:37.536 130811 DEBUG oslo_service.service [req-6f7d64f9-aab6-4707-84fe-88d5e9133e66 - - - - -] barbican.verify_ssl = True log_opt_values /usr/lib/python3/dist-packages/oslo_config/cfg.py:2609
2025-01-13 00:44:37.536 130811 DEBUG oslo_service.service [req-6f7d64f9-aab6-4707-84fe-88d5e9133e66 - - - - -] barbican.verify_ssl_path = None log_opt_values /usr/lib/python3/dist-packages/oslo_config/cfg.py:2609
2025-01-13 00:44:37.537 130811 DEBUG oslo_service.service [req-6f7d64f9-aab6-4707-84fe-88d5e9133e66 - - - - -] barbican_service_user.auth_section = None log_opt_values /usr/lib/python3/dist-packages/oslo_config/cfg.py:2609
2025-01-13 00:44:37.537 130811 DEBUG oslo_service.service [req-6f7d64f9-aab6-4707-84fe-88d5e9133e66 - - - - -] barbican_service_user.auth_type = None log_opt_values /usr/lib/python3/dist-packages/oslo_config/cfg.py:2609
2025-01-13 00:44:37.537 130811 DEBUG oslo_service.service [req-6f7d64f9-aab6-4707-84fe-88d5e9133e66 - - - - -] barbican_service_user.cafile = None log_opt_values /usr/lib/python3/dist-packages/oslo_config/cfg.py:2609
2025-01-13 00:44:37.537 130811 DEBUG oslo_service.service [req-6f7d64f9-aab6-4707-84fe-88d5e9133e66 - - - - -] barbican_service_user.certfile = None log_opt_values /usr/lib/python3/dist-packages/oslo_config/cfg.py:2609
2025-01-13 00:44:37.538 130811 DEBUG oslo_service.service [req-6f7d64f9-aab6-4707-84fe-88d5e9133e66 - - - - -] barbican_service_user.collect_timing = False log_opt_values /usr/lib/python3/dist-packages/oslo_config/cfg.py:2609
2025-01-13 00:44:37.538 130811 DEBUG oslo_service.service [req-6f7d64f9-aab6-4707-84fe-88d5e9133e66 - - - - -] barbican_service_user.insecure = False log_opt_values /usr/lib/python3/dist-packages/oslo_config/cfg.py:2609
2025-01-13 00:44:37.538 130811 DEBUG oslo_service.service [req-6f7d64f9-aab6-4707-84fe-88d5e9133e66 - - - - -] barbican_service_user.keyfile = None log_opt_values /usr/lib/python3/dist-packages/oslo_config/cfg.py:2609
2025-01-13 00:44:37.538 130811 DEBUG oslo_service.service [req-6f7d64f9-aab6-4707-84fe-88d5e9133e66 - - - - -] barbican_service_user.split_loggers = False log_opt_values /usr/lib/python3/dist-packages/oslo_config/cfg.py:2609
2025-01-13 00:44:37.539 130811 DEBUG oslo_service.service [req-6f7d64f9-aab6-4707-84fe-88d5e9133e66 - - - - -] barbican_service_user.timeout = None log_opt_values /usr/lib/python3/dist-packages/oslo_config/cfg.py:2609
2025-01-13 00:44:37.539 130811 DEBUG oslo_service.service [req-6f7d64f9-aab6-4707-84fe-88d5e9133e66 - - - - -] vault.approle_role_id = None log_opt_values /usr/lib/python3/dist-packages/oslo_config/cfg.py:2609
2025-01-13 00:44:37.539 130811 DEBUG oslo_service.service [req-6f7d64f9-aab6-4707-84fe-88d5e9133e66 - - - - -] vault.approle_secret_id = None log_opt_values /usr/lib/python3/dist-packages/oslo_config/cfg.py:2609
2025-01-13 00:44:37.540 130811 DEBUG oslo_service.service [req-6f7d64f9-aab6-4707-84fe-88d5e9133e66 - - - - -] vault.cafile = None log_opt_values /usr/lib/python3/dist-packages/oslo_config/cfg.py:2609
2025-01-13 00:44:37.540 130811 DEBUG oslo_service.service [req-6f7d64f9-aab6-4707-84fe-88d5e9133e66 - - - - -] vault.certfile = None log_opt_values /usr/lib/python3/dist-packages/oslo_config/cfg.py:2609
2025-01-13 00:44:37.540 130811 DEBUG oslo_service.service [req-6f7d64f9-aab6-4707-84fe-88d5e9133e66 - - - - -] vault.collect_timing = False log_opt_values /usr/lib/python3/dist-packages/oslo_config/cfg.py:2609
2025-01-13 00:44:37.540 130811 DEBUG oslo_service.service [req-6f7d64f9-aab6-4707-84fe-88d5e9133e66 - - - - -] vault.insecure = False log_opt_values /usr/lib/python3/dist-packages/oslo_config/cfg.py:2609
2025-01-13 00:44:37.541 130811 DEBUG oslo_service.service [req-6f7d64f9-aab6-4707-84fe-88d5e9133e66 - - - - -] vault.keyfile = None log_opt_values /usr/lib/python3/dist-packages/oslo_config/cfg.py:2609
2025-01-13 00:44:37.541 130811 DEBUG oslo_service.service [req-6f7d64f9-aab6-4707-84fe-88d5e9133e66 - - - - -] vault.kv_mountpoint = secret log_opt_values /usr/lib/python3/dist-packages/oslo_config/cfg.py:2609
2025-01-13 00:44:37.541 130811 DEBUG oslo_service.service [req-6f7d64f9-aab6-4707-84fe-88d5e9133e66 - - - - -] vault.kv_version = 2 log_opt_values /usr/lib/python3/dist-packages/oslo_config/cfg.py:2609
2025-01-13 00:44:37.542 130811 DEBUG oslo_service.service [req-6f7d64f9-aab6-4707-84fe-88d5e9133e66 - - - - -] vault.namespace = None log_opt_values /usr/lib/python3/dist-packages/oslo_config/cfg.py:2609
2025-01-13 00:44:37.542 130811 DEBUG oslo_service.service [req-6f7d64f9-aab6-4707-84fe-88d5e9133e66 - - - - -] vault.root_token_id = None log_opt_values /usr/lib/python3/dist-packages/oslo_config/cfg.py:2609
2025-01-13 00:44:37.543 130811 DEBUG oslo_service.service [req-6f7d64f9-aab6-4707-84fe-88d5e9133e66 - - - - -] vault.split_loggers = False log_opt_values /usr/lib/python3/dist-packages/oslo_config/cfg.py:2609
2025-01-13 00:44:37.543 130811 DEBUG oslo_service.service [req-6f7d64f9-aab6-4707-84fe-88d5e9133e66 - - - - -] vault.ssl_ca_crt_file = None log_opt_values /usr/lib/python3/dist-packages/oslo_config/cfg.py:2609
2025-01-13 00:44:37.544 130811 DEBUG oslo_service.service [req-6f7d64f9-aab6-4707-84fe-88d5e9133e66 - - - - -] vault.timeout = None log_opt_values /usr/lib/python3/dist-packages/oslo_config/cfg.py:2609
2025-01-13 00:44:37.544 130811 DEBUG oslo_service.service [req-6f7d64f9-aab6-4707-84fe-88d5e9133e66 - - - - -] vault.use_ssl = False log_opt_values /usr/lib/python3/dist-packages/oslo_config/cfg.py:2609
2025-01-13 00:44:37.544 130811 DEBUG oslo_service.service [req-6f7d64f9-aab6-4707-84fe-88d5e9133e66 - - - - -] vault.vault_url = http://127.0.0.1:8200 log_opt_values /usr/lib/python3/dist-packages/oslo_config/cfg.py:2609
2025-01-13 00:44:37.545 130811 DEBUG oslo_service.service [req-6f7d64f9-aab6-4707-84fe-88d5e9133e66 - - - - -] keystone.cafile = None log_opt_values /usr/lib/python3/dist-packages/oslo_config/cfg.py:2609
2025-01-13 00:44:37.545 130811 DEBUG oslo_service.service [req-6f7d64f9-aab6-4707-84fe-88d5e9133e66 - - - - -] keystone.certfile = None log_opt_values /usr/lib/python3/dist-packages/oslo_config/cfg.py:2609
2025-01-13 00:44:37.545 131232 DEBUG oslo_messaging._drivers.amqpdriver [req-35970685-e75c-43c1-8220-81896b906b74 - - - - -] sending reply msg_id: 4a14708ca77c421cb4a5237df7ddd858 reply queue: reply_b6b74f6146af455fa38c38a4eb37d4ce time elapsed: 0.052727581999988615s _send_reply /usr/lib/python3/dist-packages/oslo_messaging/_drivers/amqpdriver.py:118
2025-01-13 00:44:37.545 130811 DEBUG oslo_service.service [req-6f7d64f9-aab6-4707-84fe-88d5e9133e66 - - - - -] keystone.collect_timing = False log_opt_values /usr/lib/python3/dist-packages/oslo_config/cfg.py:2609
2025-01-13 00:44:37.545 130811 DEBUG oslo_service.service [req-6f7d64f9-aab6-4707-84fe-88d5e9133e66 - - - - -] keystone.connect_retries = None log_opt_values /usr/lib/python3/dist-packages/oslo_config/cfg.py:2609
2025-01-13 00:44:37.546 130811 DEBUG oslo_service.service [req-6f7d64f9-aab6-4707-84fe-88d5e9133e66 - - - - -] keystone.connect_retry_delay = None log_opt_values /usr/lib/python3/dist-packages/oslo_config/cfg.py:2609
2025-01-13 00:44:37.546 130811 DEBUG oslo_service.service [req-6f7d64f9-aab6-4707-84fe-88d5e9133e66 - - - - -] keystone.endpoint_override = None log_opt_values /usr/lib/python3/dist-packages/oslo_config/cfg.py:2609
2025-01-13 00:44:37.546 130811 DEBUG oslo_service.service [req-6f7d64f9-aab6-4707-84fe-88d5e9133e66 - - - - -] keystone.insecure = False log_opt_values /usr/lib/python3/dist-packages/oslo_config/cfg.py:2609
2025-01-13 00:44:37.547 130811 DEBUG oslo_service.service [req-6f7d64f9-aab6-4707-84fe-88d5e9133e66 - - - - -] keystone.keyfile = None log_opt_values /usr/lib/python3/dist-packages/oslo_config/cfg.py:2609
2025-01-13 00:44:37.547 130811 DEBUG oslo_service.service [req-6f7d64f9-aab6-4707-84fe-88d5e9133e66 - - - - -] keystone.max_version = None log_opt_values /usr/lib/python3/dist-packages/oslo_config/cfg.py:2609
2025-01-13 00:44:37.547 130811 DEBUG oslo_service.service [req-6f7d64f9-aab6-4707-84fe-88d5e9133e66 - - - - -] keystone.min_version = None log_opt_values /usr/lib/python3/dist-packages/oslo_config/cfg.py:2609
