2025-01-13 02:17:49.225 7 DEBUG oslo_service.service [-] database.backend = sqlalchemy log_opt_values /var/lib/kolla/venv/lib/python3.6/site-packages/oslo_config/cfg.py:2611
2025-01-13 02:17:49.225 7 DEBUG oslo_service.service [-] database.connection = **** log_opt_values /var/lib/kolla/venv/lib/python3.6/site-packages/oslo_config/cfg.py:2611
2025-01-13 02:17:49.225 7 DEBUG oslo_service.service [-] database.connection_debug = 0 log_opt_values /var/lib/kolla/venv/lib/python3.6/site-packages/oslo_config/cfg.py:2611
2025-01-13 02:17:49.225 7 DEBUG oslo_service.service [-] database.connection_parameters = log_opt_values /var/lib/kolla/venv/lib/python3.6/site-packages/oslo_config/cfg.py:2611
2025-01-13 02:17:49.225 7 DEBUG oslo_service.service [-] database.connection_recycle_time = 10 log_opt_values /var/lib/kolla/venv/lib/python3.6/site-packages/oslo_config/cfg.py:2611
2025-01-13 02:17:49.225 7 DEBUG oslo_service.service [-] database.connection_trace = False log_opt_values /var/lib/kolla/venv/lib/python3.6/site-packages/oslo_config/cfg.py:2611
2025-01-13 02:17:49.225 7 DEBUG oslo_service.service [-] database.db_inc_retry_interval = True log_opt_values /var/lib/kolla/venv/lib/python3.6/site-packages/oslo_config/cfg.py:2611
2025-01-13 02:17:49.225 7 DEBUG oslo_service.service [-] database.db_max_retries = 20 log_opt_values /var/lib/kolla/venv/lib/python3.6/site-packages/oslo_config/cfg.py:2611
2025-01-13 02:17:49.225 7 DEBUG oslo_service.service [-] database.db_max_retry_interval = 10 log_opt_values /var/lib/kolla/venv/lib/python3.6/site-packages/oslo_config/cfg.py:2611
2025-01-13 02:17:49.225 7 DEBUG oslo_service.service [-] database.db_retry_interval = 1 log_opt_values /var/lib/kolla/venv/lib/python3.6/site-packages/oslo_config/cfg.py:2611
2025-01-13 02:17:49.225 7 DEBUG oslo_service.service [-] database.max_overflow = 50 log_opt_values /var/lib/kolla/venv/lib/python3.6/site-packages/oslo_config/cfg.py:2611
2025-01-13 02:17:49.225 7 DEBUG oslo_service.service [-] database.max_pool_size = 1 log_opt_values /var/lib/kolla/venv/lib/python3.6/site-packages/oslo_config/cfg.py:2611
2025-01-13 02:17:49.225 7 DEBUG oslo_service.service [-] database.max_retries = -1 log_opt_values /var/lib/kolla/venv/lib/python3.6/site-packages/oslo_config/cfg.py:2611
2025-01-13 02:17:49.225 7 DEBUG oslo_service.service [-] database.mysql_enable_ndb = False log_opt_values /var/lib/kolla/venv/lib/python3.6/site-packages/oslo_config/cfg.py:2611
2025-01-13 02:17:49.225 7 DEBUG oslo_service.service [-] database.mysql_sql_mode = TRADITIONAL log_opt_values /var/lib/kolla/venv/lib/python3.6/site-packages/oslo_config/cfg.py:2611
2025-01-13 02:17:49.226 7 DEBUG oslo_service.service [-] database.pool_timeout = None log_opt_values /var/lib/kolla/venv/lib/python3.6/site-packages/oslo_config/cfg.py:2611
2025-01-13 02:17:49.226 7 DEBUG oslo_service.service [-] database.retry_interval = 10 log_opt_values /var/lib/kolla/venv/lib/python3.6/site-packages/oslo_config/cfg.py:2611
2025-01-13 02:17:49.226 7 DEBUG oslo_service.service [-] database.slave_connection = **** log_opt_values /var/lib/kolla/venv/lib/python3.6/site-packages/oslo_config/cfg.py:2611
2025-01-13 02:17:49.226 7 DEBUG oslo_service.service [-] database.sqlite_synchronous = True log_opt_values /var/lib/kolla/venv/lib/python3.6/site-packages/oslo_config/cfg.py:2611
2025-01-13 02:17:49.226 7 DEBUG oslo_service.service [-] database.use_db_reconnect = False log_opt_values /var/lib/kolla/venv/lib/python3.6/site-packages/oslo_config/cfg.py:2611
2025-01-13 02:17:49.226 7 DEBUG oslo_service.service [-] ******************************************************************************** log_opt_values /var/lib/kolla/venv/lib/python3.6/site-packages/oslo_config/cfg.py:2613
2025-01-13 02:17:49.230 24 DEBUG neutron.services.l3_router.l3_router_plugin [-] neutron.services.l3_router.l3_router_plugin.L3RouterPlugin method start_rpc_listeners called with arguments () {} wrapper /var/lib/kolla/venv/lib/python3.6/site-packages/oslo_log/helpers.py:66
2025-01-13 02:17:49.231 23 DEBUG neutron.services.l3_router.l3_router_plugin [-] neutron.services.l3_router.l3_router_plugin.L3RouterPlugin method start_rpc_listeners called with arguments () {} wrapper /var/lib/kolla/venv/lib/python3.6/site-packages/oslo_log/helpers.py:66
2025-01-13 02:17:49.235 25 DEBUG neutron.services.l3_router.l3_router_plugin [-] neutron.services.l3_router.l3_router_plugin.L3RouterPlugin method start_rpc_listeners called with arguments () {} wrapper /var/lib/kolla/venv/lib/python3.6/site-packages/oslo_log/helpers.py:66
2025-01-13 02:17:50.368 22 DEBUG neutron.wsgi [-] (22) accepted ('10.0.0.40', 52532) server /var/lib/kolla/venv/lib/python3.6/site-packages/eventlet/wsgi.py:1004
2025-01-13 02:17:50.375 22 INFO neutron.wsgi [-] 10.0.0.40 "GET / HTTP/1.1" status: 200 len: 227 time: 0.0059118
2025-01-13 02:17:55.395 23 DEBUG neutron.api.rpc.handlers.dhcp_rpc [req-79ebe6aa-01ad-4b81-8e77-ab55be5b20f2 - - - - -] get_active_networks_info from cn-jenkins-deploy-platform-ansible-os-2607-1 get_active_networks_info /var/lib/kolla/venv/lib/python3.6/site-packages/neutron/api/rpc/handlers/dhcp_rpc.py:159
2025-01-13 02:17:55.421 28 DEBUG neutron_lib.callbacks.manager [req-4fadb7a4-06cb-4b73-b762-f3958023f203 - - - - -] Publish callbacks ['neutron.services.segments.db._update_segment_host_mapping_for_agent-8786393062003', 'neutron.services.l3_router.l3_router_plugin.DVRResourceOperationHandler.create_fip_agent_gw_ports-1783043'] for agent (00c5b462-b677-402b-82fd-b3eda7efb252), after_create _notify_loop /var/lib/kolla/venv/lib/python3.6/site-packages/neutron_lib/callbacks/manager.py:177
2025-01-13 02:17:55.444 23 DEBUG neutron.scheduler.dhcp_agent_scheduler [req-79ebe6aa-01ad-4b81-8e77-ab55be5b20f2 - - - - -] No non-hosted networks auto_schedule_networks /var/lib/kolla/venv/lib/python3.6/site-packages/neutron/scheduler/dhcp_agent_scheduler.py:60
2025-01-13 02:18:11.424 27 DEBUG neutron_lib.callbacks.manager [req-e3dc061b-1fe9-4dcd-bf7e-b82df4ebd0ca - - - - -] Publish callbacks ['neutron.services.segments.db._update_segment_host_mapping_for_agent-8786393062003', 'neutron.services.l3_router.l3_router_plugin.DVRResourceOperationHandler.create_fip_agent_gw_ports-1783043'] for agent (497810a7-b091-4391-af26-0bf8fac82f3c), after_create _notify_loop /var/lib/kolla/venv/lib/python3.6/site-packages/neutron_lib/callbacks/manager.py:177
2025-01-13 02:18:20.433 22 DEBUG neutron.wsgi [-] (22) accepted ('10.0.0.40', 39622) server /var/lib/kolla/venv/lib/python3.6/site-packages/eventlet/wsgi.py:1004
2025-01-13 02:18:20.439 22 INFO neutron.wsgi [-] 10.0.0.40 "GET / HTTP/1.1" status: 200 len: 227 time: 0.0047214
2025-01-13 02:18:25.404 26 DEBUG neutron_lib.callbacks.manager [req-d739b627-e4b2-427b-854e-b907a2658fe2 - - - - -] Publish callbacks ['neutron.services.segments.db._update_segment_host_mapping_for_agent-8786393062003', 'neutron.plugins.ml2.plugin.Ml2Plugin._retry_binding_revived_agents--9223372036851342192'] for agent (00c5b462-b677-402b-82fd-b3eda7efb252), after_update _notify_loop /var/lib/kolla/venv/lib/python3.6/site-packages/neutron_lib/callbacks/manager.py:177
2025-01-13 02:18:41.185 29 DEBUG neutron.db.agents_db [req-6641a185-1210-4daf-b478-c9ead116eeb1 - - - - -] Agent healthcheck: found 2 active agents agent_health_check /var/lib/kolla/venv/lib/python3.6/site-packages/neutron/db/agents_db.py:318
2025-01-13 02:18:41.418 24 DEBUG neutron_lib.callbacks.manager [req-e3dc061b-1fe9-4dcd-bf7e-b82df4ebd0ca - - - - -] Publish callbacks ['neutron.services.segments.db._update_segment_host_mapping_for_agent-8786393062003', 'neutron.plugins.ml2.plugin.Ml2Plugin._retry_binding_revived_agents--9223372036851342192'] for agent (497810a7-b091-4391-af26-0bf8fac82f3c), after_update _notify_loop /var/lib/kolla/venv/lib/python3.6/site-packages/neutron_lib/callbacks/manager.py:177
2025-01-13 02:18:50.490 22 DEBUG neutron.wsgi [-] (22) accepted ('10.0.0.40', 41384) server /var/lib/kolla/venv/lib/python3.6/site-packages/eventlet/wsgi.py:1004
2025-01-13 02:18:50.495 22 INFO neutron.wsgi [-] 10.0.0.40 "GET / HTTP/1.1" status: 200 len: 227 time: 0.0036471
2025-01-13 02:18:55.396 23 DEBUG neutron_lib.callbacks.manager [req-5c0e6188-83eb-4df9-a136-92cbbd414203 - - - - -] Publish callbacks ['neutron.services.segments.db._update_segment_host_mapping_for_agent-8786393062003', 'neutron.plugins.ml2.plugin.Ml2Plugin._retry_binding_revived_agents--9223372036851342192'] for agent (00c5b462-b677-402b-82fd-b3eda7efb252), after_update _notify_loop /var/lib/kolla/venv/lib/python3.6/site-packages/neutron_lib/callbacks/manager.py:177
2025-01-13 02:19:11.405 25 DEBUG neutron_lib.callbacks.manager [req-e3dc061b-1fe9-4dcd-bf7e-b82df4ebd0ca - - - - -] Publish callbacks ['neutron.services.segments.db._update_segment_host_mapping_for_agent-8786393062003', 'neutron.plugins.ml2.plugin.Ml2Plugin._retry_binding_revived_agents--9223372036851342192'] for agent (497810a7-b091-4391-af26-0bf8fac82f3c), after_update _notify_loop /var/lib/kolla/venv/lib/python3.6/site-packages/neutron_lib/callbacks/manager.py:177
2025-01-13 02:19:18.184 29 DEBUG neutron.db.agents_db [req-6641a185-1210-4daf-b478-c9ead116eeb1 - - - - -] Agent healthcheck: found 2 active agents agent_health_check /var/lib/kolla/venv/lib/python3.6/site-packages/neutron/db/agents_db.py:318
2025-01-13 02:19:20.546 22 DEBUG neutron.wsgi [-] (22) accepted ('10.0.0.40', 54392) server /var/lib/kolla/venv/lib/python3.6/site-packages/eventlet/wsgi.py:1004
2025-01-13 02:19:20.550 22 INFO neutron.wsgi [-] 10.0.0.40 "GET / HTTP/1.1" status: 200 len: 227 time: 0.0032270
2025-01-13 02:19:25.387 28 DEBUG neutron_lib.callbacks.manager [req-b6fe6c9d-76c6-474d-bc6d-1ca912ba6c66 - - - - -] Publish callbacks ['neutron.services.segments.db._update_segment_host_mapping_for_agent-8786393062003', 'neutron.plugins.ml2.plugin.Ml2Plugin._retry_binding_revived_agents--9223372036851342192'] for agent (00c5b462-b677-402b-82fd-b3eda7efb252), after_update _notify_loop /var/lib/kolla/venv/lib/python3.6/site-packages/neutron_lib/callbacks/manager.py:177
2025-01-13 02:19:41.388 27 DEBUG neutron_lib.callbacks.manager [req-e3dc061b-1fe9-4dcd-bf7e-b82df4ebd0ca - - - - -] Publish callbacks ['neutron.services.segments.db._update_segment_host_mapping_for_agent-8786393062003', 'neutron.plugins.ml2.plugin.Ml2Plugin._retry_binding_revived_agents--9223372036851342192'] for agent (497810a7-b091-4391-af26-0bf8fac82f3c), after_update _notify_loop /var/lib/kolla/venv/lib/python3.6/site-packages/neutron_lib/callbacks/manager.py:177
2025-01-13 02:19:50.599 22 DEBUG neutron.wsgi [-] (22) accepted ('10.0.0.40', 40754) server /var/lib/kolla/venv/lib/python3.6/site-packages/eventlet/wsgi.py:1004
2025-01-13 02:19:50.603 22 INFO neutron.wsgi [-] 10.0.0.40 "GET / HTTP/1.1" status: 200 len: 227 time: 0.0029562
2025-01-13 02:19:55.180 29 DEBUG neutron.db.agents_db [req-6641a185-1210-4daf-b478-c9ead116eeb1 - - - - -] Agent healthcheck: found 2 active agents agent_health_check /var/lib/kolla/venv/lib/python3.6/site-packages/neutron/db/agents_db.py:318
2025-01-13 02:19:55.384 26 DEBUG neutron_lib.callbacks.manager [req-b816d7a5-127a-4e80-a686-523799732fec - - - - -] Publish callbacks ['neutron.services.segments.db._update_segment_host_mapping_for_agent-8786393062003', 'neutron.plugins.ml2.plugin.Ml2Plugin._retry_binding_revived_agents--9223372036851342192'] for agent (00c5b462-b677-402b-82fd-b3eda7efb252), after_update _notify_loop /var/lib/kolla/venv/lib/python3.6/site-packages/neutron_lib/callbacks/manager.py:177
2025-01-13 02:20:11.391 24 DEBUG neutron_lib.callbacks.manager [req-e3dc061b-1fe9-4dcd-bf7e-b82df4ebd0ca - - - - -] Publish callbacks ['neutron.services.segments.db._update_segment_host_mapping_for_agent-8786393062003', 'neutron.plugins.ml2.plugin.Ml2Plugin._retry_binding_revived_agents--9223372036851342192'] for agent (497810a7-b091-4391-af26-0bf8fac82f3c), after_update _notify_loop /var/lib/kolla/venv/lib/python3.6/site-packages/neutron_lib/callbacks/manager.py:177
2025-01-13 02:20:20.653 22 DEBUG neutron.wsgi [-] (22) accepted ('10.0.0.40', 35102) server /var/lib/kolla/venv/lib/python3.6/site-packages/eventlet/wsgi.py:1004
2025-01-13 02:20:20.657 22 INFO neutron.wsgi [-] 10.0.0.40 "GET / HTTP/1.1" status: 200 len: 227 time: 0.0033975
2025-01-13 02:20:25.383 23 DEBUG neutron_lib.callbacks.manager [req-6dd7f27f-a073-4a2a-98f3-f6fd0287dded - - - - -] Publish callbacks ['neutron.services.segments.db._update_segment_host_mapping_for_agent-8786393062003', 'neutron.plugins.ml2.plugin.Ml2Plugin._retry_binding_revived_agents--9223372036851342192'] for agent (00c5b462-b677-402b-82fd-b3eda7efb252), after_update _notify_loop /var/lib/kolla/venv/lib/python3.6/site-packages/neutron_lib/callbacks/manager.py:177
2025-01-13 02:20:32.187 29 DEBUG neutron.db.agents_db [req-6641a185-1210-4daf-b478-c9ead116eeb1 - - - - -] Agent healthcheck: found 2 active agents agent_health_check /var/lib/kolla/venv/lib/python3.6/site-packages/neutron/db/agents_db.py:318
2025-01-13 02:20:41.392 25 DEBUG neutron_lib.callbacks.manager [req-e3dc061b-1fe9-4dcd-bf7e-b82df4ebd0ca - - - - -] Publish callbacks ['neutron.services.segments.db._update_segment_host_mapping_for_agent-8786393062003', 'neutron.plugins.ml2.plugin.Ml2Plugin._retry_binding_revived_agents--9223372036851342192'] for agent (497810a7-b091-4391-af26-0bf8fac82f3c), after_update _notify_loop /var/lib/kolla/venv/lib/python3.6/site-packages/neutron_lib/callbacks/manager.py:177
2025-01-13 02:20:50.706 22 DEBUG neutron.wsgi [-] (22) accepted ('10.0.0.40', 45912) server /var/lib/kolla/venv/lib/python3.6/site-packages/eventlet/wsgi.py:1004
2025-01-13 02:20:50.710 22 INFO neutron.wsgi [-] 10.0.0.40 "GET / HTTP/1.1" status: 200 len: 227 time: 0.0035465
2025-01-13 02:20:55.381 28 DEBUG neutron_lib.callbacks.manager [req-84e4ede5-af23-4fd3-9862-f6072d3ce298 - - - - -] Publish callbacks ['neutron.services.segments.db._update_segment_host_mapping_for_agent-8786393062003', 'neutron.plugins.ml2.plugin.Ml2Plugin._retry_binding_revived_agents--9223372036851342192'] for agent (00c5b462-b677-402b-82fd-b3eda7efb252), after_update _notify_loop /var/lib/kolla/venv/lib/python3.6/site-packages/neutron_lib/callbacks/manager.py:177
2025-01-13 02:21:09.185 29 DEBUG neutron.db.agents_db [req-6641a185-1210-4daf-b478-c9ead116eeb1 - - - - -] Agent healthcheck: found 2 active agents agent_health_check /var/lib/kolla/venv/lib/python3.6/site-packages/neutron/db/agents_db.py:318
2025-01-13 02:21:11.399 27 DEBUG neutron_lib.callbacks.manager [req-e3dc061b-1fe9-4dcd-bf7e-b82df4ebd0ca - - - - -] Publish callbacks ['neutron.services.segments.db._update_segment_host_mapping_for_agent-8786393062003', 'neutron.plugins.ml2.plugin.Ml2Plugin._retry_binding_revived_agents--9223372036851342192'] for agent (497810a7-b091-4391-af26-0bf8fac82f3c), after_update _notify_loop /var/lib/kolla/venv/lib/python3.6/site-packages/neutron_lib/callbacks/manager.py:177
2025-01-13 02:21:20.759 22 DEBUG neutron.wsgi [-] (22) accepted ('10.0.0.40', 44858) server /var/lib/kolla/venv/lib/python3.6/site-packages/eventlet/wsgi.py:1004
2025-01-13 02:21:20.763 22 INFO neutron.wsgi [-] 10.0.0.40 "GET / HTTP/1.1" status: 200 len: 227 time: 0.0030208
2025-01-13 02:21:25.381 26 DEBUG neutron_lib.callbacks.manager [req-caba433e-b5ec-4d5f-bfc7-329c634a37fd - - - - -] Publish callbacks ['neutron.services.segments.db._update_segment_host_mapping_for_agent-8786393062003', 'neutron.plugins.ml2.plugin.Ml2Plugin._retry_binding_revived_agents--9223372036851342192'] for agent (00c5b462-b677-402b-82fd-b3eda7efb252), after_update _notify_loop /var/lib/kolla/venv/lib/python3.6/site-packages/neutron_lib/callbacks/manager.py:177
2025-01-13 02:21:41.397 24 DEBUG neutron_lib.callbacks.manager [req-e3dc061b-1fe9-4dcd-bf7e-b82df4ebd0ca - - - - -] Publish callbacks ['neutron.services.segments.db._update_segment_host_mapping_for_agent-8786393062003', 'neutron.plugins.ml2.plugin.Ml2Plugin._retry_binding_revived_agents--9223372036851342192'] for agent (497810a7-b091-4391-af26-0bf8fac82f3c), after_update _notify_loop /var/lib/kolla/venv/lib/python3.6/site-packages/neutron_lib/callbacks/manager.py:177
2025-01-13 02:21:46.182 29 DEBUG neutron.db.agents_db [req-6641a185-1210-4daf-b478-c9ead116eeb1 - - - - -] Agent healthcheck: found 2 active agents agent_health_check /var/lib/kolla/venv/lib/python3.6/site-packages/neutron/db/agents_db.py:318
2025-01-13 02:21:50.810 22 DEBUG neutron.wsgi [-] (22) accepted ('10.0.0.40', 46452) server /var/lib/kolla/venv/lib/python3.6/site-packages/eventlet/wsgi.py:1004
2025-01-13 02:21:50.814 22 INFO neutron.wsgi [-] 10.0.0.40 "GET / HTTP/1.1" status: 200 len: 227 time: 0.0028689
2025-01-13 02:21:55.377 23 DEBUG neutron_lib.callbacks.manager [req-02cdae87-bc03-4272-a3b8-a7935f634a52 - - - - -] Publish callbacks ['neutron.services.segments.db._update_segment_host_mapping_for_agent-8786393062003', 'neutron.plugins.ml2.plugin.Ml2Plugin._retry_binding_revived_agents--9223372036851342192'] for agent (00c5b462-b677-402b-82fd-b3eda7efb252), after_update _notify_loop /var/lib/kolla/venv/lib/python3.6/site-packages/neutron_lib/callbacks/manager.py:177
2025-01-13 02:22:11.400 25 DEBUG neutron_lib.callbacks.manager [req-e3dc061b-1fe9-4dcd-bf7e-b82df4ebd0ca - - - - -] Publish callbacks ['neutron.services.segments.db._update_segment_host_mapping_for_agent-8786393062003', 'neutron.plugins.ml2.plugin.Ml2Plugin._retry_binding_revived_agents--9223372036851342192'] for agent (497810a7-b091-4391-af26-0bf8fac82f3c), after_update _notify_loop /var/lib/kolla/venv/lib/python3.6/site-packages/neutron_lib/callbacks/manager.py:177
2025-01-13 02:22:20.871 22 DEBUG neutron.wsgi [-] (22) accepted ('10.0.0.40', 52132) server /var/lib/kolla/venv/lib/python3.6/site-packages/eventlet/wsgi.py:1004
2025-01-13 02:22:20.877 22 INFO neutron.wsgi [-] 10.0.0.40 "GET / HTTP/1.1" status: 200 len: 227 time: 0.0050237
2025-01-13 02:22:23.191 29 DEBUG neutron.db.agents_db [req-6641a185-1210-4daf-b478-c9ead116eeb1 - - - - -] Agent healthcheck: found 2 active agents agent_health_check /var/lib/kolla/venv/lib/python3.6/site-packages/neutron/db/agents_db.py:318
2025-01-13 02:22:25.375 28 DEBUG neutron_lib.callbacks.manager [req-dc6ee1a8-2c11-4306-81d0-5f5b07c16d1d - - - - -] Publish callbacks ['neutron.services.segments.db._update_segment_host_mapping_for_agent-8786393062003', 'neutron.plugins.ml2.plugin.Ml2Plugin._retry_binding_revived_agents--9223372036851342192'] for agent (00c5b462-b677-402b-82fd-b3eda7efb252), after_update _notify_loop /var/lib/kolla/venv/lib/python3.6/site-packages/neutron_lib/callbacks/manager.py:177
2025-01-13 02:22:41.407 27 DEBUG neutron_lib.callbacks.manager [req-e3dc061b-1fe9-4dcd-bf7e-b82df4ebd0ca - - - - -] Publish callbacks ['neutron.services.segments.db._update_segment_host_mapping_for_agent-8786393062003', 'neutron.plugins.ml2.plugin.Ml2Plugin._retry_binding_revived_agents--9223372036851342192'] for agent (497810a7-b091-4391-af26-0bf8fac82f3c), after_update _notify_loop /var/lib/kolla/venv/lib/python3.6/site-packages/neutron_lib/callbacks/manager.py:177
2025-01-13 02:22:50.938 22 DEBUG neutron.wsgi [-] (22) accepted ('10.0.0.40', 42364) server /var/lib/kolla/venv/lib/python3.6/site-packages/eventlet/wsgi.py:1004
2025-01-13 02:22:50.942 22 INFO neutron.wsgi [-] 10.0.0.40 "GET / HTTP/1.1" status: 200 len: 227 time: 0.0031695
2025-01-13 02:22:55.372 26 DEBUG neutron_lib.callbacks.manager [req-408b7de9-1ef9-42a9-9b64-37ceb35e2dfc - - - - -] Publish callbacks ['neutron.services.segments.db._update_segment_host_mapping_for_agent-8786393062003', 'neutron.plugins.ml2.plugin.Ml2Plugin._retry_binding_revived_agents--9223372036851342192'] for agent (00c5b462-b677-402b-82fd-b3eda7efb252), after_update _notify_loop /var/lib/kolla/venv/lib/python3.6/site-packages/neutron_lib/callbacks/manager.py:177
2025-01-13 02:23:00.197 29 DEBUG neutron.db.agents_db [req-6641a185-1210-4daf-b478-c9ead116eeb1 - - - - -] Agent healthcheck: found 2 active agents agent_health_check /var/lib/kolla/venv/lib/python3.6/site-packages/neutron/db/agents_db.py:318
2025-01-13 02:23:11.408 24 DEBUG neutron_lib.callbacks.manager [req-e3dc061b-1fe9-4dcd-bf7e-b82df4ebd0ca - - - - -] Publish callbacks ['neutron.services.segments.db._update_segment_host_mapping_for_agent-8786393062003', 'neutron.plugins.ml2.plugin.Ml2Plugin._retry_binding_revived_agents--9223372036851342192'] for agent (497810a7-b091-4391-af26-0bf8fac82f3c), after_update _notify_loop /var/lib/kolla/venv/lib/python3.6/site-packages/neutron_lib/callbacks/manager.py:177
2025-01-13 02:23:20.992 22 DEBUG neutron.wsgi [-] (22) accepted ('10.0.0.40', 49432) server /var/lib/kolla/venv/lib/python3.6/site-packages/eventlet/wsgi.py:1004
2025-01-13 02:23:20.996 22 INFO neutron.wsgi [-] 10.0.0.40 "GET / HTTP/1.1" status: 200 len: 227 time: 0.0030296
2025-01-13 02:23:25.370 23 DEBUG neutron_lib.callbacks.manager [req-25bfe074-4fa2-41f6-8ff2-dc21124f2fcb - - - - -] Publish callbacks ['neutron.services.segments.db._update_segment_host_mapping_for_agent-8786393062003', 'neutron.plugins.ml2.plugin.Ml2Plugin._retry_binding_revived_agents--9223372036851342192'] for agent (00c5b462-b677-402b-82fd-b3eda7efb252), after_update _notify_loop /var/lib/kolla/venv/lib/python3.6/site-packages/neutron_lib/callbacks/manager.py:177
2025-01-13 02:23:37.202 29 DEBUG neutron.db.agents_db [req-6641a185-1210-4daf-b478-c9ead116eeb1 - - - - -] Agent healthcheck: found 2 active agents agent_health_check /var/lib/kolla/venv/lib/python3.6/site-packages/neutron/db/agents_db.py:318
2025-01-13 02:23:41.409 25 DEBUG neutron_lib.callbacks.manager [req-e3dc061b-1fe9-4dcd-bf7e-b82df4ebd0ca - - - - -] Publish callbacks ['neutron.services.segments.db._update_segment_host_mapping_for_agent-8786393062003', 'neutron.plugins.ml2.plugin.Ml2Plugin._retry_binding_revived_agents--9223372036851342192'] for agent (497810a7-b091-4391-af26-0bf8fac82f3c), after_update _notify_loop /var/lib/kolla/venv/lib/python3.6/site-packages/neutron_lib/callbacks/manager.py:177
2025-01-13 02:23:51.047 22 DEBUG neutron.wsgi [-] (22) accepted ('10.0.0.40', 57654) server /var/lib/kolla/venv/lib/python3.6/site-packages/eventlet/wsgi.py:1004
2025-01-13 02:23:51.052 22 INFO neutron.wsgi [-] 10.0.0.40 "GET / HTTP/1.1" status: 200 len: 227 time: 0.0042803
2025-01-13 02:23:55.368 28 DEBUG neutron_lib.callbacks.manager [req-7db67709-2e5a-4862-b7ae-1abf3b1c9211 - - - - -] Publish callbacks ['neutron.services.segments.db._update_segment_host_mapping_for_agent-8786393062003', 'neutron.plugins.ml2.plugin.Ml2Plugin._retry_binding_revived_agents--9223372036851342192'] for agent (00c5b462-b677-402b-82fd-b3eda7efb252), after_update _notify_loop /var/lib/kolla/venv/lib/python3.6/site-packages/neutron_lib/callbacks/manager.py:177
2025-01-13 02:24:11.416 27 DEBUG neutron_lib.callbacks.manager [req-e3dc061b-1fe9-4dcd-bf7e-b82df4ebd0ca - - - - -] Publish callbacks ['neutron.services.segments.db._update_segment_host_mapping_for_agent-8786393062003', 'neutron.plugins.ml2.plugin.Ml2Plugin._retry_binding_revived_agents--9223372036851342192'] for agent (497810a7-b091-4391-af26-0bf8fac82f3c), after_update _notify_loop /var/lib/kolla/venv/lib/python3.6/site-packages/neutron_lib/callbacks/manager.py:177
2025-01-13 02:24:14.211 29 DEBUG neutron.db.agents_db [req-6641a185-1210-4daf-b478-c9ead116eeb1 - - - - -] Agent healthcheck: found 2 active agents agent_health_check /var/lib/kolla/venv/lib/python3.6/site-packages/neutron/db/agents_db.py:318
2025-01-13 02:24:21.100 22 DEBUG neutron.wsgi [-] (22) accepted ('10.0.0.40', 57390) server /var/lib/kolla/venv/lib/python3.6/site-packages/eventlet/wsgi.py:1004
2025-01-13 02:24:21.105 22 INFO neutron.wsgi [-] 10.0.0.40 "GET / HTTP/1.1" status: 200 len: 227 time: 0.0038459
2025-01-13 02:24:25.367 26 DEBUG neutron_lib.callbacks.manager [req-d10047f8-73c5-4602-b9c4-4b7db926fd19 - - - - -] Publish callbacks ['neutron.services.segments.db._update_segment_host_mapping_for_agent-8786393062003', 'neutron.plugins.ml2.plugin.Ml2Plugin._retry_binding_revived_agents--9223372036851342192'] for agent (00c5b462-b677-402b-82fd-b3eda7efb252), after_update _notify_loop /var/lib/kolla/venv/lib/python3.6/site-packages/neutron_lib/callbacks/manager.py:177
2025-01-13 02:24:41.413 24 DEBUG neutron_lib.callbacks.manager [req-e3dc061b-1fe9-4dcd-bf7e-b82df4ebd0ca - - - - -] Publish callbacks ['neutron.services.segments.db._update_segment_host_mapping_for_agent-8786393062003', 'neutron.plugins.ml2.plugin.Ml2Plugin._retry_binding_revived_agents--9223372036851342192'] for agent (497810a7-b091-4391-af26-0bf8fac82f3c), after_update _notify_loop /var/lib/kolla/venv/lib/python3.6/site-packages/neutron_lib/callbacks/manager.py:177
2025-01-13 02:24:51.151 22 DEBUG neutron.wsgi [-] (22) accepted ('10.0.0.40', 60972) server /var/lib/kolla/venv/lib/python3.6/site-packages/eventlet/wsgi.py:1004
2025-01-13 02:24:51.156 22 INFO neutron.wsgi [-] 10.0.0.40 "GET / HTTP/1.1" status: 200 len: 227 time: 0.0033226
2025-01-13 02:24:51.217 29 DEBUG neutron.db.agents_db [req-6641a185-1210-4daf-b478-c9ead116eeb1 - - - - -] Agent healthcheck: found 2 active agents agent_health_check /var/lib/kolla/venv/lib/python3.6/site-packages/neutron/db/agents_db.py:318
2025-01-13 02:24:55.367 23 DEBUG neutron_lib.callbacks.manager [req-9e078b43-919b-4f2c-bd83-179446191574 - - - - -] Publish callbacks ['neutron.services.segments.db._update_segment_host_mapping_for_agent-8786393062003', 'neutron.plugins.ml2.plugin.Ml2Plugin._retry_binding_revived_agents--9223372036851342192'] for agent (00c5b462-b677-402b-82fd-b3eda7efb252), after_update _notify_loop /var/lib/kolla/venv/lib/python3.6/site-packages/neutron_lib/callbacks/manager.py:177
2025-01-13 02:25:11.420 25 DEBUG neutron_lib.callbacks.manager [req-e3dc061b-1fe9-4dcd-bf7e-b82df4ebd0ca - - - - -] Publish callbacks ['neutron.services.segments.db._update_segment_host_mapping_for_agent-8786393062003', 'neutron.plugins.ml2.plugin.Ml2Plugin._retry_binding_revived_agents--9223372036851342192'] for agent (497810a7-b091-4391-af26-0bf8fac82f3c), after_update _notify_loop /var/lib/kolla/venv/lib/python3.6/site-packages/neutron_lib/callbacks/manager.py:177
2025-01-13 02:25:21.203 22 DEBUG neutron.wsgi [-] (22) accepted ('10.0.0.40', 37684) server /var/lib/kolla/venv/lib/python3.6/site-packages/eventlet/wsgi.py:1004
2025-01-13 02:25:21.208 22 INFO neutron.wsgi [-] 10.0.0.40 "GET / HTTP/1.1" status: 200 len: 227 time: 0.0037272
2025-01-13 02:25:25.365 28 DEBUG neutron_lib.callbacks.manager [req-dbfbadeb-c5b9-4c21-9e0e-a91f08beea9c - - - - -] Publish callbacks ['neutron.services.segments.db._update_segment_host_mapping_for_agent-8786393062003', 'neutron.plugins.ml2.plugin.Ml2Plugin._retry_binding_revived_agents--9223372036851342192'] for agent (00c5b462-b677-402b-82fd-b3eda7efb252), after_update _notify_loop /var/lib/kolla/venv/lib/python3.6/site-packages/neutron_lib/callbacks/manager.py:177
2025-01-13 02:25:28.224 29 DEBUG neutron.db.agents_db [req-6641a185-1210-4daf-b478-c9ead116eeb1 - - - - -] Agent healthcheck: found 2 active agents agent_health_check /var/lib/kolla/venv/lib/python3.6/site-packages/neutron/db/agents_db.py:318
2025-01-13 02:25:41.419 27 DEBUG neutron_lib.callbacks.manager [req-e3dc061b-1fe9-4dcd-bf7e-b82df4ebd0ca - - - - -] Publish callbacks ['neutron.services.segments.db._update_segment_host_mapping_for_agent-8786393062003', 'neutron.plugins.ml2.plugin.Ml2Plugin._retry_binding_revived_agents--9223372036851342192'] for agent (497810a7-b091-4391-af26-0bf8fac82f3c), after_update _notify_loop /var/lib/kolla/venv/lib/python3.6/site-packages/neutron_lib/callbacks/manager.py:177
2025-01-13 02:25:51.258 22 DEBUG neutron.wsgi [-] (22) accepted ('10.0.0.40', 39274) server /var/lib/kolla/venv/lib/python3.6/site-packages/eventlet/wsgi.py:1004
2025-01-13 02:25:51.262 22 INFO neutron.wsgi [-] 10.0.0.40 "GET / HTTP/1.1" status: 200 len: 227 time: 0.0029347
2025-01-13 02:25:55.361 26 DEBUG neutron_lib.callbacks.manager [req-1c3ba793-56ad-452c-a8f6-e6393d18a595 - - - - -] Publish callbacks ['neutron.services.segments.db._update_segment_host_mapping_for_agent-8786393062003', 'neutron.plugins.ml2.plugin.Ml2Plugin._retry_binding_revived_agents--9223372036851342192'] for agent (00c5b462-b677-402b-82fd-b3eda7efb252), after_update _notify_loop /var/lib/kolla/venv/lib/python3.6/site-packages/neutron_lib/callbacks/manager.py:177
2025-01-13 02:26:05.221 29 DEBUG neutron.db.agents_db [req-6641a185-1210-4daf-b478-c9ead116eeb1 - - - - -] Agent healthcheck: found 2 active agents agent_health_check /var/lib/kolla/venv/lib/python3.6/site-packages/neutron/db/agents_db.py:318
2025-01-13 02:26:11.424 24 DEBUG neutron_lib.callbacks.manager [req-e3dc061b-1fe9-4dcd-bf7e-b82df4ebd0ca - - - - -] Publish callbacks ['neutron.services.segments.db._update_segment_host_mapping_for_agent-8786393062003', 'neutron.plugins.ml2.plugin.Ml2Plugin._retry_binding_revived_agents--9223372036851342192'] for agent (497810a7-b091-4391-af26-0bf8fac82f3c), after_update _notify_loop /var/lib/kolla/venv/lib/python3.6/site-packages/neutron_lib/callbacks/manager.py:177
2025-01-13 02:26:21.310 22 DEBUG neutron.wsgi [-] (22) accepted ('10.0.0.40', 40618) server /var/lib/kolla/venv/lib/python3.6/site-packages/eventlet/wsgi.py:1004
2025-01-13 02:26:21.314 22 INFO neutron.wsgi [-] 10.0.0.40 "GET / HTTP/1.1" status: 200 len: 227 time: 0.0033002
2025-01-13 02:26:25.361 23 DEBUG neutron_lib.callbacks.manager [req-93846152-ad83-4c3a-a7c1-7ab526564ea8 - - - - -] Publish callbacks ['neutron.services.segments.db._update_segment_host_mapping_for_agent-8786393062003', 'neutron.plugins.ml2.plugin.Ml2Plugin._retry_binding_revived_agents--9223372036851342192'] for agent (00c5b462-b677-402b-82fd-b3eda7efb252), after_update _notify_loop /var/lib/kolla/venv/lib/python3.6/site-packages/neutron_lib/callbacks/manager.py:177
2025-01-13 02:26:41.427 25 DEBUG neutron_lib.callbacks.manager [req-e3dc061b-1fe9-4dcd-bf7e-b82df4ebd0ca - - - - -] Publish callbacks ['neutron.services.segments.db._update_segment_host_mapping_for_agent-8786393062003', 'neutron.plugins.ml2.plugin.Ml2Plugin._retry_binding_revived_agents--9223372036851342192'] for agent (497810a7-b091-4391-af26-0bf8fac82f3c), after_update _notify_loop /var/lib/kolla/venv/lib/python3.6/site-packages/neutron_lib/callbacks/manager.py:177
2025-01-13 02:26:42.219 29 DEBUG neutron.db.agents_db [req-6641a185-1210-4daf-b478-c9ead116eeb1 - - - - -] Agent healthcheck: found 2 active agents agent_health_check /var/lib/kolla/venv/lib/python3.6/site-packages/neutron/db/agents_db.py:318
2025-01-13 02:26:51.364 22 DEBUG neutron.wsgi [-] (22) accepted ('10.0.0.40', 58818) server /var/lib/kolla/venv/lib/python3.6/site-packages/eventlet/wsgi.py:1004
2025-01-13 02:26:51.368 22 INFO neutron.wsgi [-] 10.0.0.40 "GET / HTTP/1.1" status: 200 len: 227 time: 0.0031664
2025-01-13 02:26:55.357 28 DEBUG neutron_lib.callbacks.manager [req-6ed180ca-6f76-456f-8cb4-5abab092c011 - - - - -] Publish callbacks ['neutron.services.segments.db._update_segment_host_mapping_for_agent-8786393062003', 'neutron.plugins.ml2.plugin.Ml2Plugin._retry_binding_revived_agents--9223372036851342192'] for agent (00c5b462-b677-402b-82fd-b3eda7efb252), after_update _notify_loop /var/lib/kolla/venv/lib/python3.6/site-packages/neutron_lib/callbacks/manager.py:177
2025-01-13 02:27:11.428 27 DEBUG neutron_lib.callbacks.manager [req-e3dc061b-1fe9-4dcd-bf7e-b82df4ebd0ca - - - - -] Publish callbacks ['neutron.services.segments.db._update_segment_host_mapping_for_agent-8786393062003', 'neutron.plugins.ml2.plugin.Ml2Plugin._retry_binding_revived_agents--9223372036851342192'] for agent (497810a7-b091-4391-af26-0bf8fac82f3c), after_update _notify_loop /var/lib/kolla/venv/lib/python3.6/site-packages/neutron_lib/callbacks/manager.py:177
2025-01-13 02:27:19.225 29 DEBUG neutron.db.agents_db [req-6641a185-1210-4daf-b478-c9ead116eeb1 - - - - -] Agent healthcheck: found 2 active agents agent_health_check /var/lib/kolla/venv/lib/python3.6/site-packages/neutron/db/agents_db.py:318
2025-01-13 02:27:21.416 22 DEBUG neutron.wsgi [-] (22) accepted ('10.0.0.40', 58138) server /var/lib/kolla/venv/lib/python3.6/site-packages/eventlet/wsgi.py:1004
2025-01-13 02:27:21.421 22 INFO neutron.wsgi [-] 10.0.0.40 "GET / HTTP/1.1" status: 200 len: 227 time: 0.0034978
2025-01-13 02:27:25.360 26 DEBUG neutron_lib.callbacks.manager [req-84e1aaaa-7b05-4e56-bc9d-0f2675a2b4af - - - - -] Publish callbacks ['neutron.services.segments.db._update_segment_host_mapping_for_agent-8786393062003', 'neutron.plugins.ml2.plugin.Ml2Plugin._retry_binding_revived_agents--9223372036851342192'] for agent (00c5b462-b677-402b-82fd-b3eda7efb252), after_update _notify_loop /var/lib/kolla/venv/lib/python3.6/site-packages/neutron_lib/callbacks/manager.py:177
2025-01-13 02:27:41.433 24 DEBUG neutron_lib.callbacks.manager [req-e3dc061b-1fe9-4dcd-bf7e-b82df4ebd0ca - - - - -] Publish callbacks ['neutron.services.segments.db._update_segment_host_mapping_for_agent-8786393062003', 'neutron.plugins.ml2.plugin.Ml2Plugin._retry_binding_revived_agents--9223372036851342192'] for agent (497810a7-b091-4391-af26-0bf8fac82f3c), after_update _notify_loop /var/lib/kolla/venv/lib/python3.6/site-packages/neutron_lib/callbacks/manager.py:177
2025-01-13 02:27:51.471 22 DEBUG neutron.wsgi [-] (22) accepted ('10.0.0.40', 58836) server /var/lib/kolla/venv/lib/python3.6/site-packages/eventlet/wsgi.py:1004
2025-01-13 02:27:51.475 22 INFO neutron.wsgi [-] 10.0.0.40 "GET / HTTP/1.1" status: 200 len: 227 time: 0.0027044
2025-01-13 02:27:55.358 23 DEBUG neutron_lib.callbacks.manager [req-c5b589dd-d2a7-4bf7-abd1-7f85cbe76eda - - - - -] Publish callbacks ['neutron.services.segments.db._update_segment_host_mapping_for_agent-8786393062003', 'neutron.plugins.ml2.plugin.Ml2Plugin._retry_binding_revived_agents--9223372036851342192'] for agent (00c5b462-b677-402b-82fd-b3eda7efb252), after_update _notify_loop /var/lib/kolla/venv/lib/python3.6/site-packages/neutron_lib/callbacks/manager.py:177
2025-01-13 02:27:56.222 29 DEBUG neutron.db.agents_db [req-6641a185-1210-4daf-b478-c9ead116eeb1 - - - - -] Agent healthcheck: found 2 active agents agent_health_check /var/lib/kolla/venv/lib/python3.6/site-packages/neutron/db/agents_db.py:318
2025-01-13 02:28:11.433 25 DEBUG neutron_lib.callbacks.manager [req-e3dc061b-1fe9-4dcd-bf7e-b82df4ebd0ca - - - - -] Publish callbacks ['neutron.services.segments.db._update_segment_host_mapping_for_agent-8786393062003', 'neutron.plugins.ml2.plugin.Ml2Plugin._retry_binding_revived_agents--9223372036851342192'] for agent (497810a7-b091-4391-af26-0bf8fac82f3c), after_update _notify_loop /var/lib/kolla/venv/lib/python3.6/site-packages/neutron_lib/callbacks/manager.py:177
2025-01-13 02:28:21.523 22 DEBUG neutron.wsgi [-] (22) accepted ('10.0.0.40', 52610) server /var/lib/kolla/venv/lib/python3.6/site-packages/eventlet/wsgi.py:1004
2025-01-13 02:28:21.527 22 INFO neutron.wsgi [-] 10.0.0.40 "GET / HTTP/1.1" status: 200 len: 227 time: 0.0028882
2025-01-13 02:28:25.360 28 DEBUG neutron_lib.callbacks.manager [req-66f501f6-2ace-4260-b993-ced8802caf4f - - - - -] Publish callbacks ['neutron.services.segments.db._update_segment_host_mapping_for_agent-8786393062003', 'neutron.plugins.ml2.plugin.Ml2Plugin._retry_binding_revived_agents--9223372036851342192'] for agent (00c5b462-b677-402b-82fd-b3eda7efb252), after_update _notify_loop /var/lib/kolla/venv/lib/python3.6/site-packages/neutron_lib/callbacks/manager.py:177
2025-01-13 02:28:33.232 29 DEBUG neutron.db.agents_db [req-6641a185-1210-4daf-b478-c9ead116eeb1 - - - - -] Agent healthcheck: found 2 active agents agent_health_check /var/lib/kolla/venv/lib/python3.6/site-packages/neutron/db/agents_db.py:318
2025-01-13 02:28:41.433 27 DEBUG neutron_lib.callbacks.manager [req-e3dc061b-1fe9-4dcd-bf7e-b82df4ebd0ca - - - - -] Publish callbacks ['neutron.services.segments.db._update_segment_host_mapping_for_agent-8786393062003', 'neutron.plugins.ml2.plugin.Ml2Plugin._retry_binding_revived_agents--9223372036851342192'] for agent (497810a7-b091-4391-af26-0bf8fac82f3c), after_update _notify_loop /var/lib/kolla/venv/lib/python3.6/site-packages/neutron_lib/callbacks/manager.py:177
2025-01-13 02:28:51.573 22 DEBUG neutron.wsgi [-] (22) accepted ('10.0.0.40', 47524) server /var/lib/kolla/venv/lib/python3.6/site-packages/eventlet/wsgi.py:1004
2025-01-13 02:28:51.576 22 INFO neutron.wsgi [-] 10.0.0.40 "GET / HTTP/1.1" status: 200 len: 227 time: 0.0026648
2025-01-13 02:28:55.357 26 DEBUG neutron_lib.callbacks.manager [req-b45019e8-c4b5-4ef9-9591-96f70480f233 - - - - -] Publish callbacks ['neutron.services.segments.db._update_segment_host_mapping_for_agent-8786393062003', 'neutron.plugins.ml2.plugin.Ml2Plugin._retry_binding_revived_agents--9223372036851342192'] for agent (00c5b462-b677-402b-82fd-b3eda7efb252), after_update _notify_loop /var/lib/kolla/venv/lib/python3.6/site-packages/neutron_lib/callbacks/manager.py:177
2025-01-13 02:29:10.230 29 DEBUG neutron.db.agents_db [req-6641a185-1210-4daf-b478-c9ead116eeb1 - - - - -] Agent healthcheck: found 2 active agents agent_health_check /var/lib/kolla/venv/lib/python3.6/site-packages/neutron/db/agents_db.py:318
2025-01-13 02:29:11.442 24 DEBUG neutron_lib.callbacks.manager [req-e3dc061b-1fe9-4dcd-bf7e-b82df4ebd0ca - - - - -] Publish callbacks ['neutron.services.segments.db._update_segment_host_mapping_for_agent-8786393062003', 'neutron.plugins.ml2.plugin.Ml2Plugin._retry_binding_revived_agents--9223372036851342192'] for agent (497810a7-b091-4391-af26-0bf8fac82f3c), after_update _notify_loop /var/lib/kolla/venv/lib/python3.6/site-packages/neutron_lib/callbacks/manager.py:177
2025-01-13 02:29:21.625 22 DEBUG neutron.wsgi [-] (22) accepted ('10.0.0.40', 47000) server /var/lib/kolla/venv/lib/python3.6/site-packages/eventlet/wsgi.py:1004
2025-01-13 02:29:21.629 22 INFO neutron.wsgi [-] 10.0.0.40 "GET / HTTP/1.1" status: 200 len: 227 time: 0.0029500
2025-01-13 02:29:25.354 23 DEBUG neutron_lib.callbacks.manager [req-96e94e94-e548-4254-8c41-c894e82dc090 - - - - -] Publish callbacks ['neutron.services.segments.db._update_segment_host_mapping_for_agent-8786393062003', 'neutron.plugins.ml2.plugin.Ml2Plugin._retry_binding_revived_agents--9223372036851342192'] for agent (00c5b462-b677-402b-82fd-b3eda7efb252), after_update _notify_loop /var/lib/kolla/venv/lib/python3.6/site-packages/neutron_lib/callbacks/manager.py:177
2025-01-13 02:29:41.441 25 DEBUG neutron_lib.callbacks.manager [req-e3dc061b-1fe9-4dcd-bf7e-b82df4ebd0ca - - - - -] Publish callbacks ['neutron.services.segments.db._update_segment_host_mapping_for_agent-8786393062003', 'neutron.plugins.ml2.plugin.Ml2Plugin._retry_binding_revived_agents--9223372036851342192'] for agent (497810a7-b091-4391-af26-0bf8fac82f3c), after_update _notify_loop /var/lib/kolla/venv/lib/python3.6/site-packages/neutron_lib/callbacks/manager.py:177
2025-01-13 02:29:47.228 29 DEBUG neutron.db.agents_db [req-6641a185-1210-4daf-b478-c9ead116eeb1 - - - - -] Agent healthcheck: found 2 active agents agent_health_check /var/lib/kolla/venv/lib/python3.6/site-packages/neutron/db/agents_db.py:318
2025-01-13 02:29:51.677 22 DEBUG neutron.wsgi [-] (22) accepted ('10.0.0.40', 37438) server /var/lib/kolla/venv/lib/python3.6/site-packages/eventlet/wsgi.py:1004
2025-01-13 02:29:51.682 22 INFO neutron.wsgi [-] 10.0.0.40 "GET / HTTP/1.1" status: 200 len: 227 time: 0.0033112
2025-01-13 02:29:55.353 28 DEBUG neutron_lib.callbacks.manager [req-2649b704-ac8a-4f21-9b04-93b1a6a0c012 - - - - -] Publish callbacks ['neutron.services.segments.db._update_segment_host_mapping_for_agent-8786393062003', 'neutron.plugins.ml2.plugin.Ml2Plugin._retry_binding_revived_agents--9223372036851342192'] for agent (00c5b462-b677-402b-82fd-b3eda7efb252), after_update _notify_loop /var/lib/kolla/venv/lib/python3.6/site-packages/neutron_lib/callbacks/manager.py:177
2025-01-13 02:30:11.444 27 DEBUG neutron_lib.callbacks.manager [req-e3dc061b-1fe9-4dcd-bf7e-b82df4ebd0ca - - - - -] Publish callbacks ['neutron.services.segments.db._update_segment_host_mapping_for_agent-8786393062003', 'neutron.plugins.ml2.plugin.Ml2Plugin._retry_binding_revived_agents--9223372036851342192'] for agent (497810a7-b091-4391-af26-0bf8fac82f3c), after_update _notify_loop /var/lib/kolla/venv/lib/python3.6/site-packages/neutron_lib/callbacks/manager.py:177
2025-01-13 02:30:21.733 22 DEBUG neutron.wsgi [-] (22) accepted ('10.0.0.40', 51946) server /var/lib/kolla/venv/lib/python3.6/site-packages/eventlet/wsgi.py:1004
2025-01-13 02:30:21.736 22 INFO neutron.wsgi [-] 10.0.0.40 "GET / HTTP/1.1" status: 200 len: 227 time: 0.0029588
2025-01-13 02:30:24.224 29 DEBUG neutron.db.agents_db [req-6641a185-1210-4daf-b478-c9ead116eeb1 - - - - -] Agent healthcheck: found 2 active agents agent_health_check /var/lib/kolla/venv/lib/python3.6/site-packages/neutron/db/agents_db.py:318
2025-01-13 02:30:25.353 26 DEBUG neutron_lib.callbacks.manager [req-04ebb7a5-8e60-4939-bfcb-2d8ec4ea66b9 - - - - -] Publish callbacks ['neutron.services.segments.db._update_segment_host_mapping_for_agent-8786393062003', 'neutron.plugins.ml2.plugin.Ml2Plugin._retry_binding_revived_agents--9223372036851342192'] for agent (00c5b462-b677-402b-82fd-b3eda7efb252), after_update _notify_loop /var/lib/kolla/venv/lib/python3.6/site-packages/neutron_lib/callbacks/manager.py:177
2025-01-13 02:30:41.444 24 DEBUG neutron_lib.callbacks.manager [req-e3dc061b-1fe9-4dcd-bf7e-b82df4ebd0ca - - - - -] Publish callbacks ['neutron.services.segments.db._update_segment_host_mapping_for_agent-8786393062003', 'neutron.plugins.ml2.plugin.Ml2Plugin._retry_binding_revived_agents--9223372036851342192'] for agent (497810a7-b091-4391-af26-0bf8fac82f3c), after_update _notify_loop /var/lib/kolla/venv/lib/python3.6/site-packages/neutron_lib/callbacks/manager.py:177
2025-01-13 02:30:52.612 22 DEBUG neutron.wsgi [-] (22) accepted ('10.0.0.40', 36458) server /var/lib/kolla/venv/lib/python3.6/site-packages/eventlet/wsgi.py:1004
2025-01-13 02:30:52.616 22 INFO neutron.wsgi [-] 10.0.0.40 "GET / HTTP/1.1" status: 200 len: 227 time: 0.0027099
2025-01-13 02:30:55.353 23 DEBUG neutron_lib.callbacks.manager [req-0f82713c-2e3d-4eee-8565-c89b2db48171 - - - - -] Publish callbacks ['neutron.services.segments.db._update_segment_host_mapping_for_agent-8786393062003', 'neutron.plugins.ml2.plugin.Ml2Plugin._retry_binding_revived_agents--9223372036851342192'] for agent (00c5b462-b677-402b-82fd-b3eda7efb252), after_update _notify_loop /var/lib/kolla/venv/lib/python3.6/site-packages/neutron_lib/callbacks/manager.py:177
2025-01-13 02:31:01.231 29 DEBUG neutron.db.agents_db [req-6641a185-1210-4daf-b478-c9ead116eeb1 - - - - -] Agent healthcheck: found 2 active agents agent_health_check /var/lib/kolla/venv/lib/python3.6/site-packages/neutron/db/agents_db.py:318
2025-01-13 02:31:11.446 25 DEBUG neutron_lib.callbacks.manager [req-e3dc061b-1fe9-4dcd-bf7e-b82df4ebd0ca - - - - -] Publish callbacks ['neutron.services.segments.db._update_segment_host_mapping_for_agent-8786393062003', 'neutron.plugins.ml2.plugin.Ml2Plugin._retry_binding_revived_agents--9223372036851342192'] for agent (497810a7-b091-4391-af26-0bf8fac82f3c), after_update _notify_loop /var/lib/kolla/venv/lib/python3.6/site-packages/neutron_lib/callbacks/manager.py:177
2025-01-13 02:31:20.492 7 INFO oslo_service.service [-] Caught SIGTERM, stopping children
2025-01-13 02:31:20.493 7 DEBUG oslo_concurrency.lockutils [-] Acquired lock "singleton_lock" lock /var/lib/kolla/venv/lib/python3.6/site-packages/oslo_concurrency/lockutils.py:294
2025-01-13 02:31:20.493 7 DEBUG oslo_concurrency.lockutils [-] Releasing lock "singleton_lock" lock /var/lib/kolla/venv/lib/python3.6/site-packages/oslo_concurrency/lockutils.py:312
2025-01-13 02:31:20.493 7 DEBUG oslo_service.service [-] Stop services. stop /var/lib/kolla/venv/lib/python3.6/site-packages/oslo_service/service.py:695
2025-01-13 02:31:20.493 7 DEBUG neutron.service [-] calling RpcWorker stop() stop /var/lib/kolla/venv/lib/python3.6/site-packages/neutron/service.py:138
2025-01-13 02:31:20.493 7 DEBUG neutron.service [-] calling RpcWorker stop() stop /var/lib/kolla/venv/lib/python3.6/site-packages/neutron/service.py:138
2025-01-13 02:31:20.493 7 DEBUG oslo_service.service [-] Killing children. stop /var/lib/kolla/venv/lib/python3.6/site-packages/oslo_service/service.py:700
2025-01-13 02:31:20.493 7 INFO oslo_service.service [-] Waiting on 8 children to exit
2025-01-13 02:31:20.494 22 INFO neutron.wsgi [-] (22) wsgi exited, is_accepting=True
2025-01-13 02:31:20.494 25 DEBUG neutron.service [-] calling RpcWorker stop() stop /var/lib/kolla/venv/lib/python3.6/site-packages/neutron/service.py:138
2025-01-13 02:31:20.494 29 DEBUG neutron.service [-] calling RpcWorker stop() stop /var/lib/kolla/venv/lib/python3.6/site-packages/neutron/service.py:138
2025-01-13 02:31:20.494 24 DEBUG neutron.service [-] calling RpcWorker stop() stop /var/lib/kolla/venv/lib/python3.6/site-packages/neutron/service.py:138
2025-01-13 02:31:20.495 22 DEBUG oslo_concurrency.lockutils [req-2266a855-c93a-4dab-9c4d-fb0c253de01d - - - - -] Acquired lock "singleton_lock" lock /var/lib/kolla/venv/lib/python3.6/site-packages/oslo_concurrency/lockutils.py:294
2025-01-13 02:31:20.495 22 DEBUG oslo_concurrency.lockutils [req-2266a855-c93a-4dab-9c4d-fb0c253de01d - - - - -] Releasing lock "singleton_lock" lock /var/lib/kolla/venv/lib/python3.6/site-packages/oslo_concurrency/lockutils.py:312
2025-01-13 02:31:20.495 23 DEBUG neutron.service [-] calling RpcWorker stop() stop /var/lib/kolla/venv/lib/python3.6/site-packages/neutron/service.py:138
2025-01-13 02:31:20.494 29 DEBUG neutron.service [-] calling stop on stop /var/lib/kolla/venv/lib/python3.6/site-packages/neutron/service.py:141
2025-01-13 02:31:20.496 26 DEBUG neutron.service [-] calling RpcWorker stop() stop /var/lib/kolla/venv/lib/python3.6/site-packages/neutron/service.py:138
2025-01-13 02:31:20.496 23 DEBUG neutron.service [-] calling stop on stop /var/lib/kolla/venv/lib/python3.6/site-packages/neutron/service.py:141
2025-01-13 02:31:20.494 27 DEBUG neutron.service [-] calling RpcWorker stop() stop /var/lib/kolla/venv/lib/python3.6/site-packages/neutron/service.py:138
2025-01-13 02:31:20.494 25 DEBUG neutron.service [-] calling stop on stop /var/lib/kolla/venv/lib/python3.6/site-packages/neutron/service.py:141
2025-01-13 02:31:20.495 24 DEBUG neutron.service [-] calling stop on stop /var/lib/kolla/venv/lib/python3.6/site-packages/neutron/service.py:141
2025-01-13 02:31:20.497 26 DEBUG neutron.service [-] calling stop on stop /var/lib/kolla/venv/lib/python3.6/site-packages/neutron/service.py:141
2025-01-13 02:31:20.497 27 DEBUG neutron.service [-] calling stop on stop /var/lib/kolla/venv/lib/python3.6/site-packages/neutron/service.py:141
2025-01-13 02:31:20.500 7 INFO oslo_service.service [-] Child 22 exited with status 0
2025-01-13 02:31:20.515 28 DEBUG neutron.service [-] calling RpcWorker stop() stop /var/lib/kolla/venv/lib/python3.6/site-packages/neutron/service.py:138
2025-01-13 02:31:20.516 28 DEBUG neutron.service [-] calling stop on stop /var/lib/kolla/venv/lib/python3.6/site-packages/neutron/service.py:141
2025-01-13 02:31:24.173 23 DEBUG neutron.service [-] calling stop on stop /var/lib/kolla/venv/lib/python3.6/site-packages/neutron/service.py:141
2025-01-13 02:31:24.179 24 DEBUG neutron.service [-] calling stop on stop /var/lib/kolla/venv/lib/python3.6/site-packages/neutron/service.py:141
2025-01-13 02:31:24.183 25 DEBUG neutron.service [-] calling stop on stop /var/lib/kolla/venv/lib/python3.6/site-packages/neutron/service.py:141
2025-01-13 02:31:24.185 26 DEBUG oslo_concurrency.lockutils [req-2266a855-c93a-4dab-9c4d-fb0c253de01d - - - - -] Acquired lock "singleton_lock" lock /var/lib/kolla/venv/lib/python3.6/site-packages/oslo_concurrency/lockutils.py:294
2025-01-13 02:31:24.186 26 DEBUG oslo_concurrency.lockutils [req-2266a855-c93a-4dab-9c4d-fb0c253de01d - - - - -] Releasing lock "singleton_lock" lock /var/lib/kolla/venv/lib/python3.6/site-packages/oslo_concurrency/lockutils.py:312
2025-01-13 02:31:24.186 26 DEBUG neutron.service [req-2266a855-c93a-4dab-9c4d-fb0c253de01d - - - - -] calling RpcWorker wait() _wait /var/lib/kolla/venv/lib/python3.6/site-packages/neutron/service.py:128
2025-01-13 02:31:24.186 26 DEBUG neutron.service [req-2266a855-c93a-4dab-9c4d-fb0c253de01d - - - - -] calling wait on _wait /var/lib/kolla/venv/lib/python3.6/site-packages/neutron/service.py:131
2025-01-13 02:31:24.193 26 WARNING amqp [req-2266a855-c93a-4dab-9c4d-fb0c253de01d - - - - -] Received method (60, 30) during closing channel 1. This method will be ignored
2025-01-13 02:31:24.195 26 DEBUG neutron.service [req-2266a855-c93a-4dab-9c4d-fb0c253de01d - - - - -] returning from RpcWorker wait() _wait /var/lib/kolla/venv/lib/python3.6/site-packages/neutron/service.py:135
2025-01-13 02:31:24.201 7 INFO oslo_service.service [-] Child 26 exited with status 0
2025-01-13 02:31:24.203 27 DEBUG oslo_concurrency.lockutils [req-2266a855-c93a-4dab-9c4d-fb0c253de01d - - - - -] Acquired lock "singleton_lock" lock /var/lib/kolla/venv/lib/python3.6/site-packages/oslo_concurrency/lockutils.py:294
2025-01-13 02:31:24.203 27 DEBUG oslo_concurrency.lockutils [req-2266a855-c93a-4dab-9c4d-fb0c253de01d - - - - -] Releasing lock "singleton_lock" lock /var/lib/kolla/venv/lib/python3.6/site-packages/oslo_concurrency/lockutils.py:312
2025-01-13 02:31:24.203 27 DEBUG neutron.service [req-2266a855-c93a-4dab-9c4d-fb0c253de01d - - - - -] calling RpcWorker wait() _wait /var/lib/kolla/venv/lib/python3.6/site-packages/neutron/service.py:128
2025-01-13 02:31:24.203 27 DEBUG neutron.service [req-2266a855-c93a-4dab-9c4d-fb0c253de01d - - - - -] calling wait on _wait /var/lib/kolla/venv/lib/python3.6/site-packages/neutron/service.py:131
2025-01-13 02:31:24.206 28 DEBUG oslo_concurrency.lockutils [req-2266a855-c93a-4dab-9c4d-fb0c253de01d - - - - -] Acquired lock "singleton_lock" lock /var/lib/kolla/venv/lib/python3.6/site-packages/oslo_concurrency/lockutils.py:294
