2025-01-09 00:33:34.191 119815 DEBUG oslo_service.service [req-95f7e7c4-2de8-44eb-b65c-e26b357eb374 - - - - -] cyborg.insecure = False log_opt_values /usr/lib/python3/dist-packages/oslo_config/cfg.py:2609
2025-01-09 00:33:34.191 119815 DEBUG oslo_service.service [req-95f7e7c4-2de8-44eb-b65c-e26b357eb374 - - - - -] cyborg.keyfile = None log_opt_values /usr/lib/python3/dist-packages/oslo_config/cfg.py:2609
2025-01-09 00:33:34.191 119815 DEBUG oslo_service.service [req-95f7e7c4-2de8-44eb-b65c-e26b357eb374 - - - - -] cyborg.max_version = None log_opt_values /usr/lib/python3/dist-packages/oslo_config/cfg.py:2609
2025-01-09 00:33:34.192 119815 DEBUG oslo_service.service [req-95f7e7c4-2de8-44eb-b65c-e26b357eb374 - - - - -] cyborg.min_version = None log_opt_values /usr/lib/python3/dist-packages/oslo_config/cfg.py:2609
2025-01-09 00:33:34.192 121293 DEBUG nova.service [req-01325a3a-495f-4664-adda-74178e745059 - - - - -] Join ServiceGroup membership for this service scheduler start /usr/lib/python3/dist-packages/nova/service.py:199
2025-01-09 00:33:34.192 119815 DEBUG oslo_service.service [req-95f7e7c4-2de8-44eb-b65c-e26b357eb374 - - - - -] cyborg.region_name = None log_opt_values /usr/lib/python3/dist-packages/oslo_config/cfg.py:2609
2025-01-09 00:33:34.191 121286 DEBUG oslo_messaging._drivers.amqpdriver [-] Listener is running poll /usr/lib/python3/dist-packages/oslo_messaging/_drivers/amqpdriver.py:343
2025-01-09 00:33:34.192 121286 DEBUG oslo_messaging._drivers.amqpdriver [-] AMQPListener connection consume poll /usr/lib/python3/dist-packages/oslo_messaging/_drivers/amqpdriver.py:357
2025-01-09 00:33:34.192 119815 DEBUG oslo_service.service [req-95f7e7c4-2de8-44eb-b65c-e26b357eb374 - - - - -] cyborg.service_name = None log_opt_values /usr/lib/python3/dist-packages/oslo_config/cfg.py:2609
2025-01-09 00:33:34.192 121293 DEBUG nova.servicegroup.drivers.db [req-01325a3a-495f-4664-adda-74178e745059 - - - - -] DB_Driver: join new ServiceGroup member juju-88d04a-0-lxd-7 to the scheduler group, service = join /usr/lib/python3/dist-packages/nova/servicegroup/drivers/db.py:44
2025-01-09 00:33:34.192 119815 DEBUG oslo_service.service [req-95f7e7c4-2de8-44eb-b65c-e26b357eb374 - - - - -] cyborg.service_type = accelerator log_opt_values /usr/lib/python3/dist-packages/oslo_config/cfg.py:2609
2025-01-09 00:33:34.192 119815 DEBUG oslo_service.service [req-95f7e7c4-2de8-44eb-b65c-e26b357eb374 - - - - -] cyborg.split_loggers = False log_opt_values /usr/lib/python3/dist-packages/oslo_config/cfg.py:2609
2025-01-09 00:33:34.192 119815 DEBUG oslo_service.service [req-95f7e7c4-2de8-44eb-b65c-e26b357eb374 - - - - -] cyborg.status_code_retries = None log_opt_values /usr/lib/python3/dist-packages/oslo_config/cfg.py:2609
2025-01-09 00:33:34.193 119815 DEBUG oslo_service.service [req-95f7e7c4-2de8-44eb-b65c-e26b357eb374 - - - - -] cyborg.status_code_retry_delay = None log_opt_values /usr/lib/python3/dist-packages/oslo_config/cfg.py:2609
2025-01-09 00:33:34.193 119815 DEBUG oslo_service.service [req-95f7e7c4-2de8-44eb-b65c-e26b357eb374 - - - - -] cyborg.timeout = None log_opt_values /usr/lib/python3/dist-packages/oslo_config/cfg.py:2609
2025-01-09 00:33:34.192 121286 DEBUG nova.service [req-1e86162e-524d-4d46-abf2-ddedf28b3a2e - - - - -] Join ServiceGroup membership for this service scheduler start /usr/lib/python3/dist-packages/nova/service.py:199
2025-01-09 00:33:34.193 119815 DEBUG oslo_service.service [req-95f7e7c4-2de8-44eb-b65c-e26b357eb374 - - - - -] cyborg.valid_interfaces = ['internal', 'public'] log_opt_values /usr/lib/python3/dist-packages/oslo_config/cfg.py:2609
2025-01-09 00:33:34.193 119815 DEBUG oslo_service.service [req-95f7e7c4-2de8-44eb-b65c-e26b357eb374 - - - - -] cyborg.version = None log_opt_values /usr/lib/python3/dist-packages/oslo_config/cfg.py:2609
2025-01-09 00:33:34.193 121286 DEBUG nova.servicegroup.drivers.db [req-1e86162e-524d-4d46-abf2-ddedf28b3a2e - - - - -] DB_Driver: join new ServiceGroup member juju-88d04a-0-lxd-7 to the scheduler group, service = join /usr/lib/python3/dist-packages/nova/servicegroup/drivers/db.py:44
2025-01-09 00:33:34.193 119815 DEBUG oslo_service.service [req-95f7e7c4-2de8-44eb-b65c-e26b357eb374 - - - - -] database.backend = sqlalchemy log_opt_values /usr/lib/python3/dist-packages/oslo_config/cfg.py:2609
2025-01-09 00:33:34.193 119815 DEBUG oslo_service.service [req-95f7e7c4-2de8-44eb-b65c-e26b357eb374 - - - - -] database.connection = **** log_opt_values /usr/lib/python3/dist-packages/oslo_config/cfg.py:2609
2025-01-09 00:33:34.194 119815 DEBUG oslo_service.service [req-95f7e7c4-2de8-44eb-b65c-e26b357eb374 - - - - -] database.connection_debug = 0 log_opt_values /usr/lib/python3/dist-packages/oslo_config/cfg.py:2609
2025-01-09 00:33:34.194 119815 DEBUG oslo_service.service [req-95f7e7c4-2de8-44eb-b65c-e26b357eb374 - - - - -] database.connection_parameters = log_opt_values /usr/lib/python3/dist-packages/oslo_config/cfg.py:2609
2025-01-09 00:33:34.194 119815 DEBUG oslo_service.service [req-95f7e7c4-2de8-44eb-b65c-e26b357eb374 - - - - -] database.connection_recycle_time = 3600 log_opt_values /usr/lib/python3/dist-packages/oslo_config/cfg.py:2609
2025-01-09 00:33:34.194 119815 DEBUG oslo_service.service [req-95f7e7c4-2de8-44eb-b65c-e26b357eb374 - - - - -] database.connection_trace = False log_opt_values /usr/lib/python3/dist-packages/oslo_config/cfg.py:2609
2025-01-09 00:33:34.194 121293 DEBUG oslo_messaging._drivers.amqpdriver [-] AMQPListener connection timeout poll /usr/lib/python3/dist-packages/oslo_messaging/_drivers/amqpdriver.py:360
2025-01-09 00:33:34.194 119815 DEBUG oslo_service.service [req-95f7e7c4-2de8-44eb-b65c-e26b357eb374 - - - - -] database.db_inc_retry_interval = True log_opt_values /usr/lib/python3/dist-packages/oslo_config/cfg.py:2609
2025-01-09 00:33:34.194 121293 DEBUG oslo_messaging._drivers.amqpdriver [-] Listener is running poll /usr/lib/python3/dist-packages/oslo_messaging/_drivers/amqpdriver.py:343
2025-01-09 00:33:34.194 121293 DEBUG oslo_messaging._drivers.amqpdriver [-] AMQPListener connection consume poll /usr/lib/python3/dist-packages/oslo_messaging/_drivers/amqpdriver.py:357
2025-01-09 00:33:34.194 119815 DEBUG oslo_service.service [req-95f7e7c4-2de8-44eb-b65c-e26b357eb374 - - - - -] database.db_max_retries = 20 log_opt_values /usr/lib/python3/dist-packages/oslo_config/cfg.py:2609
2025-01-09 00:33:34.195 119815 DEBUG oslo_service.service [req-95f7e7c4-2de8-44eb-b65c-e26b357eb374 - - - - -] database.db_max_retry_interval = 10 log_opt_values /usr/lib/python3/dist-packages/oslo_config/cfg.py:2609
2025-01-09 00:33:34.195 119815 DEBUG oslo_service.service [req-95f7e7c4-2de8-44eb-b65c-e26b357eb374 - - - - -] database.db_retry_interval = 1 log_opt_values /usr/lib/python3/dist-packages/oslo_config/cfg.py:2609
2025-01-09 00:33:34.195 119815 DEBUG oslo_service.service [req-95f7e7c4-2de8-44eb-b65c-e26b357eb374 - - - - -] database.max_overflow = 50 log_opt_values /usr/lib/python3/dist-packages/oslo_config/cfg.py:2609
2025-01-09 00:33:34.195 119815 DEBUG oslo_service.service [req-95f7e7c4-2de8-44eb-b65c-e26b357eb374 - - - - -] database.max_pool_size = 4 log_opt_values /usr/lib/python3/dist-packages/oslo_config/cfg.py:2609
2025-01-09 00:33:34.195 119815 DEBUG oslo_service.service [req-95f7e7c4-2de8-44eb-b65c-e26b357eb374 - - - - -] database.max_retries = 10 log_opt_values /usr/lib/python3/dist-packages/oslo_config/cfg.py:2609
2025-01-09 00:33:34.195 119815 DEBUG oslo_service.service [req-95f7e7c4-2de8-44eb-b65c-e26b357eb374 - - - - -] database.mysql_enable_ndb = False log_opt_values /usr/lib/python3/dist-packages/oslo_config/cfg.py:2609
2025-01-09 00:33:34.196 119815 DEBUG oslo_service.service [req-95f7e7c4-2de8-44eb-b65c-e26b357eb374 - - - - -] database.mysql_sql_mode = TRADITIONAL log_opt_values /usr/lib/python3/dist-packages/oslo_config/cfg.py:2609
2025-01-09 00:33:34.196 119815 DEBUG oslo_service.service [req-95f7e7c4-2de8-44eb-b65c-e26b357eb374 - - - - -] database.pool_timeout = None log_opt_values /usr/lib/python3/dist-packages/oslo_config/cfg.py:2609
2025-01-09 00:33:34.196 121286 DEBUG oslo_messaging._drivers.amqpdriver [-] AMQPListener connection timeout poll /usr/lib/python3/dist-packages/oslo_messaging/_drivers/amqpdriver.py:360
2025-01-09 00:33:34.196 119815 DEBUG oslo_service.service [req-95f7e7c4-2de8-44eb-b65c-e26b357eb374 - - - - -] database.retry_interval = 10 log_opt_values /usr/lib/python3/dist-packages/oslo_config/cfg.py:2609
2025-01-09 00:33:34.196 119815 DEBUG oslo_service.service [req-95f7e7c4-2de8-44eb-b65c-e26b357eb374 - - - - -] database.slave_connection = **** log_opt_values /usr/lib/python3/dist-packages/oslo_config/cfg.py:2609
2025-01-09 00:33:34.196 121286 DEBUG oslo_messaging._drivers.amqpdriver [-] Listener is running poll /usr/lib/python3/dist-packages/oslo_messaging/_drivers/amqpdriver.py:343
2025-01-09 00:33:34.196 119815 DEBUG oslo_service.service [req-95f7e7c4-2de8-44eb-b65c-e26b357eb374 - - - - -] database.sqlite_synchronous = True log_opt_values /usr/lib/python3/dist-packages/oslo_config/cfg.py:2609
2025-01-09 00:33:34.196 121286 DEBUG oslo_messaging._drivers.amqpdriver [-] AMQPListener connection consume poll /usr/lib/python3/dist-packages/oslo_messaging/_drivers/amqpdriver.py:357
2025-01-09 00:33:34.196 119815 DEBUG oslo_service.service [req-95f7e7c4-2de8-44eb-b65c-e26b357eb374 - - - - -] database.use_db_reconnect = False log_opt_values /usr/lib/python3/dist-packages/oslo_config/cfg.py:2609
2025-01-09 00:33:34.197 119815 DEBUG oslo_service.service [req-95f7e7c4-2de8-44eb-b65c-e26b357eb374 - - - - -] api_database.backend = sqlalchemy log_opt_values /usr/lib/python3/dist-packages/oslo_config/cfg.py:2609
2025-01-09 00:33:34.197 119815 DEBUG oslo_service.service [req-95f7e7c4-2de8-44eb-b65c-e26b357eb374 - - - - -] api_database.connection = **** log_opt_values /usr/lib/python3/dist-packages/oslo_config/cfg.py:2609
2025-01-09 00:33:34.197 119815 DEBUG oslo_service.service [req-95f7e7c4-2de8-44eb-b65c-e26b357eb374 - - - - -] api_database.connection_debug = 0 log_opt_values /usr/lib/python3/dist-packages/oslo_config/cfg.py:2609
2025-01-09 00:33:34.197 119815 DEBUG oslo_service.service [req-95f7e7c4-2de8-44eb-b65c-e26b357eb374 - - - - -] api_database.connection_parameters = log_opt_values /usr/lib/python3/dist-packages/oslo_config/cfg.py:2609
2025-01-09 00:33:34.197 119815 DEBUG oslo_service.service [req-95f7e7c4-2de8-44eb-b65c-e26b357eb374 - - - - -] api_database.connection_recycle_time = 3600 log_opt_values /usr/lib/python3/dist-packages/oslo_config/cfg.py:2609
2025-01-09 00:33:34.197 119815 DEBUG oslo_service.service [req-95f7e7c4-2de8-44eb-b65c-e26b357eb374 - - - - -] api_database.connection_trace = False log_opt_values /usr/lib/python3/dist-packages/oslo_config/cfg.py:2609
2025-01-09 00:33:34.198 119815 DEBUG oslo_service.service [req-95f7e7c4-2de8-44eb-b65c-e26b357eb374 - - - - -] api_database.db_inc_retry_interval = True log_opt_values /usr/lib/python3/dist-packages/oslo_config/cfg.py:2609
2025-01-09 00:33:34.198 119815 DEBUG oslo_service.service [req-95f7e7c4-2de8-44eb-b65c-e26b357eb374 - - - - -] api_database.db_max_retries = 20 log_opt_values /usr/lib/python3/dist-packages/oslo_config/cfg.py:2609
2025-01-09 00:33:34.198 119815 DEBUG oslo_service.service [req-95f7e7c4-2de8-44eb-b65c-e26b357eb374 - - - - -] api_database.db_max_retry_interval = 10 log_opt_values /usr/lib/python3/dist-packages/oslo_config/cfg.py:2609
2025-01-09 00:33:34.198 119815 DEBUG oslo_service.service [req-95f7e7c4-2de8-44eb-b65c-e26b357eb374 - - - - -] api_database.db_retry_interval = 1 log_opt_values /usr/lib/python3/dist-packages/oslo_config/cfg.py:2609
2025-01-09 00:33:34.198 119815 DEBUG oslo_service.service [req-95f7e7c4-2de8-44eb-b65c-e26b357eb374 - - - - -] api_database.max_overflow = 50 log_opt_values /usr/lib/python3/dist-packages/oslo_config/cfg.py:2609
2025-01-09 00:33:34.198 119815 DEBUG oslo_service.service [req-95f7e7c4-2de8-44eb-b65c-e26b357eb374 - - - - -] api_database.max_pool_size = 4 log_opt_values /usr/lib/python3/dist-packages/oslo_config/cfg.py:2609
2025-01-09 00:33:34.199 119815 DEBUG oslo_service.service [req-95f7e7c4-2de8-44eb-b65c-e26b357eb374 - - - - -] api_database.max_retries = 10 log_opt_values /usr/lib/python3/dist-packages/oslo_config/cfg.py:2609
2025-01-09 00:33:34.199 119815 DEBUG oslo_service.service [req-95f7e7c4-2de8-44eb-b65c-e26b357eb374 - - - - -] api_database.mysql_enable_ndb = False log_opt_values /usr/lib/python3/dist-packages/oslo_config/cfg.py:2609
2025-01-09 00:33:34.199 119815 DEBUG oslo_service.service [req-95f7e7c4-2de8-44eb-b65c-e26b357eb374 - - - - -] api_database.mysql_sql_mode = TRADITIONAL log_opt_values /usr/lib/python3/dist-packages/oslo_config/cfg.py:2609
2025-01-09 00:33:34.199 119815 DEBUG oslo_service.service [req-95f7e7c4-2de8-44eb-b65c-e26b357eb374 - - - - -] api_database.pool_timeout = None log_opt_values /usr/lib/python3/dist-packages/oslo_config/cfg.py:2609
2025-01-09 00:33:34.199 119815 DEBUG oslo_service.service [req-95f7e7c4-2de8-44eb-b65c-e26b357eb374 - - - - -] api_database.retry_interval = 10 log_opt_values /usr/lib/python3/dist-packages/oslo_config/cfg.py:2609
2025-01-09 00:33:34.199 119815 DEBUG oslo_service.service [req-95f7e7c4-2de8-44eb-b65c-e26b357eb374 - - - - -] api_database.slave_connection = **** log_opt_values /usr/lib/python3/dist-packages/oslo_config/cfg.py:2609
2025-01-09 00:33:34.200 119815 DEBUG oslo_service.service [req-95f7e7c4-2de8-44eb-b65c-e26b357eb374 - - - - -] api_database.sqlite_synchronous = True log_opt_values /usr/lib/python3/dist-packages/oslo_config/cfg.py:2609
2025-01-09 00:33:34.200 119815 DEBUG oslo_service.service [req-95f7e7c4-2de8-44eb-b65c-e26b357eb374 - - - - -] devices.enabled_mdev_types = [] log_opt_values /usr/lib/python3/dist-packages/oslo_config/cfg.py:2609
2025-01-09 00:33:34.200 119815 DEBUG oslo_service.service [req-95f7e7c4-2de8-44eb-b65c-e26b357eb374 - - - - -] ephemeral_storage_encryption.cipher = aes-xts-plain64 log_opt_values /usr/lib/python3/dist-packages/oslo_config/cfg.py:2609
2025-01-09 00:33:34.200 119815 DEBUG oslo_service.service [req-95f7e7c4-2de8-44eb-b65c-e26b357eb374 - - - - -] ephemeral_storage_encryption.enabled = False log_opt_values /usr/lib/python3/dist-packages/oslo_config/cfg.py:2609
2025-01-09 00:33:34.200 119815 DEBUG oslo_service.service [req-95f7e7c4-2de8-44eb-b65c-e26b357eb374 - - - - -] ephemeral_storage_encryption.key_size = 512 log_opt_values /usr/lib/python3/dist-packages/oslo_config/cfg.py:2609
2025-01-09 00:33:34.200 121294 DEBUG oslo_messaging._drivers.amqpdriver [-] Listener is running poll /usr/lib/python3/dist-packages/oslo_messaging/_drivers/amqpdriver.py:343
2025-01-09 00:33:34.201 119815 WARNING oslo_config.cfg [req-95f7e7c4-2de8-44eb-b65c-e26b357eb374 - - - - -] Deprecated: Option "api_servers" from group "glance" is deprecated for removal ( Support for image service configuration via standard keystoneauth1 Adapter options was added in the 17.0.0 Queens release. The api_servers option was retained temporarily to allow consumers time to cut over to a real load balancing solution. ). Its value may be silently ignored in the future.
2025-01-09 00:33:34.201 121294 DEBUG oslo_messaging._drivers.amqpdriver [-] AMQPListener connection consume poll /usr/lib/python3/dist-packages/oslo_messaging/_drivers/amqpdriver.py:357
2025-01-09 00:33:34.201 119815 DEBUG oslo_service.service [req-95f7e7c4-2de8-44eb-b65c-e26b357eb374 - - - - -] glance.api_servers = ['http://252.30.121.203:9292'] log_opt_values /usr/lib/python3/dist-packages/oslo_config/cfg.py:2609
2025-01-09 00:33:34.201 119815 DEBUG oslo_service.service [req-95f7e7c4-2de8-44eb-b65c-e26b357eb374 - - - - -] glance.cafile = None log_opt_values /usr/lib/python3/dist-packages/oslo_config/cfg.py:2609
2025-01-09 00:33:34.201 119815 DEBUG oslo_service.service [req-95f7e7c4-2de8-44eb-b65c-e26b357eb374 - - - - -] glance.certfile = None log_opt_values /usr/lib/python3/dist-packages/oslo_config/cfg.py:2609
2025-01-09 00:33:34.201 119815 DEBUG oslo_service.service [req-95f7e7c4-2de8-44eb-b65c-e26b357eb374 - - - - -] glance.collect_timing = False log_opt_values /usr/lib/python3/dist-packages/oslo_config/cfg.py:2609
2025-01-09 00:33:34.201 119815 DEBUG oslo_service.service [req-95f7e7c4-2de8-44eb-b65c-e26b357eb374 - - - - -] glance.connect_retries = None log_opt_values /usr/lib/python3/dist-packages/oslo_config/cfg.py:2609
2025-01-09 00:33:34.202 119815 DEBUG oslo_service.service [req-95f7e7c4-2de8-44eb-b65c-e26b357eb374 - - - - -] glance.connect_retry_delay = None log_opt_values /usr/lib/python3/dist-packages/oslo_config/cfg.py:2609
2025-01-09 00:33:34.202 119815 DEBUG oslo_service.service [req-95f7e7c4-2de8-44eb-b65c-e26b357eb374 - - - - -] glance.debug = False log_opt_values /usr/lib/python3/dist-packages/oslo_config/cfg.py:2609
2025-01-09 00:33:34.202 119815 DEBUG oslo_service.service [req-95f7e7c4-2de8-44eb-b65c-e26b357eb374 - - - - -] glance.default_trusted_certificate_ids = [] log_opt_values /usr/lib/python3/dist-packages/oslo_config/cfg.py:2609
2025-01-09 00:33:34.202 119815 DEBUG oslo_service.service [req-95f7e7c4-2de8-44eb-b65c-e26b357eb374 - - - - -] glance.enable_certificate_validation = False log_opt_values /usr/lib/python3/dist-packages/oslo_config/cfg.py:2609
2025-01-09 00:33:34.202 121294 DEBUG nova.service [req-d7f9c48c-74e4-4ada-9dfc-a97e8217649c - - - - -] Join ServiceGroup membership for this service scheduler start /usr/lib/python3/dist-packages/nova/service.py:199
2025-01-09 00:33:34.202 119815 DEBUG oslo_service.service [req-95f7e7c4-2de8-44eb-b65c-e26b357eb374 - - - - -] glance.enable_rbd_download = False log_opt_values /usr/lib/python3/dist-packages/oslo_config/cfg.py:2609
2025-01-09 00:33:34.202 119815 DEBUG oslo_service.service [req-95f7e7c4-2de8-44eb-b65c-e26b357eb374 - - - - -] glance.endpoint_override = None log_opt_values /usr/lib/python3/dist-packages/oslo_config/cfg.py:2609
2025-01-09 00:33:34.202 121294 DEBUG nova.servicegroup.drivers.db [req-d7f9c48c-74e4-4ada-9dfc-a97e8217649c - - - - -] DB_Driver: join new ServiceGroup member juju-88d04a-0-lxd-7 to the scheduler group, service = join /usr/lib/python3/dist-packages/nova/servicegroup/drivers/db.py:44
2025-01-09 00:33:34.203 119815 DEBUG oslo_service.service [req-95f7e7c4-2de8-44eb-b65c-e26b357eb374 - - - - -] glance.insecure = False log_opt_values /usr/lib/python3/dist-packages/oslo_config/cfg.py:2609
2025-01-09 00:33:34.203 119815 DEBUG oslo_service.service [req-95f7e7c4-2de8-44eb-b65c-e26b357eb374 - - - - -] glance.keyfile = None log_opt_values /usr/lib/python3/dist-packages/oslo_config/cfg.py:2609
2025-01-09 00:33:34.203 119815 DEBUG oslo_service.service [req-95f7e7c4-2de8-44eb-b65c-e26b357eb374 - - - - -] glance.max_version = None log_opt_values /usr/lib/python3/dist-packages/oslo_config/cfg.py:2609
2025-01-09 00:33:34.203 119815 DEBUG oslo_service.service [req-95f7e7c4-2de8-44eb-b65c-e26b357eb374 - - - - -] glance.min_version = None log_opt_values /usr/lib/python3/dist-packages/oslo_config/cfg.py:2609
2025-01-09 00:33:34.203 119815 DEBUG oslo_service.service [req-95f7e7c4-2de8-44eb-b65c-e26b357eb374 - - - - -] glance.num_retries = 3 log_opt_values /usr/lib/python3/dist-packages/oslo_config/cfg.py:2609
2025-01-09 00:33:34.203 119815 DEBUG oslo_service.service [req-95f7e7c4-2de8-44eb-b65c-e26b357eb374 - - - - -] glance.rbd_ceph_conf = log_opt_values /usr/lib/python3/dist-packages/oslo_config/cfg.py:2609
2025-01-09 00:33:34.204 119815 DEBUG oslo_service.service [req-95f7e7c4-2de8-44eb-b65c-e26b357eb374 - - - - -] glance.rbd_connect_timeout = 5 log_opt_values /usr/lib/python3/dist-packages/oslo_config/cfg.py:2609
2025-01-09 00:33:34.204 119815 DEBUG oslo_service.service [req-95f7e7c4-2de8-44eb-b65c-e26b357eb374 - - - - -] glance.rbd_pool = log_opt_values /usr/lib/python3/dist-packages/oslo_config/cfg.py:2609
2025-01-09 00:33:34.204 119815 DEBUG oslo_service.service [req-95f7e7c4-2de8-44eb-b65c-e26b357eb374 - - - - -] glance.rbd_user = log_opt_values /usr/lib/python3/dist-packages/oslo_config/cfg.py:2609
2025-01-09 00:33:34.204 119815 DEBUG oslo_service.service [req-95f7e7c4-2de8-44eb-b65c-e26b357eb374 - - - - -] glance.region_name = None log_opt_values /usr/lib/python3/dist-packages/oslo_config/cfg.py:2609
2025-01-09 00:33:34.204 121294 DEBUG oslo_messaging._drivers.amqpdriver [-] AMQPListener connection timeout poll /usr/lib/python3/dist-packages/oslo_messaging/_drivers/amqpdriver.py:360
2025-01-09 00:33:34.204 121294 DEBUG oslo_messaging._drivers.amqpdriver [-] Listener is running poll /usr/lib/python3/dist-packages/oslo_messaging/_drivers/amqpdriver.py:343
2025-01-09 00:33:34.204 119815 DEBUG oslo_service.service [req-95f7e7c4-2de8-44eb-b65c-e26b357eb374 - - - - -] glance.service_name = None log_opt_values /usr/lib/python3/dist-packages/oslo_config/cfg.py:2609
2025-01-09 00:33:34.204 121294 DEBUG oslo_messaging._drivers.amqpdriver [-] AMQPListener connection consume poll /usr/lib/python3/dist-packages/oslo_messaging/_drivers/amqpdriver.py:357
2025-01-09 00:33:34.204 121292 DEBUG oslo_messaging._drivers.amqpdriver [-] Listener is running poll /usr/lib/python3/dist-packages/oslo_messaging/_drivers/amqpdriver.py:343
2025-01-09 00:33:34.205 119815 DEBUG oslo_service.service [req-95f7e7c4-2de8-44eb-b65c-e26b357eb374 - - - - -] glance.service_type = image log_opt_values /usr/lib/python3/dist-packages/oslo_config/cfg.py:2609
2025-01-09 00:33:34.205 121292 DEBUG oslo_messaging._drivers.amqpdriver [-] AMQPListener connection consume poll /usr/lib/python3/dist-packages/oslo_messaging/_drivers/amqpdriver.py:357
2025-01-09 00:33:34.205 119815 DEBUG oslo_service.service [req-95f7e7c4-2de8-44eb-b65c-e26b357eb374 - - - - -] glance.split_loggers = False log_opt_values /usr/lib/python3/dist-packages/oslo_config/cfg.py:2609
2025-01-09 00:33:34.205 119815 DEBUG oslo_service.service [req-95f7e7c4-2de8-44eb-b65c-e26b357eb374 - - - - -] glance.status_code_retries = None log_opt_values /usr/lib/python3/dist-packages/oslo_config/cfg.py:2609
2025-01-09 00:33:34.205 119815 DEBUG oslo_service.service [req-95f7e7c4-2de8-44eb-b65c-e26b357eb374 - - - - -] glance.status_code_retry_delay = None log_opt_values /usr/lib/python3/dist-packages/oslo_config/cfg.py:2609
2025-01-09 00:33:34.205 121292 DEBUG nova.service [req-847c1553-12f9-4681-8904-72c0359a3986 - - - - -] Join ServiceGroup membership for this service scheduler start /usr/lib/python3/dist-packages/nova/service.py:199
2025-01-09 00:33:34.205 119815 DEBUG oslo_service.service [req-95f7e7c4-2de8-44eb-b65c-e26b357eb374 - - - - -] glance.timeout = None log_opt_values /usr/lib/python3/dist-packages/oslo_config/cfg.py:2609
2025-01-09 00:33:34.205 121292 DEBUG nova.servicegroup.drivers.db [req-847c1553-12f9-4681-8904-72c0359a3986 - - - - -] DB_Driver: join new ServiceGroup member juju-88d04a-0-lxd-7 to the scheduler group, service = join /usr/lib/python3/dist-packages/nova/servicegroup/drivers/db.py:44
2025-01-09 00:33:34.205 119815 DEBUG oslo_service.service [req-95f7e7c4-2de8-44eb-b65c-e26b357eb374 - - - - -] glance.valid_interfaces = ['internal', 'public'] log_opt_values /usr/lib/python3/dist-packages/oslo_config/cfg.py:2609
2025-01-09 00:33:34.206 119815 DEBUG oslo_service.service [req-95f7e7c4-2de8-44eb-b65c-e26b357eb374 - - - - -] glance.verify_glance_signatures = False log_opt_values /usr/lib/python3/dist-packages/oslo_config/cfg.py:2609
2025-01-09 00:33:34.206 119815 DEBUG oslo_service.service [req-95f7e7c4-2de8-44eb-b65c-e26b357eb374 - - - - -] glance.version = None log_opt_values /usr/lib/python3/dist-packages/oslo_config/cfg.py:2609
2025-01-09 00:33:34.206 119815 DEBUG oslo_service.service [req-95f7e7c4-2de8-44eb-b65c-e26b357eb374 - - - - -] guestfs.debug = False log_opt_values /usr/lib/python3/dist-packages/oslo_config/cfg.py:2609
2025-01-09 00:33:34.206 119815 DEBUG oslo_service.service [req-95f7e7c4-2de8-44eb-b65c-e26b357eb374 - - - - -] hyperv.config_drive_cdrom = False log_opt_values /usr/lib/python3/dist-packages/oslo_config/cfg.py:2609
2025-01-09 00:33:34.206 121292 DEBUG oslo_service.periodic_task [req-2f5d5a5e-ee11-4af4-82cc-d687387a94d6 - - - - -] Running periodic task SchedulerManager._discover_hosts_in_cells run_periodic_tasks /usr/lib/python3/dist-packages/oslo_service/periodic_task.py:210
2025-01-09 00:33:34.206 119815 DEBUG oslo_service.service [req-95f7e7c4-2de8-44eb-b65c-e26b357eb374 - - - - -] hyperv.config_drive_inject_password = False log_opt_values /usr/lib/python3/dist-packages/oslo_config/cfg.py:2609
2025-01-09 00:33:34.206 119815 DEBUG oslo_service.service [req-95f7e7c4-2de8-44eb-b65c-e26b357eb374 - - - - -] hyperv.dynamic_memory_ratio = 1.0 log_opt_values /usr/lib/python3/dist-packages/oslo_config/cfg.py:2609
2025-01-09 00:33:34.207 119815 DEBUG oslo_service.service [req-95f7e7c4-2de8-44eb-b65c-e26b357eb374 - - - - -] hyperv.enable_instance_metrics_collection = False log_opt_values /usr/lib/python3/dist-packages/oslo_config/cfg.py:2609
2025-01-09 00:33:34.207 119815 DEBUG oslo_service.service [req-95f7e7c4-2de8-44eb-b65c-e26b357eb374 - - - - -] hyperv.enable_remotefx = False log_opt_values /usr/lib/python3/dist-packages/oslo_config/cfg.py:2609
2025-01-09 00:33:34.207 121292 DEBUG oslo_db.sqlalchemy.engines [req-2f5d5a5e-ee11-4af4-82cc-d687387a94d6 - - - - -] Parent process 119815 forked (121292) with an open database connection, which is being discarded and recreated. checkout /usr/lib/python3/dist-packages/oslo_db/sqlalchemy/engines.py:413
2025-01-09 00:33:34.212 121292 DEBUG oslo_messaging._drivers.amqpdriver [-] AMQPListener connection timeout poll /usr/lib/python3/dist-packages/oslo_messaging/_drivers/amqpdriver.py:360
2025-01-09 00:33:34.212 121292 DEBUG oslo_messaging._drivers.amqpdriver [-] Listener is running poll /usr/lib/python3/dist-packages/oslo_messaging/_drivers/amqpdriver.py:343
2025-01-09 00:33:34.212 121292 DEBUG oslo_messaging._drivers.amqpdriver [-] AMQPListener connection consume poll /usr/lib/python3/dist-packages/oslo_messaging/_drivers/amqpdriver.py:357
2025-01-09 00:33:34.207 119815 DEBUG oslo_service.service [req-95f7e7c4-2de8-44eb-b65c-e26b357eb374 - - - - -] hyperv.instances_path_share = log_opt_values /usr/lib/python3/dist-packages/oslo_config/cfg.py:2609
2025-01-09 00:33:34.214 119815 DEBUG oslo_service.service [req-95f7e7c4-2de8-44eb-b65c-e26b357eb374 - - - - -] hyperv.iscsi_initiator_list = [] log_opt_values /usr/lib/python3/dist-packages/oslo_config/cfg.py:2609
2025-01-09 00:33:34.214 119815 DEBUG oslo_service.service [req-95f7e7c4-2de8-44eb-b65c-e26b357eb374 - - - - -] hyperv.limit_cpu_features = False log_opt_values /usr/lib/python3/dist-packages/oslo_config/cfg.py:2609
2025-01-09 00:33:34.214 119815 DEBUG oslo_service.service [req-95f7e7c4-2de8-44eb-b65c-e26b357eb374 - - - - -] hyperv.mounted_disk_query_retry_count = 10 log_opt_values /usr/lib/python3/dist-packages/oslo_config/cfg.py:2609
2025-01-09 00:33:34.214 119815 DEBUG oslo_service.service [req-95f7e7c4-2de8-44eb-b65c-e26b357eb374 - - - - -] hyperv.mounted_disk_query_retry_interval = 5 log_opt_values /usr/lib/python3/dist-packages/oslo_config/cfg.py:2609
2025-01-09 00:33:34.214 119815 DEBUG oslo_service.service [req-95f7e7c4-2de8-44eb-b65c-e26b357eb374 - - - - -] hyperv.power_state_check_timeframe = 60 log_opt_values /usr/lib/python3/dist-packages/oslo_config/cfg.py:2609
2025-01-09 00:33:34.215 119815 DEBUG oslo_service.service [req-95f7e7c4-2de8-44eb-b65c-e26b357eb374 - - - - -] hyperv.power_state_event_polling_interval = 2 log_opt_values /usr/lib/python3/dist-packages/oslo_config/cfg.py:2609
2025-01-09 00:33:34.215 119815 DEBUG oslo_service.service [req-95f7e7c4-2de8-44eb-b65c-e26b357eb374 - - - - -] hyperv.qemu_img_cmd = qemu-img.exe log_opt_values /usr/lib/python3/dist-packages/oslo_config/cfg.py:2609
2025-01-09 00:33:34.215 119815 DEBUG oslo_service.service [req-95f7e7c4-2de8-44eb-b65c-e26b357eb374 - - - - -] hyperv.use_multipath_io = False log_opt_values /usr/lib/python3/dist-packages/oslo_config/cfg.py:2609
2025-01-09 00:33:34.215 119815 DEBUG oslo_service.service [req-95f7e7c4-2de8-44eb-b65c-e26b357eb374 - - - - -] hyperv.volume_attach_retry_count = 10 log_opt_values /usr/lib/python3/dist-packages/oslo_config/cfg.py:2609
2025-01-09 00:33:34.215 119815 DEBUG oslo_service.service [req-95f7e7c4-2de8-44eb-b65c-e26b357eb374 - - - - -] hyperv.volume_attach_retry_interval = 5 log_opt_values /usr/lib/python3/dist-packages/oslo_config/cfg.py:2609
2025-01-09 00:33:34.215 119815 DEBUG oslo_service.service [req-95f7e7c4-2de8-44eb-b65c-e26b357eb374 - - - - -] hyperv.vswitch_name = None log_opt_values /usr/lib/python3/dist-packages/oslo_config/cfg.py:2609
2025-01-09 00:33:34.216 119815 DEBUG oslo_service.service [req-95f7e7c4-2de8-44eb-b65c-e26b357eb374 - - - - -] hyperv.wait_soft_reboot_seconds = 60 log_opt_values /usr/lib/python3/dist-packages/oslo_config/cfg.py:2609
2025-01-09 00:33:34.216 119815 DEBUG oslo_service.service [req-95f7e7c4-2de8-44eb-b65c-e26b357eb374 - - - - -] mks.enabled = False log_opt_values /usr/lib/python3/dist-packages/oslo_config/cfg.py:2609
2025-01-09 00:33:34.216 119815 DEBUG oslo_service.service [req-95f7e7c4-2de8-44eb-b65c-e26b357eb374 - - - - -] mks.mksproxy_base_url = http://127.0.0.1:6090/ log_opt_values /usr/lib/python3/dist-packages/oslo_config/cfg.py:2609
2025-01-09 00:33:34.216 119815 DEBUG oslo_service.service [req-95f7e7c4-2de8-44eb-b65c-e26b357eb374 - - - - -] image_cache.manager_interval = 2400 log_opt_values /usr/lib/python3/dist-packages/oslo_config/cfg.py:2609
2025-01-09 00:33:34.217 119815 DEBUG oslo_service.service [req-95f7e7c4-2de8-44eb-b65c-e26b357eb374 - - - - -] image_cache.precache_concurrency = 1 log_opt_values /usr/lib/python3/dist-packages/oslo_config/cfg.py:2609
2025-01-09 00:33:34.217 119815 DEBUG oslo_service.service [req-95f7e7c4-2de8-44eb-b65c-e26b357eb374 - - - - -] image_cache.remove_unused_base_images = True log_opt_values /usr/lib/python3/dist-packages/oslo_config/cfg.py:2609
2025-01-09 00:33:34.217 119815 DEBUG oslo_service.service [req-95f7e7c4-2de8-44eb-b65c-e26b357eb374 - - - - -] image_cache.remove_unused_original_minimum_age_seconds = 86400 log_opt_values /usr/lib/python3/dist-packages/oslo_config/cfg.py:2609
2025-01-09 00:33:34.217 119815 DEBUG oslo_service.service [req-95f7e7c4-2de8-44eb-b65c-e26b357eb374 - - - - -] image_cache.remove_unused_resized_minimum_age_seconds = 3600 log_opt_values /usr/lib/python3/dist-packages/oslo_config/cfg.py:2609
2025-01-09 00:33:34.217 119815 DEBUG oslo_service.service [req-95f7e7c4-2de8-44eb-b65c-e26b357eb374 - - - - -] image_cache.subdirectory_name = _base log_opt_values /usr/lib/python3/dist-packages/oslo_config/cfg.py:2609
2025-01-09 00:33:34.218 119815 DEBUG oslo_service.service [req-95f7e7c4-2de8-44eb-b65c-e26b357eb374 - - - - -] ironic.api_max_retries = 60 log_opt_values /usr/lib/python3/dist-packages/oslo_config/cfg.py:2609
2025-01-09 00:33:34.218 119815 DEBUG oslo_service.service [req-95f7e7c4-2de8-44eb-b65c-e26b357eb374 - - - - -] ironic.api_retry_interval = 2 log_opt_values /usr/lib/python3/dist-packages/oslo_config/cfg.py:2609
2025-01-09 00:33:34.218 119815 DEBUG oslo_service.service [req-95f7e7c4-2de8-44eb-b65c-e26b357eb374 - - - - -] ironic.auth_section = None log_opt_values /usr/lib/python3/dist-packages/oslo_config/cfg.py:2609
2025-01-09 00:33:34.218 119815 DEBUG oslo_service.service [req-95f7e7c4-2de8-44eb-b65c-e26b357eb374 - - - - -] ironic.auth_type = None log_opt_values /usr/lib/python3/dist-packages/oslo_config/cfg.py:2609
2025-01-09 00:33:34.218 119815 DEBUG oslo_service.service [req-95f7e7c4-2de8-44eb-b65c-e26b357eb374 - - - - -] ironic.cafile = None log_opt_values /usr/lib/python3/dist-packages/oslo_config/cfg.py:2609
2025-01-09 00:33:34.218 119815 DEBUG oslo_service.service [req-95f7e7c4-2de8-44eb-b65c-e26b357eb374 - - - - -] ironic.certfile = None log_opt_values /usr/lib/python3/dist-packages/oslo_config/cfg.py:2609
2025-01-09 00:33:34.218 119815 DEBUG oslo_service.service [req-95f7e7c4-2de8-44eb-b65c-e26b357eb374 - - - - -] ironic.collect_timing = False log_opt_values /usr/lib/python3/dist-packages/oslo_config/cfg.py:2609
2025-01-09 00:33:34.219 119815 DEBUG oslo_service.service [req-95f7e7c4-2de8-44eb-b65c-e26b357eb374 - - - - -] ironic.connect_retries = None log_opt_values /usr/lib/python3/dist-packages/oslo_config/cfg.py:2609
2025-01-09 00:33:34.219 119815 DEBUG oslo_service.service [req-95f7e7c4-2de8-44eb-b65c-e26b357eb374 - - - - -] ironic.connect_retry_delay = None log_opt_values /usr/lib/python3/dist-packages/oslo_config/cfg.py:2609
2025-01-09 00:33:34.219 119815 DEBUG oslo_service.service [req-95f7e7c4-2de8-44eb-b65c-e26b357eb374 - - - - -] ironic.endpoint_override = None log_opt_values /usr/lib/python3/dist-packages/oslo_config/cfg.py:2609
2025-01-09 00:33:34.219 119815 DEBUG oslo_service.service [req-95f7e7c4-2de8-44eb-b65c-e26b357eb374 - - - - -] ironic.insecure = False log_opt_values /usr/lib/python3/dist-packages/oslo_config/cfg.py:2609
2025-01-09 00:33:34.219 119815 DEBUG oslo_service.service [req-95f7e7c4-2de8-44eb-b65c-e26b357eb374 - - - - -] ironic.keyfile = None log_opt_values /usr/lib/python3/dist-packages/oslo_config/cfg.py:2609
2025-01-09 00:33:34.220 119815 DEBUG oslo_service.service [req-95f7e7c4-2de8-44eb-b65c-e26b357eb374 - - - - -] ironic.max_version = None log_opt_values /usr/lib/python3/dist-packages/oslo_config/cfg.py:2609
2025-01-09 00:33:34.220 119815 DEBUG oslo_service.service [req-95f7e7c4-2de8-44eb-b65c-e26b357eb374 - - - - -] ironic.min_version = None log_opt_values /usr/lib/python3/dist-packages/oslo_config/cfg.py:2609
2025-01-09 00:33:34.220 119815 DEBUG oslo_service.service [req-95f7e7c4-2de8-44eb-b65c-e26b357eb374 - - - - -] ironic.partition_key = None log_opt_values /usr/lib/python3/dist-packages/oslo_config/cfg.py:2609
2025-01-09 00:33:34.220 119815 DEBUG oslo_service.service [req-95f7e7c4-2de8-44eb-b65c-e26b357eb374 - - - - -] ironic.peer_list = [] log_opt_values /usr/lib/python3/dist-packages/oslo_config/cfg.py:2609
2025-01-09 00:33:34.220 119815 DEBUG oslo_service.service [req-95f7e7c4-2de8-44eb-b65c-e26b357eb374 - - - - -] ironic.region_name = None log_opt_values /usr/lib/python3/dist-packages/oslo_config/cfg.py:2609
2025-01-09 00:33:34.220 119815 DEBUG oslo_service.service [req-95f7e7c4-2de8-44eb-b65c-e26b357eb374 - - - - -] ironic.serial_console_state_timeout = 10 log_opt_values /usr/lib/python3/dist-packages/oslo_config/cfg.py:2609
2025-01-09 00:33:34.220 119815 DEBUG oslo_service.service [req-95f7e7c4-2de8-44eb-b65c-e26b357eb374 - - - - -] ironic.service_name = None log_opt_values /usr/lib/python3/dist-packages/oslo_config/cfg.py:2609
2025-01-09 00:33:34.221 119815 DEBUG oslo_service.service [req-95f7e7c4-2de8-44eb-b65c-e26b357eb374 - - - - -] ironic.service_type = baremetal log_opt_values /usr/lib/python3/dist-packages/oslo_config/cfg.py:2609
2025-01-09 00:33:34.221 119815 DEBUG oslo_service.service [req-95f7e7c4-2de8-44eb-b65c-e26b357eb374 - - - - -] ironic.split_loggers = False log_opt_values /usr/lib/python3/dist-packages/oslo_config/cfg.py:2609
2025-01-09 00:33:34.221 119815 DEBUG oslo_service.service [req-95f7e7c4-2de8-44eb-b65c-e26b357eb374 - - - - -] ironic.status_code_retries = None log_opt_values /usr/lib/python3/dist-packages/oslo_config/cfg.py:2609
2025-01-09 00:33:34.221 119815 DEBUG oslo_service.service [req-95f7e7c4-2de8-44eb-b65c-e26b357eb374 - - - - -] ironic.status_code_retry_delay = None log_opt_values /usr/lib/python3/dist-packages/oslo_config/cfg.py:2609
2025-01-09 00:33:34.221 119815 DEBUG oslo_service.service [req-95f7e7c4-2de8-44eb-b65c-e26b357eb374 - - - - -] ironic.timeout = None log_opt_values /usr/lib/python3/dist-packages/oslo_config/cfg.py:2609
2025-01-09 00:33:34.221 119815 DEBUG oslo_service.service [req-95f7e7c4-2de8-44eb-b65c-e26b357eb374 - - - - -] ironic.valid_interfaces = ['internal', 'public'] log_opt_values /usr/lib/python3/dist-packages/oslo_config/cfg.py:2609
2025-01-09 00:33:34.221 119815 DEBUG oslo_service.service [req-95f7e7c4-2de8-44eb-b65c-e26b357eb374 - - - - -] ironic.version = None log_opt_values /usr/lib/python3/dist-packages/oslo_config/cfg.py:2609
2025-01-09 00:33:34.222 119815 DEBUG oslo_service.service [req-95f7e7c4-2de8-44eb-b65c-e26b357eb374 - - - - -] key_manager.backend = barbican log_opt_values /usr/lib/python3/dist-packages/oslo_config/cfg.py:2609
2025-01-09 00:33:34.222 121292 DEBUG oslo_concurrency.lockutils [req-2f5d5a5e-ee11-4af4-82cc-d687387a94d6 - - - - -] Lock "0a5eb2e7-aeba-4768-b4a8-cb59a3cdae03" acquired by "nova.context.set_target_cell..get_or_set_cached_cell_and_set_connections" :: waited 0.000s inner /usr/lib/python3/dist-packages/oslo_concurrency/lockutils.py:386
2025-01-09 00:33:34.222 119815 DEBUG oslo_service.service [req-95f7e7c4-2de8-44eb-b65c-e26b357eb374 - - - - -] key_manager.fixed_key = **** log_opt_values /usr/lib/python3/dist-packages/oslo_config/cfg.py:2609
2025-01-09 00:33:34.222 119815 DEBUG oslo_service.service [req-95f7e7c4-2de8-44eb-b65c-e26b357eb374 - - - - -] barbican.auth_endpoint = http://localhost/identity/v3 log_opt_values /usr/lib/python3/dist-packages/oslo_config/cfg.py:2609
2025-01-09 00:33:34.222 119815 DEBUG oslo_service.service [req-95f7e7c4-2de8-44eb-b65c-e26b357eb374 - - - - -] barbican.barbican_api_version = None log_opt_values /usr/lib/python3/dist-packages/oslo_config/cfg.py:2609
2025-01-09 00:33:34.222 119815 DEBUG oslo_service.service [req-95f7e7c4-2de8-44eb-b65c-e26b357eb374 - - - - -] barbican.barbican_endpoint = None log_opt_values /usr/lib/python3/dist-packages/oslo_config/cfg.py:2609
2025-01-09 00:33:34.223 119815 DEBUG oslo_service.service [req-95f7e7c4-2de8-44eb-b65c-e26b357eb374 - - - - -] barbican.barbican_endpoint_type = public log_opt_values /usr/lib/python3/dist-packages/oslo_config/cfg.py:2609
2025-01-09 00:33:34.223 119815 DEBUG oslo_service.service [req-95f7e7c4-2de8-44eb-b65c-e26b357eb374 - - - - -] barbican.barbican_region_name = None log_opt_values /usr/lib/python3/dist-packages/oslo_config/cfg.py:2609
2025-01-09 00:33:34.223 119815 DEBUG oslo_service.service [req-95f7e7c4-2de8-44eb-b65c-e26b357eb374 - - - - -] barbican.cafile = None log_opt_values /usr/lib/python3/dist-packages/oslo_config/cfg.py:2609
2025-01-09 00:33:34.223 119815 DEBUG oslo_service.service [req-95f7e7c4-2de8-44eb-b65c-e26b357eb374 - - - - -] barbican.certfile = None log_opt_values /usr/lib/python3/dist-packages/oslo_config/cfg.py:2609
2025-01-09 00:33:34.223 119815 DEBUG oslo_service.service [req-95f7e7c4-2de8-44eb-b65c-e26b357eb374 - - - - -] barbican.collect_timing = False log_opt_values /usr/lib/python3/dist-packages/oslo_config/cfg.py:2609
2025-01-09 00:33:34.223 121292 DEBUG oslo_concurrency.lockutils [req-2f5d5a5e-ee11-4af4-82cc-d687387a94d6 - - - - -] Lock "0a5eb2e7-aeba-4768-b4a8-cb59a3cdae03" "released" by "nova.context.set_target_cell..get_or_set_cached_cell_and_set_connections" :: held 0.002s inner /usr/lib/python3/dist-packages/oslo_concurrency/lockutils.py:400
2025-01-09 00:33:34.223 119815 DEBUG oslo_service.service [req-95f7e7c4-2de8-44eb-b65c-e26b357eb374 - - - - -] barbican.insecure = False log_opt_values /usr/lib/python3/dist-packages/oslo_config/cfg.py:2609
2025-01-09 00:33:34.224 119815 DEBUG oslo_service.service [req-95f7e7c4-2de8-44eb-b65c-e26b357eb374 - - - - -] barbican.keyfile = None log_opt_values /usr/lib/python3/dist-packages/oslo_config/cfg.py:2609
2025-01-09 00:33:34.224 119815 DEBUG oslo_service.service [req-95f7e7c4-2de8-44eb-b65c-e26b357eb374 - - - - -] barbican.number_of_retries = 60 log_opt_values /usr/lib/python3/dist-packages/oslo_config/cfg.py:2609
2025-01-09 00:33:34.224 119815 DEBUG oslo_service.service [req-95f7e7c4-2de8-44eb-b65c-e26b357eb374 - - - - -] barbican.retry_delay = 1 log_opt_values /usr/lib/python3/dist-packages/oslo_config/cfg.py:2609
2025-01-09 00:33:34.224 119815 DEBUG oslo_service.service [req-95f7e7c4-2de8-44eb-b65c-e26b357eb374 - - - - -] barbican.send_service_user_token = False log_opt_values /usr/lib/python3/dist-packages/oslo_config/cfg.py:2609
2025-01-09 00:33:34.224 119815 DEBUG oslo_service.service [req-95f7e7c4-2de8-44eb-b65c-e26b357eb374 - - - - -] barbican.split_loggers = False log_opt_values /usr/lib/python3/dist-packages/oslo_config/cfg.py:2609
2025-01-09 00:33:34.224 119815 DEBUG oslo_service.service [req-95f7e7c4-2de8-44eb-b65c-e26b357eb374 - - - - -] barbican.timeout = None log_opt_values /usr/lib/python3/dist-packages/oslo_config/cfg.py:2609
2025-01-09 00:33:34.224 119815 DEBUG oslo_service.service [req-95f7e7c4-2de8-44eb-b65c-e26b357eb374 - - - - -] barbican.verify_ssl = True log_opt_values /usr/lib/python3/dist-packages/oslo_config/cfg.py:2609
2025-01-09 00:33:34.225 119815 DEBUG oslo_service.service [req-95f7e7c4-2de8-44eb-b65c-e26b357eb374 - - - - -] barbican.verify_ssl_path = None log_opt_values /usr/lib/python3/dist-packages/oslo_config/cfg.py:2609
2025-01-09 00:33:34.225 119815 DEBUG oslo_service.service [req-95f7e7c4-2de8-44eb-b65c-e26b357eb374 - - - - -] barbican_service_user.auth_section = None log_opt_values /usr/lib/python3/dist-packages/oslo_config/cfg.py:2609
2025-01-09 00:33:34.225 119815 DEBUG oslo_service.service [req-95f7e7c4-2de8-44eb-b65c-e26b357eb374 - - - - -] barbican_service_user.auth_type = None log_opt_values /usr/lib/python3/dist-packages/oslo_config/cfg.py:2609
2025-01-09 00:33:34.225 119815 DEBUG oslo_service.service [req-95f7e7c4-2de8-44eb-b65c-e26b357eb374 - - - - -] barbican_service_user.cafile = None log_opt_values /usr/lib/python3/dist-packages/oslo_config/cfg.py:2609
2025-01-09 00:33:34.225 119815 DEBUG oslo_service.service [req-95f7e7c4-2de8-44eb-b65c-e26b357eb374 - - - - -] barbican_service_user.certfile = None log_opt_values /usr/lib/python3/dist-packages/oslo_config/cfg.py:2609
2025-01-09 00:33:34.226 119815 DEBUG oslo_service.service [req-95f7e7c4-2de8-44eb-b65c-e26b357eb374 - - - - -] barbican_service_user.collect_timing = False log_opt_values /usr/lib/python3/dist-packages/oslo_config/cfg.py:2609
2025-01-09 00:33:34.226 119815 DEBUG oslo_service.service [req-95f7e7c4-2de8-44eb-b65c-e26b357eb374 - - - - -] barbican_service_user.insecure = False log_opt_values /usr/lib/python3/dist-packages/oslo_config/cfg.py:2609
2025-01-09 00:33:34.226 119815 DEBUG oslo_service.service [req-95f7e7c4-2de8-44eb-b65c-e26b357eb374 - - - - -] barbican_service_user.keyfile = None log_opt_values /usr/lib/python3/dist-packages/oslo_config/cfg.py:2609
2025-01-09 00:33:34.226 119815 DEBUG oslo_service.service [req-95f7e7c4-2de8-44eb-b65c-e26b357eb374 - - - - -] barbican_service_user.split_loggers = False log_opt_values /usr/lib/python3/dist-packages/oslo_config/cfg.py:2609
2025-01-09 00:33:34.226 119815 DEBUG oslo_service.service [req-95f7e7c4-2de8-44eb-b65c-e26b357eb374 - - - - -] barbican_service_user.timeout = None log_opt_values /usr/lib/python3/dist-packages/oslo_config/cfg.py:2609
2025-01-09 00:33:34.226 119815 DEBUG oslo_service.service [req-95f7e7c4-2de8-44eb-b65c-e26b357eb374 - - - - -] vault.approle_role_id = None log_opt_values /usr/lib/python3/dist-packages/oslo_config/cfg.py:2609
2025-01-09 00:33:34.226 119815 DEBUG oslo_service.service [req-95f7e7c4-2de8-44eb-b65c-e26b357eb374 - - - - -] vault.approle_secret_id = None log_opt_values /usr/lib/python3/dist-packages/oslo_config/cfg.py:2609
2025-01-09 00:33:34.227 119815 DEBUG oslo_service.service [req-95f7e7c4-2de8-44eb-b65c-e26b357eb374 - - - - -] vault.cafile = None log_opt_values /usr/lib/python3/dist-packages/oslo_config/cfg.py:2609
2025-01-09 00:33:34.227 119815 DEBUG oslo_service.service [req-95f7e7c4-2de8-44eb-b65c-e26b357eb374 - - - - -] vault.certfile = None log_opt_values /usr/lib/python3/dist-packages/oslo_config/cfg.py:2609
2025-01-09 00:33:34.227 119815 DEBUG oslo_service.service [req-95f7e7c4-2de8-44eb-b65c-e26b357eb374 - - - - -] vault.collect_timing = False log_opt_values /usr/lib/python3/dist-packages/oslo_config/cfg.py:2609
2025-01-09 00:33:34.227 119815 DEBUG oslo_service.service [req-95f7e7c4-2de8-44eb-b65c-e26b357eb374 - - - - -] vault.insecure = False log_opt_values /usr/lib/python3/dist-packages/oslo_config/cfg.py:2609
2025-01-09 00:33:34.227 119815 DEBUG oslo_service.service [req-95f7e7c4-2de8-44eb-b65c-e26b357eb374 - - - - -] vault.keyfile = None log_opt_values /usr/lib/python3/dist-packages/oslo_config/cfg.py:2609
2025-01-09 00:33:34.227 119815 DEBUG oslo_service.service [req-95f7e7c4-2de8-44eb-b65c-e26b357eb374 - - - - -] vault.kv_mountpoint = secret log_opt_values /usr/lib/python3/dist-packages/oslo_config/cfg.py:2609
2025-01-09 00:33:34.228 119815 DEBUG oslo_service.service [req-95f7e7c4-2de8-44eb-b65c-e26b357eb374 - - - - -] vault.kv_version = 2 log_opt_values /usr/lib/python3/dist-packages/oslo_config/cfg.py:2609
2025-01-09 00:33:34.228 119815 DEBUG oslo_service.service [req-95f7e7c4-2de8-44eb-b65c-e26b357eb374 - - - - -] vault.namespace = None log_opt_values /usr/lib/python3/dist-packages/oslo_config/cfg.py:2609
2025-01-09 00:33:34.228 119815 DEBUG oslo_service.service [req-95f7e7c4-2de8-44eb-b65c-e26b357eb374 - - - - -] vault.root_token_id = None log_opt_values /usr/lib/python3/dist-packages/oslo_config/cfg.py:2609
2025-01-09 00:33:34.228 119815 DEBUG oslo_service.service [req-95f7e7c4-2de8-44eb-b65c-e26b357eb374 - - - - -] vault.split_loggers = False log_opt_values /usr/lib/python3/dist-packages/oslo_config/cfg.py:2609
2025-01-09 00:33:34.228 119815 DEBUG oslo_service.service [req-95f7e7c4-2de8-44eb-b65c-e26b357eb374 - - - - -] vault.ssl_ca_crt_file = None log_opt_values /usr/lib/python3/dist-packages/oslo_config/cfg.py:2609
2025-01-09 00:33:34.228 119815 DEBUG oslo_service.service [req-95f7e7c4-2de8-44eb-b65c-e26b357eb374 - - - - -] vault.timeout = None log_opt_values /usr/lib/python3/dist-packages/oslo_config/cfg.py:2609
2025-01-09 00:33:34.228 119815 DEBUG oslo_service.service [req-95f7e7c4-2de8-44eb-b65c-e26b357eb374 - - - - -] vault.use_ssl = False log_opt_values /usr/lib/python3/dist-packages/oslo_config/cfg.py:2609
2025-01-09 00:33:34.229 119815 DEBUG oslo_service.service [req-95f7e7c4-2de8-44eb-b65c-e26b357eb374 - - - - -] vault.vault_url = http://127.0.0.1:8200 log_opt_values /usr/lib/python3/dist-packages/oslo_config/cfg.py:2609
2025-01-09 00:33:34.229 119815 DEBUG oslo_service.service [req-95f7e7c4-2de8-44eb-b65c-e26b357eb374 - - - - -] keystone.cafile = None log_opt_values /usr/lib/python3/dist-packages/oslo_config/cfg.py:2609
2025-01-09 00:33:34.229 119815 DEBUG oslo_service.service [req-95f7e7c4-2de8-44eb-b65c-e26b357eb374 - - - - -] keystone.certfile = None log_opt_values /usr/lib/python3/dist-packages/oslo_config/cfg.py:2609
2025-01-09 00:33:34.229 119815 DEBUG oslo_service.service [req-95f7e7c4-2de8-44eb-b65c-e26b357eb374 - - - - -] keystone.collect_timing = False log_opt_values /usr/lib/python3/dist-packages/oslo_config/cfg.py:2609
2025-01-09 00:33:34.229 119815 DEBUG oslo_service.service [req-95f7e7c4-2de8-44eb-b65c-e26b357eb374 - - - - -] keystone.connect_retries = None log_opt_values /usr/lib/python3/dist-packages/oslo_config/cfg.py:2609
2025-01-09 00:33:34.230 119815 DEBUG oslo_service.service [req-95f7e7c4-2de8-44eb-b65c-e26b357eb374 - - - - -] keystone.connect_retry_delay = None log_opt_values /usr/lib/python3/dist-packages/oslo_config/cfg.py:2609
2025-01-09 00:33:34.230 119815 DEBUG oslo_service.service [req-95f7e7c4-2de8-44eb-b65c-e26b357eb374 - - - - -] keystone.endpoint_override = None log_opt_values /usr/lib/python3/dist-packages/oslo_config/cfg.py:2609
2025-01-09 00:33:34.230 119815 DEBUG oslo_service.service [req-95f7e7c4-2de8-44eb-b65c-e26b357eb374 - - - - -] keystone.insecure = False log_opt_values /usr/lib/python3/dist-packages/oslo_config/cfg.py:2609
2025-01-09 00:33:34.230 119815 DEBUG oslo_service.service [req-95f7e7c4-2de8-44eb-b65c-e26b357eb374 - - - - -] keystone.keyfile = None log_opt_values /usr/lib/python3/dist-packages/oslo_config/cfg.py:2609
2025-01-09 00:33:34.231 119815 DEBUG oslo_service.service [req-95f7e7c4-2de8-44eb-b65c-e26b357eb374 - - - - -] keystone.max_version = None log_opt_values /usr/lib/python3/dist-packages/oslo_config/cfg.py:2609
2025-01-09 00:33:34.231 119815 DEBUG oslo_service.service [req-95f7e7c4-2de8-44eb-b65c-e26b357eb374 - - - - -] keystone.min_version = None log_opt_values /usr/lib/python3/dist-packages/oslo_config/cfg.py:2609
2025-01-09 00:33:34.232 119815 DEBUG oslo_service.service [req-95f7e7c4-2de8-44eb-b65c-e26b357eb374 - - - - -] keystone.region_name = None log_opt_values /usr/lib/python3/dist-packages/oslo_config/cfg.py:2609
2025-01-09 00:33:34.232 119815 DEBUG oslo_service.service [req-95f7e7c4-2de8-44eb-b65c-e26b357eb374 - - - - -] keystone.service_name = None log_opt_values /usr/lib/python3/dist-packages/oslo_config/cfg.py:2609
2025-01-09 00:33:34.232 119815 DEBUG oslo_service.service [req-95f7e7c4-2de8-44eb-b65c-e26b357eb374 - - - - -] keystone.service_type = identity log_opt_values /usr/lib/python3/dist-packages/oslo_config/cfg.py:2609
2025-01-09 00:33:34.232 119815 DEBUG oslo_service.service [req-95f7e7c4-2de8-44eb-b65c-e26b357eb374 - - - - -] keystone.split_loggers = False log_opt_values /usr/lib/python3/dist-packages/oslo_config/cfg.py:2609
2025-01-09 00:33:34.232 119815 DEBUG oslo_service.service [req-95f7e7c4-2de8-44eb-b65c-e26b357eb374 - - - - -] keystone.status_code_retries = None log_opt_values /usr/lib/python3/dist-packages/oslo_config/cfg.py:2609
2025-01-09 00:33:34.232 119815 DEBUG oslo_service.service [req-95f7e7c4-2de8-44eb-b65c-e26b357eb374 - - - - -] keystone.status_code_retry_delay = None log_opt_values /usr/lib/python3/dist-packages/oslo_config/cfg.py:2609
2025-01-09 00:33:34.232 119815 DEBUG oslo_service.service [req-95f7e7c4-2de8-44eb-b65c-e26b357eb374 - - - - -] keystone.timeout = None log_opt_values /usr/lib/python3/dist-packages/oslo_config/cfg.py:2609
2025-01-09 00:33:34.233 119815 DEBUG oslo_service.service [req-95f7e7c4-2de8-44eb-b65c-e26b357eb374 - - - - -] keystone.valid_interfaces = ['internal', 'public'] log_opt_values /usr/lib/python3/dist-packages/oslo_config/cfg.py:2609
