2025-01-09 02:16:29.615 77393 DEBUG oslo_service.service [-] clients_designate.key_file = None log_opt_values /usr/lib/python3/dist-packages/oslo_config/cfg.py:2609
2025-01-09 02:16:29.615 77393 DEBUG oslo_service.service [-] clients_glance.ca_file = None log_opt_values /usr/lib/python3/dist-packages/oslo_config/cfg.py:2609
2025-01-09 02:16:29.616 77393 DEBUG oslo_service.service [-] clients_glance.cert_file = None log_opt_values /usr/lib/python3/dist-packages/oslo_config/cfg.py:2609
2025-01-09 02:16:29.616 77393 DEBUG oslo_service.service [-] clients_glance.endpoint_type = None log_opt_values /usr/lib/python3/dist-packages/oslo_config/cfg.py:2609
2025-01-09 02:16:29.616 77393 DEBUG oslo_service.service [-] clients_glance.insecure = None log_opt_values /usr/lib/python3/dist-packages/oslo_config/cfg.py:2609
2025-01-09 02:16:29.616 77393 DEBUG oslo_service.service [-] clients_glance.key_file = None log_opt_values /usr/lib/python3/dist-packages/oslo_config/cfg.py:2609
2025-01-09 02:16:29.616 77393 DEBUG oslo_service.service [-] clients_heat.ca_file = None log_opt_values /usr/lib/python3/dist-packages/oslo_config/cfg.py:2609
2025-01-09 02:16:29.616 77393 DEBUG oslo_service.service [-] clients_heat.cert_file = None log_opt_values /usr/lib/python3/dist-packages/oslo_config/cfg.py:2609
2025-01-09 02:16:29.616 77393 DEBUG oslo_service.service [-] clients_heat.endpoint_type = None log_opt_values /usr/lib/python3/dist-packages/oslo_config/cfg.py:2609
2025-01-09 02:16:29.616 77393 DEBUG oslo_service.service [-] clients_heat.insecure = None log_opt_values /usr/lib/python3/dist-packages/oslo_config/cfg.py:2609
2025-01-09 02:16:29.616 77393 DEBUG oslo_service.service [-] clients_heat.key_file = None log_opt_values /usr/lib/python3/dist-packages/oslo_config/cfg.py:2609
2025-01-09 02:16:29.617 77393 DEBUG oslo_service.service [-] clients_heat.url = log_opt_values /usr/lib/python3/dist-packages/oslo_config/cfg.py:2609
2025-01-09 02:16:29.617 77393 DEBUG oslo_service.service [-] clients_keystone.auth_uri = http://252.30.73.62:5050 log_opt_values /usr/lib/python3/dist-packages/oslo_config/cfg.py:2609
2025-01-09 02:16:29.617 77393 DEBUG oslo_service.service [-] clients_keystone.ca_file = None log_opt_values /usr/lib/python3/dist-packages/oslo_config/cfg.py:2609
2025-01-09 02:16:29.617 77393 DEBUG oslo_service.service [-] clients_keystone.cert_file = None log_opt_values /usr/lib/python3/dist-packages/oslo_config/cfg.py:2609
2025-01-09 02:16:29.617 77393 DEBUG oslo_service.service [-] clients_keystone.endpoint_type = None log_opt_values /usr/lib/python3/dist-packages/oslo_config/cfg.py:2609
2025-01-09 02:16:29.617 77393 DEBUG oslo_service.service [-] clients_keystone.insecure = None log_opt_values /usr/lib/python3/dist-packages/oslo_config/cfg.py:2609
2025-01-09 02:16:29.617 77393 DEBUG oslo_service.service [-] clients_keystone.key_file = None log_opt_values /usr/lib/python3/dist-packages/oslo_config/cfg.py:2609
2025-01-09 02:16:29.617 77393 DEBUG oslo_service.service [-] clients_magnum.ca_file = None log_opt_values /usr/lib/python3/dist-packages/oslo_config/cfg.py:2609
2025-01-09 02:16:29.617 77393 DEBUG oslo_service.service [-] clients_magnum.cert_file = None log_opt_values /usr/lib/python3/dist-packages/oslo_config/cfg.py:2609
2025-01-09 02:16:29.618 77393 DEBUG oslo_service.service [-] clients_magnum.endpoint_type = None log_opt_values /usr/lib/python3/dist-packages/oslo_config/cfg.py:2609
2025-01-09 02:16:29.618 77393 DEBUG oslo_service.service [-] clients_magnum.insecure = None log_opt_values /usr/lib/python3/dist-packages/oslo_config/cfg.py:2609
2025-01-09 02:16:29.618 77393 DEBUG oslo_service.service [-] clients_magnum.key_file = None log_opt_values /usr/lib/python3/dist-packages/oslo_config/cfg.py:2609
2025-01-09 02:16:29.618 77393 DEBUG oslo_service.service [-] clients_manila.ca_file = None log_opt_values /usr/lib/python3/dist-packages/oslo_config/cfg.py:2609
2025-01-09 02:16:29.618 77393 DEBUG oslo_service.service [-] clients_manila.cert_file = None log_opt_values /usr/lib/python3/dist-packages/oslo_config/cfg.py:2609
2025-01-09 02:16:29.618 77393 DEBUG oslo_service.service [-] clients_manila.endpoint_type = None log_opt_values /usr/lib/python3/dist-packages/oslo_config/cfg.py:2609
2025-01-09 02:16:29.618 77393 DEBUG oslo_service.service [-] clients_manila.insecure = None log_opt_values /usr/lib/python3/dist-packages/oslo_config/cfg.py:2609
2025-01-09 02:16:29.618 77393 DEBUG oslo_service.service [-] clients_manila.key_file = None log_opt_values /usr/lib/python3/dist-packages/oslo_config/cfg.py:2609
2025-01-09 02:16:29.618 77393 DEBUG oslo_service.service [-] clients_mistral.ca_file = None log_opt_values /usr/lib/python3/dist-packages/oslo_config/cfg.py:2609
2025-01-09 02:16:29.619 77393 DEBUG oslo_service.service [-] clients_mistral.cert_file = None log_opt_values /usr/lib/python3/dist-packages/oslo_config/cfg.py:2609
2025-01-09 02:16:29.619 77393 DEBUG oslo_service.service [-] clients_mistral.endpoint_type = None log_opt_values /usr/lib/python3/dist-packages/oslo_config/cfg.py:2609
2025-01-09 02:16:29.619 77393 DEBUG oslo_service.service [-] clients_mistral.insecure = None log_opt_values /usr/lib/python3/dist-packages/oslo_config/cfg.py:2609
2025-01-09 02:16:29.619 77393 DEBUG oslo_service.service [-] clients_mistral.key_file = None log_opt_values /usr/lib/python3/dist-packages/oslo_config/cfg.py:2609
2025-01-09 02:16:29.619 77393 DEBUG oslo_service.service [-] clients_monasca.ca_file = None log_opt_values /usr/lib/python3/dist-packages/oslo_config/cfg.py:2609
2025-01-09 02:16:29.619 77393 DEBUG oslo_service.service [-] clients_monasca.cert_file = None log_opt_values /usr/lib/python3/dist-packages/oslo_config/cfg.py:2609
2025-01-09 02:16:29.619 77393 DEBUG oslo_service.service [-] clients_monasca.endpoint_type = None log_opt_values /usr/lib/python3/dist-packages/oslo_config/cfg.py:2609
2025-01-09 02:16:29.619 77393 DEBUG oslo_service.service [-] clients_monasca.insecure = None log_opt_values /usr/lib/python3/dist-packages/oslo_config/cfg.py:2609
2025-01-09 02:16:29.619 77393 DEBUG oslo_service.service [-] clients_monasca.key_file = None log_opt_values /usr/lib/python3/dist-packages/oslo_config/cfg.py:2609
2025-01-09 02:16:29.619 77393 DEBUG oslo_service.service [-] clients_neutron.ca_file = None log_opt_values /usr/lib/python3/dist-packages/oslo_config/cfg.py:2609
2025-01-09 02:16:29.620 77393 DEBUG oslo_service.service [-] clients_neutron.cert_file = None log_opt_values /usr/lib/python3/dist-packages/oslo_config/cfg.py:2609
2025-01-09 02:16:29.620 77393 DEBUG oslo_service.service [-] clients_neutron.endpoint_type = None log_opt_values /usr/lib/python3/dist-packages/oslo_config/cfg.py:2609
2025-01-09 02:16:29.620 77393 DEBUG oslo_service.service [-] clients_neutron.insecure = None log_opt_values /usr/lib/python3/dist-packages/oslo_config/cfg.py:2609
2025-01-09 02:16:29.620 77393 DEBUG oslo_service.service [-] clients_neutron.key_file = None log_opt_values /usr/lib/python3/dist-packages/oslo_config/cfg.py:2609
2025-01-09 02:16:29.620 77393 DEBUG oslo_service.service [-] clients_nova.ca_file = None log_opt_values /usr/lib/python3/dist-packages/oslo_config/cfg.py:2609
2025-01-09 02:16:29.620 77393 DEBUG oslo_service.service [-] clients_nova.cert_file = None log_opt_values /usr/lib/python3/dist-packages/oslo_config/cfg.py:2609
2025-01-09 02:16:29.620 77393 DEBUG oslo_service.service [-] clients_nova.endpoint_type = None log_opt_values /usr/lib/python3/dist-packages/oslo_config/cfg.py:2609
2025-01-09 02:16:29.620 77393 DEBUG oslo_service.service [-] clients_nova.http_log_debug = False log_opt_values /usr/lib/python3/dist-packages/oslo_config/cfg.py:2609
2025-01-09 02:16:29.620 77393 DEBUG oslo_service.service [-] clients_nova.insecure = None log_opt_values /usr/lib/python3/dist-packages/oslo_config/cfg.py:2609
2025-01-09 02:16:29.621 77393 DEBUG oslo_service.service [-] clients_nova.key_file = None log_opt_values /usr/lib/python3/dist-packages/oslo_config/cfg.py:2609
2025-01-09 02:16:29.621 77393 DEBUG oslo_service.service [-] clients_octavia.ca_file = None log_opt_values /usr/lib/python3/dist-packages/oslo_config/cfg.py:2609
2025-01-09 02:16:29.621 77393 DEBUG oslo_service.service [-] clients_octavia.cert_file = None log_opt_values /usr/lib/python3/dist-packages/oslo_config/cfg.py:2609
2025-01-09 02:16:29.621 77393 DEBUG oslo_service.service [-] clients_octavia.endpoint_type = None log_opt_values /usr/lib/python3/dist-packages/oslo_config/cfg.py:2609
2025-01-09 02:16:29.621 77393 DEBUG oslo_service.service [-] clients_octavia.insecure = None log_opt_values /usr/lib/python3/dist-packages/oslo_config/cfg.py:2609
2025-01-09 02:16:29.621 77393 DEBUG oslo_service.service [-] clients_octavia.key_file = None log_opt_values /usr/lib/python3/dist-packages/oslo_config/cfg.py:2609
2025-01-09 02:16:29.621 77393 DEBUG oslo_service.service [-] clients_sahara.ca_file = None log_opt_values /usr/lib/python3/dist-packages/oslo_config/cfg.py:2609
2025-01-09 02:16:29.621 77393 DEBUG oslo_service.service [-] clients_sahara.cert_file = None log_opt_values /usr/lib/python3/dist-packages/oslo_config/cfg.py:2609
2025-01-09 02:16:29.621 77393 DEBUG oslo_service.service [-] clients_sahara.endpoint_type = None log_opt_values /usr/lib/python3/dist-packages/oslo_config/cfg.py:2609
2025-01-09 02:16:29.621 77393 DEBUG oslo_service.service [-] clients_sahara.insecure = None log_opt_values /usr/lib/python3/dist-packages/oslo_config/cfg.py:2609
2025-01-09 02:16:29.622 77393 DEBUG oslo_service.service [-] clients_sahara.key_file = None log_opt_values /usr/lib/python3/dist-packages/oslo_config/cfg.py:2609
2025-01-09 02:16:29.622 77393 DEBUG oslo_service.service [-] clients_senlin.ca_file = None log_opt_values /usr/lib/python3/dist-packages/oslo_config/cfg.py:2609
2025-01-09 02:16:29.622 77393 DEBUG oslo_service.service [-] clients_senlin.cert_file = None log_opt_values /usr/lib/python3/dist-packages/oslo_config/cfg.py:2609
2025-01-09 02:16:29.622 77393 DEBUG oslo_service.service [-] clients_senlin.endpoint_type = None log_opt_values /usr/lib/python3/dist-packages/oslo_config/cfg.py:2609
2025-01-09 02:16:29.622 77393 DEBUG oslo_service.service [-] clients_senlin.insecure = None log_opt_values /usr/lib/python3/dist-packages/oslo_config/cfg.py:2609
2025-01-09 02:16:29.622 77393 DEBUG oslo_service.service [-] clients_senlin.key_file = None log_opt_values /usr/lib/python3/dist-packages/oslo_config/cfg.py:2609
2025-01-09 02:16:29.622 77393 DEBUG oslo_service.service [-] clients_swift.ca_file = None log_opt_values /usr/lib/python3/dist-packages/oslo_config/cfg.py:2609
2025-01-09 02:16:29.622 77393 DEBUG oslo_service.service [-] clients_swift.cert_file = None log_opt_values /usr/lib/python3/dist-packages/oslo_config/cfg.py:2609
2025-01-09 02:16:29.622 77393 DEBUG oslo_service.service [-] clients_swift.endpoint_type = None log_opt_values /usr/lib/python3/dist-packages/oslo_config/cfg.py:2609
2025-01-09 02:16:29.623 77393 DEBUG oslo_service.service [-] clients_swift.insecure = None log_opt_values /usr/lib/python3/dist-packages/oslo_config/cfg.py:2609
2025-01-09 02:16:29.623 77393 DEBUG oslo_service.service [-] clients_swift.key_file = None log_opt_values /usr/lib/python3/dist-packages/oslo_config/cfg.py:2609
2025-01-09 02:16:29.623 77393 DEBUG oslo_service.service [-] clients_trove.ca_file = None log_opt_values /usr/lib/python3/dist-packages/oslo_config/cfg.py:2609
2025-01-09 02:16:29.623 77393 DEBUG oslo_service.service [-] clients_trove.cert_file = None log_opt_values /usr/lib/python3/dist-packages/oslo_config/cfg.py:2609
2025-01-09 02:16:29.623 77393 DEBUG oslo_service.service [-] clients_trove.endpoint_type = None log_opt_values /usr/lib/python3/dist-packages/oslo_config/cfg.py:2609
2025-01-09 02:16:29.623 77393 DEBUG oslo_service.service [-] clients_trove.insecure = None log_opt_values /usr/lib/python3/dist-packages/oslo_config/cfg.py:2609
2025-01-09 02:16:29.623 77393 DEBUG oslo_service.service [-] clients_trove.key_file = None log_opt_values /usr/lib/python3/dist-packages/oslo_config/cfg.py:2609
2025-01-09 02:16:29.623 77393 DEBUG oslo_service.service [-] clients_vitrage.ca_file = None log_opt_values /usr/lib/python3/dist-packages/oslo_config/cfg.py:2609
2025-01-09 02:16:29.623 77393 DEBUG oslo_service.service [-] clients_vitrage.cert_file = None log_opt_values /usr/lib/python3/dist-packages/oslo_config/cfg.py:2609
2025-01-09 02:16:29.623 77393 DEBUG oslo_service.service [-] clients_vitrage.endpoint_type = None log_opt_values /usr/lib/python3/dist-packages/oslo_config/cfg.py:2609
2025-01-09 02:16:29.624 77393 DEBUG oslo_service.service [-] clients_vitrage.insecure = None log_opt_values /usr/lib/python3/dist-packages/oslo_config/cfg.py:2609
2025-01-09 02:16:29.624 77393 DEBUG oslo_service.service [-] clients_vitrage.key_file = None log_opt_values /usr/lib/python3/dist-packages/oslo_config/cfg.py:2609
2025-01-09 02:16:29.624 77393 DEBUG oslo_service.service [-] clients_zaqar.ca_file = None log_opt_values /usr/lib/python3/dist-packages/oslo_config/cfg.py:2609
2025-01-09 02:16:29.624 77393 DEBUG oslo_service.service [-] clients_zaqar.cert_file = None log_opt_values /usr/lib/python3/dist-packages/oslo_config/cfg.py:2609
2025-01-09 02:16:29.624 77393 DEBUG oslo_service.service [-] clients_zaqar.endpoint_type = None log_opt_values /usr/lib/python3/dist-packages/oslo_config/cfg.py:2609
2025-01-09 02:16:29.624 77393 DEBUG oslo_service.service [-] clients_zaqar.insecure = None log_opt_values /usr/lib/python3/dist-packages/oslo_config/cfg.py:2609
2025-01-09 02:16:29.624 77393 DEBUG oslo_service.service [-] clients_zaqar.key_file = None log_opt_values /usr/lib/python3/dist-packages/oslo_config/cfg.py:2609
2025-01-09 02:16:29.624 77393 DEBUG oslo_service.service [-] database.backend = sqlalchemy log_opt_values /usr/lib/python3/dist-packages/oslo_config/cfg.py:2609
2025-01-09 02:16:29.625 77393 DEBUG oslo_service.service [-] database.connection = **** log_opt_values /usr/lib/python3/dist-packages/oslo_config/cfg.py:2609
2025-01-09 02:16:29.625 77393 DEBUG oslo_service.service [-] database.connection_debug = 0 log_opt_values /usr/lib/python3/dist-packages/oslo_config/cfg.py:2609
2025-01-09 02:16:29.625 77393 DEBUG oslo_service.service [-] database.connection_parameters = log_opt_values /usr/lib/python3/dist-packages/oslo_config/cfg.py:2609
2025-01-09 02:16:29.625 77393 DEBUG oslo_service.service [-] database.connection_recycle_time = 3600 log_opt_values /usr/lib/python3/dist-packages/oslo_config/cfg.py:2609
2025-01-09 02:16:29.625 77393 DEBUG oslo_service.service [-] database.connection_trace = False log_opt_values /usr/lib/python3/dist-packages/oslo_config/cfg.py:2609
2025-01-09 02:16:29.625 77393 DEBUG oslo_service.service [-] database.db_inc_retry_interval = True log_opt_values /usr/lib/python3/dist-packages/oslo_config/cfg.py:2609
2025-01-09 02:16:29.625 77393 DEBUG oslo_service.service [-] database.db_max_retries = 20 log_opt_values /usr/lib/python3/dist-packages/oslo_config/cfg.py:2609
2025-01-09 02:16:29.625 77393 DEBUG oslo_service.service [-] database.db_max_retry_interval = 10 log_opt_values /usr/lib/python3/dist-packages/oslo_config/cfg.py:2609
2025-01-09 02:16:29.626 77393 DEBUG oslo_service.service [-] database.db_retry_interval = 1 log_opt_values /usr/lib/python3/dist-packages/oslo_config/cfg.py:2609
2025-01-09 02:16:29.626 77393 DEBUG oslo_service.service [-] database.max_overflow = 50 log_opt_values /usr/lib/python3/dist-packages/oslo_config/cfg.py:2609
2025-01-09 02:16:29.626 77393 DEBUG oslo_service.service [-] database.max_pool_size = 5 log_opt_values /usr/lib/python3/dist-packages/oslo_config/cfg.py:2609
2025-01-09 02:16:29.626 77393 DEBUG oslo_service.service [-] database.max_retries = 10 log_opt_values /usr/lib/python3/dist-packages/oslo_config/cfg.py:2609
2025-01-09 02:16:29.626 77393 DEBUG oslo_service.service [-] database.mysql_enable_ndb = False log_opt_values /usr/lib/python3/dist-packages/oslo_config/cfg.py:2609
2025-01-09 02:16:29.626 77393 DEBUG oslo_service.service [-] database.mysql_sql_mode = TRADITIONAL log_opt_values /usr/lib/python3/dist-packages/oslo_config/cfg.py:2609
2025-01-09 02:16:29.626 77393 DEBUG oslo_service.service [-] database.pool_timeout = None log_opt_values /usr/lib/python3/dist-packages/oslo_config/cfg.py:2609
2025-01-09 02:16:29.626 77393 DEBUG oslo_service.service [-] database.retry_interval = 10 log_opt_values /usr/lib/python3/dist-packages/oslo_config/cfg.py:2609
2025-01-09 02:16:29.627 77393 DEBUG oslo_service.service [-] database.slave_connection = **** log_opt_values /usr/lib/python3/dist-packages/oslo_config/cfg.py:2609
2025-01-09 02:16:29.627 77393 DEBUG oslo_service.service [-] database.sqlite_synchronous = True log_opt_values /usr/lib/python3/dist-packages/oslo_config/cfg.py:2609
2025-01-09 02:16:29.627 77393 DEBUG oslo_service.service [-] database.use_db_reconnect = False log_opt_values /usr/lib/python3/dist-packages/oslo_config/cfg.py:2609
2025-01-09 02:16:29.627 77393 DEBUG oslo_service.service [-] oslo_messaging_metrics.metrics_buffer_size = 1000 log_opt_values /usr/lib/python3/dist-packages/oslo_config/cfg.py:2609
2025-01-09 02:16:29.627 77393 DEBUG oslo_service.service [-] oslo_messaging_metrics.metrics_enabled = False log_opt_values /usr/lib/python3/dist-packages/oslo_config/cfg.py:2609
2025-01-09 02:16:29.627 77393 DEBUG oslo_service.service [-] oslo_messaging_metrics.metrics_process_name = log_opt_values /usr/lib/python3/dist-packages/oslo_config/cfg.py:2609
2025-01-09 02:16:29.627 77393 DEBUG oslo_service.service [-] oslo_messaging_metrics.metrics_socket_file = /var/tmp/metrics_collector.sock log_opt_values /usr/lib/python3/dist-packages/oslo_config/cfg.py:2609
2025-01-09 02:16:29.627 77393 DEBUG oslo_service.service [-] oslo_messaging_metrics.metrics_thread_stop_timeout = 10 log_opt_values /usr/lib/python3/dist-packages/oslo_config/cfg.py:2609
2025-01-09 02:16:29.627 77393 DEBUG oslo_service.service [-] oslo_policy.enforce_new_defaults = False log_opt_values /usr/lib/python3/dist-packages/oslo_config/cfg.py:2609
2025-01-09 02:16:29.628 77393 DEBUG oslo_service.service [-] oslo_policy.enforce_scope = False log_opt_values /usr/lib/python3/dist-packages/oslo_config/cfg.py:2609
2025-01-09 02:16:29.628 77393 DEBUG oslo_service.service [-] oslo_policy.policy_default_rule = default log_opt_values /usr/lib/python3/dist-packages/oslo_config/cfg.py:2609
2025-01-09 02:16:29.628 77393 DEBUG oslo_service.service [-] oslo_policy.policy_dirs = ['policy.d'] log_opt_values /usr/lib/python3/dist-packages/oslo_config/cfg.py:2609
2025-01-09 02:16:29.628 77393 DEBUG oslo_service.service [-] oslo_policy.policy_file = policy.yaml log_opt_values /usr/lib/python3/dist-packages/oslo_config/cfg.py:2609
2025-01-09 02:16:29.628 77393 DEBUG oslo_service.service [-] oslo_policy.remote_content_type = application/x-www-form-urlencoded log_opt_values /usr/lib/python3/dist-packages/oslo_config/cfg.py:2609
2025-01-09 02:16:29.628 77393 DEBUG oslo_service.service [-] oslo_policy.remote_ssl_ca_crt_file = None log_opt_values /usr/lib/python3/dist-packages/oslo_config/cfg.py:2609
2025-01-09 02:16:29.628 77393 DEBUG oslo_service.service [-] oslo_policy.remote_ssl_client_crt_file = None log_opt_values /usr/lib/python3/dist-packages/oslo_config/cfg.py:2609
2025-01-09 02:16:29.628 77393 DEBUG oslo_service.service [-] oslo_policy.remote_ssl_client_key_file = None log_opt_values /usr/lib/python3/dist-packages/oslo_config/cfg.py:2609
2025-01-09 02:16:29.629 77393 DEBUG oslo_service.service [-] oslo_policy.remote_ssl_verify_server_crt = False log_opt_values /usr/lib/python3/dist-packages/oslo_config/cfg.py:2609
2025-01-09 02:16:29.629 77393 DEBUG oslo_service.service [-] trustee.auth_section = None log_opt_values /usr/lib/python3/dist-packages/oslo_config/cfg.py:2609
2025-01-09 02:16:29.629 77393 WARNING oslo_config.cfg [-] Deprecated: Option "auth_plugin" from group "trustee" is deprecated. Use option "auth_type" from group "trustee".
2025-01-09 02:16:29.629 77393 DEBUG oslo_service.service [-] trustee.auth_type = password log_opt_values /usr/lib/python3/dist-packages/oslo_config/cfg.py:2609
2025-01-09 02:16:29.629 77393 DEBUG oslo_service.service [-] oslo_versionedobjects.fatal_exception_format_errors = False log_opt_values /usr/lib/python3/dist-packages/oslo_config/cfg.py:2609
2025-01-09 02:16:29.629 77393 DEBUG oslo_service.service [-] oslo_messaging_rabbit.amqp_auto_delete = False log_opt_values /usr/lib/python3/dist-packages/oslo_config/cfg.py:2609
2025-01-09 02:16:29.630 77393 DEBUG oslo_service.service [-] oslo_messaging_rabbit.amqp_durable_queues = False log_opt_values /usr/lib/python3/dist-packages/oslo_config/cfg.py:2609
2025-01-09 02:16:29.630 77393 DEBUG oslo_service.service [-] oslo_messaging_rabbit.conn_pool_min_size = 2 log_opt_values /usr/lib/python3/dist-packages/oslo_config/cfg.py:2609
2025-01-09 02:16:29.630 77393 DEBUG oslo_service.service [-] oslo_messaging_rabbit.conn_pool_ttl = 1200 log_opt_values /usr/lib/python3/dist-packages/oslo_config/cfg.py:2609
2025-01-09 02:16:29.630 77393 DEBUG oslo_service.service [-] oslo_messaging_rabbit.direct_mandatory_flag = True log_opt_values /usr/lib/python3/dist-packages/oslo_config/cfg.py:2609
2025-01-09 02:16:29.630 77393 DEBUG oslo_service.service [-] oslo_messaging_rabbit.enable_cancel_on_failover = False log_opt_values /usr/lib/python3/dist-packages/oslo_config/cfg.py:2609
2025-01-09 02:16:29.630 77393 DEBUG oslo_service.service [-] oslo_messaging_rabbit.heartbeat_in_pthread = True log_opt_values /usr/lib/python3/dist-packages/oslo_config/cfg.py:2609
2025-01-09 02:16:29.630 77393 DEBUG oslo_service.service [-] oslo_messaging_rabbit.heartbeat_rate = 2 log_opt_values /usr/lib/python3/dist-packages/oslo_config/cfg.py:2609
2025-01-09 02:16:29.630 77393 DEBUG oslo_service.service [-] oslo_messaging_rabbit.heartbeat_timeout_threshold = 60 log_opt_values /usr/lib/python3/dist-packages/oslo_config/cfg.py:2609
2025-01-09 02:16:29.630 77393 DEBUG oslo_service.service [-] oslo_messaging_rabbit.kombu_compression = None log_opt_values /usr/lib/python3/dist-packages/oslo_config/cfg.py:2609
2025-01-09 02:16:29.631 77393 DEBUG oslo_service.service [-] oslo_messaging_rabbit.kombu_failover_strategy = round-robin log_opt_values /usr/lib/python3/dist-packages/oslo_config/cfg.py:2609
2025-01-09 02:16:29.631 77393 DEBUG oslo_service.service [-] oslo_messaging_rabbit.kombu_missing_consumer_retry_timeout = 60 log_opt_values /usr/lib/python3/dist-packages/oslo_config/cfg.py:2609
2025-01-09 02:16:29.631 77393 DEBUG oslo_service.service [-] oslo_messaging_rabbit.kombu_reconnect_delay = 1.0 log_opt_values /usr/lib/python3/dist-packages/oslo_config/cfg.py:2609
2025-01-09 02:16:29.631 77393 DEBUG oslo_service.service [-] oslo_messaging_rabbit.rabbit_ha_queues = False log_opt_values /usr/lib/python3/dist-packages/oslo_config/cfg.py:2609
2025-01-09 02:16:29.632 77393 DEBUG oslo_service.service [-] oslo_messaging_rabbit.rabbit_interval_max = 30 log_opt_values /usr/lib/python3/dist-packages/oslo_config/cfg.py:2609
2025-01-09 02:16:29.632 77393 DEBUG oslo_service.service [-] oslo_messaging_rabbit.rabbit_login_method = AMQPLAIN log_opt_values /usr/lib/python3/dist-packages/oslo_config/cfg.py:2609
2025-01-09 02:16:29.632 77393 DEBUG oslo_service.service [-] oslo_messaging_rabbit.rabbit_qos_prefetch_count = 0 log_opt_values /usr/lib/python3/dist-packages/oslo_config/cfg.py:2609
2025-01-09 02:16:29.632 77393 DEBUG oslo_service.service [-] oslo_messaging_rabbit.rabbit_quorum_queue = False log_opt_values /usr/lib/python3/dist-packages/oslo_config/cfg.py:2609
2025-01-09 02:16:29.632 77393 DEBUG oslo_service.service [-] oslo_messaging_rabbit.rabbit_retry_backoff = 2 log_opt_values /usr/lib/python3/dist-packages/oslo_config/cfg.py:2609
2025-01-09 02:16:29.632 77393 DEBUG oslo_service.service [-] oslo_messaging_rabbit.rabbit_retry_interval = 1 log_opt_values /usr/lib/python3/dist-packages/oslo_config/cfg.py:2609
2025-01-09 02:16:29.632 77393 DEBUG oslo_service.service [-] oslo_messaging_rabbit.rabbit_transient_queues_ttl = 1800 log_opt_values /usr/lib/python3/dist-packages/oslo_config/cfg.py:2609
2025-01-09 02:16:29.632 77393 DEBUG oslo_service.service [-] oslo_messaging_rabbit.rpc_conn_pool_size = 30 log_opt_values /usr/lib/python3/dist-packages/oslo_config/cfg.py:2609
2025-01-09 02:16:29.633 77393 DEBUG oslo_service.service [-] oslo_messaging_rabbit.ssl = False log_opt_values /usr/lib/python3/dist-packages/oslo_config/cfg.py:2609
2025-01-09 02:16:29.633 77393 DEBUG oslo_service.service [-] oslo_messaging_rabbit.ssl_ca_file = log_opt_values /usr/lib/python3/dist-packages/oslo_config/cfg.py:2609
2025-01-09 02:16:29.633 77393 DEBUG oslo_service.service [-] oslo_messaging_rabbit.ssl_cert_file = log_opt_values /usr/lib/python3/dist-packages/oslo_config/cfg.py:2609
2025-01-09 02:16:29.633 77393 DEBUG oslo_service.service [-] oslo_messaging_rabbit.ssl_key_file = log_opt_values /usr/lib/python3/dist-packages/oslo_config/cfg.py:2609
2025-01-09 02:16:29.633 77393 DEBUG oslo_service.service [-] oslo_messaging_rabbit.ssl_version = log_opt_values /usr/lib/python3/dist-packages/oslo_config/cfg.py:2609
2025-01-09 02:16:29.633 77393 DEBUG oslo_service.service [-] oslo_messaging_notifications.driver = [] log_opt_values /usr/lib/python3/dist-packages/oslo_config/cfg.py:2609
2025-01-09 02:16:29.638 77393 DEBUG oslo_service.service [-] oslo_messaging_notifications.retry = -1 log_opt_values /usr/lib/python3/dist-packages/oslo_config/cfg.py:2609
2025-01-09 02:16:29.638 77393 DEBUG oslo_service.service [-] oslo_messaging_notifications.topics = ['notifications'] log_opt_values /usr/lib/python3/dist-packages/oslo_config/cfg.py:2609
2025-01-09 02:16:29.638 77393 DEBUG oslo_service.service [-] oslo_messaging_notifications.transport_url = **** log_opt_values /usr/lib/python3/dist-packages/oslo_config/cfg.py:2609
2025-01-09 02:16:29.641 77393 DEBUG oslo_service.service [-] cache.backend = dogpile.cache.null log_opt_values /usr/lib/python3/dist-packages/oslo_config/cfg.py:2609
2025-01-09 02:16:29.642 77393 DEBUG oslo_service.service [-] cache.backend_argument = **** log_opt_values /usr/lib/python3/dist-packages/oslo_config/cfg.py:2609
2025-01-09 02:16:29.642 77393 DEBUG oslo_service.service [-] cache.config_prefix = cache.oslo log_opt_values /usr/lib/python3/dist-packages/oslo_config/cfg.py:2609
2025-01-09 02:16:29.642 77393 DEBUG oslo_service.service [-] cache.debug_cache_backend = False log_opt_values /usr/lib/python3/dist-packages/oslo_config/cfg.py:2609
2025-01-09 02:16:29.642 77393 DEBUG oslo_service.service [-] cache.enabled = False log_opt_values /usr/lib/python3/dist-packages/oslo_config/cfg.py:2609
2025-01-09 02:16:29.642 77393 DEBUG oslo_service.service [-] cache.expiration_time = 600 log_opt_values /usr/lib/python3/dist-packages/oslo_config/cfg.py:2609
2025-01-09 02:16:29.642 77393 DEBUG oslo_service.service [-] cache.memcache_dead_retry = 300 log_opt_values /usr/lib/python3/dist-packages/oslo_config/cfg.py:2609
2025-01-09 02:16:29.642 77393 DEBUG oslo_service.service [-] cache.memcache_pool_connection_get_timeout = 10 log_opt_values /usr/lib/python3/dist-packages/oslo_config/cfg.py:2609
2025-01-09 02:16:29.643 77393 DEBUG oslo_service.service [-] cache.memcache_pool_flush_on_reconnect = False log_opt_values /usr/lib/python3/dist-packages/oslo_config/cfg.py:2609
2025-01-09 02:16:29.643 77393 DEBUG oslo_service.service [-] cache.memcache_pool_maxsize = 10 log_opt_values /usr/lib/python3/dist-packages/oslo_config/cfg.py:2609
2025-01-09 02:16:29.643 77393 DEBUG oslo_service.service [-] cache.memcache_pool_unused_timeout = 60 log_opt_values /usr/lib/python3/dist-packages/oslo_config/cfg.py:2609
2025-01-09 02:16:29.643 77393 DEBUG oslo_service.service [-] cache.memcache_servers = ['localhost:11211'] log_opt_values /usr/lib/python3/dist-packages/oslo_config/cfg.py:2609
2025-01-09 02:16:29.643 77393 DEBUG oslo_service.service [-] cache.memcache_socket_timeout = 1.0 log_opt_values /usr/lib/python3/dist-packages/oslo_config/cfg.py:2609
2025-01-09 02:16:29.643 77393 DEBUG oslo_service.service [-] cache.proxies = [] log_opt_values /usr/lib/python3/dist-packages/oslo_config/cfg.py:2609
2025-01-09 02:16:29.643 77393 DEBUG oslo_service.service [-] cache.tls_allowed_ciphers = None log_opt_values /usr/lib/python3/dist-packages/oslo_config/cfg.py:2609
2025-01-09 02:16:29.643 77393 DEBUG oslo_service.service [-] cache.tls_cafile = None log_opt_values /usr/lib/python3/dist-packages/oslo_config/cfg.py:2609
2025-01-09 02:16:29.644 77393 DEBUG oslo_service.service [-] cache.tls_certfile = None log_opt_values /usr/lib/python3/dist-packages/oslo_config/cfg.py:2609
2025-01-09 02:16:29.644 77393 DEBUG oslo_service.service [-] cache.tls_enabled = False log_opt_values /usr/lib/python3/dist-packages/oslo_config/cfg.py:2609
2025-01-09 02:16:29.644 77393 DEBUG oslo_service.service [-] cache.tls_keyfile = None log_opt_values /usr/lib/python3/dist-packages/oslo_config/cfg.py:2609
2025-01-09 02:16:29.644 77393 DEBUG oslo_service.service [-] constraint_validation_cache.caching = True log_opt_values /usr/lib/python3/dist-packages/oslo_config/cfg.py:2609
2025-01-09 02:16:29.644 77393 DEBUG oslo_service.service [-] constraint_validation_cache.expiration_time = 60 log_opt_values /usr/lib/python3/dist-packages/oslo_config/cfg.py:2609
2025-01-09 02:16:29.644 77393 DEBUG oslo_service.service [-] service_extension_cache.caching = True log_opt_values /usr/lib/python3/dist-packages/oslo_config/cfg.py:2609
2025-01-09 02:16:29.644 77393 DEBUG oslo_service.service [-] service_extension_cache.expiration_time = 3600 log_opt_values /usr/lib/python3/dist-packages/oslo_config/cfg.py:2609
2025-01-09 02:16:29.644 77393 DEBUG oslo_service.service [-] resource_finder_cache.caching = True log_opt_values /usr/lib/python3/dist-packages/oslo_config/cfg.py:2609
2025-01-09 02:16:29.644 77393 DEBUG oslo_service.service [-] resource_finder_cache.expiration_time = 3600 log_opt_values /usr/lib/python3/dist-packages/oslo_config/cfg.py:2609
2025-01-09 02:16:29.645 77393 DEBUG oslo_service.service [-] yaql.limit_iterators = 200 log_opt_values /usr/lib/python3/dist-packages/oslo_config/cfg.py:2609
2025-01-09 02:16:29.645 77393 DEBUG oslo_service.service [-] yaql.memory_quota = 10000 log_opt_values /usr/lib/python3/dist-packages/oslo_config/cfg.py:2609
2025-01-09 02:16:29.645 77393 DEBUG oslo_service.service [-] ******************************************************************************** log_opt_values /usr/lib/python3/dist-packages/oslo_config/cfg.py:2613
2025-01-09 02:16:29.672 77633 DEBUG oslo_db.sqlalchemy.engines [req-7fb1d6af-3682-4a8c-851e-7aba668de195 - - - - -] MySQL server mode set to STRICT_TRANS_TABLES,STRICT_ALL_TABLES,NO_ZERO_IN_DATE,NO_ZERO_DATE,ERROR_FOR_DIVISION_BY_ZERO,TRADITIONAL,NO_ENGINE_SUBSTITUTION _check_effective_sql_mode /usr/lib/python3/dist-packages/oslo_db/sqlalchemy/engines.py:314
2025-01-09 02:16:29.677 77630 DEBUG oslo_db.sqlalchemy.engines [req-0cc437bf-04da-40f4-bfce-e6d1fa906d60 - - - - -] MySQL server mode set to STRICT_TRANS_TABLES,STRICT_ALL_TABLES,NO_ZERO_IN_DATE,NO_ZERO_DATE,ERROR_FOR_DIVISION_BY_ZERO,TRADITIONAL,NO_ENGINE_SUBSTITUTION _check_effective_sql_mode /usr/lib/python3/dist-packages/oslo_db/sqlalchemy/engines.py:314
2025-01-09 02:16:29.679 77631 DEBUG oslo_db.sqlalchemy.engines [req-ae7961fe-7164-4fc4-9119-e5d89684f1c3 - - - - -] MySQL server mode set to STRICT_TRANS_TABLES,STRICT_ALL_TABLES,NO_ZERO_IN_DATE,NO_ZERO_DATE,ERROR_FOR_DIVISION_BY_ZERO,TRADITIONAL,NO_ENGINE_SUBSTITUTION _check_effective_sql_mode /usr/lib/python3/dist-packages/oslo_db/sqlalchemy/engines.py:314
2025-01-09 02:16:29.690 77632 DEBUG oslo_db.sqlalchemy.engines [req-9f97b8aa-66ef-455d-928b-0797a768b1e1 - - - - -] MySQL server mode set to STRICT_TRANS_TABLES,STRICT_ALL_TABLES,NO_ZERO_IN_DATE,NO_ZERO_DATE,ERROR_FOR_DIVISION_BY_ZERO,TRADITIONAL,NO_ENGINE_SUBSTITUTION _check_effective_sql_mode /usr/lib/python3/dist-packages/oslo_db/sqlalchemy/engines.py:314
2025-01-09 02:16:29.740 77633 DEBUG heat.engine.service [req-27634eab-3e11-4eed-a2ed-739008b8045a - - - - -] Service ae856414-1b6a-4a82-af1b-9c587622d7d0 is started service_manage_report /usr/lib/python3/dist-packages/heat/engine/service.py:2363
2025-01-09 02:16:29.746 77631 DEBUG heat.engine.service [req-8aff8abf-d988-4266-a4b9-dab91671bda2 - - - - -] Service 4c0b93a1-3844-453d-8b0c-d58bf68d344f is started service_manage_report /usr/lib/python3/dist-packages/heat/engine/service.py:2363
2025-01-09 02:16:29.747 77630 DEBUG heat.engine.service [req-edf939bc-509f-436e-81a5-546e57a9799c - - - - -] Service 7ec2c79b-3037-4e83-846d-7ccbcaf4c375 is started service_manage_report /usr/lib/python3/dist-packages/heat/engine/service.py:2363
2025-01-09 02:16:29.761 77633 DEBUG heat.engine.service [req-27634eab-3e11-4eed-a2ed-739008b8045a - - - - -] Service ae856414-1b6a-4a82-af1b-9c587622d7d0 is updated service_manage_report /usr/lib/python3/dist-packages/heat/engine/service.py:2370
2025-01-09 02:16:29.765 77630 DEBUG heat.engine.service [req-edf939bc-509f-436e-81a5-546e57a9799c - - - - -] Service 7ec2c79b-3037-4e83-846d-7ccbcaf4c375 is updated service_manage_report /usr/lib/python3/dist-packages/heat/engine/service.py:2370
2025-01-09 02:16:29.765 77631 DEBUG heat.engine.service [req-8aff8abf-d988-4266-a4b9-dab91671bda2 - - - - -] Service 4c0b93a1-3844-453d-8b0c-d58bf68d344f is updated service_manage_report /usr/lib/python3/dist-packages/heat/engine/service.py:2370
2025-01-09 02:16:29.767 77632 DEBUG heat.engine.service [req-880930cb-61fd-45fb-ade1-177b5b89d400 - - - - -] Service 2fd6dd04-0f0b-42de-9340-4682a558fb60 is started service_manage_report /usr/lib/python3/dist-packages/heat/engine/service.py:2363
2025-01-09 02:16:29.781 77632 DEBUG heat.engine.service [req-880930cb-61fd-45fb-ade1-177b5b89d400 - - - - -] Service 2fd6dd04-0f0b-42de-9340-4682a558fb60 is updated service_manage_report /usr/lib/python3/dist-packages/heat/engine/service.py:2370
2025-01-09 02:17:29.774 77633 DEBUG heat.engine.service [req-51d48b1a-4493-437f-9ef0-9c785fc218b9 - - - - -] Service ae856414-1b6a-4a82-af1b-9c587622d7d0 is updated service_manage_report /usr/lib/python3/dist-packages/heat/engine/service.py:2370
2025-01-09 02:17:29.782 77631 DEBUG heat.engine.service [req-0e6e025b-091a-413a-adc9-f95ccbb70c9d - - - - -] Service 4c0b93a1-3844-453d-8b0c-d58bf68d344f is updated service_manage_report /usr/lib/python3/dist-packages/heat/engine/service.py:2370
2025-01-09 02:17:29.782 77630 DEBUG heat.engine.service [req-42a56634-2d96-40b8-ab78-77184c7ff993 - - - - -] Service 7ec2c79b-3037-4e83-846d-7ccbcaf4c375 is updated service_manage_report /usr/lib/python3/dist-packages/heat/engine/service.py:2370
2025-01-09 02:17:29.782 77632 DEBUG heat.engine.service [req-c4d3c2de-85f2-4ca4-af1a-eccfba6e9c3c - - - - -] Service 2fd6dd04-0f0b-42de-9340-4682a558fb60 is updated service_manage_report /usr/lib/python3/dist-packages/heat/engine/service.py:2370
2025-01-09 02:18:29.737 77631 DEBUG heat.engine.service [req-95135f77-ebd4-4fef-8c91-8aed39d9d1f5 - - - - -] Service 4c0b93a1-3844-453d-8b0c-d58bf68d344f is updated service_manage_report /usr/lib/python3/dist-packages/heat/engine/service.py:2370
2025-01-09 02:18:29.742 77630 DEBUG heat.engine.service [req-f85afe2b-d4a6-44f8-8da1-719c006fddca - - - - -] Service 7ec2c79b-3037-4e83-846d-7ccbcaf4c375 is updated service_manage_report /usr/lib/python3/dist-packages/heat/engine/service.py:2370
2025-01-09 02:18:29.743 77633 DEBUG heat.engine.service [req-e47b57e1-ef35-403a-9d58-777c35132f91 - - - - -] Service ae856414-1b6a-4a82-af1b-9c587622d7d0 is updated service_manage_report /usr/lib/python3/dist-packages/heat/engine/service.py:2370
2025-01-09 02:18:29.755 77632 DEBUG heat.engine.service [req-0c81a222-ee43-49fc-96dd-1afaf833be6d - - - - -] Service 2fd6dd04-0f0b-42de-9340-4682a558fb60 is updated service_manage_report /usr/lib/python3/dist-packages/heat/engine/service.py:2370
2025-01-09 02:19:29.870 77630 DEBUG heat.engine.service [req-ca096357-8d4a-49c3-8b07-f239881f4ce1 - - - - -] Service 7ec2c79b-3037-4e83-846d-7ccbcaf4c375 is updated service_manage_report /usr/lib/python3/dist-packages/heat/engine/service.py:2370
2025-01-09 02:19:29.877 77633 DEBUG heat.engine.service [req-0158b4dc-e829-4edc-a1ee-a1ed86822075 - - - - -] Service ae856414-1b6a-4a82-af1b-9c587622d7d0 is updated service_manage_report /usr/lib/python3/dist-packages/heat/engine/service.py:2370
2025-01-09 02:19:29.877 77632 DEBUG heat.engine.service [req-f83f17d4-e687-4d95-90c6-772862d3d91d - - - - -] Service 2fd6dd04-0f0b-42de-9340-4682a558fb60 is updated service_manage_report /usr/lib/python3/dist-packages/heat/engine/service.py:2370
2025-01-09 02:19:29.878 77631 DEBUG heat.engine.service [req-6d2c4d18-31e1-4f1a-8675-f48653a9a4c7 - - - - -] Service 4c0b93a1-3844-453d-8b0c-d58bf68d344f is updated service_manage_report /usr/lib/python3/dist-packages/heat/engine/service.py:2370
2025-01-09 02:20:29.736 77630 DEBUG heat.engine.service [req-72778545-309d-422e-994f-09f786b671e2 - - - - -] Service 7ec2c79b-3037-4e83-846d-7ccbcaf4c375 is updated service_manage_report /usr/lib/python3/dist-packages/heat/engine/service.py:2370
2025-01-09 02:20:29.742 77633 DEBUG heat.engine.service [req-fa39b391-4105-426b-97a3-f07174f54bc8 - - - - -] Service ae856414-1b6a-4a82-af1b-9c587622d7d0 is updated service_manage_report /usr/lib/python3/dist-packages/heat/engine/service.py:2370
2025-01-09 02:20:29.743 77631 DEBUG heat.engine.service [req-fdb685d3-6568-4183-848c-b62eba6f74ae - - - - -] Service 4c0b93a1-3844-453d-8b0c-d58bf68d344f is updated service_manage_report /usr/lib/python3/dist-packages/heat/engine/service.py:2370
2025-01-09 02:20:29.762 77632 DEBUG heat.engine.service [req-0ad1009f-842d-494f-9596-075a2d2dd969 - - - - -] Service 2fd6dd04-0f0b-42de-9340-4682a558fb60 is updated service_manage_report /usr/lib/python3/dist-packages/heat/engine/service.py:2370
2025-01-09 02:21:29.731 77630 DEBUG heat.engine.service [req-be8f94b6-1833-4b18-866f-c7cfb78fbbfa - - - - -] Service 7ec2c79b-3037-4e83-846d-7ccbcaf4c375 is updated service_manage_report /usr/lib/python3/dist-packages/heat/engine/service.py:2370
2025-01-09 02:21:29.750 77633 DEBUG heat.engine.service [req-77863e53-a6f0-42a7-9387-7f40f79008e7 - - - - -] Service ae856414-1b6a-4a82-af1b-9c587622d7d0 is updated service_manage_report /usr/lib/python3/dist-packages/heat/engine/service.py:2370
2025-01-09 02:21:29.758 77631 DEBUG heat.engine.service [req-f37509f6-dd0c-440b-acb5-1eaae753909b - - - - -] Service 4c0b93a1-3844-453d-8b0c-d58bf68d344f is updated service_manage_report /usr/lib/python3/dist-packages/heat/engine/service.py:2370
2025-01-09 02:21:29.764 77632 DEBUG heat.engine.service [req-e498d53d-abb9-43d3-a04d-d7561523b43c - - - - -] Service 2fd6dd04-0f0b-42de-9340-4682a558fb60 is updated service_manage_report /usr/lib/python3/dist-packages/heat/engine/service.py:2370
2025-01-09 02:22:29.734 77630 DEBUG heat.engine.service [req-09bbd983-0d5e-4e74-8835-cf00281c1de2 - - - - -] Service 7ec2c79b-3037-4e83-846d-7ccbcaf4c375 is updated service_manage_report /usr/lib/python3/dist-packages/heat/engine/service.py:2370
2025-01-09 02:22:29.743 77633 DEBUG heat.engine.service [req-1d8df9fc-5712-4dc5-a12e-7c734b46db23 - - - - -] Service ae856414-1b6a-4a82-af1b-9c587622d7d0 is updated service_manage_report /usr/lib/python3/dist-packages/heat/engine/service.py:2370
2025-01-09 02:22:29.749 77631 DEBUG heat.engine.service [req-f7dab849-90e6-471f-8d96-1209cbd924d0 - - - - -] Service 4c0b93a1-3844-453d-8b0c-d58bf68d344f is updated service_manage_report /usr/lib/python3/dist-packages/heat/engine/service.py:2370
2025-01-09 02:22:29.767 77632 DEBUG heat.engine.service [req-1d9b57b1-54d4-4c97-a469-4aec1b8b65d9 - - - - -] Service 2fd6dd04-0f0b-42de-9340-4682a558fb60 is updated service_manage_report /usr/lib/python3/dist-packages/heat/engine/service.py:2370
2025-01-09 02:23:29.741 77630 DEBUG heat.engine.service [req-b84bd6ac-6421-4b77-8724-2a736027639c - - - - -] Service 7ec2c79b-3037-4e83-846d-7ccbcaf4c375 is updated service_manage_report /usr/lib/python3/dist-packages/heat/engine/service.py:2370
2025-01-09 02:23:29.748 77633 DEBUG heat.engine.service [req-8a668052-1258-461d-9c50-020e4fcbe8f2 - - - - -] Service ae856414-1b6a-4a82-af1b-9c587622d7d0 is updated service_manage_report /usr/lib/python3/dist-packages/heat/engine/service.py:2370
2025-01-09 02:23:29.751 77631 DEBUG heat.engine.service [req-e078d703-eac9-4da6-9b3d-6ecd18b4bc12 - - - - -] Service 4c0b93a1-3844-453d-8b0c-d58bf68d344f is updated service_manage_report /usr/lib/python3/dist-packages/heat/engine/service.py:2370
2025-01-09 02:23:29.774 77632 DEBUG heat.engine.service [req-cb4feec6-adf9-48e9-b015-bb0f465857b1 - - - - -] Service 2fd6dd04-0f0b-42de-9340-4682a558fb60 is updated service_manage_report /usr/lib/python3/dist-packages/heat/engine/service.py:2370
2025-01-09 02:24:29.736 77630 DEBUG heat.engine.service [req-eb6d6658-e52c-4d97-9d25-4fbcf5ef2990 - - - - -] Service 7ec2c79b-3037-4e83-846d-7ccbcaf4c375 is updated service_manage_report /usr/lib/python3/dist-packages/heat/engine/service.py:2370
2025-01-09 02:24:29.752 77633 DEBUG heat.engine.service [req-eedb56d7-d88a-4a00-88d2-a29ac555707f - - - - -] Service ae856414-1b6a-4a82-af1b-9c587622d7d0 is updated service_manage_report /usr/lib/python3/dist-packages/heat/engine/service.py:2370
2025-01-09 02:24:29.757 77631 DEBUG heat.engine.service [req-98ae25a7-0733-4017-8f6c-dfd89f5eeb16 - - - - -] Service 4c0b93a1-3844-453d-8b0c-d58bf68d344f is updated service_manage_report /usr/lib/python3/dist-packages/heat/engine/service.py:2370
2025-01-09 02:24:29.772 77632 DEBUG heat.engine.service [req-5005dd99-647e-470e-a8a7-5a63688aef82 - - - - -] Service 2fd6dd04-0f0b-42de-9340-4682a558fb60 is updated service_manage_report /usr/lib/python3/dist-packages/heat/engine/service.py:2370
2025-01-09 02:25:29.742 77630 DEBUG heat.engine.service [req-d578332a-d49b-473c-bd7c-723310856dc8 - - - - -] Service 7ec2c79b-3037-4e83-846d-7ccbcaf4c375 is updated service_manage_report /usr/lib/python3/dist-packages/heat/engine/service.py:2370
2025-01-09 02:25:29.756 77631 DEBUG heat.engine.service [req-d649496e-d54a-4325-a4bd-50ecc4c38705 - - - - -] Service 4c0b93a1-3844-453d-8b0c-d58bf68d344f is updated service_manage_report /usr/lib/python3/dist-packages/heat/engine/service.py:2370
2025-01-09 02:25:29.757 77633 DEBUG heat.engine.service [req-b571ba14-636c-41e2-9ad6-965b304c56bb - - - - -] Service ae856414-1b6a-4a82-af1b-9c587622d7d0 is updated service_manage_report /usr/lib/python3/dist-packages/heat/engine/service.py:2370
2025-01-09 02:25:29.767 77632 DEBUG heat.engine.service [req-1eab57f1-f68e-437a-9579-427b56b5b702 - - - - -] Service 2fd6dd04-0f0b-42de-9340-4682a558fb60 is updated service_manage_report /usr/lib/python3/dist-packages/heat/engine/service.py:2370
2025-01-09 02:26:29.745 77630 DEBUG heat.engine.service [req-cbdbd50c-3a64-4ef1-b27f-7dcdf22924ad - - - - -] Service 7ec2c79b-3037-4e83-846d-7ccbcaf4c375 is updated service_manage_report /usr/lib/python3/dist-packages/heat/engine/service.py:2370
2025-01-09 02:26:29.751 77631 DEBUG heat.engine.service [req-987e32a3-db0f-49de-b8a7-9981707df7b3 - - - - -] Service 4c0b93a1-3844-453d-8b0c-d58bf68d344f is updated service_manage_report /usr/lib/python3/dist-packages/heat/engine/service.py:2370
2025-01-09 02:26:29.759 77633 DEBUG heat.engine.service [req-bb25f4a1-255b-4adf-9f1d-b34d6a54325e - - - - -] Service ae856414-1b6a-4a82-af1b-9c587622d7d0 is updated service_manage_report /usr/lib/python3/dist-packages/heat/engine/service.py:2370
2025-01-09 02:26:29.770 77632 DEBUG heat.engine.service [req-14128a95-8d2f-4b0a-8ed0-6a33fd66f5c2 - - - - -] Service 2fd6dd04-0f0b-42de-9340-4682a558fb60 is updated service_manage_report /usr/lib/python3/dist-packages/heat/engine/service.py:2370
2025-01-09 02:27:29.750 77630 DEBUG heat.engine.service [req-8bbc721b-2d48-4e7e-89be-8927fc36e283 - - - - -] Service 7ec2c79b-3037-4e83-846d-7ccbcaf4c375 is updated service_manage_report /usr/lib/python3/dist-packages/heat/engine/service.py:2370
2025-01-09 02:27:29.756 77631 DEBUG heat.engine.service [req-7fc1f9aa-3c3d-4411-93c3-19f1642a1a00 - - - - -] Service 4c0b93a1-3844-453d-8b0c-d58bf68d344f is updated service_manage_report /usr/lib/python3/dist-packages/heat/engine/service.py:2370
2025-01-09 02:27:29.764 77633 DEBUG heat.engine.service [req-0cb39c93-f85a-4479-b69a-56ef1e3fa690 - - - - -] Service ae856414-1b6a-4a82-af1b-9c587622d7d0 is updated service_manage_report /usr/lib/python3/dist-packages/heat/engine/service.py:2370
2025-01-09 02:27:29.777 77632 DEBUG heat.engine.service [req-f450d942-11b6-4c56-a81d-8bbf7cce9420 - - - - -] Service 2fd6dd04-0f0b-42de-9340-4682a558fb60 is updated service_manage_report /usr/lib/python3/dist-packages/heat/engine/service.py:2370
2025-01-09 02:28:29.755 77630 DEBUG heat.engine.service [req-b77ca154-d425-431d-bfe2-2bdd2d3dcabf - - - - -] Service 7ec2c79b-3037-4e83-846d-7ccbcaf4c375 is updated service_manage_report /usr/lib/python3/dist-packages/heat/engine/service.py:2370
2025-01-09 02:28:29.760 77631 DEBUG heat.engine.service [req-ee247543-5061-46d1-852b-77aedde7b0eb - - - - -] Service 4c0b93a1-3844-453d-8b0c-d58bf68d344f is updated service_manage_report /usr/lib/python3/dist-packages/heat/engine/service.py:2370
2025-01-09 02:28:29.769 77633 DEBUG heat.engine.service [req-b6441199-571e-4141-a245-552dc89dd8b4 - - - - -] Service ae856414-1b6a-4a82-af1b-9c587622d7d0 is updated service_manage_report /usr/lib/python3/dist-packages/heat/engine/service.py:2370
2025-01-09 02:28:29.771 77632 DEBUG heat.engine.service [req-f6751e63-4938-4334-a3d2-b3092588c0a7 - - - - -] Service 2fd6dd04-0f0b-42de-9340-4682a558fb60 is updated service_manage_report /usr/lib/python3/dist-packages/heat/engine/service.py:2370
2025-01-09 02:29:29.753 77630 DEBUG heat.engine.service [req-ebe1a4b1-6175-423b-828c-1ced27bc522e - - - - -] Service 7ec2c79b-3037-4e83-846d-7ccbcaf4c375 is updated service_manage_report /usr/lib/python3/dist-packages/heat/engine/service.py:2370
2025-01-09 02:29:29.767 77631 DEBUG heat.engine.service [req-f255a189-d0a5-4cf3-b88d-2eb856426154 - - - - -] Service 4c0b93a1-3844-453d-8b0c-d58bf68d344f is updated service_manage_report /usr/lib/python3/dist-packages/heat/engine/service.py:2370
2025-01-09 02:29:29.774 77633 DEBUG heat.engine.service [req-66d7d9e7-62c5-48b0-9a38-5003f3fdf290 - - - - -] Service ae856414-1b6a-4a82-af1b-9c587622d7d0 is updated service_manage_report /usr/lib/python3/dist-packages/heat/engine/service.py:2370
2025-01-09 02:29:29.780 77632 DEBUG heat.engine.service [req-48c3adf3-9847-4c1b-a6ce-5d3839be46f3 - - - - -] Service 2fd6dd04-0f0b-42de-9340-4682a558fb60 is updated service_manage_report /usr/lib/python3/dist-packages/heat/engine/service.py:2370
2025-01-09 02:30:29.852 77630 DEBUG heat.engine.service [req-df02eaae-b441-4f20-884e-c4f40683cb99 - - - - -] Service 7ec2c79b-3037-4e83-846d-7ccbcaf4c375 is updated service_manage_report /usr/lib/python3/dist-packages/heat/engine/service.py:2370
2025-01-09 02:30:29.855 77633 DEBUG heat.engine.service [req-5a0b91cc-2a98-4986-b124-563db108057e - - - - -] Service ae856414-1b6a-4a82-af1b-9c587622d7d0 is updated service_manage_report /usr/lib/python3/dist-packages/heat/engine/service.py:2370
2025-01-09 02:30:29.855 77632 DEBUG heat.engine.service [req-547f55f5-f824-45f3-88f2-aa7278a839f8 - - - - -] Service 2fd6dd04-0f0b-42de-9340-4682a558fb60 is updated service_manage_report /usr/lib/python3/dist-packages/heat/engine/service.py:2370
2025-01-09 02:30:29.855 77631 DEBUG heat.engine.service [req-56688c4a-a23b-4b67-968b-ee3afb916f9b - - - - -] Service 4c0b93a1-3844-453d-8b0c-d58bf68d344f is updated service_manage_report /usr/lib/python3/dist-packages/heat/engine/service.py:2370
2025-01-09 02:31:29.761 77630 DEBUG heat.engine.service [req-b238e9cb-f73f-4786-8886-95ffeb213f72 - - - - -] Service 7ec2c79b-3037-4e83-846d-7ccbcaf4c375 is updated service_manage_report /usr/lib/python3/dist-packages/heat/engine/service.py:2370
2025-01-09 02:31:29.765 77631 DEBUG heat.engine.service [req-2e7402e1-e7f3-4ef6-8e7b-d0d948587795 - - - - -] Service 4c0b93a1-3844-453d-8b0c-d58bf68d344f is updated service_manage_report /usr/lib/python3/dist-packages/heat/engine/service.py:2370
2025-01-09 02:31:29.775 77632 DEBUG heat.engine.service [req-13637685-abbb-43c2-b9be-66c86f187fb4 - - - - -] Service 2fd6dd04-0f0b-42de-9340-4682a558fb60 is updated service_manage_report /usr/lib/python3/dist-packages/heat/engine/service.py:2370
2025-01-09 02:31:29.781 77633 DEBUG heat.engine.service [req-74ba4f76-eded-48f2-b636-fc13d0984d70 - - - - -] Service ae856414-1b6a-4a82-af1b-9c587622d7d0 is updated service_manage_report /usr/lib/python3/dist-packages/heat/engine/service.py:2370
2025-01-09 02:32:29.750 77630 DEBUG heat.engine.service [req-69c0435e-0ac5-45d7-982f-e9024359a306 - - - - -] Service 7ec2c79b-3037-4e83-846d-7ccbcaf4c375 is updated service_manage_report /usr/lib/python3/dist-packages/heat/engine/service.py:2370
2025-01-09 02:32:29.765 77631 DEBUG heat.engine.service [req-ac3a613f-5bf3-4b57-aac7-964b2ae88dab - - - - -] Service 4c0b93a1-3844-453d-8b0c-d58bf68d344f is updated service_manage_report /usr/lib/python3/dist-packages/heat/engine/service.py:2370
2025-01-09 02:32:29.776 77632 DEBUG heat.engine.service [req-1b275582-af55-41f2-aa87-ec3697382aa6 - - - - -] Service 2fd6dd04-0f0b-42de-9340-4682a558fb60 is updated service_manage_report /usr/lib/python3/dist-packages/heat/engine/service.py:2370
2025-01-09 02:32:29.791 77633 DEBUG heat.engine.service [req-ce26b1d8-300c-43c2-88c7-16e4ec46bc1e - - - - -] Service ae856414-1b6a-4a82-af1b-9c587622d7d0 is updated service_manage_report /usr/lib/python3/dist-packages/heat/engine/service.py:2370
2025-01-09 02:33:29.751 77630 DEBUG heat.engine.service [req-5dfafc72-acec-408c-b66c-cbb134655f35 - - - - -] Service 7ec2c79b-3037-4e83-846d-7ccbcaf4c375 is updated service_manage_report /usr/lib/python3/dist-packages/heat/engine/service.py:2370
