2025-01-06 00:34:10.604 124699 DEBUG oslo_service.service [req-80a6f888-28b3-4dba-8b52-ace0cd1ab58a - - - - -] placement.min_version = None log_opt_values /usr/lib/python3/dist-packages/oslo_config/cfg.py:2609
2025-01-06 00:34:10.605 124699 DEBUG oslo_service.service [req-80a6f888-28b3-4dba-8b52-ace0cd1ab58a - - - - -] placement.password = **** log_opt_values /usr/lib/python3/dist-packages/oslo_config/cfg.py:2609
2025-01-06 00:34:10.605 124699 DEBUG oslo_service.service [req-80a6f888-28b3-4dba-8b52-ace0cd1ab58a - - - - -] placement.project_domain_id = None log_opt_values /usr/lib/python3/dist-packages/oslo_config/cfg.py:2609
2025-01-06 00:34:10.606 124699 DEBUG oslo_service.service [req-80a6f888-28b3-4dba-8b52-ace0cd1ab58a - - - - -] placement.project_domain_name = service_domain log_opt_values /usr/lib/python3/dist-packages/oslo_config/cfg.py:2609
2025-01-06 00:34:10.606 124699 DEBUG oslo_service.service [req-80a6f888-28b3-4dba-8b52-ace0cd1ab58a - - - - -] placement.project_id = None log_opt_values /usr/lib/python3/dist-packages/oslo_config/cfg.py:2609
2025-01-06 00:34:10.606 124699 DEBUG oslo_service.service [req-80a6f888-28b3-4dba-8b52-ace0cd1ab58a - - - - -] placement.project_name = services log_opt_values /usr/lib/python3/dist-packages/oslo_config/cfg.py:2609
2025-01-06 00:34:10.607 126155 DEBUG oslo_messaging._drivers.amqpdriver [-] Listener is running poll /usr/lib/python3/dist-packages/oslo_messaging/_drivers/amqpdriver.py:343
2025-01-06 00:34:10.607 126155 DEBUG oslo_messaging._drivers.amqpdriver [-] AMQPListener connection consume poll /usr/lib/python3/dist-packages/oslo_messaging/_drivers/amqpdriver.py:357
2025-01-06 00:34:10.607 124699 DEBUG oslo_service.service [req-80a6f888-28b3-4dba-8b52-ace0cd1ab58a - - - - -] placement.region_name = RegionOne log_opt_values /usr/lib/python3/dist-packages/oslo_config/cfg.py:2609
2025-01-06 00:34:10.607 126155 DEBUG nova.service [req-c686ea9e-ab8a-453d-b513-ee273f33a180 - - - - -] Join ServiceGroup membership for this service scheduler start /usr/lib/python3/dist-packages/nova/service.py:199
2025-01-06 00:34:10.608 124699 DEBUG oslo_service.service [req-80a6f888-28b3-4dba-8b52-ace0cd1ab58a - - - - -] placement.service_name = None log_opt_values /usr/lib/python3/dist-packages/oslo_config/cfg.py:2609
2025-01-06 00:34:10.608 126155 DEBUG nova.servicegroup.drivers.db [req-c686ea9e-ab8a-453d-b513-ee273f33a180 - - - - -] DB_Driver: join new ServiceGroup member juju-1af35b-0-lxd-7 to the scheduler group, service = join /usr/lib/python3/dist-packages/nova/servicegroup/drivers/db.py:44
2025-01-06 00:34:10.608 124699 DEBUG oslo_service.service [req-80a6f888-28b3-4dba-8b52-ace0cd1ab58a - - - - -] placement.service_type = placement log_opt_values /usr/lib/python3/dist-packages/oslo_config/cfg.py:2609
2025-01-06 00:34:10.608 124699 DEBUG oslo_service.service [req-80a6f888-28b3-4dba-8b52-ace0cd1ab58a - - - - -] placement.split_loggers = False log_opt_values /usr/lib/python3/dist-packages/oslo_config/cfg.py:2609
2025-01-06 00:34:10.609 124699 DEBUG oslo_service.service [req-80a6f888-28b3-4dba-8b52-ace0cd1ab58a - - - - -] placement.status_code_retries = None log_opt_values /usr/lib/python3/dist-packages/oslo_config/cfg.py:2609
2025-01-06 00:34:10.609 124699 DEBUG oslo_service.service [req-80a6f888-28b3-4dba-8b52-ace0cd1ab58a - - - - -] placement.status_code_retry_delay = None log_opt_values /usr/lib/python3/dist-packages/oslo_config/cfg.py:2609
2025-01-06 00:34:10.610 124699 DEBUG oslo_service.service [req-80a6f888-28b3-4dba-8b52-ace0cd1ab58a - - - - -] placement.system_scope = None log_opt_values /usr/lib/python3/dist-packages/oslo_config/cfg.py:2609
2025-01-06 00:34:10.608 126148 DEBUG nova.service [req-11d1b800-60dc-496e-ab15-03cb9ce0a67e - - - - -] Join ServiceGroup membership for this service scheduler start /usr/lib/python3/dist-packages/nova/service.py:199
2025-01-06 00:34:10.610 126155 DEBUG oslo_messaging._drivers.amqpdriver [-] AMQPListener connection timeout poll /usr/lib/python3/dist-packages/oslo_messaging/_drivers/amqpdriver.py:360
2025-01-06 00:34:10.610 124699 DEBUG oslo_service.service [req-80a6f888-28b3-4dba-8b52-ace0cd1ab58a - - - - -] placement.timeout = None log_opt_values /usr/lib/python3/dist-packages/oslo_config/cfg.py:2609
2025-01-06 00:34:10.612 126155 DEBUG oslo_messaging._drivers.amqpdriver [-] Listener is running poll /usr/lib/python3/dist-packages/oslo_messaging/_drivers/amqpdriver.py:343
2025-01-06 00:34:10.612 126155 DEBUG oslo_messaging._drivers.amqpdriver [-] AMQPListener connection consume poll /usr/lib/python3/dist-packages/oslo_messaging/_drivers/amqpdriver.py:357
2025-01-06 00:34:10.612 124699 DEBUG oslo_service.service [req-80a6f888-28b3-4dba-8b52-ace0cd1ab58a - - - - -] placement.trust_id = None log_opt_values /usr/lib/python3/dist-packages/oslo_config/cfg.py:2609
2025-01-06 00:34:10.612 124699 DEBUG oslo_service.service [req-80a6f888-28b3-4dba-8b52-ace0cd1ab58a - - - - -] placement.user_domain_id = None log_opt_values /usr/lib/python3/dist-packages/oslo_config/cfg.py:2609
2025-01-06 00:34:10.612 126148 DEBUG nova.servicegroup.drivers.db [req-11d1b800-60dc-496e-ab15-03cb9ce0a67e - - - - -] DB_Driver: join new ServiceGroup member juju-1af35b-0-lxd-7 to the scheduler group, service = join /usr/lib/python3/dist-packages/nova/servicegroup/drivers/db.py:44
2025-01-06 00:34:10.612 124699 DEBUG oslo_service.service [req-80a6f888-28b3-4dba-8b52-ace0cd1ab58a - - - - -] placement.user_domain_name = service_domain log_opt_values /usr/lib/python3/dist-packages/oslo_config/cfg.py:2609
2025-01-06 00:34:10.612 124699 DEBUG oslo_service.service [req-80a6f888-28b3-4dba-8b52-ace0cd1ab58a - - - - -] placement.user_id = None log_opt_values /usr/lib/python3/dist-packages/oslo_config/cfg.py:2609
2025-01-06 00:34:10.613 124699 DEBUG oslo_service.service [req-80a6f888-28b3-4dba-8b52-ace0cd1ab58a - - - - -] placement.username = nova log_opt_values /usr/lib/python3/dist-packages/oslo_config/cfg.py:2609
2025-01-06 00:34:10.611 126142 DEBUG oslo_messaging._drivers.amqpdriver [-] Listener is running poll /usr/lib/python3/dist-packages/oslo_messaging/_drivers/amqpdriver.py:343
2025-01-06 00:34:10.613 124699 DEBUG oslo_service.service [req-80a6f888-28b3-4dba-8b52-ace0cd1ab58a - - - - -] placement.valid_interfaces = ['internal', 'public'] log_opt_values /usr/lib/python3/dist-packages/oslo_config/cfg.py:2609
2025-01-06 00:34:10.613 126142 DEBUG oslo_messaging._drivers.amqpdriver [-] AMQPListener connection consume poll /usr/lib/python3/dist-packages/oslo_messaging/_drivers/amqpdriver.py:357
2025-01-06 00:34:10.613 124699 DEBUG oslo_service.service [req-80a6f888-28b3-4dba-8b52-ace0cd1ab58a - - - - -] placement.version = None log_opt_values /usr/lib/python3/dist-packages/oslo_config/cfg.py:2609
2025-01-06 00:34:10.613 124699 DEBUG oslo_service.service [req-80a6f888-28b3-4dba-8b52-ace0cd1ab58a - - - - -] powervm.disk_driver = localdisk log_opt_values /usr/lib/python3/dist-packages/oslo_config/cfg.py:2609
2025-01-06 00:34:10.613 124699 DEBUG oslo_service.service [req-80a6f888-28b3-4dba-8b52-ace0cd1ab58a - - - - -] powervm.proc_units_factor = 0.1 log_opt_values /usr/lib/python3/dist-packages/oslo_config/cfg.py:2609
2025-01-06 00:34:10.614 124699 DEBUG oslo_service.service [req-80a6f888-28b3-4dba-8b52-ace0cd1ab58a - - - - -] powervm.volume_group_name = log_opt_values /usr/lib/python3/dist-packages/oslo_config/cfg.py:2609
2025-01-06 00:34:10.614 124699 DEBUG oslo_service.service [req-80a6f888-28b3-4dba-8b52-ace0cd1ab58a - - - - -] quota.cores = 20 log_opt_values /usr/lib/python3/dist-packages/oslo_config/cfg.py:2609
2025-01-06 00:34:10.614 124699 DEBUG oslo_service.service [req-80a6f888-28b3-4dba-8b52-ace0cd1ab58a - - - - -] quota.count_usage_from_placement = False log_opt_values /usr/lib/python3/dist-packages/oslo_config/cfg.py:2609
2025-01-06 00:34:10.613 126148 DEBUG oslo_messaging._drivers.amqpdriver [-] AMQPListener connection timeout poll /usr/lib/python3/dist-packages/oslo_messaging/_drivers/amqpdriver.py:360
2025-01-06 00:34:10.615 126148 DEBUG oslo_messaging._drivers.amqpdriver [-] Listener is running poll /usr/lib/python3/dist-packages/oslo_messaging/_drivers/amqpdriver.py:343
2025-01-06 00:34:10.615 126148 DEBUG oslo_messaging._drivers.amqpdriver [-] AMQPListener connection consume poll /usr/lib/python3/dist-packages/oslo_messaging/_drivers/amqpdriver.py:357
2025-01-06 00:34:10.614 124699 DEBUG oslo_service.service [req-80a6f888-28b3-4dba-8b52-ace0cd1ab58a - - - - -] quota.driver = nova.quota.DbQuotaDriver log_opt_values /usr/lib/python3/dist-packages/oslo_config/cfg.py:2609
2025-01-06 00:34:10.615 126142 DEBUG nova.service [req-4d10cf54-823a-451d-8ec0-91df757b3f8d - - - - -] Join ServiceGroup membership for this service scheduler start /usr/lib/python3/dist-packages/nova/service.py:199
2025-01-06 00:34:10.616 126142 DEBUG nova.servicegroup.drivers.db [req-4d10cf54-823a-451d-8ec0-91df757b3f8d - - - - -] DB_Driver: join new ServiceGroup member juju-1af35b-0-lxd-7 to the scheduler group, service = join /usr/lib/python3/dist-packages/nova/servicegroup/drivers/db.py:44
2025-01-06 00:34:10.616 124699 DEBUG oslo_service.service [req-80a6f888-28b3-4dba-8b52-ace0cd1ab58a - - - - -] quota.injected_file_content_bytes = 10240 log_opt_values /usr/lib/python3/dist-packages/oslo_config/cfg.py:2609
2025-01-06 00:34:10.617 124699 DEBUG oslo_service.service [req-80a6f888-28b3-4dba-8b52-ace0cd1ab58a - - - - -] quota.injected_file_path_length = 255 log_opt_values /usr/lib/python3/dist-packages/oslo_config/cfg.py:2609
2025-01-06 00:34:10.617 124699 DEBUG oslo_service.service [req-80a6f888-28b3-4dba-8b52-ace0cd1ab58a - - - - -] quota.injected_files = 5 log_opt_values /usr/lib/python3/dist-packages/oslo_config/cfg.py:2609
2025-01-06 00:34:10.617 126149 DEBUG oslo_messaging._drivers.amqpdriver [-] Listener is running poll /usr/lib/python3/dist-packages/oslo_messaging/_drivers/amqpdriver.py:343
2025-01-06 00:34:10.617 124699 DEBUG oslo_service.service [req-80a6f888-28b3-4dba-8b52-ace0cd1ab58a - - - - -] quota.instances = 10 log_opt_values /usr/lib/python3/dist-packages/oslo_config/cfg.py:2609
2025-01-06 00:34:10.618 126149 DEBUG oslo_messaging._drivers.amqpdriver [-] AMQPListener connection consume poll /usr/lib/python3/dist-packages/oslo_messaging/_drivers/amqpdriver.py:357
2025-01-06 00:34:10.618 124699 DEBUG oslo_service.service [req-80a6f888-28b3-4dba-8b52-ace0cd1ab58a - - - - -] quota.key_pairs = 100 log_opt_values /usr/lib/python3/dist-packages/oslo_config/cfg.py:2609
2025-01-06 00:34:10.618 124699 DEBUG oslo_service.service [req-80a6f888-28b3-4dba-8b52-ace0cd1ab58a - - - - -] quota.metadata_items = 128 log_opt_values /usr/lib/python3/dist-packages/oslo_config/cfg.py:2609
2025-01-06 00:34:10.618 126142 DEBUG oslo_messaging._drivers.amqpdriver [-] AMQPListener connection timeout poll /usr/lib/python3/dist-packages/oslo_messaging/_drivers/amqpdriver.py:360
2025-01-06 00:34:10.618 124699 DEBUG oslo_service.service [req-80a6f888-28b3-4dba-8b52-ace0cd1ab58a - - - - -] quota.ram = 51200 log_opt_values /usr/lib/python3/dist-packages/oslo_config/cfg.py:2609
2025-01-06 00:34:10.618 126142 DEBUG oslo_messaging._drivers.amqpdriver [-] Listener is running poll /usr/lib/python3/dist-packages/oslo_messaging/_drivers/amqpdriver.py:343
2025-01-06 00:34:10.618 126142 DEBUG oslo_messaging._drivers.amqpdriver [-] AMQPListener connection consume poll /usr/lib/python3/dist-packages/oslo_messaging/_drivers/amqpdriver.py:357
2025-01-06 00:34:10.618 124699 DEBUG oslo_service.service [req-80a6f888-28b3-4dba-8b52-ace0cd1ab58a - - - - -] quota.recheck_quota = True log_opt_values /usr/lib/python3/dist-packages/oslo_config/cfg.py:2609
2025-01-06 00:34:10.619 124699 DEBUG oslo_service.service [req-80a6f888-28b3-4dba-8b52-ace0cd1ab58a - - - - -] quota.server_group_members = 10 log_opt_values /usr/lib/python3/dist-packages/oslo_config/cfg.py:2609
2025-01-06 00:34:10.619 124699 DEBUG oslo_service.service [req-80a6f888-28b3-4dba-8b52-ace0cd1ab58a - - - - -] quota.server_groups = 10 log_opt_values /usr/lib/python3/dist-packages/oslo_config/cfg.py:2609
2025-01-06 00:34:10.618 126149 DEBUG nova.service [req-9289c6fa-d770-43b8-83ed-48cfd97cba5b - - - - -] Join ServiceGroup membership for this service scheduler start /usr/lib/python3/dist-packages/nova/service.py:199
2025-01-06 00:34:10.619 124699 DEBUG oslo_service.service [req-80a6f888-28b3-4dba-8b52-ace0cd1ab58a - - - - -] rdp.enabled = False log_opt_values /usr/lib/python3/dist-packages/oslo_config/cfg.py:2609
2025-01-06 00:34:10.619 126149 DEBUG nova.servicegroup.drivers.db [req-9289c6fa-d770-43b8-83ed-48cfd97cba5b - - - - -] DB_Driver: join new ServiceGroup member juju-1af35b-0-lxd-7 to the scheduler group, service = join /usr/lib/python3/dist-packages/nova/servicegroup/drivers/db.py:44
2025-01-06 00:34:10.619 124699 DEBUG oslo_service.service [req-80a6f888-28b3-4dba-8b52-ace0cd1ab58a - - - - -] rdp.html5_proxy_base_url = http://127.0.0.1:6083/ log_opt_values /usr/lib/python3/dist-packages/oslo_config/cfg.py:2609
2025-01-06 00:34:10.620 124699 DEBUG oslo_service.service [req-80a6f888-28b3-4dba-8b52-ace0cd1ab58a - - - - -] scheduler.discover_hosts_in_cells_interval = 30 log_opt_values /usr/lib/python3/dist-packages/oslo_config/cfg.py:2609
2025-01-06 00:34:10.620 124699 DEBUG oslo_service.service [req-80a6f888-28b3-4dba-8b52-ace0cd1ab58a - - - - -] scheduler.enable_isolated_aggregate_filtering = False log_opt_values /usr/lib/python3/dist-packages/oslo_config/cfg.py:2609
2025-01-06 00:34:10.620 124699 DEBUG oslo_service.service [req-80a6f888-28b3-4dba-8b52-ace0cd1ab58a - - - - -] scheduler.image_metadata_prefilter = False log_opt_values /usr/lib/python3/dist-packages/oslo_config/cfg.py:2609
2025-01-06 00:34:10.621 124699 DEBUG oslo_service.service [req-80a6f888-28b3-4dba-8b52-ace0cd1ab58a - - - - -] scheduler.limit_tenants_to_placement_aggregate = False log_opt_values /usr/lib/python3/dist-packages/oslo_config/cfg.py:2609
2025-01-06 00:34:10.621 124699 DEBUG oslo_service.service [req-80a6f888-28b3-4dba-8b52-ace0cd1ab58a - - - - -] scheduler.max_attempts = 3 log_opt_values /usr/lib/python3/dist-packages/oslo_config/cfg.py:2609
2025-01-06 00:34:10.621 124699 DEBUG oslo_service.service [req-80a6f888-28b3-4dba-8b52-ace0cd1ab58a - - - - -] scheduler.max_placement_results = 1000 log_opt_values /usr/lib/python3/dist-packages/oslo_config/cfg.py:2609
2025-01-06 00:34:10.621 124699 DEBUG oslo_service.service [req-80a6f888-28b3-4dba-8b52-ace0cd1ab58a - - - - -] scheduler.placement_aggregate_required_for_tenants = False log_opt_values /usr/lib/python3/dist-packages/oslo_config/cfg.py:2609
2025-01-06 00:34:10.621 124699 DEBUG oslo_service.service [req-80a6f888-28b3-4dba-8b52-ace0cd1ab58a - - - - -] scheduler.query_placement_for_availability_zone = True log_opt_values /usr/lib/python3/dist-packages/oslo_config/cfg.py:2609
2025-01-06 00:34:10.621 126149 DEBUG oslo_messaging._drivers.amqpdriver [-] AMQPListener connection timeout poll /usr/lib/python3/dist-packages/oslo_messaging/_drivers/amqpdriver.py:360
2025-01-06 00:34:10.621 124699 DEBUG oslo_service.service [req-80a6f888-28b3-4dba-8b52-ace0cd1ab58a - - - - -] scheduler.query_placement_for_image_type_support = False log_opt_values /usr/lib/python3/dist-packages/oslo_config/cfg.py:2609
2025-01-06 00:34:10.621 126149 DEBUG oslo_messaging._drivers.amqpdriver [-] Listener is running poll /usr/lib/python3/dist-packages/oslo_messaging/_drivers/amqpdriver.py:343
2025-01-06 00:34:10.622 124699 DEBUG oslo_service.service [req-80a6f888-28b3-4dba-8b52-ace0cd1ab58a - - - - -] scheduler.query_placement_for_routed_network_aggregates = False log_opt_values /usr/lib/python3/dist-packages/oslo_config/cfg.py:2609
2025-01-06 00:34:10.622 126149 DEBUG oslo_messaging._drivers.amqpdriver [-] AMQPListener connection consume poll /usr/lib/python3/dist-packages/oslo_messaging/_drivers/amqpdriver.py:357
2025-01-06 00:34:10.622 124699 DEBUG oslo_service.service [req-80a6f888-28b3-4dba-8b52-ace0cd1ab58a - - - - -] scheduler.workers = 4 log_opt_values /usr/lib/python3/dist-packages/oslo_config/cfg.py:2609
2025-01-06 00:34:10.622 124699 DEBUG oslo_service.service [req-80a6f888-28b3-4dba-8b52-ace0cd1ab58a - - - - -] filter_scheduler.aggregate_image_properties_isolation_namespace = None log_opt_values /usr/lib/python3/dist-packages/oslo_config/cfg.py:2609
2025-01-06 00:34:10.622 124699 DEBUG oslo_service.service [req-80a6f888-28b3-4dba-8b52-ace0cd1ab58a - - - - -] filter_scheduler.aggregate_image_properties_isolation_separator = . log_opt_values /usr/lib/python3/dist-packages/oslo_config/cfg.py:2609
2025-01-06 00:34:10.622 124699 DEBUG oslo_service.service [req-80a6f888-28b3-4dba-8b52-ace0cd1ab58a - - - - -] filter_scheduler.available_filters = ['nova.scheduler.filters.all_filters'] log_opt_values /usr/lib/python3/dist-packages/oslo_config/cfg.py:2609
2025-01-06 00:34:10.622 124699 DEBUG oslo_service.service [req-80a6f888-28b3-4dba-8b52-ace0cd1ab58a - - - - -] filter_scheduler.build_failure_weight_multiplier = 0.0 log_opt_values /usr/lib/python3/dist-packages/oslo_config/cfg.py:2609
2025-01-06 00:34:10.623 124699 DEBUG oslo_service.service [req-80a6f888-28b3-4dba-8b52-ace0cd1ab58a - - - - -] filter_scheduler.cpu_weight_multiplier = 1.0 log_opt_values /usr/lib/python3/dist-packages/oslo_config/cfg.py:2609
2025-01-06 00:34:10.623 124699 DEBUG oslo_service.service [req-80a6f888-28b3-4dba-8b52-ace0cd1ab58a - - - - -] filter_scheduler.cross_cell_move_weight_multiplier = 1000000.0 log_opt_values /usr/lib/python3/dist-packages/oslo_config/cfg.py:2609
2025-01-06 00:34:10.623 124699 DEBUG oslo_service.service [req-80a6f888-28b3-4dba-8b52-ace0cd1ab58a - - - - -] filter_scheduler.disk_weight_multiplier = 1.0 log_opt_values /usr/lib/python3/dist-packages/oslo_config/cfg.py:2609
2025-01-06 00:34:10.623 124699 DEBUG oslo_service.service [req-80a6f888-28b3-4dba-8b52-ace0cd1ab58a - - - - -] filter_scheduler.enabled_filters = ['AvailabilityZoneFilter', 'ComputeFilter', 'ComputeCapabilitiesFilter', 'ImagePropertiesFilter', 'ServerGroupAntiAffinityFilter', 'ServerGroupAffinityFilter', 'DifferentHostFilter', 'SameHostFilter'] log_opt_values /usr/lib/python3/dist-packages/oslo_config/cfg.py:2609
2025-01-06 00:34:10.623 124699 DEBUG oslo_service.service [req-80a6f888-28b3-4dba-8b52-ace0cd1ab58a - - - - -] filter_scheduler.host_subset_size = 1 log_opt_values /usr/lib/python3/dist-packages/oslo_config/cfg.py:2609
2025-01-06 00:34:10.623 124699 DEBUG oslo_service.service [req-80a6f888-28b3-4dba-8b52-ace0cd1ab58a - - - - -] filter_scheduler.image_properties_default_architecture = None log_opt_values /usr/lib/python3/dist-packages/oslo_config/cfg.py:2609
2025-01-06 00:34:10.624 124699 DEBUG oslo_service.service [req-80a6f888-28b3-4dba-8b52-ace0cd1ab58a - - - - -] filter_scheduler.io_ops_weight_multiplier = -1.0 log_opt_values /usr/lib/python3/dist-packages/oslo_config/cfg.py:2609
2025-01-06 00:34:10.624 124699 DEBUG oslo_service.service [req-80a6f888-28b3-4dba-8b52-ace0cd1ab58a - - - - -] filter_scheduler.isolated_hosts = [] log_opt_values /usr/lib/python3/dist-packages/oslo_config/cfg.py:2609
2025-01-06 00:34:10.624 124699 DEBUG oslo_service.service [req-80a6f888-28b3-4dba-8b52-ace0cd1ab58a - - - - -] filter_scheduler.isolated_images = [] log_opt_values /usr/lib/python3/dist-packages/oslo_config/cfg.py:2609
2025-01-06 00:34:10.624 124699 DEBUG oslo_service.service [req-80a6f888-28b3-4dba-8b52-ace0cd1ab58a - - - - -] filter_scheduler.max_instances_per_host = 50 log_opt_values /usr/lib/python3/dist-packages/oslo_config/cfg.py:2609
2025-01-06 00:34:10.624 124699 DEBUG oslo_service.service [req-80a6f888-28b3-4dba-8b52-ace0cd1ab58a - - - - -] filter_scheduler.max_io_ops_per_host = 8 log_opt_values /usr/lib/python3/dist-packages/oslo_config/cfg.py:2609
2025-01-06 00:34:10.624 124699 DEBUG oslo_service.service [req-80a6f888-28b3-4dba-8b52-ace0cd1ab58a - - - - -] filter_scheduler.pci_weight_multiplier = 1.0 log_opt_values /usr/lib/python3/dist-packages/oslo_config/cfg.py:2609
2025-01-06 00:34:10.625 124699 DEBUG oslo_service.service [req-80a6f888-28b3-4dba-8b52-ace0cd1ab58a - - - - -] filter_scheduler.ram_weight_multiplier = 1.0 log_opt_values /usr/lib/python3/dist-packages/oslo_config/cfg.py:2609
2025-01-06 00:34:10.625 124699 DEBUG oslo_service.service [req-80a6f888-28b3-4dba-8b52-ace0cd1ab58a - - - - -] filter_scheduler.restrict_isolated_hosts_to_isolated_images = True log_opt_values /usr/lib/python3/dist-packages/oslo_config/cfg.py:2609
2025-01-06 00:34:10.625 124699 DEBUG oslo_service.service [req-80a6f888-28b3-4dba-8b52-ace0cd1ab58a - - - - -] filter_scheduler.shuffle_best_same_weighed_hosts = False log_opt_values /usr/lib/python3/dist-packages/oslo_config/cfg.py:2609
2025-01-06 00:34:10.625 124699 DEBUG oslo_service.service [req-80a6f888-28b3-4dba-8b52-ace0cd1ab58a - - - - -] filter_scheduler.soft_affinity_weight_multiplier = 1.0 log_opt_values /usr/lib/python3/dist-packages/oslo_config/cfg.py:2609
2025-01-06 00:34:10.625 124699 DEBUG oslo_service.service [req-80a6f888-28b3-4dba-8b52-ace0cd1ab58a - - - - -] filter_scheduler.soft_anti_affinity_weight_multiplier = 1.0 log_opt_values /usr/lib/python3/dist-packages/oslo_config/cfg.py:2609
2025-01-06 00:34:10.625 124699 DEBUG oslo_service.service [req-80a6f888-28b3-4dba-8b52-ace0cd1ab58a - - - - -] filter_scheduler.track_instance_changes = True log_opt_values /usr/lib/python3/dist-packages/oslo_config/cfg.py:2609
2025-01-06 00:34:10.626 124699 DEBUG oslo_service.service [req-80a6f888-28b3-4dba-8b52-ace0cd1ab58a - - - - -] filter_scheduler.weight_classes = ['nova.scheduler.weights.all_weighers'] log_opt_values /usr/lib/python3/dist-packages/oslo_config/cfg.py:2609
2025-01-06 00:34:10.626 124699 DEBUG oslo_service.service [req-80a6f888-28b3-4dba-8b52-ace0cd1ab58a - - - - -] metrics.required = True log_opt_values /usr/lib/python3/dist-packages/oslo_config/cfg.py:2609
2025-01-06 00:34:10.626 124699 DEBUG oslo_service.service [req-80a6f888-28b3-4dba-8b52-ace0cd1ab58a - - - - -] metrics.weight_multiplier = 1.0 log_opt_values /usr/lib/python3/dist-packages/oslo_config/cfg.py:2609
2025-01-06 00:34:10.626 124699 DEBUG oslo_service.service [req-80a6f888-28b3-4dba-8b52-ace0cd1ab58a - - - - -] metrics.weight_of_unavailable = -10000.0 log_opt_values /usr/lib/python3/dist-packages/oslo_config/cfg.py:2609
2025-01-06 00:34:10.626 124699 DEBUG oslo_service.service [req-80a6f888-28b3-4dba-8b52-ace0cd1ab58a - - - - -] metrics.weight_setting = [] log_opt_values /usr/lib/python3/dist-packages/oslo_config/cfg.py:2609
2025-01-06 00:34:10.627 124699 DEBUG oslo_service.service [req-80a6f888-28b3-4dba-8b52-ace0cd1ab58a - - - - -] serial_console.base_url = wss://252.12.233.93:6083/ log_opt_values /usr/lib/python3/dist-packages/oslo_config/cfg.py:2609
2025-01-06 00:34:10.627 124699 DEBUG oslo_service.service [req-80a6f888-28b3-4dba-8b52-ace0cd1ab58a - - - - -] serial_console.enabled = False log_opt_values /usr/lib/python3/dist-packages/oslo_config/cfg.py:2609
2025-01-06 00:34:10.627 124699 DEBUG oslo_service.service [req-80a6f888-28b3-4dba-8b52-ace0cd1ab58a - - - - -] serial_console.port_range = 10000:20000 log_opt_values /usr/lib/python3/dist-packages/oslo_config/cfg.py:2609
2025-01-06 00:34:10.627 124699 DEBUG oslo_service.service [req-80a6f888-28b3-4dba-8b52-ace0cd1ab58a - - - - -] serial_console.proxyclient_address = 127.0.0.1 log_opt_values /usr/lib/python3/dist-packages/oslo_config/cfg.py:2609
2025-01-06 00:34:10.627 124699 DEBUG oslo_service.service [req-80a6f888-28b3-4dba-8b52-ace0cd1ab58a - - - - -] serial_console.serialproxy_host = 0.0.0.0 log_opt_values /usr/lib/python3/dist-packages/oslo_config/cfg.py:2609
2025-01-06 00:34:10.627 124699 DEBUG oslo_service.service [req-80a6f888-28b3-4dba-8b52-ace0cd1ab58a - - - - -] serial_console.serialproxy_port = 6083 log_opt_values /usr/lib/python3/dist-packages/oslo_config/cfg.py:2609
2025-01-06 00:34:10.628 124699 DEBUG oslo_service.service [req-80a6f888-28b3-4dba-8b52-ace0cd1ab58a - - - - -] service_user.auth_section = None log_opt_values /usr/lib/python3/dist-packages/oslo_config/cfg.py:2609
2025-01-06 00:34:10.628 124699 DEBUG oslo_service.service [req-80a6f888-28b3-4dba-8b52-ace0cd1ab58a - - - - -] service_user.auth_type = password log_opt_values /usr/lib/python3/dist-packages/oslo_config/cfg.py:2609
2025-01-06 00:34:10.628 124699 DEBUG oslo_service.service [req-80a6f888-28b3-4dba-8b52-ace0cd1ab58a - - - - -] service_user.cafile = None log_opt_values /usr/lib/python3/dist-packages/oslo_config/cfg.py:2609
2025-01-06 00:34:10.628 124699 DEBUG oslo_service.service [req-80a6f888-28b3-4dba-8b52-ace0cd1ab58a - - - - -] service_user.certfile = None log_opt_values /usr/lib/python3/dist-packages/oslo_config/cfg.py:2609
2025-01-06 00:34:10.628 124699 DEBUG oslo_service.service [req-80a6f888-28b3-4dba-8b52-ace0cd1ab58a - - - - -] service_user.collect_timing = False log_opt_values /usr/lib/python3/dist-packages/oslo_config/cfg.py:2609
2025-01-06 00:34:10.628 124699 DEBUG oslo_service.service [req-80a6f888-28b3-4dba-8b52-ace0cd1ab58a - - - - -] service_user.insecure = False log_opt_values /usr/lib/python3/dist-packages/oslo_config/cfg.py:2609
2025-01-06 00:34:10.629 124699 DEBUG oslo_service.service [req-80a6f888-28b3-4dba-8b52-ace0cd1ab58a - - - - -] service_user.keyfile = None log_opt_values /usr/lib/python3/dist-packages/oslo_config/cfg.py:2609
2025-01-06 00:34:10.629 124699 DEBUG oslo_service.service [req-80a6f888-28b3-4dba-8b52-ace0cd1ab58a - - - - -] service_user.send_service_user_token = True log_opt_values /usr/lib/python3/dist-packages/oslo_config/cfg.py:2609
2025-01-06 00:34:10.629 124699 DEBUG oslo_service.service [req-80a6f888-28b3-4dba-8b52-ace0cd1ab58a - - - - -] service_user.split_loggers = False log_opt_values /usr/lib/python3/dist-packages/oslo_config/cfg.py:2609
2025-01-06 00:34:10.629 124699 DEBUG oslo_service.service [req-80a6f888-28b3-4dba-8b52-ace0cd1ab58a - - - - -] service_user.timeout = None log_opt_values /usr/lib/python3/dist-packages/oslo_config/cfg.py:2609
2025-01-06 00:34:10.629 124699 DEBUG oslo_service.service [req-80a6f888-28b3-4dba-8b52-ace0cd1ab58a - - - - -] spice.agent_enabled = True log_opt_values /usr/lib/python3/dist-packages/oslo_config/cfg.py:2609
2025-01-06 00:34:10.629 124699 DEBUG oslo_service.service [req-80a6f888-28b3-4dba-8b52-ace0cd1ab58a - - - - -] spice.enabled = False log_opt_values /usr/lib/python3/dist-packages/oslo_config/cfg.py:2609
2025-01-06 00:34:10.630 124699 DEBUG oslo_service.service [req-80a6f888-28b3-4dba-8b52-ace0cd1ab58a - - - - -] spice.html5proxy_base_url = http://127.0.0.1:6082/spice_auto.html log_opt_values /usr/lib/python3/dist-packages/oslo_config/cfg.py:2609
2025-01-06 00:34:10.630 124699 DEBUG oslo_service.service [req-80a6f888-28b3-4dba-8b52-ace0cd1ab58a - - - - -] spice.html5proxy_host = 0.0.0.0 log_opt_values /usr/lib/python3/dist-packages/oslo_config/cfg.py:2609
2025-01-06 00:34:10.630 124699 DEBUG oslo_service.service [req-80a6f888-28b3-4dba-8b52-ace0cd1ab58a - - - - -] spice.html5proxy_port = 6082 log_opt_values /usr/lib/python3/dist-packages/oslo_config/cfg.py:2609
2025-01-06 00:34:10.630 124699 DEBUG oslo_service.service [req-80a6f888-28b3-4dba-8b52-ace0cd1ab58a - - - - -] spice.server_listen = 127.0.0.1 log_opt_values /usr/lib/python3/dist-packages/oslo_config/cfg.py:2609
2025-01-06 00:34:10.630 124699 DEBUG oslo_service.service [req-80a6f888-28b3-4dba-8b52-ace0cd1ab58a - - - - -] spice.server_proxyclient_address = 127.0.0.1 log_opt_values /usr/lib/python3/dist-packages/oslo_config/cfg.py:2609
2025-01-06 00:34:10.631 124699 DEBUG oslo_service.service [req-80a6f888-28b3-4dba-8b52-ace0cd1ab58a - - - - -] upgrade_levels.baseapi = None log_opt_values /usr/lib/python3/dist-packages/oslo_config/cfg.py:2609
2025-01-06 00:34:10.631 124699 DEBUG oslo_service.service [req-80a6f888-28b3-4dba-8b52-ace0cd1ab58a - - - - -] upgrade_levels.cert = None log_opt_values /usr/lib/python3/dist-packages/oslo_config/cfg.py:2609
2025-01-06 00:34:10.631 124699 DEBUG oslo_service.service [req-80a6f888-28b3-4dba-8b52-ace0cd1ab58a - - - - -] upgrade_levels.compute = auto log_opt_values /usr/lib/python3/dist-packages/oslo_config/cfg.py:2609
2025-01-06 00:34:10.631 124699 DEBUG oslo_service.service [req-80a6f888-28b3-4dba-8b52-ace0cd1ab58a - - - - -] upgrade_levels.conductor = None log_opt_values /usr/lib/python3/dist-packages/oslo_config/cfg.py:2609
2025-01-06 00:34:10.631 124699 DEBUG oslo_service.service [req-80a6f888-28b3-4dba-8b52-ace0cd1ab58a - - - - -] upgrade_levels.scheduler = None log_opt_values /usr/lib/python3/dist-packages/oslo_config/cfg.py:2609
2025-01-06 00:34:10.631 124699 DEBUG oslo_service.service [req-80a6f888-28b3-4dba-8b52-ace0cd1ab58a - - - - -] vendordata_dynamic_auth.auth_section = None log_opt_values /usr/lib/python3/dist-packages/oslo_config/cfg.py:2609
2025-01-06 00:34:10.632 124699 DEBUG oslo_service.service [req-80a6f888-28b3-4dba-8b52-ace0cd1ab58a - - - - -] vendordata_dynamic_auth.auth_type = None log_opt_values /usr/lib/python3/dist-packages/oslo_config/cfg.py:2609
2025-01-06 00:34:10.632 124699 DEBUG oslo_service.service [req-80a6f888-28b3-4dba-8b52-ace0cd1ab58a - - - - -] vendordata_dynamic_auth.cafile = None log_opt_values /usr/lib/python3/dist-packages/oslo_config/cfg.py:2609
2025-01-06 00:34:10.632 124699 DEBUG oslo_service.service [req-80a6f888-28b3-4dba-8b52-ace0cd1ab58a - - - - -] vendordata_dynamic_auth.certfile = None log_opt_values /usr/lib/python3/dist-packages/oslo_config/cfg.py:2609
2025-01-06 00:34:10.632 124699 DEBUG oslo_service.service [req-80a6f888-28b3-4dba-8b52-ace0cd1ab58a - - - - -] vendordata_dynamic_auth.collect_timing = False log_opt_values /usr/lib/python3/dist-packages/oslo_config/cfg.py:2609
2025-01-06 00:34:10.632 124699 DEBUG oslo_service.service [req-80a6f888-28b3-4dba-8b52-ace0cd1ab58a - - - - -] vendordata_dynamic_auth.insecure = False log_opt_values /usr/lib/python3/dist-packages/oslo_config/cfg.py:2609
2025-01-06 00:34:10.633 124699 DEBUG oslo_service.service [req-80a6f888-28b3-4dba-8b52-ace0cd1ab58a - - - - -] vendordata_dynamic_auth.keyfile = None log_opt_values /usr/lib/python3/dist-packages/oslo_config/cfg.py:2609
2025-01-06 00:34:10.633 124699 DEBUG oslo_service.service [req-80a6f888-28b3-4dba-8b52-ace0cd1ab58a - - - - -] vendordata_dynamic_auth.split_loggers = False log_opt_values /usr/lib/python3/dist-packages/oslo_config/cfg.py:2609
2025-01-06 00:34:10.633 124699 DEBUG oslo_service.service [req-80a6f888-28b3-4dba-8b52-ace0cd1ab58a - - - - -] vendordata_dynamic_auth.timeout = None log_opt_values /usr/lib/python3/dist-packages/oslo_config/cfg.py:2609
2025-01-06 00:34:10.633 124699 DEBUG oslo_service.service [req-80a6f888-28b3-4dba-8b52-ace0cd1ab58a - - - - -] vmware.api_retry_count = 10 log_opt_values /usr/lib/python3/dist-packages/oslo_config/cfg.py:2609
2025-01-06 00:34:10.634 124699 DEBUG oslo_service.service [req-80a6f888-28b3-4dba-8b52-ace0cd1ab58a - - - - -] vmware.ca_file = None log_opt_values /usr/lib/python3/dist-packages/oslo_config/cfg.py:2609
2025-01-06 00:34:10.634 124699 DEBUG oslo_service.service [req-80a6f888-28b3-4dba-8b52-ace0cd1ab58a - - - - -] vmware.cache_prefix = None log_opt_values /usr/lib/python3/dist-packages/oslo_config/cfg.py:2609
2025-01-06 00:34:10.634 124699 DEBUG oslo_service.service [req-80a6f888-28b3-4dba-8b52-ace0cd1ab58a - - - - -] vmware.cluster_name = None log_opt_values /usr/lib/python3/dist-packages/oslo_config/cfg.py:2609
2025-01-06 00:34:10.634 124699 DEBUG oslo_service.service [req-80a6f888-28b3-4dba-8b52-ace0cd1ab58a - - - - -] vmware.connection_pool_size = 10 log_opt_values /usr/lib/python3/dist-packages/oslo_config/cfg.py:2609
2025-01-06 00:34:10.634 124699 DEBUG oslo_service.service [req-80a6f888-28b3-4dba-8b52-ace0cd1ab58a - - - - -] vmware.console_delay_seconds = None log_opt_values /usr/lib/python3/dist-packages/oslo_config/cfg.py:2609
2025-01-06 00:34:10.635 124699 DEBUG oslo_service.service [req-80a6f888-28b3-4dba-8b52-ace0cd1ab58a - - - - -] vmware.datastore_regex = None log_opt_values /usr/lib/python3/dist-packages/oslo_config/cfg.py:2609
2025-01-06 00:34:10.635 124699 DEBUG oslo_service.service [req-80a6f888-28b3-4dba-8b52-ace0cd1ab58a - - - - -] vmware.host_ip = None log_opt_values /usr/lib/python3/dist-packages/oslo_config/cfg.py:2609
2025-01-06 00:34:10.635 124699 DEBUG oslo_service.service [req-80a6f888-28b3-4dba-8b52-ace0cd1ab58a - - - - -] vmware.host_password = **** log_opt_values /usr/lib/python3/dist-packages/oslo_config/cfg.py:2609
2025-01-06 00:34:10.635 124699 DEBUG oslo_service.service [req-80a6f888-28b3-4dba-8b52-ace0cd1ab58a - - - - -] vmware.host_port = 443 log_opt_values /usr/lib/python3/dist-packages/oslo_config/cfg.py:2609
2025-01-06 00:34:10.635 124699 DEBUG oslo_service.service [req-80a6f888-28b3-4dba-8b52-ace0cd1ab58a - - - - -] vmware.host_username = None log_opt_values /usr/lib/python3/dist-packages/oslo_config/cfg.py:2609
2025-01-06 00:34:10.635 124699 DEBUG oslo_service.service [req-80a6f888-28b3-4dba-8b52-ace0cd1ab58a - - - - -] vmware.insecure = False log_opt_values /usr/lib/python3/dist-packages/oslo_config/cfg.py:2609
2025-01-06 00:34:10.636 124699 DEBUG oslo_service.service [req-80a6f888-28b3-4dba-8b52-ace0cd1ab58a - - - - -] vmware.integration_bridge = None log_opt_values /usr/lib/python3/dist-packages/oslo_config/cfg.py:2609
2025-01-06 00:34:10.636 124699 DEBUG oslo_service.service [req-80a6f888-28b3-4dba-8b52-ace0cd1ab58a - - - - -] vmware.maximum_objects = 100 log_opt_values /usr/lib/python3/dist-packages/oslo_config/cfg.py:2609
2025-01-06 00:34:10.636 124699 DEBUG oslo_service.service [req-80a6f888-28b3-4dba-8b52-ace0cd1ab58a - - - - -] vmware.pbm_default_policy = None log_opt_values /usr/lib/python3/dist-packages/oslo_config/cfg.py:2609
2025-01-06 00:34:10.636 124699 DEBUG oslo_service.service [req-80a6f888-28b3-4dba-8b52-ace0cd1ab58a - - - - -] vmware.pbm_enabled = False log_opt_values /usr/lib/python3/dist-packages/oslo_config/cfg.py:2609
2025-01-06 00:34:10.636 124699 DEBUG oslo_service.service [req-80a6f888-28b3-4dba-8b52-ace0cd1ab58a - - - - -] vmware.pbm_wsdl_location = None log_opt_values /usr/lib/python3/dist-packages/oslo_config/cfg.py:2609
2025-01-06 00:34:10.636 124699 DEBUG oslo_service.service [req-80a6f888-28b3-4dba-8b52-ace0cd1ab58a - - - - -] vmware.serial_log_dir = /opt/vmware/vspc log_opt_values /usr/lib/python3/dist-packages/oslo_config/cfg.py:2609
2025-01-06 00:34:10.636 124699 DEBUG oslo_service.service [req-80a6f888-28b3-4dba-8b52-ace0cd1ab58a - - - - -] vmware.serial_port_proxy_uri = None log_opt_values /usr/lib/python3/dist-packages/oslo_config/cfg.py:2609
2025-01-06 00:34:10.637 124699 DEBUG oslo_service.service [req-80a6f888-28b3-4dba-8b52-ace0cd1ab58a - - - - -] vmware.serial_port_service_uri = None log_opt_values /usr/lib/python3/dist-packages/oslo_config/cfg.py:2609
2025-01-06 00:34:10.637 124699 DEBUG oslo_service.service [req-80a6f888-28b3-4dba-8b52-ace0cd1ab58a - - - - -] vmware.task_poll_interval = 0.5 log_opt_values /usr/lib/python3/dist-packages/oslo_config/cfg.py:2609
2025-01-06 00:34:10.637 124699 DEBUG oslo_service.service [req-80a6f888-28b3-4dba-8b52-ace0cd1ab58a - - - - -] vmware.use_linked_clone = True log_opt_values /usr/lib/python3/dist-packages/oslo_config/cfg.py:2609
2025-01-06 00:34:10.637 124699 DEBUG oslo_service.service [req-80a6f888-28b3-4dba-8b52-ace0cd1ab58a - - - - -] vmware.vnc_keymap = en-us log_opt_values /usr/lib/python3/dist-packages/oslo_config/cfg.py:2609
2025-01-06 00:34:10.637 124699 DEBUG oslo_service.service [req-80a6f888-28b3-4dba-8b52-ace0cd1ab58a - - - - -] vmware.vnc_port = 5900 log_opt_values /usr/lib/python3/dist-packages/oslo_config/cfg.py:2609
2025-01-06 00:34:10.638 124699 DEBUG oslo_service.service [req-80a6f888-28b3-4dba-8b52-ace0cd1ab58a - - - - -] vmware.vnc_port_total = 10000 log_opt_values /usr/lib/python3/dist-packages/oslo_config/cfg.py:2609
2025-01-06 00:34:10.638 124699 DEBUG oslo_service.service [req-80a6f888-28b3-4dba-8b52-ace0cd1ab58a - - - - -] vnc.auth_schemes = ['none'] log_opt_values /usr/lib/python3/dist-packages/oslo_config/cfg.py:2609
2025-01-06 00:34:10.638 124699 DEBUG oslo_service.service [req-80a6f888-28b3-4dba-8b52-ace0cd1ab58a - - - - -] vnc.enabled = True log_opt_values /usr/lib/python3/dist-packages/oslo_config/cfg.py:2609
2025-01-06 00:34:10.638 124699 DEBUG oslo_service.service [req-80a6f888-28b3-4dba-8b52-ace0cd1ab58a - - - - -] vnc.novncproxy_base_url = http://127.0.0.1:6080/vnc_auto.html log_opt_values /usr/lib/python3/dist-packages/oslo_config/cfg.py:2609
2025-01-06 00:34:10.638 124699 DEBUG oslo_service.service [req-80a6f888-28b3-4dba-8b52-ace0cd1ab58a - - - - -] vnc.novncproxy_host = 0.0.0.0 log_opt_values /usr/lib/python3/dist-packages/oslo_config/cfg.py:2609
2025-01-06 00:34:10.639 124699 DEBUG oslo_service.service [req-80a6f888-28b3-4dba-8b52-ace0cd1ab58a - - - - -] vnc.novncproxy_port = 6080 log_opt_values /usr/lib/python3/dist-packages/oslo_config/cfg.py:2609
2025-01-06 00:34:10.639 124699 DEBUG oslo_service.service [req-80a6f888-28b3-4dba-8b52-ace0cd1ab58a - - - - -] vnc.server_listen = 127.0.0.1 log_opt_values /usr/lib/python3/dist-packages/oslo_config/cfg.py:2609
2025-01-06 00:34:10.639 124699 DEBUG oslo_service.service [req-80a6f888-28b3-4dba-8b52-ace0cd1ab58a - - - - -] vnc.server_proxyclient_address = 127.0.0.1 log_opt_values /usr/lib/python3/dist-packages/oslo_config/cfg.py:2609
2025-01-06 00:34:10.639 124699 DEBUG oslo_service.service [req-80a6f888-28b3-4dba-8b52-ace0cd1ab58a - - - - -] vnc.vencrypt_ca_certs = None log_opt_values /usr/lib/python3/dist-packages/oslo_config/cfg.py:2609
2025-01-06 00:34:10.639 124699 DEBUG oslo_service.service [req-80a6f888-28b3-4dba-8b52-ace0cd1ab58a - - - - -] vnc.vencrypt_client_cert = None log_opt_values /usr/lib/python3/dist-packages/oslo_config/cfg.py:2609
2025-01-06 00:34:10.639 124699 DEBUG oslo_service.service [req-80a6f888-28b3-4dba-8b52-ace0cd1ab58a - - - - -] vnc.vencrypt_client_key = None log_opt_values /usr/lib/python3/dist-packages/oslo_config/cfg.py:2609
2025-01-06 00:34:10.639 124699 DEBUG oslo_service.service [req-80a6f888-28b3-4dba-8b52-ace0cd1ab58a - - - - -] workarounds.disable_compute_service_check_for_ffu = False log_opt_values /usr/lib/python3/dist-packages/oslo_config/cfg.py:2609
2025-01-06 00:34:10.640 124699 DEBUG oslo_service.service [req-80a6f888-28b3-4dba-8b52-ace0cd1ab58a - - - - -] workarounds.disable_fallback_pcpu_query = False log_opt_values /usr/lib/python3/dist-packages/oslo_config/cfg.py:2609
2025-01-06 00:34:10.640 124699 DEBUG oslo_service.service [req-80a6f888-28b3-4dba-8b52-ace0cd1ab58a - - - - -] workarounds.disable_group_policy_check_upcall = False log_opt_values /usr/lib/python3/dist-packages/oslo_config/cfg.py:2609
2025-01-06 00:34:10.640 124699 DEBUG oslo_service.service [req-80a6f888-28b3-4dba-8b52-ace0cd1ab58a - - - - -] workarounds.disable_libvirt_livesnapshot = False log_opt_values /usr/lib/python3/dist-packages/oslo_config/cfg.py:2609
2025-01-06 00:34:10.640 124699 DEBUG oslo_service.service [req-80a6f888-28b3-4dba-8b52-ace0cd1ab58a - - - - -] workarounds.disable_rootwrap = False log_opt_values /usr/lib/python3/dist-packages/oslo_config/cfg.py:2609
2025-01-06 00:34:10.640 124699 DEBUG oslo_service.service [req-80a6f888-28b3-4dba-8b52-ace0cd1ab58a - - - - -] workarounds.enable_numa_live_migration = False log_opt_values /usr/lib/python3/dist-packages/oslo_config/cfg.py:2609
2025-01-06 00:34:10.640 124699 DEBUG oslo_service.service [req-80a6f888-28b3-4dba-8b52-ace0cd1ab58a - - - - -] workarounds.enable_qemu_monitor_announce_self = False log_opt_values /usr/lib/python3/dist-packages/oslo_config/cfg.py:2609
2025-01-06 00:34:10.641 124699 DEBUG oslo_service.service [req-80a6f888-28b3-4dba-8b52-ace0cd1ab58a - - - - -] workarounds.ensure_libvirt_rbd_instance_dir_cleanup = False log_opt_values /usr/lib/python3/dist-packages/oslo_config/cfg.py:2609
2025-01-06 00:34:10.641 124699 DEBUG oslo_service.service [req-80a6f888-28b3-4dba-8b52-ace0cd1ab58a - - - - -] workarounds.handle_virt_lifecycle_events = True log_opt_values /usr/lib/python3/dist-packages/oslo_config/cfg.py:2609
2025-01-06 00:34:10.641 124699 DEBUG oslo_service.service [req-80a6f888-28b3-4dba-8b52-ace0cd1ab58a - - - - -] workarounds.libvirt_disable_apic = False log_opt_values /usr/lib/python3/dist-packages/oslo_config/cfg.py:2609
2025-01-06 00:34:10.641 124699 DEBUG oslo_service.service [req-80a6f888-28b3-4dba-8b52-ace0cd1ab58a - - - - -] workarounds.never_download_image_if_on_rbd = False log_opt_values /usr/lib/python3/dist-packages/oslo_config/cfg.py:2609
2025-01-06 00:34:10.641 124699 DEBUG oslo_service.service [req-80a6f888-28b3-4dba-8b52-ace0cd1ab58a - - - - -] workarounds.reserve_disk_resource_for_image_cache = False log_opt_values /usr/lib/python3/dist-packages/oslo_config/cfg.py:2609
2025-01-06 00:34:10.643 124699 DEBUG oslo_service.service [req-80a6f888-28b3-4dba-8b52-ace0cd1ab58a - - - - -] workarounds.skip_cpu_compare_on_dest = False log_opt_values /usr/lib/python3/dist-packages/oslo_config/cfg.py:2609
2025-01-06 00:34:10.643 124699 DEBUG oslo_service.service [req-80a6f888-28b3-4dba-8b52-ace0cd1ab58a - - - - -] workarounds.skip_hypervisor_version_check_on_lm = False log_opt_values /usr/lib/python3/dist-packages/oslo_config/cfg.py:2609
2025-01-06 00:34:10.643 124699 DEBUG oslo_service.service [req-80a6f888-28b3-4dba-8b52-ace0cd1ab58a - - - - -] workarounds.unified_limits_count_pcpu_as_vcpu = False log_opt_values /usr/lib/python3/dist-packages/oslo_config/cfg.py:2609
2025-01-06 00:34:10.643 124699 DEBUG oslo_service.service [req-80a6f888-28b3-4dba-8b52-ace0cd1ab58a - - - - -] workarounds.wait_for_vif_plugged_event_during_hard_reboot = [] log_opt_values /usr/lib/python3/dist-packages/oslo_config/cfg.py:2609
2025-01-06 00:34:10.644 124699 DEBUG oslo_service.service [req-80a6f888-28b3-4dba-8b52-ace0cd1ab58a - - - - -] wsgi.api_paste_config = /etc/nova/api-paste.ini log_opt_values /usr/lib/python3/dist-packages/oslo_config/cfg.py:2609
2025-01-06 00:34:10.644 124699 DEBUG oslo_service.service [req-80a6f888-28b3-4dba-8b52-ace0cd1ab58a - - - - -] wsgi.client_socket_timeout = 900 log_opt_values /usr/lib/python3/dist-packages/oslo_config/cfg.py:2609
2025-01-06 00:34:10.644 124699 DEBUG oslo_service.service [req-80a6f888-28b3-4dba-8b52-ace0cd1ab58a - - - - -] wsgi.default_pool_size = 1000 log_opt_values /usr/lib/python3/dist-packages/oslo_config/cfg.py:2609
2025-01-06 00:34:10.644 124699 DEBUG oslo_service.service [req-80a6f888-28b3-4dba-8b52-ace0cd1ab58a - - - - -] wsgi.keep_alive = True log_opt_values /usr/lib/python3/dist-packages/oslo_config/cfg.py:2609
2025-01-06 00:34:10.645 124699 DEBUG oslo_service.service [req-80a6f888-28b3-4dba-8b52-ace0cd1ab58a - - - - -] wsgi.max_header_line = 16384 log_opt_values /usr/lib/python3/dist-packages/oslo_config/cfg.py:2609
2025-01-06 00:34:10.645 124699 DEBUG oslo_service.service [req-80a6f888-28b3-4dba-8b52-ace0cd1ab58a - - - - -] wsgi.secure_proxy_ssl_header = None log_opt_values /usr/lib/python3/dist-packages/oslo_config/cfg.py:2609
2025-01-06 00:34:10.645 124699 DEBUG oslo_service.service [req-80a6f888-28b3-4dba-8b52-ace0cd1ab58a - - - - -] wsgi.ssl_ca_file = None log_opt_values /usr/lib/python3/dist-packages/oslo_config/cfg.py:2609
2025-01-06 00:34:10.645 124699 DEBUG oslo_service.service [req-80a6f888-28b3-4dba-8b52-ace0cd1ab58a - - - - -] wsgi.ssl_cert_file = None log_opt_values /usr/lib/python3/dist-packages/oslo_config/cfg.py:2609
2025-01-06 00:34:10.645 124699 DEBUG oslo_service.service [req-80a6f888-28b3-4dba-8b52-ace0cd1ab58a - - - - -] wsgi.ssl_key_file = None log_opt_values /usr/lib/python3/dist-packages/oslo_config/cfg.py:2609
2025-01-06 00:34:10.646 124699 DEBUG oslo_service.service [req-80a6f888-28b3-4dba-8b52-ace0cd1ab58a - - - - -] wsgi.tcp_keepidle = 600 log_opt_values /usr/lib/python3/dist-packages/oslo_config/cfg.py:2609
2025-01-06 00:34:10.646 124699 DEBUG oslo_service.service [req-80a6f888-28b3-4dba-8b52-ace0cd1ab58a - - - - -] wsgi.wsgi_log_format = %(client_ip)s "%(request_line)s" status: %(status_code)s len: %(body_length)s time: %(wall_seconds).7f log_opt_values /usr/lib/python3/dist-packages/oslo_config/cfg.py:2609
2025-01-06 00:34:10.646 124699 DEBUG oslo_service.service [req-80a6f888-28b3-4dba-8b52-ace0cd1ab58a - - - - -] zvm.ca_file = None log_opt_values /usr/lib/python3/dist-packages/oslo_config/cfg.py:2609
2025-01-06 00:34:10.646 124699 DEBUG oslo_service.service [req-80a6f888-28b3-4dba-8b52-ace0cd1ab58a - - - - -] zvm.cloud_connector_url = None log_opt_values /usr/lib/python3/dist-packages/oslo_config/cfg.py:2609
2025-01-06 00:34:10.647 124699 DEBUG oslo_service.service [req-80a6f888-28b3-4dba-8b52-ace0cd1ab58a - - - - -] zvm.image_tmp_path = /var/lib/nova/images log_opt_values /usr/lib/python3/dist-packages/oslo_config/cfg.py:2609
2025-01-06 00:34:10.647 124699 DEBUG oslo_service.service [req-80a6f888-28b3-4dba-8b52-ace0cd1ab58a - - - - -] zvm.reachable_timeout = 300 log_opt_values /usr/lib/python3/dist-packages/oslo_config/cfg.py:2609
2025-01-06 00:34:10.647 124699 DEBUG oslo_service.service [req-80a6f888-28b3-4dba-8b52-ace0cd1ab58a - - - - -] oslo_messaging_metrics.metrics_buffer_size = 1000 log_opt_values /usr/lib/python3/dist-packages/oslo_config/cfg.py:2609
2025-01-06 00:34:10.647 124699 DEBUG oslo_service.service [req-80a6f888-28b3-4dba-8b52-ace0cd1ab58a - - - - -] oslo_messaging_metrics.metrics_enabled = False log_opt_values /usr/lib/python3/dist-packages/oslo_config/cfg.py:2609
2025-01-06 00:34:10.648 124699 DEBUG oslo_service.service [req-80a6f888-28b3-4dba-8b52-ace0cd1ab58a - - - - -] oslo_messaging_metrics.metrics_process_name = log_opt_values /usr/lib/python3/dist-packages/oslo_config/cfg.py:2609
2025-01-06 00:34:10.648 124699 DEBUG oslo_service.service [req-80a6f888-28b3-4dba-8b52-ace0cd1ab58a - - - - -] oslo_messaging_metrics.metrics_socket_file = /var/tmp/metrics_collector.sock log_opt_values /usr/lib/python3/dist-packages/oslo_config/cfg.py:2609
2025-01-06 00:34:10.648 124699 DEBUG oslo_service.service [req-80a6f888-28b3-4dba-8b52-ace0cd1ab58a - - - - -] oslo_messaging_metrics.metrics_thread_stop_timeout = 10 log_opt_values /usr/lib/python3/dist-packages/oslo_config/cfg.py:2609
2025-01-06 00:34:10.648 124699 DEBUG oslo_service.service [req-80a6f888-28b3-4dba-8b52-ace0cd1ab58a - - - - -] oslo_policy.enforce_new_defaults = False log_opt_values /usr/lib/python3/dist-packages/oslo_config/cfg.py:2609
2025-01-06 00:34:10.649 124699 DEBUG oslo_service.service [req-80a6f888-28b3-4dba-8b52-ace0cd1ab58a - - - - -] oslo_policy.enforce_scope = False log_opt_values /usr/lib/python3/dist-packages/oslo_config/cfg.py:2609
2025-01-06 00:34:10.649 124699 DEBUG oslo_service.service [req-80a6f888-28b3-4dba-8b52-ace0cd1ab58a - - - - -] oslo_policy.policy_default_rule = default log_opt_values /usr/lib/python3/dist-packages/oslo_config/cfg.py:2609
2025-01-06 00:34:10.649 124699 DEBUG oslo_service.service [req-80a6f888-28b3-4dba-8b52-ace0cd1ab58a - - - - -] oslo_policy.policy_dirs = ['policy.d'] log_opt_values /usr/lib/python3/dist-packages/oslo_config/cfg.py:2609
2025-01-06 00:34:10.649 124699 DEBUG oslo_service.service [req-80a6f888-28b3-4dba-8b52-ace0cd1ab58a - - - - -] oslo_policy.policy_file = policy.yaml log_opt_values /usr/lib/python3/dist-packages/oslo_config/cfg.py:2609
2025-01-06 00:34:10.650 124699 DEBUG oslo_service.service [req-80a6f888-28b3-4dba-8b52-ace0cd1ab58a - - - - -] oslo_policy.remote_content_type = application/x-www-form-urlencoded log_opt_values /usr/lib/python3/dist-packages/oslo_config/cfg.py:2609
2025-01-06 00:34:10.650 124699 DEBUG oslo_service.service [req-80a6f888-28b3-4dba-8b52-ace0cd1ab58a - - - - -] oslo_policy.remote_ssl_ca_crt_file = None log_opt_values /usr/lib/python3/dist-packages/oslo_config/cfg.py:2609
2025-01-06 00:34:10.650 124699 DEBUG oslo_service.service [req-80a6f888-28b3-4dba-8b52-ace0cd1ab58a - - - - -] oslo_policy.remote_ssl_client_crt_file = None log_opt_values /usr/lib/python3/dist-packages/oslo_config/cfg.py:2609
2025-01-06 00:34:10.650 124699 DEBUG oslo_service.service [req-80a6f888-28b3-4dba-8b52-ace0cd1ab58a - - - - -] oslo_policy.remote_ssl_client_key_file = None log_opt_values /usr/lib/python3/dist-packages/oslo_config/cfg.py:2609
2025-01-06 00:34:10.651 124699 DEBUG oslo_service.service [req-80a6f888-28b3-4dba-8b52-ace0cd1ab58a - - - - -] oslo_policy.remote_ssl_verify_server_crt = False log_opt_values /usr/lib/python3/dist-packages/oslo_config/cfg.py:2609
2025-01-06 00:34:10.651 124699 DEBUG oslo_service.service [req-80a6f888-28b3-4dba-8b52-ace0cd1ab58a - - - - -] oslo_versionedobjects.fatal_exception_format_errors = False log_opt_values /usr/lib/python3/dist-packages/oslo_config/cfg.py:2609
2025-01-06 00:34:10.651 124699 DEBUG oslo_service.service [req-80a6f888-28b3-4dba-8b52-ace0cd1ab58a - - - - -] oslo_middleware.http_basic_auth_user_file = /etc/htpasswd log_opt_values /usr/lib/python3/dist-packages/oslo_config/cfg.py:2609
2025-01-06 00:34:10.652 124699 DEBUG oslo_service.service [req-80a6f888-28b3-4dba-8b52-ace0cd1ab58a - - - - -] profiler.connection_string = messaging:// log_opt_values /usr/lib/python3/dist-packages/oslo_config/cfg.py:2609
2025-01-06 00:34:10.652 124699 DEBUG oslo_service.service [req-80a6f888-28b3-4dba-8b52-ace0cd1ab58a - - - - -] profiler.enabled = False log_opt_values /usr/lib/python3/dist-packages/oslo_config/cfg.py:2609
2025-01-06 00:34:10.652 124699 DEBUG oslo_service.service [req-80a6f888-28b3-4dba-8b52-ace0cd1ab58a - - - - -] profiler.es_doc_type = notification log_opt_values /usr/lib/python3/dist-packages/oslo_config/cfg.py:2609
2025-01-06 00:34:10.652 124699 DEBUG oslo_service.service [req-80a6f888-28b3-4dba-8b52-ace0cd1ab58a - - - - -] profiler.es_scroll_size = 10000 log_opt_values /usr/lib/python3/dist-packages/oslo_config/cfg.py:2609
2025-01-06 00:34:10.653 124699 DEBUG oslo_service.service [req-80a6f888-28b3-4dba-8b52-ace0cd1ab58a - - - - -] profiler.es_scroll_time = 2m log_opt_values /usr/lib/python3/dist-packages/oslo_config/cfg.py:2609
