2025-01-02 01:12:13.710 35929 DEBUG heat.engine.service [req-1a88db71-f47a-4651-9a39-7212b1eec2d9 - - - - -] Service b6149c33-8226-4317-a7c5-36c45e2099eb is updated service_manage_report /usr/lib/python3/dist-packages/heat/engine/service.py:2370
2025-01-02 01:13:13.680 35927 DEBUG heat.engine.service [req-904887f0-7889-48c3-b850-0d2493a7e543 - - - - -] Service 84949149-cc9f-4abf-9624-144264cb9057 is updated service_manage_report /usr/lib/python3/dist-packages/heat/engine/service.py:2370
2025-01-02 01:13:13.681 35928 DEBUG heat.engine.service [req-02318bd8-961f-47de-8e51-1c5a8c7206b4 - - - - -] Service 8efe2548-8454-4a00-9336-9d1acda570f1 is updated service_manage_report /usr/lib/python3/dist-packages/heat/engine/service.py:2370
2025-01-02 01:13:13.702 35930 DEBUG heat.engine.service [req-46a4138e-0e46-4ee8-947a-68b988cf722e - - - - -] Service c1a57f60-cf16-449b-85ce-7ab6fd6dfc38 is updated service_manage_report /usr/lib/python3/dist-packages/heat/engine/service.py:2370
2025-01-02 01:13:13.709 35929 DEBUG heat.engine.service [req-720dc394-dd73-4372-98c0-95788892e2aa - - - - -] Service b6149c33-8226-4317-a7c5-36c45e2099eb is updated service_manage_report /usr/lib/python3/dist-packages/heat/engine/service.py:2370
2025-01-02 01:14:13.685 35927 DEBUG heat.engine.service [req-ace815ca-161f-4e0b-a567-80cd86ae5774 - - - - -] Service 84949149-cc9f-4abf-9624-144264cb9057 is updated service_manage_report /usr/lib/python3/dist-packages/heat/engine/service.py:2370
2025-01-02 01:14:13.687 35928 DEBUG heat.engine.service [req-693c61bd-0286-4ab0-814a-0763608a0944 - - - - -] Service 8efe2548-8454-4a00-9336-9d1acda570f1 is updated service_manage_report /usr/lib/python3/dist-packages/heat/engine/service.py:2370
2025-01-02 01:14:13.701 35929 DEBUG heat.engine.service [req-67ff39b7-db0f-4ed6-aa82-43b32e3870df - - - - -] Service b6149c33-8226-4317-a7c5-36c45e2099eb is updated service_manage_report /usr/lib/python3/dist-packages/heat/engine/service.py:2370
2025-01-02 01:14:13.704 35930 DEBUG heat.engine.service [req-9743a01b-8985-4c64-a230-610da596d748 - - - - -] Service c1a57f60-cf16-449b-85ce-7ab6fd6dfc38 is updated service_manage_report /usr/lib/python3/dist-packages/heat/engine/service.py:2370
2025-01-02 01:15:13.682 35928 DEBUG heat.engine.service [req-5169f35f-2bcc-4e97-a736-0ab41ec7b925 - - - - -] Service 8efe2548-8454-4a00-9336-9d1acda570f1 is updated service_manage_report /usr/lib/python3/dist-packages/heat/engine/service.py:2370
2025-01-02 01:15:13.683 35927 DEBUG heat.engine.service [req-886ee86c-e81e-4b4e-b9fc-3331cd24f470 - - - - -] Service 84949149-cc9f-4abf-9624-144264cb9057 is updated service_manage_report /usr/lib/python3/dist-packages/heat/engine/service.py:2370
2025-01-02 01:15:13.704 35929 DEBUG heat.engine.service [req-22b56875-00b7-4e8f-bdb3-505691c7bf22 - - - - -] Service b6149c33-8226-4317-a7c5-36c45e2099eb is updated service_manage_report /usr/lib/python3/dist-packages/heat/engine/service.py:2370
2025-01-02 01:15:13.708 35930 DEBUG heat.engine.service [req-1a03ea09-eb84-43f1-82b3-ab7455360bca - - - - -] Service c1a57f60-cf16-449b-85ce-7ab6fd6dfc38 is updated service_manage_report /usr/lib/python3/dist-packages/heat/engine/service.py:2370
2025-01-02 01:16:13.676 35927 DEBUG heat.engine.service [req-eabdd5b3-eca5-4051-84e4-516d8bdb7c69 - - - - -] Service 84949149-cc9f-4abf-9624-144264cb9057 is updated service_manage_report /usr/lib/python3/dist-packages/heat/engine/service.py:2370
2025-01-02 01:16:13.686 35928 DEBUG heat.engine.service [req-70b9b182-7575-477d-b4ef-81c98c2b03d8 - - - - -] Service 8efe2548-8454-4a00-9336-9d1acda570f1 is updated service_manage_report /usr/lib/python3/dist-packages/heat/engine/service.py:2370
2025-01-02 01:16:13.707 35929 DEBUG heat.engine.service [req-811a036b-d00a-4f56-827e-e913c18a0c4c - - - - -] Service b6149c33-8226-4317-a7c5-36c45e2099eb is updated service_manage_report /usr/lib/python3/dist-packages/heat/engine/service.py:2370
2025-01-02 01:16:13.711 35930 DEBUG heat.engine.service [req-f25073e4-c85a-439f-bf1f-126ff86a15fd - - - - -] Service c1a57f60-cf16-449b-85ce-7ab6fd6dfc38 is updated service_manage_report /usr/lib/python3/dist-packages/heat/engine/service.py:2370
2025-01-02 01:17:13.681 35927 DEBUG heat.engine.service [req-3765619b-5824-423f-9d62-d7b1f74e665c - - - - -] Service 84949149-cc9f-4abf-9624-144264cb9057 is updated service_manage_report /usr/lib/python3/dist-packages/heat/engine/service.py:2370
2025-01-02 01:17:13.689 35928 DEBUG heat.engine.service [req-817ffd11-b7f9-4c0f-9906-78ec7b9351ca - - - - -] Service 8efe2548-8454-4a00-9336-9d1acda570f1 is updated service_manage_report /usr/lib/python3/dist-packages/heat/engine/service.py:2370
2025-01-02 01:17:13.711 35929 DEBUG heat.engine.service [req-f45011a1-e8f6-4382-8952-adce22861dbb - - - - -] Service b6149c33-8226-4317-a7c5-36c45e2099eb is updated service_manage_report /usr/lib/python3/dist-packages/heat/engine/service.py:2370
2025-01-02 01:17:13.715 35930 DEBUG heat.engine.service [req-dbd2b29d-8fb1-4242-8f37-0c596c93c9e9 - - - - -] Service c1a57f60-cf16-449b-85ce-7ab6fd6dfc38 is updated service_manage_report /usr/lib/python3/dist-packages/heat/engine/service.py:2370
2025-01-02 01:18:13.685 35927 DEBUG heat.engine.service [req-f83b0893-4944-4e6f-8153-49bc48058a68 - - - - -] Service 84949149-cc9f-4abf-9624-144264cb9057 is updated service_manage_report /usr/lib/python3/dist-packages/heat/engine/service.py:2370
2025-01-02 01:18:13.693 35928 DEBUG heat.engine.service [req-bddcbd8b-fbd5-4142-a0c7-0b5a60771900 - - - - -] Service 8efe2548-8454-4a00-9336-9d1acda570f1 is updated service_manage_report /usr/lib/python3/dist-packages/heat/engine/service.py:2370
2025-01-02 01:18:13.713 35929 DEBUG heat.engine.service [req-050ed440-eb03-4bad-b151-e127a6e4c832 - - - - -] Service b6149c33-8226-4317-a7c5-36c45e2099eb is updated service_manage_report /usr/lib/python3/dist-packages/heat/engine/service.py:2370
2025-01-02 01:18:13.718 35930 DEBUG heat.engine.service [req-8e0d57e5-d0b5-49e8-89a1-58e7a80a44cb - - - - -] Service c1a57f60-cf16-449b-85ce-7ab6fd6dfc38 is updated service_manage_report /usr/lib/python3/dist-packages/heat/engine/service.py:2370
2025-01-02 01:19:13.691 35927 DEBUG heat.engine.service [req-f6f92b86-64b3-4950-abcc-c59a72e36e4b - - - - -] Service 84949149-cc9f-4abf-9624-144264cb9057 is updated service_manage_report /usr/lib/python3/dist-packages/heat/engine/service.py:2370
2025-01-02 01:19:13.699 35928 DEBUG heat.engine.service [req-94fa12ae-31d3-41ae-a100-469c7d13c3fe - - - - -] Service 8efe2548-8454-4a00-9336-9d1acda570f1 is updated service_manage_report /usr/lib/python3/dist-packages/heat/engine/service.py:2370
2025-01-02 01:19:13.716 35929 DEBUG heat.engine.service [req-091bff01-0a0f-43b7-82ee-6fa65d66c91f - - - - -] Service b6149c33-8226-4317-a7c5-36c45e2099eb is updated service_manage_report /usr/lib/python3/dist-packages/heat/engine/service.py:2370
2025-01-02 01:19:13.721 35930 DEBUG heat.engine.service [req-70323f3f-c35d-434f-88df-2b8bc6cbc4e2 - - - - -] Service c1a57f60-cf16-449b-85ce-7ab6fd6dfc38 is updated service_manage_report /usr/lib/python3/dist-packages/heat/engine/service.py:2370
2025-01-02 01:20:13.695 35927 DEBUG heat.engine.service [req-15c66dc5-8825-4cb5-a8a1-04a47cb58831 - - - - -] Service 84949149-cc9f-4abf-9624-144264cb9057 is updated service_manage_report /usr/lib/python3/dist-packages/heat/engine/service.py:2370
2025-01-02 01:20:13.698 35928 DEBUG heat.engine.service [req-697deff2-4675-4e4a-9f4d-14ad06d74061 - - - - -] Service 8efe2548-8454-4a00-9336-9d1acda570f1 is updated service_manage_report /usr/lib/python3/dist-packages/heat/engine/service.py:2370
2025-01-02 01:20:13.719 35929 DEBUG heat.engine.service [req-c91828bf-2a20-498e-a716-be9f1cb3b398 - - - - -] Service b6149c33-8226-4317-a7c5-36c45e2099eb is updated service_manage_report /usr/lib/python3/dist-packages/heat/engine/service.py:2370
2025-01-02 01:20:13.722 35930 DEBUG heat.engine.service [req-62c06060-690b-49b7-9a4a-e3073f61d539 - - - - -] Service c1a57f60-cf16-449b-85ce-7ab6fd6dfc38 is updated service_manage_report /usr/lib/python3/dist-packages/heat/engine/service.py:2370
2025-01-02 01:21:13.692 35928 DEBUG heat.engine.service [req-b4b4d7fa-7040-41f4-bade-ef749bc236e2 - - - - -] Service 8efe2548-8454-4a00-9336-9d1acda570f1 is updated service_manage_report /usr/lib/python3/dist-packages/heat/engine/service.py:2370
2025-01-02 01:21:13.698 35927 DEBUG heat.engine.service [req-9299b626-ee63-4a14-8fdc-9c30ceb64335 - - - - -] Service 84949149-cc9f-4abf-9624-144264cb9057 is updated service_manage_report /usr/lib/python3/dist-packages/heat/engine/service.py:2370
2025-01-02 01:21:13.724 35929 DEBUG heat.engine.service [req-5cca0ba5-882e-406e-81f7-4d1961ae22fd - - - - -] Service b6149c33-8226-4317-a7c5-36c45e2099eb is updated service_manage_report /usr/lib/python3/dist-packages/heat/engine/service.py:2370
2025-01-02 01:21:13.725 35930 DEBUG heat.engine.service [req-d1e1df37-e8ba-4ebf-848a-f370736448eb - - - - -] Service c1a57f60-cf16-449b-85ce-7ab6fd6dfc38 is updated service_manage_report /usr/lib/python3/dist-packages/heat/engine/service.py:2370
2025-01-02 01:22:13.696 35928 DEBUG heat.engine.service [req-fef226e5-cd22-4d6b-a5a7-d2f6a316774a - - - - -] Service 8efe2548-8454-4a00-9336-9d1acda570f1 is updated service_manage_report /usr/lib/python3/dist-packages/heat/engine/service.py:2370
2025-01-02 01:22:13.701 35927 DEBUG heat.engine.service [req-d8684209-6119-427d-ba52-10be3a87c630 - - - - -] Service 84949149-cc9f-4abf-9624-144264cb9057 is updated service_manage_report /usr/lib/python3/dist-packages/heat/engine/service.py:2370
2025-01-02 01:22:13.726 35929 DEBUG heat.engine.service [req-89143331-a6ed-439d-ab41-4e00cc09e27f - - - - -] Service b6149c33-8226-4317-a7c5-36c45e2099eb is updated service_manage_report /usr/lib/python3/dist-packages/heat/engine/service.py:2370
2025-01-02 01:22:13.732 35930 DEBUG heat.engine.service [req-a1e60382-0f8c-43eb-a763-0c60a7ee154f - - - - -] Service c1a57f60-cf16-449b-85ce-7ab6fd6dfc38 is updated service_manage_report /usr/lib/python3/dist-packages/heat/engine/service.py:2370
2025-01-02 01:23:13.699 35928 DEBUG heat.engine.service [req-fae09dfc-8929-4320-9687-95b69323885e - - - - -] Service 8efe2548-8454-4a00-9336-9d1acda570f1 is updated service_manage_report /usr/lib/python3/dist-packages/heat/engine/service.py:2370
2025-01-02 01:23:13.706 35927 DEBUG heat.engine.service [req-c8ec3ddb-56e1-4785-a406-489d40571c45 - - - - -] Service 84949149-cc9f-4abf-9624-144264cb9057 is updated service_manage_report /usr/lib/python3/dist-packages/heat/engine/service.py:2370
2025-01-02 01:23:13.729 35930 DEBUG heat.engine.service [req-3c502806-eee0-4df3-857d-1214cbcd5c9d - - - - -] Service c1a57f60-cf16-449b-85ce-7ab6fd6dfc38 is updated service_manage_report /usr/lib/python3/dist-packages/heat/engine/service.py:2370
2025-01-02 01:23:13.731 35929 DEBUG heat.engine.service [req-f649b365-512a-48be-bcfc-e29538821fe7 - - - - -] Service b6149c33-8226-4317-a7c5-36c45e2099eb is updated service_manage_report /usr/lib/python3/dist-packages/heat/engine/service.py:2370
2025-01-02 01:24:13.703 35928 DEBUG heat.engine.service [req-05f97f3c-ee26-4fd5-a5fd-48d1142e9cb5 - - - - -] Service 8efe2548-8454-4a00-9336-9d1acda570f1 is updated service_manage_report /usr/lib/python3/dist-packages/heat/engine/service.py:2370
2025-01-02 01:24:13.708 35927 DEBUG heat.engine.service [req-0390a4fb-ece4-4427-83ba-c8293f7783e8 - - - - -] Service 84949149-cc9f-4abf-9624-144264cb9057 is updated service_manage_report /usr/lib/python3/dist-packages/heat/engine/service.py:2370
2025-01-02 01:24:13.723 35930 DEBUG heat.engine.service [req-a020b86f-6067-49cd-b78e-eec12661b15c - - - - -] Service c1a57f60-cf16-449b-85ce-7ab6fd6dfc38 is updated service_manage_report /usr/lib/python3/dist-packages/heat/engine/service.py:2370
2025-01-02 01:24:13.731 35929 DEBUG heat.engine.service [req-e299e7f2-b285-4025-bfc7-544e5117619e - - - - -] Service b6149c33-8226-4317-a7c5-36c45e2099eb is updated service_manage_report /usr/lib/python3/dist-packages/heat/engine/service.py:2370
2025-01-02 01:25:13.710 35928 DEBUG heat.engine.service [req-f83e719a-23c7-44a6-81a9-4b3881496d3e - - - - -] Service 8efe2548-8454-4a00-9336-9d1acda570f1 is updated service_manage_report /usr/lib/python3/dist-packages/heat/engine/service.py:2370
2025-01-02 01:25:13.712 35927 DEBUG heat.engine.service [req-4b23cefb-0b9e-4647-aec8-fbc56b809d8b - - - - -] Service 84949149-cc9f-4abf-9624-144264cb9057 is updated service_manage_report /usr/lib/python3/dist-packages/heat/engine/service.py:2370
2025-01-02 01:25:13.726 35930 DEBUG heat.engine.service [req-39ac808e-5638-4de2-9eff-94897dfed65f - - - - -] Service c1a57f60-cf16-449b-85ce-7ab6fd6dfc38 is updated service_manage_report /usr/lib/python3/dist-packages/heat/engine/service.py:2370
2025-01-02 01:25:13.734 35929 DEBUG heat.engine.service [req-8f367e7a-b79f-4554-bc8e-6a802da7cb46 - - - - -] Service b6149c33-8226-4317-a7c5-36c45e2099eb is updated service_manage_report /usr/lib/python3/dist-packages/heat/engine/service.py:2370
2025-01-02 01:26:13.703 35928 DEBUG heat.engine.service [req-2a4add74-0a91-4a62-928a-ee64de343b16 - - - - -] Service 8efe2548-8454-4a00-9336-9d1acda570f1 is updated service_manage_report /usr/lib/python3/dist-packages/heat/engine/service.py:2370
2025-01-02 01:26:13.714 35927 DEBUG heat.engine.service [req-a38f44be-471d-488a-8d90-fdfe4de2567a - - - - -] Service 84949149-cc9f-4abf-9624-144264cb9057 is updated service_manage_report /usr/lib/python3/dist-packages/heat/engine/service.py:2370
2025-01-02 01:26:13.728 35930 DEBUG heat.engine.service [req-6f114694-47ec-4d01-909a-efc790763a79 - - - - -] Service c1a57f60-cf16-449b-85ce-7ab6fd6dfc38 is updated service_manage_report /usr/lib/python3/dist-packages/heat/engine/service.py:2370
2025-01-02 01:26:13.734 35929 DEBUG heat.engine.service [req-a395d10e-0fbb-47fc-88d1-cecf92808f82 - - - - -] Service b6149c33-8226-4317-a7c5-36c45e2099eb is updated service_manage_report /usr/lib/python3/dist-packages/heat/engine/service.py:2370
2025-01-02 01:27:13.709 35928 DEBUG heat.engine.service [req-f168a72c-0e32-4bcc-989b-f025e68b75fd - - - - -] Service 8efe2548-8454-4a00-9336-9d1acda570f1 is updated service_manage_report /usr/lib/python3/dist-packages/heat/engine/service.py:2370
2025-01-02 01:27:13.718 35927 DEBUG heat.engine.service [req-04d0878d-8f06-4dca-8f83-4d5b852ee363 - - - - -] Service 84949149-cc9f-4abf-9624-144264cb9057 is updated service_manage_report /usr/lib/python3/dist-packages/heat/engine/service.py:2370
2025-01-02 01:27:13.732 35930 DEBUG heat.engine.service [req-68206f71-5863-4e8f-95ef-6179ddecf636 - - - - -] Service c1a57f60-cf16-449b-85ce-7ab6fd6dfc38 is updated service_manage_report /usr/lib/python3/dist-packages/heat/engine/service.py:2370
2025-01-02 01:27:13.736 35929 DEBUG heat.engine.service [req-54c2df8a-9a41-421c-b820-06c3e3bf4a0e - - - - -] Service b6149c33-8226-4317-a7c5-36c45e2099eb is updated service_manage_report /usr/lib/python3/dist-packages/heat/engine/service.py:2370
2025-01-02 01:28:13.714 35928 DEBUG heat.engine.service [req-6ca9eef4-e560-472c-8459-52bc7261b54a - - - - -] Service 8efe2548-8454-4a00-9336-9d1acda570f1 is updated service_manage_report /usr/lib/python3/dist-packages/heat/engine/service.py:2370
2025-01-02 01:28:13.723 35927 DEBUG heat.engine.service [req-3cffa645-139b-4828-9312-5cb3e79ae4f2 - - - - -] Service 84949149-cc9f-4abf-9624-144264cb9057 is updated service_manage_report /usr/lib/python3/dist-packages/heat/engine/service.py:2370
2025-01-02 01:28:13.741 35930 DEBUG heat.engine.service [req-9bac0167-7a39-45c6-9609-676e0353e0e0 - - - - -] Service c1a57f60-cf16-449b-85ce-7ab6fd6dfc38 is updated service_manage_report /usr/lib/python3/dist-packages/heat/engine/service.py:2370
2025-01-02 01:28:13.743 35929 DEBUG heat.engine.service [req-50e2629a-11df-4a1d-9e62-8c9168ca0957 - - - - -] Service b6149c33-8226-4317-a7c5-36c45e2099eb is updated service_manage_report /usr/lib/python3/dist-packages/heat/engine/service.py:2370
2025-01-02 01:29:13.719 35927 DEBUG heat.engine.service [req-bfb09f5a-3633-40d4-9022-8d2e395c7cd6 - - - - -] Service 84949149-cc9f-4abf-9624-144264cb9057 is updated service_manage_report /usr/lib/python3/dist-packages/heat/engine/service.py:2370
2025-01-02 01:29:13.720 35928 DEBUG heat.engine.service [req-daa875b6-4fc9-462d-b012-19f1fa36d762 - - - - -] Service 8efe2548-8454-4a00-9336-9d1acda570f1 is updated service_manage_report /usr/lib/python3/dist-packages/heat/engine/service.py:2370
2025-01-02 01:29:13.735 35930 DEBUG heat.engine.service [req-1e07c317-2700-415b-ad70-ce056512af9e - - - - -] Service c1a57f60-cf16-449b-85ce-7ab6fd6dfc38 is updated service_manage_report /usr/lib/python3/dist-packages/heat/engine/service.py:2370
2025-01-02 01:29:13.740 35929 DEBUG heat.engine.service [req-c811828d-54f7-4950-b45d-e235ef0fc08f - - - - -] Service b6149c33-8226-4317-a7c5-36c45e2099eb is updated service_manage_report /usr/lib/python3/dist-packages/heat/engine/service.py:2370
2025-01-02 01:30:13.715 35928 DEBUG heat.engine.service [req-4438fbc9-9b29-4686-83b8-aadd82f26460 - - - - -] Service 8efe2548-8454-4a00-9336-9d1acda570f1 is updated service_manage_report /usr/lib/python3/dist-packages/heat/engine/service.py:2370
2025-01-02 01:30:13.723 35927 DEBUG heat.engine.service [req-247705bc-2120-4dc7-b578-e249bf53dca4 - - - - -] Service 84949149-cc9f-4abf-9624-144264cb9057 is updated service_manage_report /usr/lib/python3/dist-packages/heat/engine/service.py:2370
2025-01-02 01:30:13.734 35929 DEBUG heat.engine.service [req-6daea434-23b8-46f2-863c-5bedfdd2735f - - - - -] Service b6149c33-8226-4317-a7c5-36c45e2099eb is updated service_manage_report /usr/lib/python3/dist-packages/heat/engine/service.py:2370
2025-01-02 01:30:13.741 35930 DEBUG heat.engine.service [req-aacb3949-dc3e-4fba-be4a-dfc1a06de6d0 - - - - -] Service c1a57f60-cf16-449b-85ce-7ab6fd6dfc38 is updated service_manage_report /usr/lib/python3/dist-packages/heat/engine/service.py:2370
2025-01-02 01:31:13.722 35928 DEBUG heat.engine.service [req-165b5e80-e458-45d9-98fb-e2c22ab364ce - - - - -] Service 8efe2548-8454-4a00-9336-9d1acda570f1 is updated service_manage_report /usr/lib/python3/dist-packages/heat/engine/service.py:2370
2025-01-02 01:31:13.730 35927 DEBUG heat.engine.service [req-fce9b3d2-46a4-496f-a343-730425047823 - - - - -] Service 84949149-cc9f-4abf-9624-144264cb9057 is updated service_manage_report /usr/lib/python3/dist-packages/heat/engine/service.py:2370
2025-01-02 01:31:13.737 35930 DEBUG heat.engine.service [req-d2a2f7a6-aaa6-4a50-a4f8-5f5b1a296419 - - - - -] Service c1a57f60-cf16-449b-85ce-7ab6fd6dfc38 is updated service_manage_report /usr/lib/python3/dist-packages/heat/engine/service.py:2370
2025-01-02 01:31:13.740 35929 DEBUG heat.engine.service [req-89c29e26-ee66-4072-bd88-f10bb6e54766 - - - - -] Service b6149c33-8226-4317-a7c5-36c45e2099eb is updated service_manage_report /usr/lib/python3/dist-packages/heat/engine/service.py:2370
2025-01-02 01:32:13.720 35928 DEBUG heat.engine.service [req-eedda6fa-f4e9-4e1e-8f7a-e65d08ff07b6 - - - - -] Service 8efe2548-8454-4a00-9336-9d1acda570f1 is updated service_manage_report /usr/lib/python3/dist-packages/heat/engine/service.py:2370
2025-01-02 01:32:13.725 35927 DEBUG heat.engine.service [req-3585f2a6-fb47-4505-87df-b262f8a04c60 - - - - -] Service 84949149-cc9f-4abf-9624-144264cb9057 is updated service_manage_report /usr/lib/python3/dist-packages/heat/engine/service.py:2370
2025-01-02 01:32:13.733 35929 DEBUG heat.engine.service [req-dc51511d-dc3e-4c50-ab51-07c408233ff6 - - - - -] Service b6149c33-8226-4317-a7c5-36c45e2099eb is updated service_manage_report /usr/lib/python3/dist-packages/heat/engine/service.py:2370
2025-01-02 01:32:13.742 35930 DEBUG heat.engine.service [req-d5a653a8-3a74-4464-ab9a-c0ef5eacc904 - - - - -] Service c1a57f60-cf16-449b-85ce-7ab6fd6dfc38 is updated service_manage_report /usr/lib/python3/dist-packages/heat/engine/service.py:2370
2025-01-02 01:33:13.714 35928 DEBUG heat.engine.service [req-d4c9c913-4d67-4dba-b7b4-1f35e0212a72 - - - - -] Service 8efe2548-8454-4a00-9336-9d1acda570f1 is updated service_manage_report /usr/lib/python3/dist-packages/heat/engine/service.py:2370
2025-01-02 01:33:13.727 35927 DEBUG heat.engine.service [req-9b2ccd72-46cb-457b-8efb-260c269f4091 - - - - -] Service 84949149-cc9f-4abf-9624-144264cb9057 is updated service_manage_report /usr/lib/python3/dist-packages/heat/engine/service.py:2370
2025-01-02 01:33:13.738 35929 DEBUG heat.engine.service [req-0575b6f5-dc62-49c1-80cd-d985c8c104ea - - - - -] Service b6149c33-8226-4317-a7c5-36c45e2099eb is updated service_manage_report /usr/lib/python3/dist-packages/heat/engine/service.py:2370
2025-01-02 01:33:13.745 35930 DEBUG heat.engine.service [req-db02c8d0-1c55-4f61-b6e2-18f2241f6761 - - - - -] Service c1a57f60-cf16-449b-85ce-7ab6fd6dfc38 is updated service_manage_report /usr/lib/python3/dist-packages/heat/engine/service.py:2370
2025-01-02 01:34:13.718 35928 DEBUG heat.engine.service [req-a8d76ca8-0f17-48ca-af01-80e9de095954 - - - - -] Service 8efe2548-8454-4a00-9336-9d1acda570f1 is updated service_manage_report /usr/lib/python3/dist-packages/heat/engine/service.py:2370
2025-01-02 01:34:13.731 35927 DEBUG heat.engine.service [req-2ec0cd5d-8f65-4e05-80f3-ad38d3223765 - - - - -] Service 84949149-cc9f-4abf-9624-144264cb9057 is updated service_manage_report /usr/lib/python3/dist-packages/heat/engine/service.py:2370
2025-01-02 01:34:13.739 35929 DEBUG heat.engine.service [req-a1a18296-d127-457d-ad4d-a2af2ad0a88c - - - - -] Service b6149c33-8226-4317-a7c5-36c45e2099eb is updated service_manage_report /usr/lib/python3/dist-packages/heat/engine/service.py:2370
2025-01-02 01:34:13.748 35930 DEBUG heat.engine.service [req-4933a5ef-36ed-49fc-9a04-eedaadb9c442 - - - - -] Service c1a57f60-cf16-449b-85ce-7ab6fd6dfc38 is updated service_manage_report /usr/lib/python3/dist-packages/heat/engine/service.py:2370
2025-01-02 01:35:13.722 35928 DEBUG heat.engine.service [req-f9dec765-2fb8-4e41-9221-23a765126258 - - - - -] Service 8efe2548-8454-4a00-9336-9d1acda570f1 is updated service_manage_report /usr/lib/python3/dist-packages/heat/engine/service.py:2370
2025-01-02 01:35:13.734 35927 DEBUG heat.engine.service [req-b3b5a676-9a8b-4648-a472-e2ab27c52ebd - - - - -] Service 84949149-cc9f-4abf-9624-144264cb9057 is updated service_manage_report /usr/lib/python3/dist-packages/heat/engine/service.py:2370
2025-01-02 01:35:13.742 35929 DEBUG heat.engine.service [req-d4c3ace4-68cc-405d-9cca-aa259ed59ba2 - - - - -] Service b6149c33-8226-4317-a7c5-36c45e2099eb is updated service_manage_report /usr/lib/python3/dist-packages/heat/engine/service.py:2370
2025-01-02 01:35:13.752 35930 DEBUG heat.engine.service [req-f34832c8-2110-49fd-8344-ae581e123268 - - - - -] Service c1a57f60-cf16-449b-85ce-7ab6fd6dfc38 is updated service_manage_report /usr/lib/python3/dist-packages/heat/engine/service.py:2370
2025-01-02 01:36:13.726 35928 DEBUG heat.engine.service [req-72a875db-953e-4f50-a8e6-2dea8e24b851 - - - - -] Service 8efe2548-8454-4a00-9336-9d1acda570f1 is updated service_manage_report /usr/lib/python3/dist-packages/heat/engine/service.py:2370
2025-01-02 01:36:13.738 35927 DEBUG heat.engine.service [req-76a3dac0-78d5-45e9-8a13-dc71b28a3126 - - - - -] Service 84949149-cc9f-4abf-9624-144264cb9057 is updated service_manage_report /usr/lib/python3/dist-packages/heat/engine/service.py:2370
2025-01-02 01:36:13.745 35929 DEBUG heat.engine.service [req-9fbed8cc-40d1-4155-b9b5-9681168739e0 - - - - -] Service b6149c33-8226-4317-a7c5-36c45e2099eb is updated service_manage_report /usr/lib/python3/dist-packages/heat/engine/service.py:2370
2025-01-02 01:36:13.754 35930 DEBUG heat.engine.service [req-d59ee3ba-47ce-45f8-9ab4-07498d55b78d - - - - -] Service c1a57f60-cf16-449b-85ce-7ab6fd6dfc38 is updated service_manage_report /usr/lib/python3/dist-packages/heat/engine/service.py:2370
2025-01-02 01:37:13.729 35928 DEBUG heat.engine.service [req-e0b35c56-ed6c-4769-8162-ec4c1cd97297 - - - - -] Service 8efe2548-8454-4a00-9336-9d1acda570f1 is updated service_manage_report /usr/lib/python3/dist-packages/heat/engine/service.py:2370
2025-01-02 01:37:13.741 35927 DEBUG heat.engine.service [req-cdc6c549-d51b-4d0e-bd06-763d04e4bf34 - - - - -] Service 84949149-cc9f-4abf-9624-144264cb9057 is updated service_manage_report /usr/lib/python3/dist-packages/heat/engine/service.py:2370
2025-01-02 01:37:13.753 35929 DEBUG heat.engine.service [req-8f9455a7-a56d-493c-8554-df867ac8e170 - - - - -] Service b6149c33-8226-4317-a7c5-36c45e2099eb is updated service_manage_report /usr/lib/python3/dist-packages/heat/engine/service.py:2370
2025-01-02 01:37:13.758 35930 DEBUG heat.engine.service [req-98692e13-1cf5-4412-a4af-2409896b136a - - - - -] Service c1a57f60-cf16-449b-85ce-7ab6fd6dfc38 is updated service_manage_report /usr/lib/python3/dist-packages/heat/engine/service.py:2370
2025-01-02 01:38:13.733 35928 DEBUG heat.engine.service [req-d3c7a66b-c3b1-4f39-a3e2-1b4fcc158d68 - - - - -] Service 8efe2548-8454-4a00-9336-9d1acda570f1 is updated service_manage_report /usr/lib/python3/dist-packages/heat/engine/service.py:2370
2025-01-02 01:38:13.748 35927 DEBUG heat.engine.service [req-5dadbf90-9f54-424f-b79f-302d18fad2ae - - - - -] Service 84949149-cc9f-4abf-9624-144264cb9057 is updated service_manage_report /usr/lib/python3/dist-packages/heat/engine/service.py:2370
2025-01-02 01:38:13.750 35929 DEBUG heat.engine.service [req-aea53397-5381-4374-afe0-a76722d6f0d6 - - - - -] Service b6149c33-8226-4317-a7c5-36c45e2099eb is updated service_manage_report /usr/lib/python3/dist-packages/heat/engine/service.py:2370
2025-01-02 01:38:13.762 35930 DEBUG heat.engine.service [req-21d8df71-fc12-4138-9999-eacb53de0da7 - - - - -] Service c1a57f60-cf16-449b-85ce-7ab6fd6dfc38 is updated service_manage_report /usr/lib/python3/dist-packages/heat/engine/service.py:2370
2025-01-02 01:39:13.741 35928 DEBUG heat.engine.service [req-6297e14d-633c-4229-924b-d455380a736c - - - - -] Service 8efe2548-8454-4a00-9336-9d1acda570f1 is updated service_manage_report /usr/lib/python3/dist-packages/heat/engine/service.py:2370
2025-01-02 01:39:13.745 35929 DEBUG heat.engine.service [req-e70538c5-2d5d-48f7-9ed7-61a7e7b3e692 - - - - -] Service b6149c33-8226-4317-a7c5-36c45e2099eb is updated service_manage_report /usr/lib/python3/dist-packages/heat/engine/service.py:2370
2025-01-02 01:39:13.745 35927 DEBUG heat.engine.service [req-f4124969-d594-418d-8bc1-9b3f7218e94a - - - - -] Service 84949149-cc9f-4abf-9624-144264cb9057 is updated service_manage_report /usr/lib/python3/dist-packages/heat/engine/service.py:2370
2025-01-02 01:39:13.764 35930 DEBUG heat.engine.service [req-277923a5-89da-4c7c-9208-8523d5f264b0 - - - - -] Service c1a57f60-cf16-449b-85ce-7ab6fd6dfc38 is updated service_manage_report /usr/lib/python3/dist-packages/heat/engine/service.py:2370
2025-01-02 01:40:13.745 35928 DEBUG heat.engine.service [req-ece32ef3-fdb4-491d-9fa9-bac1ce9fdbe7 - - - - -] Service 8efe2548-8454-4a00-9336-9d1acda570f1 is updated service_manage_report /usr/lib/python3/dist-packages/heat/engine/service.py:2370
2025-01-02 01:40:13.758 35927 DEBUG heat.engine.service [req-ad86ab0f-5352-4d9b-ada5-375895ae1fbd - - - - -] Service 84949149-cc9f-4abf-9624-144264cb9057 is updated service_manage_report /usr/lib/python3/dist-packages/heat/engine/service.py:2370
2025-01-02 01:40:13.765 35929 DEBUG heat.engine.service [req-1d1c4068-6e6f-4a83-b18c-e7cc501b2f82 - - - - -] Service b6149c33-8226-4317-a7c5-36c45e2099eb is updated service_manage_report /usr/lib/python3/dist-packages/heat/engine/service.py:2370
2025-01-02 01:40:13.794 35930 DEBUG heat.engine.service [req-4299ad4c-7b7e-4309-be92-394da94fe284 - - - - -] Service c1a57f60-cf16-449b-85ce-7ab6fd6dfc38 is updated service_manage_report /usr/lib/python3/dist-packages/heat/engine/service.py:2370
2025-01-02 01:41:13.741 35928 DEBUG heat.engine.service [req-0c7a36f9-8a97-43bf-af6a-b9307ca000e3 - - - - -] Service 8efe2548-8454-4a00-9336-9d1acda570f1 is updated service_manage_report /usr/lib/python3/dist-packages/heat/engine/service.py:2370
2025-01-02 01:41:13.746 35927 DEBUG heat.engine.service [req-b0e25a80-9026-4d29-9388-502ca39d222d - - - - -] Service 84949149-cc9f-4abf-9624-144264cb9057 is updated service_manage_report /usr/lib/python3/dist-packages/heat/engine/service.py:2370
2025-01-02 01:41:13.752 35929 DEBUG heat.engine.service [req-c6ff2769-2352-41fd-a979-1bff654b3ebf - - - - -] Service b6149c33-8226-4317-a7c5-36c45e2099eb is updated service_manage_report /usr/lib/python3/dist-packages/heat/engine/service.py:2370
2025-01-02 01:41:13.767 35930 DEBUG heat.engine.service [req-63dd7789-23de-4416-8127-81090e60da72 - - - - -] Service c1a57f60-cf16-449b-85ce-7ab6fd6dfc38 is updated service_manage_report /usr/lib/python3/dist-packages/heat/engine/service.py:2370
2025-01-02 01:42:13.745 35927 DEBUG heat.engine.service [req-79d417a1-a61b-4440-bfaa-b2a1df194ccd - - - - -] Service 84949149-cc9f-4abf-9624-144264cb9057 is updated service_manage_report /usr/lib/python3/dist-packages/heat/engine/service.py:2370
2025-01-02 01:42:13.748 35928 DEBUG heat.engine.service [req-c47b39f7-4037-4324-8009-951def414570 - - - - -] Service 8efe2548-8454-4a00-9336-9d1acda570f1 is updated service_manage_report /usr/lib/python3/dist-packages/heat/engine/service.py:2370
2025-01-02 01:42:13.755 35929 DEBUG heat.engine.service [req-fc44e95c-de11-4228-b7d3-48515565468a - - - - -] Service b6149c33-8226-4317-a7c5-36c45e2099eb is updated service_manage_report /usr/lib/python3/dist-packages/heat/engine/service.py:2370
2025-01-02 01:42:13.769 35930 DEBUG heat.engine.service [req-f82b95b1-0fc8-4ad3-873d-107a529c2d24 - - - - -] Service c1a57f60-cf16-449b-85ce-7ab6fd6dfc38 is updated service_manage_report /usr/lib/python3/dist-packages/heat/engine/service.py:2370
2025-01-02 01:43:13.739 35927 DEBUG heat.engine.service [req-1aec6bd1-ec55-4e89-a024-2745aac3996b - - - - -] Service 84949149-cc9f-4abf-9624-144264cb9057 is updated service_manage_report /usr/lib/python3/dist-packages/heat/engine/service.py:2370
2025-01-02 01:43:13.744 35928 DEBUG heat.engine.service [req-b1586e67-3018-4f16-8b52-4e3a0ea80fd5 - - - - -] Service 8efe2548-8454-4a00-9336-9d1acda570f1 is updated service_manage_report /usr/lib/python3/dist-packages/heat/engine/service.py:2370
2025-01-02 01:43:13.758 35929 DEBUG heat.engine.service [req-a5ca9c41-9ca4-43b8-af4e-34b9b5195458 - - - - -] Service b6149c33-8226-4317-a7c5-36c45e2099eb is updated service_manage_report /usr/lib/python3/dist-packages/heat/engine/service.py:2370
2025-01-02 01:43:13.772 35930 DEBUG heat.engine.service [req-82e61c72-f900-4efe-a30f-c6b7b255f073 - - - - -] Service c1a57f60-cf16-449b-85ce-7ab6fd6dfc38 is updated service_manage_report /usr/lib/python3/dist-packages/heat/engine/service.py:2370
2025-01-02 01:44:13.737 35928 DEBUG heat.engine.service [req-03e930cf-538d-4e29-b769-1909f312fa90 - - - - -] Service 8efe2548-8454-4a00-9336-9d1acda570f1 is updated service_manage_report /usr/lib/python3/dist-packages/heat/engine/service.py:2370
2025-01-02 01:44:13.742 35927 DEBUG heat.engine.service [req-d497b513-b26d-46bb-b1d4-bbf018c07bf2 - - - - -] Service 84949149-cc9f-4abf-9624-144264cb9057 is updated service_manage_report /usr/lib/python3/dist-packages/heat/engine/service.py:2370
2025-01-02 01:44:13.761 35929 DEBUG heat.engine.service [req-2033ece1-af19-47c5-b149-a1fc0efccc44 - - - - -] Service b6149c33-8226-4317-a7c5-36c45e2099eb is updated service_manage_report /usr/lib/python3/dist-packages/heat/engine/service.py:2370
2025-01-02 01:44:13.774 35930 DEBUG heat.engine.service [req-d1471b2f-e4f6-4a29-aa71-f9980cddd71b - - - - -] Service c1a57f60-cf16-449b-85ce-7ab6fd6dfc38 is updated service_manage_report /usr/lib/python3/dist-packages/heat/engine/service.py:2370
2025-01-02 01:45:13.747 35928 DEBUG heat.engine.service [req-41782c4b-db3a-406b-975c-2c0d61c13310 - - - - -] Service 8efe2548-8454-4a00-9336-9d1acda570f1 is updated service_manage_report /usr/lib/python3/dist-packages/heat/engine/service.py:2370
2025-01-02 01:45:13.751 35927 DEBUG heat.engine.service [req-2dbbf7d3-d23c-4486-8baa-55c21cb63840 - - - - -] Service 84949149-cc9f-4abf-9624-144264cb9057 is updated service_manage_report /usr/lib/python3/dist-packages/heat/engine/service.py:2370
2025-01-02 01:45:13.768 35929 DEBUG heat.engine.service [req-33488db5-0da2-4fbf-8713-44505238335b - - - - -] Service b6149c33-8226-4317-a7c5-36c45e2099eb is updated service_manage_report /usr/lib/python3/dist-packages/heat/engine/service.py:2370
2025-01-02 01:45:13.779 35930 DEBUG heat.engine.service [req-9f922ac5-049c-45f6-8c54-95bf806e2f61 - - - - -] Service c1a57f60-cf16-449b-85ce-7ab6fd6dfc38 is updated service_manage_report /usr/lib/python3/dist-packages/heat/engine/service.py:2370
2025-01-02 01:46:00.425 35927 DEBUG heat.engine.service [-] Attempting to stop engine service... _stop_rpc_server /usr/lib/python3/dist-packages/heat/engine/service.py:437
2025-01-02 01:46:00.425 35930 DEBUG heat.engine.service [-] Attempting to stop engine service... _stop_rpc_server /usr/lib/python3/dist-packages/heat/engine/service.py:437
2025-01-02 01:46:00.425 35928 DEBUG heat.engine.service [-] Attempting to stop engine service... _stop_rpc_server /usr/lib/python3/dist-packages/heat/engine/service.py:437
2025-01-02 01:46:00.426 35929 DEBUG heat.engine.service [-] Attempting to stop engine service... _stop_rpc_server /usr/lib/python3/dist-packages/heat/engine/service.py:437
2025-01-02 01:46:00.432 35708 INFO oslo_service.service [-] Caught SIGTERM, stopping children
2025-01-02 01:46:00.432 35708 DEBUG oslo_concurrency.lockutils [-] Acquired lock "singleton_lock" lock /usr/lib/python3/dist-packages/oslo_concurrency/lockutils.py:294
2025-01-02 01:46:00.432 35708 DEBUG oslo_concurrency.lockutils [-] Releasing lock "singleton_lock" lock /usr/lib/python3/dist-packages/oslo_concurrency/lockutils.py:312
2025-01-02 01:46:00.433 35708 DEBUG oslo_service.service [-] Stop services. stop /usr/lib/python3/dist-packages/oslo_service/service.py:695
2025-01-02 01:46:00.433 35708 INFO heat.engine.service [-] All threads were gone, terminating engine
2025-01-02 01:46:00.433 35708 DEBUG oslo_service.service [-] Killing children. stop /usr/lib/python3/dist-packages/oslo_service/service.py:700
2025-01-02 01:46:00.462 35708 INFO oslo_service.service [-] Waiting on 4 children to exit
2025-01-02 01:46:00.463 35708 INFO oslo_service.service [-] Child 35927 killed by signal 15
2025-01-02 01:46:00.463 35708 INFO oslo_service.service [-] Child 35928 killed by signal 15
2025-01-02 01:46:00.464 35708 INFO oslo_service.service [-] Child 35929 killed by signal 15
2025-01-02 01:46:00.464 35708 INFO oslo_service.service [-] Child 35930 killed by signal 15
2025-01-02 01:46:02.564 58946 DEBUG oslo_concurrency.lockutils [-] Lock "context-manager" acquired by "neutron_lib.db.api._create_context_manager" :: waited 0.000s inner /usr/lib/python3/dist-packages/oslo_concurrency/lockutils.py:386
2025-01-02 01:46:02.568 58946 DEBUG oslo_concurrency.lockutils [-] Lock "context-manager" "released" by "neutron_lib.db.api._create_context_manager" :: held 0.004s inner /usr/lib/python3/dist-packages/oslo_concurrency/lockutils.py:400
2025-01-02 01:46:02.846 58946 WARNING heat.engine.environment [-] OS::Aodh::Alarm is DEPRECATED. Theshold alarm relies on ceilometer-api and has been deprecated in aodh since Ocata. Use OS::Aodh::GnocchiAggregationByResourcesAlarm instead.
2025-01-02 01:46:02.847 58946 WARNING heat.engine.environment [-] OS::Aodh::CombinationAlarm is HIDDEN. OS::Aodh::CombinationAlarm is deprecated and has been removed from Aodh, use OS::Aodh::CompositeAlarm instead.
2025-01-02 01:46:02.847 58946 WARNING heat.engine.environment [-] OS::Designate::Domain is HIDDEN. This resource has been removed, use OS::Designate::Zone instead.
2025-01-02 01:46:02.847 58946 WARNING heat.engine.environment [-] OS::Designate::Record is HIDDEN. This resource has been removed, use OS::Designate::RecordSet instead.
2025-01-02 01:46:02.847 58946 WARNING heat.engine.environment [-] OS::Glance::Image is DEPRECATED. Creating a Glance Image based on an existing URL location requires the Glance v1 API, which is deprecated.
2025-01-02 01:46:02.848 58946 WARNING heat.engine.environment [-] OS::Heat::HARestarter is HIDDEN. The HARestarter resource type has been removed. Existing stacks containing HARestarter resources can still be used, but the HARestarter resource will be a placeholder that does nothing.
2025-01-02 01:46:02.848 58946 WARNING heat.engine.environment [-] OS::Heat::SoftwareDeployments is HIDDEN. Please use OS::Heat::SoftwareDeploymentGroup instead.
2025-01-02 01:46:02.848 58946 WARNING heat.engine.environment [-] OS::Heat::StructuredDeployments is HIDDEN. Please use OS::Heat::StructuredDeploymentGroup instead.
2025-01-02 01:46:02.848 58946 WARNING heat.engine.environment [-] OS::Magnum::Bay is HIDDEN. Please use OS::Magnum::Cluster instead.
2025-01-02 01:46:02.848 58946 WARNING heat.engine.environment [-] OS::Magnum::BayModel is HIDDEN. Please use OS::Magnum::ClusterTemplate instead.
2025-01-02 01:46:02.849 58946 WARNING heat.engine.environment [-] OS::Neutron::ExtraRoute is UNSUPPORTED. Use this resource at your own risk.
2025-01-02 01:46:02.849 58946 WARNING heat.engine.environment [-] OS::Neutron::HealthMonitor is HIDDEN. Use LBaaS V2 instead.
2025-01-02 01:46:02.849 58946 WARNING heat.engine.environment [-] OS::Neutron::Pool is HIDDEN. Use LBaaS V2 instead.
2025-01-02 01:46:02.849 58946 WARNING heat.engine.environment [-] OS::Neutron::PoolMember is HIDDEN. Use LBaaS V2 instead.
2025-01-02 01:46:02.849 58946 WARNING heat.engine.environment [-] OS::Neutron::LoadBalancer is HIDDEN. Use LBaaS V2 instead.
2025-01-02 01:46:02.849 58946 WARNING heat.engine.environment [-] OS::Neutron::RouterGateway is HIDDEN. Use the `external_gateway_info` property in the router resource to set up the gateway.
2025-01-02 01:46:02.850 58946 WARNING heat.engine.environment [-] OS::Nova::FloatingIP is HIDDEN. Please use OS::Neutron::FloatingIP instead.
2025-01-02 01:46:02.850 58946 WARNING heat.engine.environment [-] OS::Nova::FloatingIPAssociation is HIDDEN. Please use OS::Neutron::FloatingIPAssociation instead.
2025-01-02 01:46:02.851 58946 INFO heat.engine.environment [-] Loading /etc/heat/environment.d/default.yaml
2025-01-02 01:46:02.853 58946 INFO heat.engine.environment [-] Registered: [Plugin](User:False) AWS::AutoScaling::AutoScalingGroup ->
2025-01-02 01:46:02.853 58946 INFO heat.engine.environment [-] Registered: [Plugin](User:False) AWS::AutoScaling::LaunchConfiguration ->
2025-01-02 01:46:02.853 58946 INFO heat.engine.environment [-] Registered: [Plugin](User:False) AWS::AutoScaling::ScalingPolicy ->
2025-01-02 01:46:02.853 58946 INFO heat.engine.environment [-] Registered: [Plugin](User:False) AWS::CloudFormation::Stack ->
2025-01-02 01:46:02.853 58946 INFO heat.engine.environment [-] Registered: [Plugin](User:False) AWS::CloudFormation::WaitCondition ->
2025-01-02 01:46:02.854 58946 INFO heat.engine.environment [-] Registered: [Plugin](User:False) AWS::CloudFormation::WaitConditionHandle ->
2025-01-02 01:46:02.854 58946 INFO heat.engine.environment [-] Registered: [Plugin](User:False) AWS::EC2::EIP ->
2025-01-02 01:46:02.854 58946 INFO heat.engine.environment [-] Registered: [Plugin](User:False) AWS::EC2::EIPAssociation ->
2025-01-02 01:46:02.854 58946 INFO heat.engine.environment [-] Registered: [Plugin](User:False) AWS::EC2::Instance ->
2025-01-02 01:46:02.854 58946 INFO heat.engine.environment [-] Registered: [Plugin](User:False) AWS::EC2::InternetGateway ->
2025-01-02 01:46:02.854 58946 INFO heat.engine.environment [-] Registered: [Plugin](User:False) AWS::EC2::VPCGatewayAttachment ->
2025-01-02 01:46:02.854 58946 INFO heat.engine.environment [-] Registered: [Plugin](User:False) AWS::EC2::NetworkInterface ->
2025-01-02 01:46:02.854 58946 INFO heat.engine.environment [-] Registered: [Plugin](User:False) AWS::EC2::RouteTable ->
2025-01-02 01:46:02.854 58946 INFO heat.engine.environment [-] Registered: [Plugin](User:False) AWS::EC2::SubnetRouteTableAssociation ->
2025-01-02 01:46:02.854 58946 INFO heat.engine.environment [-] Registered: [Plugin](User:False) AWS::EC2::SecurityGroup ->
2025-01-02 01:46:02.854 58946 INFO heat.engine.environment [-] Registered: [Plugin](User:False) AWS::EC2::Subnet ->
2025-01-02 01:46:02.854 58946 INFO heat.engine.environment [-] Registered: [Plugin](User:False) AWS::EC2::Volume ->
2025-01-02 01:46:02.855 58946 INFO heat.engine.environment [-] Registered: [Plugin](User:False) AWS::EC2::VolumeAttachment ->
2025-01-02 01:46:02.855 58946 INFO heat.engine.environment [-] Registered: [Plugin](User:False) AWS::EC2::VPC ->
2025-01-02 01:46:02.855 58946 INFO heat.engine.environment [-] Registered: [Plugin](User:False) AWS::IAM::User ->
2025-01-02 01:46:02.855 58946 INFO heat.engine.environment [-] Registered: [Plugin](User:False) AWS::IAM::AccessKey ->
2025-01-02 01:46:02.855 58946 INFO heat.engine.environment [-] Registered: [Plugin](User:False) AWS::ElasticLoadBalancing::LoadBalancer ->
2025-01-02 01:46:02.855 58946 INFO heat.engine.environment [-] Registered: [Plugin](User:False) AWS::S3::Bucket ->
2025-01-02 01:46:02.855 58946 INFO heat.engine.environment [-] Registered: [Plugin](User:False) OS::Aodh::Alarm ->
2025-01-02 01:46:02.855 58946 INFO heat.engine.environment [-] Registered: [Plugin](User:False) OS::Aodh::CombinationAlarm ->
2025-01-02 01:46:02.855 58946 INFO heat.engine.environment [-] Registered: [Plugin](User:False) OS::Aodh::EventAlarm ->
2025-01-02 01:46:02.856 58946 INFO heat.engine.environment [-] Registered: [Plugin](User:False) OS::Aodh::LBMemberHealthAlarm ->
2025-01-02 01:46:02.856 58946 INFO heat.engine.environment [-] Registered: [Plugin](User:False) OS::Aodh::CompositeAlarm ->
2025-01-02 01:46:02.856 58946 INFO heat.engine.environment [-] Registered: [Plugin](User:False) OS::Aodh::GnocchiResourcesAlarm ->
2025-01-02 01:46:02.856 58946 INFO heat.engine.environment [-] Registered: [Plugin](User:False) OS::Aodh::GnocchiAggregationByMetricsAlarm ->
2025-01-02 01:46:02.856 58946 INFO heat.engine.environment [-] Registered: [Plugin](User:False) OS::Aodh::GnocchiAggregationByResourcesAlarm ->
2025-01-02 01:46:02.856 58946 INFO heat.engine.environment [-] Registered: [Plugin](User:False) OS::Barbican::GenericContainer ->
2025-01-02 01:46:02.856 58946 INFO heat.engine.environment [-] Registered: [Plugin](User:False) OS::Barbican::CertificateContainer ->
2025-01-02 01:46:02.856 58946 INFO heat.engine.environment [-] Registered: [Plugin](User:False) OS::Barbican::RSAContainer ->
2025-01-02 01:46:02.856 58946 INFO heat.engine.environment [-] Registered: [Plugin](User:False) OS::Barbican::Order ->
2025-01-02 01:46:02.856 58946 INFO heat.engine.environment [-] Registered: [Plugin](User:False) OS::Barbican::Secret ->
2025-01-02 01:46:02.856 58946 INFO heat.engine.environment [-] Registered: [Plugin](User:False) OS::Blazar::Host ->
2025-01-02 01:46:02.856 58946 INFO heat.engine.environment [-] Registered: [Plugin](User:False) OS::Blazar::Lease ->
2025-01-02 01:46:02.857 58946 INFO heat.engine.environment [-] Registered: [Plugin](User:False) OS::Cinder::EncryptedVolumeType ->
2025-01-02 01:46:02.857 58946 INFO heat.engine.environment [-] Registered: [Plugin](User:False) OS::Cinder::QoSSpecs ->
2025-01-02 01:46:02.857 58946 INFO heat.engine.environment [-] Registered: [Plugin](User:False) OS::Cinder::QoSAssociation ->
2025-01-02 01:46:02.857 58946 INFO heat.engine.environment [-] Registered: [Plugin](User:False) OS::Cinder::Quota ->
2025-01-02 01:46:02.857 58946 INFO heat.engine.environment [-] Registered: [Plugin](User:False) OS::Cinder::Volume ->
2025-01-02 01:46:02.857 58946 INFO heat.engine.environment [-] Registered: [Plugin](User:False) OS::Cinder::VolumeAttachment ->
2025-01-02 01:46:02.857 58946 INFO heat.engine.environment [-] Registered: [Plugin](User:False) OS::Cinder::VolumeType ->
2025-01-02 01:46:02.857 58946 INFO heat.engine.environment [-] Registered: [Plugin](User:False) OS::Designate::Domain ->
2025-01-02 01:46:02.857 58946 INFO heat.engine.environment [-] Registered: [Plugin](User:False) OS::Designate::Record ->
2025-01-02 01:46:02.857 58946 INFO heat.engine.environment [-] Registered: [Plugin](User:False) OS::Designate::RecordSet ->
2025-01-02 01:46:02.857 58946 INFO heat.engine.environment [-] Registered: [Plugin](User:False) OS::Designate::Zone ->
2025-01-02 01:46:02.857 58946 INFO heat.engine.environment [-] Registered: [Plugin](User:False) OS::Glance::Image ->
2025-01-02 01:46:02.858 58946 INFO heat.engine.environment [-] Registered: [Plugin](User:False) OS::Glance::WebImage ->
2025-01-02 01:46:02.858 58946 INFO heat.engine.environment [-] Registered: [Plugin](User:False) OS::Heat::AccessPolicy ->
2025-01-02 01:46:02.858 58946 INFO heat.engine.environment [-] Registered: [Plugin](User:False) OS::Heat::AutoScalingGroup ->
2025-01-02 01:46:02.858 58946 INFO heat.engine.environment [-] Registered: [Plugin](User:False) OS::Heat::CloudConfig ->
2025-01-02 01:46:02.858 58946 INFO heat.engine.environment [-] Registered: [Plugin](User:False) OS::Heat::Delay ->
2025-01-02 01:46:02.858 58946 INFO heat.engine.environment [-] Registered: [Plugin](User:False) OS::Heat::DeployedServer ->
2025-01-02 01:46:02.858 58946 INFO heat.engine.environment [-] Registered: [Plugin](User:False) OS::Heat::HARestarter ->
2025-01-02 01:46:02.858 58946 INFO heat.engine.environment [-] Registered: [Plugin](User:False) OS::Heat::InstanceGroup ->
2025-01-02 01:46:02.858 58946 INFO heat.engine.environment [-] Registered: [Plugin](User:False) OS::Heat::MultipartMime ->
2025-01-02 01:46:02.858 58946 INFO heat.engine.environment [-] Registered: [Plugin](User:False) OS::Heat::None ->
2025-01-02 01:46:02.858 58946 INFO heat.engine.environment [-] Registered: [Plugin](User:False) OS::Heat::RandomString ->
2025-01-02 01:46:02.859 58946 INFO heat.engine.environment [-] Registered: [Plugin](User:False) OS::Heat::Stack ->
2025-01-02 01:46:02.859 58946 INFO heat.engine.environment [-] Registered: [Plugin](User:False) OS::Heat::ResourceChain ->
2025-01-02 01:46:02.859 58946 INFO heat.engine.environment [-] Registered: [Plugin](User:False) OS::Heat::ResourceGroup ->
2025-01-02 01:46:02.859 58946 INFO heat.engine.environment [-] Registered: [Plugin](User:False) OS::Heat::ScalingPolicy ->
2025-01-02 01:46:02.859 58946 INFO heat.engine.environment [-] Registered: [Plugin](User:False) OS::Heat::SoftwareComponent ->
2025-01-02 01:46:02.859 58946 INFO heat.engine.environment [-] Registered: [Plugin](User:False) OS::Heat::SoftwareConfig ->
2025-01-02 01:46:02.859 58946 INFO heat.engine.environment [-] Registered: [Plugin](User:False) OS::Heat::SoftwareDeployment ->
2025-01-02 01:46:02.859 58946 INFO heat.engine.environment [-] Registered: [Plugin](User:False) OS::Heat::SoftwareDeploymentGroup ->
2025-01-02 01:46:02.859 58946 INFO heat.engine.environment [-] Registered: [Plugin](User:False) OS::Heat::SoftwareDeployments ->
2025-01-02 01:46:02.859 58946 INFO heat.engine.environment [-] Registered: [Plugin](User:False) OS::Heat::StructuredConfig ->
2025-01-02 01:46:02.859 58946 INFO heat.engine.environment [-] Registered: [Plugin](User:False) OS::Heat::StructuredDeployment ->
2025-01-02 01:46:02.859 58946 INFO heat.engine.environment [-] Registered: [Plugin](User:False) OS::Heat::StructuredDeploymentGroup ->
2025-01-02 01:46:02.860 58946 INFO heat.engine.environment [-] Registered: [Plugin](User:False) OS::Heat::StructuredDeployments ->
2025-01-02 01:46:02.860 58946 INFO heat.engine.environment [-] Registered: [Plugin](User:False) OS::Heat::SwiftSignal ->
2025-01-02 01:46:02.860 58946 INFO heat.engine.environment [-] Registered: [Plugin](User:False) OS::Heat::SwiftSignalHandle ->
2025-01-02 01:46:02.860 58946 INFO heat.engine.environment [-] Registered: [Plugin](User:False) OS::Heat::TestResource ->
2025-01-02 01:46:02.860 58946 INFO heat.engine.environment [-] Registered: [Plugin](User:False) OS::Heat::Value ->
2025-01-02 01:46:02.860 58946 INFO heat.engine.environment [-] Registered: [Plugin](User:False) OS::Heat::WaitCondition ->
2025-01-02 01:46:02.860 58946 INFO heat.engine.environment [-] Registered: [Plugin](User:False) OS::Heat::WaitConditionHandle ->
2025-01-02 01:46:02.860 58946 INFO heat.engine.environment [-] Registered: [Plugin](User:False) OS::Heat::UpdateWaitConditionHandle ->
2025-01-02 01:46:02.860 58946 INFO heat.engine.environment [-] Registered: [Plugin](User:False) OS::Ironic::Port ->
2025-01-02 01:46:02.860 58946 INFO heat.engine.environment [-] Registered: [Plugin](User:False) OS::Keystone::Domain ->
2025-01-02 01:46:02.860 58946 INFO heat.engine.environment [-] Registered: [Plugin](User:False) OS::Keystone::Endpoint ->
2025-01-02 01:46:02.860 58946 INFO heat.engine.environment [-] Registered: [Plugin](User:False) OS::Keystone::Group ->
2025-01-02 01:46:02.861 58946 INFO heat.engine.environment [-] Registered: [Plugin](User:False) OS::Keystone::Project ->
2025-01-02 01:46:02.861 58946 INFO heat.engine.environment [-] Registered: [Plugin](User:False) OS::Keystone::Region ->
2025-01-02 01:46:02.861 58946 INFO heat.engine.environment [-] Registered: [Plugin](User:False) OS::Keystone::Role ->
2025-01-02 01:46:02.861 58946 INFO heat.engine.environment [-] Registered: [Plugin](User:False) OS::Keystone::UserRoleAssignment ->
2025-01-02 01:46:02.861 58946 INFO heat.engine.environment [-] Registered: [Plugin](User:False) OS::Keystone::GroupRoleAssignment ->
2025-01-02 01:46:02.861 58946 INFO heat.engine.environment [-] Registered: [Plugin](User:False) OS::Keystone::Service ->
2025-01-02 01:46:02.861 58946 INFO heat.engine.environment [-] Registered: [Plugin](User:False) OS::Keystone::User ->
2025-01-02 01:46:02.861 58946 INFO heat.engine.environment [-] Registered: [Plugin](User:False) OS::Magnum::Bay ->
2025-01-02 01:46:02.861 58946 INFO heat.engine.environment [-] Registered: [Plugin](User:False) OS::Magnum::BayModel ->
