2025-01-02 01:52:07.681 64736 DEBUG oslo_service.service [-] clients_neutron.insecure = None log_opt_values /usr/lib/python3/dist-packages/oslo_config/cfg.py:2609
2025-01-02 01:52:07.681 64736 DEBUG oslo_service.service [-] clients_neutron.key_file = None log_opt_values /usr/lib/python3/dist-packages/oslo_config/cfg.py:2609
2025-01-02 01:52:07.681 64736 DEBUG oslo_service.service [-] clients_nova.ca_file = None log_opt_values /usr/lib/python3/dist-packages/oslo_config/cfg.py:2609
2025-01-02 01:52:07.681 64736 DEBUG oslo_service.service [-] clients_nova.cert_file = None log_opt_values /usr/lib/python3/dist-packages/oslo_config/cfg.py:2609
2025-01-02 01:52:07.681 64736 DEBUG oslo_service.service [-] clients_nova.endpoint_type = None log_opt_values /usr/lib/python3/dist-packages/oslo_config/cfg.py:2609
2025-01-02 01:52:07.681 64736 DEBUG oslo_service.service [-] clients_nova.http_log_debug = False log_opt_values /usr/lib/python3/dist-packages/oslo_config/cfg.py:2609
2025-01-02 01:52:07.681 64736 DEBUG oslo_service.service [-] clients_nova.insecure = None log_opt_values /usr/lib/python3/dist-packages/oslo_config/cfg.py:2609
2025-01-02 01:52:07.681 64736 DEBUG oslo_service.service [-] clients_nova.key_file = None log_opt_values /usr/lib/python3/dist-packages/oslo_config/cfg.py:2609
2025-01-02 01:52:07.682 64736 DEBUG oslo_service.service [-] clients_octavia.ca_file = None log_opt_values /usr/lib/python3/dist-packages/oslo_config/cfg.py:2609
2025-01-02 01:52:07.682 64736 DEBUG oslo_service.service [-] clients_octavia.cert_file = None log_opt_values /usr/lib/python3/dist-packages/oslo_config/cfg.py:2609
2025-01-02 01:52:07.682 64736 DEBUG oslo_service.service [-] clients_octavia.endpoint_type = None log_opt_values /usr/lib/python3/dist-packages/oslo_config/cfg.py:2609
2025-01-02 01:52:07.682 64736 DEBUG oslo_service.service [-] clients_octavia.insecure = None log_opt_values /usr/lib/python3/dist-packages/oslo_config/cfg.py:2609
2025-01-02 01:52:07.682 64736 DEBUG oslo_service.service [-] clients_octavia.key_file = None log_opt_values /usr/lib/python3/dist-packages/oslo_config/cfg.py:2609
2025-01-02 01:52:07.682 64736 DEBUG oslo_service.service [-] clients_sahara.ca_file = None log_opt_values /usr/lib/python3/dist-packages/oslo_config/cfg.py:2609
2025-01-02 01:52:07.682 64736 DEBUG oslo_service.service [-] clients_sahara.cert_file = None log_opt_values /usr/lib/python3/dist-packages/oslo_config/cfg.py:2609
2025-01-02 01:52:07.682 64736 DEBUG oslo_service.service [-] clients_sahara.endpoint_type = None log_opt_values /usr/lib/python3/dist-packages/oslo_config/cfg.py:2609
2025-01-02 01:52:07.682 64736 DEBUG oslo_service.service [-] clients_sahara.insecure = None log_opt_values /usr/lib/python3/dist-packages/oslo_config/cfg.py:2609
2025-01-02 01:52:07.683 64736 DEBUG oslo_service.service [-] clients_sahara.key_file = None log_opt_values /usr/lib/python3/dist-packages/oslo_config/cfg.py:2609
2025-01-02 01:52:07.683 64736 DEBUG oslo_service.service [-] clients_senlin.ca_file = None log_opt_values /usr/lib/python3/dist-packages/oslo_config/cfg.py:2609
2025-01-02 01:52:07.683 64736 DEBUG oslo_service.service [-] clients_senlin.cert_file = None log_opt_values /usr/lib/python3/dist-packages/oslo_config/cfg.py:2609
2025-01-02 01:52:07.683 64736 DEBUG oslo_service.service [-] clients_senlin.endpoint_type = None log_opt_values /usr/lib/python3/dist-packages/oslo_config/cfg.py:2609
2025-01-02 01:52:07.683 64736 DEBUG oslo_service.service [-] clients_senlin.insecure = None log_opt_values /usr/lib/python3/dist-packages/oslo_config/cfg.py:2609
2025-01-02 01:52:07.683 64736 DEBUG oslo_service.service [-] clients_senlin.key_file = None log_opt_values /usr/lib/python3/dist-packages/oslo_config/cfg.py:2609
2025-01-02 01:52:07.683 64736 DEBUG oslo_service.service [-] clients_swift.ca_file = None log_opt_values /usr/lib/python3/dist-packages/oslo_config/cfg.py:2609
2025-01-02 01:52:07.683 64736 DEBUG oslo_service.service [-] clients_swift.cert_file = None log_opt_values /usr/lib/python3/dist-packages/oslo_config/cfg.py:2609
2025-01-02 01:52:07.683 64736 DEBUG oslo_service.service [-] clients_swift.endpoint_type = None log_opt_values /usr/lib/python3/dist-packages/oslo_config/cfg.py:2609
2025-01-02 01:52:07.684 64736 DEBUG oslo_service.service [-] clients_swift.insecure = None log_opt_values /usr/lib/python3/dist-packages/oslo_config/cfg.py:2609
2025-01-02 01:52:07.684 64736 DEBUG oslo_service.service [-] clients_swift.key_file = None log_opt_values /usr/lib/python3/dist-packages/oslo_config/cfg.py:2609
2025-01-02 01:52:07.684 64736 DEBUG oslo_service.service [-] clients_trove.ca_file = None log_opt_values /usr/lib/python3/dist-packages/oslo_config/cfg.py:2609
2025-01-02 01:52:07.684 64736 DEBUG oslo_service.service [-] clients_trove.cert_file = None log_opt_values /usr/lib/python3/dist-packages/oslo_config/cfg.py:2609
2025-01-02 01:52:07.684 64736 DEBUG oslo_service.service [-] clients_trove.endpoint_type = None log_opt_values /usr/lib/python3/dist-packages/oslo_config/cfg.py:2609
2025-01-02 01:52:07.684 64736 DEBUG oslo_service.service [-] clients_trove.insecure = None log_opt_values /usr/lib/python3/dist-packages/oslo_config/cfg.py:2609
2025-01-02 01:52:07.684 64736 DEBUG oslo_service.service [-] clients_trove.key_file = None log_opt_values /usr/lib/python3/dist-packages/oslo_config/cfg.py:2609
2025-01-02 01:52:07.684 64736 DEBUG oslo_service.service [-] clients_vitrage.ca_file = None log_opt_values /usr/lib/python3/dist-packages/oslo_config/cfg.py:2609
2025-01-02 01:52:07.685 64736 DEBUG oslo_service.service [-] clients_vitrage.cert_file = None log_opt_values /usr/lib/python3/dist-packages/oslo_config/cfg.py:2609
2025-01-02 01:52:07.685 64736 DEBUG oslo_service.service [-] clients_vitrage.endpoint_type = None log_opt_values /usr/lib/python3/dist-packages/oslo_config/cfg.py:2609
2025-01-02 01:52:07.685 64736 DEBUG oslo_service.service [-] clients_vitrage.insecure = None log_opt_values /usr/lib/python3/dist-packages/oslo_config/cfg.py:2609
2025-01-02 01:52:07.685 64736 DEBUG oslo_service.service [-] clients_vitrage.key_file = None log_opt_values /usr/lib/python3/dist-packages/oslo_config/cfg.py:2609
2025-01-02 01:52:07.685 64736 DEBUG oslo_service.service [-] clients_zaqar.ca_file = None log_opt_values /usr/lib/python3/dist-packages/oslo_config/cfg.py:2609
2025-01-02 01:52:07.685 64736 DEBUG oslo_service.service [-] clients_zaqar.cert_file = None log_opt_values /usr/lib/python3/dist-packages/oslo_config/cfg.py:2609
2025-01-02 01:52:07.685 64736 DEBUG oslo_service.service [-] clients_zaqar.endpoint_type = None log_opt_values /usr/lib/python3/dist-packages/oslo_config/cfg.py:2609
2025-01-02 01:52:07.685 64736 DEBUG oslo_service.service [-] clients_zaqar.insecure = None log_opt_values /usr/lib/python3/dist-packages/oslo_config/cfg.py:2609
2025-01-02 01:52:07.685 64736 DEBUG oslo_service.service [-] clients_zaqar.key_file = None log_opt_values /usr/lib/python3/dist-packages/oslo_config/cfg.py:2609
2025-01-02 01:52:07.686 64736 DEBUG oslo_service.service [-] database.backend = sqlalchemy log_opt_values /usr/lib/python3/dist-packages/oslo_config/cfg.py:2609
2025-01-02 01:52:07.686 64736 DEBUG oslo_service.service [-] database.connection = **** log_opt_values /usr/lib/python3/dist-packages/oslo_config/cfg.py:2609
2025-01-02 01:52:07.686 64736 DEBUG oslo_service.service [-] database.connection_debug = 0 log_opt_values /usr/lib/python3/dist-packages/oslo_config/cfg.py:2609
2025-01-02 01:52:07.686 64736 DEBUG oslo_service.service [-] database.connection_parameters = log_opt_values /usr/lib/python3/dist-packages/oslo_config/cfg.py:2609
2025-01-02 01:52:07.686 64736 DEBUG oslo_service.service [-] database.connection_recycle_time = 3600 log_opt_values /usr/lib/python3/dist-packages/oslo_config/cfg.py:2609
2025-01-02 01:52:07.686 64736 DEBUG oslo_service.service [-] database.connection_trace = False log_opt_values /usr/lib/python3/dist-packages/oslo_config/cfg.py:2609
2025-01-02 01:52:07.686 64736 DEBUG oslo_service.service [-] database.db_inc_retry_interval = True log_opt_values /usr/lib/python3/dist-packages/oslo_config/cfg.py:2609
2025-01-02 01:52:07.686 64736 DEBUG oslo_service.service [-] database.db_max_retries = 20 log_opt_values /usr/lib/python3/dist-packages/oslo_config/cfg.py:2609
2025-01-02 01:52:07.686 64736 DEBUG oslo_service.service [-] database.db_max_retry_interval = 10 log_opt_values /usr/lib/python3/dist-packages/oslo_config/cfg.py:2609
2025-01-02 01:52:07.687 64736 DEBUG oslo_service.service [-] database.db_retry_interval = 1 log_opt_values /usr/lib/python3/dist-packages/oslo_config/cfg.py:2609
2025-01-02 01:52:07.687 64736 DEBUG oslo_service.service [-] database.max_overflow = 50 log_opt_values /usr/lib/python3/dist-packages/oslo_config/cfg.py:2609
2025-01-02 01:52:07.687 64736 DEBUG oslo_service.service [-] database.max_pool_size = 5 log_opt_values /usr/lib/python3/dist-packages/oslo_config/cfg.py:2609
2025-01-02 01:52:07.687 64736 DEBUG oslo_service.service [-] database.max_retries = 10 log_opt_values /usr/lib/python3/dist-packages/oslo_config/cfg.py:2609
2025-01-02 01:52:07.687 64736 DEBUG oslo_service.service [-] database.mysql_enable_ndb = False log_opt_values /usr/lib/python3/dist-packages/oslo_config/cfg.py:2609
2025-01-02 01:52:07.687 64736 DEBUG oslo_service.service [-] database.mysql_sql_mode = TRADITIONAL log_opt_values /usr/lib/python3/dist-packages/oslo_config/cfg.py:2609
2025-01-02 01:52:07.687 64736 DEBUG oslo_service.service [-] database.pool_timeout = None log_opt_values /usr/lib/python3/dist-packages/oslo_config/cfg.py:2609
2025-01-02 01:52:07.688 64736 DEBUG oslo_service.service [-] database.retry_interval = 10 log_opt_values /usr/lib/python3/dist-packages/oslo_config/cfg.py:2609
2025-01-02 01:52:07.688 64736 DEBUG oslo_service.service [-] database.slave_connection = **** log_opt_values /usr/lib/python3/dist-packages/oslo_config/cfg.py:2609
2025-01-02 01:52:07.688 64736 DEBUG oslo_service.service [-] database.sqlite_synchronous = True log_opt_values /usr/lib/python3/dist-packages/oslo_config/cfg.py:2609
2025-01-02 01:52:07.688 64736 DEBUG oslo_service.service [-] database.use_db_reconnect = False log_opt_values /usr/lib/python3/dist-packages/oslo_config/cfg.py:2609
2025-01-02 01:52:07.688 64736 DEBUG oslo_service.service [-] oslo_messaging_metrics.metrics_buffer_size = 1000 log_opt_values /usr/lib/python3/dist-packages/oslo_config/cfg.py:2609
2025-01-02 01:52:07.688 64736 DEBUG oslo_service.service [-] oslo_messaging_metrics.metrics_enabled = False log_opt_values /usr/lib/python3/dist-packages/oslo_config/cfg.py:2609
2025-01-02 01:52:07.688 64736 DEBUG oslo_service.service [-] oslo_messaging_metrics.metrics_process_name = log_opt_values /usr/lib/python3/dist-packages/oslo_config/cfg.py:2609
2025-01-02 01:52:07.688 64736 DEBUG oslo_service.service [-] oslo_messaging_metrics.metrics_socket_file = /var/tmp/metrics_collector.sock log_opt_values /usr/lib/python3/dist-packages/oslo_config/cfg.py:2609
2025-01-02 01:52:07.688 64736 DEBUG oslo_service.service [-] oslo_messaging_metrics.metrics_thread_stop_timeout = 10 log_opt_values /usr/lib/python3/dist-packages/oslo_config/cfg.py:2609
2025-01-02 01:52:07.689 64736 DEBUG oslo_service.service [-] oslo_policy.enforce_new_defaults = False log_opt_values /usr/lib/python3/dist-packages/oslo_config/cfg.py:2609
2025-01-02 01:52:07.689 64736 DEBUG oslo_service.service [-] oslo_policy.enforce_scope = False log_opt_values /usr/lib/python3/dist-packages/oslo_config/cfg.py:2609
2025-01-02 01:52:07.689 64736 DEBUG oslo_service.service [-] oslo_policy.policy_default_rule = default log_opt_values /usr/lib/python3/dist-packages/oslo_config/cfg.py:2609
2025-01-02 01:52:07.689 64736 DEBUG oslo_service.service [-] oslo_policy.policy_dirs = ['policy.d'] log_opt_values /usr/lib/python3/dist-packages/oslo_config/cfg.py:2609
2025-01-02 01:52:07.689 64736 DEBUG oslo_service.service [-] oslo_policy.policy_file = policy.yaml log_opt_values /usr/lib/python3/dist-packages/oslo_config/cfg.py:2609
2025-01-02 01:52:07.689 64736 DEBUG oslo_service.service [-] oslo_policy.remote_content_type = application/x-www-form-urlencoded log_opt_values /usr/lib/python3/dist-packages/oslo_config/cfg.py:2609
2025-01-02 01:52:07.689 64736 DEBUG oslo_service.service [-] oslo_policy.remote_ssl_ca_crt_file = None log_opt_values /usr/lib/python3/dist-packages/oslo_config/cfg.py:2609
2025-01-02 01:52:07.689 64736 DEBUG oslo_service.service [-] oslo_policy.remote_ssl_client_crt_file = None log_opt_values /usr/lib/python3/dist-packages/oslo_config/cfg.py:2609
2025-01-02 01:52:07.690 64736 DEBUG oslo_service.service [-] oslo_policy.remote_ssl_client_key_file = None log_opt_values /usr/lib/python3/dist-packages/oslo_config/cfg.py:2609
2025-01-02 01:52:07.690 64736 DEBUG oslo_service.service [-] oslo_policy.remote_ssl_verify_server_crt = False log_opt_values /usr/lib/python3/dist-packages/oslo_config/cfg.py:2609
2025-01-02 01:52:07.690 64736 DEBUG oslo_service.service [-] trustee.auth_section = None log_opt_values /usr/lib/python3/dist-packages/oslo_config/cfg.py:2609
2025-01-02 01:52:07.690 64736 WARNING oslo_config.cfg [-] Deprecated: Option "auth_plugin" from group "trustee" is deprecated. Use option "auth_type" from group "trustee".
2025-01-02 01:52:07.690 64736 DEBUG oslo_service.service [-] trustee.auth_type = password log_opt_values /usr/lib/python3/dist-packages/oslo_config/cfg.py:2609
2025-01-02 01:52:07.690 64736 DEBUG oslo_service.service [-] oslo_versionedobjects.fatal_exception_format_errors = False log_opt_values /usr/lib/python3/dist-packages/oslo_config/cfg.py:2609
2025-01-02 01:52:07.691 64736 DEBUG oslo_service.service [-] oslo_messaging_rabbit.amqp_auto_delete = False log_opt_values /usr/lib/python3/dist-packages/oslo_config/cfg.py:2609
2025-01-02 01:52:07.691 64736 DEBUG oslo_service.service [-] oslo_messaging_rabbit.amqp_durable_queues = False log_opt_values /usr/lib/python3/dist-packages/oslo_config/cfg.py:2609
2025-01-02 01:52:07.691 64736 DEBUG oslo_service.service [-] oslo_messaging_rabbit.conn_pool_min_size = 2 log_opt_values /usr/lib/python3/dist-packages/oslo_config/cfg.py:2609
2025-01-02 01:52:07.691 64736 DEBUG oslo_service.service [-] oslo_messaging_rabbit.conn_pool_ttl = 1200 log_opt_values /usr/lib/python3/dist-packages/oslo_config/cfg.py:2609
2025-01-02 01:52:07.691 64736 DEBUG oslo_service.service [-] oslo_messaging_rabbit.direct_mandatory_flag = True log_opt_values /usr/lib/python3/dist-packages/oslo_config/cfg.py:2609
2025-01-02 01:52:07.691 64736 DEBUG oslo_service.service [-] oslo_messaging_rabbit.enable_cancel_on_failover = False log_opt_values /usr/lib/python3/dist-packages/oslo_config/cfg.py:2609
2025-01-02 01:52:07.691 64736 DEBUG oslo_service.service [-] oslo_messaging_rabbit.heartbeat_in_pthread = True log_opt_values /usr/lib/python3/dist-packages/oslo_config/cfg.py:2609
2025-01-02 01:52:07.691 64736 DEBUG oslo_service.service [-] oslo_messaging_rabbit.heartbeat_rate = 2 log_opt_values /usr/lib/python3/dist-packages/oslo_config/cfg.py:2609
2025-01-02 01:52:07.691 64736 DEBUG oslo_service.service [-] oslo_messaging_rabbit.heartbeat_timeout_threshold = 60 log_opt_values /usr/lib/python3/dist-packages/oslo_config/cfg.py:2609
2025-01-02 01:52:07.692 64736 DEBUG oslo_service.service [-] oslo_messaging_rabbit.kombu_compression = None log_opt_values /usr/lib/python3/dist-packages/oslo_config/cfg.py:2609
2025-01-02 01:52:07.692 64736 DEBUG oslo_service.service [-] oslo_messaging_rabbit.kombu_failover_strategy = round-robin log_opt_values /usr/lib/python3/dist-packages/oslo_config/cfg.py:2609
2025-01-02 01:52:07.692 64736 DEBUG oslo_service.service [-] oslo_messaging_rabbit.kombu_missing_consumer_retry_timeout = 60 log_opt_values /usr/lib/python3/dist-packages/oslo_config/cfg.py:2609
2025-01-02 01:52:07.692 64736 DEBUG oslo_service.service [-] oslo_messaging_rabbit.kombu_reconnect_delay = 1.0 log_opt_values /usr/lib/python3/dist-packages/oslo_config/cfg.py:2609
2025-01-02 01:52:07.692 64736 DEBUG oslo_service.service [-] oslo_messaging_rabbit.rabbit_ha_queues = False log_opt_values /usr/lib/python3/dist-packages/oslo_config/cfg.py:2609
2025-01-02 01:52:07.692 64736 DEBUG oslo_service.service [-] oslo_messaging_rabbit.rabbit_interval_max = 30 log_opt_values /usr/lib/python3/dist-packages/oslo_config/cfg.py:2609
2025-01-02 01:52:07.692 64736 DEBUG oslo_service.service [-] oslo_messaging_rabbit.rabbit_login_method = AMQPLAIN log_opt_values /usr/lib/python3/dist-packages/oslo_config/cfg.py:2609
2025-01-02 01:52:07.692 64736 DEBUG oslo_service.service [-] oslo_messaging_rabbit.rabbit_qos_prefetch_count = 0 log_opt_values /usr/lib/python3/dist-packages/oslo_config/cfg.py:2609
2025-01-02 01:52:07.692 64736 DEBUG oslo_service.service [-] oslo_messaging_rabbit.rabbit_quorum_queue = False log_opt_values /usr/lib/python3/dist-packages/oslo_config/cfg.py:2609
2025-01-02 01:52:07.693 64736 DEBUG oslo_service.service [-] oslo_messaging_rabbit.rabbit_retry_backoff = 2 log_opt_values /usr/lib/python3/dist-packages/oslo_config/cfg.py:2609
2025-01-02 01:52:07.693 64736 DEBUG oslo_service.service [-] oslo_messaging_rabbit.rabbit_retry_interval = 1 log_opt_values /usr/lib/python3/dist-packages/oslo_config/cfg.py:2609
2025-01-02 01:52:07.693 64736 DEBUG oslo_service.service [-] oslo_messaging_rabbit.rabbit_transient_queues_ttl = 1800 log_opt_values /usr/lib/python3/dist-packages/oslo_config/cfg.py:2609
2025-01-02 01:52:07.693 64736 DEBUG oslo_service.service [-] oslo_messaging_rabbit.rpc_conn_pool_size = 30 log_opt_values /usr/lib/python3/dist-packages/oslo_config/cfg.py:2609
2025-01-02 01:52:07.693 64736 DEBUG oslo_service.service [-] oslo_messaging_rabbit.ssl = False log_opt_values /usr/lib/python3/dist-packages/oslo_config/cfg.py:2609
2025-01-02 01:52:07.693 64736 DEBUG oslo_service.service [-] oslo_messaging_rabbit.ssl_ca_file = log_opt_values /usr/lib/python3/dist-packages/oslo_config/cfg.py:2609
2025-01-02 01:52:07.693 64736 DEBUG oslo_service.service [-] oslo_messaging_rabbit.ssl_cert_file = log_opt_values /usr/lib/python3/dist-packages/oslo_config/cfg.py:2609
2025-01-02 01:52:07.693 64736 DEBUG oslo_service.service [-] oslo_messaging_rabbit.ssl_key_file = log_opt_values /usr/lib/python3/dist-packages/oslo_config/cfg.py:2609
2025-01-02 01:52:07.693 64736 DEBUG oslo_service.service [-] oslo_messaging_rabbit.ssl_version = log_opt_values /usr/lib/python3/dist-packages/oslo_config/cfg.py:2609
2025-01-02 01:52:07.694 64736 DEBUG oslo_service.service [-] oslo_messaging_notifications.driver = [] log_opt_values /usr/lib/python3/dist-packages/oslo_config/cfg.py:2609
2025-01-02 01:52:07.694 64736 DEBUG oslo_service.service [-] oslo_messaging_notifications.retry = -1 log_opt_values /usr/lib/python3/dist-packages/oslo_config/cfg.py:2609
2025-01-02 01:52:07.694 64736 DEBUG oslo_service.service [-] oslo_messaging_notifications.topics = ['notifications'] log_opt_values /usr/lib/python3/dist-packages/oslo_config/cfg.py:2609
2025-01-02 01:52:07.694 64736 DEBUG oslo_service.service [-] oslo_messaging_notifications.transport_url = **** log_opt_values /usr/lib/python3/dist-packages/oslo_config/cfg.py:2609
2025-01-02 01:52:07.694 64736 DEBUG oslo_service.service [-] cache.backend = dogpile.cache.null log_opt_values /usr/lib/python3/dist-packages/oslo_config/cfg.py:2609
2025-01-02 01:52:07.694 64736 DEBUG oslo_service.service [-] cache.backend_argument = **** log_opt_values /usr/lib/python3/dist-packages/oslo_config/cfg.py:2609
2025-01-02 01:52:07.694 64736 DEBUG oslo_service.service [-] cache.config_prefix = cache.oslo log_opt_values /usr/lib/python3/dist-packages/oslo_config/cfg.py:2609
2025-01-02 01:52:07.694 64736 DEBUG oslo_service.service [-] cache.debug_cache_backend = False log_opt_values /usr/lib/python3/dist-packages/oslo_config/cfg.py:2609
2025-01-02 01:52:07.694 64736 DEBUG oslo_service.service [-] cache.enabled = False log_opt_values /usr/lib/python3/dist-packages/oslo_config/cfg.py:2609
2025-01-02 01:52:07.695 64736 DEBUG oslo_service.service [-] cache.expiration_time = 600 log_opt_values /usr/lib/python3/dist-packages/oslo_config/cfg.py:2609
2025-01-02 01:52:07.695 64736 DEBUG oslo_service.service [-] cache.memcache_dead_retry = 300 log_opt_values /usr/lib/python3/dist-packages/oslo_config/cfg.py:2609
2025-01-02 01:52:07.695 64736 DEBUG oslo_service.service [-] cache.memcache_pool_connection_get_timeout = 10 log_opt_values /usr/lib/python3/dist-packages/oslo_config/cfg.py:2609
2025-01-02 01:52:07.695 64736 DEBUG oslo_service.service [-] cache.memcache_pool_flush_on_reconnect = False log_opt_values /usr/lib/python3/dist-packages/oslo_config/cfg.py:2609
2025-01-02 01:52:07.695 64736 DEBUG oslo_service.service [-] cache.memcache_pool_maxsize = 10 log_opt_values /usr/lib/python3/dist-packages/oslo_config/cfg.py:2609
2025-01-02 01:52:07.695 64736 DEBUG oslo_service.service [-] cache.memcache_pool_unused_timeout = 60 log_opt_values /usr/lib/python3/dist-packages/oslo_config/cfg.py:2609
2025-01-02 01:52:07.695 64736 DEBUG oslo_service.service [-] cache.memcache_servers = ['localhost:11211'] log_opt_values /usr/lib/python3/dist-packages/oslo_config/cfg.py:2609
2025-01-02 01:52:07.695 64736 DEBUG oslo_service.service [-] cache.memcache_socket_timeout = 1.0 log_opt_values /usr/lib/python3/dist-packages/oslo_config/cfg.py:2609
2025-01-02 01:52:07.696 64736 DEBUG oslo_service.service [-] cache.proxies = [] log_opt_values /usr/lib/python3/dist-packages/oslo_config/cfg.py:2609
2025-01-02 01:52:07.696 64736 DEBUG oslo_service.service [-] cache.tls_allowed_ciphers = None log_opt_values /usr/lib/python3/dist-packages/oslo_config/cfg.py:2609
2025-01-02 01:52:07.696 64736 DEBUG oslo_service.service [-] cache.tls_cafile = None log_opt_values /usr/lib/python3/dist-packages/oslo_config/cfg.py:2609
2025-01-02 01:52:07.696 64736 DEBUG oslo_service.service [-] cache.tls_certfile = None log_opt_values /usr/lib/python3/dist-packages/oslo_config/cfg.py:2609
2025-01-02 01:52:07.697 64736 DEBUG oslo_service.service [-] cache.tls_enabled = False log_opt_values /usr/lib/python3/dist-packages/oslo_config/cfg.py:2609
2025-01-02 01:52:07.697 64736 DEBUG oslo_service.service [-] cache.tls_keyfile = None log_opt_values /usr/lib/python3/dist-packages/oslo_config/cfg.py:2609
2025-01-02 01:52:07.697 64736 DEBUG oslo_service.service [-] constraint_validation_cache.caching = True log_opt_values /usr/lib/python3/dist-packages/oslo_config/cfg.py:2609
2025-01-02 01:52:07.697 64736 DEBUG oslo_service.service [-] constraint_validation_cache.expiration_time = 60 log_opt_values /usr/lib/python3/dist-packages/oslo_config/cfg.py:2609
2025-01-02 01:52:07.697 64736 DEBUG oslo_service.service [-] service_extension_cache.caching = True log_opt_values /usr/lib/python3/dist-packages/oslo_config/cfg.py:2609
2025-01-02 01:52:07.697 64736 DEBUG oslo_service.service [-] service_extension_cache.expiration_time = 3600 log_opt_values /usr/lib/python3/dist-packages/oslo_config/cfg.py:2609
2025-01-02 01:52:07.697 64736 DEBUG oslo_service.service [-] resource_finder_cache.caching = True log_opt_values /usr/lib/python3/dist-packages/oslo_config/cfg.py:2609
2025-01-02 01:52:07.697 64736 DEBUG oslo_service.service [-] resource_finder_cache.expiration_time = 3600 log_opt_values /usr/lib/python3/dist-packages/oslo_config/cfg.py:2609
2025-01-02 01:52:07.697 64736 DEBUG oslo_service.service [-] yaql.limit_iterators = 200 log_opt_values /usr/lib/python3/dist-packages/oslo_config/cfg.py:2609
2025-01-02 01:52:07.698 64736 DEBUG oslo_service.service [-] yaql.memory_quota = 10000 log_opt_values /usr/lib/python3/dist-packages/oslo_config/cfg.py:2609
2025-01-02 01:52:07.698 64736 DEBUG oslo_service.service [-] ******************************************************************************** log_opt_values /usr/lib/python3/dist-packages/oslo_config/cfg.py:2613
2025-01-02 01:52:07.702 64965 DEBUG oslo_db.sqlalchemy.engines [req-e54c387b-2a2e-4fc9-b54b-7e74517e2772 - - - - -] MySQL server mode set to STRICT_TRANS_TABLES,STRICT_ALL_TABLES,NO_ZERO_IN_DATE,NO_ZERO_DATE,ERROR_FOR_DIVISION_BY_ZERO,TRADITIONAL,NO_ENGINE_SUBSTITUTION _check_effective_sql_mode /usr/lib/python3/dist-packages/oslo_db/sqlalchemy/engines.py:314
2025-01-02 01:52:07.722 64963 DEBUG oslo_db.sqlalchemy.engines [req-5935c6f9-fc2b-4210-9bde-002d56a2ea36 - - - - -] MySQL server mode set to STRICT_TRANS_TABLES,STRICT_ALL_TABLES,NO_ZERO_IN_DATE,NO_ZERO_DATE,ERROR_FOR_DIVISION_BY_ZERO,TRADITIONAL,NO_ENGINE_SUBSTITUTION _check_effective_sql_mode /usr/lib/python3/dist-packages/oslo_db/sqlalchemy/engines.py:314
2025-01-02 01:52:07.752 64965 DEBUG heat.engine.service [req-e54c387b-2a2e-4fc9-b54b-7e74517e2772 - - - - -] Service 051a9b11-a127-44f0-8d50-26abeaf15bfe was aborted service_manage_cleanup /usr/lib/python3/dist-packages/heat/engine/service.py:2391
2025-01-02 01:52:07.752 64964 DEBUG oslo_db.sqlalchemy.engines [req-39c31b70-3984-42e1-b886-68769ab7e048 - - - - -] MySQL server mode set to STRICT_TRANS_TABLES,STRICT_ALL_TABLES,NO_ZERO_IN_DATE,NO_ZERO_DATE,ERROR_FOR_DIVISION_BY_ZERO,TRADITIONAL,NO_ENGINE_SUBSTITUTION _check_effective_sql_mode /usr/lib/python3/dist-packages/oslo_db/sqlalchemy/engines.py:314
2025-01-02 01:52:07.754 64966 DEBUG oslo_db.sqlalchemy.engines [req-fde64608-a1dd-4521-9258-5b9eebdbce58 - - - - -] MySQL server mode set to STRICT_TRANS_TABLES,STRICT_ALL_TABLES,NO_ZERO_IN_DATE,NO_ZERO_DATE,ERROR_FOR_DIVISION_BY_ZERO,TRADITIONAL,NO_ENGINE_SUBSTITUTION _check_effective_sql_mode /usr/lib/python3/dist-packages/oslo_db/sqlalchemy/engines.py:314
2025-01-02 01:52:07.768 64963 DEBUG heat.engine.service [req-5935c6f9-fc2b-4210-9bde-002d56a2ea36 - - - - -] Service 051a9b11-a127-44f0-8d50-26abeaf15bfe was aborted service_manage_cleanup /usr/lib/python3/dist-packages/heat/engine/service.py:2391
2025-01-02 01:52:07.769 64965 DEBUG heat.engine.service [req-e54c387b-2a2e-4fc9-b54b-7e74517e2772 - - - - -] Service 241d2054-372f-4ac9-8b08-46d610060eb5 was aborted service_manage_cleanup /usr/lib/python3/dist-packages/heat/engine/service.py:2391
2025-01-02 01:52:07.776 64963 DEBUG heat.engine.service [req-5935c6f9-fc2b-4210-9bde-002d56a2ea36 - - - - -] Service 241d2054-372f-4ac9-8b08-46d610060eb5 was aborted service_manage_cleanup /usr/lib/python3/dist-packages/heat/engine/service.py:2391
2025-01-02 01:52:07.789 64965 DEBUG heat.engine.service [req-e54c387b-2a2e-4fc9-b54b-7e74517e2772 - - - - -] Service 84949149-cc9f-4abf-9624-144264cb9057 was aborted service_manage_cleanup /usr/lib/python3/dist-packages/heat/engine/service.py:2391
2025-01-02 01:52:07.792 64963 DEBUG heat.engine.service [req-5935c6f9-fc2b-4210-9bde-002d56a2ea36 - - - - -] Service 84949149-cc9f-4abf-9624-144264cb9057 was aborted service_manage_cleanup /usr/lib/python3/dist-packages/heat/engine/service.py:2391
2025-01-02 01:52:07.802 64966 DEBUG heat.engine.service [req-fde64608-a1dd-4521-9258-5b9eebdbce58 - - - - -] Service 84949149-cc9f-4abf-9624-144264cb9057 was aborted service_manage_cleanup /usr/lib/python3/dist-packages/heat/engine/service.py:2391
2025-01-02 01:52:07.803 64963 DEBUG heat.engine.service [req-5935c6f9-fc2b-4210-9bde-002d56a2ea36 - - - - -] Service 8efe2548-8454-4a00-9336-9d1acda570f1 was aborted service_manage_cleanup /usr/lib/python3/dist-packages/heat/engine/service.py:2391
2025-01-02 01:52:07.806 64964 DEBUG heat.engine.service [req-39c31b70-3984-42e1-b886-68769ab7e048 - - - - -] Service 8efe2548-8454-4a00-9336-9d1acda570f1 was aborted service_manage_cleanup /usr/lib/python3/dist-packages/heat/engine/service.py:2391
2025-01-02 01:52:07.806 64965 DEBUG heat.engine.service [req-e54c387b-2a2e-4fc9-b54b-7e74517e2772 - - - - -] Service 8efe2548-8454-4a00-9336-9d1acda570f1 was aborted service_manage_cleanup /usr/lib/python3/dist-packages/heat/engine/service.py:2391
2025-01-02 01:52:07.811 64966 DEBUG heat.engine.service [req-fde64608-a1dd-4521-9258-5b9eebdbce58 - - - - -] Service 8efe2548-8454-4a00-9336-9d1acda570f1 was aborted service_manage_cleanup /usr/lib/python3/dist-packages/heat/engine/service.py:2391
2025-01-02 01:52:07.817 64963 DEBUG heat.engine.service [req-5935c6f9-fc2b-4210-9bde-002d56a2ea36 - - - - -] Service 9123483b-e6a3-4161-a9c7-3013b8b36921 was aborted service_manage_cleanup /usr/lib/python3/dist-packages/heat/engine/service.py:2391
2025-01-02 01:52:07.817 64965 DEBUG heat.engine.service [req-e54c387b-2a2e-4fc9-b54b-7e74517e2772 - - - - -] Service 9123483b-e6a3-4161-a9c7-3013b8b36921 was aborted service_manage_cleanup /usr/lib/python3/dist-packages/heat/engine/service.py:2391
2025-01-02 01:52:07.819 64966 DEBUG heat.engine.service [req-fde64608-a1dd-4521-9258-5b9eebdbce58 - - - - -] Service 9123483b-e6a3-4161-a9c7-3013b8b36921 was aborted service_manage_cleanup /usr/lib/python3/dist-packages/heat/engine/service.py:2391
2025-01-02 01:52:07.824 64964 DEBUG heat.engine.service [req-39c31b70-3984-42e1-b886-68769ab7e048 - - - - -] Service 9123483b-e6a3-4161-a9c7-3013b8b36921 was aborted service_manage_cleanup /usr/lib/python3/dist-packages/heat/engine/service.py:2391
2025-01-02 01:52:07.832 64963 DEBUG heat.engine.service [req-5935c6f9-fc2b-4210-9bde-002d56a2ea36 - - - - -] Service aa764b79-5610-4299-a89a-000bd2bbdf50 was aborted service_manage_cleanup /usr/lib/python3/dist-packages/heat/engine/service.py:2391
2025-01-02 01:52:07.832 64965 DEBUG heat.engine.service [req-e54c387b-2a2e-4fc9-b54b-7e74517e2772 - - - - -] Service aa764b79-5610-4299-a89a-000bd2bbdf50 was aborted service_manage_cleanup /usr/lib/python3/dist-packages/heat/engine/service.py:2391
2025-01-02 01:52:07.834 64966 DEBUG heat.engine.service [req-fde64608-a1dd-4521-9258-5b9eebdbce58 - - - - -] Service aa764b79-5610-4299-a89a-000bd2bbdf50 was aborted service_manage_cleanup /usr/lib/python3/dist-packages/heat/engine/service.py:2391
2025-01-02 01:52:07.835 64964 DEBUG heat.engine.service [req-39c31b70-3984-42e1-b886-68769ab7e048 - - - - -] Service aa764b79-5610-4299-a89a-000bd2bbdf50 was aborted service_manage_cleanup /usr/lib/python3/dist-packages/heat/engine/service.py:2391
2025-01-02 01:52:07.845 64963 DEBUG heat.engine.service [req-5935c6f9-fc2b-4210-9bde-002d56a2ea36 - - - - -] Service b6149c33-8226-4317-a7c5-36c45e2099eb was aborted service_manage_cleanup /usr/lib/python3/dist-packages/heat/engine/service.py:2391
2025-01-02 01:52:07.845 64965 DEBUG heat.engine.service [req-e54c387b-2a2e-4fc9-b54b-7e74517e2772 - - - - -] Service b6149c33-8226-4317-a7c5-36c45e2099eb was aborted service_manage_cleanup /usr/lib/python3/dist-packages/heat/engine/service.py:2391
2025-01-02 01:52:07.846 64966 DEBUG heat.engine.service [req-fde64608-a1dd-4521-9258-5b9eebdbce58 - - - - -] Service b6149c33-8226-4317-a7c5-36c45e2099eb was aborted service_manage_cleanup /usr/lib/python3/dist-packages/heat/engine/service.py:2391
2025-01-02 01:52:07.851 64964 DEBUG heat.engine.service [req-39c31b70-3984-42e1-b886-68769ab7e048 - - - - -] Service b6149c33-8226-4317-a7c5-36c45e2099eb was aborted service_manage_cleanup /usr/lib/python3/dist-packages/heat/engine/service.py:2391
2025-01-02 01:52:07.858 64965 DEBUG heat.engine.service [req-e54c387b-2a2e-4fc9-b54b-7e74517e2772 - - - - -] Service c1a57f60-cf16-449b-85ce-7ab6fd6dfc38 was aborted service_manage_cleanup /usr/lib/python3/dist-packages/heat/engine/service.py:2391
2025-01-02 01:52:07.859 64963 DEBUG heat.engine.service [req-5935c6f9-fc2b-4210-9bde-002d56a2ea36 - - - - -] Service c1a57f60-cf16-449b-85ce-7ab6fd6dfc38 was aborted service_manage_cleanup /usr/lib/python3/dist-packages/heat/engine/service.py:2391
2025-01-02 01:52:07.860 64966 DEBUG heat.engine.service [req-fde64608-a1dd-4521-9258-5b9eebdbce58 - - - - -] Service c1a57f60-cf16-449b-85ce-7ab6fd6dfc38 was aborted service_manage_cleanup /usr/lib/python3/dist-packages/heat/engine/service.py:2391
2025-01-02 01:52:07.861 64964 DEBUG heat.engine.service [req-39c31b70-3984-42e1-b886-68769ab7e048 - - - - -] Service c1a57f60-cf16-449b-85ce-7ab6fd6dfc38 was aborted service_manage_cleanup /usr/lib/python3/dist-packages/heat/engine/service.py:2391
2025-01-02 01:52:07.872 64965 DEBUG heat.engine.service [req-e54c387b-2a2e-4fc9-b54b-7e74517e2772 - - - - -] Service c5476e49-5ebc-4910-98b5-1c2425333975 was aborted service_manage_cleanup /usr/lib/python3/dist-packages/heat/engine/service.py:2391
2025-01-02 01:52:07.872 64963 DEBUG heat.engine.service [req-5935c6f9-fc2b-4210-9bde-002d56a2ea36 - - - - -] Service c5476e49-5ebc-4910-98b5-1c2425333975 was aborted service_manage_cleanup /usr/lib/python3/dist-packages/heat/engine/service.py:2391
2025-01-02 01:52:07.873 64966 DEBUG heat.engine.service [req-fde64608-a1dd-4521-9258-5b9eebdbce58 - - - - -] Service c5476e49-5ebc-4910-98b5-1c2425333975 was aborted service_manage_cleanup /usr/lib/python3/dist-packages/heat/engine/service.py:2391
2025-01-02 01:52:07.874 64964 DEBUG heat.engine.service [req-39c31b70-3984-42e1-b886-68769ab7e048 - - - - -] Service c5476e49-5ebc-4910-98b5-1c2425333975 was aborted service_manage_cleanup /usr/lib/python3/dist-packages/heat/engine/service.py:2391
2025-01-02 01:52:07.886 64966 DEBUG heat.engine.service [req-fde64608-a1dd-4521-9258-5b9eebdbce58 - - - - -] Service d2a05752-6ea6-448a-b71d-63fe437813a2 was aborted service_manage_cleanup /usr/lib/python3/dist-packages/heat/engine/service.py:2391
2025-01-02 01:52:07.886 64963 DEBUG heat.engine.service [req-5935c6f9-fc2b-4210-9bde-002d56a2ea36 - - - - -] Service d2a05752-6ea6-448a-b71d-63fe437813a2 was aborted service_manage_cleanup /usr/lib/python3/dist-packages/heat/engine/service.py:2391
2025-01-02 01:52:07.887 64964 DEBUG heat.engine.service [req-39c31b70-3984-42e1-b886-68769ab7e048 - - - - -] Service d2a05752-6ea6-448a-b71d-63fe437813a2 was aborted service_manage_cleanup /usr/lib/python3/dist-packages/heat/engine/service.py:2391
2025-01-02 01:52:07.888 64965 DEBUG heat.engine.service [req-e54c387b-2a2e-4fc9-b54b-7e74517e2772 - - - - -] Service d2a05752-6ea6-448a-b71d-63fe437813a2 was aborted service_manage_cleanup /usr/lib/python3/dist-packages/heat/engine/service.py:2391
2025-01-02 01:52:07.900 64966 DEBUG heat.engine.service [req-fde64608-a1dd-4521-9258-5b9eebdbce58 - - - - -] Service de6c569c-78ef-4b06-87e2-dda5f17faa41 was aborted service_manage_cleanup /usr/lib/python3/dist-packages/heat/engine/service.py:2391
2025-01-02 01:52:07.901 64963 DEBUG heat.engine.service [req-5935c6f9-fc2b-4210-9bde-002d56a2ea36 - - - - -] Service de6c569c-78ef-4b06-87e2-dda5f17faa41 was aborted service_manage_cleanup /usr/lib/python3/dist-packages/heat/engine/service.py:2391
2025-01-02 01:52:07.902 64965 DEBUG heat.engine.service [req-e54c387b-2a2e-4fc9-b54b-7e74517e2772 - - - - -] Service de6c569c-78ef-4b06-87e2-dda5f17faa41 was aborted service_manage_cleanup /usr/lib/python3/dist-packages/heat/engine/service.py:2391
2025-01-02 01:52:07.902 64964 DEBUG heat.engine.service [req-39c31b70-3984-42e1-b886-68769ab7e048 - - - - -] Service de6c569c-78ef-4b06-87e2-dda5f17faa41 was aborted service_manage_cleanup /usr/lib/python3/dist-packages/heat/engine/service.py:2391
2025-01-02 01:52:07.914 64966 DEBUG heat.engine.service [req-fde64608-a1dd-4521-9258-5b9eebdbce58 - - - - -] Service e8393f08-9030-4fab-b37f-2797c2a7bdab was aborted service_manage_cleanup /usr/lib/python3/dist-packages/heat/engine/service.py:2391
2025-01-02 01:52:07.915 64965 DEBUG heat.engine.service [req-e54c387b-2a2e-4fc9-b54b-7e74517e2772 - - - - -] Service e8393f08-9030-4fab-b37f-2797c2a7bdab was aborted service_manage_cleanup /usr/lib/python3/dist-packages/heat/engine/service.py:2391
2025-01-02 01:52:07.915 64963 DEBUG heat.engine.service [req-5935c6f9-fc2b-4210-9bde-002d56a2ea36 - - - - -] Service e8393f08-9030-4fab-b37f-2797c2a7bdab was aborted service_manage_cleanup /usr/lib/python3/dist-packages/heat/engine/service.py:2391
2025-01-02 01:52:07.916 64964 DEBUG heat.engine.service [req-39c31b70-3984-42e1-b886-68769ab7e048 - - - - -] Service e8393f08-9030-4fab-b37f-2797c2a7bdab was aborted service_manage_cleanup /usr/lib/python3/dist-packages/heat/engine/service.py:2391
2025-01-02 01:52:07.948 64965 DEBUG heat.engine.service [req-8bf69ba6-ee10-4725-9cce-3d18a4418b0a - - - - -] Service dfa7c818-7a72-474b-bf37-213b8288caff is started service_manage_report /usr/lib/python3/dist-packages/heat/engine/service.py:2363
2025-01-02 01:52:07.958 64964 DEBUG heat.engine.service [req-a3f94b01-af55-4eb0-a71b-48fa2fc456ca - - - - -] Service 67620e8f-ace8-4e1e-91a2-ba0bea2ab85b is started service_manage_report /usr/lib/python3/dist-packages/heat/engine/service.py:2363
2025-01-02 01:52:07.963 64966 DEBUG heat.engine.service [req-653c1ef2-7ac9-418f-b099-064d22364bba - - - - -] Service 3224556d-190c-40bc-a3b5-bb630872c384 is started service_manage_report /usr/lib/python3/dist-packages/heat/engine/service.py:2363
2025-01-02 01:52:07.971 64963 DEBUG heat.engine.service [req-56dfa04d-176a-4453-993f-63606e9b3c29 - - - - -] Service 1e28b03b-d1ff-4ce8-a2df-8adbf93c32f7 is started service_manage_report /usr/lib/python3/dist-packages/heat/engine/service.py:2363
2025-01-02 01:52:07.976 64966 DEBUG heat.engine.service [req-653c1ef2-7ac9-418f-b099-064d22364bba - - - - -] Service 3224556d-190c-40bc-a3b5-bb630872c384 is updated service_manage_report /usr/lib/python3/dist-packages/heat/engine/service.py:2370
2025-01-02 01:52:07.978 64964 DEBUG heat.engine.service [req-a3f94b01-af55-4eb0-a71b-48fa2fc456ca - - - - -] Service 67620e8f-ace8-4e1e-91a2-ba0bea2ab85b is updated service_manage_report /usr/lib/python3/dist-packages/heat/engine/service.py:2370
2025-01-02 01:52:07.981 64965 DEBUG heat.engine.service [req-8bf69ba6-ee10-4725-9cce-3d18a4418b0a - - - - -] Service dfa7c818-7a72-474b-bf37-213b8288caff is updated service_manage_report /usr/lib/python3/dist-packages/heat/engine/service.py:2370
2025-01-02 01:52:07.984 64963 DEBUG heat.engine.service [req-56dfa04d-176a-4453-993f-63606e9b3c29 - - - - -] Service 1e28b03b-d1ff-4ce8-a2df-8adbf93c32f7 is updated service_manage_report /usr/lib/python3/dist-packages/heat/engine/service.py:2370
2025-01-02 01:53:07.942 64964 DEBUG heat.engine.service [req-5ebdd810-b531-4ce2-8c11-e195c611576f - - - - -] Service 67620e8f-ace8-4e1e-91a2-ba0bea2ab85b is updated service_manage_report /usr/lib/python3/dist-packages/heat/engine/service.py:2370
2025-01-02 01:53:07.945 64965 DEBUG heat.engine.service [req-0a8651c7-f5ae-41ee-86a6-863233a3c66c - - - - -] Service dfa7c818-7a72-474b-bf37-213b8288caff is updated service_manage_report /usr/lib/python3/dist-packages/heat/engine/service.py:2370
2025-01-02 01:53:07.952 64963 DEBUG heat.engine.service [req-773bd5c2-92ce-45a3-8be5-1eccc469114d - - - - -] Service 1e28b03b-d1ff-4ce8-a2df-8adbf93c32f7 is updated service_manage_report /usr/lib/python3/dist-packages/heat/engine/service.py:2370
2025-01-02 01:53:07.953 64966 DEBUG heat.engine.service [req-40534f86-f1d0-4157-adc0-aa7c800ad3bd - - - - -] Service 3224556d-190c-40bc-a3b5-bb630872c384 is updated service_manage_report /usr/lib/python3/dist-packages/heat/engine/service.py:2370
2025-01-02 01:53:15.359 64963 DEBUG heat.engine.service [-] Attempting to stop engine service... _stop_rpc_server /usr/lib/python3/dist-packages/heat/engine/service.py:437
2025-01-02 01:53:15.360 64966 DEBUG heat.engine.service [-] Attempting to stop engine service... _stop_rpc_server /usr/lib/python3/dist-packages/heat/engine/service.py:437
2025-01-02 01:53:15.360 64964 DEBUG heat.engine.service [-] Attempting to stop engine service... _stop_rpc_server /usr/lib/python3/dist-packages/heat/engine/service.py:437
2025-01-02 01:53:15.361 64965 DEBUG heat.engine.service [-] Attempting to stop engine service... _stop_rpc_server /usr/lib/python3/dist-packages/heat/engine/service.py:437
2025-01-02 01:53:15.368 64736 INFO oslo_service.service [-] Caught SIGTERM, stopping children
2025-01-02 01:53:15.368 64736 DEBUG oslo_concurrency.lockutils [-] Acquired lock "singleton_lock" lock /usr/lib/python3/dist-packages/oslo_concurrency/lockutils.py:294
2025-01-02 01:53:15.368 64736 DEBUG oslo_concurrency.lockutils [-] Releasing lock "singleton_lock" lock /usr/lib/python3/dist-packages/oslo_concurrency/lockutils.py:312
2025-01-02 01:53:15.369 64736 DEBUG oslo_service.service [-] Stop services. stop /usr/lib/python3/dist-packages/oslo_service/service.py:695
2025-01-02 01:53:15.369 64736 INFO heat.engine.service [-] All threads were gone, terminating engine
2025-01-02 01:53:15.369 64736 DEBUG oslo_service.service [-] Killing children. stop /usr/lib/python3/dist-packages/oslo_service/service.py:700
2025-01-02 01:53:15.391 64736 INFO oslo_service.service [-] Waiting on 4 children to exit
2025-01-02 01:53:15.398 64736 INFO oslo_service.service [-] Child 64963 killed by signal 15
2025-01-02 01:53:15.398 64736 INFO oslo_service.service [-] Child 64964 killed by signal 15
2025-01-02 01:53:15.398 64736 INFO oslo_service.service [-] Child 64965 killed by signal 15
2025-01-02 01:53:15.409 64736 INFO oslo_service.service [-] Child 64966 killed by signal 15
2025-01-02 01:53:17.531 66436 DEBUG oslo_concurrency.lockutils [-] Lock "context-manager" acquired by "neutron_lib.db.api._create_context_manager" :: waited 0.000s inner /usr/lib/python3/dist-packages/oslo_concurrency/lockutils.py:386
2025-01-02 01:53:17.532 66436 DEBUG oslo_concurrency.lockutils [-] Lock "context-manager" "released" by "neutron_lib.db.api._create_context_manager" :: held 0.001s inner /usr/lib/python3/dist-packages/oslo_concurrency/lockutils.py:400
2025-01-02 01:53:20.123 66436 WARNING heat.engine.environment [-] OS::Aodh::Alarm is DEPRECATED. Theshold alarm relies on ceilometer-api and has been deprecated in aodh since Ocata. Use OS::Aodh::GnocchiAggregationByResourcesAlarm instead.
2025-01-02 01:53:20.126 66436 WARNING heat.engine.environment [-] OS::Aodh::CombinationAlarm is HIDDEN. OS::Aodh::CombinationAlarm is deprecated and has been removed from Aodh, use OS::Aodh::CompositeAlarm instead.
2025-01-02 01:53:20.126 66436 WARNING heat.engine.environment [-] OS::Designate::Domain is HIDDEN. This resource has been removed, use OS::Designate::Zone instead.
2025-01-02 01:53:20.126 66436 WARNING heat.engine.environment [-] OS::Designate::Record is HIDDEN. This resource has been removed, use OS::Designate::RecordSet instead.
2025-01-02 01:53:20.126 66436 WARNING heat.engine.environment [-] OS::Glance::Image is DEPRECATED. Creating a Glance Image based on an existing URL location requires the Glance v1 API, which is deprecated.
2025-01-02 01:53:20.127 66436 WARNING heat.engine.environment [-] OS::Heat::HARestarter is HIDDEN. The HARestarter resource type has been removed. Existing stacks containing HARestarter resources can still be used, but the HARestarter resource will be a placeholder that does nothing.
2025-01-02 01:53:20.127 66436 WARNING heat.engine.environment [-] OS::Heat::SoftwareDeployments is HIDDEN. Please use OS::Heat::SoftwareDeploymentGroup instead.
2025-01-02 01:53:20.127 66436 WARNING heat.engine.environment [-] OS::Heat::StructuredDeployments is HIDDEN. Please use OS::Heat::StructuredDeploymentGroup instead.
2025-01-02 01:53:20.127 66436 WARNING heat.engine.environment [-] OS::Magnum::Bay is HIDDEN. Please use OS::Magnum::Cluster instead.
2025-01-02 01:53:20.127 66436 WARNING heat.engine.environment [-] OS::Magnum::BayModel is HIDDEN. Please use OS::Magnum::ClusterTemplate instead.
2025-01-02 01:53:20.128 66436 WARNING heat.engine.environment [-] OS::Neutron::ExtraRoute is UNSUPPORTED. Use this resource at your own risk.
2025-01-02 01:53:20.128 66436 WARNING heat.engine.environment [-] OS::Neutron::HealthMonitor is HIDDEN. Use LBaaS V2 instead.
2025-01-02 01:53:20.128 66436 WARNING heat.engine.environment [-] OS::Neutron::Pool is HIDDEN. Use LBaaS V2 instead.
2025-01-02 01:53:20.128 66436 WARNING heat.engine.environment [-] OS::Neutron::PoolMember is HIDDEN. Use LBaaS V2 instead.
2025-01-02 01:53:20.128 66436 WARNING heat.engine.environment [-] OS::Neutron::LoadBalancer is HIDDEN. Use LBaaS V2 instead.
2025-01-02 01:53:20.128 66436 WARNING heat.engine.environment [-] OS::Neutron::RouterGateway is HIDDEN. Use the `external_gateway_info` property in the router resource to set up the gateway.
2025-01-02 01:53:20.129 66436 WARNING heat.engine.environment [-] OS::Nova::FloatingIP is HIDDEN. Please use OS::Neutron::FloatingIP instead.
2025-01-02 01:53:20.129 66436 WARNING heat.engine.environment [-] OS::Nova::FloatingIPAssociation is HIDDEN. Please use OS::Neutron::FloatingIPAssociation instead.
2025-01-02 01:53:20.132 66436 INFO heat.engine.environment [-] Loading /etc/heat/environment.d/default.yaml
2025-01-02 01:53:20.135 66436 INFO heat.engine.environment [-] Registered: [Plugin](User:False) AWS::AutoScaling::AutoScalingGroup ->
2025-01-02 01:53:20.135 66436 INFO heat.engine.environment [-] Registered: [Plugin](User:False) AWS::AutoScaling::LaunchConfiguration ->
2025-01-02 01:53:20.135 66436 INFO heat.engine.environment [-] Registered: [Plugin](User:False) AWS::AutoScaling::ScalingPolicy ->
2025-01-02 01:53:20.135 66436 INFO heat.engine.environment [-] Registered: [Plugin](User:False) AWS::CloudFormation::Stack ->
2025-01-02 01:53:20.135 66436 INFO heat.engine.environment [-] Registered: [Plugin](User:False) AWS::CloudFormation::WaitCondition ->
2025-01-02 01:53:20.135 66436 INFO heat.engine.environment [-] Registered: [Plugin](User:False) AWS::CloudFormation::WaitConditionHandle ->
2025-01-02 01:53:20.135 66436 INFO heat.engine.environment [-] Registered: [Plugin](User:False) AWS::EC2::EIP ->
2025-01-02 01:53:20.136 66436 INFO heat.engine.environment [-] Registered: [Plugin](User:False) AWS::EC2::EIPAssociation ->
2025-01-02 01:53:20.136 66436 INFO heat.engine.environment [-] Registered: [Plugin](User:False) AWS::EC2::Instance ->
2025-01-02 01:53:20.136 66436 INFO heat.engine.environment [-] Registered: [Plugin](User:False) AWS::EC2::InternetGateway ->
2025-01-02 01:53:20.136 66436 INFO heat.engine.environment [-] Registered: [Plugin](User:False) AWS::EC2::VPCGatewayAttachment ->
2025-01-02 01:53:20.136 66436 INFO heat.engine.environment [-] Registered: [Plugin](User:False) AWS::EC2::NetworkInterface ->
2025-01-02 01:53:20.136 66436 INFO heat.engine.environment [-] Registered: [Plugin](User:False) AWS::EC2::RouteTable ->
2025-01-02 01:53:20.136 66436 INFO heat.engine.environment [-] Registered: [Plugin](User:False) AWS::EC2::SubnetRouteTableAssociation ->
2025-01-02 01:53:20.136 66436 INFO heat.engine.environment [-] Registered: [Plugin](User:False) AWS::EC2::SecurityGroup ->
2025-01-02 01:53:20.136 66436 INFO heat.engine.environment [-] Registered: [Plugin](User:False) AWS::EC2::Subnet ->
2025-01-02 01:53:20.136 66436 INFO heat.engine.environment [-] Registered: [Plugin](User:False) AWS::EC2::Volume ->
2025-01-02 01:53:20.136 66436 INFO heat.engine.environment [-] Registered: [Plugin](User:False) AWS::EC2::VolumeAttachment ->
2025-01-02 01:53:20.137 66436 INFO heat.engine.environment [-] Registered: [Plugin](User:False) AWS::EC2::VPC ->
2025-01-02 01:53:20.137 66436 INFO heat.engine.environment [-] Registered: [Plugin](User:False) AWS::IAM::User ->
2025-01-02 01:53:20.137 66436 INFO heat.engine.environment [-] Registered: [Plugin](User:False) AWS::IAM::AccessKey ->
2025-01-02 01:53:20.137 66436 INFO heat.engine.environment [-] Registered: [Plugin](User:False) AWS::ElasticLoadBalancing::LoadBalancer ->
2025-01-02 01:53:20.137 66436 INFO heat.engine.environment [-] Registered: [Plugin](User:False) AWS::S3::Bucket ->
2025-01-02 01:53:20.137 66436 INFO heat.engine.environment [-] Registered: [Plugin](User:False) OS::Aodh::Alarm ->
2025-01-02 01:53:20.137 66436 INFO heat.engine.environment [-] Registered: [Plugin](User:False) OS::Aodh::CombinationAlarm ->
2025-01-02 01:53:20.137 66436 INFO heat.engine.environment [-] Registered: [Plugin](User:False) OS::Aodh::EventAlarm ->
2025-01-02 01:53:20.137 66436 INFO heat.engine.environment [-] Registered: [Plugin](User:False) OS::Aodh::LBMemberHealthAlarm ->
2025-01-02 01:53:20.137 66436 INFO heat.engine.environment [-] Registered: [Plugin](User:False) OS::Aodh::CompositeAlarm ->
2025-01-02 01:53:20.137 66436 INFO heat.engine.environment [-] Registered: [Plugin](User:False) OS::Aodh::GnocchiResourcesAlarm ->
2025-01-02 01:53:20.137 66436 INFO heat.engine.environment [-] Registered: [Plugin](User:False) OS::Aodh::GnocchiAggregationByMetricsAlarm ->
2025-01-02 01:53:20.138 66436 INFO heat.engine.environment [-] Registered: [Plugin](User:False) OS::Aodh::GnocchiAggregationByResourcesAlarm ->
2025-01-02 01:53:20.138 66436 INFO heat.engine.environment [-] Registered: [Plugin](User:False) OS::Barbican::GenericContainer ->
2025-01-02 01:53:20.138 66436 INFO heat.engine.environment [-] Registered: [Plugin](User:False) OS::Barbican::CertificateContainer ->
2025-01-02 01:53:20.138 66436 INFO heat.engine.environment [-] Registered: [Plugin](User:False) OS::Barbican::RSAContainer ->
2025-01-02 01:53:20.138 66436 INFO heat.engine.environment [-] Registered: [Plugin](User:False) OS::Barbican::Order ->
2025-01-02 01:53:20.138 66436 INFO heat.engine.environment [-] Registered: [Plugin](User:False) OS::Barbican::Secret ->
2025-01-02 01:53:20.138 66436 INFO heat.engine.environment [-] Registered: [Plugin](User:False) OS::Blazar::Host ->
2025-01-02 01:53:20.138 66436 INFO heat.engine.environment [-] Registered: [Plugin](User:False) OS::Blazar::Lease ->
2025-01-02 01:53:20.138 66436 INFO heat.engine.environment [-] Registered: [Plugin](User:False) OS::Cinder::EncryptedVolumeType ->
2025-01-02 01:53:20.138 66436 INFO heat.engine.environment [-] Registered: [Plugin](User:False) OS::Cinder::QoSSpecs ->
2025-01-02 01:53:20.138 66436 INFO heat.engine.environment [-] Registered: [Plugin](User:False) OS::Cinder::QoSAssociation ->
2025-01-02 01:53:20.138 66436 INFO heat.engine.environment [-] Registered: [Plugin](User:False) OS::Cinder::Quota ->
2025-01-02 01:53:20.139 66436 INFO heat.engine.environment [-] Registered: [Plugin](User:False) OS::Cinder::Volume ->
2025-01-02 01:53:20.139 66436 INFO heat.engine.environment [-] Registered: [Plugin](User:False) OS::Cinder::VolumeAttachment ->
