2024-12-30 00:36:31.885 161675 DEBUG oslo_service.service [req-92d5b8cf-cca6-4f94-92ee-7c0b14f29ae0 - - - - -] pybasedir = /usr/lib/python3/dist-packages log_opt_values /usr/lib/python3/dist-packages/oslo_config/cfg.py:2602
2024-12-30 00:36:31.886 161675 DEBUG oslo_service.service [req-92d5b8cf-cca6-4f94-92ee-7c0b14f29ae0 - - - - -] ram_allocation_ratio = 0.98 log_opt_values /usr/lib/python3/dist-packages/oslo_config/cfg.py:2602
2024-12-30 00:36:31.886 161675 DEBUG oslo_service.service [req-92d5b8cf-cca6-4f94-92ee-7c0b14f29ae0 - - - - -] rate_limit_burst = 0 log_opt_values /usr/lib/python3/dist-packages/oslo_config/cfg.py:2602
2024-12-30 00:36:31.886 161675 DEBUG oslo_service.service [req-92d5b8cf-cca6-4f94-92ee-7c0b14f29ae0 - - - - -] rate_limit_except_level = CRITICAL log_opt_values /usr/lib/python3/dist-packages/oslo_config/cfg.py:2602
2024-12-30 00:36:31.886 161675 DEBUG oslo_service.service [req-92d5b8cf-cca6-4f94-92ee-7c0b14f29ae0 - - - - -] rate_limit_interval = 0 log_opt_values /usr/lib/python3/dist-packages/oslo_config/cfg.py:2602
2024-12-30 00:36:31.887 161675 DEBUG oslo_service.service [req-92d5b8cf-cca6-4f94-92ee-7c0b14f29ae0 - - - - -] reboot_timeout = 0 log_opt_values /usr/lib/python3/dist-packages/oslo_config/cfg.py:2602
2024-12-30 00:36:31.887 161675 DEBUG oslo_service.service [req-92d5b8cf-cca6-4f94-92ee-7c0b14f29ae0 - - - - -] reclaim_instance_interval = 0 log_opt_values /usr/lib/python3/dist-packages/oslo_config/cfg.py:2602
2024-12-30 00:36:31.887 161675 DEBUG oslo_service.service [req-92d5b8cf-cca6-4f94-92ee-7c0b14f29ae0 - - - - -] record = None log_opt_values /usr/lib/python3/dist-packages/oslo_config/cfg.py:2602
2024-12-30 00:36:31.887 161675 DEBUG oslo_service.service [req-92d5b8cf-cca6-4f94-92ee-7c0b14f29ae0 - - - - -] report_interval = 10 log_opt_values /usr/lib/python3/dist-packages/oslo_config/cfg.py:2602
2024-12-30 00:36:31.887 161675 DEBUG oslo_service.service [req-92d5b8cf-cca6-4f94-92ee-7c0b14f29ae0 - - - - -] rescue_timeout = 0 log_opt_values /usr/lib/python3/dist-packages/oslo_config/cfg.py:2602
2024-12-30 00:36:31.887 161675 DEBUG oslo_service.service [req-92d5b8cf-cca6-4f94-92ee-7c0b14f29ae0 - - - - -] reserved_host_cpus = 0 log_opt_values /usr/lib/python3/dist-packages/oslo_config/cfg.py:2602
2024-12-30 00:36:31.888 161675 DEBUG oslo_service.service [req-92d5b8cf-cca6-4f94-92ee-7c0b14f29ae0 - - - - -] reserved_host_disk_mb = 0 log_opt_values /usr/lib/python3/dist-packages/oslo_config/cfg.py:2602
2024-12-30 00:36:31.888 161675 DEBUG oslo_service.service [req-92d5b8cf-cca6-4f94-92ee-7c0b14f29ae0 - - - - -] reserved_host_memory_mb = 512 log_opt_values /usr/lib/python3/dist-packages/oslo_config/cfg.py:2602
2024-12-30 00:36:31.888 161675 DEBUG oslo_service.service [req-92d5b8cf-cca6-4f94-92ee-7c0b14f29ae0 - - - - -] reserved_huge_pages = None log_opt_values /usr/lib/python3/dist-packages/oslo_config/cfg.py:2602
2024-12-30 00:36:31.888 161675 DEBUG oslo_service.service [req-92d5b8cf-cca6-4f94-92ee-7c0b14f29ae0 - - - - -] resize_confirm_window = 0 log_opt_values /usr/lib/python3/dist-packages/oslo_config/cfg.py:2602
2024-12-30 00:36:31.888 161675 DEBUG oslo_service.service [req-92d5b8cf-cca6-4f94-92ee-7c0b14f29ae0 - - - - -] resize_fs_using_block_device = False log_opt_values /usr/lib/python3/dist-packages/oslo_config/cfg.py:2602
2024-12-30 00:36:31.888 161675 DEBUG oslo_service.service [req-92d5b8cf-cca6-4f94-92ee-7c0b14f29ae0 - - - - -] resume_guests_state_on_host_boot = False log_opt_values /usr/lib/python3/dist-packages/oslo_config/cfg.py:2602
2024-12-30 00:36:31.889 161675 DEBUG oslo_service.service [req-92d5b8cf-cca6-4f94-92ee-7c0b14f29ae0 - - - - -] rootwrap_config = /etc/nova/rootwrap.conf log_opt_values /usr/lib/python3/dist-packages/oslo_config/cfg.py:2602
2024-12-30 00:36:31.889 161675 DEBUG oslo_service.service [req-92d5b8cf-cca6-4f94-92ee-7c0b14f29ae0 - - - - -] run_external_periodic_tasks = True log_opt_values /usr/lib/python3/dist-packages/oslo_config/cfg.py:2602
2024-12-30 00:36:31.889 161675 DEBUG oslo_service.service [req-92d5b8cf-cca6-4f94-92ee-7c0b14f29ae0 - - - - -] running_deleted_instance_action = reap log_opt_values /usr/lib/python3/dist-packages/oslo_config/cfg.py:2602
2024-12-30 00:36:31.889 161675 DEBUG oslo_service.service [req-92d5b8cf-cca6-4f94-92ee-7c0b14f29ae0 - - - - -] running_deleted_instance_poll_interval = 1800 log_opt_values /usr/lib/python3/dist-packages/oslo_config/cfg.py:2602
2024-12-30 00:36:31.889 161675 DEBUG oslo_service.service [req-92d5b8cf-cca6-4f94-92ee-7c0b14f29ae0 - - - - -] running_deleted_instance_timeout = 0 log_opt_values /usr/lib/python3/dist-packages/oslo_config/cfg.py:2602
2024-12-30 00:36:31.889 161675 DEBUG oslo_service.service [req-92d5b8cf-cca6-4f94-92ee-7c0b14f29ae0 - - - - -] scheduler_instance_sync_interval = 120 log_opt_values /usr/lib/python3/dist-packages/oslo_config/cfg.py:2602
2024-12-30 00:36:31.890 161675 DEBUG oslo_service.service [req-92d5b8cf-cca6-4f94-92ee-7c0b14f29ae0 - - - - -] service_down_time = 60 log_opt_values /usr/lib/python3/dist-packages/oslo_config/cfg.py:2602
2024-12-30 00:36:31.890 161675 DEBUG oslo_service.service [req-92d5b8cf-cca6-4f94-92ee-7c0b14f29ae0 - - - - -] servicegroup_driver = db log_opt_values /usr/lib/python3/dist-packages/oslo_config/cfg.py:2602
2024-12-30 00:36:31.890 162112 DEBUG nova.service [req-50b76efc-3e2c-44b6-a690-50436aea8d9f - - - - -] Creating RPC server for service scheduler start /usr/lib/python3/dist-packages/nova/service.py:182
2024-12-30 00:36:31.890 161675 DEBUG oslo_service.service [req-92d5b8cf-cca6-4f94-92ee-7c0b14f29ae0 - - - - -] shelved_offload_time = 0 log_opt_values /usr/lib/python3/dist-packages/oslo_config/cfg.py:2602
2024-12-30 00:36:31.890 161675 DEBUG oslo_service.service [req-92d5b8cf-cca6-4f94-92ee-7c0b14f29ae0 - - - - -] shelved_poll_interval = 3600 log_opt_values /usr/lib/python3/dist-packages/oslo_config/cfg.py:2602
2024-12-30 00:36:31.890 161675 DEBUG oslo_service.service [req-92d5b8cf-cca6-4f94-92ee-7c0b14f29ae0 - - - - -] shutdown_timeout = 60 log_opt_values /usr/lib/python3/dist-packages/oslo_config/cfg.py:2602
2024-12-30 00:36:31.890 161675 DEBUG oslo_service.service [req-92d5b8cf-cca6-4f94-92ee-7c0b14f29ae0 - - - - -] source_is_ipv6 = False log_opt_values /usr/lib/python3/dist-packages/oslo_config/cfg.py:2602
2024-12-30 00:36:31.891 161675 DEBUG oslo_service.service [req-92d5b8cf-cca6-4f94-92ee-7c0b14f29ae0 - - - - -] ssl_only = False log_opt_values /usr/lib/python3/dist-packages/oslo_config/cfg.py:2602
2024-12-30 00:36:31.891 161675 DEBUG oslo_service.service [req-92d5b8cf-cca6-4f94-92ee-7c0b14f29ae0 - - - - -] state_path = /var/lib/nova log_opt_values /usr/lib/python3/dist-packages/oslo_config/cfg.py:2602
2024-12-30 00:36:31.891 161675 DEBUG oslo_service.service [req-92d5b8cf-cca6-4f94-92ee-7c0b14f29ae0 - - - - -] sync_power_state_interval = 600 log_opt_values /usr/lib/python3/dist-packages/oslo_config/cfg.py:2602
2024-12-30 00:36:31.891 161675 DEBUG oslo_service.service [req-92d5b8cf-cca6-4f94-92ee-7c0b14f29ae0 - - - - -] sync_power_state_pool_size = 1000 log_opt_values /usr/lib/python3/dist-packages/oslo_config/cfg.py:2602
2024-12-30 00:36:31.891 162109 DEBUG oslo_messaging._drivers.amqpdriver [-] Listener is running poll /usr/lib/python3/dist-packages/oslo_messaging/_drivers/amqpdriver.py:343
2024-12-30 00:36:31.891 161675 DEBUG oslo_service.service [req-92d5b8cf-cca6-4f94-92ee-7c0b14f29ae0 - - - - -] syslog_log_facility = LOG_USER log_opt_values /usr/lib/python3/dist-packages/oslo_config/cfg.py:2602
2024-12-30 00:36:31.891 161675 DEBUG oslo_service.service [req-92d5b8cf-cca6-4f94-92ee-7c0b14f29ae0 - - - - -] tempdir = None log_opt_values /usr/lib/python3/dist-packages/oslo_config/cfg.py:2602
2024-12-30 00:36:31.891 162109 DEBUG oslo_messaging._drivers.amqpdriver [-] AMQPListener connection consume poll /usr/lib/python3/dist-packages/oslo_messaging/_drivers/amqpdriver.py:357
2024-12-30 00:36:31.891 161675 DEBUG oslo_service.service [req-92d5b8cf-cca6-4f94-92ee-7c0b14f29ae0 - - - - -] timeout_nbd = 10 log_opt_values /usr/lib/python3/dist-packages/oslo_config/cfg.py:2602
2024-12-30 00:36:31.892 161675 DEBUG oslo_service.service [req-92d5b8cf-cca6-4f94-92ee-7c0b14f29ae0 - - - - -] transport_url = **** log_opt_values /usr/lib/python3/dist-packages/oslo_config/cfg.py:2602
2024-12-30 00:36:31.892 161675 DEBUG oslo_service.service [req-92d5b8cf-cca6-4f94-92ee-7c0b14f29ae0 - - - - -] update_resources_interval = 0 log_opt_values /usr/lib/python3/dist-packages/oslo_config/cfg.py:2602
2024-12-30 00:36:31.892 161675 DEBUG oslo_service.service [req-92d5b8cf-cca6-4f94-92ee-7c0b14f29ae0 - - - - -] use_cow_images = True log_opt_values /usr/lib/python3/dist-packages/oslo_config/cfg.py:2602
2024-12-30 00:36:31.892 161675 DEBUG oslo_service.service [req-92d5b8cf-cca6-4f94-92ee-7c0b14f29ae0 - - - - -] use_eventlog = False log_opt_values /usr/lib/python3/dist-packages/oslo_config/cfg.py:2602
2024-12-30 00:36:31.892 161675 DEBUG oslo_service.service [req-92d5b8cf-cca6-4f94-92ee-7c0b14f29ae0 - - - - -] use_journal = False log_opt_values /usr/lib/python3/dist-packages/oslo_config/cfg.py:2602
2024-12-30 00:36:31.892 161675 DEBUG oslo_service.service [req-92d5b8cf-cca6-4f94-92ee-7c0b14f29ae0 - - - - -] use_json = False log_opt_values /usr/lib/python3/dist-packages/oslo_config/cfg.py:2602
2024-12-30 00:36:31.893 161675 DEBUG oslo_service.service [req-92d5b8cf-cca6-4f94-92ee-7c0b14f29ae0 - - - - -] use_rootwrap_daemon = False log_opt_values /usr/lib/python3/dist-packages/oslo_config/cfg.py:2602
2024-12-30 00:36:31.893 161675 DEBUG oslo_service.service [req-92d5b8cf-cca6-4f94-92ee-7c0b14f29ae0 - - - - -] use_stderr = False log_opt_values /usr/lib/python3/dist-packages/oslo_config/cfg.py:2602
2024-12-30 00:36:31.893 161675 DEBUG oslo_service.service [req-92d5b8cf-cca6-4f94-92ee-7c0b14f29ae0 - - - - -] use_syslog = False log_opt_values /usr/lib/python3/dist-packages/oslo_config/cfg.py:2602
2024-12-30 00:36:31.893 161675 DEBUG oslo_service.service [req-92d5b8cf-cca6-4f94-92ee-7c0b14f29ae0 - - - - -] vcpu_pin_set = None log_opt_values /usr/lib/python3/dist-packages/oslo_config/cfg.py:2602
2024-12-30 00:36:31.893 162109 DEBUG nova.service [req-126c4f4a-63d9-4c09-b185-d6112c7f8e32 - - - - -] Join ServiceGroup membership for this service scheduler start /usr/lib/python3/dist-packages/nova/service.py:199
2024-12-30 00:36:31.893 161675 DEBUG oslo_service.service [req-92d5b8cf-cca6-4f94-92ee-7c0b14f29ae0 - - - - -] vif_plugging_is_fatal = True log_opt_values /usr/lib/python3/dist-packages/oslo_config/cfg.py:2602
2024-12-30 00:36:31.894 161675 DEBUG oslo_service.service [req-92d5b8cf-cca6-4f94-92ee-7c0b14f29ae0 - - - - -] vif_plugging_timeout = 300 log_opt_values /usr/lib/python3/dist-packages/oslo_config/cfg.py:2602
2024-12-30 00:36:31.894 162109 DEBUG nova.servicegroup.drivers.db [req-126c4f4a-63d9-4c09-b185-d6112c7f8e32 - - - - -] DB_Driver: join new ServiceGroup member juju-68774b-0-lxd-7 to the scheduler group, service = join /usr/lib/python3/dist-packages/nova/servicegroup/drivers/db.py:44
2024-12-30 00:36:31.894 161675 DEBUG oslo_service.service [req-92d5b8cf-cca6-4f94-92ee-7c0b14f29ae0 - - - - -] virt_mkfs = [] log_opt_values /usr/lib/python3/dist-packages/oslo_config/cfg.py:2602
2024-12-30 00:36:31.894 161675 DEBUG oslo_service.service [req-92d5b8cf-cca6-4f94-92ee-7c0b14f29ae0 - - - - -] volume_usage_poll_interval = 0 log_opt_values /usr/lib/python3/dist-packages/oslo_config/cfg.py:2602
2024-12-30 00:36:31.894 161675 DEBUG oslo_service.service [req-92d5b8cf-cca6-4f94-92ee-7c0b14f29ae0 - - - - -] watch_log_file = False log_opt_values /usr/lib/python3/dist-packages/oslo_config/cfg.py:2602
2024-12-30 00:36:31.894 161675 DEBUG oslo_service.service [req-92d5b8cf-cca6-4f94-92ee-7c0b14f29ae0 - - - - -] web = /usr/share/spice-html5 log_opt_values /usr/lib/python3/dist-packages/oslo_config/cfg.py:2602
2024-12-30 00:36:31.894 161675 DEBUG oslo_service.service [req-92d5b8cf-cca6-4f94-92ee-7c0b14f29ae0 - - - - -] oslo_concurrency.disable_process_locking = False log_opt_values /usr/lib/python3/dist-packages/oslo_config/cfg.py:2609
2024-12-30 00:36:31.895 161675 DEBUG oslo_service.service [req-92d5b8cf-cca6-4f94-92ee-7c0b14f29ae0 - - - - -] oslo_concurrency.lock_path = /var/lock/nova log_opt_values /usr/lib/python3/dist-packages/oslo_config/cfg.py:2609
2024-12-30 00:36:31.895 161675 WARNING oslo_config.cfg [req-92d5b8cf-cca6-4f94-92ee-7c0b14f29ae0 - - - - -] Deprecated: Option "auth_strategy" from group "api" is deprecated for removal ( The only non-default choice, ``noauth2``, is for internal development and testing purposes only and should not be used in deployments. This option and its middleware, NoAuthMiddleware[V2_18], will be removed in a future release. ). Its value may be silently ignored in the future.
2024-12-30 00:36:31.895 161675 DEBUG oslo_service.service [req-92d5b8cf-cca6-4f94-92ee-7c0b14f29ae0 - - - - -] api.auth_strategy = keystone log_opt_values /usr/lib/python3/dist-packages/oslo_config/cfg.py:2609
2024-12-30 00:36:31.896 161675 DEBUG oslo_service.service [req-92d5b8cf-cca6-4f94-92ee-7c0b14f29ae0 - - - - -] api.compute_link_prefix = None log_opt_values /usr/lib/python3/dist-packages/oslo_config/cfg.py:2609
2024-12-30 00:36:31.896 161675 DEBUG oslo_service.service [req-92d5b8cf-cca6-4f94-92ee-7c0b14f29ae0 - - - - -] api.config_drive_skip_versions = 1.0 2007-01-19 2007-03-01 2007-08-29 2007-10-10 2007-12-15 2008-02-01 2008-09-01 log_opt_values /usr/lib/python3/dist-packages/oslo_config/cfg.py:2609
2024-12-30 00:36:31.896 161675 DEBUG oslo_service.service [req-92d5b8cf-cca6-4f94-92ee-7c0b14f29ae0 - - - - -] api.dhcp_domain = novalocal log_opt_values /usr/lib/python3/dist-packages/oslo_config/cfg.py:2609
2024-12-30 00:36:31.896 161675 DEBUG oslo_service.service [req-92d5b8cf-cca6-4f94-92ee-7c0b14f29ae0 - - - - -] api.enable_instance_password = True log_opt_values /usr/lib/python3/dist-packages/oslo_config/cfg.py:2609
2024-12-30 00:36:31.896 161675 DEBUG oslo_service.service [req-92d5b8cf-cca6-4f94-92ee-7c0b14f29ae0 - - - - -] api.glance_link_prefix = None log_opt_values /usr/lib/python3/dist-packages/oslo_config/cfg.py:2609
2024-12-30 00:36:31.896 161675 DEBUG oslo_service.service [req-92d5b8cf-cca6-4f94-92ee-7c0b14f29ae0 - - - - -] api.instance_list_cells_batch_fixed_size = 100 log_opt_values /usr/lib/python3/dist-packages/oslo_config/cfg.py:2609
2024-12-30 00:36:31.897 161675 DEBUG oslo_service.service [req-92d5b8cf-cca6-4f94-92ee-7c0b14f29ae0 - - - - -] api.instance_list_cells_batch_strategy = distributed log_opt_values /usr/lib/python3/dist-packages/oslo_config/cfg.py:2609
2024-12-30 00:36:31.896 162109 DEBUG oslo_messaging._drivers.amqpdriver [-] AMQPListener connection timeout poll /usr/lib/python3/dist-packages/oslo_messaging/_drivers/amqpdriver.py:360
2024-12-30 00:36:31.897 161675 DEBUG oslo_service.service [req-92d5b8cf-cca6-4f94-92ee-7c0b14f29ae0 - - - - -] api.instance_list_per_project_cells = False log_opt_values /usr/lib/python3/dist-packages/oslo_config/cfg.py:2609
2024-12-30 00:36:31.897 161675 DEBUG oslo_service.service [req-92d5b8cf-cca6-4f94-92ee-7c0b14f29ae0 - - - - -] api.list_records_by_skipping_down_cells = True log_opt_values /usr/lib/python3/dist-packages/oslo_config/cfg.py:2609
2024-12-30 00:36:31.897 162109 DEBUG oslo_messaging._drivers.amqpdriver [-] Listener is running poll /usr/lib/python3/dist-packages/oslo_messaging/_drivers/amqpdriver.py:343
2024-12-30 00:36:31.897 161675 DEBUG oslo_service.service [req-92d5b8cf-cca6-4f94-92ee-7c0b14f29ae0 - - - - -] api.local_metadata_per_cell = False log_opt_values /usr/lib/python3/dist-packages/oslo_config/cfg.py:2609
2024-12-30 00:36:31.897 162109 DEBUG oslo_messaging._drivers.amqpdriver [-] AMQPListener connection consume poll /usr/lib/python3/dist-packages/oslo_messaging/_drivers/amqpdriver.py:357
2024-12-30 00:36:31.897 161675 DEBUG oslo_service.service [req-92d5b8cf-cca6-4f94-92ee-7c0b14f29ae0 - - - - -] api.max_limit = 1000 log_opt_values /usr/lib/python3/dist-packages/oslo_config/cfg.py:2609
2024-12-30 00:36:31.898 161675 DEBUG oslo_service.service [req-92d5b8cf-cca6-4f94-92ee-7c0b14f29ae0 - - - - -] api.metadata_cache_expiration = 15 log_opt_values /usr/lib/python3/dist-packages/oslo_config/cfg.py:2609
2024-12-30 00:36:31.898 161675 DEBUG oslo_service.service [req-92d5b8cf-cca6-4f94-92ee-7c0b14f29ae0 - - - - -] api.neutron_default_tenant_id = default log_opt_values /usr/lib/python3/dist-packages/oslo_config/cfg.py:2609
2024-12-30 00:36:31.898 161675 DEBUG oslo_service.service [req-92d5b8cf-cca6-4f94-92ee-7c0b14f29ae0 - - - - -] api.use_forwarded_for = False log_opt_values /usr/lib/python3/dist-packages/oslo_config/cfg.py:2609
2024-12-30 00:36:31.898 161675 DEBUG oslo_service.service [req-92d5b8cf-cca6-4f94-92ee-7c0b14f29ae0 - - - - -] api.use_neutron_default_nets = False log_opt_values /usr/lib/python3/dist-packages/oslo_config/cfg.py:2609
2024-12-30 00:36:31.898 161675 DEBUG oslo_service.service [req-92d5b8cf-cca6-4f94-92ee-7c0b14f29ae0 - - - - -] api.vendordata_dynamic_connect_timeout = 5 log_opt_values /usr/lib/python3/dist-packages/oslo_config/cfg.py:2609
2024-12-30 00:36:31.899 161675 DEBUG oslo_service.service [req-92d5b8cf-cca6-4f94-92ee-7c0b14f29ae0 - - - - -] api.vendordata_dynamic_failure_fatal = False log_opt_values /usr/lib/python3/dist-packages/oslo_config/cfg.py:2609
2024-12-30 00:36:31.899 161675 DEBUG oslo_service.service [req-92d5b8cf-cca6-4f94-92ee-7c0b14f29ae0 - - - - -] api.vendordata_dynamic_read_timeout = 5 log_opt_values /usr/lib/python3/dist-packages/oslo_config/cfg.py:2609
2024-12-30 00:36:31.899 161675 DEBUG oslo_service.service [req-92d5b8cf-cca6-4f94-92ee-7c0b14f29ae0 - - - - -] api.vendordata_dynamic_ssl_certfile = log_opt_values /usr/lib/python3/dist-packages/oslo_config/cfg.py:2609
2024-12-30 00:36:31.899 161675 DEBUG oslo_service.service [req-92d5b8cf-cca6-4f94-92ee-7c0b14f29ae0 - - - - -] api.vendordata_dynamic_targets = [] log_opt_values /usr/lib/python3/dist-packages/oslo_config/cfg.py:2609
2024-12-30 00:36:31.899 162111 DEBUG oslo_messaging._drivers.amqpdriver [-] Listener is running poll /usr/lib/python3/dist-packages/oslo_messaging/_drivers/amqpdriver.py:343
2024-12-30 00:36:31.899 161675 DEBUG oslo_service.service [req-92d5b8cf-cca6-4f94-92ee-7c0b14f29ae0 - - - - -] api.vendordata_jsonfile_path = None log_opt_values /usr/lib/python3/dist-packages/oslo_config/cfg.py:2609
2024-12-30 00:36:31.899 162111 DEBUG oslo_messaging._drivers.amqpdriver [-] AMQPListener connection consume poll /usr/lib/python3/dist-packages/oslo_messaging/_drivers/amqpdriver.py:357
2024-12-30 00:36:31.899 161675 DEBUG oslo_service.service [req-92d5b8cf-cca6-4f94-92ee-7c0b14f29ae0 - - - - -] api.vendordata_providers = ['StaticJSON'] log_opt_values /usr/lib/python3/dist-packages/oslo_config/cfg.py:2609
2024-12-30 00:36:31.900 161675 DEBUG oslo_service.service [req-92d5b8cf-cca6-4f94-92ee-7c0b14f29ae0 - - - - -] cache.backend = dogpile.cache.null log_opt_values /usr/lib/python3/dist-packages/oslo_config/cfg.py:2609
2024-12-30 00:36:31.900 161675 DEBUG oslo_service.service [req-92d5b8cf-cca6-4f94-92ee-7c0b14f29ae0 - - - - -] cache.backend_argument = **** log_opt_values /usr/lib/python3/dist-packages/oslo_config/cfg.py:2609
2024-12-30 00:36:31.900 162111 DEBUG nova.service [req-eccb9689-f8e8-4b28-9039-e170baf0b371 - - - - -] Join ServiceGroup membership for this service scheduler start /usr/lib/python3/dist-packages/nova/service.py:199
2024-12-30 00:36:31.900 161675 DEBUG oslo_service.service [req-92d5b8cf-cca6-4f94-92ee-7c0b14f29ae0 - - - - -] cache.config_prefix = cache.oslo log_opt_values /usr/lib/python3/dist-packages/oslo_config/cfg.py:2609
2024-12-30 00:36:31.900 162111 DEBUG nova.servicegroup.drivers.db [req-eccb9689-f8e8-4b28-9039-e170baf0b371 - - - - -] DB_Driver: join new ServiceGroup member juju-68774b-0-lxd-7 to the scheduler group, service = join /usr/lib/python3/dist-packages/nova/servicegroup/drivers/db.py:44
2024-12-30 00:36:31.900 161675 DEBUG oslo_service.service [req-92d5b8cf-cca6-4f94-92ee-7c0b14f29ae0 - - - - -] cache.debug_cache_backend = False log_opt_values /usr/lib/python3/dist-packages/oslo_config/cfg.py:2609
2024-12-30 00:36:31.900 161675 DEBUG oslo_service.service [req-92d5b8cf-cca6-4f94-92ee-7c0b14f29ae0 - - - - -] cache.enabled = False log_opt_values /usr/lib/python3/dist-packages/oslo_config/cfg.py:2609
2024-12-30 00:36:31.901 161675 DEBUG oslo_service.service [req-92d5b8cf-cca6-4f94-92ee-7c0b14f29ae0 - - - - -] cache.expiration_time = 600 log_opt_values /usr/lib/python3/dist-packages/oslo_config/cfg.py:2609
2024-12-30 00:36:31.901 161675 DEBUG oslo_service.service [req-92d5b8cf-cca6-4f94-92ee-7c0b14f29ae0 - - - - -] cache.memcache_dead_retry = 300 log_opt_values /usr/lib/python3/dist-packages/oslo_config/cfg.py:2609
2024-12-30 00:36:31.901 161675 DEBUG oslo_service.service [req-92d5b8cf-cca6-4f94-92ee-7c0b14f29ae0 - - - - -] cache.memcache_pool_connection_get_timeout = 10 log_opt_values /usr/lib/python3/dist-packages/oslo_config/cfg.py:2609
2024-12-30 00:36:31.901 161675 DEBUG oslo_service.service [req-92d5b8cf-cca6-4f94-92ee-7c0b14f29ae0 - - - - -] cache.memcache_pool_flush_on_reconnect = False log_opt_values /usr/lib/python3/dist-packages/oslo_config/cfg.py:2609
2024-12-30 00:36:31.901 161675 DEBUG oslo_service.service [req-92d5b8cf-cca6-4f94-92ee-7c0b14f29ae0 - - - - -] cache.memcache_pool_maxsize = 10 log_opt_values /usr/lib/python3/dist-packages/oslo_config/cfg.py:2609
2024-12-30 00:36:31.902 161675 DEBUG oslo_service.service [req-92d5b8cf-cca6-4f94-92ee-7c0b14f29ae0 - - - - -] cache.memcache_pool_unused_timeout = 60 log_opt_values /usr/lib/python3/dist-packages/oslo_config/cfg.py:2609
2024-12-30 00:36:31.902 161675 DEBUG oslo_service.service [req-92d5b8cf-cca6-4f94-92ee-7c0b14f29ae0 - - - - -] cache.memcache_servers = ['localhost:11211'] log_opt_values /usr/lib/python3/dist-packages/oslo_config/cfg.py:2609
2024-12-30 00:36:31.902 161675 DEBUG oslo_service.service [req-92d5b8cf-cca6-4f94-92ee-7c0b14f29ae0 - - - - -] cache.memcache_socket_timeout = 1.0 log_opt_values /usr/lib/python3/dist-packages/oslo_config/cfg.py:2609
2024-12-30 00:36:31.902 161675 DEBUG oslo_service.service [req-92d5b8cf-cca6-4f94-92ee-7c0b14f29ae0 - - - - -] cache.proxies = [] log_opt_values /usr/lib/python3/dist-packages/oslo_config/cfg.py:2609
2024-12-30 00:36:31.902 161675 DEBUG oslo_service.service [req-92d5b8cf-cca6-4f94-92ee-7c0b14f29ae0 - - - - -] cache.tls_allowed_ciphers = None log_opt_values /usr/lib/python3/dist-packages/oslo_config/cfg.py:2609
2024-12-30 00:36:31.902 161675 DEBUG oslo_service.service [req-92d5b8cf-cca6-4f94-92ee-7c0b14f29ae0 - - - - -] cache.tls_cafile = None log_opt_values /usr/lib/python3/dist-packages/oslo_config/cfg.py:2609
2024-12-30 00:36:31.902 162111 DEBUG oslo_messaging._drivers.amqpdriver [-] AMQPListener connection timeout poll /usr/lib/python3/dist-packages/oslo_messaging/_drivers/amqpdriver.py:360
2024-12-30 00:36:31.903 161675 DEBUG oslo_service.service [req-92d5b8cf-cca6-4f94-92ee-7c0b14f29ae0 - - - - -] cache.tls_certfile = None log_opt_values /usr/lib/python3/dist-packages/oslo_config/cfg.py:2609
2024-12-30 00:36:31.903 162111 DEBUG oslo_messaging._drivers.amqpdriver [-] Listener is running poll /usr/lib/python3/dist-packages/oslo_messaging/_drivers/amqpdriver.py:343
2024-12-30 00:36:31.903 162111 DEBUG oslo_messaging._drivers.amqpdriver [-] AMQPListener connection consume poll /usr/lib/python3/dist-packages/oslo_messaging/_drivers/amqpdriver.py:357
2024-12-30 00:36:31.903 161675 DEBUG oslo_service.service [req-92d5b8cf-cca6-4f94-92ee-7c0b14f29ae0 - - - - -] cache.tls_enabled = False log_opt_values /usr/lib/python3/dist-packages/oslo_config/cfg.py:2609
2024-12-30 00:36:31.903 161675 DEBUG oslo_service.service [req-92d5b8cf-cca6-4f94-92ee-7c0b14f29ae0 - - - - -] cache.tls_keyfile = None log_opt_values /usr/lib/python3/dist-packages/oslo_config/cfg.py:2609
2024-12-30 00:36:31.903 161675 DEBUG oslo_service.service [req-92d5b8cf-cca6-4f94-92ee-7c0b14f29ae0 - - - - -] cinder.auth_section = None log_opt_values /usr/lib/python3/dist-packages/oslo_config/cfg.py:2609
2024-12-30 00:36:31.903 161675 DEBUG oslo_service.service [req-92d5b8cf-cca6-4f94-92ee-7c0b14f29ae0 - - - - -] cinder.auth_type = None log_opt_values /usr/lib/python3/dist-packages/oslo_config/cfg.py:2609
2024-12-30 00:36:31.903 161675 DEBUG oslo_service.service [req-92d5b8cf-cca6-4f94-92ee-7c0b14f29ae0 - - - - -] cinder.cafile = None log_opt_values /usr/lib/python3/dist-packages/oslo_config/cfg.py:2609
2024-12-30 00:36:31.904 161675 DEBUG oslo_service.service [req-92d5b8cf-cca6-4f94-92ee-7c0b14f29ae0 - - - - -] cinder.catalog_info = volumev3::publicURL log_opt_values /usr/lib/python3/dist-packages/oslo_config/cfg.py:2609
2024-12-30 00:36:31.904 161675 DEBUG oslo_service.service [req-92d5b8cf-cca6-4f94-92ee-7c0b14f29ae0 - - - - -] cinder.certfile = None log_opt_values /usr/lib/python3/dist-packages/oslo_config/cfg.py:2609
2024-12-30 00:36:31.904 161675 DEBUG oslo_service.service [req-92d5b8cf-cca6-4f94-92ee-7c0b14f29ae0 - - - - -] cinder.collect_timing = False log_opt_values /usr/lib/python3/dist-packages/oslo_config/cfg.py:2609
2024-12-30 00:36:31.904 161675 DEBUG oslo_service.service [req-92d5b8cf-cca6-4f94-92ee-7c0b14f29ae0 - - - - -] cinder.cross_az_attach = True log_opt_values /usr/lib/python3/dist-packages/oslo_config/cfg.py:2609
2024-12-30 00:36:31.905 161675 DEBUG oslo_service.service [req-92d5b8cf-cca6-4f94-92ee-7c0b14f29ae0 - - - - -] cinder.debug = False log_opt_values /usr/lib/python3/dist-packages/oslo_config/cfg.py:2609
2024-12-30 00:36:31.905 161675 DEBUG oslo_service.service [req-92d5b8cf-cca6-4f94-92ee-7c0b14f29ae0 - - - - -] cinder.endpoint_template = None log_opt_values /usr/lib/python3/dist-packages/oslo_config/cfg.py:2609
2024-12-30 00:36:31.905 161675 DEBUG oslo_service.service [req-92d5b8cf-cca6-4f94-92ee-7c0b14f29ae0 - - - - -] cinder.http_retries = 3 log_opt_values /usr/lib/python3/dist-packages/oslo_config/cfg.py:2609
2024-12-30 00:36:31.905 161675 DEBUG oslo_service.service [req-92d5b8cf-cca6-4f94-92ee-7c0b14f29ae0 - - - - -] cinder.insecure = False log_opt_values /usr/lib/python3/dist-packages/oslo_config/cfg.py:2609
2024-12-30 00:36:31.905 161675 DEBUG oslo_service.service [req-92d5b8cf-cca6-4f94-92ee-7c0b14f29ae0 - - - - -] cinder.keyfile = None log_opt_values /usr/lib/python3/dist-packages/oslo_config/cfg.py:2609
2024-12-30 00:36:31.906 161675 DEBUG oslo_service.service [req-92d5b8cf-cca6-4f94-92ee-7c0b14f29ae0 - - - - -] cinder.os_region_name = None log_opt_values /usr/lib/python3/dist-packages/oslo_config/cfg.py:2609
2024-12-30 00:36:31.906 161675 DEBUG oslo_service.service [req-92d5b8cf-cca6-4f94-92ee-7c0b14f29ae0 - - - - -] cinder.split_loggers = False log_opt_values /usr/lib/python3/dist-packages/oslo_config/cfg.py:2609
2024-12-30 00:36:31.906 161675 DEBUG oslo_service.service [req-92d5b8cf-cca6-4f94-92ee-7c0b14f29ae0 - - - - -] cinder.timeout = None log_opt_values /usr/lib/python3/dist-packages/oslo_config/cfg.py:2609
2024-12-30 00:36:31.906 161675 DEBUG oslo_service.service [req-92d5b8cf-cca6-4f94-92ee-7c0b14f29ae0 - - - - -] compute.consecutive_build_service_disable_threshold = 10 log_opt_values /usr/lib/python3/dist-packages/oslo_config/cfg.py:2609
2024-12-30 00:36:31.906 161675 DEBUG oslo_service.service [req-92d5b8cf-cca6-4f94-92ee-7c0b14f29ae0 - - - - -] compute.cpu_dedicated_set = None log_opt_values /usr/lib/python3/dist-packages/oslo_config/cfg.py:2609
2024-12-30 00:36:31.906 161675 DEBUG oslo_service.service [req-92d5b8cf-cca6-4f94-92ee-7c0b14f29ae0 - - - - -] compute.cpu_shared_set = None log_opt_values /usr/lib/python3/dist-packages/oslo_config/cfg.py:2609
2024-12-30 00:36:31.907 161675 DEBUG oslo_service.service [req-92d5b8cf-cca6-4f94-92ee-7c0b14f29ae0 - - - - -] compute.image_type_exclude_list = [] log_opt_values /usr/lib/python3/dist-packages/oslo_config/cfg.py:2609
2024-12-30 00:36:31.907 161675 DEBUG oslo_service.service [req-92d5b8cf-cca6-4f94-92ee-7c0b14f29ae0 - - - - -] compute.live_migration_wait_for_vif_plug = True log_opt_values /usr/lib/python3/dist-packages/oslo_config/cfg.py:2609
2024-12-30 00:36:31.907 161675 DEBUG oslo_service.service [req-92d5b8cf-cca6-4f94-92ee-7c0b14f29ae0 - - - - -] compute.max_concurrent_disk_ops = 0 log_opt_values /usr/lib/python3/dist-packages/oslo_config/cfg.py:2609
2024-12-30 00:36:31.907 161675 DEBUG oslo_service.service [req-92d5b8cf-cca6-4f94-92ee-7c0b14f29ae0 - - - - -] compute.max_disk_devices_to_attach = -1 log_opt_values /usr/lib/python3/dist-packages/oslo_config/cfg.py:2609
2024-12-30 00:36:31.907 161675 DEBUG oslo_service.service [req-92d5b8cf-cca6-4f94-92ee-7c0b14f29ae0 - - - - -] compute.packing_host_numa_cells_allocation_strategy = True log_opt_values /usr/lib/python3/dist-packages/oslo_config/cfg.py:2609
2024-12-30 00:36:31.908 161675 DEBUG oslo_service.service [req-92d5b8cf-cca6-4f94-92ee-7c0b14f29ae0 - - - - -] compute.provider_config_location = /etc/nova/provider_config/ log_opt_values /usr/lib/python3/dist-packages/oslo_config/cfg.py:2609
2024-12-30 00:36:31.908 161675 DEBUG oslo_service.service [req-92d5b8cf-cca6-4f94-92ee-7c0b14f29ae0 - - - - -] compute.resource_provider_association_refresh = 300 log_opt_values /usr/lib/python3/dist-packages/oslo_config/cfg.py:2609
2024-12-30 00:36:31.908 161675 DEBUG oslo_service.service [req-92d5b8cf-cca6-4f94-92ee-7c0b14f29ae0 - - - - -] compute.shutdown_retry_interval = 10 log_opt_values /usr/lib/python3/dist-packages/oslo_config/cfg.py:2609
2024-12-30 00:36:31.908 161675 DEBUG oslo_service.service [req-92d5b8cf-cca6-4f94-92ee-7c0b14f29ae0 - - - - -] compute.vmdk_allowed_types = ['streamOptimized', 'monolithicSparse'] log_opt_values /usr/lib/python3/dist-packages/oslo_config/cfg.py:2609
2024-12-30 00:36:31.909 161675 DEBUG oslo_service.service [req-92d5b8cf-cca6-4f94-92ee-7c0b14f29ae0 - - - - -] conductor.workers = 4 log_opt_values /usr/lib/python3/dist-packages/oslo_config/cfg.py:2609
2024-12-30 00:36:31.909 161675 DEBUG oslo_service.service [req-92d5b8cf-cca6-4f94-92ee-7c0b14f29ae0 - - - - -] console.allowed_origins = [] log_opt_values /usr/lib/python3/dist-packages/oslo_config/cfg.py:2609
2024-12-30 00:36:31.909 161675 DEBUG oslo_service.service [req-92d5b8cf-cca6-4f94-92ee-7c0b14f29ae0 - - - - -] console.ssl_ciphers = None log_opt_values /usr/lib/python3/dist-packages/oslo_config/cfg.py:2609
2024-12-30 00:36:31.909 161675 DEBUG oslo_service.service [req-92d5b8cf-cca6-4f94-92ee-7c0b14f29ae0 - - - - -] console.ssl_minimum_version = default log_opt_values /usr/lib/python3/dist-packages/oslo_config/cfg.py:2609
2024-12-30 00:36:31.909 161675 DEBUG oslo_service.service [req-92d5b8cf-cca6-4f94-92ee-7c0b14f29ae0 - - - - -] consoleauth.token_ttl = 600 log_opt_values /usr/lib/python3/dist-packages/oslo_config/cfg.py:2609
2024-12-30 00:36:31.910 161675 DEBUG oslo_service.service [req-92d5b8cf-cca6-4f94-92ee-7c0b14f29ae0 - - - - -] cyborg.cafile = None log_opt_values /usr/lib/python3/dist-packages/oslo_config/cfg.py:2609
2024-12-30 00:36:31.910 161675 DEBUG oslo_service.service [req-92d5b8cf-cca6-4f94-92ee-7c0b14f29ae0 - - - - -] cyborg.certfile = None log_opt_values /usr/lib/python3/dist-packages/oslo_config/cfg.py:2609
2024-12-30 00:36:31.910 161675 DEBUG oslo_service.service [req-92d5b8cf-cca6-4f94-92ee-7c0b14f29ae0 - - - - -] cyborg.collect_timing = False log_opt_values /usr/lib/python3/dist-packages/oslo_config/cfg.py:2609
2024-12-30 00:36:31.910 161675 DEBUG oslo_service.service [req-92d5b8cf-cca6-4f94-92ee-7c0b14f29ae0 - - - - -] cyborg.connect_retries = None log_opt_values /usr/lib/python3/dist-packages/oslo_config/cfg.py:2609
2024-12-30 00:36:31.910 161675 DEBUG oslo_service.service [req-92d5b8cf-cca6-4f94-92ee-7c0b14f29ae0 - - - - -] cyborg.connect_retry_delay = None log_opt_values /usr/lib/python3/dist-packages/oslo_config/cfg.py:2609
2024-12-30 00:36:31.911 161675 DEBUG oslo_service.service [req-92d5b8cf-cca6-4f94-92ee-7c0b14f29ae0 - - - - -] cyborg.endpoint_override = None log_opt_values /usr/lib/python3/dist-packages/oslo_config/cfg.py:2609
2024-12-30 00:36:31.911 161675 DEBUG oslo_service.service [req-92d5b8cf-cca6-4f94-92ee-7c0b14f29ae0 - - - - -] cyborg.insecure = False log_opt_values /usr/lib/python3/dist-packages/oslo_config/cfg.py:2609
2024-12-30 00:36:31.911 161675 DEBUG oslo_service.service [req-92d5b8cf-cca6-4f94-92ee-7c0b14f29ae0 - - - - -] cyborg.keyfile = None log_opt_values /usr/lib/python3/dist-packages/oslo_config/cfg.py:2609
2024-12-30 00:36:31.911 161675 DEBUG oslo_service.service [req-92d5b8cf-cca6-4f94-92ee-7c0b14f29ae0 - - - - -] cyborg.max_version = None log_opt_values /usr/lib/python3/dist-packages/oslo_config/cfg.py:2609
2024-12-30 00:36:31.911 161675 DEBUG oslo_service.service [req-92d5b8cf-cca6-4f94-92ee-7c0b14f29ae0 - - - - -] cyborg.min_version = None log_opt_values /usr/lib/python3/dist-packages/oslo_config/cfg.py:2609
2024-12-30 00:36:31.911 161675 DEBUG oslo_service.service [req-92d5b8cf-cca6-4f94-92ee-7c0b14f29ae0 - - - - -] cyborg.region_name = None log_opt_values /usr/lib/python3/dist-packages/oslo_config/cfg.py:2609
2024-12-30 00:36:31.912 161675 DEBUG oslo_service.service [req-92d5b8cf-cca6-4f94-92ee-7c0b14f29ae0 - - - - -] cyborg.service_name = None log_opt_values /usr/lib/python3/dist-packages/oslo_config/cfg.py:2609
2024-12-30 00:36:31.912 161675 DEBUG oslo_service.service [req-92d5b8cf-cca6-4f94-92ee-7c0b14f29ae0 - - - - -] cyborg.service_type = accelerator log_opt_values /usr/lib/python3/dist-packages/oslo_config/cfg.py:2609
2024-12-30 00:36:31.912 161675 DEBUG oslo_service.service [req-92d5b8cf-cca6-4f94-92ee-7c0b14f29ae0 - - - - -] cyborg.split_loggers = False log_opt_values /usr/lib/python3/dist-packages/oslo_config/cfg.py:2609
2024-12-30 00:36:31.912 161675 DEBUG oslo_service.service [req-92d5b8cf-cca6-4f94-92ee-7c0b14f29ae0 - - - - -] cyborg.status_code_retries = None log_opt_values /usr/lib/python3/dist-packages/oslo_config/cfg.py:2609
2024-12-30 00:36:31.912 161675 DEBUG oslo_service.service [req-92d5b8cf-cca6-4f94-92ee-7c0b14f29ae0 - - - - -] cyborg.status_code_retry_delay = None log_opt_values /usr/lib/python3/dist-packages/oslo_config/cfg.py:2609
2024-12-30 00:36:31.912 161675 DEBUG oslo_service.service [req-92d5b8cf-cca6-4f94-92ee-7c0b14f29ae0 - - - - -] cyborg.timeout = None log_opt_values /usr/lib/python3/dist-packages/oslo_config/cfg.py:2609
2024-12-30 00:36:31.913 161675 DEBUG oslo_service.service [req-92d5b8cf-cca6-4f94-92ee-7c0b14f29ae0 - - - - -] cyborg.valid_interfaces = ['internal', 'public'] log_opt_values /usr/lib/python3/dist-packages/oslo_config/cfg.py:2609
2024-12-30 00:36:31.913 161675 DEBUG oslo_service.service [req-92d5b8cf-cca6-4f94-92ee-7c0b14f29ae0 - - - - -] cyborg.version = None log_opt_values /usr/lib/python3/dist-packages/oslo_config/cfg.py:2609
2024-12-30 00:36:31.913 161675 DEBUG oslo_service.service [req-92d5b8cf-cca6-4f94-92ee-7c0b14f29ae0 - - - - -] database.backend = sqlalchemy log_opt_values /usr/lib/python3/dist-packages/oslo_config/cfg.py:2609
2024-12-30 00:36:31.913 161675 DEBUG oslo_service.service [req-92d5b8cf-cca6-4f94-92ee-7c0b14f29ae0 - - - - -] database.connection = **** log_opt_values /usr/lib/python3/dist-packages/oslo_config/cfg.py:2609
2024-12-30 00:36:31.913 161675 DEBUG oslo_service.service [req-92d5b8cf-cca6-4f94-92ee-7c0b14f29ae0 - - - - -] database.connection_debug = 0 log_opt_values /usr/lib/python3/dist-packages/oslo_config/cfg.py:2609
2024-12-30 00:36:31.914 161675 DEBUG oslo_service.service [req-92d5b8cf-cca6-4f94-92ee-7c0b14f29ae0 - - - - -] database.connection_parameters = log_opt_values /usr/lib/python3/dist-packages/oslo_config/cfg.py:2609
2024-12-30 00:36:31.914 161675 DEBUG oslo_service.service [req-92d5b8cf-cca6-4f94-92ee-7c0b14f29ae0 - - - - -] database.connection_recycle_time = 3600 log_opt_values /usr/lib/python3/dist-packages/oslo_config/cfg.py:2609
2024-12-30 00:36:31.914 161675 DEBUG oslo_service.service [req-92d5b8cf-cca6-4f94-92ee-7c0b14f29ae0 - - - - -] database.connection_trace = False log_opt_values /usr/lib/python3/dist-packages/oslo_config/cfg.py:2609
2024-12-30 00:36:31.914 161675 DEBUG oslo_service.service [req-92d5b8cf-cca6-4f94-92ee-7c0b14f29ae0 - - - - -] database.db_inc_retry_interval = True log_opt_values /usr/lib/python3/dist-packages/oslo_config/cfg.py:2609
2024-12-30 00:36:31.914 161675 DEBUG oslo_service.service [req-92d5b8cf-cca6-4f94-92ee-7c0b14f29ae0 - - - - -] database.db_max_retries = 20 log_opt_values /usr/lib/python3/dist-packages/oslo_config/cfg.py:2609
2024-12-30 00:36:31.914 161675 DEBUG oslo_service.service [req-92d5b8cf-cca6-4f94-92ee-7c0b14f29ae0 - - - - -] database.db_max_retry_interval = 10 log_opt_values /usr/lib/python3/dist-packages/oslo_config/cfg.py:2609
2024-12-30 00:36:31.915 161675 DEBUG oslo_service.service [req-92d5b8cf-cca6-4f94-92ee-7c0b14f29ae0 - - - - -] database.db_retry_interval = 1 log_opt_values /usr/lib/python3/dist-packages/oslo_config/cfg.py:2609
2024-12-30 00:36:31.915 161675 DEBUG oslo_service.service [req-92d5b8cf-cca6-4f94-92ee-7c0b14f29ae0 - - - - -] database.max_overflow = 50 log_opt_values /usr/lib/python3/dist-packages/oslo_config/cfg.py:2609
2024-12-30 00:36:31.915 161675 DEBUG oslo_service.service [req-92d5b8cf-cca6-4f94-92ee-7c0b14f29ae0 - - - - -] database.max_pool_size = 4 log_opt_values /usr/lib/python3/dist-packages/oslo_config/cfg.py:2609
2024-12-30 00:36:31.915 161675 DEBUG oslo_service.service [req-92d5b8cf-cca6-4f94-92ee-7c0b14f29ae0 - - - - -] database.max_retries = 10 log_opt_values /usr/lib/python3/dist-packages/oslo_config/cfg.py:2609
2024-12-30 00:36:31.915 161675 DEBUG oslo_service.service [req-92d5b8cf-cca6-4f94-92ee-7c0b14f29ae0 - - - - -] database.mysql_enable_ndb = False log_opt_values /usr/lib/python3/dist-packages/oslo_config/cfg.py:2609
2024-12-30 00:36:31.915 161675 DEBUG oslo_service.service [req-92d5b8cf-cca6-4f94-92ee-7c0b14f29ae0 - - - - -] database.mysql_sql_mode = TRADITIONAL log_opt_values /usr/lib/python3/dist-packages/oslo_config/cfg.py:2609
2024-12-30 00:36:31.916 161675 DEBUG oslo_service.service [req-92d5b8cf-cca6-4f94-92ee-7c0b14f29ae0 - - - - -] database.pool_timeout = None log_opt_values /usr/lib/python3/dist-packages/oslo_config/cfg.py:2609
2024-12-30 00:36:31.916 161675 DEBUG oslo_service.service [req-92d5b8cf-cca6-4f94-92ee-7c0b14f29ae0 - - - - -] database.retry_interval = 10 log_opt_values /usr/lib/python3/dist-packages/oslo_config/cfg.py:2609
2024-12-30 00:36:31.916 161675 DEBUG oslo_service.service [req-92d5b8cf-cca6-4f94-92ee-7c0b14f29ae0 - - - - -] database.slave_connection = **** log_opt_values /usr/lib/python3/dist-packages/oslo_config/cfg.py:2609
2024-12-30 00:36:31.916 161675 DEBUG oslo_service.service [req-92d5b8cf-cca6-4f94-92ee-7c0b14f29ae0 - - - - -] database.sqlite_synchronous = True log_opt_values /usr/lib/python3/dist-packages/oslo_config/cfg.py:2609
2024-12-30 00:36:31.916 161675 DEBUG oslo_service.service [req-92d5b8cf-cca6-4f94-92ee-7c0b14f29ae0 - - - - -] database.use_db_reconnect = False log_opt_values /usr/lib/python3/dist-packages/oslo_config/cfg.py:2609
2024-12-30 00:36:31.917 161675 DEBUG oslo_service.service [req-92d5b8cf-cca6-4f94-92ee-7c0b14f29ae0 - - - - -] api_database.backend = sqlalchemy log_opt_values /usr/lib/python3/dist-packages/oslo_config/cfg.py:2609
2024-12-30 00:36:31.917 161675 DEBUG oslo_service.service [req-92d5b8cf-cca6-4f94-92ee-7c0b14f29ae0 - - - - -] api_database.connection = **** log_opt_values /usr/lib/python3/dist-packages/oslo_config/cfg.py:2609
2024-12-30 00:36:31.917 161675 DEBUG oslo_service.service [req-92d5b8cf-cca6-4f94-92ee-7c0b14f29ae0 - - - - -] api_database.connection_debug = 0 log_opt_values /usr/lib/python3/dist-packages/oslo_config/cfg.py:2609
2024-12-30 00:36:31.917 161675 DEBUG oslo_service.service [req-92d5b8cf-cca6-4f94-92ee-7c0b14f29ae0 - - - - -] api_database.connection_parameters = log_opt_values /usr/lib/python3/dist-packages/oslo_config/cfg.py:2609
2024-12-30 00:36:31.917 161675 DEBUG oslo_service.service [req-92d5b8cf-cca6-4f94-92ee-7c0b14f29ae0 - - - - -] api_database.connection_recycle_time = 3600 log_opt_values /usr/lib/python3/dist-packages/oslo_config/cfg.py:2609
2024-12-30 00:36:31.917 162112 DEBUG oslo_messaging._drivers.amqpdriver [-] Listener is running poll /usr/lib/python3/dist-packages/oslo_messaging/_drivers/amqpdriver.py:343
2024-12-30 00:36:31.917 161675 DEBUG oslo_service.service [req-92d5b8cf-cca6-4f94-92ee-7c0b14f29ae0 - - - - -] api_database.connection_trace = False log_opt_values /usr/lib/python3/dist-packages/oslo_config/cfg.py:2609
2024-12-30 00:36:31.917 162110 DEBUG oslo_messaging._drivers.amqpdriver [-] Listener is running poll /usr/lib/python3/dist-packages/oslo_messaging/_drivers/amqpdriver.py:343
2024-12-30 00:36:31.917 162112 DEBUG oslo_messaging._drivers.amqpdriver [-] AMQPListener connection consume poll /usr/lib/python3/dist-packages/oslo_messaging/_drivers/amqpdriver.py:357
2024-12-30 00:36:31.917 161675 DEBUG oslo_service.service [req-92d5b8cf-cca6-4f94-92ee-7c0b14f29ae0 - - - - -] api_database.db_inc_retry_interval = True log_opt_values /usr/lib/python3/dist-packages/oslo_config/cfg.py:2609
2024-12-30 00:36:31.918 162110 DEBUG oslo_messaging._drivers.amqpdriver [-] AMQPListener connection consume poll /usr/lib/python3/dist-packages/oslo_messaging/_drivers/amqpdriver.py:357
2024-12-30 00:36:31.918 161675 DEBUG oslo_service.service [req-92d5b8cf-cca6-4f94-92ee-7c0b14f29ae0 - - - - -] api_database.db_max_retries = 20 log_opt_values /usr/lib/python3/dist-packages/oslo_config/cfg.py:2609
2024-12-30 00:36:31.918 161675 DEBUG oslo_service.service [req-92d5b8cf-cca6-4f94-92ee-7c0b14f29ae0 - - - - -] api_database.db_max_retry_interval = 10 log_opt_values /usr/lib/python3/dist-packages/oslo_config/cfg.py:2609
2024-12-30 00:36:31.918 161675 DEBUG oslo_service.service [req-92d5b8cf-cca6-4f94-92ee-7c0b14f29ae0 - - - - -] api_database.db_retry_interval = 1 log_opt_values /usr/lib/python3/dist-packages/oslo_config/cfg.py:2609
2024-12-30 00:36:31.918 161675 DEBUG oslo_service.service [req-92d5b8cf-cca6-4f94-92ee-7c0b14f29ae0 - - - - -] api_database.max_overflow = 50 log_opt_values /usr/lib/python3/dist-packages/oslo_config/cfg.py:2609
2024-12-30 00:36:31.918 162112 DEBUG nova.service [req-50b76efc-3e2c-44b6-a690-50436aea8d9f - - - - -] Join ServiceGroup membership for this service scheduler start /usr/lib/python3/dist-packages/nova/service.py:199
2024-12-30 00:36:31.918 161675 DEBUG oslo_service.service [req-92d5b8cf-cca6-4f94-92ee-7c0b14f29ae0 - - - - -] api_database.max_pool_size = 4 log_opt_values /usr/lib/python3/dist-packages/oslo_config/cfg.py:2609
2024-12-30 00:36:31.918 162112 DEBUG nova.servicegroup.drivers.db [req-50b76efc-3e2c-44b6-a690-50436aea8d9f - - - - -] DB_Driver: join new ServiceGroup member juju-68774b-0-lxd-7 to the scheduler group, service = join /usr/lib/python3/dist-packages/nova/servicegroup/drivers/db.py:44
2024-12-30 00:36:31.918 161675 DEBUG oslo_service.service [req-92d5b8cf-cca6-4f94-92ee-7c0b14f29ae0 - - - - -] api_database.max_retries = 10 log_opt_values /usr/lib/python3/dist-packages/oslo_config/cfg.py:2609
2024-12-30 00:36:31.919 161675 DEBUG oslo_service.service [req-92d5b8cf-cca6-4f94-92ee-7c0b14f29ae0 - - - - -] api_database.mysql_enable_ndb = False log_opt_values /usr/lib/python3/dist-packages/oslo_config/cfg.py:2609
2024-12-30 00:36:31.919 161675 DEBUG oslo_service.service [req-92d5b8cf-cca6-4f94-92ee-7c0b14f29ae0 - - - - -] api_database.mysql_sql_mode = TRADITIONAL log_opt_values /usr/lib/python3/dist-packages/oslo_config/cfg.py:2609
2024-12-30 00:36:31.919 161675 DEBUG oslo_service.service [req-92d5b8cf-cca6-4f94-92ee-7c0b14f29ae0 - - - - -] api_database.pool_timeout = None log_opt_values /usr/lib/python3/dist-packages/oslo_config/cfg.py:2609
2024-12-30 00:36:31.919 161675 DEBUG oslo_service.service [req-92d5b8cf-cca6-4f94-92ee-7c0b14f29ae0 - - - - -] api_database.retry_interval = 10 log_opt_values /usr/lib/python3/dist-packages/oslo_config/cfg.py:2609
2024-12-30 00:36:31.919 161675 DEBUG oslo_service.service [req-92d5b8cf-cca6-4f94-92ee-7c0b14f29ae0 - - - - -] api_database.slave_connection = **** log_opt_values /usr/lib/python3/dist-packages/oslo_config/cfg.py:2609
2024-12-30 00:36:31.919 161675 DEBUG oslo_service.service [req-92d5b8cf-cca6-4f94-92ee-7c0b14f29ae0 - - - - -] api_database.sqlite_synchronous = True log_opt_values /usr/lib/python3/dist-packages/oslo_config/cfg.py:2609
2024-12-30 00:36:31.920 161675 DEBUG oslo_service.service [req-92d5b8cf-cca6-4f94-92ee-7c0b14f29ae0 - - - - -] devices.enabled_mdev_types = [] log_opt_values /usr/lib/python3/dist-packages/oslo_config/cfg.py:2609
2024-12-30 00:36:31.919 162110 DEBUG nova.service [req-e29f34f6-5feb-46f2-b50c-065988e58257 - - - - -] Join ServiceGroup membership for this service scheduler start /usr/lib/python3/dist-packages/nova/service.py:199
2024-12-30 00:36:31.920 161675 DEBUG oslo_service.service [req-92d5b8cf-cca6-4f94-92ee-7c0b14f29ae0 - - - - -] ephemeral_storage_encryption.cipher = aes-xts-plain64 log_opt_values /usr/lib/python3/dist-packages/oslo_config/cfg.py:2609
2024-12-30 00:36:31.920 162110 DEBUG nova.servicegroup.drivers.db [req-e29f34f6-5feb-46f2-b50c-065988e58257 - - - - -] DB_Driver: join new ServiceGroup member juju-68774b-0-lxd-7 to the scheduler group, service = join /usr/lib/python3/dist-packages/nova/servicegroup/drivers/db.py:44
2024-12-30 00:36:31.920 161675 DEBUG oslo_service.service [req-92d5b8cf-cca6-4f94-92ee-7c0b14f29ae0 - - - - -] ephemeral_storage_encryption.enabled = False log_opt_values /usr/lib/python3/dist-packages/oslo_config/cfg.py:2609
2024-12-30 00:36:31.920 161675 DEBUG oslo_service.service [req-92d5b8cf-cca6-4f94-92ee-7c0b14f29ae0 - - - - -] ephemeral_storage_encryption.key_size = 512 log_opt_values /usr/lib/python3/dist-packages/oslo_config/cfg.py:2609
2024-12-30 00:36:31.920 162110 DEBUG oslo_messaging._drivers.amqpdriver [-] AMQPListener connection timeout poll /usr/lib/python3/dist-packages/oslo_messaging/_drivers/amqpdriver.py:360
2024-12-30 00:36:31.920 161675 WARNING oslo_config.cfg [req-92d5b8cf-cca6-4f94-92ee-7c0b14f29ae0 - - - - -] Deprecated: Option "api_servers" from group "glance" is deprecated for removal ( Support for image service configuration via standard keystoneauth1 Adapter options was added in the 17.0.0 Queens release. The api_servers option was retained temporarily to allow consumers time to cut over to a real load balancing solution. ). Its value may be silently ignored in the future.
2024-12-30 00:36:31.921 162110 DEBUG oslo_messaging._drivers.amqpdriver [-] Listener is running poll /usr/lib/python3/dist-packages/oslo_messaging/_drivers/amqpdriver.py:343
2024-12-30 00:36:31.921 162110 DEBUG oslo_messaging._drivers.amqpdriver [-] AMQPListener connection consume poll /usr/lib/python3/dist-packages/oslo_messaging/_drivers/amqpdriver.py:357
2024-12-30 00:36:31.921 161675 DEBUG oslo_service.service [req-92d5b8cf-cca6-4f94-92ee-7c0b14f29ae0 - - - - -] glance.api_servers = ['http://252.24.115.100:9292'] log_opt_values /usr/lib/python3/dist-packages/oslo_config/cfg.py:2609
2024-12-30 00:36:31.921 162112 DEBUG oslo_messaging._drivers.amqpdriver [-] AMQPListener connection timeout poll /usr/lib/python3/dist-packages/oslo_messaging/_drivers/amqpdriver.py:360
2024-12-30 00:36:31.921 161675 DEBUG oslo_service.service [req-92d5b8cf-cca6-4f94-92ee-7c0b14f29ae0 - - - - -] glance.cafile = None log_opt_values /usr/lib/python3/dist-packages/oslo_config/cfg.py:2609
2024-12-30 00:36:31.921 162112 DEBUG oslo_messaging._drivers.amqpdriver [-] Listener is running poll /usr/lib/python3/dist-packages/oslo_messaging/_drivers/amqpdriver.py:343
2024-12-30 00:36:31.921 161675 DEBUG oslo_service.service [req-92d5b8cf-cca6-4f94-92ee-7c0b14f29ae0 - - - - -] glance.certfile = None log_opt_values /usr/lib/python3/dist-packages/oslo_config/cfg.py:2609
2024-12-30 00:36:31.921 162112 DEBUG oslo_messaging._drivers.amqpdriver [-] AMQPListener connection consume poll /usr/lib/python3/dist-packages/oslo_messaging/_drivers/amqpdriver.py:357
2024-12-30 00:36:31.921 161675 DEBUG oslo_service.service [req-92d5b8cf-cca6-4f94-92ee-7c0b14f29ae0 - - - - -] glance.collect_timing = False log_opt_values /usr/lib/python3/dist-packages/oslo_config/cfg.py:2609
2024-12-30 00:36:31.921 161675 DEBUG oslo_service.service [req-92d5b8cf-cca6-4f94-92ee-7c0b14f29ae0 - - - - -] glance.connect_retries = None log_opt_values /usr/lib/python3/dist-packages/oslo_config/cfg.py:2609
2024-12-30 00:36:31.921 161675 DEBUG oslo_service.service [req-92d5b8cf-cca6-4f94-92ee-7c0b14f29ae0 - - - - -] glance.connect_retry_delay = None log_opt_values /usr/lib/python3/dist-packages/oslo_config/cfg.py:2609
2024-12-30 00:36:31.922 161675 DEBUG oslo_service.service [req-92d5b8cf-cca6-4f94-92ee-7c0b14f29ae0 - - - - -] glance.debug = False log_opt_values /usr/lib/python3/dist-packages/oslo_config/cfg.py:2609
2024-12-30 00:36:31.922 161675 DEBUG oslo_service.service [req-92d5b8cf-cca6-4f94-92ee-7c0b14f29ae0 - - - - -] glance.default_trusted_certificate_ids = [] log_opt_values /usr/lib/python3/dist-packages/oslo_config/cfg.py:2609
2024-12-30 00:36:31.922 161675 DEBUG oslo_service.service [req-92d5b8cf-cca6-4f94-92ee-7c0b14f29ae0 - - - - -] glance.enable_certificate_validation = False log_opt_values /usr/lib/python3/dist-packages/oslo_config/cfg.py:2609
2024-12-30 00:36:31.922 161675 DEBUG oslo_service.service [req-92d5b8cf-cca6-4f94-92ee-7c0b14f29ae0 - - - - -] glance.enable_rbd_download = False log_opt_values /usr/lib/python3/dist-packages/oslo_config/cfg.py:2609
2024-12-30 00:36:31.922 161675 DEBUG oslo_service.service [req-92d5b8cf-cca6-4f94-92ee-7c0b14f29ae0 - - - - -] glance.endpoint_override = None log_opt_values /usr/lib/python3/dist-packages/oslo_config/cfg.py:2609
2024-12-30 00:36:31.922 161675 DEBUG oslo_service.service [req-92d5b8cf-cca6-4f94-92ee-7c0b14f29ae0 - - - - -] glance.insecure = False log_opt_values /usr/lib/python3/dist-packages/oslo_config/cfg.py:2609
