2024-12-30 00:36:32.004 161675 DEBUG oslo_service.service [req-92d5b8cf-cca6-4f94-92ee-7c0b14f29ae0 - - - - -] oslo_policy.policy_default_rule = default log_opt_values /usr/lib/python3/dist-packages/oslo_config/cfg.py:2609
2024-12-30 00:36:32.004 161675 DEBUG oslo_service.service [req-92d5b8cf-cca6-4f94-92ee-7c0b14f29ae0 - - - - -] oslo_policy.policy_dirs = ['policy.d'] log_opt_values /usr/lib/python3/dist-packages/oslo_config/cfg.py:2609
2024-12-30 00:36:32.004 161675 DEBUG oslo_service.service [req-92d5b8cf-cca6-4f94-92ee-7c0b14f29ae0 - - - - -] oslo_policy.policy_file = policy.yaml log_opt_values /usr/lib/python3/dist-packages/oslo_config/cfg.py:2609
2024-12-30 00:36:32.004 161675 DEBUG oslo_service.service [req-92d5b8cf-cca6-4f94-92ee-7c0b14f29ae0 - - - - -] oslo_policy.remote_content_type = application/x-www-form-urlencoded log_opt_values /usr/lib/python3/dist-packages/oslo_config/cfg.py:2609
2024-12-30 00:36:32.005 161675 DEBUG oslo_service.service [req-92d5b8cf-cca6-4f94-92ee-7c0b14f29ae0 - - - - -] oslo_policy.remote_ssl_ca_crt_file = None log_opt_values /usr/lib/python3/dist-packages/oslo_config/cfg.py:2609
2024-12-30 00:36:32.005 161675 DEBUG oslo_service.service [req-92d5b8cf-cca6-4f94-92ee-7c0b14f29ae0 - - - - -] oslo_policy.remote_ssl_client_crt_file = None log_opt_values /usr/lib/python3/dist-packages/oslo_config/cfg.py:2609
2024-12-30 00:36:32.005 161675 DEBUG oslo_service.service [req-92d5b8cf-cca6-4f94-92ee-7c0b14f29ae0 - - - - -] oslo_policy.remote_ssl_client_key_file = None log_opt_values /usr/lib/python3/dist-packages/oslo_config/cfg.py:2609
2024-12-30 00:36:32.005 161675 DEBUG oslo_service.service [req-92d5b8cf-cca6-4f94-92ee-7c0b14f29ae0 - - - - -] oslo_policy.remote_ssl_verify_server_crt = False log_opt_values /usr/lib/python3/dist-packages/oslo_config/cfg.py:2609
2024-12-30 00:36:32.005 161675 DEBUG oslo_service.service [req-92d5b8cf-cca6-4f94-92ee-7c0b14f29ae0 - - - - -] oslo_versionedobjects.fatal_exception_format_errors = False log_opt_values /usr/lib/python3/dist-packages/oslo_config/cfg.py:2609
2024-12-30 00:36:32.005 161675 DEBUG oslo_service.service [req-92d5b8cf-cca6-4f94-92ee-7c0b14f29ae0 - - - - -] oslo_middleware.http_basic_auth_user_file = /etc/htpasswd log_opt_values /usr/lib/python3/dist-packages/oslo_config/cfg.py:2609
2024-12-30 00:36:32.006 161675 DEBUG oslo_service.service [req-92d5b8cf-cca6-4f94-92ee-7c0b14f29ae0 - - - - -] profiler.connection_string = messaging:// log_opt_values /usr/lib/python3/dist-packages/oslo_config/cfg.py:2609
2024-12-30 00:36:32.006 161675 DEBUG oslo_service.service [req-92d5b8cf-cca6-4f94-92ee-7c0b14f29ae0 - - - - -] profiler.enabled = False log_opt_values /usr/lib/python3/dist-packages/oslo_config/cfg.py:2609
2024-12-30 00:36:32.006 161675 DEBUG oslo_service.service [req-92d5b8cf-cca6-4f94-92ee-7c0b14f29ae0 - - - - -] profiler.es_doc_type = notification log_opt_values /usr/lib/python3/dist-packages/oslo_config/cfg.py:2609
2024-12-30 00:36:32.006 161675 DEBUG oslo_service.service [req-92d5b8cf-cca6-4f94-92ee-7c0b14f29ae0 - - - - -] profiler.es_scroll_size = 10000 log_opt_values /usr/lib/python3/dist-packages/oslo_config/cfg.py:2609
2024-12-30 00:36:32.006 161675 DEBUG oslo_service.service [req-92d5b8cf-cca6-4f94-92ee-7c0b14f29ae0 - - - - -] profiler.es_scroll_time = 2m log_opt_values /usr/lib/python3/dist-packages/oslo_config/cfg.py:2609
2024-12-30 00:36:32.006 161675 DEBUG oslo_service.service [req-92d5b8cf-cca6-4f94-92ee-7c0b14f29ae0 - - - - -] profiler.filter_error_trace = False log_opt_values /usr/lib/python3/dist-packages/oslo_config/cfg.py:2609
2024-12-30 00:36:32.007 161675 DEBUG oslo_service.service [req-92d5b8cf-cca6-4f94-92ee-7c0b14f29ae0 - - - - -] profiler.hmac_keys = SECRET_KEY log_opt_values /usr/lib/python3/dist-packages/oslo_config/cfg.py:2609
2024-12-30 00:36:32.007 161675 DEBUG oslo_service.service [req-92d5b8cf-cca6-4f94-92ee-7c0b14f29ae0 - - - - -] profiler.sentinel_service_name = mymaster log_opt_values /usr/lib/python3/dist-packages/oslo_config/cfg.py:2609
2024-12-30 00:36:32.007 161675 DEBUG oslo_service.service [req-92d5b8cf-cca6-4f94-92ee-7c0b14f29ae0 - - - - -] profiler.socket_timeout = 0.1 log_opt_values /usr/lib/python3/dist-packages/oslo_config/cfg.py:2609
2024-12-30 00:36:32.007 161675 DEBUG oslo_service.service [req-92d5b8cf-cca6-4f94-92ee-7c0b14f29ae0 - - - - -] profiler.trace_sqlalchemy = False log_opt_values /usr/lib/python3/dist-packages/oslo_config/cfg.py:2609
2024-12-30 00:36:32.007 161675 DEBUG oslo_service.service [req-92d5b8cf-cca6-4f94-92ee-7c0b14f29ae0 - - - - -] remote_debug.host = None log_opt_values /usr/lib/python3/dist-packages/oslo_config/cfg.py:2609
2024-12-30 00:36:32.007 161675 DEBUG oslo_service.service [req-92d5b8cf-cca6-4f94-92ee-7c0b14f29ae0 - - - - -] remote_debug.port = None log_opt_values /usr/lib/python3/dist-packages/oslo_config/cfg.py:2609
2024-12-30 00:36:32.008 161675 DEBUG oslo_service.service [req-92d5b8cf-cca6-4f94-92ee-7c0b14f29ae0 - - - - -] oslo_messaging_rabbit.amqp_auto_delete = False log_opt_values /usr/lib/python3/dist-packages/oslo_config/cfg.py:2609
2024-12-30 00:36:32.008 161675 DEBUG oslo_service.service [req-92d5b8cf-cca6-4f94-92ee-7c0b14f29ae0 - - - - -] oslo_messaging_rabbit.amqp_durable_queues = False log_opt_values /usr/lib/python3/dist-packages/oslo_config/cfg.py:2609
2024-12-30 00:36:32.008 161675 DEBUG oslo_service.service [req-92d5b8cf-cca6-4f94-92ee-7c0b14f29ae0 - - - - -] oslo_messaging_rabbit.conn_pool_min_size = 2 log_opt_values /usr/lib/python3/dist-packages/oslo_config/cfg.py:2609
2024-12-30 00:36:32.008 161675 DEBUG oslo_service.service [req-92d5b8cf-cca6-4f94-92ee-7c0b14f29ae0 - - - - -] oslo_messaging_rabbit.conn_pool_ttl = 1200 log_opt_values /usr/lib/python3/dist-packages/oslo_config/cfg.py:2609
2024-12-30 00:36:32.008 161675 DEBUG oslo_service.service [req-92d5b8cf-cca6-4f94-92ee-7c0b14f29ae0 - - - - -] oslo_messaging_rabbit.direct_mandatory_flag = True log_opt_values /usr/lib/python3/dist-packages/oslo_config/cfg.py:2609
2024-12-30 00:36:32.008 161675 DEBUG oslo_service.service [req-92d5b8cf-cca6-4f94-92ee-7c0b14f29ae0 - - - - -] oslo_messaging_rabbit.enable_cancel_on_failover = False log_opt_values /usr/lib/python3/dist-packages/oslo_config/cfg.py:2609
2024-12-30 00:36:32.009 161675 DEBUG oslo_service.service [req-92d5b8cf-cca6-4f94-92ee-7c0b14f29ae0 - - - - -] oslo_messaging_rabbit.heartbeat_in_pthread = True log_opt_values /usr/lib/python3/dist-packages/oslo_config/cfg.py:2609
2024-12-30 00:36:32.009 161675 DEBUG oslo_service.service [req-92d5b8cf-cca6-4f94-92ee-7c0b14f29ae0 - - - - -] oslo_messaging_rabbit.heartbeat_rate = 2 log_opt_values /usr/lib/python3/dist-packages/oslo_config/cfg.py:2609
2024-12-30 00:36:32.009 161675 DEBUG oslo_service.service [req-92d5b8cf-cca6-4f94-92ee-7c0b14f29ae0 - - - - -] oslo_messaging_rabbit.heartbeat_timeout_threshold = 60 log_opt_values /usr/lib/python3/dist-packages/oslo_config/cfg.py:2609
2024-12-30 00:36:32.009 161675 DEBUG oslo_service.service [req-92d5b8cf-cca6-4f94-92ee-7c0b14f29ae0 - - - - -] oslo_messaging_rabbit.kombu_compression = None log_opt_values /usr/lib/python3/dist-packages/oslo_config/cfg.py:2609
2024-12-30 00:36:32.010 161675 DEBUG oslo_service.service [req-92d5b8cf-cca6-4f94-92ee-7c0b14f29ae0 - - - - -] oslo_messaging_rabbit.kombu_failover_strategy = round-robin log_opt_values /usr/lib/python3/dist-packages/oslo_config/cfg.py:2609
2024-12-30 00:36:32.011 161675 DEBUG oslo_service.service [req-92d5b8cf-cca6-4f94-92ee-7c0b14f29ae0 - - - - -] oslo_messaging_rabbit.kombu_missing_consumer_retry_timeout = 60 log_opt_values /usr/lib/python3/dist-packages/oslo_config/cfg.py:2609
2024-12-30 00:36:32.011 161675 DEBUG oslo_service.service [req-92d5b8cf-cca6-4f94-92ee-7c0b14f29ae0 - - - - -] oslo_messaging_rabbit.kombu_reconnect_delay = 1.0 log_opt_values /usr/lib/python3/dist-packages/oslo_config/cfg.py:2609
2024-12-30 00:36:32.011 161675 DEBUG oslo_service.service [req-92d5b8cf-cca6-4f94-92ee-7c0b14f29ae0 - - - - -] oslo_messaging_rabbit.rabbit_ha_queues = False log_opt_values /usr/lib/python3/dist-packages/oslo_config/cfg.py:2609
2024-12-30 00:36:32.011 161675 DEBUG oslo_service.service [req-92d5b8cf-cca6-4f94-92ee-7c0b14f29ae0 - - - - -] oslo_messaging_rabbit.rabbit_interval_max = 30 log_opt_values /usr/lib/python3/dist-packages/oslo_config/cfg.py:2609
2024-12-30 00:36:32.011 161675 DEBUG oslo_service.service [req-92d5b8cf-cca6-4f94-92ee-7c0b14f29ae0 - - - - -] oslo_messaging_rabbit.rabbit_login_method = AMQPLAIN log_opt_values /usr/lib/python3/dist-packages/oslo_config/cfg.py:2609
2024-12-30 00:36:32.011 161675 DEBUG oslo_service.service [req-92d5b8cf-cca6-4f94-92ee-7c0b14f29ae0 - - - - -] oslo_messaging_rabbit.rabbit_qos_prefetch_count = 0 log_opt_values /usr/lib/python3/dist-packages/oslo_config/cfg.py:2609
2024-12-30 00:36:32.012 161675 DEBUG oslo_service.service [req-92d5b8cf-cca6-4f94-92ee-7c0b14f29ae0 - - - - -] oslo_messaging_rabbit.rabbit_quorum_queue = False log_opt_values /usr/lib/python3/dist-packages/oslo_config/cfg.py:2609
2024-12-30 00:36:32.012 161675 DEBUG oslo_service.service [req-92d5b8cf-cca6-4f94-92ee-7c0b14f29ae0 - - - - -] oslo_messaging_rabbit.rabbit_retry_backoff = 2 log_opt_values /usr/lib/python3/dist-packages/oslo_config/cfg.py:2609
2024-12-30 00:36:32.012 161675 DEBUG oslo_service.service [req-92d5b8cf-cca6-4f94-92ee-7c0b14f29ae0 - - - - -] oslo_messaging_rabbit.rabbit_retry_interval = 1 log_opt_values /usr/lib/python3/dist-packages/oslo_config/cfg.py:2609
2024-12-30 00:36:32.013 161675 DEBUG oslo_service.service [req-92d5b8cf-cca6-4f94-92ee-7c0b14f29ae0 - - - - -] oslo_messaging_rabbit.rabbit_transient_queues_ttl = 1800 log_opt_values /usr/lib/python3/dist-packages/oslo_config/cfg.py:2609
2024-12-30 00:36:32.013 161675 DEBUG oslo_service.service [req-92d5b8cf-cca6-4f94-92ee-7c0b14f29ae0 - - - - -] oslo_messaging_rabbit.rpc_conn_pool_size = 30 log_opt_values /usr/lib/python3/dist-packages/oslo_config/cfg.py:2609
2024-12-30 00:36:32.013 161675 DEBUG oslo_service.service [req-92d5b8cf-cca6-4f94-92ee-7c0b14f29ae0 - - - - -] oslo_messaging_rabbit.ssl = False log_opt_values /usr/lib/python3/dist-packages/oslo_config/cfg.py:2609
2024-12-30 00:36:32.013 161675 DEBUG oslo_service.service [req-92d5b8cf-cca6-4f94-92ee-7c0b14f29ae0 - - - - -] oslo_messaging_rabbit.ssl_ca_file = log_opt_values /usr/lib/python3/dist-packages/oslo_config/cfg.py:2609
2024-12-30 00:36:32.014 161675 DEBUG oslo_service.service [req-92d5b8cf-cca6-4f94-92ee-7c0b14f29ae0 - - - - -] oslo_messaging_rabbit.ssl_cert_file = log_opt_values /usr/lib/python3/dist-packages/oslo_config/cfg.py:2609
2024-12-30 00:36:32.014 161675 DEBUG oslo_service.service [req-92d5b8cf-cca6-4f94-92ee-7c0b14f29ae0 - - - - -] oslo_messaging_rabbit.ssl_key_file = log_opt_values /usr/lib/python3/dist-packages/oslo_config/cfg.py:2609
2024-12-30 00:36:32.014 161675 DEBUG oslo_service.service [req-92d5b8cf-cca6-4f94-92ee-7c0b14f29ae0 - - - - -] oslo_messaging_rabbit.ssl_version = log_opt_values /usr/lib/python3/dist-packages/oslo_config/cfg.py:2609
2024-12-30 00:36:32.014 161675 DEBUG oslo_service.service [req-92d5b8cf-cca6-4f94-92ee-7c0b14f29ae0 - - - - -] oslo_messaging_notifications.driver = ['messagingv2'] log_opt_values /usr/lib/python3/dist-packages/oslo_config/cfg.py:2609
2024-12-30 00:36:32.014 161675 DEBUG oslo_service.service [req-92d5b8cf-cca6-4f94-92ee-7c0b14f29ae0 - - - - -] oslo_messaging_notifications.retry = -1 log_opt_values /usr/lib/python3/dist-packages/oslo_config/cfg.py:2609
2024-12-30 00:36:32.015 161675 DEBUG oslo_service.service [req-92d5b8cf-cca6-4f94-92ee-7c0b14f29ae0 - - - - -] oslo_messaging_notifications.topics = ['notifications'] log_opt_values /usr/lib/python3/dist-packages/oslo_config/cfg.py:2609
2024-12-30 00:36:32.015 161675 DEBUG oslo_service.service [req-92d5b8cf-cca6-4f94-92ee-7c0b14f29ae0 - - - - -] oslo_messaging_notifications.transport_url = **** log_opt_values /usr/lib/python3/dist-packages/oslo_config/cfg.py:2609
2024-12-30 00:36:32.015 161675 DEBUG oslo_service.service [req-92d5b8cf-cca6-4f94-92ee-7c0b14f29ae0 - - - - -] oslo_limit.auth_section = None log_opt_values /usr/lib/python3/dist-packages/oslo_config/cfg.py:2609
2024-12-30 00:36:32.015 161675 DEBUG oslo_service.service [req-92d5b8cf-cca6-4f94-92ee-7c0b14f29ae0 - - - - -] oslo_limit.auth_type = None log_opt_values /usr/lib/python3/dist-packages/oslo_config/cfg.py:2609
2024-12-30 00:36:32.015 161675 DEBUG oslo_service.service [req-92d5b8cf-cca6-4f94-92ee-7c0b14f29ae0 - - - - -] oslo_limit.cafile = None log_opt_values /usr/lib/python3/dist-packages/oslo_config/cfg.py:2609
2024-12-30 00:36:32.016 161675 DEBUG oslo_service.service [req-92d5b8cf-cca6-4f94-92ee-7c0b14f29ae0 - - - - -] oslo_limit.certfile = None log_opt_values /usr/lib/python3/dist-packages/oslo_config/cfg.py:2609
2024-12-30 00:36:32.016 161675 DEBUG oslo_service.service [req-92d5b8cf-cca6-4f94-92ee-7c0b14f29ae0 - - - - -] oslo_limit.collect_timing = False log_opt_values /usr/lib/python3/dist-packages/oslo_config/cfg.py:2609
2024-12-30 00:36:32.016 161675 DEBUG oslo_service.service [req-92d5b8cf-cca6-4f94-92ee-7c0b14f29ae0 - - - - -] oslo_limit.connect_retries = None log_opt_values /usr/lib/python3/dist-packages/oslo_config/cfg.py:2609
2024-12-30 00:36:32.016 161675 DEBUG oslo_service.service [req-92d5b8cf-cca6-4f94-92ee-7c0b14f29ae0 - - - - -] oslo_limit.connect_retry_delay = None log_opt_values /usr/lib/python3/dist-packages/oslo_config/cfg.py:2609
2024-12-30 00:36:32.016 161675 DEBUG oslo_service.service [req-92d5b8cf-cca6-4f94-92ee-7c0b14f29ae0 - - - - -] oslo_limit.endpoint_id = None log_opt_values /usr/lib/python3/dist-packages/oslo_config/cfg.py:2609
2024-12-30 00:36:32.016 161675 DEBUG oslo_service.service [req-92d5b8cf-cca6-4f94-92ee-7c0b14f29ae0 - - - - -] oslo_limit.endpoint_override = None log_opt_values /usr/lib/python3/dist-packages/oslo_config/cfg.py:2609
2024-12-30 00:36:32.016 161675 DEBUG oslo_service.service [req-92d5b8cf-cca6-4f94-92ee-7c0b14f29ae0 - - - - -] oslo_limit.insecure = False log_opt_values /usr/lib/python3/dist-packages/oslo_config/cfg.py:2609
2024-12-30 00:36:32.017 161675 DEBUG oslo_service.service [req-92d5b8cf-cca6-4f94-92ee-7c0b14f29ae0 - - - - -] oslo_limit.keyfile = None log_opt_values /usr/lib/python3/dist-packages/oslo_config/cfg.py:2609
2024-12-30 00:36:32.017 161675 DEBUG oslo_service.service [req-92d5b8cf-cca6-4f94-92ee-7c0b14f29ae0 - - - - -] oslo_limit.max_version = None log_opt_values /usr/lib/python3/dist-packages/oslo_config/cfg.py:2609
2024-12-30 00:36:32.017 161675 DEBUG oslo_service.service [req-92d5b8cf-cca6-4f94-92ee-7c0b14f29ae0 - - - - -] oslo_limit.min_version = None log_opt_values /usr/lib/python3/dist-packages/oslo_config/cfg.py:2609
2024-12-30 00:36:32.017 161675 DEBUG oslo_service.service [req-92d5b8cf-cca6-4f94-92ee-7c0b14f29ae0 - - - - -] oslo_limit.region_name = None log_opt_values /usr/lib/python3/dist-packages/oslo_config/cfg.py:2609
2024-12-30 00:36:32.017 161675 DEBUG oslo_service.service [req-92d5b8cf-cca6-4f94-92ee-7c0b14f29ae0 - - - - -] oslo_limit.service_name = None log_opt_values /usr/lib/python3/dist-packages/oslo_config/cfg.py:2609
2024-12-30 00:36:32.017 161675 DEBUG oslo_service.service [req-92d5b8cf-cca6-4f94-92ee-7c0b14f29ae0 - - - - -] oslo_limit.service_type = None log_opt_values /usr/lib/python3/dist-packages/oslo_config/cfg.py:2609
2024-12-30 00:36:32.018 161675 DEBUG oslo_service.service [req-92d5b8cf-cca6-4f94-92ee-7c0b14f29ae0 - - - - -] oslo_limit.split_loggers = False log_opt_values /usr/lib/python3/dist-packages/oslo_config/cfg.py:2609
2024-12-30 00:36:32.018 161675 DEBUG oslo_service.service [req-92d5b8cf-cca6-4f94-92ee-7c0b14f29ae0 - - - - -] oslo_limit.status_code_retries = None log_opt_values /usr/lib/python3/dist-packages/oslo_config/cfg.py:2609
2024-12-30 00:36:32.018 161675 DEBUG oslo_service.service [req-92d5b8cf-cca6-4f94-92ee-7c0b14f29ae0 - - - - -] oslo_limit.status_code_retry_delay = None log_opt_values /usr/lib/python3/dist-packages/oslo_config/cfg.py:2609
2024-12-30 00:36:32.018 161675 DEBUG oslo_service.service [req-92d5b8cf-cca6-4f94-92ee-7c0b14f29ae0 - - - - -] oslo_limit.timeout = None log_opt_values /usr/lib/python3/dist-packages/oslo_config/cfg.py:2609
2024-12-30 00:36:32.018 161675 DEBUG oslo_service.service [req-92d5b8cf-cca6-4f94-92ee-7c0b14f29ae0 - - - - -] oslo_limit.valid_interfaces = None log_opt_values /usr/lib/python3/dist-packages/oslo_config/cfg.py:2609
2024-12-30 00:36:32.018 161675 DEBUG oslo_service.service [req-92d5b8cf-cca6-4f94-92ee-7c0b14f29ae0 - - - - -] oslo_limit.version = None log_opt_values /usr/lib/python3/dist-packages/oslo_config/cfg.py:2609
2024-12-30 00:36:32.019 161675 DEBUG oslo_service.service [req-92d5b8cf-cca6-4f94-92ee-7c0b14f29ae0 - - - - -] oslo_reports.file_event_handler = None log_opt_values /usr/lib/python3/dist-packages/oslo_config/cfg.py:2609
2024-12-30 00:36:32.019 161675 DEBUG oslo_service.service [req-92d5b8cf-cca6-4f94-92ee-7c0b14f29ae0 - - - - -] oslo_reports.file_event_handler_interval = 1 log_opt_values /usr/lib/python3/dist-packages/oslo_config/cfg.py:2609
2024-12-30 00:36:32.019 161675 DEBUG oslo_service.service [req-92d5b8cf-cca6-4f94-92ee-7c0b14f29ae0 - - - - -] oslo_reports.log_dir = None log_opt_values /usr/lib/python3/dist-packages/oslo_config/cfg.py:2609
2024-12-30 00:36:32.019 161675 DEBUG oslo_service.service [req-92d5b8cf-cca6-4f94-92ee-7c0b14f29ae0 - - - - -] ******************************************************************************** log_opt_values /usr/lib/python3/dist-packages/oslo_config/cfg.py:2613
2024-12-30 00:36:32.898 162109 DEBUG oslo_messaging._drivers.amqpdriver [-] AMQPListener connection timeout poll /usr/lib/python3/dist-packages/oslo_messaging/_drivers/amqpdriver.py:360
2024-12-30 00:36:32.899 162109 DEBUG oslo_messaging._drivers.amqpdriver [-] Listener is running poll /usr/lib/python3/dist-packages/oslo_messaging/_drivers/amqpdriver.py:343
2024-12-30 00:36:32.899 162109 DEBUG oslo_messaging._drivers.amqpdriver [-] AMQPListener connection consume poll /usr/lib/python3/dist-packages/oslo_messaging/_drivers/amqpdriver.py:357
2024-12-30 00:36:32.903 162111 DEBUG oslo_messaging._drivers.amqpdriver [-] AMQPListener connection timeout poll /usr/lib/python3/dist-packages/oslo_messaging/_drivers/amqpdriver.py:360
2024-12-30 00:36:32.904 162111 DEBUG oslo_messaging._drivers.amqpdriver [-] Listener is running poll /usr/lib/python3/dist-packages/oslo_messaging/_drivers/amqpdriver.py:343
2024-12-30 00:36:32.904 162111 DEBUG oslo_messaging._drivers.amqpdriver [-] AMQPListener connection consume poll /usr/lib/python3/dist-packages/oslo_messaging/_drivers/amqpdriver.py:357
2024-12-30 00:36:32.922 162112 DEBUG oslo_messaging._drivers.amqpdriver [-] AMQPListener connection timeout poll /usr/lib/python3/dist-packages/oslo_messaging/_drivers/amqpdriver.py:360
2024-12-30 00:36:32.922 162112 DEBUG oslo_messaging._drivers.amqpdriver [-] Listener is running poll /usr/lib/python3/dist-packages/oslo_messaging/_drivers/amqpdriver.py:343
2024-12-30 00:36:32.922 162112 DEBUG oslo_messaging._drivers.amqpdriver [-] AMQPListener connection consume poll /usr/lib/python3/dist-packages/oslo_messaging/_drivers/amqpdriver.py:357
2024-12-30 00:36:32.922 162110 DEBUG oslo_messaging._drivers.amqpdriver [-] AMQPListener connection timeout poll /usr/lib/python3/dist-packages/oslo_messaging/_drivers/amqpdriver.py:360
2024-12-30 00:36:32.923 162110 DEBUG oslo_messaging._drivers.amqpdriver [-] Listener is running poll /usr/lib/python3/dist-packages/oslo_messaging/_drivers/amqpdriver.py:343
2024-12-30 00:36:32.923 162110 DEBUG oslo_messaging._drivers.amqpdriver [-] AMQPListener connection consume poll /usr/lib/python3/dist-packages/oslo_messaging/_drivers/amqpdriver.py:357
2024-12-30 00:36:34.901 162109 DEBUG oslo_messaging._drivers.amqpdriver [-] AMQPListener connection timeout poll /usr/lib/python3/dist-packages/oslo_messaging/_drivers/amqpdriver.py:360
2024-12-30 00:36:34.902 162109 DEBUG oslo_messaging._drivers.amqpdriver [-] Listener is running poll /usr/lib/python3/dist-packages/oslo_messaging/_drivers/amqpdriver.py:343
2024-12-30 00:36:34.902 162109 DEBUG oslo_messaging._drivers.amqpdriver [-] AMQPListener connection consume poll /usr/lib/python3/dist-packages/oslo_messaging/_drivers/amqpdriver.py:357
2024-12-30 00:36:34.905 162111 DEBUG oslo_messaging._drivers.amqpdriver [-] AMQPListener connection timeout poll /usr/lib/python3/dist-packages/oslo_messaging/_drivers/amqpdriver.py:360
2024-12-30 00:36:34.905 162111 DEBUG oslo_messaging._drivers.amqpdriver [-] Listener is running poll /usr/lib/python3/dist-packages/oslo_messaging/_drivers/amqpdriver.py:343
2024-12-30 00:36:34.906 162111 DEBUG oslo_messaging._drivers.amqpdriver [-] AMQPListener connection consume poll /usr/lib/python3/dist-packages/oslo_messaging/_drivers/amqpdriver.py:357
2024-12-30 00:36:34.924 162110 DEBUG oslo_messaging._drivers.amqpdriver [-] AMQPListener connection timeout poll /usr/lib/python3/dist-packages/oslo_messaging/_drivers/amqpdriver.py:360
2024-12-30 00:36:34.924 162110 DEBUG oslo_messaging._drivers.amqpdriver [-] Listener is running poll /usr/lib/python3/dist-packages/oslo_messaging/_drivers/amqpdriver.py:343
2024-12-30 00:36:34.925 162110 DEBUG oslo_messaging._drivers.amqpdriver [-] AMQPListener connection consume poll /usr/lib/python3/dist-packages/oslo_messaging/_drivers/amqpdriver.py:357
2024-12-30 00:36:34.925 162112 DEBUG oslo_messaging._drivers.amqpdriver [-] AMQPListener connection timeout poll /usr/lib/python3/dist-packages/oslo_messaging/_drivers/amqpdriver.py:360
2024-12-30 00:36:34.925 162112 DEBUG oslo_messaging._drivers.amqpdriver [-] Listener is running poll /usr/lib/python3/dist-packages/oslo_messaging/_drivers/amqpdriver.py:343
2024-12-30 00:36:34.925 162112 DEBUG oslo_messaging._drivers.amqpdriver [-] AMQPListener connection consume poll /usr/lib/python3/dist-packages/oslo_messaging/_drivers/amqpdriver.py:357
2024-12-30 00:36:38.903 162109 DEBUG oslo_messaging._drivers.amqpdriver [-] AMQPListener connection timeout poll /usr/lib/python3/dist-packages/oslo_messaging/_drivers/amqpdriver.py:360
2024-12-30 00:36:38.903 162109 DEBUG oslo_messaging._drivers.amqpdriver [-] Listener is running poll /usr/lib/python3/dist-packages/oslo_messaging/_drivers/amqpdriver.py:343
2024-12-30 00:36:38.903 162109 DEBUG oslo_messaging._drivers.amqpdriver [-] AMQPListener connection consume poll /usr/lib/python3/dist-packages/oslo_messaging/_drivers/amqpdriver.py:357
2024-12-30 00:36:38.907 162111 DEBUG oslo_messaging._drivers.amqpdriver [-] AMQPListener connection timeout poll /usr/lib/python3/dist-packages/oslo_messaging/_drivers/amqpdriver.py:360
2024-12-30 00:36:38.907 162111 DEBUG oslo_messaging._drivers.amqpdriver [-] Listener is running poll /usr/lib/python3/dist-packages/oslo_messaging/_drivers/amqpdriver.py:343
2024-12-30 00:36:38.907 162111 DEBUG oslo_messaging._drivers.amqpdriver [-] AMQPListener connection consume poll /usr/lib/python3/dist-packages/oslo_messaging/_drivers/amqpdriver.py:357
2024-12-30 00:36:38.928 162110 DEBUG oslo_messaging._drivers.amqpdriver [-] AMQPListener connection timeout poll /usr/lib/python3/dist-packages/oslo_messaging/_drivers/amqpdriver.py:360
2024-12-30 00:36:38.928 162112 DEBUG oslo_messaging._drivers.amqpdriver [-] AMQPListener connection timeout poll /usr/lib/python3/dist-packages/oslo_messaging/_drivers/amqpdriver.py:360
2024-12-30 00:36:38.928 162110 DEBUG oslo_messaging._drivers.amqpdriver [-] Listener is running poll /usr/lib/python3/dist-packages/oslo_messaging/_drivers/amqpdriver.py:343
2024-12-30 00:36:38.928 162112 DEBUG oslo_messaging._drivers.amqpdriver [-] Listener is running poll /usr/lib/python3/dist-packages/oslo_messaging/_drivers/amqpdriver.py:343
2024-12-30 00:36:38.928 162110 DEBUG oslo_messaging._drivers.amqpdriver [-] AMQPListener connection consume poll /usr/lib/python3/dist-packages/oslo_messaging/_drivers/amqpdriver.py:357
2024-12-30 00:36:38.928 162112 DEBUG oslo_messaging._drivers.amqpdriver [-] AMQPListener connection consume poll /usr/lib/python3/dist-packages/oslo_messaging/_drivers/amqpdriver.py:357
2024-12-30 00:36:46.904 162109 DEBUG oslo_messaging._drivers.amqpdriver [-] AMQPListener connection timeout poll /usr/lib/python3/dist-packages/oslo_messaging/_drivers/amqpdriver.py:360
2024-12-30 00:36:46.904 162109 DEBUG oslo_messaging._drivers.amqpdriver [-] Listener is running poll /usr/lib/python3/dist-packages/oslo_messaging/_drivers/amqpdriver.py:343
2024-12-30 00:36:46.904 162109 DEBUG oslo_messaging._drivers.amqpdriver [-] AMQPListener connection consume poll /usr/lib/python3/dist-packages/oslo_messaging/_drivers/amqpdriver.py:357
2024-12-30 00:36:46.908 162111 DEBUG oslo_messaging._drivers.amqpdriver [-] AMQPListener connection timeout poll /usr/lib/python3/dist-packages/oslo_messaging/_drivers/amqpdriver.py:360
2024-12-30 00:36:46.908 162111 DEBUG oslo_messaging._drivers.amqpdriver [-] Listener is running poll /usr/lib/python3/dist-packages/oslo_messaging/_drivers/amqpdriver.py:343
2024-12-30 00:36:46.908 162111 DEBUG oslo_messaging._drivers.amqpdriver [-] AMQPListener connection consume poll /usr/lib/python3/dist-packages/oslo_messaging/_drivers/amqpdriver.py:357
2024-12-30 00:36:46.929 162112 DEBUG oslo_messaging._drivers.amqpdriver [-] AMQPListener connection timeout poll /usr/lib/python3/dist-packages/oslo_messaging/_drivers/amqpdriver.py:360
2024-12-30 00:36:46.930 162112 DEBUG oslo_messaging._drivers.amqpdriver [-] Listener is running poll /usr/lib/python3/dist-packages/oslo_messaging/_drivers/amqpdriver.py:343
2024-12-30 00:36:46.930 162112 DEBUG oslo_messaging._drivers.amqpdriver [-] AMQPListener connection consume poll /usr/lib/python3/dist-packages/oslo_messaging/_drivers/amqpdriver.py:357
2024-12-30 00:36:46.930 162110 DEBUG oslo_messaging._drivers.amqpdriver [-] AMQPListener connection timeout poll /usr/lib/python3/dist-packages/oslo_messaging/_drivers/amqpdriver.py:360
2024-12-30 00:36:46.931 162110 DEBUG oslo_messaging._drivers.amqpdriver [-] Listener is running poll /usr/lib/python3/dist-packages/oslo_messaging/_drivers/amqpdriver.py:343
2024-12-30 00:36:46.931 162110 DEBUG oslo_messaging._drivers.amqpdriver [-] AMQPListener connection consume poll /usr/lib/python3/dist-packages/oslo_messaging/_drivers/amqpdriver.py:357
2024-12-30 00:36:49.924 162110 DEBUG oslo_service.periodic_task [req-f1013d67-aad4-4595-a2da-5dc1a4b6baec - - - - -] Running periodic task SchedulerManager._discover_hosts_in_cells run_periodic_tasks /usr/lib/python3/dist-packages/oslo_service/periodic_task.py:210
2024-12-30 00:36:49.925 162110 DEBUG oslo_db.sqlalchemy.engines [req-f1013d67-aad4-4595-a2da-5dc1a4b6baec - - - - -] Parent process 161675 forked (162110) with an open database connection, which is being discarded and recreated. checkout /usr/lib/python3/dist-packages/oslo_db/sqlalchemy/engines.py:413
2024-12-30 00:36:49.932 162110 DEBUG oslo_concurrency.lockutils [req-f1013d67-aad4-4595-a2da-5dc1a4b6baec - - - - -] Lock "d27fad5c-4bb7-4478-9ff5-f8efff87ea8d" acquired by "nova.context.set_target_cell..get_or_set_cached_cell_and_set_connections" :: waited 0.000s inner /usr/lib/python3/dist-packages/oslo_concurrency/lockutils.py:386
2024-12-30 00:36:49.933 162110 DEBUG oslo_concurrency.lockutils [req-f1013d67-aad4-4595-a2da-5dc1a4b6baec - - - - -] Lock "d27fad5c-4bb7-4478-9ff5-f8efff87ea8d" "released" by "nova.context.set_target_cell..get_or_set_cached_cell_and_set_connections" :: held 0.002s inner /usr/lib/python3/dist-packages/oslo_concurrency/lockutils.py:400
2024-12-30 00:36:49.938 162110 DEBUG oslo_db.sqlalchemy.engines [req-f1013d67-aad4-4595-a2da-5dc1a4b6baec - - - - -] MySQL server mode set to STRICT_TRANS_TABLES,STRICT_ALL_TABLES,NO_ZERO_IN_DATE,NO_ZERO_DATE,ERROR_FOR_DIVISION_BY_ZERO,TRADITIONAL,NO_ENGINE_SUBSTITUTION _check_effective_sql_mode /usr/lib/python3/dist-packages/oslo_db/sqlalchemy/engines.py:314
2024-12-30 00:37:09.897 162109 DEBUG oslo_service.periodic_task [req-3bd5092f-a44c-4dfa-929a-404cbfc4763d - - - - -] Running periodic task SchedulerManager._discover_hosts_in_cells run_periodic_tasks /usr/lib/python3/dist-packages/oslo_service/periodic_task.py:210
2024-12-30 00:37:09.898 162109 DEBUG oslo_db.sqlalchemy.engines [req-3bd5092f-a44c-4dfa-929a-404cbfc4763d - - - - -] Parent process 161675 forked (162109) with an open database connection, which is being discarded and recreated. checkout /usr/lib/python3/dist-packages/oslo_db/sqlalchemy/engines.py:413
2024-12-30 00:37:09.905 162109 DEBUG oslo_concurrency.lockutils [req-3bd5092f-a44c-4dfa-929a-404cbfc4763d - - - - -] Lock "d27fad5c-4bb7-4478-9ff5-f8efff87ea8d" acquired by "nova.context.set_target_cell..get_or_set_cached_cell_and_set_connections" :: waited 0.000s inner /usr/lib/python3/dist-packages/oslo_concurrency/lockutils.py:386
2024-12-30 00:37:09.906 162109 DEBUG oslo_concurrency.lockutils [req-3bd5092f-a44c-4dfa-929a-404cbfc4763d - - - - -] Lock "d27fad5c-4bb7-4478-9ff5-f8efff87ea8d" "released" by "nova.context.set_target_cell..get_or_set_cached_cell_and_set_connections" :: held 0.002s inner /usr/lib/python3/dist-packages/oslo_concurrency/lockutils.py:400
2024-12-30 00:37:09.912 162109 DEBUG oslo_db.sqlalchemy.engines [req-3bd5092f-a44c-4dfa-929a-404cbfc4763d - - - - -] MySQL server mode set to STRICT_TRANS_TABLES,STRICT_ALL_TABLES,NO_ZERO_IN_DATE,NO_ZERO_DATE,ERROR_FOR_DIVISION_BY_ZERO,TRADITIONAL,NO_ENGINE_SUBSTITUTION _check_effective_sql_mode /usr/lib/python3/dist-packages/oslo_db/sqlalchemy/engines.py:314
2024-12-30 00:37:16.885 162109 DEBUG oslo_messaging._drivers.amqpdriver [-] AMQPListener connection timeout poll /usr/lib/python3/dist-packages/oslo_messaging/_drivers/amqpdriver.py:360
2024-12-30 00:37:16.886 162109 DEBUG oslo_messaging._drivers.amqpdriver [-] Listener is running poll /usr/lib/python3/dist-packages/oslo_messaging/_drivers/amqpdriver.py:343
2024-12-30 00:37:16.886 162109 DEBUG oslo_messaging._drivers.amqpdriver [-] AMQPListener connection consume poll /usr/lib/python3/dist-packages/oslo_messaging/_drivers/amqpdriver.py:357
2024-12-30 00:37:16.901 162111 DEBUG oslo_messaging._drivers.amqpdriver [-] AMQPListener connection timeout poll /usr/lib/python3/dist-packages/oslo_messaging/_drivers/amqpdriver.py:360
2024-12-30 00:37:16.901 162111 DEBUG oslo_messaging._drivers.amqpdriver [-] Listener is running poll /usr/lib/python3/dist-packages/oslo_messaging/_drivers/amqpdriver.py:343
2024-12-30 00:37:16.901 162111 DEBUG oslo_messaging._drivers.amqpdriver [-] AMQPListener connection consume poll /usr/lib/python3/dist-packages/oslo_messaging/_drivers/amqpdriver.py:357
2024-12-30 00:37:16.916 162110 DEBUG oslo_messaging._drivers.amqpdriver [-] AMQPListener connection timeout poll /usr/lib/python3/dist-packages/oslo_messaging/_drivers/amqpdriver.py:360
2024-12-30 00:37:16.916 162110 DEBUG oslo_messaging._drivers.amqpdriver [-] Listener is running poll /usr/lib/python3/dist-packages/oslo_messaging/_drivers/amqpdriver.py:343
2024-12-30 00:37:16.916 162110 DEBUG oslo_messaging._drivers.amqpdriver [-] AMQPListener connection consume poll /usr/lib/python3/dist-packages/oslo_messaging/_drivers/amqpdriver.py:357
2024-12-30 00:37:16.917 162112 DEBUG oslo_messaging._drivers.amqpdriver [-] AMQPListener connection timeout poll /usr/lib/python3/dist-packages/oslo_messaging/_drivers/amqpdriver.py:360
2024-12-30 00:37:16.918 162112 DEBUG oslo_messaging._drivers.amqpdriver [-] Listener is running poll /usr/lib/python3/dist-packages/oslo_messaging/_drivers/amqpdriver.py:343
2024-12-30 00:37:16.918 162112 DEBUG oslo_messaging._drivers.amqpdriver [-] AMQPListener connection consume poll /usr/lib/python3/dist-packages/oslo_messaging/_drivers/amqpdriver.py:357
2024-12-30 00:37:19.951 162110 DEBUG oslo_service.periodic_task [req-f1013d67-aad4-4595-a2da-5dc1a4b6baec - - - - -] Running periodic task SchedulerManager._discover_hosts_in_cells run_periodic_tasks /usr/lib/python3/dist-packages/oslo_service/periodic_task.py:210
2024-12-30 00:37:19.955 162110 DEBUG oslo_concurrency.lockutils [req-fad65d94-56e4-42ed-a58e-68e6657e02c0 - - - - -] Lock "d27fad5c-4bb7-4478-9ff5-f8efff87ea8d" acquired by "nova.context.set_target_cell..get_or_set_cached_cell_and_set_connections" :: waited 0.000s inner /usr/lib/python3/dist-packages/oslo_concurrency/lockutils.py:386
2024-12-30 00:37:19.955 162110 DEBUG oslo_concurrency.lockutils [req-fad65d94-56e4-42ed-a58e-68e6657e02c0 - - - - -] Lock "d27fad5c-4bb7-4478-9ff5-f8efff87ea8d" "released" by "nova.context.set_target_cell..get_or_set_cached_cell_and_set_connections" :: held 0.000s inner /usr/lib/python3/dist-packages/oslo_concurrency/lockutils.py:400
2024-12-30 00:37:20.905 162111 DEBUG oslo_service.periodic_task [req-84fdfedb-c345-45ec-8b4c-023cd120104a - - - - -] Running periodic task SchedulerManager._discover_hosts_in_cells run_periodic_tasks /usr/lib/python3/dist-packages/oslo_service/periodic_task.py:210
2024-12-30 00:37:20.906 162111 DEBUG oslo_db.sqlalchemy.engines [req-84fdfedb-c345-45ec-8b4c-023cd120104a - - - - -] Parent process 161675 forked (162111) with an open database connection, which is being discarded and recreated. checkout /usr/lib/python3/dist-packages/oslo_db/sqlalchemy/engines.py:413
2024-12-30 00:37:20.911 162111 DEBUG oslo_concurrency.lockutils [req-84fdfedb-c345-45ec-8b4c-023cd120104a - - - - -] Lock "d27fad5c-4bb7-4478-9ff5-f8efff87ea8d" acquired by "nova.context.set_target_cell..get_or_set_cached_cell_and_set_connections" :: waited 0.000s inner /usr/lib/python3/dist-packages/oslo_concurrency/lockutils.py:386
2024-12-30 00:37:20.913 162111 DEBUG oslo_concurrency.lockutils [req-84fdfedb-c345-45ec-8b4c-023cd120104a - - - - -] Lock "d27fad5c-4bb7-4478-9ff5-f8efff87ea8d" "released" by "nova.context.set_target_cell..get_or_set_cached_cell_and_set_connections" :: held 0.002s inner /usr/lib/python3/dist-packages/oslo_concurrency/lockutils.py:400
2024-12-30 00:37:20.918 162111 DEBUG oslo_db.sqlalchemy.engines [req-84fdfedb-c345-45ec-8b4c-023cd120104a - - - - -] MySQL server mode set to STRICT_TRANS_TABLES,STRICT_ALL_TABLES,NO_ZERO_IN_DATE,NO_ZERO_DATE,ERROR_FOR_DIVISION_BY_ZERO,TRADITIONAL,NO_ENGINE_SUBSTITUTION _check_effective_sql_mode /usr/lib/python3/dist-packages/oslo_db/sqlalchemy/engines.py:314
2024-12-30 00:37:24.927 162112 DEBUG oslo_service.periodic_task [req-30028060-857a-4351-8b1a-193c0b0f24ed - - - - -] Running periodic task SchedulerManager._discover_hosts_in_cells run_periodic_tasks /usr/lib/python3/dist-packages/oslo_service/periodic_task.py:210
2024-12-30 00:37:24.928 162112 DEBUG oslo_db.sqlalchemy.engines [req-30028060-857a-4351-8b1a-193c0b0f24ed - - - - -] Parent process 161675 forked (162112) with an open database connection, which is being discarded and recreated. checkout /usr/lib/python3/dist-packages/oslo_db/sqlalchemy/engines.py:413
2024-12-30 00:37:24.934 162112 DEBUG oslo_concurrency.lockutils [req-30028060-857a-4351-8b1a-193c0b0f24ed - - - - -] Lock "d27fad5c-4bb7-4478-9ff5-f8efff87ea8d" acquired by "nova.context.set_target_cell..get_or_set_cached_cell_and_set_connections" :: waited 0.000s inner /usr/lib/python3/dist-packages/oslo_concurrency/lockutils.py:386
2024-12-30 00:37:24.935 162112 DEBUG oslo_concurrency.lockutils [req-30028060-857a-4351-8b1a-193c0b0f24ed - - - - -] Lock "d27fad5c-4bb7-4478-9ff5-f8efff87ea8d" "released" by "nova.context.set_target_cell..get_or_set_cached_cell_and_set_connections" :: held 0.002s inner /usr/lib/python3/dist-packages/oslo_concurrency/lockutils.py:400
2024-12-30 00:37:24.941 162112 DEBUG oslo_db.sqlalchemy.engines [req-30028060-857a-4351-8b1a-193c0b0f24ed - - - - -] MySQL server mode set to STRICT_TRANS_TABLES,STRICT_ALL_TABLES,NO_ZERO_IN_DATE,NO_ZERO_DATE,ERROR_FOR_DIVISION_BY_ZERO,TRADITIONAL,NO_ENGINE_SUBSTITUTION _check_effective_sql_mode /usr/lib/python3/dist-packages/oslo_db/sqlalchemy/engines.py:314
2024-12-30 00:37:39.925 162109 DEBUG oslo_service.periodic_task [req-3bd5092f-a44c-4dfa-929a-404cbfc4763d - - - - -] Running periodic task SchedulerManager._discover_hosts_in_cells run_periodic_tasks /usr/lib/python3/dist-packages/oslo_service/periodic_task.py:210
2024-12-30 00:37:39.931 162109 DEBUG oslo_concurrency.lockutils [req-f5802d59-e7fe-4cba-b922-bfea661b75be - - - - -] Lock "d27fad5c-4bb7-4478-9ff5-f8efff87ea8d" acquired by "nova.context.set_target_cell..get_or_set_cached_cell_and_set_connections" :: waited 0.000s inner /usr/lib/python3/dist-packages/oslo_concurrency/lockutils.py:386
2024-12-30 00:37:39.931 162109 DEBUG oslo_concurrency.lockutils [req-f5802d59-e7fe-4cba-b922-bfea661b75be - - - - -] Lock "d27fad5c-4bb7-4478-9ff5-f8efff87ea8d" "released" by "nova.context.set_target_cell..get_or_set_cached_cell_and_set_connections" :: held 0.000s inner /usr/lib/python3/dist-packages/oslo_concurrency/lockutils.py:400
2024-12-30 00:37:48.889 162109 DEBUG oslo_messaging._drivers.amqpdriver [-] AMQPListener connection timeout poll /usr/lib/python3/dist-packages/oslo_messaging/_drivers/amqpdriver.py:360
2024-12-30 00:37:48.889 162109 DEBUG oslo_messaging._drivers.amqpdriver [-] Listener is running poll /usr/lib/python3/dist-packages/oslo_messaging/_drivers/amqpdriver.py:343
2024-12-30 00:37:48.889 162109 DEBUG oslo_messaging._drivers.amqpdriver [-] AMQPListener connection consume poll /usr/lib/python3/dist-packages/oslo_messaging/_drivers/amqpdriver.py:357
2024-12-30 00:37:48.905 162111 DEBUG oslo_messaging._drivers.amqpdriver [-] AMQPListener connection timeout poll /usr/lib/python3/dist-packages/oslo_messaging/_drivers/amqpdriver.py:360
2024-12-30 00:37:48.905 162111 DEBUG oslo_messaging._drivers.amqpdriver [-] Listener is running poll /usr/lib/python3/dist-packages/oslo_messaging/_drivers/amqpdriver.py:343
2024-12-30 00:37:48.905 162111 DEBUG oslo_messaging._drivers.amqpdriver [-] AMQPListener connection consume poll /usr/lib/python3/dist-packages/oslo_messaging/_drivers/amqpdriver.py:357
2024-12-30 00:37:48.919 162110 DEBUG oslo_messaging._drivers.amqpdriver [-] AMQPListener connection timeout poll /usr/lib/python3/dist-packages/oslo_messaging/_drivers/amqpdriver.py:360
2024-12-30 00:37:48.919 162110 DEBUG oslo_messaging._drivers.amqpdriver [-] Listener is running poll /usr/lib/python3/dist-packages/oslo_messaging/_drivers/amqpdriver.py:343
2024-12-30 00:37:48.919 162110 DEBUG oslo_messaging._drivers.amqpdriver [-] AMQPListener connection consume poll /usr/lib/python3/dist-packages/oslo_messaging/_drivers/amqpdriver.py:357
2024-12-30 00:37:48.920 162112 DEBUG oslo_messaging._drivers.amqpdriver [-] AMQPListener connection timeout poll /usr/lib/python3/dist-packages/oslo_messaging/_drivers/amqpdriver.py:360
2024-12-30 00:37:48.921 162112 DEBUG oslo_messaging._drivers.amqpdriver [-] Listener is running poll /usr/lib/python3/dist-packages/oslo_messaging/_drivers/amqpdriver.py:343
2024-12-30 00:37:48.921 162112 DEBUG oslo_messaging._drivers.amqpdriver [-] AMQPListener connection consume poll /usr/lib/python3/dist-packages/oslo_messaging/_drivers/amqpdriver.py:357
2024-12-30 00:37:50.926 162110 DEBUG oslo_service.periodic_task [req-fad65d94-56e4-42ed-a58e-68e6657e02c0 - - - - -] Running periodic task SchedulerManager._discover_hosts_in_cells run_periodic_tasks /usr/lib/python3/dist-packages/oslo_service/periodic_task.py:210
2024-12-30 00:37:50.930 162110 DEBUG oslo_concurrency.lockutils [req-9ded6d53-c3a9-42ca-b07a-dcf450e16eda - - - - -] Lock "d27fad5c-4bb7-4478-9ff5-f8efff87ea8d" acquired by "nova.context.set_target_cell..get_or_set_cached_cell_and_set_connections" :: waited 0.000s inner /usr/lib/python3/dist-packages/oslo_concurrency/lockutils.py:386
2024-12-30 00:37:50.930 162111 DEBUG oslo_service.periodic_task [req-84fdfedb-c345-45ec-8b4c-023cd120104a - - - - -] Running periodic task SchedulerManager._discover_hosts_in_cells run_periodic_tasks /usr/lib/python3/dist-packages/oslo_service/periodic_task.py:210
2024-12-30 00:37:50.930 162110 DEBUG oslo_concurrency.lockutils [req-9ded6d53-c3a9-42ca-b07a-dcf450e16eda - - - - -] Lock "d27fad5c-4bb7-4478-9ff5-f8efff87ea8d" "released" by "nova.context.set_target_cell..get_or_set_cached_cell_and_set_connections" :: held 0.000s inner /usr/lib/python3/dist-packages/oslo_concurrency/lockutils.py:400
2024-12-30 00:37:50.934 162111 DEBUG oslo_concurrency.lockutils [req-aa42df22-2c66-468f-b443-5271899939be - - - - -] Lock "d27fad5c-4bb7-4478-9ff5-f8efff87ea8d" acquired by "nova.context.set_target_cell..get_or_set_cached_cell_and_set_connections" :: waited 0.000s inner /usr/lib/python3/dist-packages/oslo_concurrency/lockutils.py:386
2024-12-30 00:37:50.934 162111 DEBUG oslo_concurrency.lockutils [req-aa42df22-2c66-468f-b443-5271899939be - - - - -] Lock "d27fad5c-4bb7-4478-9ff5-f8efff87ea8d" "released" by "nova.context.set_target_cell..get_or_set_cached_cell_and_set_connections" :: held 0.001s inner /usr/lib/python3/dist-packages/oslo_concurrency/lockutils.py:400
2024-12-30 00:37:54.957 162112 DEBUG oslo_service.periodic_task [req-30028060-857a-4351-8b1a-193c0b0f24ed - - - - -] Running periodic task SchedulerManager._discover_hosts_in_cells run_periodic_tasks /usr/lib/python3/dist-packages/oslo_service/periodic_task.py:210
2024-12-30 00:37:54.962 162112 DEBUG oslo_concurrency.lockutils [req-6d14cb58-633d-442a-b3c0-47e5fc284787 - - - - -] Lock "d27fad5c-4bb7-4478-9ff5-f8efff87ea8d" acquired by "nova.context.set_target_cell..get_or_set_cached_cell_and_set_connections" :: waited 0.000s inner /usr/lib/python3/dist-packages/oslo_concurrency/lockutils.py:386
2024-12-30 00:37:54.962 162112 DEBUG oslo_concurrency.lockutils [req-6d14cb58-633d-442a-b3c0-47e5fc284787 - - - - -] Lock "d27fad5c-4bb7-4478-9ff5-f8efff87ea8d" "released" by "nova.context.set_target_cell..get_or_set_cached_cell_and_set_connections" :: held 0.000s inner /usr/lib/python3/dist-packages/oslo_concurrency/lockutils.py:400
2024-12-30 00:38:09.936 162109 DEBUG oslo_service.periodic_task [req-f5802d59-e7fe-4cba-b922-bfea661b75be - - - - -] Running periodic task SchedulerManager._discover_hosts_in_cells run_periodic_tasks /usr/lib/python3/dist-packages/oslo_service/periodic_task.py:210
2024-12-30 00:38:09.941 162109 DEBUG oslo_concurrency.lockutils [req-13e13f9a-7eb9-4777-92cb-fbb116f7dd4c - - - - -] Lock "d27fad5c-4bb7-4478-9ff5-f8efff87ea8d" acquired by "nova.context.set_target_cell..get_or_set_cached_cell_and_set_connections" :: waited 0.000s inner /usr/lib/python3/dist-packages/oslo_concurrency/lockutils.py:386
2024-12-30 00:38:09.941 162109 DEBUG oslo_concurrency.lockutils [req-13e13f9a-7eb9-4777-92cb-fbb116f7dd4c - - - - -] Lock "d27fad5c-4bb7-4478-9ff5-f8efff87ea8d" "released" by "nova.context.set_target_cell..get_or_set_cached_cell_and_set_connections" :: held 0.000s inner /usr/lib/python3/dist-packages/oslo_concurrency/lockutils.py:400
2024-12-30 00:38:20.937 162110 DEBUG oslo_service.periodic_task [req-9ded6d53-c3a9-42ca-b07a-dcf450e16eda - - - - -] Running periodic task SchedulerManager._discover_hosts_in_cells run_periodic_tasks /usr/lib/python3/dist-packages/oslo_service/periodic_task.py:210
2024-12-30 00:38:20.941 162110 DEBUG oslo_concurrency.lockutils [req-fb59021c-1386-4fe8-a864-76306814ff47 - - - - -] Lock "d27fad5c-4bb7-4478-9ff5-f8efff87ea8d" acquired by "nova.context.set_target_cell..get_or_set_cached_cell_and_set_connections" :: waited 0.000s inner /usr/lib/python3/dist-packages/oslo_concurrency/lockutils.py:386
2024-12-30 00:38:20.941 162110 DEBUG oslo_concurrency.lockutils [req-fb59021c-1386-4fe8-a864-76306814ff47 - - - - -] Lock "d27fad5c-4bb7-4478-9ff5-f8efff87ea8d" "released" by "nova.context.set_target_cell..get_or_set_cached_cell_and_set_connections" :: held 0.000s inner /usr/lib/python3/dist-packages/oslo_concurrency/lockutils.py:400
2024-12-30 00:38:20.941 162111 DEBUG oslo_service.periodic_task [req-aa42df22-2c66-468f-b443-5271899939be - - - - -] Running periodic task SchedulerManager._discover_hosts_in_cells run_periodic_tasks /usr/lib/python3/dist-packages/oslo_service/periodic_task.py:210
2024-12-30 00:38:20.954 162111 DEBUG oslo_concurrency.lockutils [req-f345b197-4a29-4097-a761-37df67abe8b7 - - - - -] Lock "d27fad5c-4bb7-4478-9ff5-f8efff87ea8d" acquired by "nova.context.set_target_cell..get_or_set_cached_cell_and_set_connections" :: waited 0.000s inner /usr/lib/python3/dist-packages/oslo_concurrency/lockutils.py:386
2024-12-30 00:38:20.954 162111 DEBUG oslo_concurrency.lockutils [req-f345b197-4a29-4097-a761-37df67abe8b7 - - - - -] Lock "d27fad5c-4bb7-4478-9ff5-f8efff87ea8d" "released" by "nova.context.set_target_cell..get_or_set_cached_cell_and_set_connections" :: held 0.000s inner /usr/lib/python3/dist-packages/oslo_concurrency/lockutils.py:400
2024-12-30 00:38:24.973 162112 DEBUG oslo_service.periodic_task [req-6d14cb58-633d-442a-b3c0-47e5fc284787 - - - - -] Running periodic task SchedulerManager._discover_hosts_in_cells run_periodic_tasks /usr/lib/python3/dist-packages/oslo_service/periodic_task.py:210
2024-12-30 00:38:24.977 162112 DEBUG oslo_concurrency.lockutils [req-a3177f11-549e-49a9-b9fd-26d093125e21 - - - - -] Lock "d27fad5c-4bb7-4478-9ff5-f8efff87ea8d" acquired by "nova.context.set_target_cell..get_or_set_cached_cell_and_set_connections" :: waited 0.000s inner /usr/lib/python3/dist-packages/oslo_concurrency/lockutils.py:386
2024-12-30 00:38:24.978 162112 DEBUG oslo_concurrency.lockutils [req-a3177f11-549e-49a9-b9fd-26d093125e21 - - - - -] Lock "d27fad5c-4bb7-4478-9ff5-f8efff87ea8d" "released" by "nova.context.set_target_cell..get_or_set_cached_cell_and_set_connections" :: held 0.000s inner /usr/lib/python3/dist-packages/oslo_concurrency/lockutils.py:400
2024-12-30 00:38:39.946 162109 DEBUG oslo_service.periodic_task [req-13e13f9a-7eb9-4777-92cb-fbb116f7dd4c - - - - -] Running periodic task SchedulerManager._discover_hosts_in_cells run_periodic_tasks /usr/lib/python3/dist-packages/oslo_service/periodic_task.py:210
2024-12-30 00:38:39.950 162109 DEBUG oslo_concurrency.lockutils [req-252b5be9-86ea-4794-b16e-fc5830782c9c - - - - -] Lock "d27fad5c-4bb7-4478-9ff5-f8efff87ea8d" acquired by "nova.context.set_target_cell..get_or_set_cached_cell_and_set_connections" :: waited 0.000s inner /usr/lib/python3/dist-packages/oslo_concurrency/lockutils.py:386
2024-12-30 00:38:39.950 162109 DEBUG oslo_concurrency.lockutils [req-252b5be9-86ea-4794-b16e-fc5830782c9c - - - - -] Lock "d27fad5c-4bb7-4478-9ff5-f8efff87ea8d" "released" by "nova.context.set_target_cell..get_or_set_cached_cell_and_set_connections" :: held 0.000s inner /usr/lib/python3/dist-packages/oslo_concurrency/lockutils.py:400
2024-12-30 00:38:50.961 162111 DEBUG oslo_service.periodic_task [req-f345b197-4a29-4097-a761-37df67abe8b7 - - - - -] Running periodic task SchedulerManager._discover_hosts_in_cells run_periodic_tasks /usr/lib/python3/dist-packages/oslo_service/periodic_task.py:210
2024-12-30 00:38:50.965 162111 DEBUG oslo_concurrency.lockutils [req-86712313-2f92-4530-b4a9-cf3e5965ea7b - - - - -] Lock "d27fad5c-4bb7-4478-9ff5-f8efff87ea8d" acquired by "nova.context.set_target_cell..get_or_set_cached_cell_and_set_connections" :: waited 0.000s inner /usr/lib/python3/dist-packages/oslo_concurrency/lockutils.py:386
2024-12-30 00:38:50.966 162111 DEBUG oslo_concurrency.lockutils [req-86712313-2f92-4530-b4a9-cf3e5965ea7b - - - - -] Lock "d27fad5c-4bb7-4478-9ff5-f8efff87ea8d" "released" by "nova.context.set_target_cell..get_or_set_cached_cell_and_set_connections" :: held 0.000s inner /usr/lib/python3/dist-packages/oslo_concurrency/lockutils.py:400
2024-12-30 00:38:51.926 162110 DEBUG oslo_service.periodic_task [req-fb59021c-1386-4fe8-a864-76306814ff47 - - - - -] Running periodic task SchedulerManager._discover_hosts_in_cells run_periodic_tasks /usr/lib/python3/dist-packages/oslo_service/periodic_task.py:210
2024-12-30 00:38:51.930 162110 DEBUG oslo_concurrency.lockutils [req-307b7d4d-86c2-4ae8-976a-5ed25b625eb9 - - - - -] Lock "d27fad5c-4bb7-4478-9ff5-f8efff87ea8d" acquired by "nova.context.set_target_cell..get_or_set_cached_cell_and_set_connections" :: waited 0.000s inner /usr/lib/python3/dist-packages/oslo_concurrency/lockutils.py:386
2024-12-30 00:38:51.930 162110 DEBUG oslo_concurrency.lockutils [req-307b7d4d-86c2-4ae8-976a-5ed25b625eb9 - - - - -] Lock "d27fad5c-4bb7-4478-9ff5-f8efff87ea8d" "released" by "nova.context.set_target_cell..get_or_set_cached_cell_and_set_connections" :: held 0.000s inner /usr/lib/python3/dist-packages/oslo_concurrency/lockutils.py:400
2024-12-30 00:38:52.895 162109 DEBUG oslo_messaging._drivers.amqpdriver [-] AMQPListener connection timeout poll /usr/lib/python3/dist-packages/oslo_messaging/_drivers/amqpdriver.py:360
2024-12-30 00:38:52.895 162109 DEBUG oslo_messaging._drivers.amqpdriver [-] Listener is running poll /usr/lib/python3/dist-packages/oslo_messaging/_drivers/amqpdriver.py:343
2024-12-30 00:38:52.895 162109 DEBUG oslo_messaging._drivers.amqpdriver [-] AMQPListener connection consume poll /usr/lib/python3/dist-packages/oslo_messaging/_drivers/amqpdriver.py:357
2024-12-30 00:38:52.907 162111 DEBUG oslo_messaging._drivers.amqpdriver [-] AMQPListener connection timeout poll /usr/lib/python3/dist-packages/oslo_messaging/_drivers/amqpdriver.py:360
2024-12-30 00:38:52.907 162111 DEBUG oslo_messaging._drivers.amqpdriver [-] Listener is running poll /usr/lib/python3/dist-packages/oslo_messaging/_drivers/amqpdriver.py:343
2024-12-30 00:38:52.907 162111 DEBUG oslo_messaging._drivers.amqpdriver [-] AMQPListener connection consume poll /usr/lib/python3/dist-packages/oslo_messaging/_drivers/amqpdriver.py:357
2024-12-30 00:38:52.921 162110 DEBUG oslo_messaging._drivers.amqpdriver [-] AMQPListener connection timeout poll /usr/lib/python3/dist-packages/oslo_messaging/_drivers/amqpdriver.py:360
2024-12-30 00:38:52.921 162110 DEBUG oslo_messaging._drivers.amqpdriver [-] Listener is running poll /usr/lib/python3/dist-packages/oslo_messaging/_drivers/amqpdriver.py:343
2024-12-30 00:38:52.922 162110 DEBUG oslo_messaging._drivers.amqpdriver [-] AMQPListener connection consume poll /usr/lib/python3/dist-packages/oslo_messaging/_drivers/amqpdriver.py:357
