2024-12-30 00:36:31.749 161681 DEBUG oslo_service.service [req-a13a696b-23a9-46a2-9fd7-00baebc84dae - - - - -] rate_limit_interval = 0 log_opt_values /usr/lib/python3/dist-packages/oslo_config/cfg.py:2602
2024-12-30 00:36:31.749 161681 DEBUG oslo_service.service [req-a13a696b-23a9-46a2-9fd7-00baebc84dae - - - - -] reboot_timeout = 0 log_opt_values /usr/lib/python3/dist-packages/oslo_config/cfg.py:2602
2024-12-30 00:36:31.749 161681 DEBUG oslo_service.service [req-a13a696b-23a9-46a2-9fd7-00baebc84dae - - - - -] reclaim_instance_interval = 0 log_opt_values /usr/lib/python3/dist-packages/oslo_config/cfg.py:2602
2024-12-30 00:36:31.749 161681 DEBUG oslo_service.service [req-a13a696b-23a9-46a2-9fd7-00baebc84dae - - - - -] record = None log_opt_values /usr/lib/python3/dist-packages/oslo_config/cfg.py:2602
2024-12-30 00:36:31.749 161681 DEBUG oslo_service.service [req-a13a696b-23a9-46a2-9fd7-00baebc84dae - - - - -] report_interval = 10 log_opt_values /usr/lib/python3/dist-packages/oslo_config/cfg.py:2602
2024-12-30 00:36:31.749 162105 DEBUG nova.service [req-9f640a92-8fb0-43ec-be0c-883a365fe7c0 - - - - -] Creating RPC server for service conductor start /usr/lib/python3/dist-packages/nova/service.py:182
2024-12-30 00:36:31.749 161681 DEBUG oslo_service.service [req-a13a696b-23a9-46a2-9fd7-00baebc84dae - - - - -] rescue_timeout = 0 log_opt_values /usr/lib/python3/dist-packages/oslo_config/cfg.py:2602
2024-12-30 00:36:31.750 161681 DEBUG oslo_service.service [req-a13a696b-23a9-46a2-9fd7-00baebc84dae - - - - -] reserved_host_cpus = 0 log_opt_values /usr/lib/python3/dist-packages/oslo_config/cfg.py:2602
2024-12-30 00:36:31.750 161681 DEBUG oslo_service.service [req-a13a696b-23a9-46a2-9fd7-00baebc84dae - - - - -] reserved_host_disk_mb = 0 log_opt_values /usr/lib/python3/dist-packages/oslo_config/cfg.py:2602
2024-12-30 00:36:31.750 161681 DEBUG oslo_service.service [req-a13a696b-23a9-46a2-9fd7-00baebc84dae - - - - -] reserved_host_memory_mb = 512 log_opt_values /usr/lib/python3/dist-packages/oslo_config/cfg.py:2602
2024-12-30 00:36:31.750 161681 DEBUG oslo_service.service [req-a13a696b-23a9-46a2-9fd7-00baebc84dae - - - - -] reserved_huge_pages = None log_opt_values /usr/lib/python3/dist-packages/oslo_config/cfg.py:2602
2024-12-30 00:36:31.750 161681 DEBUG oslo_service.service [req-a13a696b-23a9-46a2-9fd7-00baebc84dae - - - - -] resize_confirm_window = 0 log_opt_values /usr/lib/python3/dist-packages/oslo_config/cfg.py:2602
2024-12-30 00:36:31.751 161681 DEBUG oslo_service.service [req-a13a696b-23a9-46a2-9fd7-00baebc84dae - - - - -] resize_fs_using_block_device = False log_opt_values /usr/lib/python3/dist-packages/oslo_config/cfg.py:2602
2024-12-30 00:36:31.751 161681 DEBUG oslo_service.service [req-a13a696b-23a9-46a2-9fd7-00baebc84dae - - - - -] resume_guests_state_on_host_boot = False log_opt_values /usr/lib/python3/dist-packages/oslo_config/cfg.py:2602
2024-12-30 00:36:31.751 161681 DEBUG oslo_service.service [req-a13a696b-23a9-46a2-9fd7-00baebc84dae - - - - -] rootwrap_config = /etc/nova/rootwrap.conf log_opt_values /usr/lib/python3/dist-packages/oslo_config/cfg.py:2602
2024-12-30 00:36:31.751 161681 DEBUG oslo_service.service [req-a13a696b-23a9-46a2-9fd7-00baebc84dae - - - - -] rpc_response_timeout = 60 log_opt_values /usr/lib/python3/dist-packages/oslo_config/cfg.py:2602
2024-12-30 00:36:31.751 161681 DEBUG oslo_service.service [req-a13a696b-23a9-46a2-9fd7-00baebc84dae - - - - -] run_external_periodic_tasks = True log_opt_values /usr/lib/python3/dist-packages/oslo_config/cfg.py:2602
2024-12-30 00:36:31.752 161681 DEBUG oslo_service.service [req-a13a696b-23a9-46a2-9fd7-00baebc84dae - - - - -] running_deleted_instance_action = reap log_opt_values /usr/lib/python3/dist-packages/oslo_config/cfg.py:2602
2024-12-30 00:36:31.752 161681 DEBUG oslo_service.service [req-a13a696b-23a9-46a2-9fd7-00baebc84dae - - - - -] running_deleted_instance_poll_interval = 1800 log_opt_values /usr/lib/python3/dist-packages/oslo_config/cfg.py:2602
2024-12-30 00:36:31.752 161681 DEBUG oslo_service.service [req-a13a696b-23a9-46a2-9fd7-00baebc84dae - - - - -] running_deleted_instance_timeout = 0 log_opt_values /usr/lib/python3/dist-packages/oslo_config/cfg.py:2602
2024-12-30 00:36:31.752 161681 DEBUG oslo_service.service [req-a13a696b-23a9-46a2-9fd7-00baebc84dae - - - - -] scheduler_instance_sync_interval = 120 log_opt_values /usr/lib/python3/dist-packages/oslo_config/cfg.py:2602
2024-12-30 00:36:31.752 161681 DEBUG oslo_service.service [req-a13a696b-23a9-46a2-9fd7-00baebc84dae - - - - -] service_down_time = 60 log_opt_values /usr/lib/python3/dist-packages/oslo_config/cfg.py:2602
2024-12-30 00:36:31.752 161681 DEBUG oslo_service.service [req-a13a696b-23a9-46a2-9fd7-00baebc84dae - - - - -] servicegroup_driver = db log_opt_values /usr/lib/python3/dist-packages/oslo_config/cfg.py:2602
2024-12-30 00:36:31.753 161681 DEBUG oslo_service.service [req-a13a696b-23a9-46a2-9fd7-00baebc84dae - - - - -] shelved_offload_time = 0 log_opt_values /usr/lib/python3/dist-packages/oslo_config/cfg.py:2602
2024-12-30 00:36:31.753 161681 DEBUG oslo_service.service [req-a13a696b-23a9-46a2-9fd7-00baebc84dae - - - - -] shelved_poll_interval = 3600 log_opt_values /usr/lib/python3/dist-packages/oslo_config/cfg.py:2602
2024-12-30 00:36:31.753 161681 DEBUG oslo_service.service [req-a13a696b-23a9-46a2-9fd7-00baebc84dae - - - - -] shutdown_timeout = 60 log_opt_values /usr/lib/python3/dist-packages/oslo_config/cfg.py:2602
2024-12-30 00:36:31.753 161681 DEBUG oslo_service.service [req-a13a696b-23a9-46a2-9fd7-00baebc84dae - - - - -] source_is_ipv6 = False log_opt_values /usr/lib/python3/dist-packages/oslo_config/cfg.py:2602
2024-12-30 00:36:31.753 161681 DEBUG oslo_service.service [req-a13a696b-23a9-46a2-9fd7-00baebc84dae - - - - -] ssl_only = False log_opt_values /usr/lib/python3/dist-packages/oslo_config/cfg.py:2602
2024-12-30 00:36:31.753 161681 DEBUG oslo_service.service [req-a13a696b-23a9-46a2-9fd7-00baebc84dae - - - - -] state_path = /var/lib/nova log_opt_values /usr/lib/python3/dist-packages/oslo_config/cfg.py:2602
2024-12-30 00:36:31.753 161681 DEBUG oslo_service.service [req-a13a696b-23a9-46a2-9fd7-00baebc84dae - - - - -] sync_power_state_interval = 600 log_opt_values /usr/lib/python3/dist-packages/oslo_config/cfg.py:2602
2024-12-30 00:36:31.754 161681 DEBUG oslo_service.service [req-a13a696b-23a9-46a2-9fd7-00baebc84dae - - - - -] sync_power_state_pool_size = 1000 log_opt_values /usr/lib/python3/dist-packages/oslo_config/cfg.py:2602
2024-12-30 00:36:31.754 161681 DEBUG oslo_service.service [req-a13a696b-23a9-46a2-9fd7-00baebc84dae - - - - -] syslog_log_facility = LOG_USER log_opt_values /usr/lib/python3/dist-packages/oslo_config/cfg.py:2602
2024-12-30 00:36:31.754 161681 DEBUG oslo_service.service [req-a13a696b-23a9-46a2-9fd7-00baebc84dae - - - - -] tempdir = None log_opt_values /usr/lib/python3/dist-packages/oslo_config/cfg.py:2602
2024-12-30 00:36:31.754 161681 DEBUG oslo_service.service [req-a13a696b-23a9-46a2-9fd7-00baebc84dae - - - - -] timeout_nbd = 10 log_opt_values /usr/lib/python3/dist-packages/oslo_config/cfg.py:2602
2024-12-30 00:36:31.754 161681 DEBUG oslo_service.service [req-a13a696b-23a9-46a2-9fd7-00baebc84dae - - - - -] transport_url = **** log_opt_values /usr/lib/python3/dist-packages/oslo_config/cfg.py:2602
2024-12-30 00:36:31.754 161681 DEBUG oslo_service.service [req-a13a696b-23a9-46a2-9fd7-00baebc84dae - - - - -] update_resources_interval = 0 log_opt_values /usr/lib/python3/dist-packages/oslo_config/cfg.py:2602
2024-12-30 00:36:31.755 161681 DEBUG oslo_service.service [req-a13a696b-23a9-46a2-9fd7-00baebc84dae - - - - -] use_cow_images = True log_opt_values /usr/lib/python3/dist-packages/oslo_config/cfg.py:2602
2024-12-30 00:36:31.755 161681 DEBUG oslo_service.service [req-a13a696b-23a9-46a2-9fd7-00baebc84dae - - - - -] use_eventlog = False log_opt_values /usr/lib/python3/dist-packages/oslo_config/cfg.py:2602
2024-12-30 00:36:31.755 161681 DEBUG oslo_service.service [req-a13a696b-23a9-46a2-9fd7-00baebc84dae - - - - -] use_journal = False log_opt_values /usr/lib/python3/dist-packages/oslo_config/cfg.py:2602
2024-12-30 00:36:31.755 161681 DEBUG oslo_service.service [req-a13a696b-23a9-46a2-9fd7-00baebc84dae - - - - -] use_json = False log_opt_values /usr/lib/python3/dist-packages/oslo_config/cfg.py:2602
2024-12-30 00:36:31.755 161681 DEBUG oslo_service.service [req-a13a696b-23a9-46a2-9fd7-00baebc84dae - - - - -] use_rootwrap_daemon = False log_opt_values /usr/lib/python3/dist-packages/oslo_config/cfg.py:2602
2024-12-30 00:36:31.756 161681 DEBUG oslo_service.service [req-a13a696b-23a9-46a2-9fd7-00baebc84dae - - - - -] use_stderr = False log_opt_values /usr/lib/python3/dist-packages/oslo_config/cfg.py:2602
2024-12-30 00:36:31.756 161681 DEBUG oslo_service.service [req-a13a696b-23a9-46a2-9fd7-00baebc84dae - - - - -] use_syslog = False log_opt_values /usr/lib/python3/dist-packages/oslo_config/cfg.py:2602
2024-12-30 00:36:31.756 161681 DEBUG oslo_service.service [req-a13a696b-23a9-46a2-9fd7-00baebc84dae - - - - -] vcpu_pin_set = None log_opt_values /usr/lib/python3/dist-packages/oslo_config/cfg.py:2602
2024-12-30 00:36:31.756 161681 DEBUG oslo_service.service [req-a13a696b-23a9-46a2-9fd7-00baebc84dae - - - - -] vif_plugging_is_fatal = True log_opt_values /usr/lib/python3/dist-packages/oslo_config/cfg.py:2602
2024-12-30 00:36:31.757 161681 DEBUG oslo_service.service [req-a13a696b-23a9-46a2-9fd7-00baebc84dae - - - - -] vif_plugging_timeout = 300 log_opt_values /usr/lib/python3/dist-packages/oslo_config/cfg.py:2602
2024-12-30 00:36:31.757 161681 DEBUG oslo_service.service [req-a13a696b-23a9-46a2-9fd7-00baebc84dae - - - - -] virt_mkfs = [] log_opt_values /usr/lib/python3/dist-packages/oslo_config/cfg.py:2602
2024-12-30 00:36:31.757 161681 DEBUG oslo_service.service [req-a13a696b-23a9-46a2-9fd7-00baebc84dae - - - - -] volume_usage_poll_interval = 0 log_opt_values /usr/lib/python3/dist-packages/oslo_config/cfg.py:2602
2024-12-30 00:36:31.757 162107 DEBUG nova.service [req-781d38a6-5c20-4b97-aafc-8447fd2b7c00 - - - - -] Creating RPC server for service conductor start /usr/lib/python3/dist-packages/nova/service.py:182
2024-12-30 00:36:31.757 161681 DEBUG oslo_service.service [req-a13a696b-23a9-46a2-9fd7-00baebc84dae - - - - -] watch_log_file = False log_opt_values /usr/lib/python3/dist-packages/oslo_config/cfg.py:2602
2024-12-30 00:36:31.758 161681 DEBUG oslo_service.service [req-a13a696b-23a9-46a2-9fd7-00baebc84dae - - - - -] web = /usr/share/spice-html5 log_opt_values /usr/lib/python3/dist-packages/oslo_config/cfg.py:2602
2024-12-30 00:36:31.758 161681 DEBUG oslo_service.service [req-a13a696b-23a9-46a2-9fd7-00baebc84dae - - - - -] oslo_concurrency.disable_process_locking = False log_opt_values /usr/lib/python3/dist-packages/oslo_config/cfg.py:2609
2024-12-30 00:36:31.758 161681 DEBUG oslo_service.service [req-a13a696b-23a9-46a2-9fd7-00baebc84dae - - - - -] oslo_concurrency.lock_path = /var/lock/nova log_opt_values /usr/lib/python3/dist-packages/oslo_config/cfg.py:2609
2024-12-30 00:36:31.758 161681 DEBUG oslo_service.service [req-a13a696b-23a9-46a2-9fd7-00baebc84dae - - - - -] oslo_messaging_metrics.metrics_buffer_size = 1000 log_opt_values /usr/lib/python3/dist-packages/oslo_config/cfg.py:2609
2024-12-30 00:36:31.758 161681 DEBUG oslo_service.service [req-a13a696b-23a9-46a2-9fd7-00baebc84dae - - - - -] oslo_messaging_metrics.metrics_enabled = False log_opt_values /usr/lib/python3/dist-packages/oslo_config/cfg.py:2609
2024-12-30 00:36:31.759 161681 DEBUG oslo_service.service [req-a13a696b-23a9-46a2-9fd7-00baebc84dae - - - - -] oslo_messaging_metrics.metrics_process_name = log_opt_values /usr/lib/python3/dist-packages/oslo_config/cfg.py:2609
2024-12-30 00:36:31.759 161681 DEBUG oslo_service.service [req-a13a696b-23a9-46a2-9fd7-00baebc84dae - - - - -] oslo_messaging_metrics.metrics_socket_file = /var/tmp/metrics_collector.sock log_opt_values /usr/lib/python3/dist-packages/oslo_config/cfg.py:2609
2024-12-30 00:36:31.759 161681 DEBUG oslo_service.service [req-a13a696b-23a9-46a2-9fd7-00baebc84dae - - - - -] oslo_messaging_metrics.metrics_thread_stop_timeout = 10 log_opt_values /usr/lib/python3/dist-packages/oslo_config/cfg.py:2609
2024-12-30 00:36:31.759 161681 WARNING oslo_config.cfg [req-a13a696b-23a9-46a2-9fd7-00baebc84dae - - - - -] Deprecated: Option "auth_strategy" from group "api" is deprecated for removal ( The only non-default choice, ``noauth2``, is for internal development and testing purposes only and should not be used in deployments. This option and its middleware, NoAuthMiddleware[V2_18], will be removed in a future release. ). Its value may be silently ignored in the future.
2024-12-30 00:36:31.760 161681 DEBUG oslo_service.service [req-a13a696b-23a9-46a2-9fd7-00baebc84dae - - - - -] api.auth_strategy = keystone log_opt_values /usr/lib/python3/dist-packages/oslo_config/cfg.py:2609
2024-12-30 00:36:31.760 161681 DEBUG oslo_service.service [req-a13a696b-23a9-46a2-9fd7-00baebc84dae - - - - -] api.compute_link_prefix = None log_opt_values /usr/lib/python3/dist-packages/oslo_config/cfg.py:2609
2024-12-30 00:36:31.760 161681 DEBUG oslo_service.service [req-a13a696b-23a9-46a2-9fd7-00baebc84dae - - - - -] api.config_drive_skip_versions = 1.0 2007-01-19 2007-03-01 2007-08-29 2007-10-10 2007-12-15 2008-02-01 2008-09-01 log_opt_values /usr/lib/python3/dist-packages/oslo_config/cfg.py:2609
2024-12-30 00:36:31.760 161681 DEBUG oslo_service.service [req-a13a696b-23a9-46a2-9fd7-00baebc84dae - - - - -] api.dhcp_domain = novalocal log_opt_values /usr/lib/python3/dist-packages/oslo_config/cfg.py:2609
2024-12-30 00:36:31.760 161681 DEBUG oslo_service.service [req-a13a696b-23a9-46a2-9fd7-00baebc84dae - - - - -] api.enable_instance_password = True log_opt_values /usr/lib/python3/dist-packages/oslo_config/cfg.py:2609
2024-12-30 00:36:31.760 161681 DEBUG oslo_service.service [req-a13a696b-23a9-46a2-9fd7-00baebc84dae - - - - -] api.glance_link_prefix = None log_opt_values /usr/lib/python3/dist-packages/oslo_config/cfg.py:2609
2024-12-30 00:36:31.761 161681 DEBUG oslo_service.service [req-a13a696b-23a9-46a2-9fd7-00baebc84dae - - - - -] api.instance_list_cells_batch_fixed_size = 100 log_opt_values /usr/lib/python3/dist-packages/oslo_config/cfg.py:2609
2024-12-30 00:36:31.761 161681 DEBUG oslo_service.service [req-a13a696b-23a9-46a2-9fd7-00baebc84dae - - - - -] api.instance_list_cells_batch_strategy = distributed log_opt_values /usr/lib/python3/dist-packages/oslo_config/cfg.py:2609
2024-12-30 00:36:31.762 161681 DEBUG oslo_service.service [req-a13a696b-23a9-46a2-9fd7-00baebc84dae - - - - -] api.instance_list_per_project_cells = False log_opt_values /usr/lib/python3/dist-packages/oslo_config/cfg.py:2609
2024-12-30 00:36:31.762 161681 DEBUG oslo_service.service [req-a13a696b-23a9-46a2-9fd7-00baebc84dae - - - - -] api.list_records_by_skipping_down_cells = True log_opt_values /usr/lib/python3/dist-packages/oslo_config/cfg.py:2609
2024-12-30 00:36:31.762 161681 DEBUG oslo_service.service [req-a13a696b-23a9-46a2-9fd7-00baebc84dae - - - - -] api.local_metadata_per_cell = False log_opt_values /usr/lib/python3/dist-packages/oslo_config/cfg.py:2609
2024-12-30 00:36:31.762 161681 DEBUG oslo_service.service [req-a13a696b-23a9-46a2-9fd7-00baebc84dae - - - - -] api.max_limit = 1000 log_opt_values /usr/lib/python3/dist-packages/oslo_config/cfg.py:2609
2024-12-30 00:36:31.762 161681 DEBUG oslo_service.service [req-a13a696b-23a9-46a2-9fd7-00baebc84dae - - - - -] api.metadata_cache_expiration = 15 log_opt_values /usr/lib/python3/dist-packages/oslo_config/cfg.py:2609
2024-12-30 00:36:31.763 161681 DEBUG oslo_service.service [req-a13a696b-23a9-46a2-9fd7-00baebc84dae - - - - -] api.neutron_default_tenant_id = default log_opt_values /usr/lib/python3/dist-packages/oslo_config/cfg.py:2609
2024-12-30 00:36:31.763 161681 DEBUG oslo_service.service [req-a13a696b-23a9-46a2-9fd7-00baebc84dae - - - - -] api.use_forwarded_for = False log_opt_values /usr/lib/python3/dist-packages/oslo_config/cfg.py:2609
2024-12-30 00:36:31.763 161681 DEBUG oslo_service.service [req-a13a696b-23a9-46a2-9fd7-00baebc84dae - - - - -] api.use_neutron_default_nets = False log_opt_values /usr/lib/python3/dist-packages/oslo_config/cfg.py:2609
2024-12-30 00:36:31.763 161681 DEBUG oslo_service.service [req-a13a696b-23a9-46a2-9fd7-00baebc84dae - - - - -] api.vendordata_dynamic_connect_timeout = 5 log_opt_values /usr/lib/python3/dist-packages/oslo_config/cfg.py:2609
2024-12-30 00:36:31.763 161681 DEBUG oslo_service.service [req-a13a696b-23a9-46a2-9fd7-00baebc84dae - - - - -] api.vendordata_dynamic_failure_fatal = False log_opt_values /usr/lib/python3/dist-packages/oslo_config/cfg.py:2609
2024-12-30 00:36:31.763 161681 DEBUG oslo_service.service [req-a13a696b-23a9-46a2-9fd7-00baebc84dae - - - - -] api.vendordata_dynamic_read_timeout = 5 log_opt_values /usr/lib/python3/dist-packages/oslo_config/cfg.py:2609
2024-12-30 00:36:31.763 161681 DEBUG oslo_service.service [req-a13a696b-23a9-46a2-9fd7-00baebc84dae - - - - -] api.vendordata_dynamic_ssl_certfile = log_opt_values /usr/lib/python3/dist-packages/oslo_config/cfg.py:2609
2024-12-30 00:36:31.764 161681 DEBUG oslo_service.service [req-a13a696b-23a9-46a2-9fd7-00baebc84dae - - - - -] api.vendordata_dynamic_targets = [] log_opt_values /usr/lib/python3/dist-packages/oslo_config/cfg.py:2609
2024-12-30 00:36:31.764 161681 DEBUG oslo_service.service [req-a13a696b-23a9-46a2-9fd7-00baebc84dae - - - - -] api.vendordata_jsonfile_path = None log_opt_values /usr/lib/python3/dist-packages/oslo_config/cfg.py:2609
2024-12-30 00:36:31.764 161681 DEBUG oslo_service.service [req-a13a696b-23a9-46a2-9fd7-00baebc84dae - - - - -] api.vendordata_providers = ['StaticJSON'] log_opt_values /usr/lib/python3/dist-packages/oslo_config/cfg.py:2609
2024-12-30 00:36:31.764 161681 DEBUG oslo_service.service [req-a13a696b-23a9-46a2-9fd7-00baebc84dae - - - - -] cache.backend = dogpile.cache.null log_opt_values /usr/lib/python3/dist-packages/oslo_config/cfg.py:2609
2024-12-30 00:36:31.764 161681 DEBUG oslo_service.service [req-a13a696b-23a9-46a2-9fd7-00baebc84dae - - - - -] cache.backend_argument = **** log_opt_values /usr/lib/python3/dist-packages/oslo_config/cfg.py:2609
2024-12-30 00:36:31.764 161681 DEBUG oslo_service.service [req-a13a696b-23a9-46a2-9fd7-00baebc84dae - - - - -] cache.config_prefix = cache.oslo log_opt_values /usr/lib/python3/dist-packages/oslo_config/cfg.py:2609
2024-12-30 00:36:31.765 161681 DEBUG oslo_service.service [req-a13a696b-23a9-46a2-9fd7-00baebc84dae - - - - -] cache.debug_cache_backend = False log_opt_values /usr/lib/python3/dist-packages/oslo_config/cfg.py:2609
2024-12-30 00:36:31.765 161681 DEBUG oslo_service.service [req-a13a696b-23a9-46a2-9fd7-00baebc84dae - - - - -] cache.enabled = False log_opt_values /usr/lib/python3/dist-packages/oslo_config/cfg.py:2609
2024-12-30 00:36:31.765 161681 DEBUG oslo_service.service [req-a13a696b-23a9-46a2-9fd7-00baebc84dae - - - - -] cache.expiration_time = 600 log_opt_values /usr/lib/python3/dist-packages/oslo_config/cfg.py:2609
2024-12-30 00:36:31.765 161681 DEBUG oslo_service.service [req-a13a696b-23a9-46a2-9fd7-00baebc84dae - - - - -] cache.memcache_dead_retry = 300 log_opt_values /usr/lib/python3/dist-packages/oslo_config/cfg.py:2609
2024-12-30 00:36:31.765 161681 DEBUG oslo_service.service [req-a13a696b-23a9-46a2-9fd7-00baebc84dae - - - - -] cache.memcache_pool_connection_get_timeout = 10 log_opt_values /usr/lib/python3/dist-packages/oslo_config/cfg.py:2609
2024-12-30 00:36:31.766 161681 DEBUG oslo_service.service [req-a13a696b-23a9-46a2-9fd7-00baebc84dae - - - - -] cache.memcache_pool_flush_on_reconnect = False log_opt_values /usr/lib/python3/dist-packages/oslo_config/cfg.py:2609
2024-12-30 00:36:31.766 161681 DEBUG oslo_service.service [req-a13a696b-23a9-46a2-9fd7-00baebc84dae - - - - -] cache.memcache_pool_maxsize = 10 log_opt_values /usr/lib/python3/dist-packages/oslo_config/cfg.py:2609
2024-12-30 00:36:31.766 161681 DEBUG oslo_service.service [req-a13a696b-23a9-46a2-9fd7-00baebc84dae - - - - -] cache.memcache_pool_unused_timeout = 60 log_opt_values /usr/lib/python3/dist-packages/oslo_config/cfg.py:2609
2024-12-30 00:36:31.766 161681 DEBUG oslo_service.service [req-a13a696b-23a9-46a2-9fd7-00baebc84dae - - - - -] cache.memcache_servers = ['localhost:11211'] log_opt_values /usr/lib/python3/dist-packages/oslo_config/cfg.py:2609
2024-12-30 00:36:31.766 161681 DEBUG oslo_service.service [req-a13a696b-23a9-46a2-9fd7-00baebc84dae - - - - -] cache.memcache_socket_timeout = 1.0 log_opt_values /usr/lib/python3/dist-packages/oslo_config/cfg.py:2609
2024-12-30 00:36:31.766 161681 DEBUG oslo_service.service [req-a13a696b-23a9-46a2-9fd7-00baebc84dae - - - - -] cache.proxies = [] log_opt_values /usr/lib/python3/dist-packages/oslo_config/cfg.py:2609
2024-12-30 00:36:31.767 161681 DEBUG oslo_service.service [req-a13a696b-23a9-46a2-9fd7-00baebc84dae - - - - -] cache.tls_allowed_ciphers = None log_opt_values /usr/lib/python3/dist-packages/oslo_config/cfg.py:2609
2024-12-30 00:36:31.767 161681 DEBUG oslo_service.service [req-a13a696b-23a9-46a2-9fd7-00baebc84dae - - - - -] cache.tls_cafile = None log_opt_values /usr/lib/python3/dist-packages/oslo_config/cfg.py:2609
2024-12-30 00:36:31.767 161681 DEBUG oslo_service.service [req-a13a696b-23a9-46a2-9fd7-00baebc84dae - - - - -] cache.tls_certfile = None log_opt_values /usr/lib/python3/dist-packages/oslo_config/cfg.py:2609
2024-12-30 00:36:31.767 161681 DEBUG oslo_service.service [req-a13a696b-23a9-46a2-9fd7-00baebc84dae - - - - -] cache.tls_enabled = False log_opt_values /usr/lib/python3/dist-packages/oslo_config/cfg.py:2609
2024-12-30 00:36:31.767 161681 DEBUG oslo_service.service [req-a13a696b-23a9-46a2-9fd7-00baebc84dae - - - - -] cache.tls_keyfile = None log_opt_values /usr/lib/python3/dist-packages/oslo_config/cfg.py:2609
2024-12-30 00:36:31.768 161681 DEBUG oslo_service.service [req-a13a696b-23a9-46a2-9fd7-00baebc84dae - - - - -] cinder.auth_section = None log_opt_values /usr/lib/python3/dist-packages/oslo_config/cfg.py:2609
2024-12-30 00:36:31.768 161681 DEBUG oslo_service.service [req-a13a696b-23a9-46a2-9fd7-00baebc84dae - - - - -] cinder.auth_type = None log_opt_values /usr/lib/python3/dist-packages/oslo_config/cfg.py:2609
2024-12-30 00:36:31.768 161681 DEBUG oslo_service.service [req-a13a696b-23a9-46a2-9fd7-00baebc84dae - - - - -] cinder.cafile = None log_opt_values /usr/lib/python3/dist-packages/oslo_config/cfg.py:2609
2024-12-30 00:36:31.768 161681 DEBUG oslo_service.service [req-a13a696b-23a9-46a2-9fd7-00baebc84dae - - - - -] cinder.catalog_info = volumev3::publicURL log_opt_values /usr/lib/python3/dist-packages/oslo_config/cfg.py:2609
2024-12-30 00:36:31.768 161681 DEBUG oslo_service.service [req-a13a696b-23a9-46a2-9fd7-00baebc84dae - - - - -] cinder.certfile = None log_opt_values /usr/lib/python3/dist-packages/oslo_config/cfg.py:2609
2024-12-30 00:36:31.769 161681 DEBUG oslo_service.service [req-a13a696b-23a9-46a2-9fd7-00baebc84dae - - - - -] cinder.collect_timing = False log_opt_values /usr/lib/python3/dist-packages/oslo_config/cfg.py:2609
2024-12-30 00:36:31.769 161681 DEBUG oslo_service.service [req-a13a696b-23a9-46a2-9fd7-00baebc84dae - - - - -] cinder.cross_az_attach = True log_opt_values /usr/lib/python3/dist-packages/oslo_config/cfg.py:2609
2024-12-30 00:36:31.769 161681 DEBUG oslo_service.service [req-a13a696b-23a9-46a2-9fd7-00baebc84dae - - - - -] cinder.debug = False log_opt_values /usr/lib/python3/dist-packages/oslo_config/cfg.py:2609
2024-12-30 00:36:31.769 161681 DEBUG oslo_service.service [req-a13a696b-23a9-46a2-9fd7-00baebc84dae - - - - -] cinder.endpoint_template = None log_opt_values /usr/lib/python3/dist-packages/oslo_config/cfg.py:2609
2024-12-30 00:36:31.769 161681 DEBUG oslo_service.service [req-a13a696b-23a9-46a2-9fd7-00baebc84dae - - - - -] cinder.http_retries = 3 log_opt_values /usr/lib/python3/dist-packages/oslo_config/cfg.py:2609
2024-12-30 00:36:31.769 161681 DEBUG oslo_service.service [req-a13a696b-23a9-46a2-9fd7-00baebc84dae - - - - -] cinder.insecure = False log_opt_values /usr/lib/python3/dist-packages/oslo_config/cfg.py:2609
2024-12-30 00:36:31.770 161681 DEBUG oslo_service.service [req-a13a696b-23a9-46a2-9fd7-00baebc84dae - - - - -] cinder.keyfile = None log_opt_values /usr/lib/python3/dist-packages/oslo_config/cfg.py:2609
2024-12-30 00:36:31.770 161681 DEBUG oslo_service.service [req-a13a696b-23a9-46a2-9fd7-00baebc84dae - - - - -] cinder.os_region_name = None log_opt_values /usr/lib/python3/dist-packages/oslo_config/cfg.py:2609
2024-12-30 00:36:31.770 161681 DEBUG oslo_service.service [req-a13a696b-23a9-46a2-9fd7-00baebc84dae - - - - -] cinder.split_loggers = False log_opt_values /usr/lib/python3/dist-packages/oslo_config/cfg.py:2609
2024-12-30 00:36:31.770 161681 DEBUG oslo_service.service [req-a13a696b-23a9-46a2-9fd7-00baebc84dae - - - - -] cinder.timeout = None log_opt_values /usr/lib/python3/dist-packages/oslo_config/cfg.py:2609
2024-12-30 00:36:31.770 161681 DEBUG oslo_service.service [req-a13a696b-23a9-46a2-9fd7-00baebc84dae - - - - -] compute.consecutive_build_service_disable_threshold = 10 log_opt_values /usr/lib/python3/dist-packages/oslo_config/cfg.py:2609
2024-12-30 00:36:31.770 161681 DEBUG oslo_service.service [req-a13a696b-23a9-46a2-9fd7-00baebc84dae - - - - -] compute.cpu_dedicated_set = None log_opt_values /usr/lib/python3/dist-packages/oslo_config/cfg.py:2609
2024-12-30 00:36:31.771 161681 DEBUG oslo_service.service [req-a13a696b-23a9-46a2-9fd7-00baebc84dae - - - - -] compute.cpu_shared_set = None log_opt_values /usr/lib/python3/dist-packages/oslo_config/cfg.py:2609
2024-12-30 00:36:31.771 161681 DEBUG oslo_service.service [req-a13a696b-23a9-46a2-9fd7-00baebc84dae - - - - -] compute.image_type_exclude_list = [] log_opt_values /usr/lib/python3/dist-packages/oslo_config/cfg.py:2609
2024-12-30 00:36:31.771 161681 DEBUG oslo_service.service [req-a13a696b-23a9-46a2-9fd7-00baebc84dae - - - - -] compute.live_migration_wait_for_vif_plug = True log_opt_values /usr/lib/python3/dist-packages/oslo_config/cfg.py:2609
2024-12-30 00:36:31.771 161681 DEBUG oslo_service.service [req-a13a696b-23a9-46a2-9fd7-00baebc84dae - - - - -] compute.max_concurrent_disk_ops = 0 log_opt_values /usr/lib/python3/dist-packages/oslo_config/cfg.py:2609
2024-12-30 00:36:31.771 161681 DEBUG oslo_service.service [req-a13a696b-23a9-46a2-9fd7-00baebc84dae - - - - -] compute.max_disk_devices_to_attach = -1 log_opt_values /usr/lib/python3/dist-packages/oslo_config/cfg.py:2609
2024-12-30 00:36:31.771 161681 DEBUG oslo_service.service [req-a13a696b-23a9-46a2-9fd7-00baebc84dae - - - - -] compute.packing_host_numa_cells_allocation_strategy = True log_opt_values /usr/lib/python3/dist-packages/oslo_config/cfg.py:2609
2024-12-30 00:36:31.772 161681 DEBUG oslo_service.service [req-a13a696b-23a9-46a2-9fd7-00baebc84dae - - - - -] compute.provider_config_location = /etc/nova/provider_config/ log_opt_values /usr/lib/python3/dist-packages/oslo_config/cfg.py:2609
2024-12-30 00:36:31.772 161681 DEBUG oslo_service.service [req-a13a696b-23a9-46a2-9fd7-00baebc84dae - - - - -] compute.resource_provider_association_refresh = 300 log_opt_values /usr/lib/python3/dist-packages/oslo_config/cfg.py:2609
2024-12-30 00:36:31.772 161681 DEBUG oslo_service.service [req-a13a696b-23a9-46a2-9fd7-00baebc84dae - - - - -] compute.shutdown_retry_interval = 10 log_opt_values /usr/lib/python3/dist-packages/oslo_config/cfg.py:2609
2024-12-30 00:36:31.772 161681 DEBUG oslo_service.service [req-a13a696b-23a9-46a2-9fd7-00baebc84dae - - - - -] compute.vmdk_allowed_types = ['streamOptimized', 'monolithicSparse'] log_opt_values /usr/lib/python3/dist-packages/oslo_config/cfg.py:2609
2024-12-30 00:36:31.772 161681 DEBUG oslo_service.service [req-a13a696b-23a9-46a2-9fd7-00baebc84dae - - - - -] conductor.workers = 4 log_opt_values /usr/lib/python3/dist-packages/oslo_config/cfg.py:2609
2024-12-30 00:36:31.773 161681 DEBUG oslo_service.service [req-a13a696b-23a9-46a2-9fd7-00baebc84dae - - - - -] console.allowed_origins = [] log_opt_values /usr/lib/python3/dist-packages/oslo_config/cfg.py:2609
2024-12-30 00:36:31.773 161681 DEBUG oslo_service.service [req-a13a696b-23a9-46a2-9fd7-00baebc84dae - - - - -] console.ssl_ciphers = None log_opt_values /usr/lib/python3/dist-packages/oslo_config/cfg.py:2609
2024-12-30 00:36:31.773 161681 DEBUG oslo_service.service [req-a13a696b-23a9-46a2-9fd7-00baebc84dae - - - - -] console.ssl_minimum_version = default log_opt_values /usr/lib/python3/dist-packages/oslo_config/cfg.py:2609
2024-12-30 00:36:31.773 161681 DEBUG oslo_service.service [req-a13a696b-23a9-46a2-9fd7-00baebc84dae - - - - -] consoleauth.token_ttl = 600 log_opt_values /usr/lib/python3/dist-packages/oslo_config/cfg.py:2609
2024-12-30 00:36:31.773 161681 DEBUG oslo_service.service [req-a13a696b-23a9-46a2-9fd7-00baebc84dae - - - - -] cyborg.cafile = None log_opt_values /usr/lib/python3/dist-packages/oslo_config/cfg.py:2609
2024-12-30 00:36:31.773 161681 DEBUG oslo_service.service [req-a13a696b-23a9-46a2-9fd7-00baebc84dae - - - - -] cyborg.certfile = None log_opt_values /usr/lib/python3/dist-packages/oslo_config/cfg.py:2609
2024-12-30 00:36:31.774 161681 DEBUG oslo_service.service [req-a13a696b-23a9-46a2-9fd7-00baebc84dae - - - - -] cyborg.collect_timing = False log_opt_values /usr/lib/python3/dist-packages/oslo_config/cfg.py:2609
2024-12-30 00:36:31.774 161681 DEBUG oslo_service.service [req-a13a696b-23a9-46a2-9fd7-00baebc84dae - - - - -] cyborg.connect_retries = None log_opt_values /usr/lib/python3/dist-packages/oslo_config/cfg.py:2609
2024-12-30 00:36:31.774 161681 DEBUG oslo_service.service [req-a13a696b-23a9-46a2-9fd7-00baebc84dae - - - - -] cyborg.connect_retry_delay = None log_opt_values /usr/lib/python3/dist-packages/oslo_config/cfg.py:2609
2024-12-30 00:36:31.774 161681 DEBUG oslo_service.service [req-a13a696b-23a9-46a2-9fd7-00baebc84dae - - - - -] cyborg.endpoint_override = None log_opt_values /usr/lib/python3/dist-packages/oslo_config/cfg.py:2609
2024-12-30 00:36:31.774 161681 DEBUG oslo_service.service [req-a13a696b-23a9-46a2-9fd7-00baebc84dae - - - - -] cyborg.insecure = False log_opt_values /usr/lib/python3/dist-packages/oslo_config/cfg.py:2609
2024-12-30 00:36:31.774 161681 DEBUG oslo_service.service [req-a13a696b-23a9-46a2-9fd7-00baebc84dae - - - - -] cyborg.keyfile = None log_opt_values /usr/lib/python3/dist-packages/oslo_config/cfg.py:2609
2024-12-30 00:36:31.775 161681 DEBUG oslo_service.service [req-a13a696b-23a9-46a2-9fd7-00baebc84dae - - - - -] cyborg.max_version = None log_opt_values /usr/lib/python3/dist-packages/oslo_config/cfg.py:2609
2024-12-30 00:36:31.775 161681 DEBUG oslo_service.service [req-a13a696b-23a9-46a2-9fd7-00baebc84dae - - - - -] cyborg.min_version = None log_opt_values /usr/lib/python3/dist-packages/oslo_config/cfg.py:2609
2024-12-30 00:36:31.775 161681 DEBUG oslo_service.service [req-a13a696b-23a9-46a2-9fd7-00baebc84dae - - - - -] cyborg.region_name = None log_opt_values /usr/lib/python3/dist-packages/oslo_config/cfg.py:2609
2024-12-30 00:36:31.775 161681 DEBUG oslo_service.service [req-a13a696b-23a9-46a2-9fd7-00baebc84dae - - - - -] cyborg.service_name = None log_opt_values /usr/lib/python3/dist-packages/oslo_config/cfg.py:2609
2024-12-30 00:36:31.775 161681 DEBUG oslo_service.service [req-a13a696b-23a9-46a2-9fd7-00baebc84dae - - - - -] cyborg.service_type = accelerator log_opt_values /usr/lib/python3/dist-packages/oslo_config/cfg.py:2609
2024-12-30 00:36:31.775 161681 DEBUG oslo_service.service [req-a13a696b-23a9-46a2-9fd7-00baebc84dae - - - - -] cyborg.split_loggers = False log_opt_values /usr/lib/python3/dist-packages/oslo_config/cfg.py:2609
2024-12-30 00:36:31.775 161681 DEBUG oslo_service.service [req-a13a696b-23a9-46a2-9fd7-00baebc84dae - - - - -] cyborg.status_code_retries = None log_opt_values /usr/lib/python3/dist-packages/oslo_config/cfg.py:2609
2024-12-30 00:36:31.776 161681 DEBUG oslo_service.service [req-a13a696b-23a9-46a2-9fd7-00baebc84dae - - - - -] cyborg.status_code_retry_delay = None log_opt_values /usr/lib/python3/dist-packages/oslo_config/cfg.py:2609
2024-12-30 00:36:31.776 161681 DEBUG oslo_service.service [req-a13a696b-23a9-46a2-9fd7-00baebc84dae - - - - -] cyborg.timeout = None log_opt_values /usr/lib/python3/dist-packages/oslo_config/cfg.py:2609
2024-12-30 00:36:31.776 161681 DEBUG oslo_service.service [req-a13a696b-23a9-46a2-9fd7-00baebc84dae - - - - -] cyborg.valid_interfaces = ['internal', 'public'] log_opt_values /usr/lib/python3/dist-packages/oslo_config/cfg.py:2609
2024-12-30 00:36:31.776 161681 DEBUG oslo_service.service [req-a13a696b-23a9-46a2-9fd7-00baebc84dae - - - - -] cyborg.version = None log_opt_values /usr/lib/python3/dist-packages/oslo_config/cfg.py:2609
2024-12-30 00:36:31.776 161681 DEBUG oslo_service.service [req-a13a696b-23a9-46a2-9fd7-00baebc84dae - - - - -] database.backend = sqlalchemy log_opt_values /usr/lib/python3/dist-packages/oslo_config/cfg.py:2609
2024-12-30 00:36:31.776 161681 DEBUG oslo_service.service [req-a13a696b-23a9-46a2-9fd7-00baebc84dae - - - - -] database.connection = **** log_opt_values /usr/lib/python3/dist-packages/oslo_config/cfg.py:2609
2024-12-30 00:36:31.777 161681 DEBUG oslo_service.service [req-a13a696b-23a9-46a2-9fd7-00baebc84dae - - - - -] database.connection_debug = 0 log_opt_values /usr/lib/python3/dist-packages/oslo_config/cfg.py:2609
2024-12-30 00:36:31.776 162104 DEBUG oslo_messaging._drivers.amqpdriver [-] Listener is running poll /usr/lib/python3/dist-packages/oslo_messaging/_drivers/amqpdriver.py:343
2024-12-30 00:36:31.777 161681 DEBUG oslo_service.service [req-a13a696b-23a9-46a2-9fd7-00baebc84dae - - - - -] database.connection_parameters = log_opt_values /usr/lib/python3/dist-packages/oslo_config/cfg.py:2609
2024-12-30 00:36:31.777 162104 DEBUG oslo_messaging._drivers.amqpdriver [-] AMQPListener connection consume poll /usr/lib/python3/dist-packages/oslo_messaging/_drivers/amqpdriver.py:357
2024-12-30 00:36:31.777 161681 DEBUG oslo_service.service [req-a13a696b-23a9-46a2-9fd7-00baebc84dae - - - - -] database.connection_recycle_time = 3600 log_opt_values /usr/lib/python3/dist-packages/oslo_config/cfg.py:2609
2024-12-30 00:36:31.777 161681 DEBUG oslo_service.service [req-a13a696b-23a9-46a2-9fd7-00baebc84dae - - - - -] database.connection_trace = False log_opt_values /usr/lib/python3/dist-packages/oslo_config/cfg.py:2609
2024-12-30 00:36:31.777 161681 DEBUG oslo_service.service [req-a13a696b-23a9-46a2-9fd7-00baebc84dae - - - - -] database.db_inc_retry_interval = True log_opt_values /usr/lib/python3/dist-packages/oslo_config/cfg.py:2609
2024-12-30 00:36:31.777 161681 DEBUG oslo_service.service [req-a13a696b-23a9-46a2-9fd7-00baebc84dae - - - - -] database.db_max_retries = 20 log_opt_values /usr/lib/python3/dist-packages/oslo_config/cfg.py:2609
2024-12-30 00:36:31.778 161681 DEBUG oslo_service.service [req-a13a696b-23a9-46a2-9fd7-00baebc84dae - - - - -] database.db_max_retry_interval = 10 log_opt_values /usr/lib/python3/dist-packages/oslo_config/cfg.py:2609
2024-12-30 00:36:31.778 161681 DEBUG oslo_service.service [req-a13a696b-23a9-46a2-9fd7-00baebc84dae - - - - -] database.db_retry_interval = 1 log_opt_values /usr/lib/python3/dist-packages/oslo_config/cfg.py:2609
2024-12-30 00:36:31.778 161681 DEBUG oslo_service.service [req-a13a696b-23a9-46a2-9fd7-00baebc84dae - - - - -] database.max_overflow = 50 log_opt_values /usr/lib/python3/dist-packages/oslo_config/cfg.py:2609
2024-12-30 00:36:31.778 162106 DEBUG oslo_db.sqlalchemy.engines [req-7cfb3ebe-82d2-422e-9728-2463b2bf5d9c - - - - -] MySQL server mode set to STRICT_TRANS_TABLES,STRICT_ALL_TABLES,NO_ZERO_IN_DATE,NO_ZERO_DATE,ERROR_FOR_DIVISION_BY_ZERO,TRADITIONAL,NO_ENGINE_SUBSTITUTION _check_effective_sql_mode /usr/lib/python3/dist-packages/oslo_db/sqlalchemy/engines.py:314
2024-12-30 00:36:31.778 161681 DEBUG oslo_service.service [req-a13a696b-23a9-46a2-9fd7-00baebc84dae - - - - -] database.max_pool_size = 4 log_opt_values /usr/lib/python3/dist-packages/oslo_config/cfg.py:2609
2024-12-30 00:36:31.778 161681 DEBUG oslo_service.service [req-a13a696b-23a9-46a2-9fd7-00baebc84dae - - - - -] database.max_retries = 10 log_opt_values /usr/lib/python3/dist-packages/oslo_config/cfg.py:2609
2024-12-30 00:36:31.778 161681 DEBUG oslo_service.service [req-a13a696b-23a9-46a2-9fd7-00baebc84dae - - - - -] database.mysql_enable_ndb = False log_opt_values /usr/lib/python3/dist-packages/oslo_config/cfg.py:2609
2024-12-30 00:36:31.779 161681 DEBUG oslo_service.service [req-a13a696b-23a9-46a2-9fd7-00baebc84dae - - - - -] database.mysql_sql_mode = TRADITIONAL log_opt_values /usr/lib/python3/dist-packages/oslo_config/cfg.py:2609
2024-12-30 00:36:31.779 161681 DEBUG oslo_service.service [req-a13a696b-23a9-46a2-9fd7-00baebc84dae - - - - -] database.pool_timeout = None log_opt_values /usr/lib/python3/dist-packages/oslo_config/cfg.py:2609
2024-12-30 00:36:31.779 161681 DEBUG oslo_service.service [req-a13a696b-23a9-46a2-9fd7-00baebc84dae - - - - -] database.retry_interval = 10 log_opt_values /usr/lib/python3/dist-packages/oslo_config/cfg.py:2609
2024-12-30 00:36:31.779 161681 DEBUG oslo_service.service [req-a13a696b-23a9-46a2-9fd7-00baebc84dae - - - - -] database.slave_connection = **** log_opt_values /usr/lib/python3/dist-packages/oslo_config/cfg.py:2609
2024-12-30 00:36:31.779 161681 DEBUG oslo_service.service [req-a13a696b-23a9-46a2-9fd7-00baebc84dae - - - - -] database.sqlite_synchronous = True log_opt_values /usr/lib/python3/dist-packages/oslo_config/cfg.py:2609
2024-12-30 00:36:31.779 161681 DEBUG oslo_service.service [req-a13a696b-23a9-46a2-9fd7-00baebc84dae - - - - -] database.use_db_reconnect = False log_opt_values /usr/lib/python3/dist-packages/oslo_config/cfg.py:2609
2024-12-30 00:36:31.780 161681 DEBUG oslo_service.service [req-a13a696b-23a9-46a2-9fd7-00baebc84dae - - - - -] api_database.backend = sqlalchemy log_opt_values /usr/lib/python3/dist-packages/oslo_config/cfg.py:2609
2024-12-30 00:36:31.780 161681 DEBUG oslo_service.service [req-a13a696b-23a9-46a2-9fd7-00baebc84dae - - - - -] api_database.connection = **** log_opt_values /usr/lib/python3/dist-packages/oslo_config/cfg.py:2609
2024-12-30 00:36:31.780 161681 DEBUG oslo_service.service [req-a13a696b-23a9-46a2-9fd7-00baebc84dae - - - - -] api_database.connection_debug = 0 log_opt_values /usr/lib/python3/dist-packages/oslo_config/cfg.py:2609
2024-12-30 00:36:31.780 161681 DEBUG oslo_service.service [req-a13a696b-23a9-46a2-9fd7-00baebc84dae - - - - -] api_database.connection_parameters = log_opt_values /usr/lib/python3/dist-packages/oslo_config/cfg.py:2609
2024-12-30 00:36:31.780 161681 DEBUG oslo_service.service [req-a13a696b-23a9-46a2-9fd7-00baebc84dae - - - - -] api_database.connection_recycle_time = 3600 log_opt_values /usr/lib/python3/dist-packages/oslo_config/cfg.py:2609
2024-12-30 00:36:31.781 161681 DEBUG oslo_service.service [req-a13a696b-23a9-46a2-9fd7-00baebc84dae - - - - -] api_database.connection_trace = False log_opt_values /usr/lib/python3/dist-packages/oslo_config/cfg.py:2609
2024-12-30 00:36:31.781 161681 DEBUG oslo_service.service [req-a13a696b-23a9-46a2-9fd7-00baebc84dae - - - - -] api_database.db_inc_retry_interval = True log_opt_values /usr/lib/python3/dist-packages/oslo_config/cfg.py:2609
2024-12-30 00:36:31.781 161681 DEBUG oslo_service.service [req-a13a696b-23a9-46a2-9fd7-00baebc84dae - - - - -] api_database.db_max_retries = 20 log_opt_values /usr/lib/python3/dist-packages/oslo_config/cfg.py:2609
2024-12-30 00:36:31.781 162104 DEBUG oslo_messaging._drivers.amqpdriver [-] received message msg_id: 9ce330a1d850411985844aa615931504 reply to reply_9c3525da47fa44a79380159cadbd1563 __call__ /usr/lib/python3/dist-packages/oslo_messaging/_drivers/amqpdriver.py:320
2024-12-30 00:36:31.781 161681 DEBUG oslo_service.service [req-a13a696b-23a9-46a2-9fd7-00baebc84dae - - - - -] api_database.db_max_retry_interval = 10 log_opt_values /usr/lib/python3/dist-packages/oslo_config/cfg.py:2609
2024-12-30 00:36:31.781 161681 DEBUG oslo_service.service [req-a13a696b-23a9-46a2-9fd7-00baebc84dae - - - - -] api_database.db_retry_interval = 1 log_opt_values /usr/lib/python3/dist-packages/oslo_config/cfg.py:2609
2024-12-30 00:36:31.781 161681 DEBUG oslo_service.service [req-a13a696b-23a9-46a2-9fd7-00baebc84dae - - - - -] api_database.max_overflow = 50 log_opt_values /usr/lib/python3/dist-packages/oslo_config/cfg.py:2609
2024-12-30 00:36:31.781 161681 DEBUG oslo_service.service [req-a13a696b-23a9-46a2-9fd7-00baebc84dae - - - - -] api_database.max_pool_size = 4 log_opt_values /usr/lib/python3/dist-packages/oslo_config/cfg.py:2609
2024-12-30 00:36:31.782 161681 DEBUG oslo_service.service [req-a13a696b-23a9-46a2-9fd7-00baebc84dae - - - - -] api_database.max_retries = 10 log_opt_values /usr/lib/python3/dist-packages/oslo_config/cfg.py:2609
2024-12-30 00:36:31.782 161681 DEBUG oslo_service.service [req-a13a696b-23a9-46a2-9fd7-00baebc84dae - - - - -] api_database.mysql_enable_ndb = False log_opt_values /usr/lib/python3/dist-packages/oslo_config/cfg.py:2609
2024-12-30 00:36:31.782 161681 DEBUG oslo_service.service [req-a13a696b-23a9-46a2-9fd7-00baebc84dae - - - - -] api_database.mysql_sql_mode = TRADITIONAL log_opt_values /usr/lib/python3/dist-packages/oslo_config/cfg.py:2609
2024-12-30 00:36:31.782 161681 DEBUG oslo_service.service [req-a13a696b-23a9-46a2-9fd7-00baebc84dae - - - - -] api_database.pool_timeout = None log_opt_values /usr/lib/python3/dist-packages/oslo_config/cfg.py:2609
2024-12-30 00:36:31.782 161681 DEBUG oslo_service.service [req-a13a696b-23a9-46a2-9fd7-00baebc84dae - - - - -] api_database.retry_interval = 10 log_opt_values /usr/lib/python3/dist-packages/oslo_config/cfg.py:2609
2024-12-30 00:36:31.783 161681 DEBUG oslo_service.service [req-a13a696b-23a9-46a2-9fd7-00baebc84dae - - - - -] api_database.slave_connection = **** log_opt_values /usr/lib/python3/dist-packages/oslo_config/cfg.py:2609
2024-12-30 00:36:31.783 162104 DEBUG nova.service [req-850b1369-c64b-4142-a718-ba6d1005b3cd - - - - -] Join ServiceGroup membership for this service conductor start /usr/lib/python3/dist-packages/nova/service.py:199
2024-12-30 00:36:31.784 162105 DEBUG oslo_messaging._drivers.amqpdriver [-] Listener is running poll /usr/lib/python3/dist-packages/oslo_messaging/_drivers/amqpdriver.py:343
2024-12-30 00:36:31.784 161681 DEBUG oslo_service.service [req-a13a696b-23a9-46a2-9fd7-00baebc84dae - - - - -] api_database.sqlite_synchronous = True log_opt_values /usr/lib/python3/dist-packages/oslo_config/cfg.py:2609
2024-12-30 00:36:31.784 162104 DEBUG nova.servicegroup.drivers.db [req-850b1369-c64b-4142-a718-ba6d1005b3cd - - - - -] DB_Driver: join new ServiceGroup member juju-68774b-0-lxd-7 to the conductor group, service = join /usr/lib/python3/dist-packages/nova/servicegroup/drivers/db.py:44
2024-12-30 00:36:31.784 162105 DEBUG oslo_messaging._drivers.amqpdriver [-] AMQPListener connection consume poll /usr/lib/python3/dist-packages/oslo_messaging/_drivers/amqpdriver.py:357
2024-12-30 00:36:31.784 161681 DEBUG oslo_service.service [req-a13a696b-23a9-46a2-9fd7-00baebc84dae - - - - -] devices.enabled_mdev_types = [] log_opt_values /usr/lib/python3/dist-packages/oslo_config/cfg.py:2609
2024-12-30 00:36:31.784 161681 DEBUG oslo_service.service [req-a13a696b-23a9-46a2-9fd7-00baebc84dae - - - - -] ephemeral_storage_encryption.cipher = aes-xts-plain64 log_opt_values /usr/lib/python3/dist-packages/oslo_config/cfg.py:2609
2024-12-30 00:36:31.785 161681 DEBUG oslo_service.service [req-a13a696b-23a9-46a2-9fd7-00baebc84dae - - - - -] ephemeral_storage_encryption.enabled = False log_opt_values /usr/lib/python3/dist-packages/oslo_config/cfg.py:2609
2024-12-30 00:36:31.785 162105 DEBUG nova.service [req-9f640a92-8fb0-43ec-be0c-883a365fe7c0 - - - - -] Join ServiceGroup membership for this service conductor start /usr/lib/python3/dist-packages/nova/service.py:199
2024-12-30 00:36:31.785 161681 DEBUG oslo_service.service [req-a13a696b-23a9-46a2-9fd7-00baebc84dae - - - - -] ephemeral_storage_encryption.key_size = 512 log_opt_values /usr/lib/python3/dist-packages/oslo_config/cfg.py:2609
2024-12-30 00:36:31.785 162104 DEBUG oslo_messaging._drivers.amqpdriver [-] AMQPListener connection timeout poll /usr/lib/python3/dist-packages/oslo_messaging/_drivers/amqpdriver.py:360
2024-12-30 00:36:31.785 162105 DEBUG nova.servicegroup.drivers.db [req-9f640a92-8fb0-43ec-be0c-883a365fe7c0 - - - - -] DB_Driver: join new ServiceGroup member juju-68774b-0-lxd-7 to the conductor group, service = join /usr/lib/python3/dist-packages/nova/servicegroup/drivers/db.py:44
2024-12-30 00:36:31.785 161681 WARNING oslo_config.cfg [req-a13a696b-23a9-46a2-9fd7-00baebc84dae - - - - -] Deprecated: Option "api_servers" from group "glance" is deprecated for removal ( Support for image service configuration via standard keystoneauth1 Adapter options was added in the 17.0.0 Queens release. The api_servers option was retained temporarily to allow consumers time to cut over to a real load balancing solution. ). Its value may be silently ignored in the future.
2024-12-30 00:36:31.785 162104 DEBUG oslo_messaging._drivers.amqpdriver [-] Listener is running poll /usr/lib/python3/dist-packages/oslo_messaging/_drivers/amqpdriver.py:343
2024-12-30 00:36:31.786 162104 DEBUG oslo_messaging._drivers.amqpdriver [-] Poll the incoming message with unique_id: fb4f65db368e46ceb648ff87f81717dd poll /usr/lib/python3/dist-packages/oslo_messaging/_drivers/amqpdriver.py:346
2024-12-30 00:36:31.785 161681 DEBUG oslo_service.service [req-a13a696b-23a9-46a2-9fd7-00baebc84dae - - - - -] glance.api_servers = ['http://252.24.115.100:9292'] log_opt_values /usr/lib/python3/dist-packages/oslo_config/cfg.py:2609
2024-12-30 00:36:31.786 162104 DEBUG oslo_messaging._drivers.amqpdriver [-] Listener is running poll /usr/lib/python3/dist-packages/oslo_messaging/_drivers/amqpdriver.py:343
2024-12-30 00:36:31.786 161681 DEBUG oslo_service.service [req-a13a696b-23a9-46a2-9fd7-00baebc84dae - - - - -] glance.cafile = None log_opt_values /usr/lib/python3/dist-packages/oslo_config/cfg.py:2609
2024-12-30 00:36:31.786 162104 DEBUG oslo_messaging._drivers.amqpdriver [-] AMQPListener connection consume poll /usr/lib/python3/dist-packages/oslo_messaging/_drivers/amqpdriver.py:357
2024-12-30 00:36:31.786 161681 DEBUG oslo_service.service [req-a13a696b-23a9-46a2-9fd7-00baebc84dae - - - - -] glance.certfile = None log_opt_values /usr/lib/python3/dist-packages/oslo_config/cfg.py:2609
2024-12-30 00:36:31.786 162107 DEBUG oslo_messaging._drivers.amqpdriver [-] Listener is running poll /usr/lib/python3/dist-packages/oslo_messaging/_drivers/amqpdriver.py:343
2024-12-30 00:36:31.787 161681 DEBUG oslo_service.service [req-a13a696b-23a9-46a2-9fd7-00baebc84dae - - - - -] glance.collect_timing = False log_opt_values /usr/lib/python3/dist-packages/oslo_config/cfg.py:2609
2024-12-30 00:36:31.787 162107 DEBUG oslo_messaging._drivers.amqpdriver [-] AMQPListener connection consume poll /usr/lib/python3/dist-packages/oslo_messaging/_drivers/amqpdriver.py:357
2024-12-30 00:36:31.787 161681 DEBUG oslo_service.service [req-a13a696b-23a9-46a2-9fd7-00baebc84dae - - - - -] glance.connect_retries = None log_opt_values /usr/lib/python3/dist-packages/oslo_config/cfg.py:2609
2024-12-30 00:36:31.787 161681 DEBUG oslo_service.service [req-a13a696b-23a9-46a2-9fd7-00baebc84dae - - - - -] glance.connect_retry_delay = None log_opt_values /usr/lib/python3/dist-packages/oslo_config/cfg.py:2609
2024-12-30 00:36:31.787 161681 DEBUG oslo_service.service [req-a13a696b-23a9-46a2-9fd7-00baebc84dae - - - - -] glance.debug = False log_opt_values /usr/lib/python3/dist-packages/oslo_config/cfg.py:2609
2024-12-30 00:36:31.787 162107 DEBUG nova.service [req-781d38a6-5c20-4b97-aafc-8447fd2b7c00 - - - - -] Join ServiceGroup membership for this service conductor start /usr/lib/python3/dist-packages/nova/service.py:199
2024-12-30 00:36:31.787 161681 DEBUG oslo_service.service [req-a13a696b-23a9-46a2-9fd7-00baebc84dae - - - - -] glance.default_trusted_certificate_ids = [] log_opt_values /usr/lib/python3/dist-packages/oslo_config/cfg.py:2609
2024-12-30 00:36:31.787 162107 DEBUG nova.servicegroup.drivers.db [req-781d38a6-5c20-4b97-aafc-8447fd2b7c00 - - - - -] DB_Driver: join new ServiceGroup member juju-68774b-0-lxd-7 to the conductor group, service = join /usr/lib/python3/dist-packages/nova/servicegroup/drivers/db.py:44
2024-12-30 00:36:31.788 161681 DEBUG oslo_service.service [req-a13a696b-23a9-46a2-9fd7-00baebc84dae - - - - -] glance.enable_certificate_validation = False log_opt_values /usr/lib/python3/dist-packages/oslo_config/cfg.py:2609
2024-12-30 00:36:31.788 161681 DEBUG oslo_service.service [req-a13a696b-23a9-46a2-9fd7-00baebc84dae - - - - -] glance.enable_rbd_download = False log_opt_values /usr/lib/python3/dist-packages/oslo_config/cfg.py:2609
2024-12-30 00:36:31.788 162105 DEBUG oslo_messaging._drivers.amqpdriver [-] AMQPListener connection timeout poll /usr/lib/python3/dist-packages/oslo_messaging/_drivers/amqpdriver.py:360
2024-12-30 00:36:31.788 161681 DEBUG oslo_service.service [req-a13a696b-23a9-46a2-9fd7-00baebc84dae - - - - -] glance.endpoint_override = None log_opt_values /usr/lib/python3/dist-packages/oslo_config/cfg.py:2609
2024-12-30 00:36:31.788 162105 DEBUG oslo_messaging._drivers.amqpdriver [-] Listener is running poll /usr/lib/python3/dist-packages/oslo_messaging/_drivers/amqpdriver.py:343
2024-12-30 00:36:31.788 161681 DEBUG oslo_service.service [req-a13a696b-23a9-46a2-9fd7-00baebc84dae - - - - -] glance.insecure = False log_opt_values /usr/lib/python3/dist-packages/oslo_config/cfg.py:2609
2024-12-30 00:36:31.788 162105 DEBUG oslo_messaging._drivers.amqpdriver [-] AMQPListener connection consume poll /usr/lib/python3/dist-packages/oslo_messaging/_drivers/amqpdriver.py:357
2024-12-30 00:36:31.788 161681 DEBUG oslo_service.service [req-a13a696b-23a9-46a2-9fd7-00baebc84dae - - - - -] glance.keyfile = None log_opt_values /usr/lib/python3/dist-packages/oslo_config/cfg.py:2609
