2024-12-30 00:36:15.723 156071 DEBUG oslo_service.service [req-b2fc874e-5dcf-44f7-8780-a5c482b47034 - - - - -] sync_power_state_pool_size = 1000 log_opt_values /usr/lib/python3/dist-packages/oslo_config/cfg.py:2602
2024-12-30 00:36:15.724 156071 DEBUG oslo_service.service [req-b2fc874e-5dcf-44f7-8780-a5c482b47034 - - - - -] syslog_log_facility = LOG_USER log_opt_values /usr/lib/python3/dist-packages/oslo_config/cfg.py:2602
2024-12-30 00:36:15.724 156071 DEBUG oslo_service.service [req-b2fc874e-5dcf-44f7-8780-a5c482b47034 - - - - -] tempdir = None log_opt_values /usr/lib/python3/dist-packages/oslo_config/cfg.py:2602
2024-12-30 00:36:15.724 156071 DEBUG oslo_service.service [req-b2fc874e-5dcf-44f7-8780-a5c482b47034 - - - - -] timeout_nbd = 10 log_opt_values /usr/lib/python3/dist-packages/oslo_config/cfg.py:2602
2024-12-30 00:36:15.724 156071 DEBUG oslo_service.service [req-b2fc874e-5dcf-44f7-8780-a5c482b47034 - - - - -] transport_url = **** log_opt_values /usr/lib/python3/dist-packages/oslo_config/cfg.py:2602
2024-12-30 00:36:15.724 156071 DEBUG oslo_service.service [req-b2fc874e-5dcf-44f7-8780-a5c482b47034 - - - - -] update_resources_interval = 0 log_opt_values /usr/lib/python3/dist-packages/oslo_config/cfg.py:2602
2024-12-30 00:36:15.724 156071 DEBUG oslo_service.service [req-b2fc874e-5dcf-44f7-8780-a5c482b47034 - - - - -] use_cow_images = True log_opt_values /usr/lib/python3/dist-packages/oslo_config/cfg.py:2602
2024-12-30 00:36:15.725 156071 DEBUG oslo_service.service [req-b2fc874e-5dcf-44f7-8780-a5c482b47034 - - - - -] use_eventlog = False log_opt_values /usr/lib/python3/dist-packages/oslo_config/cfg.py:2602
2024-12-30 00:36:15.725 156071 DEBUG oslo_service.service [req-b2fc874e-5dcf-44f7-8780-a5c482b47034 - - - - -] use_journal = False log_opt_values /usr/lib/python3/dist-packages/oslo_config/cfg.py:2602
2024-12-30 00:36:15.725 156071 DEBUG oslo_service.service [req-b2fc874e-5dcf-44f7-8780-a5c482b47034 - - - - -] use_json = False log_opt_values /usr/lib/python3/dist-packages/oslo_config/cfg.py:2602
2024-12-30 00:36:15.725 156071 DEBUG oslo_service.service [req-b2fc874e-5dcf-44f7-8780-a5c482b47034 - - - - -] use_rootwrap_daemon = False log_opt_values /usr/lib/python3/dist-packages/oslo_config/cfg.py:2602
2024-12-30 00:36:15.725 156071 DEBUG oslo_service.service [req-b2fc874e-5dcf-44f7-8780-a5c482b47034 - - - - -] use_stderr = False log_opt_values /usr/lib/python3/dist-packages/oslo_config/cfg.py:2602
2024-12-30 00:36:15.726 156071 DEBUG oslo_service.service [req-b2fc874e-5dcf-44f7-8780-a5c482b47034 - - - - -] use_syslog = False log_opt_values /usr/lib/python3/dist-packages/oslo_config/cfg.py:2602
2024-12-30 00:36:15.726 156071 DEBUG oslo_service.service [req-b2fc874e-5dcf-44f7-8780-a5c482b47034 - - - - -] vcpu_pin_set = None log_opt_values /usr/lib/python3/dist-packages/oslo_config/cfg.py:2602
2024-12-30 00:36:15.726 156071 DEBUG oslo_service.service [req-b2fc874e-5dcf-44f7-8780-a5c482b47034 - - - - -] vif_plugging_is_fatal = True log_opt_values /usr/lib/python3/dist-packages/oslo_config/cfg.py:2602
2024-12-30 00:36:15.726 156071 DEBUG oslo_service.service [req-b2fc874e-5dcf-44f7-8780-a5c482b47034 - - - - -] vif_plugging_timeout = 300 log_opt_values /usr/lib/python3/dist-packages/oslo_config/cfg.py:2602
2024-12-30 00:36:15.726 156553 DEBUG nova.service [req-b3c31d20-3ac4-4ea8-822d-8cbbf7e4c453 - - - - -] Creating RPC server for service conductor start /usr/lib/python3/dist-packages/nova/service.py:182
2024-12-30 00:36:15.726 156071 DEBUG oslo_service.service [req-b2fc874e-5dcf-44f7-8780-a5c482b47034 - - - - -] virt_mkfs = [] log_opt_values /usr/lib/python3/dist-packages/oslo_config/cfg.py:2602
2024-12-30 00:36:15.726 156071 DEBUG oslo_service.service [req-b2fc874e-5dcf-44f7-8780-a5c482b47034 - - - - -] volume_usage_poll_interval = 0 log_opt_values /usr/lib/python3/dist-packages/oslo_config/cfg.py:2602
2024-12-30 00:36:15.727 156071 DEBUG oslo_service.service [req-b2fc874e-5dcf-44f7-8780-a5c482b47034 - - - - -] watch_log_file = False log_opt_values /usr/lib/python3/dist-packages/oslo_config/cfg.py:2602
2024-12-30 00:36:15.727 156071 DEBUG oslo_service.service [req-b2fc874e-5dcf-44f7-8780-a5c482b47034 - - - - -] web = /usr/share/spice-html5 log_opt_values /usr/lib/python3/dist-packages/oslo_config/cfg.py:2602
2024-12-30 00:36:15.727 156071 DEBUG oslo_service.service [req-b2fc874e-5dcf-44f7-8780-a5c482b47034 - - - - -] oslo_concurrency.disable_process_locking = False log_opt_values /usr/lib/python3/dist-packages/oslo_config/cfg.py:2609
2024-12-30 00:36:15.728 156071 DEBUG oslo_service.service [req-b2fc874e-5dcf-44f7-8780-a5c482b47034 - - - - -] oslo_concurrency.lock_path = /var/lock/nova log_opt_values /usr/lib/python3/dist-packages/oslo_config/cfg.py:2609
2024-12-30 00:36:15.728 156071 DEBUG oslo_service.service [req-b2fc874e-5dcf-44f7-8780-a5c482b47034 - - - - -] oslo_messaging_metrics.metrics_buffer_size = 1000 log_opt_values /usr/lib/python3/dist-packages/oslo_config/cfg.py:2609
2024-12-30 00:36:15.729 156071 DEBUG oslo_service.service [req-b2fc874e-5dcf-44f7-8780-a5c482b47034 - - - - -] oslo_messaging_metrics.metrics_enabled = False log_opt_values /usr/lib/python3/dist-packages/oslo_config/cfg.py:2609
2024-12-30 00:36:15.729 156071 DEBUG oslo_service.service [req-b2fc874e-5dcf-44f7-8780-a5c482b47034 - - - - -] oslo_messaging_metrics.metrics_process_name = log_opt_values /usr/lib/python3/dist-packages/oslo_config/cfg.py:2609
2024-12-30 00:36:15.729 156071 DEBUG oslo_service.service [req-b2fc874e-5dcf-44f7-8780-a5c482b47034 - - - - -] oslo_messaging_metrics.metrics_socket_file = /var/tmp/metrics_collector.sock log_opt_values /usr/lib/python3/dist-packages/oslo_config/cfg.py:2609
2024-12-30 00:36:15.729 156071 DEBUG oslo_service.service [req-b2fc874e-5dcf-44f7-8780-a5c482b47034 - - - - -] oslo_messaging_metrics.metrics_thread_stop_timeout = 10 log_opt_values /usr/lib/python3/dist-packages/oslo_config/cfg.py:2609
2024-12-30 00:36:15.730 156071 WARNING oslo_config.cfg [req-b2fc874e-5dcf-44f7-8780-a5c482b47034 - - - - -] Deprecated: Option "auth_strategy" from group "api" is deprecated for removal ( The only non-default choice, ``noauth2``, is for internal development and testing purposes only and should not be used in deployments. This option and its middleware, NoAuthMiddleware[V2_18], will be removed in a future release. ). Its value may be silently ignored in the future.
2024-12-30 00:36:15.730 156071 DEBUG oslo_service.service [req-b2fc874e-5dcf-44f7-8780-a5c482b47034 - - - - -] api.auth_strategy = keystone log_opt_values /usr/lib/python3/dist-packages/oslo_config/cfg.py:2609
2024-12-30 00:36:15.730 156542 DEBUG oslo_db.sqlalchemy.engines [req-7622db35-a9ac-4f47-bd12-4dcce434e6fc - - - - -] MySQL server mode set to STRICT_TRANS_TABLES,STRICT_ALL_TABLES,NO_ZERO_IN_DATE,NO_ZERO_DATE,ERROR_FOR_DIVISION_BY_ZERO,TRADITIONAL,NO_ENGINE_SUBSTITUTION _check_effective_sql_mode /usr/lib/python3/dist-packages/oslo_db/sqlalchemy/engines.py:314
2024-12-30 00:36:15.731 156071 DEBUG oslo_service.service [req-b2fc874e-5dcf-44f7-8780-a5c482b47034 - - - - -] api.compute_link_prefix = None log_opt_values /usr/lib/python3/dist-packages/oslo_config/cfg.py:2609
2024-12-30 00:36:15.731 156071 DEBUG oslo_service.service [req-b2fc874e-5dcf-44f7-8780-a5c482b47034 - - - - -] api.config_drive_skip_versions = 1.0 2007-01-19 2007-03-01 2007-08-29 2007-10-10 2007-12-15 2008-02-01 2008-09-01 log_opt_values /usr/lib/python3/dist-packages/oslo_config/cfg.py:2609
2024-12-30 00:36:15.731 156071 DEBUG oslo_service.service [req-b2fc874e-5dcf-44f7-8780-a5c482b47034 - - - - -] api.dhcp_domain = novalocal log_opt_values /usr/lib/python3/dist-packages/oslo_config/cfg.py:2609
2024-12-30 00:36:15.731 156071 DEBUG oslo_service.service [req-b2fc874e-5dcf-44f7-8780-a5c482b47034 - - - - -] api.enable_instance_password = True log_opt_values /usr/lib/python3/dist-packages/oslo_config/cfg.py:2609
2024-12-30 00:36:15.731 156071 DEBUG oslo_service.service [req-b2fc874e-5dcf-44f7-8780-a5c482b47034 - - - - -] api.glance_link_prefix = None log_opt_values /usr/lib/python3/dist-packages/oslo_config/cfg.py:2609
2024-12-30 00:36:15.732 156071 DEBUG oslo_service.service [req-b2fc874e-5dcf-44f7-8780-a5c482b47034 - - - - -] api.instance_list_cells_batch_fixed_size = 100 log_opt_values /usr/lib/python3/dist-packages/oslo_config/cfg.py:2609
2024-12-30 00:36:15.732 156071 DEBUG oslo_service.service [req-b2fc874e-5dcf-44f7-8780-a5c482b47034 - - - - -] api.instance_list_cells_batch_strategy = distributed log_opt_values /usr/lib/python3/dist-packages/oslo_config/cfg.py:2609
2024-12-30 00:36:15.732 156071 DEBUG oslo_service.service [req-b2fc874e-5dcf-44f7-8780-a5c482b47034 - - - - -] api.instance_list_per_project_cells = False log_opt_values /usr/lib/python3/dist-packages/oslo_config/cfg.py:2609
2024-12-30 00:36:15.732 156071 DEBUG oslo_service.service [req-b2fc874e-5dcf-44f7-8780-a5c482b47034 - - - - -] api.list_records_by_skipping_down_cells = True log_opt_values /usr/lib/python3/dist-packages/oslo_config/cfg.py:2609
2024-12-30 00:36:15.733 156071 DEBUG oslo_service.service [req-b2fc874e-5dcf-44f7-8780-a5c482b47034 - - - - -] api.local_metadata_per_cell = False log_opt_values /usr/lib/python3/dist-packages/oslo_config/cfg.py:2609
2024-12-30 00:36:15.733 156071 DEBUG oslo_service.service [req-b2fc874e-5dcf-44f7-8780-a5c482b47034 - - - - -] api.max_limit = 1000 log_opt_values /usr/lib/python3/dist-packages/oslo_config/cfg.py:2609
2024-12-30 00:36:15.734 156071 DEBUG oslo_service.service [req-b2fc874e-5dcf-44f7-8780-a5c482b47034 - - - - -] api.metadata_cache_expiration = 15 log_opt_values /usr/lib/python3/dist-packages/oslo_config/cfg.py:2609
2024-12-30 00:36:15.734 156071 DEBUG oslo_service.service [req-b2fc874e-5dcf-44f7-8780-a5c482b47034 - - - - -] api.neutron_default_tenant_id = default log_opt_values /usr/lib/python3/dist-packages/oslo_config/cfg.py:2609
2024-12-30 00:36:15.734 156071 DEBUG oslo_service.service [req-b2fc874e-5dcf-44f7-8780-a5c482b47034 - - - - -] api.use_forwarded_for = False log_opt_values /usr/lib/python3/dist-packages/oslo_config/cfg.py:2609
2024-12-30 00:36:15.734 156071 DEBUG oslo_service.service [req-b2fc874e-5dcf-44f7-8780-a5c482b47034 - - - - -] api.use_neutron_default_nets = False log_opt_values /usr/lib/python3/dist-packages/oslo_config/cfg.py:2609
2024-12-30 00:36:15.734 156071 DEBUG oslo_service.service [req-b2fc874e-5dcf-44f7-8780-a5c482b47034 - - - - -] api.vendordata_dynamic_connect_timeout = 5 log_opt_values /usr/lib/python3/dist-packages/oslo_config/cfg.py:2609
2024-12-30 00:36:15.735 156071 DEBUG oslo_service.service [req-b2fc874e-5dcf-44f7-8780-a5c482b47034 - - - - -] api.vendordata_dynamic_failure_fatal = False log_opt_values /usr/lib/python3/dist-packages/oslo_config/cfg.py:2609
2024-12-30 00:36:15.735 156071 DEBUG oslo_service.service [req-b2fc874e-5dcf-44f7-8780-a5c482b47034 - - - - -] api.vendordata_dynamic_read_timeout = 5 log_opt_values /usr/lib/python3/dist-packages/oslo_config/cfg.py:2609
2024-12-30 00:36:15.735 156071 DEBUG oslo_service.service [req-b2fc874e-5dcf-44f7-8780-a5c482b47034 - - - - -] api.vendordata_dynamic_ssl_certfile = log_opt_values /usr/lib/python3/dist-packages/oslo_config/cfg.py:2609
2024-12-30 00:36:15.735 156071 DEBUG oslo_service.service [req-b2fc874e-5dcf-44f7-8780-a5c482b47034 - - - - -] api.vendordata_dynamic_targets = [] log_opt_values /usr/lib/python3/dist-packages/oslo_config/cfg.py:2609
2024-12-30 00:36:15.735 156071 DEBUG oslo_service.service [req-b2fc874e-5dcf-44f7-8780-a5c482b47034 - - - - -] api.vendordata_jsonfile_path = None log_opt_values /usr/lib/python3/dist-packages/oslo_config/cfg.py:2609
2024-12-30 00:36:15.736 156071 DEBUG oslo_service.service [req-b2fc874e-5dcf-44f7-8780-a5c482b47034 - - - - -] api.vendordata_providers = ['StaticJSON'] log_opt_values /usr/lib/python3/dist-packages/oslo_config/cfg.py:2609
2024-12-30 00:36:15.736 156071 DEBUG oslo_service.service [req-b2fc874e-5dcf-44f7-8780-a5c482b47034 - - - - -] cache.backend = dogpile.cache.null log_opt_values /usr/lib/python3/dist-packages/oslo_config/cfg.py:2609
2024-12-30 00:36:15.736 156071 DEBUG oslo_service.service [req-b2fc874e-5dcf-44f7-8780-a5c482b47034 - - - - -] cache.backend_argument = **** log_opt_values /usr/lib/python3/dist-packages/oslo_config/cfg.py:2609
2024-12-30 00:36:15.736 156071 DEBUG oslo_service.service [req-b2fc874e-5dcf-44f7-8780-a5c482b47034 - - - - -] cache.config_prefix = cache.oslo log_opt_values /usr/lib/python3/dist-packages/oslo_config/cfg.py:2609
2024-12-30 00:36:15.736 156071 DEBUG oslo_service.service [req-b2fc874e-5dcf-44f7-8780-a5c482b47034 - - - - -] cache.debug_cache_backend = False log_opt_values /usr/lib/python3/dist-packages/oslo_config/cfg.py:2609
2024-12-30 00:36:15.737 156071 DEBUG oslo_service.service [req-b2fc874e-5dcf-44f7-8780-a5c482b47034 - - - - -] cache.enabled = False log_opt_values /usr/lib/python3/dist-packages/oslo_config/cfg.py:2609
2024-12-30 00:36:15.737 156071 DEBUG oslo_service.service [req-b2fc874e-5dcf-44f7-8780-a5c482b47034 - - - - -] cache.expiration_time = 600 log_opt_values /usr/lib/python3/dist-packages/oslo_config/cfg.py:2609
2024-12-30 00:36:15.737 156071 DEBUG oslo_service.service [req-b2fc874e-5dcf-44f7-8780-a5c482b47034 - - - - -] cache.memcache_dead_retry = 300 log_opt_values /usr/lib/python3/dist-packages/oslo_config/cfg.py:2609
2024-12-30 00:36:15.737 156071 DEBUG oslo_service.service [req-b2fc874e-5dcf-44f7-8780-a5c482b47034 - - - - -] cache.memcache_pool_connection_get_timeout = 10 log_opt_values /usr/lib/python3/dist-packages/oslo_config/cfg.py:2609
2024-12-30 00:36:15.737 156071 DEBUG oslo_service.service [req-b2fc874e-5dcf-44f7-8780-a5c482b47034 - - - - -] cache.memcache_pool_flush_on_reconnect = False log_opt_values /usr/lib/python3/dist-packages/oslo_config/cfg.py:2609
2024-12-30 00:36:15.738 156071 DEBUG oslo_service.service [req-b2fc874e-5dcf-44f7-8780-a5c482b47034 - - - - -] cache.memcache_pool_maxsize = 10 log_opt_values /usr/lib/python3/dist-packages/oslo_config/cfg.py:2609
2024-12-30 00:36:15.738 156071 DEBUG oslo_service.service [req-b2fc874e-5dcf-44f7-8780-a5c482b47034 - - - - -] cache.memcache_pool_unused_timeout = 60 log_opt_values /usr/lib/python3/dist-packages/oslo_config/cfg.py:2609
2024-12-30 00:36:15.738 156071 DEBUG oslo_service.service [req-b2fc874e-5dcf-44f7-8780-a5c482b47034 - - - - -] cache.memcache_servers = ['localhost:11211'] log_opt_values /usr/lib/python3/dist-packages/oslo_config/cfg.py:2609
2024-12-30 00:36:15.738 156071 DEBUG oslo_service.service [req-b2fc874e-5dcf-44f7-8780-a5c482b47034 - - - - -] cache.memcache_socket_timeout = 1.0 log_opt_values /usr/lib/python3/dist-packages/oslo_config/cfg.py:2609
2024-12-30 00:36:15.738 156071 DEBUG oslo_service.service [req-b2fc874e-5dcf-44f7-8780-a5c482b47034 - - - - -] cache.proxies = [] log_opt_values /usr/lib/python3/dist-packages/oslo_config/cfg.py:2609
2024-12-30 00:36:15.739 156071 DEBUG oslo_service.service [req-b2fc874e-5dcf-44f7-8780-a5c482b47034 - - - - -] cache.tls_allowed_ciphers = None log_opt_values /usr/lib/python3/dist-packages/oslo_config/cfg.py:2609
2024-12-30 00:36:15.739 156071 DEBUG oslo_service.service [req-b2fc874e-5dcf-44f7-8780-a5c482b47034 - - - - -] cache.tls_cafile = None log_opt_values /usr/lib/python3/dist-packages/oslo_config/cfg.py:2609
2024-12-30 00:36:15.739 156071 DEBUG oslo_service.service [req-b2fc874e-5dcf-44f7-8780-a5c482b47034 - - - - -] cache.tls_certfile = None log_opt_values /usr/lib/python3/dist-packages/oslo_config/cfg.py:2609
2024-12-30 00:36:15.739 156071 DEBUG oslo_service.service [req-b2fc874e-5dcf-44f7-8780-a5c482b47034 - - - - -] cache.tls_enabled = False log_opt_values /usr/lib/python3/dist-packages/oslo_config/cfg.py:2609
2024-12-30 00:36:15.739 156071 DEBUG oslo_service.service [req-b2fc874e-5dcf-44f7-8780-a5c482b47034 - - - - -] cache.tls_keyfile = None log_opt_values /usr/lib/python3/dist-packages/oslo_config/cfg.py:2609
2024-12-30 00:36:15.740 156071 DEBUG oslo_service.service [req-b2fc874e-5dcf-44f7-8780-a5c482b47034 - - - - -] cinder.auth_section = None log_opt_values /usr/lib/python3/dist-packages/oslo_config/cfg.py:2609
2024-12-30 00:36:15.740 156071 DEBUG oslo_service.service [req-b2fc874e-5dcf-44f7-8780-a5c482b47034 - - - - -] cinder.auth_type = None log_opt_values /usr/lib/python3/dist-packages/oslo_config/cfg.py:2609
2024-12-30 00:36:15.740 156071 DEBUG oslo_service.service [req-b2fc874e-5dcf-44f7-8780-a5c482b47034 - - - - -] cinder.cafile = None log_opt_values /usr/lib/python3/dist-packages/oslo_config/cfg.py:2609
2024-12-30 00:36:15.740 156071 DEBUG oslo_service.service [req-b2fc874e-5dcf-44f7-8780-a5c482b47034 - - - - -] cinder.catalog_info = volumev3::publicURL log_opt_values /usr/lib/python3/dist-packages/oslo_config/cfg.py:2609
2024-12-30 00:36:15.740 156071 DEBUG oslo_service.service [req-b2fc874e-5dcf-44f7-8780-a5c482b47034 - - - - -] cinder.certfile = None log_opt_values /usr/lib/python3/dist-packages/oslo_config/cfg.py:2609
2024-12-30 00:36:15.741 156071 DEBUG oslo_service.service [req-b2fc874e-5dcf-44f7-8780-a5c482b47034 - - - - -] cinder.collect_timing = False log_opt_values /usr/lib/python3/dist-packages/oslo_config/cfg.py:2609
2024-12-30 00:36:15.741 156071 DEBUG oslo_service.service [req-b2fc874e-5dcf-44f7-8780-a5c482b47034 - - - - -] cinder.cross_az_attach = True log_opt_values /usr/lib/python3/dist-packages/oslo_config/cfg.py:2609
2024-12-30 00:36:15.741 156071 DEBUG oslo_service.service [req-b2fc874e-5dcf-44f7-8780-a5c482b47034 - - - - -] cinder.debug = False log_opt_values /usr/lib/python3/dist-packages/oslo_config/cfg.py:2609
2024-12-30 00:36:15.741 156071 DEBUG oslo_service.service [req-b2fc874e-5dcf-44f7-8780-a5c482b47034 - - - - -] cinder.endpoint_template = None log_opt_values /usr/lib/python3/dist-packages/oslo_config/cfg.py:2609
2024-12-30 00:36:15.741 156071 DEBUG oslo_service.service [req-b2fc874e-5dcf-44f7-8780-a5c482b47034 - - - - -] cinder.http_retries = 3 log_opt_values /usr/lib/python3/dist-packages/oslo_config/cfg.py:2609
2024-12-30 00:36:15.741 156535 DEBUG oslo_messaging._drivers.amqpdriver [-] Listener is running poll /usr/lib/python3/dist-packages/oslo_messaging/_drivers/amqpdriver.py:343
2024-12-30 00:36:15.741 156071 DEBUG oslo_service.service [req-b2fc874e-5dcf-44f7-8780-a5c482b47034 - - - - -] cinder.insecure = False log_opt_values /usr/lib/python3/dist-packages/oslo_config/cfg.py:2609
2024-12-30 00:36:15.742 156535 DEBUG oslo_messaging._drivers.amqpdriver [-] AMQPListener connection consume poll /usr/lib/python3/dist-packages/oslo_messaging/_drivers/amqpdriver.py:357
2024-12-30 00:36:15.742 156071 DEBUG oslo_service.service [req-b2fc874e-5dcf-44f7-8780-a5c482b47034 - - - - -] cinder.keyfile = None log_opt_values /usr/lib/python3/dist-packages/oslo_config/cfg.py:2609
2024-12-30 00:36:15.742 156071 DEBUG oslo_service.service [req-b2fc874e-5dcf-44f7-8780-a5c482b47034 - - - - -] cinder.os_region_name = None log_opt_values /usr/lib/python3/dist-packages/oslo_config/cfg.py:2609
2024-12-30 00:36:15.742 156071 DEBUG oslo_service.service [req-b2fc874e-5dcf-44f7-8780-a5c482b47034 - - - - -] cinder.split_loggers = False log_opt_values /usr/lib/python3/dist-packages/oslo_config/cfg.py:2609
2024-12-30 00:36:15.742 156071 DEBUG oslo_service.service [req-b2fc874e-5dcf-44f7-8780-a5c482b47034 - - - - -] cinder.timeout = None log_opt_values /usr/lib/python3/dist-packages/oslo_config/cfg.py:2609
2024-12-30 00:36:15.742 156535 DEBUG nova.service [req-7c6cdc1d-64f4-44e1-afde-44484d5acfdb - - - - -] Join ServiceGroup membership for this service conductor start /usr/lib/python3/dist-packages/nova/service.py:199
2024-12-30 00:36:15.742 156071 DEBUG oslo_service.service [req-b2fc874e-5dcf-44f7-8780-a5c482b47034 - - - - -] compute.consecutive_build_service_disable_threshold = 10 log_opt_values /usr/lib/python3/dist-packages/oslo_config/cfg.py:2609
2024-12-30 00:36:15.743 156071 DEBUG oslo_service.service [req-b2fc874e-5dcf-44f7-8780-a5c482b47034 - - - - -] compute.cpu_dedicated_set = None log_opt_values /usr/lib/python3/dist-packages/oslo_config/cfg.py:2609
2024-12-30 00:36:15.743 156071 DEBUG oslo_service.service [req-b2fc874e-5dcf-44f7-8780-a5c482b47034 - - - - -] compute.cpu_shared_set = None log_opt_values /usr/lib/python3/dist-packages/oslo_config/cfg.py:2609
2024-12-30 00:36:15.743 156535 DEBUG nova.servicegroup.drivers.db [req-7c6cdc1d-64f4-44e1-afde-44484d5acfdb - - - - -] DB_Driver: join new ServiceGroup member juju-68774b-0-lxd-7 to the conductor group, service = join /usr/lib/python3/dist-packages/nova/servicegroup/drivers/db.py:44
2024-12-30 00:36:15.743 156071 DEBUG oslo_service.service [req-b2fc874e-5dcf-44f7-8780-a5c482b47034 - - - - -] compute.image_type_exclude_list = [] log_opt_values /usr/lib/python3/dist-packages/oslo_config/cfg.py:2609
2024-12-30 00:36:15.743 156071 DEBUG oslo_service.service [req-b2fc874e-5dcf-44f7-8780-a5c482b47034 - - - - -] compute.live_migration_wait_for_vif_plug = True log_opt_values /usr/lib/python3/dist-packages/oslo_config/cfg.py:2609
2024-12-30 00:36:15.743 156071 DEBUG oslo_service.service [req-b2fc874e-5dcf-44f7-8780-a5c482b47034 - - - - -] compute.max_concurrent_disk_ops = 0 log_opt_values /usr/lib/python3/dist-packages/oslo_config/cfg.py:2609
2024-12-30 00:36:15.743 156071 DEBUG oslo_service.service [req-b2fc874e-5dcf-44f7-8780-a5c482b47034 - - - - -] compute.max_disk_devices_to_attach = -1 log_opt_values /usr/lib/python3/dist-packages/oslo_config/cfg.py:2609
2024-12-30 00:36:15.744 156071 DEBUG oslo_service.service [req-b2fc874e-5dcf-44f7-8780-a5c482b47034 - - - - -] compute.packing_host_numa_cells_allocation_strategy = True log_opt_values /usr/lib/python3/dist-packages/oslo_config/cfg.py:2609
2024-12-30 00:36:15.744 156071 DEBUG oslo_service.service [req-b2fc874e-5dcf-44f7-8780-a5c482b47034 - - - - -] compute.provider_config_location = /etc/nova/provider_config/ log_opt_values /usr/lib/python3/dist-packages/oslo_config/cfg.py:2609
2024-12-30 00:36:15.744 156071 DEBUG oslo_service.service [req-b2fc874e-5dcf-44f7-8780-a5c482b47034 - - - - -] compute.resource_provider_association_refresh = 300 log_opt_values /usr/lib/python3/dist-packages/oslo_config/cfg.py:2609
2024-12-30 00:36:15.744 156071 DEBUG oslo_service.service [req-b2fc874e-5dcf-44f7-8780-a5c482b47034 - - - - -] compute.shutdown_retry_interval = 10 log_opt_values /usr/lib/python3/dist-packages/oslo_config/cfg.py:2609
2024-12-30 00:36:15.744 156071 DEBUG oslo_service.service [req-b2fc874e-5dcf-44f7-8780-a5c482b47034 - - - - -] compute.vmdk_allowed_types = ['streamOptimized', 'monolithicSparse'] log_opt_values /usr/lib/python3/dist-packages/oslo_config/cfg.py:2609
2024-12-30 00:36:15.744 156552 DEBUG oslo_messaging._drivers.amqpdriver [-] Listener is running poll /usr/lib/python3/dist-packages/oslo_messaging/_drivers/amqpdriver.py:343
2024-12-30 00:36:15.745 156071 DEBUG oslo_service.service [req-b2fc874e-5dcf-44f7-8780-a5c482b47034 - - - - -] conductor.workers = 4 log_opt_values /usr/lib/python3/dist-packages/oslo_config/cfg.py:2609
2024-12-30 00:36:15.745 156071 DEBUG oslo_service.service [req-b2fc874e-5dcf-44f7-8780-a5c482b47034 - - - - -] console.allowed_origins = [] log_opt_values /usr/lib/python3/dist-packages/oslo_config/cfg.py:2609
2024-12-30 00:36:15.745 156552 DEBUG oslo_messaging._drivers.amqpdriver [-] AMQPListener connection consume poll /usr/lib/python3/dist-packages/oslo_messaging/_drivers/amqpdriver.py:357
2024-12-30 00:36:15.745 156071 DEBUG oslo_service.service [req-b2fc874e-5dcf-44f7-8780-a5c482b47034 - - - - -] console.ssl_ciphers = None log_opt_values /usr/lib/python3/dist-packages/oslo_config/cfg.py:2609
2024-12-30 00:36:15.745 156071 DEBUG oslo_service.service [req-b2fc874e-5dcf-44f7-8780-a5c482b47034 - - - - -] console.ssl_minimum_version = default log_opt_values /usr/lib/python3/dist-packages/oslo_config/cfg.py:2609
2024-12-30 00:36:15.745 156071 DEBUG oslo_service.service [req-b2fc874e-5dcf-44f7-8780-a5c482b47034 - - - - -] consoleauth.token_ttl = 600 log_opt_values /usr/lib/python3/dist-packages/oslo_config/cfg.py:2609
2024-12-30 00:36:15.745 156071 DEBUG oslo_service.service [req-b2fc874e-5dcf-44f7-8780-a5c482b47034 - - - - -] cyborg.cafile = None log_opt_values /usr/lib/python3/dist-packages/oslo_config/cfg.py:2609
2024-12-30 00:36:15.745 156552 DEBUG nova.service [req-7d935683-2b25-4c6c-8630-0e301325b8a2 - - - - -] Join ServiceGroup membership for this service conductor start /usr/lib/python3/dist-packages/nova/service.py:199
2024-12-30 00:36:15.746 156071 DEBUG oslo_service.service [req-b2fc874e-5dcf-44f7-8780-a5c482b47034 - - - - -] cyborg.certfile = None log_opt_values /usr/lib/python3/dist-packages/oslo_config/cfg.py:2609
2024-12-30 00:36:15.746 156535 DEBUG oslo_messaging._drivers.amqpdriver [-] AMQPListener connection timeout poll /usr/lib/python3/dist-packages/oslo_messaging/_drivers/amqpdriver.py:360
2024-12-30 00:36:15.746 156071 DEBUG oslo_service.service [req-b2fc874e-5dcf-44f7-8780-a5c482b47034 - - - - -] cyborg.collect_timing = False log_opt_values /usr/lib/python3/dist-packages/oslo_config/cfg.py:2609
2024-12-30 00:36:15.746 156535 DEBUG oslo_messaging._drivers.amqpdriver [-] Listener is running poll /usr/lib/python3/dist-packages/oslo_messaging/_drivers/amqpdriver.py:343
2024-12-30 00:36:15.746 156552 DEBUG nova.servicegroup.drivers.db [req-7d935683-2b25-4c6c-8630-0e301325b8a2 - - - - -] DB_Driver: join new ServiceGroup member juju-68774b-0-lxd-7 to the conductor group, service = join /usr/lib/python3/dist-packages/nova/servicegroup/drivers/db.py:44
2024-12-30 00:36:15.746 156535 DEBUG oslo_messaging._drivers.amqpdriver [-] AMQPListener connection consume poll /usr/lib/python3/dist-packages/oslo_messaging/_drivers/amqpdriver.py:357
2024-12-30 00:36:15.746 156071 DEBUG oslo_service.service [req-b2fc874e-5dcf-44f7-8780-a5c482b47034 - - - - -] cyborg.connect_retries = None log_opt_values /usr/lib/python3/dist-packages/oslo_config/cfg.py:2609
2024-12-30 00:36:15.746 156071 DEBUG oslo_service.service [req-b2fc874e-5dcf-44f7-8780-a5c482b47034 - - - - -] cyborg.connect_retry_delay = None log_opt_values /usr/lib/python3/dist-packages/oslo_config/cfg.py:2609
2024-12-30 00:36:15.746 156071 DEBUG oslo_service.service [req-b2fc874e-5dcf-44f7-8780-a5c482b47034 - - - - -] cyborg.endpoint_override = None log_opt_values /usr/lib/python3/dist-packages/oslo_config/cfg.py:2609
2024-12-30 00:36:15.746 156071 DEBUG oslo_service.service [req-b2fc874e-5dcf-44f7-8780-a5c482b47034 - - - - -] cyborg.insecure = False log_opt_values /usr/lib/python3/dist-packages/oslo_config/cfg.py:2609
2024-12-30 00:36:15.747 156071 DEBUG oslo_service.service [req-b2fc874e-5dcf-44f7-8780-a5c482b47034 - - - - -] cyborg.keyfile = None log_opt_values /usr/lib/python3/dist-packages/oslo_config/cfg.py:2609
2024-12-30 00:36:15.747 156071 DEBUG oslo_service.service [req-b2fc874e-5dcf-44f7-8780-a5c482b47034 - - - - -] cyborg.max_version = None log_opt_values /usr/lib/python3/dist-packages/oslo_config/cfg.py:2609
2024-12-30 00:36:15.747 156071 DEBUG oslo_service.service [req-b2fc874e-5dcf-44f7-8780-a5c482b47034 - - - - -] cyborg.min_version = None log_opt_values /usr/lib/python3/dist-packages/oslo_config/cfg.py:2609
2024-12-30 00:36:15.747 156071 DEBUG oslo_service.service [req-b2fc874e-5dcf-44f7-8780-a5c482b47034 - - - - -] cyborg.region_name = None log_opt_values /usr/lib/python3/dist-packages/oslo_config/cfg.py:2609
2024-12-30 00:36:15.747 156071 DEBUG oslo_service.service [req-b2fc874e-5dcf-44f7-8780-a5c482b47034 - - - - -] cyborg.service_name = None log_opt_values /usr/lib/python3/dist-packages/oslo_config/cfg.py:2609
2024-12-30 00:36:15.747 156071 DEBUG oslo_service.service [req-b2fc874e-5dcf-44f7-8780-a5c482b47034 - - - - -] cyborg.service_type = accelerator log_opt_values /usr/lib/python3/dist-packages/oslo_config/cfg.py:2609
2024-12-30 00:36:15.747 156071 DEBUG oslo_service.service [req-b2fc874e-5dcf-44f7-8780-a5c482b47034 - - - - -] cyborg.split_loggers = False log_opt_values /usr/lib/python3/dist-packages/oslo_config/cfg.py:2609
2024-12-30 00:36:15.748 156071 DEBUG oslo_service.service [req-b2fc874e-5dcf-44f7-8780-a5c482b47034 - - - - -] cyborg.status_code_retries = None log_opt_values /usr/lib/python3/dist-packages/oslo_config/cfg.py:2609
2024-12-30 00:36:15.748 156071 DEBUG oslo_service.service [req-b2fc874e-5dcf-44f7-8780-a5c482b47034 - - - - -] cyborg.status_code_retry_delay = None log_opt_values /usr/lib/python3/dist-packages/oslo_config/cfg.py:2609
2024-12-30 00:36:15.748 156553 DEBUG oslo_messaging._drivers.amqpdriver [-] Listener is running poll /usr/lib/python3/dist-packages/oslo_messaging/_drivers/amqpdriver.py:343
2024-12-30 00:36:15.748 156071 DEBUG oslo_service.service [req-b2fc874e-5dcf-44f7-8780-a5c482b47034 - - - - -] cyborg.timeout = None log_opt_values /usr/lib/python3/dist-packages/oslo_config/cfg.py:2609
2024-12-30 00:36:15.748 156071 DEBUG oslo_service.service [req-b2fc874e-5dcf-44f7-8780-a5c482b47034 - - - - -] cyborg.valid_interfaces = ['internal', 'public'] log_opt_values /usr/lib/python3/dist-packages/oslo_config/cfg.py:2609
2024-12-30 00:36:15.748 156553 DEBUG oslo_messaging._drivers.amqpdriver [-] AMQPListener connection consume poll /usr/lib/python3/dist-packages/oslo_messaging/_drivers/amqpdriver.py:357
2024-12-30 00:36:15.748 156071 DEBUG oslo_service.service [req-b2fc874e-5dcf-44f7-8780-a5c482b47034 - - - - -] cyborg.version = None log_opt_values /usr/lib/python3/dist-packages/oslo_config/cfg.py:2609
2024-12-30 00:36:15.748 156071 DEBUG oslo_service.service [req-b2fc874e-5dcf-44f7-8780-a5c482b47034 - - - - -] database.backend = sqlalchemy log_opt_values /usr/lib/python3/dist-packages/oslo_config/cfg.py:2609
2024-12-30 00:36:15.749 156071 DEBUG oslo_service.service [req-b2fc874e-5dcf-44f7-8780-a5c482b47034 - - - - -] database.connection = **** log_opt_values /usr/lib/python3/dist-packages/oslo_config/cfg.py:2609
2024-12-30 00:36:15.749 156553 DEBUG nova.service [req-b3c31d20-3ac4-4ea8-822d-8cbbf7e4c453 - - - - -] Join ServiceGroup membership for this service conductor start /usr/lib/python3/dist-packages/nova/service.py:199
2024-12-30 00:36:15.749 156071 DEBUG oslo_service.service [req-b2fc874e-5dcf-44f7-8780-a5c482b47034 - - - - -] database.connection_debug = 0 log_opt_values /usr/lib/python3/dist-packages/oslo_config/cfg.py:2609
2024-12-30 00:36:15.749 156553 DEBUG nova.servicegroup.drivers.db [req-b3c31d20-3ac4-4ea8-822d-8cbbf7e4c453 - - - - -] DB_Driver: join new ServiceGroup member juju-68774b-0-lxd-7 to the conductor group, service = join /usr/lib/python3/dist-packages/nova/servicegroup/drivers/db.py:44
2024-12-30 00:36:15.749 156071 DEBUG oslo_service.service [req-b2fc874e-5dcf-44f7-8780-a5c482b47034 - - - - -] database.connection_parameters = log_opt_values /usr/lib/python3/dist-packages/oslo_config/cfg.py:2609
2024-12-30 00:36:15.749 156552 DEBUG oslo_messaging._drivers.amqpdriver [-] AMQPListener connection timeout poll /usr/lib/python3/dist-packages/oslo_messaging/_drivers/amqpdriver.py:360
2024-12-30 00:36:15.749 156071 DEBUG oslo_service.service [req-b2fc874e-5dcf-44f7-8780-a5c482b47034 - - - - -] database.connection_recycle_time = 3600 log_opt_values /usr/lib/python3/dist-packages/oslo_config/cfg.py:2609
2024-12-30 00:36:15.749 156552 DEBUG oslo_messaging._drivers.amqpdriver [-] Listener is running poll /usr/lib/python3/dist-packages/oslo_messaging/_drivers/amqpdriver.py:343
2024-12-30 00:36:15.749 156071 DEBUG oslo_service.service [req-b2fc874e-5dcf-44f7-8780-a5c482b47034 - - - - -] database.connection_trace = False log_opt_values /usr/lib/python3/dist-packages/oslo_config/cfg.py:2609
2024-12-30 00:36:15.750 156552 DEBUG oslo_messaging._drivers.amqpdriver [-] AMQPListener connection consume poll /usr/lib/python3/dist-packages/oslo_messaging/_drivers/amqpdriver.py:357
2024-12-30 00:36:15.750 156071 DEBUG oslo_service.service [req-b2fc874e-5dcf-44f7-8780-a5c482b47034 - - - - -] database.db_inc_retry_interval = True log_opt_values /usr/lib/python3/dist-packages/oslo_config/cfg.py:2609
2024-12-30 00:36:15.750 156071 DEBUG oslo_service.service [req-b2fc874e-5dcf-44f7-8780-a5c482b47034 - - - - -] database.db_max_retries = 20 log_opt_values /usr/lib/python3/dist-packages/oslo_config/cfg.py:2609
2024-12-30 00:36:15.750 156071 DEBUG oslo_service.service [req-b2fc874e-5dcf-44f7-8780-a5c482b47034 - - - - -] database.db_max_retry_interval = 10 log_opt_values /usr/lib/python3/dist-packages/oslo_config/cfg.py:2609
2024-12-30 00:36:15.750 156071 DEBUG oslo_service.service [req-b2fc874e-5dcf-44f7-8780-a5c482b47034 - - - - -] database.db_retry_interval = 1 log_opt_values /usr/lib/python3/dist-packages/oslo_config/cfg.py:2609
2024-12-30 00:36:15.750 156071 DEBUG oslo_service.service [req-b2fc874e-5dcf-44f7-8780-a5c482b47034 - - - - -] database.max_overflow = 50 log_opt_values /usr/lib/python3/dist-packages/oslo_config/cfg.py:2609
2024-12-30 00:36:15.750 156071 DEBUG oslo_service.service [req-b2fc874e-5dcf-44f7-8780-a5c482b47034 - - - - -] database.max_pool_size = 4 log_opt_values /usr/lib/python3/dist-packages/oslo_config/cfg.py:2609
2024-12-30 00:36:15.751 156071 DEBUG oslo_service.service [req-b2fc874e-5dcf-44f7-8780-a5c482b47034 - - - - -] database.max_retries = 10 log_opt_values /usr/lib/python3/dist-packages/oslo_config/cfg.py:2609
2024-12-30 00:36:15.751 156071 DEBUG oslo_service.service [req-b2fc874e-5dcf-44f7-8780-a5c482b47034 - - - - -] database.mysql_enable_ndb = False log_opt_values /usr/lib/python3/dist-packages/oslo_config/cfg.py:2609
2024-12-30 00:36:15.751 156071 DEBUG oslo_service.service [req-b2fc874e-5dcf-44f7-8780-a5c482b47034 - - - - -] database.mysql_sql_mode = TRADITIONAL log_opt_values /usr/lib/python3/dist-packages/oslo_config/cfg.py:2609
2024-12-30 00:36:15.751 156071 DEBUG oslo_service.service [req-b2fc874e-5dcf-44f7-8780-a5c482b47034 - - - - -] database.pool_timeout = None log_opt_values /usr/lib/python3/dist-packages/oslo_config/cfg.py:2609
2024-12-30 00:36:15.751 156071 DEBUG oslo_service.service [req-b2fc874e-5dcf-44f7-8780-a5c482b47034 - - - - -] database.retry_interval = 10 log_opt_values /usr/lib/python3/dist-packages/oslo_config/cfg.py:2609
2024-12-30 00:36:15.751 156553 DEBUG oslo_messaging._drivers.amqpdriver [-] AMQPListener connection timeout poll /usr/lib/python3/dist-packages/oslo_messaging/_drivers/amqpdriver.py:360
2024-12-30 00:36:15.751 156071 DEBUG oslo_service.service [req-b2fc874e-5dcf-44f7-8780-a5c482b47034 - - - - -] database.slave_connection = **** log_opt_values /usr/lib/python3/dist-packages/oslo_config/cfg.py:2609
2024-12-30 00:36:15.752 156553 DEBUG oslo_messaging._drivers.amqpdriver [-] Listener is running poll /usr/lib/python3/dist-packages/oslo_messaging/_drivers/amqpdriver.py:343
2024-12-30 00:36:15.752 156553 DEBUG oslo_messaging._drivers.amqpdriver [-] AMQPListener connection consume poll /usr/lib/python3/dist-packages/oslo_messaging/_drivers/amqpdriver.py:357
2024-12-30 00:36:15.752 156071 DEBUG oslo_service.service [req-b2fc874e-5dcf-44f7-8780-a5c482b47034 - - - - -] database.sqlite_synchronous = True log_opt_values /usr/lib/python3/dist-packages/oslo_config/cfg.py:2609
2024-12-30 00:36:15.752 156071 DEBUG oslo_service.service [req-b2fc874e-5dcf-44f7-8780-a5c482b47034 - - - - -] database.use_db_reconnect = False log_opt_values /usr/lib/python3/dist-packages/oslo_config/cfg.py:2609
2024-12-30 00:36:15.752 156071 DEBUG oslo_service.service [req-b2fc874e-5dcf-44f7-8780-a5c482b47034 - - - - -] api_database.backend = sqlalchemy log_opt_values /usr/lib/python3/dist-packages/oslo_config/cfg.py:2609
2024-12-30 00:36:15.752 156071 DEBUG oslo_service.service [req-b2fc874e-5dcf-44f7-8780-a5c482b47034 - - - - -] api_database.connection = **** log_opt_values /usr/lib/python3/dist-packages/oslo_config/cfg.py:2609
2024-12-30 00:36:15.752 156071 DEBUG oslo_service.service [req-b2fc874e-5dcf-44f7-8780-a5c482b47034 - - - - -] api_database.connection_debug = 0 log_opt_values /usr/lib/python3/dist-packages/oslo_config/cfg.py:2609
2024-12-30 00:36:15.752 156071 DEBUG oslo_service.service [req-b2fc874e-5dcf-44f7-8780-a5c482b47034 - - - - -] api_database.connection_parameters = log_opt_values /usr/lib/python3/dist-packages/oslo_config/cfg.py:2609
2024-12-30 00:36:15.753 156071 DEBUG oslo_service.service [req-b2fc874e-5dcf-44f7-8780-a5c482b47034 - - - - -] api_database.connection_recycle_time = 3600 log_opt_values /usr/lib/python3/dist-packages/oslo_config/cfg.py:2609
2024-12-30 00:36:15.753 156071 DEBUG oslo_service.service [req-b2fc874e-5dcf-44f7-8780-a5c482b47034 - - - - -] api_database.connection_trace = False log_opt_values /usr/lib/python3/dist-packages/oslo_config/cfg.py:2609
2024-12-30 00:36:15.753 156071 DEBUG oslo_service.service [req-b2fc874e-5dcf-44f7-8780-a5c482b47034 - - - - -] api_database.db_inc_retry_interval = True log_opt_values /usr/lib/python3/dist-packages/oslo_config/cfg.py:2609
2024-12-30 00:36:15.753 156071 DEBUG oslo_service.service [req-b2fc874e-5dcf-44f7-8780-a5c482b47034 - - - - -] api_database.db_max_retries = 20 log_opt_values /usr/lib/python3/dist-packages/oslo_config/cfg.py:2609
2024-12-30 00:36:15.753 156071 DEBUG oslo_service.service [req-b2fc874e-5dcf-44f7-8780-a5c482b47034 - - - - -] api_database.db_max_retry_interval = 10 log_opt_values /usr/lib/python3/dist-packages/oslo_config/cfg.py:2609
2024-12-30 00:36:15.753 156071 DEBUG oslo_service.service [req-b2fc874e-5dcf-44f7-8780-a5c482b47034 - - - - -] api_database.db_retry_interval = 1 log_opt_values /usr/lib/python3/dist-packages/oslo_config/cfg.py:2609
2024-12-30 00:36:15.754 156071 DEBUG oslo_service.service [req-b2fc874e-5dcf-44f7-8780-a5c482b47034 - - - - -] api_database.max_overflow = 50 log_opt_values /usr/lib/python3/dist-packages/oslo_config/cfg.py:2609
2024-12-30 00:36:15.754 156542 DEBUG nova.service [req-7622db35-a9ac-4f47-bd12-4dcce434e6fc - - - - -] Creating RPC server for service conductor start /usr/lib/python3/dist-packages/nova/service.py:182
2024-12-30 00:36:15.754 156071 DEBUG oslo_service.service [req-b2fc874e-5dcf-44f7-8780-a5c482b47034 - - - - -] api_database.max_pool_size = 4 log_opt_values /usr/lib/python3/dist-packages/oslo_config/cfg.py:2609
2024-12-30 00:36:15.754 156071 DEBUG oslo_service.service [req-b2fc874e-5dcf-44f7-8780-a5c482b47034 - - - - -] api_database.max_retries = 10 log_opt_values /usr/lib/python3/dist-packages/oslo_config/cfg.py:2609
2024-12-30 00:36:15.754 156071 DEBUG oslo_service.service [req-b2fc874e-5dcf-44f7-8780-a5c482b47034 - - - - -] api_database.mysql_enable_ndb = False log_opt_values /usr/lib/python3/dist-packages/oslo_config/cfg.py:2609
2024-12-30 00:36:15.754 156071 DEBUG oslo_service.service [req-b2fc874e-5dcf-44f7-8780-a5c482b47034 - - - - -] api_database.mysql_sql_mode = TRADITIONAL log_opt_values /usr/lib/python3/dist-packages/oslo_config/cfg.py:2609
2024-12-30 00:36:15.754 156071 DEBUG oslo_service.service [req-b2fc874e-5dcf-44f7-8780-a5c482b47034 - - - - -] api_database.pool_timeout = None log_opt_values /usr/lib/python3/dist-packages/oslo_config/cfg.py:2609
2024-12-30 00:36:15.755 156071 DEBUG oslo_service.service [req-b2fc874e-5dcf-44f7-8780-a5c482b47034 - - - - -] api_database.retry_interval = 10 log_opt_values /usr/lib/python3/dist-packages/oslo_config/cfg.py:2609
2024-12-30 00:36:15.755 156071 DEBUG oslo_service.service [req-b2fc874e-5dcf-44f7-8780-a5c482b47034 - - - - -] api_database.slave_connection = **** log_opt_values /usr/lib/python3/dist-packages/oslo_config/cfg.py:2609
2024-12-30 00:36:15.755 156071 DEBUG oslo_service.service [req-b2fc874e-5dcf-44f7-8780-a5c482b47034 - - - - -] api_database.sqlite_synchronous = True log_opt_values /usr/lib/python3/dist-packages/oslo_config/cfg.py:2609
2024-12-30 00:36:15.755 156071 DEBUG oslo_service.service [req-b2fc874e-5dcf-44f7-8780-a5c482b47034 - - - - -] devices.enabled_mdev_types = [] log_opt_values /usr/lib/python3/dist-packages/oslo_config/cfg.py:2609
2024-12-30 00:36:15.755 156071 DEBUG oslo_service.service [req-b2fc874e-5dcf-44f7-8780-a5c482b47034 - - - - -] ephemeral_storage_encryption.cipher = aes-xts-plain64 log_opt_values /usr/lib/python3/dist-packages/oslo_config/cfg.py:2609
2024-12-30 00:36:15.755 156071 DEBUG oslo_service.service [req-b2fc874e-5dcf-44f7-8780-a5c482b47034 - - - - -] ephemeral_storage_encryption.enabled = False log_opt_values /usr/lib/python3/dist-packages/oslo_config/cfg.py:2609
2024-12-30 00:36:15.756 156071 DEBUG oslo_service.service [req-b2fc874e-5dcf-44f7-8780-a5c482b47034 - - - - -] ephemeral_storage_encryption.key_size = 512 log_opt_values /usr/lib/python3/dist-packages/oslo_config/cfg.py:2609
2024-12-30 00:36:15.756 156071 WARNING oslo_config.cfg [req-b2fc874e-5dcf-44f7-8780-a5c482b47034 - - - - -] Deprecated: Option "api_servers" from group "glance" is deprecated for removal ( Support for image service configuration via standard keystoneauth1 Adapter options was added in the 17.0.0 Queens release. The api_servers option was retained temporarily to allow consumers time to cut over to a real load balancing solution. ). Its value may be silently ignored in the future.
2024-12-30 00:36:15.756 156071 DEBUG oslo_service.service [req-b2fc874e-5dcf-44f7-8780-a5c482b47034 - - - - -] glance.api_servers = ['http://252.24.115.100:9292'] log_opt_values /usr/lib/python3/dist-packages/oslo_config/cfg.py:2609
2024-12-30 00:36:15.756 156071 DEBUG oslo_service.service [req-b2fc874e-5dcf-44f7-8780-a5c482b47034 - - - - -] glance.cafile = None log_opt_values /usr/lib/python3/dist-packages/oslo_config/cfg.py:2609
2024-12-30 00:36:15.756 156071 DEBUG oslo_service.service [req-b2fc874e-5dcf-44f7-8780-a5c482b47034 - - - - -] glance.certfile = None log_opt_values /usr/lib/python3/dist-packages/oslo_config/cfg.py:2609
2024-12-30 00:36:15.757 156071 DEBUG oslo_service.service [req-b2fc874e-5dcf-44f7-8780-a5c482b47034 - - - - -] glance.collect_timing = False log_opt_values /usr/lib/python3/dist-packages/oslo_config/cfg.py:2609
2024-12-30 00:36:15.757 156071 DEBUG oslo_service.service [req-b2fc874e-5dcf-44f7-8780-a5c482b47034 - - - - -] glance.connect_retries = None log_opt_values /usr/lib/python3/dist-packages/oslo_config/cfg.py:2609
2024-12-30 00:36:15.757 156071 DEBUG oslo_service.service [req-b2fc874e-5dcf-44f7-8780-a5c482b47034 - - - - -] glance.connect_retry_delay = None log_opt_values /usr/lib/python3/dist-packages/oslo_config/cfg.py:2609
2024-12-30 00:36:15.757 156071 DEBUG oslo_service.service [req-b2fc874e-5dcf-44f7-8780-a5c482b47034 - - - - -] glance.debug = False log_opt_values /usr/lib/python3/dist-packages/oslo_config/cfg.py:2609
2024-12-30 00:36:15.757 156071 DEBUG oslo_service.service [req-b2fc874e-5dcf-44f7-8780-a5c482b47034 - - - - -] glance.default_trusted_certificate_ids = [] log_opt_values /usr/lib/python3/dist-packages/oslo_config/cfg.py:2609
2024-12-30 00:36:15.758 156071 DEBUG oslo_service.service [req-b2fc874e-5dcf-44f7-8780-a5c482b47034 - - - - -] glance.enable_certificate_validation = False log_opt_values /usr/lib/python3/dist-packages/oslo_config/cfg.py:2609
2024-12-30 00:36:15.758 156071 DEBUG oslo_service.service [req-b2fc874e-5dcf-44f7-8780-a5c482b47034 - - - - -] glance.enable_rbd_download = False log_opt_values /usr/lib/python3/dist-packages/oslo_config/cfg.py:2609
2024-12-30 00:36:15.758 156071 DEBUG oslo_service.service [req-b2fc874e-5dcf-44f7-8780-a5c482b47034 - - - - -] glance.endpoint_override = None log_opt_values /usr/lib/python3/dist-packages/oslo_config/cfg.py:2609
2024-12-30 00:36:15.758 156071 DEBUG oslo_service.service [req-b2fc874e-5dcf-44f7-8780-a5c482b47034 - - - - -] glance.insecure = False log_opt_values /usr/lib/python3/dist-packages/oslo_config/cfg.py:2609
2024-12-30 00:36:15.758 156071 DEBUG oslo_service.service [req-b2fc874e-5dcf-44f7-8780-a5c482b47034 - - - - -] glance.keyfile = None log_opt_values /usr/lib/python3/dist-packages/oslo_config/cfg.py:2609
2024-12-30 00:36:15.758 156071 DEBUG oslo_service.service [req-b2fc874e-5dcf-44f7-8780-a5c482b47034 - - - - -] glance.max_version = None log_opt_values /usr/lib/python3/dist-packages/oslo_config/cfg.py:2609
2024-12-30 00:36:15.759 156071 DEBUG oslo_service.service [req-b2fc874e-5dcf-44f7-8780-a5c482b47034 - - - - -] glance.min_version = None log_opt_values /usr/lib/python3/dist-packages/oslo_config/cfg.py:2609
2024-12-30 00:36:15.759 156071 DEBUG oslo_service.service [req-b2fc874e-5dcf-44f7-8780-a5c482b47034 - - - - -] glance.num_retries = 3 log_opt_values /usr/lib/python3/dist-packages/oslo_config/cfg.py:2609
2024-12-30 00:36:15.759 156071 DEBUG oslo_service.service [req-b2fc874e-5dcf-44f7-8780-a5c482b47034 - - - - -] glance.rbd_ceph_conf = log_opt_values /usr/lib/python3/dist-packages/oslo_config/cfg.py:2609
2024-12-30 00:36:15.759 156071 DEBUG oslo_service.service [req-b2fc874e-5dcf-44f7-8780-a5c482b47034 - - - - -] glance.rbd_connect_timeout = 5 log_opt_values /usr/lib/python3/dist-packages/oslo_config/cfg.py:2609
2024-12-30 00:36:15.759 156071 DEBUG oslo_service.service [req-b2fc874e-5dcf-44f7-8780-a5c482b47034 - - - - -] glance.rbd_pool = log_opt_values /usr/lib/python3/dist-packages/oslo_config/cfg.py:2609
2024-12-30 00:36:15.759 156071 DEBUG oslo_service.service [req-b2fc874e-5dcf-44f7-8780-a5c482b47034 - - - - -] glance.rbd_user = log_opt_values /usr/lib/python3/dist-packages/oslo_config/cfg.py:2609
2024-12-30 00:36:15.760 156071 DEBUG oslo_service.service [req-b2fc874e-5dcf-44f7-8780-a5c482b47034 - - - - -] glance.region_name = None log_opt_values /usr/lib/python3/dist-packages/oslo_config/cfg.py:2609
2024-12-30 00:36:15.760 156071 DEBUG oslo_service.service [req-b2fc874e-5dcf-44f7-8780-a5c482b47034 - - - - -] glance.service_name = None log_opt_values /usr/lib/python3/dist-packages/oslo_config/cfg.py:2609
2024-12-30 00:36:15.760 156071 DEBUG oslo_service.service [req-b2fc874e-5dcf-44f7-8780-a5c482b47034 - - - - -] glance.service_type = image log_opt_values /usr/lib/python3/dist-packages/oslo_config/cfg.py:2609
2024-12-30 00:36:15.760 156071 DEBUG oslo_service.service [req-b2fc874e-5dcf-44f7-8780-a5c482b47034 - - - - -] glance.split_loggers = False log_opt_values /usr/lib/python3/dist-packages/oslo_config/cfg.py:2609
2024-12-30 00:36:15.760 156071 DEBUG oslo_service.service [req-b2fc874e-5dcf-44f7-8780-a5c482b47034 - - - - -] glance.status_code_retries = None log_opt_values /usr/lib/python3/dist-packages/oslo_config/cfg.py:2609
2024-12-30 00:36:15.760 156071 DEBUG oslo_service.service [req-b2fc874e-5dcf-44f7-8780-a5c482b47034 - - - - -] glance.status_code_retry_delay = None log_opt_values /usr/lib/python3/dist-packages/oslo_config/cfg.py:2609
2024-12-30 00:36:15.761 156071 DEBUG oslo_service.service [req-b2fc874e-5dcf-44f7-8780-a5c482b47034 - - - - -] glance.timeout = None log_opt_values /usr/lib/python3/dist-packages/oslo_config/cfg.py:2609
2024-12-30 00:36:15.761 156071 DEBUG oslo_service.service [req-b2fc874e-5dcf-44f7-8780-a5c482b47034 - - - - -] glance.valid_interfaces = ['internal', 'public'] log_opt_values /usr/lib/python3/dist-packages/oslo_config/cfg.py:2609
2024-12-30 00:36:15.761 156071 DEBUG oslo_service.service [req-b2fc874e-5dcf-44f7-8780-a5c482b47034 - - - - -] glance.verify_glance_signatures = False log_opt_values /usr/lib/python3/dist-packages/oslo_config/cfg.py:2609
2024-12-30 00:36:15.761 156071 DEBUG oslo_service.service [req-b2fc874e-5dcf-44f7-8780-a5c482b47034 - - - - -] glance.version = None log_opt_values /usr/lib/python3/dist-packages/oslo_config/cfg.py:2609
2024-12-30 00:36:15.762 156071 DEBUG oslo_service.service [req-b2fc874e-5dcf-44f7-8780-a5c482b47034 - - - - -] guestfs.debug = False log_opt_values /usr/lib/python3/dist-packages/oslo_config/cfg.py:2609
2024-12-30 00:36:15.762 156071 DEBUG oslo_service.service [req-b2fc874e-5dcf-44f7-8780-a5c482b47034 - - - - -] hyperv.config_drive_cdrom = False log_opt_values /usr/lib/python3/dist-packages/oslo_config/cfg.py:2609
2024-12-30 00:36:15.762 156071 DEBUG oslo_service.service [req-b2fc874e-5dcf-44f7-8780-a5c482b47034 - - - - -] hyperv.config_drive_inject_password = False log_opt_values /usr/lib/python3/dist-packages/oslo_config/cfg.py:2609
2024-12-30 00:36:15.762 156071 DEBUG oslo_service.service [req-b2fc874e-5dcf-44f7-8780-a5c482b47034 - - - - -] hyperv.dynamic_memory_ratio = 1.0 log_opt_values /usr/lib/python3/dist-packages/oslo_config/cfg.py:2609
2024-12-30 00:36:15.762 156071 DEBUG oslo_service.service [req-b2fc874e-5dcf-44f7-8780-a5c482b47034 - - - - -] hyperv.enable_instance_metrics_collection = False log_opt_values /usr/lib/python3/dist-packages/oslo_config/cfg.py:2609
2024-12-30 00:36:15.762 156071 DEBUG oslo_service.service [req-b2fc874e-5dcf-44f7-8780-a5c482b47034 - - - - -] hyperv.enable_remotefx = False log_opt_values /usr/lib/python3/dist-packages/oslo_config/cfg.py:2609
2024-12-30 00:36:15.763 156071 DEBUG oslo_service.service [req-b2fc874e-5dcf-44f7-8780-a5c482b47034 - - - - -] hyperv.instances_path_share = log_opt_values /usr/lib/python3/dist-packages/oslo_config/cfg.py:2609
2024-12-30 00:36:15.763 156071 DEBUG oslo_service.service [req-b2fc874e-5dcf-44f7-8780-a5c482b47034 - - - - -] hyperv.iscsi_initiator_list = [] log_opt_values /usr/lib/python3/dist-packages/oslo_config/cfg.py:2609
2024-12-30 00:36:15.763 156071 DEBUG oslo_service.service [req-b2fc874e-5dcf-44f7-8780-a5c482b47034 - - - - -] hyperv.limit_cpu_features = False log_opt_values /usr/lib/python3/dist-packages/oslo_config/cfg.py:2609
2024-12-30 00:36:15.763 156071 DEBUG oslo_service.service [req-b2fc874e-5dcf-44f7-8780-a5c482b47034 - - - - -] hyperv.mounted_disk_query_retry_count = 10 log_opt_values /usr/lib/python3/dist-packages/oslo_config/cfg.py:2609
2024-12-30 00:36:15.763 156071 DEBUG oslo_service.service [req-b2fc874e-5dcf-44f7-8780-a5c482b47034 - - - - -] hyperv.mounted_disk_query_retry_interval = 5 log_opt_values /usr/lib/python3/dist-packages/oslo_config/cfg.py:2609
2024-12-30 00:36:15.764 156071 DEBUG oslo_service.service [req-b2fc874e-5dcf-44f7-8780-a5c482b47034 - - - - -] hyperv.power_state_check_timeframe = 60 log_opt_values /usr/lib/python3/dist-packages/oslo_config/cfg.py:2609
