2024-12-30 00:31:11.585 35956 DEBUG oslo_service.service [-] database.mysql_enable_ndb = False log_opt_values /usr/lib/python3/dist-packages/oslo_config/cfg.py:2609
2024-12-30 00:31:11.585 35956 DEBUG oslo_service.service [-] database.mysql_sql_mode = TRADITIONAL log_opt_values /usr/lib/python3/dist-packages/oslo_config/cfg.py:2609
2024-12-30 00:31:11.585 35956 DEBUG oslo_service.service [-] database.pool_timeout = None log_opt_values /usr/lib/python3/dist-packages/oslo_config/cfg.py:2609
2024-12-30 00:31:11.585 35956 DEBUG oslo_service.service [-] database.retry_interval = 10 log_opt_values /usr/lib/python3/dist-packages/oslo_config/cfg.py:2609
2024-12-30 00:31:11.586 35956 DEBUG oslo_service.service [-] database.slave_connection = **** log_opt_values /usr/lib/python3/dist-packages/oslo_config/cfg.py:2609
2024-12-30 00:31:11.586 35956 DEBUG oslo_service.service [-] database.sqlite_synchronous = True log_opt_values /usr/lib/python3/dist-packages/oslo_config/cfg.py:2609
2024-12-30 00:31:11.586 35956 DEBUG oslo_service.service [-] database.use_db_reconnect = False log_opt_values /usr/lib/python3/dist-packages/oslo_config/cfg.py:2609
2024-12-30 00:31:11.586 35956 DEBUG oslo_service.service [-] oslo_messaging_metrics.metrics_buffer_size = 1000 log_opt_values /usr/lib/python3/dist-packages/oslo_config/cfg.py:2609
2024-12-30 00:31:11.586 35956 DEBUG oslo_service.service [-] oslo_messaging_metrics.metrics_enabled = False log_opt_values /usr/lib/python3/dist-packages/oslo_config/cfg.py:2609
2024-12-30 00:31:11.586 35956 DEBUG oslo_service.service [-] oslo_messaging_metrics.metrics_process_name = log_opt_values /usr/lib/python3/dist-packages/oslo_config/cfg.py:2609
2024-12-30 00:31:11.586 35956 DEBUG oslo_service.service [-] oslo_messaging_metrics.metrics_socket_file = /var/tmp/metrics_collector.sock log_opt_values /usr/lib/python3/dist-packages/oslo_config/cfg.py:2609
2024-12-30 00:31:11.587 35956 DEBUG oslo_service.service [-] oslo_messaging_metrics.metrics_thread_stop_timeout = 10 log_opt_values /usr/lib/python3/dist-packages/oslo_config/cfg.py:2609
2024-12-30 00:31:11.587 35956 DEBUG oslo_service.service [-] oslo_policy.enforce_new_defaults = False log_opt_values /usr/lib/python3/dist-packages/oslo_config/cfg.py:2609
2024-12-30 00:31:11.587 35956 DEBUG oslo_service.service [-] oslo_policy.enforce_scope = False log_opt_values /usr/lib/python3/dist-packages/oslo_config/cfg.py:2609
2024-12-30 00:31:11.587 35956 DEBUG oslo_service.service [-] oslo_policy.policy_default_rule = default log_opt_values /usr/lib/python3/dist-packages/oslo_config/cfg.py:2609
2024-12-30 00:31:11.587 35956 DEBUG oslo_service.service [-] oslo_policy.policy_dirs = ['policy.d'] log_opt_values /usr/lib/python3/dist-packages/oslo_config/cfg.py:2609
2024-12-30 00:31:11.587 35956 DEBUG oslo_service.service [-] oslo_policy.policy_file = policy.yaml log_opt_values /usr/lib/python3/dist-packages/oslo_config/cfg.py:2609
2024-12-30 00:31:11.587 35956 DEBUG oslo_service.service [-] oslo_policy.remote_content_type = application/x-www-form-urlencoded log_opt_values /usr/lib/python3/dist-packages/oslo_config/cfg.py:2609
2024-12-30 00:31:11.587 35956 DEBUG oslo_service.service [-] oslo_policy.remote_ssl_ca_crt_file = None log_opt_values /usr/lib/python3/dist-packages/oslo_config/cfg.py:2609
2024-12-30 00:31:11.587 35956 DEBUG oslo_service.service [-] oslo_policy.remote_ssl_client_crt_file = None log_opt_values /usr/lib/python3/dist-packages/oslo_config/cfg.py:2609
2024-12-30 00:31:11.588 35956 DEBUG oslo_service.service [-] oslo_policy.remote_ssl_client_key_file = None log_opt_values /usr/lib/python3/dist-packages/oslo_config/cfg.py:2609
2024-12-30 00:31:11.588 35956 DEBUG oslo_service.service [-] oslo_policy.remote_ssl_verify_server_crt = False log_opt_values /usr/lib/python3/dist-packages/oslo_config/cfg.py:2609
2024-12-30 00:31:11.588 35956 DEBUG oslo_service.service [-] trustee.auth_section = None log_opt_values /usr/lib/python3/dist-packages/oslo_config/cfg.py:2609
2024-12-30 00:31:11.588 35956 WARNING oslo_config.cfg [-] Deprecated: Option "auth_plugin" from group "trustee" is deprecated. Use option "auth_type" from group "trustee".
2024-12-30 00:31:11.588 35956 DEBUG oslo_service.service [-] trustee.auth_type = password log_opt_values /usr/lib/python3/dist-packages/oslo_config/cfg.py:2609
2024-12-30 00:31:11.588 35956 DEBUG oslo_service.service [-] oslo_versionedobjects.fatal_exception_format_errors = False log_opt_values /usr/lib/python3/dist-packages/oslo_config/cfg.py:2609
2024-12-30 00:31:11.589 35956 DEBUG oslo_service.service [-] oslo_messaging_rabbit.amqp_auto_delete = False log_opt_values /usr/lib/python3/dist-packages/oslo_config/cfg.py:2609
2024-12-30 00:31:11.589 35956 DEBUG oslo_service.service [-] oslo_messaging_rabbit.amqp_durable_queues = False log_opt_values /usr/lib/python3/dist-packages/oslo_config/cfg.py:2609
2024-12-30 00:31:11.589 35956 DEBUG oslo_service.service [-] oslo_messaging_rabbit.conn_pool_min_size = 2 log_opt_values /usr/lib/python3/dist-packages/oslo_config/cfg.py:2609
2024-12-30 00:31:11.589 35956 DEBUG oslo_service.service [-] oslo_messaging_rabbit.conn_pool_ttl = 1200 log_opt_values /usr/lib/python3/dist-packages/oslo_config/cfg.py:2609
2024-12-30 00:31:11.589 35956 DEBUG oslo_service.service [-] oslo_messaging_rabbit.direct_mandatory_flag = True log_opt_values /usr/lib/python3/dist-packages/oslo_config/cfg.py:2609
2024-12-30 00:31:11.589 35956 DEBUG oslo_service.service [-] oslo_messaging_rabbit.enable_cancel_on_failover = False log_opt_values /usr/lib/python3/dist-packages/oslo_config/cfg.py:2609
2024-12-30 00:31:11.589 35956 DEBUG oslo_service.service [-] oslo_messaging_rabbit.heartbeat_in_pthread = True log_opt_values /usr/lib/python3/dist-packages/oslo_config/cfg.py:2609
2024-12-30 00:31:11.589 35956 DEBUG oslo_service.service [-] oslo_messaging_rabbit.heartbeat_rate = 2 log_opt_values /usr/lib/python3/dist-packages/oslo_config/cfg.py:2609
2024-12-30 00:31:11.589 35956 DEBUG oslo_service.service [-] oslo_messaging_rabbit.heartbeat_timeout_threshold = 60 log_opt_values /usr/lib/python3/dist-packages/oslo_config/cfg.py:2609
2024-12-30 00:31:11.590 35956 DEBUG oslo_service.service [-] oslo_messaging_rabbit.kombu_compression = None log_opt_values /usr/lib/python3/dist-packages/oslo_config/cfg.py:2609
2024-12-30 00:31:11.590 35956 DEBUG oslo_service.service [-] oslo_messaging_rabbit.kombu_failover_strategy = round-robin log_opt_values /usr/lib/python3/dist-packages/oslo_config/cfg.py:2609
2024-12-30 00:31:11.590 35956 DEBUG oslo_service.service [-] oslo_messaging_rabbit.kombu_missing_consumer_retry_timeout = 60 log_opt_values /usr/lib/python3/dist-packages/oslo_config/cfg.py:2609
2024-12-30 00:31:11.590 35956 DEBUG oslo_service.service [-] oslo_messaging_rabbit.kombu_reconnect_delay = 1.0 log_opt_values /usr/lib/python3/dist-packages/oslo_config/cfg.py:2609
2024-12-30 00:31:11.590 35956 DEBUG oslo_service.service [-] oslo_messaging_rabbit.rabbit_ha_queues = False log_opt_values /usr/lib/python3/dist-packages/oslo_config/cfg.py:2609
2024-12-30 00:31:11.590 35956 DEBUG oslo_service.service [-] oslo_messaging_rabbit.rabbit_interval_max = 30 log_opt_values /usr/lib/python3/dist-packages/oslo_config/cfg.py:2609
2024-12-30 00:31:11.590 35956 DEBUG oslo_service.service [-] oslo_messaging_rabbit.rabbit_login_method = AMQPLAIN log_opt_values /usr/lib/python3/dist-packages/oslo_config/cfg.py:2609
2024-12-30 00:31:11.590 35956 DEBUG oslo_service.service [-] oslo_messaging_rabbit.rabbit_qos_prefetch_count = 0 log_opt_values /usr/lib/python3/dist-packages/oslo_config/cfg.py:2609
2024-12-30 00:31:11.590 35956 DEBUG oslo_service.service [-] oslo_messaging_rabbit.rabbit_quorum_queue = False log_opt_values /usr/lib/python3/dist-packages/oslo_config/cfg.py:2609
2024-12-30 00:31:11.591 35956 DEBUG oslo_service.service [-] oslo_messaging_rabbit.rabbit_retry_backoff = 2 log_opt_values /usr/lib/python3/dist-packages/oslo_config/cfg.py:2609
2024-12-30 00:31:11.591 35956 DEBUG oslo_service.service [-] oslo_messaging_rabbit.rabbit_retry_interval = 1 log_opt_values /usr/lib/python3/dist-packages/oslo_config/cfg.py:2609
2024-12-30 00:31:11.591 35956 DEBUG oslo_service.service [-] oslo_messaging_rabbit.rabbit_transient_queues_ttl = 1800 log_opt_values /usr/lib/python3/dist-packages/oslo_config/cfg.py:2609
2024-12-30 00:31:11.591 35956 DEBUG oslo_service.service [-] oslo_messaging_rabbit.rpc_conn_pool_size = 30 log_opt_values /usr/lib/python3/dist-packages/oslo_config/cfg.py:2609
2024-12-30 00:31:11.591 35956 DEBUG oslo_service.service [-] oslo_messaging_rabbit.ssl = False log_opt_values /usr/lib/python3/dist-packages/oslo_config/cfg.py:2609
2024-12-30 00:31:11.591 35956 DEBUG oslo_service.service [-] oslo_messaging_rabbit.ssl_ca_file = log_opt_values /usr/lib/python3/dist-packages/oslo_config/cfg.py:2609
2024-12-30 00:31:11.591 35956 DEBUG oslo_service.service [-] oslo_messaging_rabbit.ssl_cert_file = log_opt_values /usr/lib/python3/dist-packages/oslo_config/cfg.py:2609
2024-12-30 00:31:11.591 35956 DEBUG oslo_service.service [-] oslo_messaging_rabbit.ssl_key_file = log_opt_values /usr/lib/python3/dist-packages/oslo_config/cfg.py:2609
2024-12-30 00:31:11.592 35956 DEBUG oslo_service.service [-] oslo_messaging_rabbit.ssl_version = log_opt_values /usr/lib/python3/dist-packages/oslo_config/cfg.py:2609
2024-12-30 00:31:11.592 35956 DEBUG oslo_service.service [-] oslo_messaging_notifications.driver = [] log_opt_values /usr/lib/python3/dist-packages/oslo_config/cfg.py:2609
2024-12-30 00:31:11.592 35956 DEBUG oslo_service.service [-] oslo_messaging_notifications.retry = -1 log_opt_values /usr/lib/python3/dist-packages/oslo_config/cfg.py:2609
2024-12-30 00:31:11.592 35956 DEBUG oslo_service.service [-] oslo_messaging_notifications.topics = ['notifications'] log_opt_values /usr/lib/python3/dist-packages/oslo_config/cfg.py:2609
2024-12-30 00:31:11.592 35956 DEBUG oslo_service.service [-] oslo_messaging_notifications.transport_url = **** log_opt_values /usr/lib/python3/dist-packages/oslo_config/cfg.py:2609
2024-12-30 00:31:11.592 35956 DEBUG oslo_service.service [-] cache.backend = dogpile.cache.null log_opt_values /usr/lib/python3/dist-packages/oslo_config/cfg.py:2609
2024-12-30 00:31:11.592 35956 DEBUG oslo_service.service [-] cache.backend_argument = **** log_opt_values /usr/lib/python3/dist-packages/oslo_config/cfg.py:2609
2024-12-30 00:31:11.592 35956 DEBUG oslo_service.service [-] cache.config_prefix = cache.oslo log_opt_values /usr/lib/python3/dist-packages/oslo_config/cfg.py:2609
2024-12-30 00:31:11.593 35956 DEBUG oslo_service.service [-] cache.debug_cache_backend = False log_opt_values /usr/lib/python3/dist-packages/oslo_config/cfg.py:2609
2024-12-30 00:31:11.593 35956 DEBUG oslo_service.service [-] cache.enabled = False log_opt_values /usr/lib/python3/dist-packages/oslo_config/cfg.py:2609
2024-12-30 00:31:11.593 35956 DEBUG oslo_service.service [-] cache.expiration_time = 600 log_opt_values /usr/lib/python3/dist-packages/oslo_config/cfg.py:2609
2024-12-30 00:31:11.593 35956 DEBUG oslo_service.service [-] cache.memcache_dead_retry = 300 log_opt_values /usr/lib/python3/dist-packages/oslo_config/cfg.py:2609
2024-12-30 00:31:11.593 35956 DEBUG oslo_service.service [-] cache.memcache_pool_connection_get_timeout = 10 log_opt_values /usr/lib/python3/dist-packages/oslo_config/cfg.py:2609
2024-12-30 00:31:11.593 35956 DEBUG oslo_service.service [-] cache.memcache_pool_flush_on_reconnect = False log_opt_values /usr/lib/python3/dist-packages/oslo_config/cfg.py:2609
2024-12-30 00:31:11.593 35956 DEBUG oslo_service.service [-] cache.memcache_pool_maxsize = 10 log_opt_values /usr/lib/python3/dist-packages/oslo_config/cfg.py:2609
2024-12-30 00:31:11.593 35956 DEBUG oslo_service.service [-] cache.memcache_pool_unused_timeout = 60 log_opt_values /usr/lib/python3/dist-packages/oslo_config/cfg.py:2609
2024-12-30 00:31:11.594 35956 DEBUG oslo_service.service [-] cache.memcache_servers = ['localhost:11211'] log_opt_values /usr/lib/python3/dist-packages/oslo_config/cfg.py:2609
2024-12-30 00:31:11.594 35956 DEBUG oslo_service.service [-] cache.memcache_socket_timeout = 1.0 log_opt_values /usr/lib/python3/dist-packages/oslo_config/cfg.py:2609
2024-12-30 00:31:11.594 35956 DEBUG oslo_service.service [-] cache.proxies = [] log_opt_values /usr/lib/python3/dist-packages/oslo_config/cfg.py:2609
2024-12-30 00:31:11.594 35956 DEBUG oslo_service.service [-] cache.tls_allowed_ciphers = None log_opt_values /usr/lib/python3/dist-packages/oslo_config/cfg.py:2609
2024-12-30 00:31:11.594 35956 DEBUG oslo_service.service [-] cache.tls_cafile = None log_opt_values /usr/lib/python3/dist-packages/oslo_config/cfg.py:2609
2024-12-30 00:31:11.594 35956 DEBUG oslo_service.service [-] cache.tls_certfile = None log_opt_values /usr/lib/python3/dist-packages/oslo_config/cfg.py:2609
2024-12-30 00:31:11.594 35956 DEBUG oslo_service.service [-] cache.tls_enabled = False log_opt_values /usr/lib/python3/dist-packages/oslo_config/cfg.py:2609
2024-12-30 00:31:11.595 35956 DEBUG oslo_service.service [-] cache.tls_keyfile = None log_opt_values /usr/lib/python3/dist-packages/oslo_config/cfg.py:2609
2024-12-30 00:31:11.595 35956 DEBUG oslo_service.service [-] constraint_validation_cache.caching = True log_opt_values /usr/lib/python3/dist-packages/oslo_config/cfg.py:2609
2024-12-30 00:31:11.595 35956 DEBUG oslo_service.service [-] constraint_validation_cache.expiration_time = 60 log_opt_values /usr/lib/python3/dist-packages/oslo_config/cfg.py:2609
2024-12-30 00:31:11.595 35956 DEBUG oslo_service.service [-] service_extension_cache.caching = True log_opt_values /usr/lib/python3/dist-packages/oslo_config/cfg.py:2609
2024-12-30 00:31:11.595 35956 DEBUG oslo_service.service [-] service_extension_cache.expiration_time = 3600 log_opt_values /usr/lib/python3/dist-packages/oslo_config/cfg.py:2609
2024-12-30 00:31:11.595 35956 DEBUG oslo_service.service [-] resource_finder_cache.caching = True log_opt_values /usr/lib/python3/dist-packages/oslo_config/cfg.py:2609
2024-12-30 00:31:11.596 35956 DEBUG oslo_service.service [-] resource_finder_cache.expiration_time = 3600 log_opt_values /usr/lib/python3/dist-packages/oslo_config/cfg.py:2609
2024-12-30 00:31:11.596 35956 DEBUG oslo_service.service [-] yaql.limit_iterators = 200 log_opt_values /usr/lib/python3/dist-packages/oslo_config/cfg.py:2609
2024-12-30 00:31:11.596 35956 DEBUG oslo_service.service [-] yaql.memory_quota = 10000 log_opt_values /usr/lib/python3/dist-packages/oslo_config/cfg.py:2609
2024-12-30 00:31:11.596 35956 DEBUG oslo_service.service [-] ******************************************************************************** log_opt_values /usr/lib/python3/dist-packages/oslo_config/cfg.py:2613
2024-12-30 00:31:11.637 36170 DEBUG oslo_db.sqlalchemy.engines [req-d752fa5c-c7bf-4fbf-8301-4b524f144aca - - - - -] MySQL server mode set to STRICT_TRANS_TABLES,STRICT_ALL_TABLES,NO_ZERO_IN_DATE,NO_ZERO_DATE,ERROR_FOR_DIVISION_BY_ZERO,TRADITIONAL,NO_ENGINE_SUBSTITUTION _check_effective_sql_mode /usr/lib/python3/dist-packages/oslo_db/sqlalchemy/engines.py:314
2024-12-30 00:31:11.638 36169 DEBUG oslo_db.sqlalchemy.engines [req-46c2982a-e5ef-408a-a898-4918f9aae166 - - - - -] MySQL server mode set to STRICT_TRANS_TABLES,STRICT_ALL_TABLES,NO_ZERO_IN_DATE,NO_ZERO_DATE,ERROR_FOR_DIVISION_BY_ZERO,TRADITIONAL,NO_ENGINE_SUBSTITUTION _check_effective_sql_mode /usr/lib/python3/dist-packages/oslo_db/sqlalchemy/engines.py:314
2024-12-30 00:31:11.648 36172 DEBUG oslo_db.sqlalchemy.engines [req-226f2072-b9ff-4fe4-bb15-6f651f43f2f5 - - - - -] MySQL server mode set to STRICT_TRANS_TABLES,STRICT_ALL_TABLES,NO_ZERO_IN_DATE,NO_ZERO_DATE,ERROR_FOR_DIVISION_BY_ZERO,TRADITIONAL,NO_ENGINE_SUBSTITUTION _check_effective_sql_mode /usr/lib/python3/dist-packages/oslo_db/sqlalchemy/engines.py:314
2024-12-30 00:31:11.691 36171 DEBUG oslo_db.sqlalchemy.engines [req-c1cb81d3-ffe0-40ea-8821-0dcd3870e5a3 - - - - -] MySQL server mode set to STRICT_TRANS_TABLES,STRICT_ALL_TABLES,NO_ZERO_IN_DATE,NO_ZERO_DATE,ERROR_FOR_DIVISION_BY_ZERO,TRADITIONAL,NO_ENGINE_SUBSTITUTION _check_effective_sql_mode /usr/lib/python3/dist-packages/oslo_db/sqlalchemy/engines.py:314
2024-12-30 00:31:11.715 36170 DEBUG heat.engine.service [req-21062ce2-d7f8-4270-aadd-9e5490d1e48e - - - - -] Service df5d7102-77d6-44ea-a5d6-48bd91414c10 is started service_manage_report /usr/lib/python3/dist-packages/heat/engine/service.py:2363
2024-12-30 00:31:11.719 36169 DEBUG heat.engine.service [req-8dbb9513-3b20-4844-b3ce-ceb757ea87fb - - - - -] Service efe39c7f-b957-4fd7-bce1-dc4d5117aa12 is started service_manage_report /usr/lib/python3/dist-packages/heat/engine/service.py:2363
2024-12-30 00:31:11.731 36172 DEBUG heat.engine.service [req-d5fb0c81-e6e1-4348-8e9e-ac3dd057e6b5 - - - - -] Service f3a36414-8fe1-43e8-af3f-b1375a607fbd is started service_manage_report /usr/lib/python3/dist-packages/heat/engine/service.py:2363
2024-12-30 00:31:11.737 36170 DEBUG heat.engine.service [req-21062ce2-d7f8-4270-aadd-9e5490d1e48e - - - - -] Service df5d7102-77d6-44ea-a5d6-48bd91414c10 is updated service_manage_report /usr/lib/python3/dist-packages/heat/engine/service.py:2370
2024-12-30 00:31:11.752 36169 DEBUG heat.engine.service [req-8dbb9513-3b20-4844-b3ce-ceb757ea87fb - - - - -] Service efe39c7f-b957-4fd7-bce1-dc4d5117aa12 is updated service_manage_report /usr/lib/python3/dist-packages/heat/engine/service.py:2370
2024-12-30 00:31:11.753 36172 DEBUG heat.engine.service [req-d5fb0c81-e6e1-4348-8e9e-ac3dd057e6b5 - - - - -] Service f3a36414-8fe1-43e8-af3f-b1375a607fbd is updated service_manage_report /usr/lib/python3/dist-packages/heat/engine/service.py:2370
2024-12-30 00:31:11.788 36171 DEBUG heat.engine.service [req-61448143-f587-4df0-b03e-26264bc11e38 - - - - -] Service 924d0d0a-7960-4535-9acb-48aec9cf7af6 is started service_manage_report /usr/lib/python3/dist-packages/heat/engine/service.py:2363
2024-12-30 00:31:11.803 36171 DEBUG heat.engine.service [req-61448143-f587-4df0-b03e-26264bc11e38 - - - - -] Service 924d0d0a-7960-4535-9acb-48aec9cf7af6 is updated service_manage_report /usr/lib/python3/dist-packages/heat/engine/service.py:2370
2024-12-30 00:32:11.708 36170 DEBUG heat.engine.service [req-18392f4b-d36d-4d54-a621-e61c6afec460 - - - - -] Service df5d7102-77d6-44ea-a5d6-48bd91414c10 is updated service_manage_report /usr/lib/python3/dist-packages/heat/engine/service.py:2370
2024-12-30 00:32:11.713 36169 DEBUG heat.engine.service [req-451f5fe4-c175-41c3-853e-ad91f694235f - - - - -] Service efe39c7f-b957-4fd7-bce1-dc4d5117aa12 is updated service_manage_report /usr/lib/python3/dist-packages/heat/engine/service.py:2370
2024-12-30 00:32:11.727 36172 DEBUG heat.engine.service [req-0ce26649-2b96-4058-96a7-ecddf4d22c34 - - - - -] Service f3a36414-8fe1-43e8-af3f-b1375a607fbd is updated service_manage_report /usr/lib/python3/dist-packages/heat/engine/service.py:2370
2024-12-30 00:32:11.777 36171 DEBUG heat.engine.service [req-f84dc3f8-7ad1-4d7e-9487-8dfa101013f0 - - - - -] Service 924d0d0a-7960-4535-9acb-48aec9cf7af6 is updated service_manage_report /usr/lib/python3/dist-packages/heat/engine/service.py:2370
2024-12-30 00:33:11.702 36170 DEBUG heat.engine.service [req-98cb9aa0-af70-4b0b-9254-46a20dc5542e - - - - -] Service df5d7102-77d6-44ea-a5d6-48bd91414c10 is updated service_manage_report /usr/lib/python3/dist-packages/heat/engine/service.py:2370
2024-12-30 00:33:11.707 36169 DEBUG heat.engine.service [req-e3b822e0-ccb0-4f09-92de-51a5a45dee79 - - - - -] Service efe39c7f-b957-4fd7-bce1-dc4d5117aa12 is updated service_manage_report /usr/lib/python3/dist-packages/heat/engine/service.py:2370
2024-12-30 00:33:11.731 36172 DEBUG heat.engine.service [req-bbdaccee-1ea1-469b-9dee-29bd27878c9b - - - - -] Service f3a36414-8fe1-43e8-af3f-b1375a607fbd is updated service_manage_report /usr/lib/python3/dist-packages/heat/engine/service.py:2370
2024-12-30 00:33:11.780 36171 DEBUG heat.engine.service [req-1d608562-9580-4e83-bb38-f0dabc410321 - - - - -] Service 924d0d0a-7960-4535-9acb-48aec9cf7af6 is updated service_manage_report /usr/lib/python3/dist-packages/heat/engine/service.py:2370
2024-12-30 00:34:11.720 36170 DEBUG heat.engine.service [req-5cb5d06b-73e5-48b4-abcd-fa23c003e727 - - - - -] Service df5d7102-77d6-44ea-a5d6-48bd91414c10 is updated service_manage_report /usr/lib/python3/dist-packages/heat/engine/service.py:2370
2024-12-30 00:34:11.727 36169 DEBUG heat.engine.service [req-7c5a35de-9b24-462b-ad65-65cad2bb156a - - - - -] Service efe39c7f-b957-4fd7-bce1-dc4d5117aa12 is updated service_manage_report /usr/lib/python3/dist-packages/heat/engine/service.py:2370
2024-12-30 00:34:11.745 36172 DEBUG heat.engine.service [req-439ca48c-0091-4426-872d-9df33e44bbc4 - - - - -] Service f3a36414-8fe1-43e8-af3f-b1375a607fbd is updated service_manage_report /usr/lib/python3/dist-packages/heat/engine/service.py:2370
2024-12-30 00:34:11.818 36171 DEBUG heat.engine.service [req-e5c1198b-8753-4e15-bd79-392a86e4a0ae - - - - -] Service 924d0d0a-7960-4535-9acb-48aec9cf7af6 is updated service_manage_report /usr/lib/python3/dist-packages/heat/engine/service.py:2370
2024-12-30 00:35:11.703 36170 DEBUG heat.engine.service [req-619da95b-55d9-403d-b68b-e0c64d6f9638 - - - - -] Service df5d7102-77d6-44ea-a5d6-48bd91414c10 is updated service_manage_report /usr/lib/python3/dist-packages/heat/engine/service.py:2370
2024-12-30 00:35:11.710 36169 DEBUG heat.engine.service [req-72ee4216-b1c1-472a-a52e-824cd0b19054 - - - - -] Service efe39c7f-b957-4fd7-bce1-dc4d5117aa12 is updated service_manage_report /usr/lib/python3/dist-packages/heat/engine/service.py:2370
2024-12-30 00:35:11.739 36172 DEBUG heat.engine.service [req-25109fa2-e586-4a4f-8e75-e050894b2cc8 - - - - -] Service f3a36414-8fe1-43e8-af3f-b1375a607fbd is updated service_manage_report /usr/lib/python3/dist-packages/heat/engine/service.py:2370
2024-12-30 00:35:11.782 36171 DEBUG heat.engine.service [req-ed88efd2-bc72-4ad9-9bbc-47fbd4944be1 - - - - -] Service 924d0d0a-7960-4535-9acb-48aec9cf7af6 is updated service_manage_report /usr/lib/python3/dist-packages/heat/engine/service.py:2370
2024-12-30 00:36:11.706 36170 DEBUG heat.engine.service [req-997fa31a-da42-42de-aa47-6a56cc6fbba1 - - - - -] Service df5d7102-77d6-44ea-a5d6-48bd91414c10 is updated service_manage_report /usr/lib/python3/dist-packages/heat/engine/service.py:2370
2024-12-30 00:36:11.716 36169 DEBUG heat.engine.service [req-2737a8f1-0e06-42a9-ae24-96e09a3aba55 - - - - -] Service efe39c7f-b957-4fd7-bce1-dc4d5117aa12 is updated service_manage_report /usr/lib/python3/dist-packages/heat/engine/service.py:2370
2024-12-30 00:36:11.743 36172 DEBUG heat.engine.service [req-0bdc7a0a-399c-4f8c-8350-f182dc128b6c - - - - -] Service f3a36414-8fe1-43e8-af3f-b1375a607fbd is updated service_manage_report /usr/lib/python3/dist-packages/heat/engine/service.py:2370
2024-12-30 00:36:11.784 36171 DEBUG heat.engine.service [req-94a32753-0169-4eea-a5b3-5f7ff23379e9 - - - - -] Service 924d0d0a-7960-4535-9acb-48aec9cf7af6 is updated service_manage_report /usr/lib/python3/dist-packages/heat/engine/service.py:2370
2024-12-30 00:37:11.710 36169 DEBUG heat.engine.service [req-447ea186-fb8b-4f69-80f7-3e6ffae6a15f - - - - -] Service efe39c7f-b957-4fd7-bce1-dc4d5117aa12 is updated service_manage_report /usr/lib/python3/dist-packages/heat/engine/service.py:2370
2024-12-30 00:37:11.712 36170 DEBUG heat.engine.service [req-b435765e-6260-42f6-a1a1-7e5220398bb0 - - - - -] Service df5d7102-77d6-44ea-a5d6-48bd91414c10 is updated service_manage_report /usr/lib/python3/dist-packages/heat/engine/service.py:2370
2024-12-30 00:37:11.746 36172 DEBUG heat.engine.service [req-e9bb7f54-602c-4594-ab85-c3498f5afb83 - - - - -] Service f3a36414-8fe1-43e8-af3f-b1375a607fbd is updated service_manage_report /usr/lib/python3/dist-packages/heat/engine/service.py:2370
2024-12-30 00:37:11.788 36171 DEBUG heat.engine.service [req-afd62bf5-6a8c-422b-af41-fa4df6da9e09 - - - - -] Service 924d0d0a-7960-4535-9acb-48aec9cf7af6 is updated service_manage_report /usr/lib/python3/dist-packages/heat/engine/service.py:2370
2024-12-30 00:38:11.706 36170 DEBUG heat.engine.service [req-d034a5f5-70e7-46a0-9556-f2e51662cc10 - - - - -] Service df5d7102-77d6-44ea-a5d6-48bd91414c10 is updated service_manage_report /usr/lib/python3/dist-packages/heat/engine/service.py:2370
2024-12-30 00:38:11.713 36169 DEBUG heat.engine.service [req-14652a6a-7c7f-46cc-b659-6fc32b13f3e0 - - - - -] Service efe39c7f-b957-4fd7-bce1-dc4d5117aa12 is updated service_manage_report /usr/lib/python3/dist-packages/heat/engine/service.py:2370
2024-12-30 00:38:11.752 36172 DEBUG heat.engine.service [req-1befeeec-b57b-499a-bd60-caa421e7b3fb - - - - -] Service f3a36414-8fe1-43e8-af3f-b1375a607fbd is updated service_manage_report /usr/lib/python3/dist-packages/heat/engine/service.py:2370
2024-12-30 00:38:11.794 36171 DEBUG heat.engine.service [req-094f2952-2ab6-41c7-8131-b6fcabbf429f - - - - -] Service 924d0d0a-7960-4535-9acb-48aec9cf7af6 is updated service_manage_report /usr/lib/python3/dist-packages/heat/engine/service.py:2370
2024-12-30 00:39:11.710 36170 DEBUG heat.engine.service [req-36e8858e-cfa9-478b-ae75-836b33867481 - - - - -] Service df5d7102-77d6-44ea-a5d6-48bd91414c10 is updated service_manage_report /usr/lib/python3/dist-packages/heat/engine/service.py:2370
2024-12-30 00:39:11.717 36169 DEBUG heat.engine.service [req-33df9661-0857-40f4-8778-b2229da27a8a - - - - -] Service efe39c7f-b957-4fd7-bce1-dc4d5117aa12 is updated service_manage_report /usr/lib/python3/dist-packages/heat/engine/service.py:2370
2024-12-30 00:39:11.745 36172 DEBUG heat.engine.service [req-a9dff5d8-0899-4548-ba39-5dd0955025cd - - - - -] Service f3a36414-8fe1-43e8-af3f-b1375a607fbd is updated service_manage_report /usr/lib/python3/dist-packages/heat/engine/service.py:2370
2024-12-30 00:39:11.800 36171 DEBUG heat.engine.service [req-7fcbea85-9453-4680-99cf-a210989f239f - - - - -] Service 924d0d0a-7960-4535-9acb-48aec9cf7af6 is updated service_manage_report /usr/lib/python3/dist-packages/heat/engine/service.py:2370
2024-12-30 00:40:11.713 36170 DEBUG heat.engine.service [req-75c44a64-ef58-4d88-8c21-8d216d78bfaf - - - - -] Service df5d7102-77d6-44ea-a5d6-48bd91414c10 is updated service_manage_report /usr/lib/python3/dist-packages/heat/engine/service.py:2370
2024-12-30 00:40:11.720 36169 DEBUG heat.engine.service [req-ebabcf5d-e847-47d6-9724-c2180fd7364b - - - - -] Service efe39c7f-b957-4fd7-bce1-dc4d5117aa12 is updated service_manage_report /usr/lib/python3/dist-packages/heat/engine/service.py:2370
2024-12-30 00:40:11.752 36172 DEBUG heat.engine.service [req-cfd31ad2-25de-46d2-9dfb-471345922f8d - - - - -] Service f3a36414-8fe1-43e8-af3f-b1375a607fbd is updated service_manage_report /usr/lib/python3/dist-packages/heat/engine/service.py:2370
2024-12-30 00:40:11.800 36171 DEBUG heat.engine.service [req-61df0844-6342-4b8e-a07e-8f82b2074e76 - - - - -] Service 924d0d0a-7960-4535-9acb-48aec9cf7af6 is updated service_manage_report /usr/lib/python3/dist-packages/heat/engine/service.py:2370
2024-12-30 00:41:11.716 36170 DEBUG heat.engine.service [req-37a9c1cb-1f3c-48ea-a7d8-9d45d6363261 - - - - -] Service df5d7102-77d6-44ea-a5d6-48bd91414c10 is updated service_manage_report /usr/lib/python3/dist-packages/heat/engine/service.py:2370
2024-12-30 00:41:11.725 36169 DEBUG heat.engine.service [req-1bd94a6b-bd85-4347-ac33-a127e1b82a53 - - - - -] Service efe39c7f-b957-4fd7-bce1-dc4d5117aa12 is updated service_manage_report /usr/lib/python3/dist-packages/heat/engine/service.py:2370
2024-12-30 00:41:11.744 36172 DEBUG heat.engine.service [req-e3728851-ea7d-4a82-b480-d432046589ea - - - - -] Service f3a36414-8fe1-43e8-af3f-b1375a607fbd is updated service_manage_report /usr/lib/python3/dist-packages/heat/engine/service.py:2370
2024-12-30 00:41:11.794 36171 DEBUG heat.engine.service [req-f2d59a3b-cbab-4505-8778-bf8bd1f5e9c1 - - - - -] Service 924d0d0a-7960-4535-9acb-48aec9cf7af6 is updated service_manage_report /usr/lib/python3/dist-packages/heat/engine/service.py:2370
2024-12-30 00:42:11.720 36170 DEBUG heat.engine.service [req-da284d2f-e338-4aa9-94f2-fb0cdc39f596 - - - - -] Service df5d7102-77d6-44ea-a5d6-48bd91414c10 is updated service_manage_report /usr/lib/python3/dist-packages/heat/engine/service.py:2370
2024-12-30 00:42:11.730 36169 DEBUG heat.engine.service [req-4d95bfef-21b3-4a35-811d-dc83effe9a50 - - - - -] Service efe39c7f-b957-4fd7-bce1-dc4d5117aa12 is updated service_manage_report /usr/lib/python3/dist-packages/heat/engine/service.py:2370
2024-12-30 00:42:11.747 36172 DEBUG heat.engine.service [req-ff66eaa6-c4a3-4747-82c5-8c4464869aed - - - - -] Service f3a36414-8fe1-43e8-af3f-b1375a607fbd is updated service_manage_report /usr/lib/python3/dist-packages/heat/engine/service.py:2370
2024-12-30 00:42:11.798 36171 DEBUG heat.engine.service [req-361965f4-df64-4f67-aa27-a5f4e02b0b10 - - - - -] Service 924d0d0a-7960-4535-9acb-48aec9cf7af6 is updated service_manage_report /usr/lib/python3/dist-packages/heat/engine/service.py:2370
2024-12-30 00:43:11.723 36170 DEBUG heat.engine.service [req-750b0fdc-397e-4f0d-9ac4-914dabc0cf11 - - - - -] Service df5d7102-77d6-44ea-a5d6-48bd91414c10 is updated service_manage_report /usr/lib/python3/dist-packages/heat/engine/service.py:2370
2024-12-30 00:43:11.734 36169 DEBUG heat.engine.service [req-3383c5c3-96af-4162-b130-a6bdab95391c - - - - -] Service efe39c7f-b957-4fd7-bce1-dc4d5117aa12 is updated service_manage_report /usr/lib/python3/dist-packages/heat/engine/service.py:2370
2024-12-30 00:43:11.748 36172 DEBUG heat.engine.service [req-bbf6d526-76d3-4ae6-aac5-fc087fee4e00 - - - - -] Service f3a36414-8fe1-43e8-af3f-b1375a607fbd is updated service_manage_report /usr/lib/python3/dist-packages/heat/engine/service.py:2370
2024-12-30 00:43:11.802 36171 DEBUG heat.engine.service [req-98a48741-2cfa-4c76-8bd3-cb3a20e15bfb - - - - -] Service 924d0d0a-7960-4535-9acb-48aec9cf7af6 is updated service_manage_report /usr/lib/python3/dist-packages/heat/engine/service.py:2370
2024-12-30 00:44:11.728 36170 DEBUG heat.engine.service [req-571a54d4-135a-44f0-bae7-871f80588a6e - - - - -] Service df5d7102-77d6-44ea-a5d6-48bd91414c10 is updated service_manage_report /usr/lib/python3/dist-packages/heat/engine/service.py:2370
2024-12-30 00:44:11.739 36169 DEBUG heat.engine.service [req-5dd8e91d-df07-4d55-91ff-f802d859a70d - - - - -] Service efe39c7f-b957-4fd7-bce1-dc4d5117aa12 is updated service_manage_report /usr/lib/python3/dist-packages/heat/engine/service.py:2370
2024-12-30 00:44:11.752 36172 DEBUG heat.engine.service [req-066f61aa-50ee-4e48-b1ee-d1110610696d - - - - -] Service f3a36414-8fe1-43e8-af3f-b1375a607fbd is updated service_manage_report /usr/lib/python3/dist-packages/heat/engine/service.py:2370
2024-12-30 00:44:11.804 36171 DEBUG heat.engine.service [req-7891e6e7-70d9-4c84-9dd0-751ed28e9cc6 - - - - -] Service 924d0d0a-7960-4535-9acb-48aec9cf7af6 is updated service_manage_report /usr/lib/python3/dist-packages/heat/engine/service.py:2370
2024-12-30 00:45:11.733 36170 DEBUG heat.engine.service [req-f55f2d2c-b449-4caa-ab08-6ef93d86be7c - - - - -] Service df5d7102-77d6-44ea-a5d6-48bd91414c10 is updated service_manage_report /usr/lib/python3/dist-packages/heat/engine/service.py:2370
2024-12-30 00:45:11.745 36169 DEBUG heat.engine.service [req-3bc85b6a-d4e8-499e-b1e9-1949dcb3cb36 - - - - -] Service efe39c7f-b957-4fd7-bce1-dc4d5117aa12 is updated service_manage_report /usr/lib/python3/dist-packages/heat/engine/service.py:2370
2024-12-30 00:45:11.755 36172 DEBUG heat.engine.service [req-731a1e79-f94b-4539-9001-3a86b49db19e - - - - -] Service f3a36414-8fe1-43e8-af3f-b1375a607fbd is updated service_manage_report /usr/lib/python3/dist-packages/heat/engine/service.py:2370
2024-12-30 00:45:11.809 36171 DEBUG heat.engine.service [req-811f0e47-b2e7-4fdc-96d4-5d2aa851c7cf - - - - -] Service 924d0d0a-7960-4535-9acb-48aec9cf7af6 is updated service_manage_report /usr/lib/python3/dist-packages/heat/engine/service.py:2370
2024-12-30 00:46:11.738 36170 DEBUG heat.engine.service [req-66cc45a4-e330-4a2f-b9fd-7526d71f02a6 - - - - -] Service df5d7102-77d6-44ea-a5d6-48bd91414c10 is updated service_manage_report /usr/lib/python3/dist-packages/heat/engine/service.py:2370
2024-12-30 00:46:11.740 36169 DEBUG heat.engine.service [req-b3f95108-249b-4fe1-bbfa-e7feb0b0c7ce - - - - -] Service efe39c7f-b957-4fd7-bce1-dc4d5117aa12 is updated service_manage_report /usr/lib/python3/dist-packages/heat/engine/service.py:2370
2024-12-30 00:46:11.758 36172 DEBUG heat.engine.service [req-74faca79-6e28-4b3d-8d96-c75dd2129950 - - - - -] Service f3a36414-8fe1-43e8-af3f-b1375a607fbd is updated service_manage_report /usr/lib/python3/dist-packages/heat/engine/service.py:2370
2024-12-30 00:46:11.814 36171 DEBUG heat.engine.service [req-41a5b247-5468-4e69-a46d-9b7271acf203 - - - - -] Service 924d0d0a-7960-4535-9acb-48aec9cf7af6 is updated service_manage_report /usr/lib/python3/dist-packages/heat/engine/service.py:2370
2024-12-30 00:47:11.743 36170 DEBUG heat.engine.service [req-02091531-c102-4879-accc-b2ff7b4c6bcd - - - - -] Service df5d7102-77d6-44ea-a5d6-48bd91414c10 is updated service_manage_report /usr/lib/python3/dist-packages/heat/engine/service.py:2370
2024-12-30 00:47:11.745 36169 DEBUG heat.engine.service [req-fae628a2-6514-4e7a-9dfa-b66a5e11a313 - - - - -] Service efe39c7f-b957-4fd7-bce1-dc4d5117aa12 is updated service_manage_report /usr/lib/python3/dist-packages/heat/engine/service.py:2370
2024-12-30 00:47:11.762 36172 DEBUG heat.engine.service [req-3d2e86fc-9264-4ed7-9960-359d766e4905 - - - - -] Service f3a36414-8fe1-43e8-af3f-b1375a607fbd is updated service_manage_report /usr/lib/python3/dist-packages/heat/engine/service.py:2370
2024-12-30 00:47:11.817 36171 DEBUG heat.engine.service [req-3aa57a5c-e387-4b88-abb6-6f3cedb33660 - - - - -] Service 924d0d0a-7960-4535-9acb-48aec9cf7af6 is updated service_manage_report /usr/lib/python3/dist-packages/heat/engine/service.py:2370
2024-12-30 00:48:11.749 36170 DEBUG heat.engine.service [req-6201e00c-8171-4421-aeb0-cbdfabaa9b28 - - - - -] Service df5d7102-77d6-44ea-a5d6-48bd91414c10 is updated service_manage_report /usr/lib/python3/dist-packages/heat/engine/service.py:2370
2024-12-30 00:48:11.750 36169 DEBUG heat.engine.service [req-edbcfd58-ad85-41d6-8a88-11340791c701 - - - - -] Service efe39c7f-b957-4fd7-bce1-dc4d5117aa12 is updated service_manage_report /usr/lib/python3/dist-packages/heat/engine/service.py:2370
2024-12-30 00:48:11.764 36172 DEBUG heat.engine.service [req-4f9f4a24-b9af-458b-80a0-eea55796c2d0 - - - - -] Service f3a36414-8fe1-43e8-af3f-b1375a607fbd is updated service_manage_report /usr/lib/python3/dist-packages/heat/engine/service.py:2370
2024-12-30 00:48:11.823 36171 DEBUG heat.engine.service [req-f8abb562-bd7e-4db8-a4bb-a686846653b4 - - - - -] Service 924d0d0a-7960-4535-9acb-48aec9cf7af6 is updated service_manage_report /usr/lib/python3/dist-packages/heat/engine/service.py:2370
2024-12-30 00:49:11.743 36170 DEBUG heat.engine.service [req-5b0dd123-dacc-421f-8ca5-cba544f96b36 - - - - -] Service df5d7102-77d6-44ea-a5d6-48bd91414c10 is updated service_manage_report /usr/lib/python3/dist-packages/heat/engine/service.py:2370
2024-12-30 00:49:11.752 36169 DEBUG heat.engine.service [req-1c8d0b16-ee24-46c1-8f7f-2924f37fee58 - - - - -] Service efe39c7f-b957-4fd7-bce1-dc4d5117aa12 is updated service_manage_report /usr/lib/python3/dist-packages/heat/engine/service.py:2370
2024-12-30 00:49:11.767 36172 DEBUG heat.engine.service [req-c0453f87-058e-41ad-b1c9-cc9f7c7576d6 - - - - -] Service f3a36414-8fe1-43e8-af3f-b1375a607fbd is updated service_manage_report /usr/lib/python3/dist-packages/heat/engine/service.py:2370
2024-12-30 00:49:11.834 36171 DEBUG heat.engine.service [req-1b5fa980-4246-4f9f-b55c-c201b3b78689 - - - - -] Service 924d0d0a-7960-4535-9acb-48aec9cf7af6 is updated service_manage_report /usr/lib/python3/dist-packages/heat/engine/service.py:2370
2024-12-30 00:50:11.751 36170 DEBUG heat.engine.service [req-92318b18-25fd-45fa-b44d-74e15b3142b2 - - - - -] Service df5d7102-77d6-44ea-a5d6-48bd91414c10 is updated service_manage_report /usr/lib/python3/dist-packages/heat/engine/service.py:2370
2024-12-30 00:50:11.755 36169 DEBUG heat.engine.service [req-2ee43ca5-d1e8-4029-8128-2d76eee1bb31 - - - - -] Service efe39c7f-b957-4fd7-bce1-dc4d5117aa12 is updated service_manage_report /usr/lib/python3/dist-packages/heat/engine/service.py:2370
2024-12-30 00:50:11.769 36172 DEBUG heat.engine.service [req-18481344-5c5d-421a-b326-b3beaeba9cde - - - - -] Service f3a36414-8fe1-43e8-af3f-b1375a607fbd is updated service_manage_report /usr/lib/python3/dist-packages/heat/engine/service.py:2370
2024-12-30 00:50:11.828 36171 DEBUG heat.engine.service [req-fba89564-21fe-467c-89d2-776766d60d27 - - - - -] Service 924d0d0a-7960-4535-9acb-48aec9cf7af6 is updated service_manage_report /usr/lib/python3/dist-packages/heat/engine/service.py:2370
2024-12-30 00:51:11.745 36170 DEBUG heat.engine.service [req-1d46d61f-76d4-45ad-b966-da7d2957eaa1 - - - - -] Service df5d7102-77d6-44ea-a5d6-48bd91414c10 is updated service_manage_report /usr/lib/python3/dist-packages/heat/engine/service.py:2370
2024-12-30 00:51:11.759 36169 DEBUG heat.engine.service [req-79661014-c3df-44d2-8853-1cd7ab3bc4f3 - - - - -] Service efe39c7f-b957-4fd7-bce1-dc4d5117aa12 is updated service_manage_report /usr/lib/python3/dist-packages/heat/engine/service.py:2370
2024-12-30 00:51:11.772 36172 DEBUG heat.engine.service [req-1bfab82f-95e0-4dc9-adba-a1b501780240 - - - - -] Service f3a36414-8fe1-43e8-af3f-b1375a607fbd is updated service_manage_report /usr/lib/python3/dist-packages/heat/engine/service.py:2370
2024-12-30 00:51:11.831 36171 DEBUG heat.engine.service [req-07c25a8c-03a4-41f9-a471-43443aef542e - - - - -] Service 924d0d0a-7960-4535-9acb-48aec9cf7af6 is updated service_manage_report /usr/lib/python3/dist-packages/heat/engine/service.py:2370
2024-12-30 00:52:11.749 36170 DEBUG heat.engine.service [req-5a55738d-2867-4cd1-b136-6865c2e4b4fb - - - - -] Service df5d7102-77d6-44ea-a5d6-48bd91414c10 is updated service_manage_report /usr/lib/python3/dist-packages/heat/engine/service.py:2370
2024-12-30 00:52:11.761 36169 DEBUG heat.engine.service [req-1ffc132a-935a-4667-a39b-58c7b2c3dd69 - - - - -] Service efe39c7f-b957-4fd7-bce1-dc4d5117aa12 is updated service_manage_report /usr/lib/python3/dist-packages/heat/engine/service.py:2370
2024-12-30 00:52:11.776 36172 DEBUG heat.engine.service [req-a6b95ea0-e8e3-4685-a18c-2381cdd49267 - - - - -] Service f3a36414-8fe1-43e8-af3f-b1375a607fbd is updated service_manage_report /usr/lib/python3/dist-packages/heat/engine/service.py:2370
2024-12-30 00:52:11.835 36171 DEBUG heat.engine.service [req-5eac4412-5c5c-423a-bef5-dbddb5947348 - - - - -] Service 924d0d0a-7960-4535-9acb-48aec9cf7af6 is updated service_manage_report /usr/lib/python3/dist-packages/heat/engine/service.py:2370
2024-12-30 00:53:11.753 36170 DEBUG heat.engine.service [req-d67fd57e-25b5-4fcb-9d5a-ac048bf16e76 - - - - -] Service df5d7102-77d6-44ea-a5d6-48bd91414c10 is updated service_manage_report /usr/lib/python3/dist-packages/heat/engine/service.py:2370
2024-12-30 00:53:11.764 36169 DEBUG heat.engine.service [req-fdd5c918-16ed-480c-a19b-58a584dc9ede - - - - -] Service efe39c7f-b957-4fd7-bce1-dc4d5117aa12 is updated service_manage_report /usr/lib/python3/dist-packages/heat/engine/service.py:2370
2024-12-30 00:53:11.778 36172 DEBUG heat.engine.service [req-1b84a2e2-35b8-4d11-8227-9704247a44e5 - - - - -] Service f3a36414-8fe1-43e8-af3f-b1375a607fbd is updated service_manage_report /usr/lib/python3/dist-packages/heat/engine/service.py:2370
2024-12-30 00:53:11.838 36171 DEBUG heat.engine.service [req-4576c74e-7d15-4552-8928-afa874910e20 - - - - -] Service 924d0d0a-7960-4535-9acb-48aec9cf7af6 is updated service_manage_report /usr/lib/python3/dist-packages/heat/engine/service.py:2370
2024-12-30 00:54:11.756 36170 DEBUG heat.engine.service [req-40fda043-4ce8-46d0-bce7-3b19ba9dbaa8 - - - - -] Service df5d7102-77d6-44ea-a5d6-48bd91414c10 is updated service_manage_report /usr/lib/python3/dist-packages/heat/engine/service.py:2370
2024-12-30 00:54:11.766 36169 DEBUG heat.engine.service [req-93aa7396-1189-4417-923c-9e1f55766e70 - - - - -] Service efe39c7f-b957-4fd7-bce1-dc4d5117aa12 is updated service_manage_report /usr/lib/python3/dist-packages/heat/engine/service.py:2370
2024-12-30 00:54:11.782 36172 DEBUG heat.engine.service [req-82561d48-b09e-4380-8d10-b80dd3817ea1 - - - - -] Service f3a36414-8fe1-43e8-af3f-b1375a607fbd is updated service_manage_report /usr/lib/python3/dist-packages/heat/engine/service.py:2370
2024-12-30 00:54:11.842 36171 DEBUG heat.engine.service [req-bf082508-49f8-470b-9797-ec18c845bc8a - - - - -] Service 924d0d0a-7960-4535-9acb-48aec9cf7af6 is updated service_manage_report /usr/lib/python3/dist-packages/heat/engine/service.py:2370
2024-12-30 00:55:11.760 36170 DEBUG heat.engine.service [req-8c425352-907c-4da9-9106-18a2ad84d967 - - - - -] Service df5d7102-77d6-44ea-a5d6-48bd91414c10 is updated service_manage_report /usr/lib/python3/dist-packages/heat/engine/service.py:2370
2024-12-30 00:55:11.767 36169 DEBUG heat.engine.service [req-91bd6a2d-47ac-4585-9b82-ef1b4ce71425 - - - - -] Service efe39c7f-b957-4fd7-bce1-dc4d5117aa12 is updated service_manage_report /usr/lib/python3/dist-packages/heat/engine/service.py:2370
2024-12-30 00:55:11.785 36172 DEBUG heat.engine.service [req-48a56037-2ae7-4cba-a9a6-be23786a4527 - - - - -] Service f3a36414-8fe1-43e8-af3f-b1375a607fbd is updated service_manage_report /usr/lib/python3/dist-packages/heat/engine/service.py:2370
2024-12-30 00:55:11.845 36171 DEBUG heat.engine.service [req-f3366957-a3b6-4786-aa04-1819f13a1391 - - - - -] Service 924d0d0a-7960-4535-9acb-48aec9cf7af6 is updated service_manage_report /usr/lib/python3/dist-packages/heat/engine/service.py:2370
2024-12-30 00:56:11.764 36170 DEBUG heat.engine.service [req-89ffc844-3d5b-4545-8c4a-c999ff969833 - - - - -] Service df5d7102-77d6-44ea-a5d6-48bd91414c10 is updated service_manage_report /usr/lib/python3/dist-packages/heat/engine/service.py:2370
2024-12-30 00:56:11.771 36169 DEBUG heat.engine.service [req-32525947-ea39-4e01-8124-7055233290dc - - - - -] Service efe39c7f-b957-4fd7-bce1-dc4d5117aa12 is updated service_manage_report /usr/lib/python3/dist-packages/heat/engine/service.py:2370
2024-12-30 00:56:11.787 36172 DEBUG heat.engine.service [req-0eeeb3c1-bba3-42a6-82b9-a11115dd104a - - - - -] Service f3a36414-8fe1-43e8-af3f-b1375a607fbd is updated service_manage_report /usr/lib/python3/dist-packages/heat/engine/service.py:2370
2024-12-30 00:56:11.848 36171 DEBUG heat.engine.service [req-4b7b9624-010d-43aa-9b53-e4de2ab90516 - - - - -] Service 924d0d0a-7960-4535-9acb-48aec9cf7af6 is updated service_manage_report /usr/lib/python3/dist-packages/heat/engine/service.py:2370
2024-12-30 00:57:11.768 36170 DEBUG heat.engine.service [req-fe8737f3-1611-44bf-9425-809e07cb4eba - - - - -] Service df5d7102-77d6-44ea-a5d6-48bd91414c10 is updated service_manage_report /usr/lib/python3/dist-packages/heat/engine/service.py:2370
2024-12-30 00:57:11.774 36169 DEBUG heat.engine.service [req-23fce622-bba7-4314-93e6-7f83b5923944 - - - - -] Service efe39c7f-b957-4fd7-bce1-dc4d5117aa12 is updated service_manage_report /usr/lib/python3/dist-packages/heat/engine/service.py:2370
2024-12-30 00:57:11.789 36172 DEBUG heat.engine.service [req-9866d85c-d4ad-4b7f-9226-6d50d75b225e - - - - -] Service f3a36414-8fe1-43e8-af3f-b1375a607fbd is updated service_manage_report /usr/lib/python3/dist-packages/heat/engine/service.py:2370
2024-12-30 00:57:11.851 36171 DEBUG heat.engine.service [req-c882d0ec-6de7-46c9-b7ab-c2a4dd6327ed - - - - -] Service 924d0d0a-7960-4535-9acb-48aec9cf7af6 is updated service_manage_report /usr/lib/python3/dist-packages/heat/engine/service.py:2370
2024-12-30 00:58:11.773 36170 DEBUG heat.engine.service [req-4ad4b7ee-51a8-4dd0-8671-7e9c0b81e600 - - - - -] Service df5d7102-77d6-44ea-a5d6-48bd91414c10 is updated service_manage_report /usr/lib/python3/dist-packages/heat/engine/service.py:2370
2024-12-30 00:58:11.779 36169 DEBUG heat.engine.service [req-17b5a993-19d9-425c-8711-aa249b4f18e4 - - - - -] Service efe39c7f-b957-4fd7-bce1-dc4d5117aa12 is updated service_manage_report /usr/lib/python3/dist-packages/heat/engine/service.py:2370
2024-12-30 00:58:11.793 36172 DEBUG heat.engine.service [req-6506b887-dd57-48ef-a96f-4bc473eea075 - - - - -] Service f3a36414-8fe1-43e8-af3f-b1375a607fbd is updated service_manage_report /usr/lib/python3/dist-packages/heat/engine/service.py:2370
2024-12-30 00:58:11.856 36171 DEBUG heat.engine.service [req-53fac293-5a04-4f43-8020-984ebfd97c7b - - - - -] Service 924d0d0a-7960-4535-9acb-48aec9cf7af6 is updated service_manage_report /usr/lib/python3/dist-packages/heat/engine/service.py:2370
2024-12-30 00:59:11.777 36170 DEBUG heat.engine.service [req-b3932eef-d1b6-4a3f-817d-6af9f0e87816 - - - - -] Service df5d7102-77d6-44ea-a5d6-48bd91414c10 is updated service_manage_report /usr/lib/python3/dist-packages/heat/engine/service.py:2370
2024-12-30 00:59:11.784 36169 DEBUG heat.engine.service [req-c1b5fa7d-dc9e-410b-9c3a-9e0df03ce567 - - - - -] Service efe39c7f-b957-4fd7-bce1-dc4d5117aa12 is updated service_manage_report /usr/lib/python3/dist-packages/heat/engine/service.py:2370
2024-12-30 00:59:11.796 36172 DEBUG heat.engine.service [req-63a6aeb8-92c9-477c-864c-698c0917fe71 - - - - -] Service f3a36414-8fe1-43e8-af3f-b1375a607fbd is updated service_manage_report /usr/lib/python3/dist-packages/heat/engine/service.py:2370
2024-12-30 00:59:11.859 36171 DEBUG heat.engine.service [req-8b117847-d4ad-447a-8f1e-0a2c4535cfb0 - - - - -] Service 924d0d0a-7960-4535-9acb-48aec9cf7af6 is updated service_manage_report /usr/lib/python3/dist-packages/heat/engine/service.py:2370
2024-12-30 01:00:11.784 36170 DEBUG heat.engine.service [req-41412275-0b88-4b97-b211-6b42b04cd624 - - - - -] Service df5d7102-77d6-44ea-a5d6-48bd91414c10 is updated service_manage_report /usr/lib/python3/dist-packages/heat/engine/service.py:2370
2024-12-30 01:00:11.789 36169 DEBUG heat.engine.service [req-23ae2706-7ef3-4650-a815-08e3319386ee - - - - -] Service efe39c7f-b957-4fd7-bce1-dc4d5117aa12 is updated service_manage_report /usr/lib/python3/dist-packages/heat/engine/service.py:2370
2024-12-30 01:00:11.798 36172 DEBUG heat.engine.service [req-b1dada5c-5b3c-47f7-99c5-9061aee776f3 - - - - -] Service f3a36414-8fe1-43e8-af3f-b1375a607fbd is updated service_manage_report /usr/lib/python3/dist-packages/heat/engine/service.py:2370
2024-12-30 01:00:11.864 36171 DEBUG heat.engine.service [req-815d05b4-31a3-4401-b4b9-ab08b2e97883 - - - - -] Service 924d0d0a-7960-4535-9acb-48aec9cf7af6 is updated service_manage_report /usr/lib/python3/dist-packages/heat/engine/service.py:2370
2024-12-30 01:01:11.778 36170 DEBUG heat.engine.service [req-0c5deb3e-90e7-4c3b-b33a-255e59874fcf - - - - -] Service df5d7102-77d6-44ea-a5d6-48bd91414c10 is updated service_manage_report /usr/lib/python3/dist-packages/heat/engine/service.py:2370
2024-12-30 01:01:11.782 36169 DEBUG heat.engine.service [req-69e9984c-348e-489b-9d49-b3eb127651ee - - - - -] Service efe39c7f-b957-4fd7-bce1-dc4d5117aa12 is updated service_manage_report /usr/lib/python3/dist-packages/heat/engine/service.py:2370
2024-12-30 01:01:11.804 36172 DEBUG heat.engine.service [req-dde8a377-9a30-44d8-8c7a-fd2f249a1a24 - - - - -] Service f3a36414-8fe1-43e8-af3f-b1375a607fbd is updated service_manage_report /usr/lib/python3/dist-packages/heat/engine/service.py:2370
2024-12-30 01:01:11.870 36171 DEBUG heat.engine.service [req-062193fc-d96e-4d99-ae64-29a915425f56 - - - - -] Service 924d0d0a-7960-4535-9acb-48aec9cf7af6 is updated service_manage_report /usr/lib/python3/dist-packages/heat/engine/service.py:2370
2024-12-30 01:02:11.784 36170 DEBUG heat.engine.service [req-e559535d-8fdb-454c-abb0-881a312c2531 - - - - -] Service df5d7102-77d6-44ea-a5d6-48bd91414c10 is updated service_manage_report /usr/lib/python3/dist-packages/heat/engine/service.py:2370
2024-12-30 01:02:11.787 36169 DEBUG heat.engine.service [req-d9ceb019-5cf6-4603-a295-3ea5c6e756e5 - - - - -] Service efe39c7f-b957-4fd7-bce1-dc4d5117aa12 is updated service_manage_report /usr/lib/python3/dist-packages/heat/engine/service.py:2370
2024-12-30 01:02:11.797 36172 DEBUG heat.engine.service [req-59cbccea-3aae-47db-ac61-ca887dbb3649 - - - - -] Service f3a36414-8fe1-43e8-af3f-b1375a607fbd is updated service_manage_report /usr/lib/python3/dist-packages/heat/engine/service.py:2370
2024-12-30 01:02:11.873 36171 DEBUG heat.engine.service [req-5cf59580-101f-46b2-a872-1e8e7d09f720 - - - - -] Service 924d0d0a-7960-4535-9acb-48aec9cf7af6 is updated service_manage_report /usr/lib/python3/dist-packages/heat/engine/service.py:2370
2024-12-30 01:03:11.779 36170 DEBUG heat.engine.service [req-68c55b49-475c-4cdd-aef2-f4e32376236a - - - - -] Service df5d7102-77d6-44ea-a5d6-48bd91414c10 is updated service_manage_report /usr/lib/python3/dist-packages/heat/engine/service.py:2370
2024-12-30 01:03:11.791 36169 DEBUG heat.engine.service [req-86ce6af6-3720-4784-9811-ea96fdb4fcd9 - - - - -] Service efe39c7f-b957-4fd7-bce1-dc4d5117aa12 is updated service_manage_report /usr/lib/python3/dist-packages/heat/engine/service.py:2370
2024-12-30 01:03:11.802 36172 DEBUG heat.engine.service [req-ccb8c430-bef7-4f85-92af-122c4d6f7958 - - - - -] Service f3a36414-8fe1-43e8-af3f-b1375a607fbd is updated service_manage_report /usr/lib/python3/dist-packages/heat/engine/service.py:2370
2024-12-30 01:03:11.882 36171 DEBUG heat.engine.service [req-7a2417d1-9585-4fc4-b412-3cd405b57237 - - - - -] Service 924d0d0a-7960-4535-9acb-48aec9cf7af6 is updated service_manage_report /usr/lib/python3/dist-packages/heat/engine/service.py:2370
2024-12-30 01:04:11.782 36170 DEBUG heat.engine.service [req-7209a131-bbf7-4f0d-89fa-bedcfe90037b - - - - -] Service df5d7102-77d6-44ea-a5d6-48bd91414c10 is updated service_manage_report /usr/lib/python3/dist-packages/heat/engine/service.py:2370
