2024-12-30 01:50:22.436 66290 DEBUG oslo_service.service [-] database.mysql_sql_mode = TRADITIONAL log_opt_values /usr/lib/python3/dist-packages/oslo_config/cfg.py:2609
2024-12-30 01:50:22.436 66290 DEBUG oslo_service.service [-] database.pool_timeout = None log_opt_values /usr/lib/python3/dist-packages/oslo_config/cfg.py:2609
2024-12-30 01:50:22.437 66290 DEBUG oslo_service.service [-] database.retry_interval = 10 log_opt_values /usr/lib/python3/dist-packages/oslo_config/cfg.py:2609
2024-12-30 01:50:22.437 66290 DEBUG oslo_service.service [-] database.slave_connection = **** log_opt_values /usr/lib/python3/dist-packages/oslo_config/cfg.py:2609
2024-12-30 01:50:22.437 66290 DEBUG oslo_service.service [-] database.sqlite_synchronous = True log_opt_values /usr/lib/python3/dist-packages/oslo_config/cfg.py:2609
2024-12-30 01:50:22.437 66290 DEBUG oslo_service.service [-] database.use_db_reconnect = False log_opt_values /usr/lib/python3/dist-packages/oslo_config/cfg.py:2609
2024-12-30 01:50:22.437 66290 DEBUG oslo_service.service [-] oslo_messaging_metrics.metrics_buffer_size = 1000 log_opt_values /usr/lib/python3/dist-packages/oslo_config/cfg.py:2609
2024-12-30 01:50:22.438 66290 DEBUG oslo_service.service [-] oslo_messaging_metrics.metrics_enabled = False log_opt_values /usr/lib/python3/dist-packages/oslo_config/cfg.py:2609
2024-12-30 01:50:22.438 66290 DEBUG oslo_service.service [-] oslo_messaging_metrics.metrics_process_name = log_opt_values /usr/lib/python3/dist-packages/oslo_config/cfg.py:2609
2024-12-30 01:50:22.438 66290 DEBUG oslo_service.service [-] oslo_messaging_metrics.metrics_socket_file = /var/tmp/metrics_collector.sock log_opt_values /usr/lib/python3/dist-packages/oslo_config/cfg.py:2609
2024-12-30 01:50:22.438 66290 DEBUG oslo_service.service [-] oslo_messaging_metrics.metrics_thread_stop_timeout = 10 log_opt_values /usr/lib/python3/dist-packages/oslo_config/cfg.py:2609
2024-12-30 01:50:22.438 66290 DEBUG oslo_service.service [-] oslo_policy.enforce_new_defaults = False log_opt_values /usr/lib/python3/dist-packages/oslo_config/cfg.py:2609
2024-12-30 01:50:22.438 66290 DEBUG oslo_service.service [-] oslo_policy.enforce_scope = False log_opt_values /usr/lib/python3/dist-packages/oslo_config/cfg.py:2609
2024-12-30 01:50:22.439 66290 DEBUG oslo_service.service [-] oslo_policy.policy_default_rule = default log_opt_values /usr/lib/python3/dist-packages/oslo_config/cfg.py:2609
2024-12-30 01:50:22.439 66290 DEBUG oslo_service.service [-] oslo_policy.policy_dirs = ['policy.d'] log_opt_values /usr/lib/python3/dist-packages/oslo_config/cfg.py:2609
2024-12-30 01:50:22.439 66290 DEBUG oslo_service.service [-] oslo_policy.policy_file = policy.yaml log_opt_values /usr/lib/python3/dist-packages/oslo_config/cfg.py:2609
2024-12-30 01:50:22.439 66290 DEBUG oslo_service.service [-] oslo_policy.remote_content_type = application/x-www-form-urlencoded log_opt_values /usr/lib/python3/dist-packages/oslo_config/cfg.py:2609
2024-12-30 01:50:22.439 66290 DEBUG oslo_service.service [-] oslo_policy.remote_ssl_ca_crt_file = None log_opt_values /usr/lib/python3/dist-packages/oslo_config/cfg.py:2609
2024-12-30 01:50:22.439 66290 DEBUG oslo_service.service [-] oslo_policy.remote_ssl_client_crt_file = None log_opt_values /usr/lib/python3/dist-packages/oslo_config/cfg.py:2609
2024-12-30 01:50:22.440 66290 DEBUG oslo_service.service [-] oslo_policy.remote_ssl_client_key_file = None log_opt_values /usr/lib/python3/dist-packages/oslo_config/cfg.py:2609
2024-12-30 01:50:22.440 66290 DEBUG oslo_service.service [-] oslo_policy.remote_ssl_verify_server_crt = False log_opt_values /usr/lib/python3/dist-packages/oslo_config/cfg.py:2609
2024-12-30 01:50:22.440 66290 DEBUG oslo_service.service [-] trustee.auth_section = None log_opt_values /usr/lib/python3/dist-packages/oslo_config/cfg.py:2609
2024-12-30 01:50:22.440 66290 WARNING oslo_config.cfg [-] Deprecated: Option "auth_plugin" from group "trustee" is deprecated. Use option "auth_type" from group "trustee".
2024-12-30 01:50:22.440 66290 DEBUG oslo_service.service [-] trustee.auth_type = password log_opt_values /usr/lib/python3/dist-packages/oslo_config/cfg.py:2609
2024-12-30 01:50:22.441 66290 DEBUG oslo_service.service [-] oslo_versionedobjects.fatal_exception_format_errors = False log_opt_values /usr/lib/python3/dist-packages/oslo_config/cfg.py:2609
2024-12-30 01:50:22.441 66290 DEBUG oslo_service.service [-] oslo_messaging_rabbit.amqp_auto_delete = False log_opt_values /usr/lib/python3/dist-packages/oslo_config/cfg.py:2609
2024-12-30 01:50:22.441 66290 DEBUG oslo_service.service [-] oslo_messaging_rabbit.amqp_durable_queues = False log_opt_values /usr/lib/python3/dist-packages/oslo_config/cfg.py:2609
2024-12-30 01:50:22.441 66290 DEBUG oslo_service.service [-] oslo_messaging_rabbit.conn_pool_min_size = 2 log_opt_values /usr/lib/python3/dist-packages/oslo_config/cfg.py:2609
2024-12-30 01:50:22.441 66290 DEBUG oslo_service.service [-] oslo_messaging_rabbit.conn_pool_ttl = 1200 log_opt_values /usr/lib/python3/dist-packages/oslo_config/cfg.py:2609
2024-12-30 01:50:22.441 66290 DEBUG oslo_service.service [-] oslo_messaging_rabbit.direct_mandatory_flag = True log_opt_values /usr/lib/python3/dist-packages/oslo_config/cfg.py:2609
2024-12-30 01:50:22.441 66290 DEBUG oslo_service.service [-] oslo_messaging_rabbit.enable_cancel_on_failover = False log_opt_values /usr/lib/python3/dist-packages/oslo_config/cfg.py:2609
2024-12-30 01:50:22.441 66290 DEBUG oslo_service.service [-] oslo_messaging_rabbit.heartbeat_in_pthread = True log_opt_values /usr/lib/python3/dist-packages/oslo_config/cfg.py:2609
2024-12-30 01:50:22.442 66290 DEBUG oslo_service.service [-] oslo_messaging_rabbit.heartbeat_rate = 2 log_opt_values /usr/lib/python3/dist-packages/oslo_config/cfg.py:2609
2024-12-30 01:50:22.442 66290 DEBUG oslo_service.service [-] oslo_messaging_rabbit.heartbeat_timeout_threshold = 60 log_opt_values /usr/lib/python3/dist-packages/oslo_config/cfg.py:2609
2024-12-30 01:50:22.442 66290 DEBUG oslo_service.service [-] oslo_messaging_rabbit.kombu_compression = None log_opt_values /usr/lib/python3/dist-packages/oslo_config/cfg.py:2609
2024-12-30 01:50:22.442 66290 DEBUG oslo_service.service [-] oslo_messaging_rabbit.kombu_failover_strategy = round-robin log_opt_values /usr/lib/python3/dist-packages/oslo_config/cfg.py:2609
2024-12-30 01:50:22.442 66290 DEBUG oslo_service.service [-] oslo_messaging_rabbit.kombu_missing_consumer_retry_timeout = 60 log_opt_values /usr/lib/python3/dist-packages/oslo_config/cfg.py:2609
2024-12-30 01:50:22.442 66290 DEBUG oslo_service.service [-] oslo_messaging_rabbit.kombu_reconnect_delay = 1.0 log_opt_values /usr/lib/python3/dist-packages/oslo_config/cfg.py:2609
2024-12-30 01:50:22.442 66290 DEBUG oslo_service.service [-] oslo_messaging_rabbit.rabbit_ha_queues = False log_opt_values /usr/lib/python3/dist-packages/oslo_config/cfg.py:2609
2024-12-30 01:50:22.442 66290 DEBUG oslo_service.service [-] oslo_messaging_rabbit.rabbit_interval_max = 30 log_opt_values /usr/lib/python3/dist-packages/oslo_config/cfg.py:2609
2024-12-30 01:50:22.442 66290 DEBUG oslo_service.service [-] oslo_messaging_rabbit.rabbit_login_method = AMQPLAIN log_opt_values /usr/lib/python3/dist-packages/oslo_config/cfg.py:2609
2024-12-30 01:50:22.443 66290 DEBUG oslo_service.service [-] oslo_messaging_rabbit.rabbit_qos_prefetch_count = 0 log_opt_values /usr/lib/python3/dist-packages/oslo_config/cfg.py:2609
2024-12-30 01:50:22.443 66290 DEBUG oslo_service.service [-] oslo_messaging_rabbit.rabbit_quorum_queue = False log_opt_values /usr/lib/python3/dist-packages/oslo_config/cfg.py:2609
2024-12-30 01:50:22.443 66290 DEBUG oslo_service.service [-] oslo_messaging_rabbit.rabbit_retry_backoff = 2 log_opt_values /usr/lib/python3/dist-packages/oslo_config/cfg.py:2609
2024-12-30 01:50:22.443 66290 DEBUG oslo_service.service [-] oslo_messaging_rabbit.rabbit_retry_interval = 1 log_opt_values /usr/lib/python3/dist-packages/oslo_config/cfg.py:2609
2024-12-30 01:50:22.444 66290 DEBUG oslo_service.service [-] oslo_messaging_rabbit.rabbit_transient_queues_ttl = 1800 log_opt_values /usr/lib/python3/dist-packages/oslo_config/cfg.py:2609
2024-12-30 01:50:22.444 66290 DEBUG oslo_service.service [-] oslo_messaging_rabbit.rpc_conn_pool_size = 30 log_opt_values /usr/lib/python3/dist-packages/oslo_config/cfg.py:2609
2024-12-30 01:50:22.444 66290 DEBUG oslo_service.service [-] oslo_messaging_rabbit.ssl = False log_opt_values /usr/lib/python3/dist-packages/oslo_config/cfg.py:2609
2024-12-30 01:50:22.444 66290 DEBUG oslo_service.service [-] oslo_messaging_rabbit.ssl_ca_file = log_opt_values /usr/lib/python3/dist-packages/oslo_config/cfg.py:2609
2024-12-30 01:50:22.444 66290 DEBUG oslo_service.service [-] oslo_messaging_rabbit.ssl_cert_file = log_opt_values /usr/lib/python3/dist-packages/oslo_config/cfg.py:2609
2024-12-30 01:50:22.444 66290 DEBUG oslo_service.service [-] oslo_messaging_rabbit.ssl_key_file = log_opt_values /usr/lib/python3/dist-packages/oslo_config/cfg.py:2609
2024-12-30 01:50:22.444 66290 DEBUG oslo_service.service [-] oslo_messaging_rabbit.ssl_version = log_opt_values /usr/lib/python3/dist-packages/oslo_config/cfg.py:2609
2024-12-30 01:50:22.444 66290 DEBUG oslo_service.service [-] oslo_messaging_notifications.driver = [] log_opt_values /usr/lib/python3/dist-packages/oslo_config/cfg.py:2609
2024-12-30 01:50:22.444 66290 DEBUG oslo_service.service [-] oslo_messaging_notifications.retry = -1 log_opt_values /usr/lib/python3/dist-packages/oslo_config/cfg.py:2609
2024-12-30 01:50:22.445 66290 DEBUG oslo_service.service [-] oslo_messaging_notifications.topics = ['notifications'] log_opt_values /usr/lib/python3/dist-packages/oslo_config/cfg.py:2609
2024-12-30 01:50:22.445 66290 DEBUG oslo_service.service [-] oslo_messaging_notifications.transport_url = **** log_opt_values /usr/lib/python3/dist-packages/oslo_config/cfg.py:2609
2024-12-30 01:50:22.445 66290 DEBUG oslo_service.service [-] cache.backend = dogpile.cache.null log_opt_values /usr/lib/python3/dist-packages/oslo_config/cfg.py:2609
2024-12-30 01:50:22.445 66290 DEBUG oslo_service.service [-] cache.backend_argument = **** log_opt_values /usr/lib/python3/dist-packages/oslo_config/cfg.py:2609
2024-12-30 01:50:22.445 66290 DEBUG oslo_service.service [-] cache.config_prefix = cache.oslo log_opt_values /usr/lib/python3/dist-packages/oslo_config/cfg.py:2609
2024-12-30 01:50:22.446 66290 DEBUG oslo_service.service [-] cache.debug_cache_backend = False log_opt_values /usr/lib/python3/dist-packages/oslo_config/cfg.py:2609
2024-12-30 01:50:22.446 66290 DEBUG oslo_service.service [-] cache.enabled = False log_opt_values /usr/lib/python3/dist-packages/oslo_config/cfg.py:2609
2024-12-30 01:50:22.446 66290 DEBUG oslo_service.service [-] cache.expiration_time = 600 log_opt_values /usr/lib/python3/dist-packages/oslo_config/cfg.py:2609
2024-12-30 01:50:22.446 66290 DEBUG oslo_service.service [-] cache.memcache_dead_retry = 300 log_opt_values /usr/lib/python3/dist-packages/oslo_config/cfg.py:2609
2024-12-30 01:50:22.446 66290 DEBUG oslo_service.service [-] cache.memcache_pool_connection_get_timeout = 10 log_opt_values /usr/lib/python3/dist-packages/oslo_config/cfg.py:2609
2024-12-30 01:50:22.446 66290 DEBUG oslo_service.service [-] cache.memcache_pool_flush_on_reconnect = False log_opt_values /usr/lib/python3/dist-packages/oslo_config/cfg.py:2609
2024-12-30 01:50:22.447 66290 DEBUG oslo_service.service [-] cache.memcache_pool_maxsize = 10 log_opt_values /usr/lib/python3/dist-packages/oslo_config/cfg.py:2609
2024-12-30 01:50:22.447 66290 DEBUG oslo_service.service [-] cache.memcache_pool_unused_timeout = 60 log_opt_values /usr/lib/python3/dist-packages/oslo_config/cfg.py:2609
2024-12-30 01:50:22.447 66290 DEBUG oslo_service.service [-] cache.memcache_servers = ['localhost:11211'] log_opt_values /usr/lib/python3/dist-packages/oslo_config/cfg.py:2609
2024-12-30 01:50:22.447 66290 DEBUG oslo_service.service [-] cache.memcache_socket_timeout = 1.0 log_opt_values /usr/lib/python3/dist-packages/oslo_config/cfg.py:2609
2024-12-30 01:50:22.447 66290 DEBUG oslo_service.service [-] cache.proxies = [] log_opt_values /usr/lib/python3/dist-packages/oslo_config/cfg.py:2609
2024-12-30 01:50:22.447 66290 DEBUG oslo_service.service [-] cache.tls_allowed_ciphers = None log_opt_values /usr/lib/python3/dist-packages/oslo_config/cfg.py:2609
2024-12-30 01:50:22.447 66290 DEBUG oslo_service.service [-] cache.tls_cafile = None log_opt_values /usr/lib/python3/dist-packages/oslo_config/cfg.py:2609
2024-12-30 01:50:22.447 66290 DEBUG oslo_service.service [-] cache.tls_certfile = None log_opt_values /usr/lib/python3/dist-packages/oslo_config/cfg.py:2609
2024-12-30 01:50:22.447 66290 DEBUG oslo_service.service [-] cache.tls_enabled = False log_opt_values /usr/lib/python3/dist-packages/oslo_config/cfg.py:2609
2024-12-30 01:50:22.448 66290 DEBUG oslo_service.service [-] cache.tls_keyfile = None log_opt_values /usr/lib/python3/dist-packages/oslo_config/cfg.py:2609
2024-12-30 01:50:22.448 66290 DEBUG oslo_service.service [-] constraint_validation_cache.caching = True log_opt_values /usr/lib/python3/dist-packages/oslo_config/cfg.py:2609
2024-12-30 01:50:22.448 66290 DEBUG oslo_service.service [-] constraint_validation_cache.expiration_time = 60 log_opt_values /usr/lib/python3/dist-packages/oslo_config/cfg.py:2609
2024-12-30 01:50:22.448 66290 DEBUG oslo_service.service [-] service_extension_cache.caching = True log_opt_values /usr/lib/python3/dist-packages/oslo_config/cfg.py:2609
2024-12-30 01:50:22.448 66290 DEBUG oslo_service.service [-] service_extension_cache.expiration_time = 3600 log_opt_values /usr/lib/python3/dist-packages/oslo_config/cfg.py:2609
2024-12-30 01:50:22.448 66290 DEBUG oslo_service.service [-] resource_finder_cache.caching = True log_opt_values /usr/lib/python3/dist-packages/oslo_config/cfg.py:2609
2024-12-30 01:50:22.448 66290 DEBUG oslo_service.service [-] resource_finder_cache.expiration_time = 3600 log_opt_values /usr/lib/python3/dist-packages/oslo_config/cfg.py:2609
2024-12-30 01:50:22.448 66290 DEBUG oslo_service.service [-] yaql.limit_iterators = 200 log_opt_values /usr/lib/python3/dist-packages/oslo_config/cfg.py:2609
2024-12-30 01:50:22.448 66290 DEBUG oslo_service.service [-] yaql.memory_quota = 10000 log_opt_values /usr/lib/python3/dist-packages/oslo_config/cfg.py:2609
2024-12-30 01:50:22.449 66290 DEBUG oslo_service.service [-] ******************************************************************************** log_opt_values /usr/lib/python3/dist-packages/oslo_config/cfg.py:2613
2024-12-30 01:50:22.458 66514 DEBUG oslo_db.sqlalchemy.engines [req-478a34a4-a37d-4444-8dec-67968e9a3a42 - - - - -] MySQL server mode set to STRICT_TRANS_TABLES,STRICT_ALL_TABLES,NO_ZERO_IN_DATE,NO_ZERO_DATE,ERROR_FOR_DIVISION_BY_ZERO,TRADITIONAL,NO_ENGINE_SUBSTITUTION _check_effective_sql_mode /usr/lib/python3/dist-packages/oslo_db/sqlalchemy/engines.py:314
2024-12-30 01:50:22.464 66515 DEBUG oslo_db.sqlalchemy.engines [req-37d35d51-f674-494b-8e2a-45308b88894f - - - - -] MySQL server mode set to STRICT_TRANS_TABLES,STRICT_ALL_TABLES,NO_ZERO_IN_DATE,NO_ZERO_DATE,ERROR_FOR_DIVISION_BY_ZERO,TRADITIONAL,NO_ENGINE_SUBSTITUTION _check_effective_sql_mode /usr/lib/python3/dist-packages/oslo_db/sqlalchemy/engines.py:314
2024-12-30 01:50:22.468 66516 DEBUG oslo_db.sqlalchemy.engines [req-1519b04d-9000-42c8-86f7-c78fd4062f40 - - - - -] MySQL server mode set to STRICT_TRANS_TABLES,STRICT_ALL_TABLES,NO_ZERO_IN_DATE,NO_ZERO_DATE,ERROR_FOR_DIVISION_BY_ZERO,TRADITIONAL,NO_ENGINE_SUBSTITUTION _check_effective_sql_mode /usr/lib/python3/dist-packages/oslo_db/sqlalchemy/engines.py:314
2024-12-30 01:50:22.469 66517 DEBUG oslo_db.sqlalchemy.engines [req-ee812ec2-fcdc-40f0-bc19-2d7098e2ed15 - - - - -] MySQL server mode set to STRICT_TRANS_TABLES,STRICT_ALL_TABLES,NO_ZERO_IN_DATE,NO_ZERO_DATE,ERROR_FOR_DIVISION_BY_ZERO,TRADITIONAL,NO_ENGINE_SUBSTITUTION _check_effective_sql_mode /usr/lib/python3/dist-packages/oslo_db/sqlalchemy/engines.py:314
2024-12-30 01:50:22.512 66514 DEBUG heat.engine.service [req-478a34a4-a37d-4444-8dec-67968e9a3a42 - - - - -] Service 1e876be0-3cb6-4c99-bbce-086a35a939b8 was aborted service_manage_cleanup /usr/lib/python3/dist-packages/heat/engine/service.py:2391
2024-12-30 01:50:22.525 66515 DEBUG heat.engine.service [req-37d35d51-f674-494b-8e2a-45308b88894f - - - - -] Service 1e876be0-3cb6-4c99-bbce-086a35a939b8 was aborted service_manage_cleanup /usr/lib/python3/dist-packages/heat/engine/service.py:2391
2024-12-30 01:50:22.527 66517 DEBUG heat.engine.service [req-ee812ec2-fcdc-40f0-bc19-2d7098e2ed15 - - - - -] Service 1e876be0-3cb6-4c99-bbce-086a35a939b8 was aborted service_manage_cleanup /usr/lib/python3/dist-packages/heat/engine/service.py:2391
2024-12-30 01:50:22.539 66516 DEBUG heat.engine.service [req-1519b04d-9000-42c8-86f7-c78fd4062f40 - - - - -] Service 1e876be0-3cb6-4c99-bbce-086a35a939b8 was aborted service_manage_cleanup /usr/lib/python3/dist-packages/heat/engine/service.py:2391
2024-12-30 01:50:22.541 66515 DEBUG heat.engine.service [req-37d35d51-f674-494b-8e2a-45308b88894f - - - - -] Service 491773de-832d-440f-a558-77239aec0964 was aborted service_manage_cleanup /usr/lib/python3/dist-packages/heat/engine/service.py:2391
2024-12-30 01:50:22.542 66514 DEBUG heat.engine.service [req-478a34a4-a37d-4444-8dec-67968e9a3a42 - - - - -] Service 491773de-832d-440f-a558-77239aec0964 was aborted service_manage_cleanup /usr/lib/python3/dist-packages/heat/engine/service.py:2391
2024-12-30 01:50:22.543 66517 DEBUG heat.engine.service [req-ee812ec2-fcdc-40f0-bc19-2d7098e2ed15 - - - - -] Service 491773de-832d-440f-a558-77239aec0964 was aborted service_manage_cleanup /usr/lib/python3/dist-packages/heat/engine/service.py:2391
2024-12-30 01:50:22.549 66516 DEBUG heat.engine.service [req-1519b04d-9000-42c8-86f7-c78fd4062f40 - - - - -] Service 491773de-832d-440f-a558-77239aec0964 was aborted service_manage_cleanup /usr/lib/python3/dist-packages/heat/engine/service.py:2391
2024-12-30 01:50:22.558 66517 DEBUG heat.engine.service [req-ee812ec2-fcdc-40f0-bc19-2d7098e2ed15 - - - - -] Service 5a67b881-b36e-4295-9652-6830eb76a5e7 was aborted service_manage_cleanup /usr/lib/python3/dist-packages/heat/engine/service.py:2391
2024-12-30 01:50:22.560 66515 DEBUG heat.engine.service [req-37d35d51-f674-494b-8e2a-45308b88894f - - - - -] Service 5a67b881-b36e-4295-9652-6830eb76a5e7 was aborted service_manage_cleanup /usr/lib/python3/dist-packages/heat/engine/service.py:2391
2024-12-30 01:50:22.560 66516 DEBUG heat.engine.service [req-1519b04d-9000-42c8-86f7-c78fd4062f40 - - - - -] Service 5a67b881-b36e-4295-9652-6830eb76a5e7 was aborted service_manage_cleanup /usr/lib/python3/dist-packages/heat/engine/service.py:2391
2024-12-30 01:50:22.561 66514 DEBUG heat.engine.service [req-478a34a4-a37d-4444-8dec-67968e9a3a42 - - - - -] Service 5a67b881-b36e-4295-9652-6830eb76a5e7 was aborted service_manage_cleanup /usr/lib/python3/dist-packages/heat/engine/service.py:2391
2024-12-30 01:50:22.573 66517 DEBUG heat.engine.service [req-ee812ec2-fcdc-40f0-bc19-2d7098e2ed15 - - - - -] Service 7618dd3a-e63c-4086-a34b-c5388411008b was aborted service_manage_cleanup /usr/lib/python3/dist-packages/heat/engine/service.py:2391
2024-12-30 01:50:22.576 66516 DEBUG heat.engine.service [req-1519b04d-9000-42c8-86f7-c78fd4062f40 - - - - -] Service 7618dd3a-e63c-4086-a34b-c5388411008b was aborted service_manage_cleanup /usr/lib/python3/dist-packages/heat/engine/service.py:2391
2024-12-30 01:50:22.578 66514 DEBUG heat.engine.service [req-478a34a4-a37d-4444-8dec-67968e9a3a42 - - - - -] Service 7618dd3a-e63c-4086-a34b-c5388411008b was aborted service_manage_cleanup /usr/lib/python3/dist-packages/heat/engine/service.py:2391
2024-12-30 01:50:22.577 66515 DEBUG heat.engine.service [req-37d35d51-f674-494b-8e2a-45308b88894f - - - - -] Service 7618dd3a-e63c-4086-a34b-c5388411008b was aborted service_manage_cleanup /usr/lib/python3/dist-packages/heat/engine/service.py:2391
2024-12-30 01:50:22.590 66516 DEBUG heat.engine.service [req-1519b04d-9000-42c8-86f7-c78fd4062f40 - - - - -] Service 924d0d0a-7960-4535-9acb-48aec9cf7af6 was aborted service_manage_cleanup /usr/lib/python3/dist-packages/heat/engine/service.py:2391
2024-12-30 01:50:22.590 66517 DEBUG heat.engine.service [req-ee812ec2-fcdc-40f0-bc19-2d7098e2ed15 - - - - -] Service 924d0d0a-7960-4535-9acb-48aec9cf7af6 was aborted service_manage_cleanup /usr/lib/python3/dist-packages/heat/engine/service.py:2391
2024-12-30 01:50:22.591 66514 DEBUG heat.engine.service [req-478a34a4-a37d-4444-8dec-67968e9a3a42 - - - - -] Service 924d0d0a-7960-4535-9acb-48aec9cf7af6 was aborted service_manage_cleanup /usr/lib/python3/dist-packages/heat/engine/service.py:2391
2024-12-30 01:50:22.593 66515 DEBUG heat.engine.service [req-37d35d51-f674-494b-8e2a-45308b88894f - - - - -] Service 924d0d0a-7960-4535-9acb-48aec9cf7af6 was aborted service_manage_cleanup /usr/lib/python3/dist-packages/heat/engine/service.py:2391
2024-12-30 01:50:22.602 66516 DEBUG heat.engine.service [req-1519b04d-9000-42c8-86f7-c78fd4062f40 - - - - -] Service b0f2f5ca-3584-4568-b60f-d34bdb3cf190 was aborted service_manage_cleanup /usr/lib/python3/dist-packages/heat/engine/service.py:2391
2024-12-30 01:50:22.603 66517 DEBUG heat.engine.service [req-ee812ec2-fcdc-40f0-bc19-2d7098e2ed15 - - - - -] Service b0f2f5ca-3584-4568-b60f-d34bdb3cf190 was aborted service_manage_cleanup /usr/lib/python3/dist-packages/heat/engine/service.py:2391
2024-12-30 01:50:22.604 66515 DEBUG heat.engine.service [req-37d35d51-f674-494b-8e2a-45308b88894f - - - - -] Service b0f2f5ca-3584-4568-b60f-d34bdb3cf190 was aborted service_manage_cleanup /usr/lib/python3/dist-packages/heat/engine/service.py:2391
2024-12-30 01:50:22.610 66514 DEBUG heat.engine.service [req-478a34a4-a37d-4444-8dec-67968e9a3a42 - - - - -] Service b0f2f5ca-3584-4568-b60f-d34bdb3cf190 was aborted service_manage_cleanup /usr/lib/python3/dist-packages/heat/engine/service.py:2391
2024-12-30 01:50:22.614 66516 DEBUG heat.engine.service [req-1519b04d-9000-42c8-86f7-c78fd4062f40 - - - - -] Service b3c3a10f-a411-4854-9615-fad50c7ef086 was aborted service_manage_cleanup /usr/lib/python3/dist-packages/heat/engine/service.py:2391
2024-12-30 01:50:22.615 66517 DEBUG heat.engine.service [req-ee812ec2-fcdc-40f0-bc19-2d7098e2ed15 - - - - -] Service b3c3a10f-a411-4854-9615-fad50c7ef086 was aborted service_manage_cleanup /usr/lib/python3/dist-packages/heat/engine/service.py:2391
2024-12-30 01:50:22.617 66514 DEBUG heat.engine.service [req-478a34a4-a37d-4444-8dec-67968e9a3a42 - - - - -] Service b3c3a10f-a411-4854-9615-fad50c7ef086 was aborted service_manage_cleanup /usr/lib/python3/dist-packages/heat/engine/service.py:2391
2024-12-30 01:50:22.618 66515 DEBUG heat.engine.service [req-37d35d51-f674-494b-8e2a-45308b88894f - - - - -] Service b3c3a10f-a411-4854-9615-fad50c7ef086 was aborted service_manage_cleanup /usr/lib/python3/dist-packages/heat/engine/service.py:2391
2024-12-30 01:50:22.628 66516 DEBUG heat.engine.service [req-1519b04d-9000-42c8-86f7-c78fd4062f40 - - - - -] Service df5d7102-77d6-44ea-a5d6-48bd91414c10 was aborted service_manage_cleanup /usr/lib/python3/dist-packages/heat/engine/service.py:2391
2024-12-30 01:50:22.629 66514 DEBUG heat.engine.service [req-478a34a4-a37d-4444-8dec-67968e9a3a42 - - - - -] Service df5d7102-77d6-44ea-a5d6-48bd91414c10 was aborted service_manage_cleanup /usr/lib/python3/dist-packages/heat/engine/service.py:2391
2024-12-30 01:50:22.630 66517 DEBUG heat.engine.service [req-ee812ec2-fcdc-40f0-bc19-2d7098e2ed15 - - - - -] Service df5d7102-77d6-44ea-a5d6-48bd91414c10 was aborted service_manage_cleanup /usr/lib/python3/dist-packages/heat/engine/service.py:2391
2024-12-30 01:50:22.632 66515 DEBUG heat.engine.service [req-37d35d51-f674-494b-8e2a-45308b88894f - - - - -] Service df5d7102-77d6-44ea-a5d6-48bd91414c10 was aborted service_manage_cleanup /usr/lib/python3/dist-packages/heat/engine/service.py:2391
2024-12-30 01:50:22.643 66516 DEBUG heat.engine.service [req-1519b04d-9000-42c8-86f7-c78fd4062f40 - - - - -] Service e630345b-4188-40af-b458-935ff23c386b was aborted service_manage_cleanup /usr/lib/python3/dist-packages/heat/engine/service.py:2391
2024-12-30 01:50:22.644 66514 DEBUG heat.engine.service [req-478a34a4-a37d-4444-8dec-67968e9a3a42 - - - - -] Service e630345b-4188-40af-b458-935ff23c386b was aborted service_manage_cleanup /usr/lib/python3/dist-packages/heat/engine/service.py:2391
2024-12-30 01:50:22.644 66517 DEBUG heat.engine.service [req-ee812ec2-fcdc-40f0-bc19-2d7098e2ed15 - - - - -] Service e630345b-4188-40af-b458-935ff23c386b was aborted service_manage_cleanup /usr/lib/python3/dist-packages/heat/engine/service.py:2391
2024-12-30 01:50:22.645 66515 DEBUG heat.engine.service [req-37d35d51-f674-494b-8e2a-45308b88894f - - - - -] Service e630345b-4188-40af-b458-935ff23c386b was aborted service_manage_cleanup /usr/lib/python3/dist-packages/heat/engine/service.py:2391
2024-12-30 01:50:22.656 66516 DEBUG heat.engine.service [req-1519b04d-9000-42c8-86f7-c78fd4062f40 - - - - -] Service e6c1747e-f0e9-4c68-ac2a-93a5ee524884 was aborted service_manage_cleanup /usr/lib/python3/dist-packages/heat/engine/service.py:2391
2024-12-30 01:50:22.657 66515 DEBUG heat.engine.service [req-37d35d51-f674-494b-8e2a-45308b88894f - - - - -] Service e6c1747e-f0e9-4c68-ac2a-93a5ee524884 was aborted service_manage_cleanup /usr/lib/python3/dist-packages/heat/engine/service.py:2391
2024-12-30 01:50:22.659 66514 DEBUG heat.engine.service [req-478a34a4-a37d-4444-8dec-67968e9a3a42 - - - - -] Service e6c1747e-f0e9-4c68-ac2a-93a5ee524884 was aborted service_manage_cleanup /usr/lib/python3/dist-packages/heat/engine/service.py:2391
2024-12-30 01:50:22.660 66517 DEBUG heat.engine.service [req-ee812ec2-fcdc-40f0-bc19-2d7098e2ed15 - - - - -] Service e6c1747e-f0e9-4c68-ac2a-93a5ee524884 was aborted service_manage_cleanup /usr/lib/python3/dist-packages/heat/engine/service.py:2391
2024-12-30 01:50:22.669 66516 DEBUG heat.engine.service [req-1519b04d-9000-42c8-86f7-c78fd4062f40 - - - - -] Service efe39c7f-b957-4fd7-bce1-dc4d5117aa12 was aborted service_manage_cleanup /usr/lib/python3/dist-packages/heat/engine/service.py:2391
2024-12-30 01:50:22.670 66515 DEBUG heat.engine.service [req-37d35d51-f674-494b-8e2a-45308b88894f - - - - -] Service efe39c7f-b957-4fd7-bce1-dc4d5117aa12 was aborted service_manage_cleanup /usr/lib/python3/dist-packages/heat/engine/service.py:2391
2024-12-30 01:50:22.671 66514 DEBUG heat.engine.service [req-478a34a4-a37d-4444-8dec-67968e9a3a42 - - - - -] Service efe39c7f-b957-4fd7-bce1-dc4d5117aa12 was aborted service_manage_cleanup /usr/lib/python3/dist-packages/heat/engine/service.py:2391
2024-12-30 01:50:22.673 66517 DEBUG heat.engine.service [req-ee812ec2-fcdc-40f0-bc19-2d7098e2ed15 - - - - -] Service efe39c7f-b957-4fd7-bce1-dc4d5117aa12 was aborted service_manage_cleanup /usr/lib/python3/dist-packages/heat/engine/service.py:2391
2024-12-30 01:50:22.686 66516 DEBUG heat.engine.service [req-1519b04d-9000-42c8-86f7-c78fd4062f40 - - - - -] Service f3a36414-8fe1-43e8-af3f-b1375a607fbd was aborted service_manage_cleanup /usr/lib/python3/dist-packages/heat/engine/service.py:2391
2024-12-30 01:50:22.687 66514 DEBUG heat.engine.service [req-478a34a4-a37d-4444-8dec-67968e9a3a42 - - - - -] Service f3a36414-8fe1-43e8-af3f-b1375a607fbd was aborted service_manage_cleanup /usr/lib/python3/dist-packages/heat/engine/service.py:2391
2024-12-30 01:50:22.687 66515 DEBUG heat.engine.service [req-37d35d51-f674-494b-8e2a-45308b88894f - - - - -] Service f3a36414-8fe1-43e8-af3f-b1375a607fbd was aborted service_manage_cleanup /usr/lib/python3/dist-packages/heat/engine/service.py:2391
2024-12-30 01:50:22.690 66517 DEBUG heat.engine.service [req-ee812ec2-fcdc-40f0-bc19-2d7098e2ed15 - - - - -] Service f3a36414-8fe1-43e8-af3f-b1375a607fbd was aborted service_manage_cleanup /usr/lib/python3/dist-packages/heat/engine/service.py:2391
2024-12-30 01:50:22.718 66514 DEBUG heat.engine.service [req-6ea9c1be-fcb6-42e9-b68f-c95ca97d2034 - - - - -] Service c2333bbf-82b8-46c6-992e-71927e6e2b22 is started service_manage_report /usr/lib/python3/dist-packages/heat/engine/service.py:2363
2024-12-30 01:50:22.724 66515 DEBUG heat.engine.service [req-18427c94-870a-4a08-a533-4946a1e67f3d - - - - -] Service a67f0401-b1cf-4b67-8618-a9fdbda8d2fa is started service_manage_report /usr/lib/python3/dist-packages/heat/engine/service.py:2363
2024-12-30 01:50:22.728 66516 DEBUG heat.engine.service [req-8148accf-ea14-4efc-b71e-6ccd9d2a7de8 - - - - -] Service 3b4e5ece-c28e-45b6-9278-118a81c4120b is started service_manage_report /usr/lib/python3/dist-packages/heat/engine/service.py:2363
2024-12-30 01:50:22.733 66517 DEBUG heat.engine.service [req-58e86cdc-ec43-4111-a82e-de8b6ca40bd0 - - - - -] Service 351b26ba-33b9-477e-9a30-079bee98404b is started service_manage_report /usr/lib/python3/dist-packages/heat/engine/service.py:2363
2024-12-30 01:50:22.745 66515 DEBUG heat.engine.service [req-18427c94-870a-4a08-a533-4946a1e67f3d - - - - -] Service a67f0401-b1cf-4b67-8618-a9fdbda8d2fa is updated service_manage_report /usr/lib/python3/dist-packages/heat/engine/service.py:2370
2024-12-30 01:50:22.748 66516 DEBUG heat.engine.service [req-8148accf-ea14-4efc-b71e-6ccd9d2a7de8 - - - - -] Service 3b4e5ece-c28e-45b6-9278-118a81c4120b is updated service_manage_report /usr/lib/python3/dist-packages/heat/engine/service.py:2370
2024-12-30 01:50:22.748 66514 DEBUG heat.engine.service [req-6ea9c1be-fcb6-42e9-b68f-c95ca97d2034 - - - - -] Service c2333bbf-82b8-46c6-992e-71927e6e2b22 is updated service_manage_report /usr/lib/python3/dist-packages/heat/engine/service.py:2370
2024-12-30 01:50:22.760 66517 DEBUG heat.engine.service [req-58e86cdc-ec43-4111-a82e-de8b6ca40bd0 - - - - -] Service 351b26ba-33b9-477e-9a30-079bee98404b is updated service_manage_report /usr/lib/python3/dist-packages/heat/engine/service.py:2370
2024-12-30 01:51:20.743 66515 DEBUG heat.engine.service [-] Attempting to stop engine service... _stop_rpc_server /usr/lib/python3/dist-packages/heat/engine/service.py:437
2024-12-30 01:51:20.744 66514 DEBUG heat.engine.service [-] Attempting to stop engine service... _stop_rpc_server /usr/lib/python3/dist-packages/heat/engine/service.py:437
2024-12-30 01:51:20.744 66516 DEBUG heat.engine.service [-] Attempting to stop engine service... _stop_rpc_server /usr/lib/python3/dist-packages/heat/engine/service.py:437
2024-12-30 01:51:20.744 66517 DEBUG heat.engine.service [-] Attempting to stop engine service... _stop_rpc_server /usr/lib/python3/dist-packages/heat/engine/service.py:437
2024-12-30 01:51:20.748 66290 INFO oslo_service.service [-] Caught SIGTERM, stopping children
2024-12-30 01:51:20.749 66290 DEBUG oslo_concurrency.lockutils [-] Acquired lock "singleton_lock" lock /usr/lib/python3/dist-packages/oslo_concurrency/lockutils.py:294
2024-12-30 01:51:20.749 66290 DEBUG oslo_concurrency.lockutils [-] Releasing lock "singleton_lock" lock /usr/lib/python3/dist-packages/oslo_concurrency/lockutils.py:312
2024-12-30 01:51:20.749 66290 DEBUG oslo_service.service [-] Stop services. stop /usr/lib/python3/dist-packages/oslo_service/service.py:695
2024-12-30 01:51:20.749 66290 INFO heat.engine.service [-] All threads were gone, terminating engine
2024-12-30 01:51:20.749 66290 DEBUG oslo_service.service [-] Killing children. stop /usr/lib/python3/dist-packages/oslo_service/service.py:700
2024-12-30 01:51:20.764 66290 INFO oslo_service.service [-] Waiting on 4 children to exit
2024-12-30 01:51:20.767 66290 INFO oslo_service.service [-] Child 66514 killed by signal 15
2024-12-30 01:51:20.767 66290 INFO oslo_service.service [-] Child 66515 killed by signal 15
2024-12-30 01:51:20.767 66290 INFO oslo_service.service [-] Child 66516 killed by signal 15
2024-12-30 01:51:20.777 66290 INFO oslo_service.service [-] Child 66517 killed by signal 15
2024-12-30 01:51:22.470 67773 DEBUG oslo_concurrency.lockutils [-] Lock "context-manager" acquired by "neutron_lib.db.api._create_context_manager" :: waited 0.000s inner /usr/lib/python3/dist-packages/oslo_concurrency/lockutils.py:386
2024-12-30 01:51:22.470 67773 DEBUG oslo_concurrency.lockutils [-] Lock "context-manager" "released" by "neutron_lib.db.api._create_context_manager" :: held 0.001s inner /usr/lib/python3/dist-packages/oslo_concurrency/lockutils.py:400
2024-12-30 01:51:24.877 67773 WARNING heat.engine.environment [-] OS::Aodh::Alarm is DEPRECATED. Theshold alarm relies on ceilometer-api and has been deprecated in aodh since Ocata. Use OS::Aodh::GnocchiAggregationByResourcesAlarm instead.
2024-12-30 01:51:24.877 67773 WARNING heat.engine.environment [-] OS::Aodh::CombinationAlarm is HIDDEN. OS::Aodh::CombinationAlarm is deprecated and has been removed from Aodh, use OS::Aodh::CompositeAlarm instead.
2024-12-30 01:51:24.877 67773 WARNING heat.engine.environment [-] OS::Designate::Domain is HIDDEN. This resource has been removed, use OS::Designate::Zone instead.
2024-12-30 01:51:24.878 67773 WARNING heat.engine.environment [-] OS::Designate::Record is HIDDEN. This resource has been removed, use OS::Designate::RecordSet instead.
2024-12-30 01:51:24.878 67773 WARNING heat.engine.environment [-] OS::Glance::Image is DEPRECATED. Creating a Glance Image based on an existing URL location requires the Glance v1 API, which is deprecated.
2024-12-30 01:51:24.878 67773 WARNING heat.engine.environment [-] OS::Heat::HARestarter is HIDDEN. The HARestarter resource type has been removed. Existing stacks containing HARestarter resources can still be used, but the HARestarter resource will be a placeholder that does nothing.
2024-12-30 01:51:24.878 67773 WARNING heat.engine.environment [-] OS::Heat::SoftwareDeployments is HIDDEN. Please use OS::Heat::SoftwareDeploymentGroup instead.
2024-12-30 01:51:24.878 67773 WARNING heat.engine.environment [-] OS::Heat::StructuredDeployments is HIDDEN. Please use OS::Heat::StructuredDeploymentGroup instead.
2024-12-30 01:51:24.879 67773 WARNING heat.engine.environment [-] OS::Magnum::Bay is HIDDEN. Please use OS::Magnum::Cluster instead.
2024-12-30 01:51:24.879 67773 WARNING heat.engine.environment [-] OS::Magnum::BayModel is HIDDEN. Please use OS::Magnum::ClusterTemplate instead.
2024-12-30 01:51:24.879 67773 WARNING heat.engine.environment [-] OS::Neutron::ExtraRoute is UNSUPPORTED. Use this resource at your own risk.
2024-12-30 01:51:24.879 67773 WARNING heat.engine.environment [-] OS::Neutron::HealthMonitor is HIDDEN. Use LBaaS V2 instead.
2024-12-30 01:51:24.879 67773 WARNING heat.engine.environment [-] OS::Neutron::Pool is HIDDEN. Use LBaaS V2 instead.
2024-12-30 01:51:24.879 67773 WARNING heat.engine.environment [-] OS::Neutron::PoolMember is HIDDEN. Use LBaaS V2 instead.
2024-12-30 01:51:24.879 67773 WARNING heat.engine.environment [-] OS::Neutron::LoadBalancer is HIDDEN. Use LBaaS V2 instead.
2024-12-30 01:51:24.880 67773 WARNING heat.engine.environment [-] OS::Neutron::RouterGateway is HIDDEN. Use the `external_gateway_info` property in the router resource to set up the gateway.
2024-12-30 01:51:24.880 67773 WARNING heat.engine.environment [-] OS::Nova::FloatingIP is HIDDEN. Please use OS::Neutron::FloatingIP instead.
2024-12-30 01:51:24.880 67773 WARNING heat.engine.environment [-] OS::Nova::FloatingIPAssociation is HIDDEN. Please use OS::Neutron::FloatingIPAssociation instead.
2024-12-30 01:51:24.883 67773 INFO heat.engine.environment [-] Loading /etc/heat/environment.d/default.yaml
2024-12-30 01:51:24.884 67773 INFO heat.engine.environment [-] Registered: [Plugin](User:False) AWS::AutoScaling::AutoScalingGroup ->
2024-12-30 01:51:24.884 67773 INFO heat.engine.environment [-] Registered: [Plugin](User:False) AWS::AutoScaling::LaunchConfiguration ->
2024-12-30 01:51:24.884 67773 INFO heat.engine.environment [-] Registered: [Plugin](User:False) AWS::AutoScaling::ScalingPolicy ->
2024-12-30 01:51:24.884 67773 INFO heat.engine.environment [-] Registered: [Plugin](User:False) AWS::CloudFormation::Stack ->
2024-12-30 01:51:24.884 67773 INFO heat.engine.environment [-] Registered: [Plugin](User:False) AWS::CloudFormation::WaitCondition ->
2024-12-30 01:51:24.884 67773 INFO heat.engine.environment [-] Registered: [Plugin](User:False) AWS::CloudFormation::WaitConditionHandle ->
2024-12-30 01:51:24.884 67773 INFO heat.engine.environment [-] Registered: [Plugin](User:False) AWS::EC2::EIP ->
2024-12-30 01:51:24.884 67773 INFO heat.engine.environment [-] Registered: [Plugin](User:False) AWS::EC2::EIPAssociation ->
2024-12-30 01:51:24.884 67773 INFO heat.engine.environment [-] Registered: [Plugin](User:False) AWS::EC2::Instance ->
2024-12-30 01:51:24.884 67773 INFO heat.engine.environment [-] Registered: [Plugin](User:False) AWS::EC2::InternetGateway ->
2024-12-30 01:51:24.885 67773 INFO heat.engine.environment [-] Registered: [Plugin](User:False) AWS::EC2::VPCGatewayAttachment ->
2024-12-30 01:51:24.885 67773 INFO heat.engine.environment [-] Registered: [Plugin](User:False) AWS::EC2::NetworkInterface ->
2024-12-30 01:51:24.885 67773 INFO heat.engine.environment [-] Registered: [Plugin](User:False) AWS::EC2::RouteTable ->
2024-12-30 01:51:24.885 67773 INFO heat.engine.environment [-] Registered: [Plugin](User:False) AWS::EC2::SubnetRouteTableAssociation ->
2024-12-30 01:51:24.885 67773 INFO heat.engine.environment [-] Registered: [Plugin](User:False) AWS::EC2::SecurityGroup ->
2024-12-30 01:51:24.885 67773 INFO heat.engine.environment [-] Registered: [Plugin](User:False) AWS::EC2::Subnet ->
2024-12-30 01:51:24.885 67773 INFO heat.engine.environment [-] Registered: [Plugin](User:False) AWS::EC2::Volume ->
2024-12-30 01:51:24.885 67773 INFO heat.engine.environment [-] Registered: [Plugin](User:False) AWS::EC2::VolumeAttachment ->
2024-12-30 01:51:24.885 67773 INFO heat.engine.environment [-] Registered: [Plugin](User:False) AWS::EC2::VPC ->
2024-12-30 01:51:24.885 67773 INFO heat.engine.environment [-] Registered: [Plugin](User:False) AWS::IAM::User ->
2024-12-30 01:51:24.885 67773 INFO heat.engine.environment [-] Registered: [Plugin](User:False) AWS::IAM::AccessKey ->
2024-12-30 01:51:24.886 67773 INFO heat.engine.environment [-] Registered: [Plugin](User:False) AWS::ElasticLoadBalancing::LoadBalancer ->
2024-12-30 01:51:24.886 67773 INFO heat.engine.environment [-] Registered: [Plugin](User:False) AWS::S3::Bucket ->
2024-12-30 01:51:24.886 67773 INFO heat.engine.environment [-] Registered: [Plugin](User:False) OS::Aodh::Alarm ->
2024-12-30 01:51:24.886 67773 INFO heat.engine.environment [-] Registered: [Plugin](User:False) OS::Aodh::CombinationAlarm ->
2024-12-30 01:51:24.886 67773 INFO heat.engine.environment [-] Registered: [Plugin](User:False) OS::Aodh::EventAlarm ->
2024-12-30 01:51:24.886 67773 INFO heat.engine.environment [-] Registered: [Plugin](User:False) OS::Aodh::LBMemberHealthAlarm ->
2024-12-30 01:51:24.886 67773 INFO heat.engine.environment [-] Registered: [Plugin](User:False) OS::Aodh::CompositeAlarm ->
2024-12-30 01:51:24.886 67773 INFO heat.engine.environment [-] Registered: [Plugin](User:False) OS::Aodh::GnocchiResourcesAlarm ->
2024-12-30 01:51:24.886 67773 INFO heat.engine.environment [-] Registered: [Plugin](User:False) OS::Aodh::GnocchiAggregationByMetricsAlarm ->
2024-12-30 01:51:24.886 67773 INFO heat.engine.environment [-] Registered: [Plugin](User:False) OS::Aodh::GnocchiAggregationByResourcesAlarm ->
2024-12-30 01:51:24.886 67773 INFO heat.engine.environment [-] Registered: [Plugin](User:False) OS::Barbican::GenericContainer ->
2024-12-30 01:51:24.886 67773 INFO heat.engine.environment [-] Registered: [Plugin](User:False) OS::Barbican::CertificateContainer ->
2024-12-30 01:51:24.887 67773 INFO heat.engine.environment [-] Registered: [Plugin](User:False) OS::Barbican::RSAContainer ->
2024-12-30 01:51:24.887 67773 INFO heat.engine.environment [-] Registered: [Plugin](User:False) OS::Barbican::Order ->
2024-12-30 01:51:24.887 67773 INFO heat.engine.environment [-] Registered: [Plugin](User:False) OS::Barbican::Secret ->
2024-12-30 01:51:24.887 67773 INFO heat.engine.environment [-] Registered: [Plugin](User:False) OS::Blazar::Host ->
2024-12-30 01:51:24.887 67773 INFO heat.engine.environment [-] Registered: [Plugin](User:False) OS::Blazar::Lease ->
2024-12-30 01:51:24.887 67773 INFO heat.engine.environment [-] Registered: [Plugin](User:False) OS::Cinder::EncryptedVolumeType ->
2024-12-30 01:51:24.887 67773 INFO heat.engine.environment [-] Registered: [Plugin](User:False) OS::Cinder::QoSSpecs ->
2024-12-30 01:51:24.887 67773 INFO heat.engine.environment [-] Registered: [Plugin](User:False) OS::Cinder::QoSAssociation ->
2024-12-30 01:51:24.887 67773 INFO heat.engine.environment [-] Registered: [Plugin](User:False) OS::Cinder::Quota ->
2024-12-30 01:51:24.887 67773 INFO heat.engine.environment [-] Registered: [Plugin](User:False) OS::Cinder::Volume ->
2024-12-30 01:51:24.887 67773 INFO heat.engine.environment [-] Registered: [Plugin](User:False) OS::Cinder::VolumeAttachment ->
2024-12-30 01:51:24.887 67773 INFO heat.engine.environment [-] Registered: [Plugin](User:False) OS::Cinder::VolumeType ->
2024-12-30 01:51:24.888 67773 INFO heat.engine.environment [-] Registered: [Plugin](User:False) OS::Designate::Domain ->
2024-12-30 01:51:24.888 67773 INFO heat.engine.environment [-] Registered: [Plugin](User:False) OS::Designate::Record ->
2024-12-30 01:51:24.888 67773 INFO heat.engine.environment [-] Registered: [Plugin](User:False) OS::Designate::RecordSet ->
2024-12-30 01:51:24.888 67773 INFO heat.engine.environment [-] Registered: [Plugin](User:False) OS::Designate::Zone ->
2024-12-30 01:51:24.888 67773 INFO heat.engine.environment [-] Registered: [Plugin](User:False) OS::Glance::Image ->
2024-12-30 01:51:24.888 67773 INFO heat.engine.environment [-] Registered: [Plugin](User:False) OS::Glance::WebImage ->
2024-12-30 01:51:24.888 67773 INFO heat.engine.environment [-] Registered: [Plugin](User:False) OS::Heat::AccessPolicy ->
2024-12-30 01:51:24.888 67773 INFO heat.engine.environment [-] Registered: [Plugin](User:False) OS::Heat::AutoScalingGroup ->
2024-12-30 01:51:24.888 67773 INFO heat.engine.environment [-] Registered: [Plugin](User:False) OS::Heat::CloudConfig ->
2024-12-30 01:51:24.888 67773 INFO heat.engine.environment [-] Registered: [Plugin](User:False) OS::Heat::Delay ->
2024-12-30 01:51:24.888 67773 INFO heat.engine.environment [-] Registered: [Plugin](User:False) OS::Heat::DeployedServer ->
2024-12-30 01:51:24.889 67773 INFO heat.engine.environment [-] Registered: [Plugin](User:False) OS::Heat::HARestarter ->
2024-12-30 01:51:24.889 67773 INFO heat.engine.environment [-] Registered: [Plugin](User:False) OS::Heat::InstanceGroup ->
2024-12-30 01:51:24.889 67773 INFO heat.engine.environment [-] Registered: [Plugin](User:False) OS::Heat::MultipartMime ->
2024-12-30 01:51:24.889 67773 INFO heat.engine.environment [-] Registered: [Plugin](User:False) OS::Heat::None ->
2024-12-30 01:51:24.889 67773 INFO heat.engine.environment [-] Registered: [Plugin](User:False) OS::Heat::RandomString ->
2024-12-30 01:51:24.889 67773 INFO heat.engine.environment [-] Registered: [Plugin](User:False) OS::Heat::Stack ->
2024-12-30 01:51:24.889 67773 INFO heat.engine.environment [-] Registered: [Plugin](User:False) OS::Heat::ResourceChain ->
2024-12-30 01:51:24.889 67773 INFO heat.engine.environment [-] Registered: [Plugin](User:False) OS::Heat::ResourceGroup ->
2024-12-30 01:51:24.889 67773 INFO heat.engine.environment [-] Registered: [Plugin](User:False) OS::Heat::ScalingPolicy ->
2024-12-30 01:51:24.889 67773 INFO heat.engine.environment [-] Registered: [Plugin](User:False) OS::Heat::SoftwareComponent ->
2024-12-30 01:51:24.889 67773 INFO heat.engine.environment [-] Registered: [Plugin](User:False) OS::Heat::SoftwareConfig ->
2024-12-30 01:51:24.890 67773 INFO heat.engine.environment [-] Registered: [Plugin](User:False) OS::Heat::SoftwareDeployment ->
2024-12-30 01:51:24.890 67773 INFO heat.engine.environment [-] Registered: [Plugin](User:False) OS::Heat::SoftwareDeploymentGroup ->
2024-12-30 01:51:24.890 67773 INFO heat.engine.environment [-] Registered: [Plugin](User:False) OS::Heat::SoftwareDeployments ->
2024-12-30 01:51:24.890 67773 INFO heat.engine.environment [-] Registered: [Plugin](User:False) OS::Heat::StructuredConfig ->
2024-12-30 01:51:24.890 67773 INFO heat.engine.environment [-] Registered: [Plugin](User:False) OS::Heat::StructuredDeployment ->
2024-12-30 01:51:24.890 67773 INFO heat.engine.environment [-] Registered: [Plugin](User:False) OS::Heat::StructuredDeploymentGroup ->
2024-12-30 01:51:24.890 67773 INFO heat.engine.environment [-] Registered: [Plugin](User:False) OS::Heat::StructuredDeployments ->
2024-12-30 01:51:24.890 67773 INFO heat.engine.environment [-] Registered: [Plugin](User:False) OS::Heat::SwiftSignal ->
2024-12-30 01:51:24.890 67773 INFO heat.engine.environment [-] Registered: [Plugin](User:False) OS::Heat::SwiftSignalHandle ->
2024-12-30 01:51:24.890 67773 INFO heat.engine.environment [-] Registered: [Plugin](User:False) OS::Heat::TestResource ->
2024-12-30 01:51:24.890 67773 INFO heat.engine.environment [-] Registered: [Plugin](User:False) OS::Heat::Value ->
2024-12-30 01:51:24.891 67773 INFO heat.engine.environment [-] Registered: [Plugin](User:False) OS::Heat::WaitCondition ->
2024-12-30 01:51:24.891 67773 INFO heat.engine.environment [-] Registered: [Plugin](User:False) OS::Heat::WaitConditionHandle ->
2024-12-30 01:51:24.891 67773 INFO heat.engine.environment [-] Registered: [Plugin](User:False) OS::Heat::UpdateWaitConditionHandle ->
2024-12-30 01:51:24.891 67773 INFO heat.engine.environment [-] Registered: [Plugin](User:False) OS::Ironic::Port ->
2024-12-30 01:51:24.891 67773 INFO heat.engine.environment [-] Registered: [Plugin](User:False) OS::Keystone::Domain ->
2024-12-30 01:51:24.891 67773 INFO heat.engine.environment [-] Registered: [Plugin](User:False) OS::Keystone::Endpoint ->
2024-12-30 01:51:24.891 67773 INFO heat.engine.environment [-] Registered: [Plugin](User:False) OS::Keystone::Group ->
2024-12-30 01:51:24.891 67773 INFO heat.engine.environment [-] Registered: [Plugin](User:False) OS::Keystone::Project ->
2024-12-30 01:51:24.891 67773 INFO heat.engine.environment [-] Registered: [Plugin](User:False) OS::Keystone::Region ->
2024-12-30 01:51:24.891 67773 INFO heat.engine.environment [-] Registered: [Plugin](User:False) OS::Keystone::Role ->
2024-12-30 01:51:24.891 67773 INFO heat.engine.environment [-] Registered: [Plugin](User:False) OS::Keystone::UserRoleAssignment ->
2024-12-30 01:51:24.891 67773 INFO heat.engine.environment [-] Registered: [Plugin](User:False) OS::Keystone::GroupRoleAssignment ->
2024-12-30 01:51:24.892 67773 INFO heat.engine.environment [-] Registered: [Plugin](User:False) OS::Keystone::Service ->
2024-12-30 01:51:24.892 67773 INFO heat.engine.environment [-] Registered: [Plugin](User:False) OS::Keystone::User ->
2024-12-30 01:51:24.892 67773 INFO heat.engine.environment [-] Registered: [Plugin](User:False) OS::Magnum::Bay ->
2024-12-30 01:51:24.892 67773 INFO heat.engine.environment [-] Registered: [Plugin](User:False) OS::Magnum::BayModel ->
2024-12-30 01:51:24.892 67773 INFO heat.engine.environment [-] Registered: [Plugin](User:False) OS::Magnum::Cluster ->
2024-12-30 01:51:24.892 67773 INFO heat.engine.environment [-] Registered: [Plugin](User:False) OS::Magnum::ClusterTemplate ->
2024-12-30 01:51:24.892 67773 INFO heat.engine.environment [-] Registered: [Plugin](User:False) OS::Manila::SecurityService ->
2024-12-30 01:51:24.892 67773 INFO heat.engine.environment [-] Registered: [Plugin](User:False) OS::Manila::Share ->
2024-12-30 01:51:24.892 67773 INFO heat.engine.environment [-] Registered: [Plugin](User:False) OS::Manila::ShareNetwork ->
2024-12-30 01:51:24.892 67773 INFO heat.engine.environment [-] Registered: [Plugin](User:False) OS::Manila::ShareType ->
2024-12-30 01:51:24.892 67773 INFO heat.engine.environment [-] Registered: [Plugin](User:False) OS::Mistral::CronTrigger ->
2024-12-30 01:51:24.892 67773 INFO heat.engine.environment [-] Registered: [Plugin](User:False) OS::Mistral::ExternalResource ->
2024-12-30 01:51:24.893 67773 INFO heat.engine.environment [-] Registered: [Plugin](User:False) OS::Mistral::Workflow ->
2024-12-30 01:51:24.893 67773 INFO heat.engine.environment [-] Registered: [Plugin](User:False) OS::Monasca::AlarmDefinition ->
2024-12-30 01:51:24.893 67773 INFO heat.engine.environment [-] Registered: [Plugin](User:False) OS::Monasca::Notification ->
2024-12-30 01:51:24.893 67773 INFO heat.engine.environment [-] Registered: [Plugin](User:False) OS::Neutron::AddressScope ->
2024-12-30 01:51:24.893 67773 INFO heat.engine.environment [-] Registered: [Plugin](User:False) OS::Neutron::ExtraRoute ->
2024-12-30 01:51:24.893 67773 INFO heat.engine.environment [-] Registered: [Plugin](User:False) OS::Neutron::ExtraRouteSet ->
2024-12-30 01:51:24.893 67773 INFO heat.engine.environment [-] Registered: [Plugin](User:False) OS::Neutron::Firewall ->
2024-12-30 01:51:24.893 67773 INFO heat.engine.environment [-] Registered: [Plugin](User:False) OS::Neutron::FirewallPolicy ->
2024-12-30 01:51:24.893 67773 INFO heat.engine.environment [-] Registered: [Plugin](User:False) OS::Neutron::FirewallRule ->
2024-12-30 01:51:24.893 67773 INFO heat.engine.environment [-] Registered: [Plugin](User:False) OS::Neutron::FloatingIP ->
2024-12-30 01:51:24.893 67773 INFO heat.engine.environment [-] Registered: [Plugin](User:False) OS::Neutron::FloatingIPAssociation ->
2024-12-30 01:51:24.894 67773 INFO heat.engine.environment [-] Registered: [Plugin](User:False) OS::Neutron::L2Gateway ->
2024-12-30 01:51:24.894 67773 INFO heat.engine.environment [-] Registered: [Plugin](User:False) OS::Neutron::L2GatewayConnection ->
2024-12-30 01:51:24.894 67773 INFO heat.engine.environment [-] Registered: [Plugin](User:False) OS::Neutron::LBaaS::HealthMonitor ->
2024-12-30 01:51:24.894 67773 INFO heat.engine.environment [-] Registered: [Plugin](User:False) OS::Neutron::LBaaS::L7Policy ->
