2024-12-26 00:35:50.600 125128 DEBUG oslo_service.service [req-f44c6abd-6819-46d7-870b-741d1d352f4e - - - - -] oslo_policy.policy_dirs = ['policy.d'] log_opt_values /usr/lib/python3/dist-packages/oslo_config/cfg.py:2609
2024-12-26 00:35:50.601 125128 DEBUG oslo_service.service [req-f44c6abd-6819-46d7-870b-741d1d352f4e - - - - -] oslo_policy.policy_file = policy.yaml log_opt_values /usr/lib/python3/dist-packages/oslo_config/cfg.py:2609
2024-12-26 00:35:50.601 125128 DEBUG oslo_service.service [req-f44c6abd-6819-46d7-870b-741d1d352f4e - - - - -] oslo_policy.remote_content_type = application/x-www-form-urlencoded log_opt_values /usr/lib/python3/dist-packages/oslo_config/cfg.py:2609
2024-12-26 00:35:50.601 125128 DEBUG oslo_service.service [req-f44c6abd-6819-46d7-870b-741d1d352f4e - - - - -] oslo_policy.remote_ssl_ca_crt_file = None log_opt_values /usr/lib/python3/dist-packages/oslo_config/cfg.py:2609
2024-12-26 00:35:50.601 125128 DEBUG oslo_service.service [req-f44c6abd-6819-46d7-870b-741d1d352f4e - - - - -] oslo_policy.remote_ssl_client_crt_file = None log_opt_values /usr/lib/python3/dist-packages/oslo_config/cfg.py:2609
2024-12-26 00:35:50.601 125128 DEBUG oslo_service.service [req-f44c6abd-6819-46d7-870b-741d1d352f4e - - - - -] oslo_policy.remote_ssl_client_key_file = None log_opt_values /usr/lib/python3/dist-packages/oslo_config/cfg.py:2609
2024-12-26 00:35:50.601 125128 DEBUG oslo_service.service [req-f44c6abd-6819-46d7-870b-741d1d352f4e - - - - -] oslo_policy.remote_ssl_verify_server_crt = False log_opt_values /usr/lib/python3/dist-packages/oslo_config/cfg.py:2609
2024-12-26 00:35:50.602 125128 DEBUG oslo_service.service [req-f44c6abd-6819-46d7-870b-741d1d352f4e - - - - -] oslo_versionedobjects.fatal_exception_format_errors = False log_opt_values /usr/lib/python3/dist-packages/oslo_config/cfg.py:2609
2024-12-26 00:35:50.602 125128 DEBUG oslo_service.service [req-f44c6abd-6819-46d7-870b-741d1d352f4e - - - - -] oslo_middleware.http_basic_auth_user_file = /etc/htpasswd log_opt_values /usr/lib/python3/dist-packages/oslo_config/cfg.py:2609
2024-12-26 00:35:50.602 125128 DEBUG oslo_service.service [req-f44c6abd-6819-46d7-870b-741d1d352f4e - - - - -] profiler.connection_string = messaging:// log_opt_values /usr/lib/python3/dist-packages/oslo_config/cfg.py:2609
2024-12-26 00:35:50.602 125128 DEBUG oslo_service.service [req-f44c6abd-6819-46d7-870b-741d1d352f4e - - - - -] profiler.enabled = False log_opt_values /usr/lib/python3/dist-packages/oslo_config/cfg.py:2609
2024-12-26 00:35:50.602 125128 DEBUG oslo_service.service [req-f44c6abd-6819-46d7-870b-741d1d352f4e - - - - -] profiler.es_doc_type = notification log_opt_values /usr/lib/python3/dist-packages/oslo_config/cfg.py:2609
2024-12-26 00:35:50.602 125128 DEBUG oslo_service.service [req-f44c6abd-6819-46d7-870b-741d1d352f4e - - - - -] profiler.es_scroll_size = 10000 log_opt_values /usr/lib/python3/dist-packages/oslo_config/cfg.py:2609
2024-12-26 00:35:50.603 125128 DEBUG oslo_service.service [req-f44c6abd-6819-46d7-870b-741d1d352f4e - - - - -] profiler.es_scroll_time = 2m log_opt_values /usr/lib/python3/dist-packages/oslo_config/cfg.py:2609
2024-12-26 00:35:50.603 125128 DEBUG oslo_service.service [req-f44c6abd-6819-46d7-870b-741d1d352f4e - - - - -] profiler.filter_error_trace = False log_opt_values /usr/lib/python3/dist-packages/oslo_config/cfg.py:2609
2024-12-26 00:35:50.603 125128 DEBUG oslo_service.service [req-f44c6abd-6819-46d7-870b-741d1d352f4e - - - - -] profiler.hmac_keys = SECRET_KEY log_opt_values /usr/lib/python3/dist-packages/oslo_config/cfg.py:2609
2024-12-26 00:35:50.603 125128 DEBUG oslo_service.service [req-f44c6abd-6819-46d7-870b-741d1d352f4e - - - - -] profiler.sentinel_service_name = mymaster log_opt_values /usr/lib/python3/dist-packages/oslo_config/cfg.py:2609
2024-12-26 00:35:50.603 125128 DEBUG oslo_service.service [req-f44c6abd-6819-46d7-870b-741d1d352f4e - - - - -] profiler.socket_timeout = 0.1 log_opt_values /usr/lib/python3/dist-packages/oslo_config/cfg.py:2609
2024-12-26 00:35:50.604 125128 DEBUG oslo_service.service [req-f44c6abd-6819-46d7-870b-741d1d352f4e - - - - -] profiler.trace_sqlalchemy = False log_opt_values /usr/lib/python3/dist-packages/oslo_config/cfg.py:2609
2024-12-26 00:35:50.604 125128 DEBUG oslo_service.service [req-f44c6abd-6819-46d7-870b-741d1d352f4e - - - - -] remote_debug.host = None log_opt_values /usr/lib/python3/dist-packages/oslo_config/cfg.py:2609
2024-12-26 00:35:50.604 125128 DEBUG oslo_service.service [req-f44c6abd-6819-46d7-870b-741d1d352f4e - - - - -] remote_debug.port = None log_opt_values /usr/lib/python3/dist-packages/oslo_config/cfg.py:2609
2024-12-26 00:35:50.608 125128 DEBUG oslo_service.service [req-f44c6abd-6819-46d7-870b-741d1d352f4e - - - - -] oslo_messaging_rabbit.amqp_auto_delete = False log_opt_values /usr/lib/python3/dist-packages/oslo_config/cfg.py:2609
2024-12-26 00:35:50.608 125128 DEBUG oslo_service.service [req-f44c6abd-6819-46d7-870b-741d1d352f4e - - - - -] oslo_messaging_rabbit.amqp_durable_queues = False log_opt_values /usr/lib/python3/dist-packages/oslo_config/cfg.py:2609
2024-12-26 00:35:50.608 125128 DEBUG oslo_service.service [req-f44c6abd-6819-46d7-870b-741d1d352f4e - - - - -] oslo_messaging_rabbit.conn_pool_min_size = 2 log_opt_values /usr/lib/python3/dist-packages/oslo_config/cfg.py:2609
2024-12-26 00:35:50.608 125128 DEBUG oslo_service.service [req-f44c6abd-6819-46d7-870b-741d1d352f4e - - - - -] oslo_messaging_rabbit.conn_pool_ttl = 1200 log_opt_values /usr/lib/python3/dist-packages/oslo_config/cfg.py:2609
2024-12-26 00:35:50.609 125128 DEBUG oslo_service.service [req-f44c6abd-6819-46d7-870b-741d1d352f4e - - - - -] oslo_messaging_rabbit.direct_mandatory_flag = True log_opt_values /usr/lib/python3/dist-packages/oslo_config/cfg.py:2609
2024-12-26 00:35:50.609 125128 DEBUG oslo_service.service [req-f44c6abd-6819-46d7-870b-741d1d352f4e - - - - -] oslo_messaging_rabbit.enable_cancel_on_failover = False log_opt_values /usr/lib/python3/dist-packages/oslo_config/cfg.py:2609
2024-12-26 00:35:50.609 125128 DEBUG oslo_service.service [req-f44c6abd-6819-46d7-870b-741d1d352f4e - - - - -] oslo_messaging_rabbit.heartbeat_in_pthread = True log_opt_values /usr/lib/python3/dist-packages/oslo_config/cfg.py:2609
2024-12-26 00:35:50.609 125128 DEBUG oslo_service.service [req-f44c6abd-6819-46d7-870b-741d1d352f4e - - - - -] oslo_messaging_rabbit.heartbeat_rate = 2 log_opt_values /usr/lib/python3/dist-packages/oslo_config/cfg.py:2609
2024-12-26 00:35:50.609 125128 DEBUG oslo_service.service [req-f44c6abd-6819-46d7-870b-741d1d352f4e - - - - -] oslo_messaging_rabbit.heartbeat_timeout_threshold = 60 log_opt_values /usr/lib/python3/dist-packages/oslo_config/cfg.py:2609
2024-12-26 00:35:50.609 125128 DEBUG oslo_service.service [req-f44c6abd-6819-46d7-870b-741d1d352f4e - - - - -] oslo_messaging_rabbit.kombu_compression = None log_opt_values /usr/lib/python3/dist-packages/oslo_config/cfg.py:2609
2024-12-26 00:35:50.610 125128 DEBUG oslo_service.service [req-f44c6abd-6819-46d7-870b-741d1d352f4e - - - - -] oslo_messaging_rabbit.kombu_failover_strategy = round-robin log_opt_values /usr/lib/python3/dist-packages/oslo_config/cfg.py:2609
2024-12-26 00:35:50.610 125128 DEBUG oslo_service.service [req-f44c6abd-6819-46d7-870b-741d1d352f4e - - - - -] oslo_messaging_rabbit.kombu_missing_consumer_retry_timeout = 60 log_opt_values /usr/lib/python3/dist-packages/oslo_config/cfg.py:2609
2024-12-26 00:35:50.610 125128 DEBUG oslo_service.service [req-f44c6abd-6819-46d7-870b-741d1d352f4e - - - - -] oslo_messaging_rabbit.kombu_reconnect_delay = 1.0 log_opt_values /usr/lib/python3/dist-packages/oslo_config/cfg.py:2609
2024-12-26 00:35:50.610 125128 DEBUG oslo_service.service [req-f44c6abd-6819-46d7-870b-741d1d352f4e - - - - -] oslo_messaging_rabbit.rabbit_ha_queues = False log_opt_values /usr/lib/python3/dist-packages/oslo_config/cfg.py:2609
2024-12-26 00:35:50.610 125128 DEBUG oslo_service.service [req-f44c6abd-6819-46d7-870b-741d1d352f4e - - - - -] oslo_messaging_rabbit.rabbit_interval_max = 30 log_opt_values /usr/lib/python3/dist-packages/oslo_config/cfg.py:2609
2024-12-26 00:35:50.610 125128 DEBUG oslo_service.service [req-f44c6abd-6819-46d7-870b-741d1d352f4e - - - - -] oslo_messaging_rabbit.rabbit_login_method = AMQPLAIN log_opt_values /usr/lib/python3/dist-packages/oslo_config/cfg.py:2609
2024-12-26 00:35:50.611 125128 DEBUG oslo_service.service [req-f44c6abd-6819-46d7-870b-741d1d352f4e - - - - -] oslo_messaging_rabbit.rabbit_qos_prefetch_count = 0 log_opt_values /usr/lib/python3/dist-packages/oslo_config/cfg.py:2609
2024-12-26 00:35:50.611 125128 DEBUG oslo_service.service [req-f44c6abd-6819-46d7-870b-741d1d352f4e - - - - -] oslo_messaging_rabbit.rabbit_quorum_queue = False log_opt_values /usr/lib/python3/dist-packages/oslo_config/cfg.py:2609
2024-12-26 00:35:50.611 125128 DEBUG oslo_service.service [req-f44c6abd-6819-46d7-870b-741d1d352f4e - - - - -] oslo_messaging_rabbit.rabbit_retry_backoff = 2 log_opt_values /usr/lib/python3/dist-packages/oslo_config/cfg.py:2609
2024-12-26 00:35:50.611 125128 DEBUG oslo_service.service [req-f44c6abd-6819-46d7-870b-741d1d352f4e - - - - -] oslo_messaging_rabbit.rabbit_retry_interval = 1 log_opt_values /usr/lib/python3/dist-packages/oslo_config/cfg.py:2609
2024-12-26 00:35:50.611 125128 DEBUG oslo_service.service [req-f44c6abd-6819-46d7-870b-741d1d352f4e - - - - -] oslo_messaging_rabbit.rabbit_transient_queues_ttl = 1800 log_opt_values /usr/lib/python3/dist-packages/oslo_config/cfg.py:2609
2024-12-26 00:35:50.611 125128 DEBUG oslo_service.service [req-f44c6abd-6819-46d7-870b-741d1d352f4e - - - - -] oslo_messaging_rabbit.rpc_conn_pool_size = 30 log_opt_values /usr/lib/python3/dist-packages/oslo_config/cfg.py:2609
2024-12-26 00:35:50.612 125128 DEBUG oslo_service.service [req-f44c6abd-6819-46d7-870b-741d1d352f4e - - - - -] oslo_messaging_rabbit.ssl = False log_opt_values /usr/lib/python3/dist-packages/oslo_config/cfg.py:2609
2024-12-26 00:35:50.612 125128 DEBUG oslo_service.service [req-f44c6abd-6819-46d7-870b-741d1d352f4e - - - - -] oslo_messaging_rabbit.ssl_ca_file = log_opt_values /usr/lib/python3/dist-packages/oslo_config/cfg.py:2609
2024-12-26 00:35:50.612 125128 DEBUG oslo_service.service [req-f44c6abd-6819-46d7-870b-741d1d352f4e - - - - -] oslo_messaging_rabbit.ssl_cert_file = log_opt_values /usr/lib/python3/dist-packages/oslo_config/cfg.py:2609
2024-12-26 00:35:50.612 125128 DEBUG oslo_service.service [req-f44c6abd-6819-46d7-870b-741d1d352f4e - - - - -] oslo_messaging_rabbit.ssl_key_file = log_opt_values /usr/lib/python3/dist-packages/oslo_config/cfg.py:2609
2024-12-26 00:35:50.612 125128 DEBUG oslo_service.service [req-f44c6abd-6819-46d7-870b-741d1d352f4e - - - - -] oslo_messaging_rabbit.ssl_version = log_opt_values /usr/lib/python3/dist-packages/oslo_config/cfg.py:2609
2024-12-26 00:35:50.613 125128 DEBUG oslo_service.service [req-f44c6abd-6819-46d7-870b-741d1d352f4e - - - - -] oslo_messaging_notifications.driver = ['messagingv2'] log_opt_values /usr/lib/python3/dist-packages/oslo_config/cfg.py:2609
2024-12-26 00:35:50.613 125128 DEBUG oslo_service.service [req-f44c6abd-6819-46d7-870b-741d1d352f4e - - - - -] oslo_messaging_notifications.retry = -1 log_opt_values /usr/lib/python3/dist-packages/oslo_config/cfg.py:2609
2024-12-26 00:35:50.613 125128 DEBUG oslo_service.service [req-f44c6abd-6819-46d7-870b-741d1d352f4e - - - - -] oslo_messaging_notifications.topics = ['notifications'] log_opt_values /usr/lib/python3/dist-packages/oslo_config/cfg.py:2609
2024-12-26 00:35:50.613 125128 DEBUG oslo_service.service [req-f44c6abd-6819-46d7-870b-741d1d352f4e - - - - -] oslo_messaging_notifications.transport_url = **** log_opt_values /usr/lib/python3/dist-packages/oslo_config/cfg.py:2609
2024-12-26 00:35:50.613 125128 DEBUG oslo_service.service [req-f44c6abd-6819-46d7-870b-741d1d352f4e - - - - -] oslo_limit.auth_section = None log_opt_values /usr/lib/python3/dist-packages/oslo_config/cfg.py:2609
2024-12-26 00:35:50.614 125128 DEBUG oslo_service.service [req-f44c6abd-6819-46d7-870b-741d1d352f4e - - - - -] oslo_limit.auth_type = None log_opt_values /usr/lib/python3/dist-packages/oslo_config/cfg.py:2609
2024-12-26 00:35:50.614 125128 DEBUG oslo_service.service [req-f44c6abd-6819-46d7-870b-741d1d352f4e - - - - -] oslo_limit.cafile = None log_opt_values /usr/lib/python3/dist-packages/oslo_config/cfg.py:2609
2024-12-26 00:35:50.614 125128 DEBUG oslo_service.service [req-f44c6abd-6819-46d7-870b-741d1d352f4e - - - - -] oslo_limit.certfile = None log_opt_values /usr/lib/python3/dist-packages/oslo_config/cfg.py:2609
2024-12-26 00:35:50.614 125128 DEBUG oslo_service.service [req-f44c6abd-6819-46d7-870b-741d1d352f4e - - - - -] oslo_limit.collect_timing = False log_opt_values /usr/lib/python3/dist-packages/oslo_config/cfg.py:2609
2024-12-26 00:35:50.614 125128 DEBUG oslo_service.service [req-f44c6abd-6819-46d7-870b-741d1d352f4e - - - - -] oslo_limit.connect_retries = None log_opt_values /usr/lib/python3/dist-packages/oslo_config/cfg.py:2609
2024-12-26 00:35:50.614 125128 DEBUG oslo_service.service [req-f44c6abd-6819-46d7-870b-741d1d352f4e - - - - -] oslo_limit.connect_retry_delay = None log_opt_values /usr/lib/python3/dist-packages/oslo_config/cfg.py:2609
2024-12-26 00:35:50.615 125128 DEBUG oslo_service.service [req-f44c6abd-6819-46d7-870b-741d1d352f4e - - - - -] oslo_limit.endpoint_id = None log_opt_values /usr/lib/python3/dist-packages/oslo_config/cfg.py:2609
2024-12-26 00:35:50.615 125128 DEBUG oslo_service.service [req-f44c6abd-6819-46d7-870b-741d1d352f4e - - - - -] oslo_limit.endpoint_override = None log_opt_values /usr/lib/python3/dist-packages/oslo_config/cfg.py:2609
2024-12-26 00:35:50.615 125128 DEBUG oslo_service.service [req-f44c6abd-6819-46d7-870b-741d1d352f4e - - - - -] oslo_limit.insecure = False log_opt_values /usr/lib/python3/dist-packages/oslo_config/cfg.py:2609
2024-12-26 00:35:50.615 125128 DEBUG oslo_service.service [req-f44c6abd-6819-46d7-870b-741d1d352f4e - - - - -] oslo_limit.keyfile = None log_opt_values /usr/lib/python3/dist-packages/oslo_config/cfg.py:2609
2024-12-26 00:35:50.615 125128 DEBUG oslo_service.service [req-f44c6abd-6819-46d7-870b-741d1d352f4e - - - - -] oslo_limit.max_version = None log_opt_values /usr/lib/python3/dist-packages/oslo_config/cfg.py:2609
2024-12-26 00:35:50.615 125128 DEBUG oslo_service.service [req-f44c6abd-6819-46d7-870b-741d1d352f4e - - - - -] oslo_limit.min_version = None log_opt_values /usr/lib/python3/dist-packages/oslo_config/cfg.py:2609
2024-12-26 00:35:50.616 125128 DEBUG oslo_service.service [req-f44c6abd-6819-46d7-870b-741d1d352f4e - - - - -] oslo_limit.region_name = None log_opt_values /usr/lib/python3/dist-packages/oslo_config/cfg.py:2609
2024-12-26 00:35:50.616 125128 DEBUG oslo_service.service [req-f44c6abd-6819-46d7-870b-741d1d352f4e - - - - -] oslo_limit.service_name = None log_opt_values /usr/lib/python3/dist-packages/oslo_config/cfg.py:2609
2024-12-26 00:35:50.616 125128 DEBUG oslo_service.service [req-f44c6abd-6819-46d7-870b-741d1d352f4e - - - - -] oslo_limit.service_type = None log_opt_values /usr/lib/python3/dist-packages/oslo_config/cfg.py:2609
2024-12-26 00:35:50.616 125128 DEBUG oslo_service.service [req-f44c6abd-6819-46d7-870b-741d1d352f4e - - - - -] oslo_limit.split_loggers = False log_opt_values /usr/lib/python3/dist-packages/oslo_config/cfg.py:2609
2024-12-26 00:35:50.616 125128 DEBUG oslo_service.service [req-f44c6abd-6819-46d7-870b-741d1d352f4e - - - - -] oslo_limit.status_code_retries = None log_opt_values /usr/lib/python3/dist-packages/oslo_config/cfg.py:2609
2024-12-26 00:35:50.616 125128 DEBUG oslo_service.service [req-f44c6abd-6819-46d7-870b-741d1d352f4e - - - - -] oslo_limit.status_code_retry_delay = None log_opt_values /usr/lib/python3/dist-packages/oslo_config/cfg.py:2609
2024-12-26 00:35:50.617 125128 DEBUG oslo_service.service [req-f44c6abd-6819-46d7-870b-741d1d352f4e - - - - -] oslo_limit.timeout = None log_opt_values /usr/lib/python3/dist-packages/oslo_config/cfg.py:2609
2024-12-26 00:35:50.617 125128 DEBUG oslo_service.service [req-f44c6abd-6819-46d7-870b-741d1d352f4e - - - - -] oslo_limit.valid_interfaces = None log_opt_values /usr/lib/python3/dist-packages/oslo_config/cfg.py:2609
2024-12-26 00:35:50.617 125128 DEBUG oslo_service.service [req-f44c6abd-6819-46d7-870b-741d1d352f4e - - - - -] oslo_limit.version = None log_opt_values /usr/lib/python3/dist-packages/oslo_config/cfg.py:2609
2024-12-26 00:35:50.617 125128 DEBUG oslo_service.service [req-f44c6abd-6819-46d7-870b-741d1d352f4e - - - - -] oslo_reports.file_event_handler = None log_opt_values /usr/lib/python3/dist-packages/oslo_config/cfg.py:2609
2024-12-26 00:35:50.617 125128 DEBUG oslo_service.service [req-f44c6abd-6819-46d7-870b-741d1d352f4e - - - - -] oslo_reports.file_event_handler_interval = 1 log_opt_values /usr/lib/python3/dist-packages/oslo_config/cfg.py:2609
2024-12-26 00:35:50.618 125128 DEBUG oslo_service.service [req-f44c6abd-6819-46d7-870b-741d1d352f4e - - - - -] oslo_reports.log_dir = None log_opt_values /usr/lib/python3/dist-packages/oslo_config/cfg.py:2609
2024-12-26 00:35:50.618 125128 DEBUG oslo_service.service [req-f44c6abd-6819-46d7-870b-741d1d352f4e - - - - -] ******************************************************************************** log_opt_values /usr/lib/python3/dist-packages/oslo_config/cfg.py:2613
2024-12-26 00:35:51.512 126177 DEBUG oslo_messaging._drivers.amqpdriver [-] AMQPListener connection timeout poll /usr/lib/python3/dist-packages/oslo_messaging/_drivers/amqpdriver.py:360
2024-12-26 00:35:51.512 126177 DEBUG oslo_messaging._drivers.amqpdriver [-] Listener is running poll /usr/lib/python3/dist-packages/oslo_messaging/_drivers/amqpdriver.py:343
2024-12-26 00:35:51.512 126177 DEBUG oslo_messaging._drivers.amqpdriver [-] AMQPListener connection consume poll /usr/lib/python3/dist-packages/oslo_messaging/_drivers/amqpdriver.py:357
2024-12-26 00:35:51.513 126171 DEBUG oslo_messaging._drivers.amqpdriver [-] AMQPListener connection timeout poll /usr/lib/python3/dist-packages/oslo_messaging/_drivers/amqpdriver.py:360
2024-12-26 00:35:51.514 126171 DEBUG oslo_messaging._drivers.amqpdriver [-] Listener is running poll /usr/lib/python3/dist-packages/oslo_messaging/_drivers/amqpdriver.py:343
2024-12-26 00:35:51.514 126171 DEBUG oslo_messaging._drivers.amqpdriver [-] AMQPListener connection consume poll /usr/lib/python3/dist-packages/oslo_messaging/_drivers/amqpdriver.py:357
2024-12-26 00:35:51.517 126184 DEBUG oslo_messaging._drivers.amqpdriver [-] AMQPListener connection timeout poll /usr/lib/python3/dist-packages/oslo_messaging/_drivers/amqpdriver.py:360
2024-12-26 00:35:51.517 126184 DEBUG oslo_messaging._drivers.amqpdriver [-] Listener is running poll /usr/lib/python3/dist-packages/oslo_messaging/_drivers/amqpdriver.py:343
2024-12-26 00:35:51.517 126184 DEBUG oslo_messaging._drivers.amqpdriver [-] AMQPListener connection consume poll /usr/lib/python3/dist-packages/oslo_messaging/_drivers/amqpdriver.py:357
2024-12-26 00:35:51.517 126178 DEBUG oslo_messaging._drivers.amqpdriver [-] AMQPListener connection timeout poll /usr/lib/python3/dist-packages/oslo_messaging/_drivers/amqpdriver.py:360
2024-12-26 00:35:51.517 126178 DEBUG oslo_messaging._drivers.amqpdriver [-] Listener is running poll /usr/lib/python3/dist-packages/oslo_messaging/_drivers/amqpdriver.py:343
2024-12-26 00:35:51.518 126178 DEBUG oslo_messaging._drivers.amqpdriver [-] AMQPListener connection consume poll /usr/lib/python3/dist-packages/oslo_messaging/_drivers/amqpdriver.py:357
2024-12-26 00:35:53.514 126177 DEBUG oslo_messaging._drivers.amqpdriver [-] AMQPListener connection timeout poll /usr/lib/python3/dist-packages/oslo_messaging/_drivers/amqpdriver.py:360
2024-12-26 00:35:53.514 126177 DEBUG oslo_messaging._drivers.amqpdriver [-] Listener is running poll /usr/lib/python3/dist-packages/oslo_messaging/_drivers/amqpdriver.py:343
2024-12-26 00:35:53.514 126177 DEBUG oslo_messaging._drivers.amqpdriver [-] AMQPListener connection consume poll /usr/lib/python3/dist-packages/oslo_messaging/_drivers/amqpdriver.py:357
2024-12-26 00:35:53.516 126171 DEBUG oslo_messaging._drivers.amqpdriver [-] AMQPListener connection timeout poll /usr/lib/python3/dist-packages/oslo_messaging/_drivers/amqpdriver.py:360
2024-12-26 00:35:53.517 126171 DEBUG oslo_messaging._drivers.amqpdriver [-] Listener is running poll /usr/lib/python3/dist-packages/oslo_messaging/_drivers/amqpdriver.py:343
2024-12-26 00:35:53.517 126171 DEBUG oslo_messaging._drivers.amqpdriver [-] AMQPListener connection consume poll /usr/lib/python3/dist-packages/oslo_messaging/_drivers/amqpdriver.py:357
2024-12-26 00:35:53.519 126178 DEBUG oslo_messaging._drivers.amqpdriver [-] AMQPListener connection timeout poll /usr/lib/python3/dist-packages/oslo_messaging/_drivers/amqpdriver.py:360
2024-12-26 00:35:53.519 126178 DEBUG oslo_messaging._drivers.amqpdriver [-] Listener is running poll /usr/lib/python3/dist-packages/oslo_messaging/_drivers/amqpdriver.py:343
2024-12-26 00:35:53.519 126178 DEBUG oslo_messaging._drivers.amqpdriver [-] AMQPListener connection consume poll /usr/lib/python3/dist-packages/oslo_messaging/_drivers/amqpdriver.py:357
2024-12-26 00:35:53.520 126184 DEBUG oslo_messaging._drivers.amqpdriver [-] AMQPListener connection timeout poll /usr/lib/python3/dist-packages/oslo_messaging/_drivers/amqpdriver.py:360
2024-12-26 00:35:53.520 126184 DEBUG oslo_messaging._drivers.amqpdriver [-] Listener is running poll /usr/lib/python3/dist-packages/oslo_messaging/_drivers/amqpdriver.py:343
2024-12-26 00:35:53.520 126184 DEBUG oslo_messaging._drivers.amqpdriver [-] AMQPListener connection consume poll /usr/lib/python3/dist-packages/oslo_messaging/_drivers/amqpdriver.py:357
2024-12-26 00:35:57.518 126177 DEBUG oslo_messaging._drivers.amqpdriver [-] AMQPListener connection timeout poll /usr/lib/python3/dist-packages/oslo_messaging/_drivers/amqpdriver.py:360
2024-12-26 00:35:57.518 126171 DEBUG oslo_messaging._drivers.amqpdriver [-] AMQPListener connection timeout poll /usr/lib/python3/dist-packages/oslo_messaging/_drivers/amqpdriver.py:360
2024-12-26 00:35:57.518 126177 DEBUG oslo_messaging._drivers.amqpdriver [-] Listener is running poll /usr/lib/python3/dist-packages/oslo_messaging/_drivers/amqpdriver.py:343
2024-12-26 00:35:57.518 126171 DEBUG oslo_messaging._drivers.amqpdriver [-] Listener is running poll /usr/lib/python3/dist-packages/oslo_messaging/_drivers/amqpdriver.py:343
2024-12-26 00:35:57.518 126177 DEBUG oslo_messaging._drivers.amqpdriver [-] AMQPListener connection consume poll /usr/lib/python3/dist-packages/oslo_messaging/_drivers/amqpdriver.py:357
2024-12-26 00:35:57.518 126171 DEBUG oslo_messaging._drivers.amqpdriver [-] AMQPListener connection consume poll /usr/lib/python3/dist-packages/oslo_messaging/_drivers/amqpdriver.py:357
2024-12-26 00:35:57.522 126178 DEBUG oslo_messaging._drivers.amqpdriver [-] AMQPListener connection timeout poll /usr/lib/python3/dist-packages/oslo_messaging/_drivers/amqpdriver.py:360
2024-12-26 00:35:57.522 126178 DEBUG oslo_messaging._drivers.amqpdriver [-] Listener is running poll /usr/lib/python3/dist-packages/oslo_messaging/_drivers/amqpdriver.py:343
2024-12-26 00:35:57.522 126178 DEBUG oslo_messaging._drivers.amqpdriver [-] AMQPListener connection consume poll /usr/lib/python3/dist-packages/oslo_messaging/_drivers/amqpdriver.py:357
2024-12-26 00:35:57.523 126184 DEBUG oslo_messaging._drivers.amqpdriver [-] AMQPListener connection timeout poll /usr/lib/python3/dist-packages/oslo_messaging/_drivers/amqpdriver.py:360
2024-12-26 00:35:57.523 126184 DEBUG oslo_messaging._drivers.amqpdriver [-] Listener is running poll /usr/lib/python3/dist-packages/oslo_messaging/_drivers/amqpdriver.py:343
2024-12-26 00:35:57.523 126184 DEBUG oslo_messaging._drivers.amqpdriver [-] AMQPListener connection consume poll /usr/lib/python3/dist-packages/oslo_messaging/_drivers/amqpdriver.py:357
2024-12-26 00:36:05.519 126171 DEBUG oslo_messaging._drivers.amqpdriver [-] AMQPListener connection timeout poll /usr/lib/python3/dist-packages/oslo_messaging/_drivers/amqpdriver.py:360
2024-12-26 00:36:05.519 126177 DEBUG oslo_messaging._drivers.amqpdriver [-] AMQPListener connection timeout poll /usr/lib/python3/dist-packages/oslo_messaging/_drivers/amqpdriver.py:360
2024-12-26 00:36:05.519 126177 DEBUG oslo_messaging._drivers.amqpdriver [-] Listener is running poll /usr/lib/python3/dist-packages/oslo_messaging/_drivers/amqpdriver.py:343
2024-12-26 00:36:05.519 126171 DEBUG oslo_messaging._drivers.amqpdriver [-] Listener is running poll /usr/lib/python3/dist-packages/oslo_messaging/_drivers/amqpdriver.py:343
2024-12-26 00:36:05.519 126177 DEBUG oslo_messaging._drivers.amqpdriver [-] AMQPListener connection consume poll /usr/lib/python3/dist-packages/oslo_messaging/_drivers/amqpdriver.py:357
2024-12-26 00:36:05.519 126171 DEBUG oslo_messaging._drivers.amqpdriver [-] AMQPListener connection consume poll /usr/lib/python3/dist-packages/oslo_messaging/_drivers/amqpdriver.py:357
2024-12-26 00:36:05.524 126178 DEBUG oslo_messaging._drivers.amqpdriver [-] AMQPListener connection timeout poll /usr/lib/python3/dist-packages/oslo_messaging/_drivers/amqpdriver.py:360
2024-12-26 00:36:05.524 126178 DEBUG oslo_messaging._drivers.amqpdriver [-] Listener is running poll /usr/lib/python3/dist-packages/oslo_messaging/_drivers/amqpdriver.py:343
2024-12-26 00:36:05.524 126178 DEBUG oslo_messaging._drivers.amqpdriver [-] AMQPListener connection consume poll /usr/lib/python3/dist-packages/oslo_messaging/_drivers/amqpdriver.py:357
2024-12-26 00:36:05.526 126184 DEBUG oslo_messaging._drivers.amqpdriver [-] AMQPListener connection timeout poll /usr/lib/python3/dist-packages/oslo_messaging/_drivers/amqpdriver.py:360
2024-12-26 00:36:05.527 126184 DEBUG oslo_messaging._drivers.amqpdriver [-] Listener is running poll /usr/lib/python3/dist-packages/oslo_messaging/_drivers/amqpdriver.py:343
2024-12-26 00:36:05.527 126184 DEBUG oslo_messaging._drivers.amqpdriver [-] AMQPListener connection consume poll /usr/lib/python3/dist-packages/oslo_messaging/_drivers/amqpdriver.py:357
2024-12-26 00:36:15.517 126177 DEBUG oslo_service.periodic_task [req-3e80dbf5-7db3-4a2c-9a8a-f5c15d7c75f4 - - - - -] Running periodic task SchedulerManager._discover_hosts_in_cells run_periodic_tasks /usr/lib/python3/dist-packages/oslo_service/periodic_task.py:210
2024-12-26 00:36:15.518 126177 DEBUG oslo_db.sqlalchemy.engines [req-3e80dbf5-7db3-4a2c-9a8a-f5c15d7c75f4 - - - - -] Parent process 125128 forked (126177) with an open database connection, which is being discarded and recreated. checkout /usr/lib/python3/dist-packages/oslo_db/sqlalchemy/engines.py:413
2024-12-26 00:36:15.529 126177 DEBUG oslo_concurrency.lockutils [req-3e80dbf5-7db3-4a2c-9a8a-f5c15d7c75f4 - - - - -] Lock "bd538b6e-0e93-4ac2-a7d9-88c6967ee7f4" acquired by "nova.context.set_target_cell..get_or_set_cached_cell_and_set_connections" :: waited 0.000s inner /usr/lib/python3/dist-packages/oslo_concurrency/lockutils.py:386
2024-12-26 00:36:15.530 126177 DEBUG oslo_concurrency.lockutils [req-3e80dbf5-7db3-4a2c-9a8a-f5c15d7c75f4 - - - - -] Lock "bd538b6e-0e93-4ac2-a7d9-88c6967ee7f4" "released" by "nova.context.set_target_cell..get_or_set_cached_cell_and_set_connections" :: held 0.002s inner /usr/lib/python3/dist-packages/oslo_concurrency/lockutils.py:400
2024-12-26 00:36:15.535 126177 DEBUG oslo_db.sqlalchemy.engines [req-3e80dbf5-7db3-4a2c-9a8a-f5c15d7c75f4 - - - - -] MySQL server mode set to STRICT_TRANS_TABLES,STRICT_ALL_TABLES,NO_ZERO_IN_DATE,NO_ZERO_DATE,ERROR_FOR_DIVISION_BY_ZERO,TRADITIONAL,NO_ENGINE_SUBSTITUTION _check_effective_sql_mode /usr/lib/python3/dist-packages/oslo_db/sqlalchemy/engines.py:314
2024-12-26 00:36:15.601 126177 INFO nova.scheduler.manager [req-3e80dbf5-7db3-4a2c-9a8a-f5c15d7c75f4 - - - - -] Discovered 1 new hosts: cell1:cn-jenkins-deploy-platform-juju-os-459-1
2024-12-26 00:36:23.518 126178 DEBUG oslo_service.periodic_task [req-8563fdd0-6b63-4459-bb35-913cf144fd8c - - - - -] Running periodic task SchedulerManager._discover_hosts_in_cells run_periodic_tasks /usr/lib/python3/dist-packages/oslo_service/periodic_task.py:210
2024-12-26 00:36:23.519 126178 DEBUG oslo_db.sqlalchemy.engines [req-8563fdd0-6b63-4459-bb35-913cf144fd8c - - - - -] Parent process 125128 forked (126178) with an open database connection, which is being discarded and recreated. checkout /usr/lib/python3/dist-packages/oslo_db/sqlalchemy/engines.py:413
2024-12-26 00:36:23.526 126178 DEBUG oslo_concurrency.lockutils [req-8563fdd0-6b63-4459-bb35-913cf144fd8c - - - - -] Lock "bd538b6e-0e93-4ac2-a7d9-88c6967ee7f4" acquired by "nova.context.set_target_cell..get_or_set_cached_cell_and_set_connections" :: waited 0.000s inner /usr/lib/python3/dist-packages/oslo_concurrency/lockutils.py:386
2024-12-26 00:36:23.527 126178 DEBUG oslo_concurrency.lockutils [req-8563fdd0-6b63-4459-bb35-913cf144fd8c - - - - -] Lock "bd538b6e-0e93-4ac2-a7d9-88c6967ee7f4" "released" by "nova.context.set_target_cell..get_or_set_cached_cell_and_set_connections" :: held 0.002s inner /usr/lib/python3/dist-packages/oslo_concurrency/lockutils.py:400
2024-12-26 00:36:23.533 126178 DEBUG oslo_db.sqlalchemy.engines [req-8563fdd0-6b63-4459-bb35-913cf144fd8c - - - - -] MySQL server mode set to STRICT_TRANS_TABLES,STRICT_ALL_TABLES,NO_ZERO_IN_DATE,NO_ZERO_DATE,ERROR_FOR_DIVISION_BY_ZERO,TRADITIONAL,NO_ENGINE_SUBSTITUTION _check_effective_sql_mode /usr/lib/python3/dist-packages/oslo_db/sqlalchemy/engines.py:314
2024-12-26 00:36:24.510 126171 DEBUG oslo_service.periodic_task [req-9a0ba3e9-f3e8-4229-a1b9-ddb354bc1e74 - - - - -] Running periodic task SchedulerManager._discover_hosts_in_cells run_periodic_tasks /usr/lib/python3/dist-packages/oslo_service/periodic_task.py:210
2024-12-26 00:36:24.511 126171 DEBUG oslo_db.sqlalchemy.engines [req-9a0ba3e9-f3e8-4229-a1b9-ddb354bc1e74 - - - - -] Parent process 125128 forked (126171) with an open database connection, which is being discarded and recreated. checkout /usr/lib/python3/dist-packages/oslo_db/sqlalchemy/engines.py:413
2024-12-26 00:36:24.518 126171 DEBUG oslo_concurrency.lockutils [req-9a0ba3e9-f3e8-4229-a1b9-ddb354bc1e74 - - - - -] Lock "bd538b6e-0e93-4ac2-a7d9-88c6967ee7f4" acquired by "nova.context.set_target_cell..get_or_set_cached_cell_and_set_connections" :: waited 0.000s inner /usr/lib/python3/dist-packages/oslo_concurrency/lockutils.py:386
2024-12-26 00:36:24.519 126171 DEBUG oslo_concurrency.lockutils [req-9a0ba3e9-f3e8-4229-a1b9-ddb354bc1e74 - - - - -] Lock "bd538b6e-0e93-4ac2-a7d9-88c6967ee7f4" "released" by "nova.context.set_target_cell..get_or_set_cached_cell_and_set_connections" :: held 0.002s inner /usr/lib/python3/dist-packages/oslo_concurrency/lockutils.py:400
2024-12-26 00:36:24.524 126171 DEBUG oslo_db.sqlalchemy.engines [req-9a0ba3e9-f3e8-4229-a1b9-ddb354bc1e74 - - - - -] MySQL server mode set to STRICT_TRANS_TABLES,STRICT_ALL_TABLES,NO_ZERO_IN_DATE,NO_ZERO_DATE,ERROR_FOR_DIVISION_BY_ZERO,TRADITIONAL,NO_ENGINE_SUBSTITUTION _check_effective_sql_mode /usr/lib/python3/dist-packages/oslo_db/sqlalchemy/engines.py:314
2024-12-26 00:36:27.781 125128 INFO oslo_service.service [req-f44c6abd-6819-46d7-870b-741d1d352f4e - - - - -] Caught SIGTERM, stopping children
2024-12-26 00:36:27.782 125128 DEBUG oslo_concurrency.lockutils [req-f44c6abd-6819-46d7-870b-741d1d352f4e - - - - -] Acquired lock "singleton_lock" lock /usr/lib/python3/dist-packages/oslo_concurrency/lockutils.py:294
2024-12-26 00:36:27.782 125128 DEBUG oslo_concurrency.lockutils [req-f44c6abd-6819-46d7-870b-741d1d352f4e - - - - -] Releasing lock "singleton_lock" lock /usr/lib/python3/dist-packages/oslo_concurrency/lockutils.py:312
2024-12-26 00:36:27.783 125128 DEBUG oslo_service.service [req-f44c6abd-6819-46d7-870b-741d1d352f4e - - - - -] Stop services. stop /usr/lib/python3/dist-packages/oslo_service/service.py:695
2024-12-26 00:36:27.783 125128 DEBUG oslo_service.service [req-f44c6abd-6819-46d7-870b-741d1d352f4e - - - - -] Killing children. stop /usr/lib/python3/dist-packages/oslo_service/service.py:700
2024-12-26 00:36:27.793 125128 INFO oslo_service.service [req-f44c6abd-6819-46d7-870b-741d1d352f4e - - - - -] Waiting on 4 children to exit
2024-12-26 00:36:27.794 125128 INFO oslo_service.service [req-f44c6abd-6819-46d7-870b-741d1d352f4e - - - - -] Child 126178 killed by signal 15
2024-12-26 00:36:27.794 125128 INFO oslo_service.service [req-f44c6abd-6819-46d7-870b-741d1d352f4e - - - - -] Child 126184 killed by signal 15
2024-12-26 00:36:27.795 125128 INFO oslo_service.service [req-f44c6abd-6819-46d7-870b-741d1d352f4e - - - - -] Child 126171 killed by signal 15
2024-12-26 00:36:27.796 125128 INFO oslo_service.service [req-f44c6abd-6819-46d7-870b-741d1d352f4e - - - - -] Child 126177 killed by signal 15
2024-12-26 00:36:29.409 140616 DEBUG oslo_db.sqlalchemy.engines [req-bf9785bd-c8d4-4107-b876-332c41f9d6d1 - - - - -] MySQL server mode set to STRICT_TRANS_TABLES,STRICT_ALL_TABLES,NO_ZERO_IN_DATE,NO_ZERO_DATE,ERROR_FOR_DIVISION_BY_ZERO,TRADITIONAL,NO_ENGINE_SUBSTITUTION _check_effective_sql_mode /usr/lib/python3/dist-packages/oslo_db/sqlalchemy/engines.py:314
2024-12-26 00:36:29.443 140616 DEBUG nova.scheduler.host_manager [req-bf9785bd-c8d4-4107-b876-332c41f9d6d1 - - - - -] Found 1 cells: bd538b6e-0e93-4ac2-a7d9-88c6967ee7f4 refresh_cells_caches /usr/lib/python3/dist-packages/nova/scheduler/host_manager.py:730
2024-12-26 00:36:29.443 140616 DEBUG nova.scheduler.host_manager [req-bf9785bd-c8d4-4107-b876-332c41f9d6d1 - - - - -] Found 0 disabled cells: refresh_cells_caches /usr/lib/python3/dist-packages/nova/scheduler/host_manager.py:742
2024-12-26 00:36:29.448 140616 WARNING nova.scheduler.filters.availability_zone_filter [req-bf9785bd-c8d4-4107-b876-332c41f9d6d1 - - - - -] The 'AvailabilityZoneFilter' is deprecated since the 24.0.0 (Xena) release. Since the 18.0.0 (Rocky) release, nova has supported mapping AZs to placement aggregates. The feature is enabled by the 'query_placement_for_availability_zone' config option and is now enabled by default. As such, the 'AvailabilityZoneFilter' is no longer required. Nova is currently configured to use both placement and the AvailabilityZoneFilter for AZ enforcement.
2024-12-26 00:36:29.531 140616 DEBUG nova.scheduler.host_manager [req-bf9785bd-c8d4-4107-b876-332c41f9d6d1 - - - - -] START:_async_init_instance_info _async_init_instance_info /usr/lib/python3/dist-packages/nova/scheduler/host_manager.py:411
2024-12-26 00:36:29.533 140616 DEBUG oslo_concurrency.lockutils [req-42483a6f-21f4-40d5-9fb6-9089aae0b0df - - - - -] Lock "bd538b6e-0e93-4ac2-a7d9-88c6967ee7f4" acquired by "nova.context.set_target_cell..get_or_set_cached_cell_and_set_connections" :: waited 0.000s inner /usr/lib/python3/dist-packages/oslo_concurrency/lockutils.py:386
2024-12-26 00:36:29.534 140616 DEBUG oslo_concurrency.lockutils [req-42483a6f-21f4-40d5-9fb6-9089aae0b0df - - - - -] Lock "bd538b6e-0e93-4ac2-a7d9-88c6967ee7f4" "released" by "nova.context.set_target_cell..get_or_set_cached_cell_and_set_connections" :: held 0.001s inner /usr/lib/python3/dist-packages/oslo_concurrency/lockutils.py:400
2024-12-26 00:36:29.540 140616 DEBUG oslo_db.sqlalchemy.engines [req-42483a6f-21f4-40d5-9fb6-9089aae0b0df - - - - -] MySQL server mode set to STRICT_TRANS_TABLES,STRICT_ALL_TABLES,NO_ZERO_IN_DATE,NO_ZERO_DATE,ERROR_FOR_DIVISION_BY_ZERO,TRADITIONAL,NO_ENGINE_SUBSTITUTION _check_effective_sql_mode /usr/lib/python3/dist-packages/oslo_db/sqlalchemy/engines.py:314
2024-12-26 00:36:29.555 140616 DEBUG nova.scheduler.host_manager [req-42483a6f-21f4-40d5-9fb6-9089aae0b0df - - - - -] Total number of compute nodes: 1 _async_init_instance_info /usr/lib/python3/dist-packages/nova/scheduler/host_manager.py:424
2024-12-26 00:36:29.556 140616 DEBUG oslo_concurrency.lockutils [req-42483a6f-21f4-40d5-9fb6-9089aae0b0df - - - - -] Lock "bd538b6e-0e93-4ac2-a7d9-88c6967ee7f4" acquired by "nova.context.set_target_cell..get_or_set_cached_cell_and_set_connections" :: waited 0.000s inner /usr/lib/python3/dist-packages/oslo_concurrency/lockutils.py:386
2024-12-26 00:36:29.556 140616 DEBUG oslo_concurrency.lockutils [req-42483a6f-21f4-40d5-9fb6-9089aae0b0df - - - - -] Lock "bd538b6e-0e93-4ac2-a7d9-88c6967ee7f4" "released" by "nova.context.set_target_cell..get_or_set_cached_cell_and_set_connections" :: held 0.000s inner /usr/lib/python3/dist-packages/oslo_concurrency/lockutils.py:400
2024-12-26 00:36:29.629 140616 DEBUG nova.scheduler.host_manager [req-42483a6f-21f4-40d5-9fb6-9089aae0b0df - - - - -] Adding 0 instances for hosts 10-20 _async_init_instance_info /usr/lib/python3/dist-packages/nova/scheduler/host_manager.py:443
2024-12-26 00:36:29.630 140616 DEBUG nova.scheduler.host_manager [req-42483a6f-21f4-40d5-9fb6-9089aae0b0df - - - - -] END:_async_init_instance_info _async_init_instance_info /usr/lib/python3/dist-packages/nova/scheduler/host_manager.py:454
2024-12-26 00:36:29.850 140616 DEBUG nova.context [req-bf9785bd-c8d4-4107-b876-332c41f9d6d1 - - - - -] Found 2 cells: 00000000-0000-0000-0000-000000000000(cell0),bd538b6e-0e93-4ac2-a7d9-88c6967ee7f4(cell1) load_cells /usr/lib/python3/dist-packages/nova/context.py:464
2024-12-26 00:36:29.851 140616 DEBUG oslo_concurrency.lockutils [req-567d6fa0-fe57-43fb-9577-03c57459c843 - - - - -] Lock "00000000-0000-0000-0000-000000000000" acquired by "nova.context.set_target_cell..get_or_set_cached_cell_and_set_connections" :: waited 0.000s inner /usr/lib/python3/dist-packages/oslo_concurrency/lockutils.py:386
2024-12-26 00:36:29.852 140616 DEBUG oslo_concurrency.lockutils [req-567d6fa0-fe57-43fb-9577-03c57459c843 - - - - -] Lock "00000000-0000-0000-0000-000000000000" "released" by "nova.context.set_target_cell..get_or_set_cached_cell_and_set_connections" :: held 0.001s inner /usr/lib/python3/dist-packages/oslo_concurrency/lockutils.py:400
2024-12-26 00:36:29.852 140616 DEBUG oslo_concurrency.lockutils [req-567d6fa0-fe57-43fb-9577-03c57459c843 - - - - -] Lock "bd538b6e-0e93-4ac2-a7d9-88c6967ee7f4" acquired by "nova.context.set_target_cell..get_or_set_cached_cell_and_set_connections" :: waited 0.000s inner /usr/lib/python3/dist-packages/oslo_concurrency/lockutils.py:386
2024-12-26 00:36:29.853 140616 DEBUG oslo_concurrency.lockutils [req-567d6fa0-fe57-43fb-9577-03c57459c843 - - - - -] Lock "bd538b6e-0e93-4ac2-a7d9-88c6967ee7f4" "released" by "nova.context.set_target_cell..get_or_set_cached_cell_and_set_connections" :: held 0.000s inner /usr/lib/python3/dist-packages/oslo_concurrency/lockutils.py:400
2024-12-26 00:36:29.861 140616 DEBUG oslo_db.sqlalchemy.engines [req-567d6fa0-fe57-43fb-9577-03c57459c843 - - - - -] MySQL server mode set to STRICT_TRANS_TABLES,STRICT_ALL_TABLES,NO_ZERO_IN_DATE,NO_ZERO_DATE,ERROR_FOR_DIVISION_BY_ZERO,TRADITIONAL,NO_ENGINE_SUBSTITUTION _check_effective_sql_mode /usr/lib/python3/dist-packages/oslo_db/sqlalchemy/engines.py:314
2024-12-26 00:36:29.869 140616 DEBUG oslo_concurrency.lockutils [req-567d6fa0-fe57-43fb-9577-03c57459c843 - - - - -] Acquired lock "singleton_lock" lock /usr/lib/python3/dist-packages/oslo_concurrency/lockutils.py:294
2024-12-26 00:36:29.870 140616 DEBUG oslo_concurrency.lockutils [req-567d6fa0-fe57-43fb-9577-03c57459c843 - - - - -] Releasing lock "singleton_lock" lock /usr/lib/python3/dist-packages/oslo_concurrency/lockutils.py:312
2024-12-26 00:36:29.870 140616 INFO oslo_service.service [req-567d6fa0-fe57-43fb-9577-03c57459c843 - - - - -] Starting 4 workers
2024-12-26 00:36:29.879 141047 INFO nova.service [-] Starting scheduler node (version 25.2.1)
2024-12-26 00:36:29.874 140616 DEBUG oslo_service.service [req-567d6fa0-fe57-43fb-9577-03c57459c843 - - - - -] Started child 141047 _start_child /usr/lib/python3/dist-packages/oslo_service/service.py:575
2024-12-26 00:36:29.885 140616 DEBUG oslo_service.service [req-567d6fa0-fe57-43fb-9577-03c57459c843 - - - - -] Started child 141048 _start_child /usr/lib/python3/dist-packages/oslo_service/service.py:575
2024-12-26 00:36:29.890 141048 INFO nova.service [-] Starting scheduler node (version 25.2.1)
2024-12-26 00:36:29.892 141047 DEBUG oslo_db.sqlalchemy.engines [req-2b1b9684-1f0c-4798-9186-9acdc99f0261 - - - - -] MySQL server mode set to STRICT_TRANS_TABLES,STRICT_ALL_TABLES,NO_ZERO_IN_DATE,NO_ZERO_DATE,ERROR_FOR_DIVISION_BY_ZERO,TRADITIONAL,NO_ENGINE_SUBSTITUTION _check_effective_sql_mode /usr/lib/python3/dist-packages/oslo_db/sqlalchemy/engines.py:314
2024-12-26 00:36:29.894 140616 DEBUG oslo_service.service [req-567d6fa0-fe57-43fb-9577-03c57459c843 - - - - -] Started child 141049 _start_child /usr/lib/python3/dist-packages/oslo_service/service.py:575
2024-12-26 00:36:29.899 141049 INFO nova.service [-] Starting scheduler node (version 25.2.1)
2024-12-26 00:36:29.901 141048 DEBUG oslo_db.sqlalchemy.engines [req-8d1d0563-35bd-4855-850f-22e6dde6d7d3 - - - - -] MySQL server mode set to STRICT_TRANS_TABLES,STRICT_ALL_TABLES,NO_ZERO_IN_DATE,NO_ZERO_DATE,ERROR_FOR_DIVISION_BY_ZERO,TRADITIONAL,NO_ENGINE_SUBSTITUTION _check_effective_sql_mode /usr/lib/python3/dist-packages/oslo_db/sqlalchemy/engines.py:314
2024-12-26 00:36:29.903 140616 DEBUG oslo_service.service [req-567d6fa0-fe57-43fb-9577-03c57459c843 - - - - -] Started child 141050 _start_child /usr/lib/python3/dist-packages/oslo_service/service.py:575
2024-12-26 00:36:29.906 140616 DEBUG oslo_service.service [req-567d6fa0-fe57-43fb-9577-03c57459c843 - - - - -] Full set of CONF: wait /usr/lib/python3/dist-packages/oslo_service/service.py:649
2024-12-26 00:36:29.909 140616 DEBUG oslo_service.service [req-567d6fa0-fe57-43fb-9577-03c57459c843 - - - - -] ******************************************************************************** log_opt_values /usr/lib/python3/dist-packages/oslo_config/cfg.py:2589
2024-12-26 00:36:29.908 141050 INFO nova.service [-] Starting scheduler node (version 25.2.1)
2024-12-26 00:36:29.909 140616 DEBUG oslo_service.service [req-567d6fa0-fe57-43fb-9577-03c57459c843 - - - - -] Configuration options gathered from: log_opt_values /usr/lib/python3/dist-packages/oslo_config/cfg.py:2590
2024-12-26 00:36:29.909 140616 DEBUG oslo_service.service [req-567d6fa0-fe57-43fb-9577-03c57459c843 - - - - -] command line args: ['--config-file=/etc/nova/nova.conf', '--log-file=/var/log/nova/nova-scheduler.log'] log_opt_values /usr/lib/python3/dist-packages/oslo_config/cfg.py:2591
2024-12-26 00:36:29.910 141047 DEBUG nova.service [req-2b1b9684-1f0c-4798-9186-9acdc99f0261 - - - - -] Creating RPC server for service scheduler start /usr/lib/python3/dist-packages/nova/service.py:182
2024-12-26 00:36:29.910 140616 DEBUG oslo_service.service [req-567d6fa0-fe57-43fb-9577-03c57459c843 - - - - -] config files: ['/etc/nova/nova.conf'] log_opt_values /usr/lib/python3/dist-packages/oslo_config/cfg.py:2592
2024-12-26 00:36:29.910 140616 DEBUG oslo_service.service [req-567d6fa0-fe57-43fb-9577-03c57459c843 - - - - -] ================================================================================ log_opt_values /usr/lib/python3/dist-packages/oslo_config/cfg.py:2594
2024-12-26 00:36:29.910 140616 DEBUG oslo_service.service [req-567d6fa0-fe57-43fb-9577-03c57459c843 - - - - -] allow_resize_to_same_host = False log_opt_values /usr/lib/python3/dist-packages/oslo_config/cfg.py:2602
2024-12-26 00:36:29.911 140616 DEBUG oslo_service.service [req-567d6fa0-fe57-43fb-9577-03c57459c843 - - - - -] arq_binding_timeout = 300 log_opt_values /usr/lib/python3/dist-packages/oslo_config/cfg.py:2602
2024-12-26 00:36:29.911 140616 DEBUG oslo_service.service [req-567d6fa0-fe57-43fb-9577-03c57459c843 - - - - -] block_device_allocate_retries = 60 log_opt_values /usr/lib/python3/dist-packages/oslo_config/cfg.py:2602
2024-12-26 00:36:29.911 140616 DEBUG oslo_service.service [req-567d6fa0-fe57-43fb-9577-03c57459c843 - - - - -] block_device_allocate_retries_interval = 3 log_opt_values /usr/lib/python3/dist-packages/oslo_config/cfg.py:2602
2024-12-26 00:36:29.914 140616 DEBUG oslo_service.service [req-567d6fa0-fe57-43fb-9577-03c57459c843 - - - - -] cert = self.pem log_opt_values /usr/lib/python3/dist-packages/oslo_config/cfg.py:2602
2024-12-26 00:36:29.914 140616 DEBUG oslo_service.service [req-567d6fa0-fe57-43fb-9577-03c57459c843 - - - - -] compute_driver = libvirt.LibvirtDriver log_opt_values /usr/lib/python3/dist-packages/oslo_config/cfg.py:2602
2024-12-26 00:36:29.914 141049 DEBUG oslo_db.sqlalchemy.engines [req-6653ca66-03fd-4fa9-8b77-6f7d96ed437b - - - - -] MySQL server mode set to STRICT_TRANS_TABLES,STRICT_ALL_TABLES,NO_ZERO_IN_DATE,NO_ZERO_DATE,ERROR_FOR_DIVISION_BY_ZERO,TRADITIONAL,NO_ENGINE_SUBSTITUTION _check_effective_sql_mode /usr/lib/python3/dist-packages/oslo_db/sqlalchemy/engines.py:314
2024-12-26 00:36:29.915 140616 DEBUG oslo_service.service [req-567d6fa0-fe57-43fb-9577-03c57459c843 - - - - -] compute_monitors = [] log_opt_values /usr/lib/python3/dist-packages/oslo_config/cfg.py:2602
2024-12-26 00:36:29.917 140616 DEBUG oslo_service.service [req-567d6fa0-fe57-43fb-9577-03c57459c843 - - - - -] config_dir = [] log_opt_values /usr/lib/python3/dist-packages/oslo_config/cfg.py:2602
2024-12-26 00:36:29.917 140616 DEBUG oslo_service.service [req-567d6fa0-fe57-43fb-9577-03c57459c843 - - - - -] config_drive_format = iso9660 log_opt_values /usr/lib/python3/dist-packages/oslo_config/cfg.py:2602
2024-12-26 00:36:29.917 140616 DEBUG oslo_service.service [req-567d6fa0-fe57-43fb-9577-03c57459c843 - - - - -] config_file = ['/etc/nova/nova.conf'] log_opt_values /usr/lib/python3/dist-packages/oslo_config/cfg.py:2602
2024-12-26 00:36:29.918 140616 DEBUG oslo_service.service [req-567d6fa0-fe57-43fb-9577-03c57459c843 - - - - -] config_source = [] log_opt_values /usr/lib/python3/dist-packages/oslo_config/cfg.py:2602
2024-12-26 00:36:29.918 141048 DEBUG nova.service [req-8d1d0563-35bd-4855-850f-22e6dde6d7d3 - - - - -] Creating RPC server for service scheduler start /usr/lib/python3/dist-packages/nova/service.py:182
2024-12-26 00:36:29.918 140616 DEBUG oslo_service.service [req-567d6fa0-fe57-43fb-9577-03c57459c843 - - - - -] console_host = juju-1ce3df-0-lxd-7 log_opt_values /usr/lib/python3/dist-packages/oslo_config/cfg.py:2602
2024-12-26 00:36:29.919 140616 DEBUG oslo_service.service [req-567d6fa0-fe57-43fb-9577-03c57459c843 - - - - -] control_exchange = nova log_opt_values /usr/lib/python3/dist-packages/oslo_config/cfg.py:2602
2024-12-26 00:36:29.919 140616 DEBUG oslo_service.service [req-567d6fa0-fe57-43fb-9577-03c57459c843 - - - - -] cpu_allocation_ratio = 2.0 log_opt_values /usr/lib/python3/dist-packages/oslo_config/cfg.py:2602
2024-12-26 00:36:29.919 140616 DEBUG oslo_service.service [req-567d6fa0-fe57-43fb-9577-03c57459c843 - - - - -] daemon = False log_opt_values /usr/lib/python3/dist-packages/oslo_config/cfg.py:2602
2024-12-26 00:36:29.920 140616 DEBUG oslo_service.service [req-567d6fa0-fe57-43fb-9577-03c57459c843 - - - - -] debug = True log_opt_values /usr/lib/python3/dist-packages/oslo_config/cfg.py:2602
2024-12-26 00:36:29.920 140616 DEBUG oslo_service.service [req-567d6fa0-fe57-43fb-9577-03c57459c843 - - - - -] default_access_ip_network_name = None log_opt_values /usr/lib/python3/dist-packages/oslo_config/cfg.py:2602
2024-12-26 00:36:29.920 140616 DEBUG oslo_service.service [req-567d6fa0-fe57-43fb-9577-03c57459c843 - - - - -] default_availability_zone = nova log_opt_values /usr/lib/python3/dist-packages/oslo_config/cfg.py:2602
2024-12-26 00:36:29.921 140616 DEBUG oslo_service.service [req-567d6fa0-fe57-43fb-9577-03c57459c843 - - - - -] default_ephemeral_format = None log_opt_values /usr/lib/python3/dist-packages/oslo_config/cfg.py:2602
2024-12-26 00:36:29.921 140616 DEBUG oslo_service.service [req-567d6fa0-fe57-43fb-9577-03c57459c843 - - - - -] default_log_levels = ['amqp=WARN', 'amqplib=WARN', 'boto=WARN', 'qpid=WARN', 'sqlalchemy=WARN', 'suds=INFO', 'oslo.messaging=INFO', 'oslo_messaging=DEBUG', 'iso8601=WARN', 'requests.packages.urllib3.connectionpool=WARN', 'urllib3.connectionpool=WARN', 'websocket=WARN', 'requests.packages.urllib3.util.retry=WARN', 'urllib3.util.retry=WARN', 'keystonemiddleware=WARN', 'routes.middleware=WARN', 'stevedore=WARN', 'taskflow=WARN', 'keystoneauth=WARN', 'oslo.cache=INFO', 'dogpile.core.dogpile=INFO', 'glanceclient=WARN', 'oslo.privsep.daemon=INFO'] log_opt_values /usr/lib/python3/dist-packages/oslo_config/cfg.py:2602
2024-12-26 00:36:29.922 140616 DEBUG oslo_service.service [req-567d6fa0-fe57-43fb-9577-03c57459c843 - - - - -] default_schedule_zone = None log_opt_values /usr/lib/python3/dist-packages/oslo_config/cfg.py:2602
2024-12-26 00:36:29.922 140616 DEBUG oslo_service.service [req-567d6fa0-fe57-43fb-9577-03c57459c843 - - - - -] disk_allocation_ratio = 1.0 log_opt_values /usr/lib/python3/dist-packages/oslo_config/cfg.py:2602
2024-12-26 00:36:29.922 140616 DEBUG oslo_service.service [req-567d6fa0-fe57-43fb-9577-03c57459c843 - - - - -] enable_new_services = True log_opt_values /usr/lib/python3/dist-packages/oslo_config/cfg.py:2602
2024-12-26 00:36:29.922 140616 DEBUG oslo_service.service [req-567d6fa0-fe57-43fb-9577-03c57459c843 - - - - -] enabled_apis = ['osapi_compute', 'metadata'] log_opt_values /usr/lib/python3/dist-packages/oslo_config/cfg.py:2602
2024-12-26 00:36:29.923 140616 DEBUG oslo_service.service [req-567d6fa0-fe57-43fb-9577-03c57459c843 - - - - -] enabled_ssl_apis = [] log_opt_values /usr/lib/python3/dist-packages/oslo_config/cfg.py:2602
2024-12-26 00:36:29.923 140616 DEBUG oslo_service.service [req-567d6fa0-fe57-43fb-9577-03c57459c843 - - - - -] fatal_deprecations = False log_opt_values /usr/lib/python3/dist-packages/oslo_config/cfg.py:2602
2024-12-26 00:36:29.923 141050 DEBUG oslo_db.sqlalchemy.engines [req-2248a730-6255-4885-8b90-89da8979c17c - - - - -] MySQL server mode set to STRICT_TRANS_TABLES,STRICT_ALL_TABLES,NO_ZERO_IN_DATE,NO_ZERO_DATE,ERROR_FOR_DIVISION_BY_ZERO,TRADITIONAL,NO_ENGINE_SUBSTITUTION _check_effective_sql_mode /usr/lib/python3/dist-packages/oslo_db/sqlalchemy/engines.py:314
