2024-12-26 01:45:59.170 65404 DEBUG oslo_service.service [-] oslo_messaging_rabbit.amqp_auto_delete = False log_opt_values /usr/lib/python3/dist-packages/oslo_config/cfg.py:2609
2024-12-26 01:45:59.170 65404 DEBUG oslo_service.service [-] oslo_messaging_rabbit.amqp_durable_queues = False log_opt_values /usr/lib/python3/dist-packages/oslo_config/cfg.py:2609
2024-12-26 01:45:59.170 65404 DEBUG oslo_service.service [-] oslo_messaging_rabbit.conn_pool_min_size = 2 log_opt_values /usr/lib/python3/dist-packages/oslo_config/cfg.py:2609
2024-12-26 01:45:59.171 65404 DEBUG oslo_service.service [-] oslo_messaging_rabbit.conn_pool_ttl = 1200 log_opt_values /usr/lib/python3/dist-packages/oslo_config/cfg.py:2609
2024-12-26 01:45:59.171 65404 DEBUG oslo_service.service [-] oslo_messaging_rabbit.direct_mandatory_flag = True log_opt_values /usr/lib/python3/dist-packages/oslo_config/cfg.py:2609
2024-12-26 01:45:59.171 65404 DEBUG oslo_service.service [-] oslo_messaging_rabbit.enable_cancel_on_failover = False log_opt_values /usr/lib/python3/dist-packages/oslo_config/cfg.py:2609
2024-12-26 01:45:59.171 65404 DEBUG oslo_service.service [-] oslo_messaging_rabbit.heartbeat_in_pthread = True log_opt_values /usr/lib/python3/dist-packages/oslo_config/cfg.py:2609
2024-12-26 01:45:59.171 65404 DEBUG oslo_service.service [-] oslo_messaging_rabbit.heartbeat_rate = 2 log_opt_values /usr/lib/python3/dist-packages/oslo_config/cfg.py:2609
2024-12-26 01:45:59.171 65404 DEBUG oslo_service.service [-] oslo_messaging_rabbit.heartbeat_timeout_threshold = 60 log_opt_values /usr/lib/python3/dist-packages/oslo_config/cfg.py:2609
2024-12-26 01:45:59.171 65404 DEBUG oslo_service.service [-] oslo_messaging_rabbit.kombu_compression = None log_opt_values /usr/lib/python3/dist-packages/oslo_config/cfg.py:2609
2024-12-26 01:45:59.171 65404 DEBUG oslo_service.service [-] oslo_messaging_rabbit.kombu_failover_strategy = round-robin log_opt_values /usr/lib/python3/dist-packages/oslo_config/cfg.py:2609
2024-12-26 01:45:59.172 65404 DEBUG oslo_service.service [-] oslo_messaging_rabbit.kombu_missing_consumer_retry_timeout = 60 log_opt_values /usr/lib/python3/dist-packages/oslo_config/cfg.py:2609
2024-12-26 01:45:59.172 65404 DEBUG oslo_service.service [-] oslo_messaging_rabbit.kombu_reconnect_delay = 1.0 log_opt_values /usr/lib/python3/dist-packages/oslo_config/cfg.py:2609
2024-12-26 01:45:59.172 65404 DEBUG oslo_service.service [-] oslo_messaging_rabbit.rabbit_ha_queues = False log_opt_values /usr/lib/python3/dist-packages/oslo_config/cfg.py:2609
2024-12-26 01:45:59.172 65404 DEBUG oslo_service.service [-] oslo_messaging_rabbit.rabbit_interval_max = 30 log_opt_values /usr/lib/python3/dist-packages/oslo_config/cfg.py:2609
2024-12-26 01:45:59.172 65404 DEBUG oslo_service.service [-] oslo_messaging_rabbit.rabbit_login_method = AMQPLAIN log_opt_values /usr/lib/python3/dist-packages/oslo_config/cfg.py:2609
2024-12-26 01:45:59.173 65404 DEBUG oslo_service.service [-] oslo_messaging_rabbit.rabbit_qos_prefetch_count = 0 log_opt_values /usr/lib/python3/dist-packages/oslo_config/cfg.py:2609
2024-12-26 01:45:59.173 65404 DEBUG oslo_service.service [-] oslo_messaging_rabbit.rabbit_quorum_queue = False log_opt_values /usr/lib/python3/dist-packages/oslo_config/cfg.py:2609
2024-12-26 01:45:59.173 65404 DEBUG oslo_service.service [-] oslo_messaging_rabbit.rabbit_retry_backoff = 2 log_opt_values /usr/lib/python3/dist-packages/oslo_config/cfg.py:2609
2024-12-26 01:45:59.173 65404 DEBUG oslo_service.service [-] oslo_messaging_rabbit.rabbit_retry_interval = 1 log_opt_values /usr/lib/python3/dist-packages/oslo_config/cfg.py:2609
2024-12-26 01:45:59.174 65404 DEBUG oslo_service.service [-] oslo_messaging_rabbit.rabbit_transient_queues_ttl = 1800 log_opt_values /usr/lib/python3/dist-packages/oslo_config/cfg.py:2609
2024-12-26 01:45:59.175 65404 DEBUG oslo_service.service [-] oslo_messaging_rabbit.rpc_conn_pool_size = 30 log_opt_values /usr/lib/python3/dist-packages/oslo_config/cfg.py:2609
2024-12-26 01:45:59.175 65404 DEBUG oslo_service.service [-] oslo_messaging_rabbit.ssl = False log_opt_values /usr/lib/python3/dist-packages/oslo_config/cfg.py:2609
2024-12-26 01:45:59.175 65404 DEBUG oslo_service.service [-] oslo_messaging_rabbit.ssl_ca_file = log_opt_values /usr/lib/python3/dist-packages/oslo_config/cfg.py:2609
2024-12-26 01:45:59.175 65404 DEBUG oslo_service.service [-] oslo_messaging_rabbit.ssl_cert_file = log_opt_values /usr/lib/python3/dist-packages/oslo_config/cfg.py:2609
2024-12-26 01:45:59.175 65404 DEBUG oslo_service.service [-] oslo_messaging_rabbit.ssl_key_file = log_opt_values /usr/lib/python3/dist-packages/oslo_config/cfg.py:2609
2024-12-26 01:45:59.176 65404 DEBUG oslo_service.service [-] oslo_messaging_rabbit.ssl_version = log_opt_values /usr/lib/python3/dist-packages/oslo_config/cfg.py:2609
2024-12-26 01:45:59.176 65404 DEBUG oslo_service.service [-] oslo_messaging_notifications.driver = [] log_opt_values /usr/lib/python3/dist-packages/oslo_config/cfg.py:2609
2024-12-26 01:45:59.176 65404 DEBUG oslo_service.service [-] oslo_messaging_notifications.retry = -1 log_opt_values /usr/lib/python3/dist-packages/oslo_config/cfg.py:2609
2024-12-26 01:45:59.176 65404 DEBUG oslo_service.service [-] oslo_messaging_notifications.topics = ['notifications'] log_opt_values /usr/lib/python3/dist-packages/oslo_config/cfg.py:2609
2024-12-26 01:45:59.176 65404 DEBUG oslo_service.service [-] oslo_messaging_notifications.transport_url = **** log_opt_values /usr/lib/python3/dist-packages/oslo_config/cfg.py:2609
2024-12-26 01:45:59.177 65404 DEBUG oslo_service.service [-] cache.backend = dogpile.cache.null log_opt_values /usr/lib/python3/dist-packages/oslo_config/cfg.py:2609
2024-12-26 01:45:59.177 65404 DEBUG oslo_service.service [-] cache.backend_argument = **** log_opt_values /usr/lib/python3/dist-packages/oslo_config/cfg.py:2609
2024-12-26 01:45:59.177 65404 DEBUG oslo_service.service [-] cache.config_prefix = cache.oslo log_opt_values /usr/lib/python3/dist-packages/oslo_config/cfg.py:2609
2024-12-26 01:45:59.177 65404 DEBUG oslo_service.service [-] cache.debug_cache_backend = False log_opt_values /usr/lib/python3/dist-packages/oslo_config/cfg.py:2609
2024-12-26 01:45:59.177 65404 DEBUG oslo_service.service [-] cache.enabled = False log_opt_values /usr/lib/python3/dist-packages/oslo_config/cfg.py:2609
2024-12-26 01:45:59.177 65404 DEBUG oslo_service.service [-] cache.expiration_time = 600 log_opt_values /usr/lib/python3/dist-packages/oslo_config/cfg.py:2609
2024-12-26 01:45:59.178 65404 DEBUG oslo_service.service [-] cache.memcache_dead_retry = 300 log_opt_values /usr/lib/python3/dist-packages/oslo_config/cfg.py:2609
2024-12-26 01:45:59.178 65404 DEBUG oslo_service.service [-] cache.memcache_pool_connection_get_timeout = 10 log_opt_values /usr/lib/python3/dist-packages/oslo_config/cfg.py:2609
2024-12-26 01:45:59.178 65404 DEBUG oslo_service.service [-] cache.memcache_pool_flush_on_reconnect = False log_opt_values /usr/lib/python3/dist-packages/oslo_config/cfg.py:2609
2024-12-26 01:45:59.178 65404 DEBUG oslo_service.service [-] cache.memcache_pool_maxsize = 10 log_opt_values /usr/lib/python3/dist-packages/oslo_config/cfg.py:2609
2024-12-26 01:45:59.178 65404 DEBUG oslo_service.service [-] cache.memcache_pool_unused_timeout = 60 log_opt_values /usr/lib/python3/dist-packages/oslo_config/cfg.py:2609
2024-12-26 01:45:59.178 65404 DEBUG oslo_service.service [-] cache.memcache_servers = ['localhost:11211'] log_opt_values /usr/lib/python3/dist-packages/oslo_config/cfg.py:2609
2024-12-26 01:45:59.178 65404 DEBUG oslo_service.service [-] cache.memcache_socket_timeout = 1.0 log_opt_values /usr/lib/python3/dist-packages/oslo_config/cfg.py:2609
2024-12-26 01:45:59.178 65404 DEBUG oslo_service.service [-] cache.proxies = [] log_opt_values /usr/lib/python3/dist-packages/oslo_config/cfg.py:2609
2024-12-26 01:45:59.179 65404 DEBUG oslo_service.service [-] cache.tls_allowed_ciphers = None log_opt_values /usr/lib/python3/dist-packages/oslo_config/cfg.py:2609
2024-12-26 01:45:59.179 65404 DEBUG oslo_service.service [-] cache.tls_cafile = None log_opt_values /usr/lib/python3/dist-packages/oslo_config/cfg.py:2609
2024-12-26 01:45:59.179 65404 DEBUG oslo_service.service [-] cache.tls_certfile = None log_opt_values /usr/lib/python3/dist-packages/oslo_config/cfg.py:2609
2024-12-26 01:45:59.179 65404 DEBUG oslo_service.service [-] cache.tls_enabled = False log_opt_values /usr/lib/python3/dist-packages/oslo_config/cfg.py:2609
2024-12-26 01:45:59.179 65404 DEBUG oslo_service.service [-] cache.tls_keyfile = None log_opt_values /usr/lib/python3/dist-packages/oslo_config/cfg.py:2609
2024-12-26 01:45:59.179 65404 DEBUG oslo_service.service [-] constraint_validation_cache.caching = True log_opt_values /usr/lib/python3/dist-packages/oslo_config/cfg.py:2609
2024-12-26 01:45:59.179 65404 DEBUG oslo_service.service [-] constraint_validation_cache.expiration_time = 60 log_opt_values /usr/lib/python3/dist-packages/oslo_config/cfg.py:2609
2024-12-26 01:45:59.180 65404 DEBUG oslo_service.service [-] service_extension_cache.caching = True log_opt_values /usr/lib/python3/dist-packages/oslo_config/cfg.py:2609
2024-12-26 01:45:59.180 65404 DEBUG oslo_service.service [-] service_extension_cache.expiration_time = 3600 log_opt_values /usr/lib/python3/dist-packages/oslo_config/cfg.py:2609
2024-12-26 01:45:59.180 65404 DEBUG oslo_service.service [-] resource_finder_cache.caching = True log_opt_values /usr/lib/python3/dist-packages/oslo_config/cfg.py:2609
2024-12-26 01:45:59.180 65404 DEBUG oslo_service.service [-] resource_finder_cache.expiration_time = 3600 log_opt_values /usr/lib/python3/dist-packages/oslo_config/cfg.py:2609
2024-12-26 01:45:59.180 65404 DEBUG oslo_service.service [-] yaql.limit_iterators = 200 log_opt_values /usr/lib/python3/dist-packages/oslo_config/cfg.py:2609
2024-12-26 01:45:59.180 65404 DEBUG oslo_service.service [-] yaql.memory_quota = 10000 log_opt_values /usr/lib/python3/dist-packages/oslo_config/cfg.py:2609
2024-12-26 01:45:59.180 65404 DEBUG oslo_service.service [-] ******************************************************************************** log_opt_values /usr/lib/python3/dist-packages/oslo_config/cfg.py:2613
2024-12-26 01:45:59.189 65630 DEBUG oslo_db.sqlalchemy.engines [req-033addc2-9b56-476d-8159-900d654e7155 - - - - -] MySQL server mode set to STRICT_TRANS_TABLES,STRICT_ALL_TABLES,NO_ZERO_IN_DATE,NO_ZERO_DATE,ERROR_FOR_DIVISION_BY_ZERO,TRADITIONAL,NO_ENGINE_SUBSTITUTION _check_effective_sql_mode /usr/lib/python3/dist-packages/oslo_db/sqlalchemy/engines.py:314
2024-12-26 01:45:59.199 65629 DEBUG oslo_db.sqlalchemy.engines [req-749756bc-3744-499d-9a9d-4aa3869758e4 - - - - -] MySQL server mode set to STRICT_TRANS_TABLES,STRICT_ALL_TABLES,NO_ZERO_IN_DATE,NO_ZERO_DATE,ERROR_FOR_DIVISION_BY_ZERO,TRADITIONAL,NO_ENGINE_SUBSTITUTION _check_effective_sql_mode /usr/lib/python3/dist-packages/oslo_db/sqlalchemy/engines.py:314
2024-12-26 01:45:59.213 65631 DEBUG oslo_db.sqlalchemy.engines [req-edf85195-316b-4759-a204-0de41d7527eb - - - - -] MySQL server mode set to STRICT_TRANS_TABLES,STRICT_ALL_TABLES,NO_ZERO_IN_DATE,NO_ZERO_DATE,ERROR_FOR_DIVISION_BY_ZERO,TRADITIONAL,NO_ENGINE_SUBSTITUTION _check_effective_sql_mode /usr/lib/python3/dist-packages/oslo_db/sqlalchemy/engines.py:314
2024-12-26 01:45:59.218 65632 DEBUG oslo_db.sqlalchemy.engines [req-1d7017cf-a7cb-4e57-bb36-a9ec9d1d11b4 - - - - -] MySQL server mode set to STRICT_TRANS_TABLES,STRICT_ALL_TABLES,NO_ZERO_IN_DATE,NO_ZERO_DATE,ERROR_FOR_DIVISION_BY_ZERO,TRADITIONAL,NO_ENGINE_SUBSTITUTION _check_effective_sql_mode /usr/lib/python3/dist-packages/oslo_db/sqlalchemy/engines.py:314
2024-12-26 01:45:59.245 65629 DEBUG heat.engine.service [req-749756bc-3744-499d-9a9d-4aa3869758e4 - - - - -] Service 10e8c838-9d2f-48d2-b50b-edd889ca74d9 was aborted service_manage_cleanup /usr/lib/python3/dist-packages/heat/engine/service.py:2391
2024-12-26 01:45:59.251 65630 DEBUG heat.engine.service [req-033addc2-9b56-476d-8159-900d654e7155 - - - - -] Service 10e8c838-9d2f-48d2-b50b-edd889ca74d9 was aborted service_manage_cleanup /usr/lib/python3/dist-packages/heat/engine/service.py:2391
2024-12-26 01:45:59.265 65632 DEBUG heat.engine.service [req-1d7017cf-a7cb-4e57-bb36-a9ec9d1d11b4 - - - - -] Service 10e8c838-9d2f-48d2-b50b-edd889ca74d9 was aborted service_manage_cleanup /usr/lib/python3/dist-packages/heat/engine/service.py:2391
2024-12-26 01:45:59.276 65631 DEBUG heat.engine.service [req-edf85195-316b-4759-a204-0de41d7527eb - - - - -] Service 10e8c838-9d2f-48d2-b50b-edd889ca74d9 was aborted service_manage_cleanup /usr/lib/python3/dist-packages/heat/engine/service.py:2391
2024-12-26 01:45:59.698 65629 DEBUG heat.engine.service [req-749756bc-3744-499d-9a9d-4aa3869758e4 - - - - -] Service 12be00c2-492a-41e4-8c66-87f77203b885 was aborted service_manage_cleanup /usr/lib/python3/dist-packages/heat/engine/service.py:2391
2024-12-26 01:45:59.699 65630 DEBUG heat.engine.service [req-033addc2-9b56-476d-8159-900d654e7155 - - - - -] Service 12be00c2-492a-41e4-8c66-87f77203b885 was aborted service_manage_cleanup /usr/lib/python3/dist-packages/heat/engine/service.py:2391
2024-12-26 01:45:59.701 65632 DEBUG heat.engine.service [req-1d7017cf-a7cb-4e57-bb36-a9ec9d1d11b4 - - - - -] Service 12be00c2-492a-41e4-8c66-87f77203b885 was aborted service_manage_cleanup /usr/lib/python3/dist-packages/heat/engine/service.py:2391
2024-12-26 01:45:59.702 65631 DEBUG heat.engine.service [req-edf85195-316b-4759-a204-0de41d7527eb - - - - -] Service 12be00c2-492a-41e4-8c66-87f77203b885 was aborted service_manage_cleanup /usr/lib/python3/dist-packages/heat/engine/service.py:2391
2024-12-26 01:45:59.800 65630 DEBUG heat.engine.service [req-033addc2-9b56-476d-8159-900d654e7155 - - - - -] Service 2ed021cf-45e2-4720-ba65-f512c118e081 was aborted service_manage_cleanup /usr/lib/python3/dist-packages/heat/engine/service.py:2391
2024-12-26 01:45:59.801 65629 DEBUG heat.engine.service [req-749756bc-3744-499d-9a9d-4aa3869758e4 - - - - -] Service 2ed021cf-45e2-4720-ba65-f512c118e081 was aborted service_manage_cleanup /usr/lib/python3/dist-packages/heat/engine/service.py:2391
2024-12-26 01:45:59.803 65632 DEBUG heat.engine.service [req-1d7017cf-a7cb-4e57-bb36-a9ec9d1d11b4 - - - - -] Service 2ed021cf-45e2-4720-ba65-f512c118e081 was aborted service_manage_cleanup /usr/lib/python3/dist-packages/heat/engine/service.py:2391
2024-12-26 01:45:59.804 65631 DEBUG heat.engine.service [req-edf85195-316b-4759-a204-0de41d7527eb - - - - -] Service 2ed021cf-45e2-4720-ba65-f512c118e081 was aborted service_manage_cleanup /usr/lib/python3/dist-packages/heat/engine/service.py:2391
2024-12-26 01:45:59.883 65630 DEBUG heat.engine.service [req-033addc2-9b56-476d-8159-900d654e7155 - - - - -] Service 30593fdc-028c-434e-b2c0-0b6f3dc30325 was aborted service_manage_cleanup /usr/lib/python3/dist-packages/heat/engine/service.py:2391
2024-12-26 01:45:59.884 65629 DEBUG heat.engine.service [req-749756bc-3744-499d-9a9d-4aa3869758e4 - - - - -] Service 30593fdc-028c-434e-b2c0-0b6f3dc30325 was aborted service_manage_cleanup /usr/lib/python3/dist-packages/heat/engine/service.py:2391
2024-12-26 01:45:59.885 65632 DEBUG heat.engine.service [req-1d7017cf-a7cb-4e57-bb36-a9ec9d1d11b4 - - - - -] Service 30593fdc-028c-434e-b2c0-0b6f3dc30325 was aborted service_manage_cleanup /usr/lib/python3/dist-packages/heat/engine/service.py:2391
2024-12-26 01:45:59.885 65631 DEBUG heat.engine.service [req-edf85195-316b-4759-a204-0de41d7527eb - - - - -] Service 30593fdc-028c-434e-b2c0-0b6f3dc30325 was aborted service_manage_cleanup /usr/lib/python3/dist-packages/heat/engine/service.py:2391
2024-12-26 01:45:59.903 65630 DEBUG heat.engine.service [req-033addc2-9b56-476d-8159-900d654e7155 - - - - -] Service 583350a6-019f-43b9-b176-2b6d55797c5a was aborted service_manage_cleanup /usr/lib/python3/dist-packages/heat/engine/service.py:2391
2024-12-26 01:45:59.903 65629 DEBUG heat.engine.service [req-749756bc-3744-499d-9a9d-4aa3869758e4 - - - - -] Service 583350a6-019f-43b9-b176-2b6d55797c5a was aborted service_manage_cleanup /usr/lib/python3/dist-packages/heat/engine/service.py:2391
2024-12-26 01:45:59.904 65632 DEBUG heat.engine.service [req-1d7017cf-a7cb-4e57-bb36-a9ec9d1d11b4 - - - - -] Service 583350a6-019f-43b9-b176-2b6d55797c5a was aborted service_manage_cleanup /usr/lib/python3/dist-packages/heat/engine/service.py:2391
2024-12-26 01:45:59.905 65631 DEBUG heat.engine.service [req-edf85195-316b-4759-a204-0de41d7527eb - - - - -] Service 583350a6-019f-43b9-b176-2b6d55797c5a was aborted service_manage_cleanup /usr/lib/python3/dist-packages/heat/engine/service.py:2391
2024-12-26 01:45:59.916 65629 DEBUG heat.engine.service [req-749756bc-3744-499d-9a9d-4aa3869758e4 - - - - -] Service 5a401570-b58f-4742-abf2-23bd27dbec0b was aborted service_manage_cleanup /usr/lib/python3/dist-packages/heat/engine/service.py:2391
2024-12-26 01:45:59.917 65632 DEBUG heat.engine.service [req-1d7017cf-a7cb-4e57-bb36-a9ec9d1d11b4 - - - - -] Service 5a401570-b58f-4742-abf2-23bd27dbec0b was aborted service_manage_cleanup /usr/lib/python3/dist-packages/heat/engine/service.py:2391
2024-12-26 01:45:59.919 65630 DEBUG heat.engine.service [req-033addc2-9b56-476d-8159-900d654e7155 - - - - -] Service 5a401570-b58f-4742-abf2-23bd27dbec0b was aborted service_manage_cleanup /usr/lib/python3/dist-packages/heat/engine/service.py:2391
2024-12-26 01:45:59.921 65631 DEBUG heat.engine.service [req-edf85195-316b-4759-a204-0de41d7527eb - - - - -] Service 5a401570-b58f-4742-abf2-23bd27dbec0b was aborted service_manage_cleanup /usr/lib/python3/dist-packages/heat/engine/service.py:2391
2024-12-26 01:45:59.930 65629 DEBUG heat.engine.service [req-749756bc-3744-499d-9a9d-4aa3869758e4 - - - - -] Service 6be1ff14-4698-47a5-a933-94df585847bc was aborted service_manage_cleanup /usr/lib/python3/dist-packages/heat/engine/service.py:2391
2024-12-26 01:45:59.931 65632 DEBUG heat.engine.service [req-1d7017cf-a7cb-4e57-bb36-a9ec9d1d11b4 - - - - -] Service 6be1ff14-4698-47a5-a933-94df585847bc was aborted service_manage_cleanup /usr/lib/python3/dist-packages/heat/engine/service.py:2391
2024-12-26 01:45:59.934 65630 DEBUG heat.engine.service [req-033addc2-9b56-476d-8159-900d654e7155 - - - - -] Service 6be1ff14-4698-47a5-a933-94df585847bc was aborted service_manage_cleanup /usr/lib/python3/dist-packages/heat/engine/service.py:2391
2024-12-26 01:45:59.936 65631 DEBUG heat.engine.service [req-edf85195-316b-4759-a204-0de41d7527eb - - - - -] Service 6be1ff14-4698-47a5-a933-94df585847bc was aborted service_manage_cleanup /usr/lib/python3/dist-packages/heat/engine/service.py:2391
2024-12-26 01:45:59.945 65629 DEBUG heat.engine.service [req-749756bc-3744-499d-9a9d-4aa3869758e4 - - - - -] Service 7bbd7f61-dbf8-4ef6-b6ae-2bc183a5ad15 was aborted service_manage_cleanup /usr/lib/python3/dist-packages/heat/engine/service.py:2391
2024-12-26 01:45:59.949 65632 DEBUG heat.engine.service [req-1d7017cf-a7cb-4e57-bb36-a9ec9d1d11b4 - - - - -] Service 7bbd7f61-dbf8-4ef6-b6ae-2bc183a5ad15 was aborted service_manage_cleanup /usr/lib/python3/dist-packages/heat/engine/service.py:2391
2024-12-26 01:45:59.950 65630 DEBUG heat.engine.service [req-033addc2-9b56-476d-8159-900d654e7155 - - - - -] Service 7bbd7f61-dbf8-4ef6-b6ae-2bc183a5ad15 was aborted service_manage_cleanup /usr/lib/python3/dist-packages/heat/engine/service.py:2391
2024-12-26 01:45:59.951 65631 DEBUG heat.engine.service [req-edf85195-316b-4759-a204-0de41d7527eb - - - - -] Service 7bbd7f61-dbf8-4ef6-b6ae-2bc183a5ad15 was aborted service_manage_cleanup /usr/lib/python3/dist-packages/heat/engine/service.py:2391
2024-12-26 01:45:59.959 65629 DEBUG heat.engine.service [req-749756bc-3744-499d-9a9d-4aa3869758e4 - - - - -] Service 81fc5356-c9be-4efb-92ea-c6551e4f8819 was aborted service_manage_cleanup /usr/lib/python3/dist-packages/heat/engine/service.py:2391
2024-12-26 01:45:59.959 65632 DEBUG heat.engine.service [req-1d7017cf-a7cb-4e57-bb36-a9ec9d1d11b4 - - - - -] Service 81fc5356-c9be-4efb-92ea-c6551e4f8819 was aborted service_manage_cleanup /usr/lib/python3/dist-packages/heat/engine/service.py:2391
2024-12-26 01:45:59.960 65630 DEBUG heat.engine.service [req-033addc2-9b56-476d-8159-900d654e7155 - - - - -] Service 81fc5356-c9be-4efb-92ea-c6551e4f8819 was aborted service_manage_cleanup /usr/lib/python3/dist-packages/heat/engine/service.py:2391
2024-12-26 01:45:59.961 65631 DEBUG heat.engine.service [req-edf85195-316b-4759-a204-0de41d7527eb - - - - -] Service 81fc5356-c9be-4efb-92ea-c6551e4f8819 was aborted service_manage_cleanup /usr/lib/python3/dist-packages/heat/engine/service.py:2391
2024-12-26 01:45:59.970 65629 DEBUG heat.engine.service [req-749756bc-3744-499d-9a9d-4aa3869758e4 - - - - -] Service 8d3175b6-7a8a-4399-90d2-5423755c9714 was aborted service_manage_cleanup /usr/lib/python3/dist-packages/heat/engine/service.py:2391
2024-12-26 01:45:59.971 65632 DEBUG heat.engine.service [req-1d7017cf-a7cb-4e57-bb36-a9ec9d1d11b4 - - - - -] Service 8d3175b6-7a8a-4399-90d2-5423755c9714 was aborted service_manage_cleanup /usr/lib/python3/dist-packages/heat/engine/service.py:2391
2024-12-26 01:45:59.972 65630 DEBUG heat.engine.service [req-033addc2-9b56-476d-8159-900d654e7155 - - - - -] Service 8d3175b6-7a8a-4399-90d2-5423755c9714 was aborted service_manage_cleanup /usr/lib/python3/dist-packages/heat/engine/service.py:2391
2024-12-26 01:45:59.972 65631 DEBUG heat.engine.service [req-edf85195-316b-4759-a204-0de41d7527eb - - - - -] Service 8d3175b6-7a8a-4399-90d2-5423755c9714 was aborted service_manage_cleanup /usr/lib/python3/dist-packages/heat/engine/service.py:2391
2024-12-26 01:45:59.982 65629 DEBUG heat.engine.service [req-749756bc-3744-499d-9a9d-4aa3869758e4 - - - - -] Service bb6a9d3b-763a-4c22-bd32-17424b450349 was aborted service_manage_cleanup /usr/lib/python3/dist-packages/heat/engine/service.py:2391
2024-12-26 01:45:59.982 65632 DEBUG heat.engine.service [req-1d7017cf-a7cb-4e57-bb36-a9ec9d1d11b4 - - - - -] Service bb6a9d3b-763a-4c22-bd32-17424b450349 was aborted service_manage_cleanup /usr/lib/python3/dist-packages/heat/engine/service.py:2391
2024-12-26 01:45:59.983 65631 DEBUG heat.engine.service [req-edf85195-316b-4759-a204-0de41d7527eb - - - - -] Service bb6a9d3b-763a-4c22-bd32-17424b450349 was aborted service_manage_cleanup /usr/lib/python3/dist-packages/heat/engine/service.py:2391
2024-12-26 01:45:59.984 65630 DEBUG heat.engine.service [req-033addc2-9b56-476d-8159-900d654e7155 - - - - -] Service bb6a9d3b-763a-4c22-bd32-17424b450349 was aborted service_manage_cleanup /usr/lib/python3/dist-packages/heat/engine/service.py:2391
2024-12-26 01:45:59.993 65629 DEBUG heat.engine.service [req-749756bc-3744-499d-9a9d-4aa3869758e4 - - - - -] Service ec35f4de-d6ee-46e4-ad15-edf23946ab9d was aborted service_manage_cleanup /usr/lib/python3/dist-packages/heat/engine/service.py:2391
2024-12-26 01:45:59.994 65632 DEBUG heat.engine.service [req-1d7017cf-a7cb-4e57-bb36-a9ec9d1d11b4 - - - - -] Service ec35f4de-d6ee-46e4-ad15-edf23946ab9d was aborted service_manage_cleanup /usr/lib/python3/dist-packages/heat/engine/service.py:2391
2024-12-26 01:45:59.996 65630 DEBUG heat.engine.service [req-033addc2-9b56-476d-8159-900d654e7155 - - - - -] Service ec35f4de-d6ee-46e4-ad15-edf23946ab9d was aborted service_manage_cleanup /usr/lib/python3/dist-packages/heat/engine/service.py:2391
2024-12-26 01:46:00.003 65631 DEBUG heat.engine.service [req-edf85195-316b-4759-a204-0de41d7527eb - - - - -] Service ec35f4de-d6ee-46e4-ad15-edf23946ab9d was aborted service_manage_cleanup /usr/lib/python3/dist-packages/heat/engine/service.py:2391
2024-12-26 01:46:00.032 65632 DEBUG heat.engine.service [req-5bde403f-439d-47d3-ad43-34086137a39f - - - - -] Service 5ff8f754-674d-4cd8-9635-9a9a50c87d6f is started service_manage_report /usr/lib/python3/dist-packages/heat/engine/service.py:2363
2024-12-26 01:46:00.035 65630 DEBUG heat.engine.service [req-241a882f-2db6-407c-ad83-42e326023405 - - - - -] Service 32ca6449-5c96-4824-8ea7-c17727cddff8 is started service_manage_report /usr/lib/python3/dist-packages/heat/engine/service.py:2363
2024-12-26 01:46:00.036 65629 DEBUG heat.engine.service [req-e058b41a-66ec-43c1-bfe8-2c6896b4171b - - - - -] Service 43539a6d-4dd5-4861-b440-5c671ae05474 is started service_manage_report /usr/lib/python3/dist-packages/heat/engine/service.py:2363
2024-12-26 01:46:00.039 65631 DEBUG heat.engine.service [req-881e80c8-d17f-4f8c-ae68-e27a06210e34 - - - - -] Service 0cb87270-dce4-42e4-b1a7-6999b7ee7598 is started service_manage_report /usr/lib/python3/dist-packages/heat/engine/service.py:2363
2024-12-26 01:46:00.047 65632 DEBUG heat.engine.service [req-5bde403f-439d-47d3-ad43-34086137a39f - - - - -] Service 5ff8f754-674d-4cd8-9635-9a9a50c87d6f is updated service_manage_report /usr/lib/python3/dist-packages/heat/engine/service.py:2370
2024-12-26 01:46:00.049 65630 DEBUG heat.engine.service [req-241a882f-2db6-407c-ad83-42e326023405 - - - - -] Service 32ca6449-5c96-4824-8ea7-c17727cddff8 is updated service_manage_report /usr/lib/python3/dist-packages/heat/engine/service.py:2370
2024-12-26 01:46:00.059 65631 DEBUG heat.engine.service [req-881e80c8-d17f-4f8c-ae68-e27a06210e34 - - - - -] Service 0cb87270-dce4-42e4-b1a7-6999b7ee7598 is updated service_manage_report /usr/lib/python3/dist-packages/heat/engine/service.py:2370
2024-12-26 01:46:00.061 65629 DEBUG heat.engine.service [req-e058b41a-66ec-43c1-bfe8-2c6896b4171b - - - - -] Service 43539a6d-4dd5-4861-b440-5c671ae05474 is updated service_manage_report /usr/lib/python3/dist-packages/heat/engine/service.py:2370
2024-12-26 01:47:00.020 65629 DEBUG heat.engine.service [req-b195aa31-46be-448b-b4b4-7369fe94b75d - - - - -] Service 43539a6d-4dd5-4861-b440-5c671ae05474 is updated service_manage_report /usr/lib/python3/dist-packages/heat/engine/service.py:2370
2024-12-26 01:47:00.022 65632 DEBUG heat.engine.service [req-6cd453de-c012-4a97-a26f-b280cc1e840d - - - - -] Service 5ff8f754-674d-4cd8-9635-9a9a50c87d6f is updated service_manage_report /usr/lib/python3/dist-packages/heat/engine/service.py:2370
2024-12-26 01:47:00.030 65630 DEBUG heat.engine.service [req-30213448-9373-4bae-afc4-17d54154d5c7 - - - - -] Service 32ca6449-5c96-4824-8ea7-c17727cddff8 is updated service_manage_report /usr/lib/python3/dist-packages/heat/engine/service.py:2370
2024-12-26 01:47:00.030 65631 DEBUG heat.engine.service [req-a9d44ebf-b058-46a8-98e7-3d62d087b523 - - - - -] Service 0cb87270-dce4-42e4-b1a7-6999b7ee7598 is updated service_manage_report /usr/lib/python3/dist-packages/heat/engine/service.py:2370
2024-12-26 01:47:18.810 65630 DEBUG heat.engine.service [-] Attempting to stop engine service... _stop_rpc_server /usr/lib/python3/dist-packages/heat/engine/service.py:437
2024-12-26 01:47:18.810 65631 DEBUG heat.engine.service [-] Attempting to stop engine service... _stop_rpc_server /usr/lib/python3/dist-packages/heat/engine/service.py:437
2024-12-26 01:47:18.810 65632 DEBUG heat.engine.service [-] Attempting to stop engine service... _stop_rpc_server /usr/lib/python3/dist-packages/heat/engine/service.py:437
2024-12-26 01:47:18.811 65629 DEBUG heat.engine.service [-] Attempting to stop engine service... _stop_rpc_server /usr/lib/python3/dist-packages/heat/engine/service.py:437
2024-12-26 01:47:18.819 65404 INFO oslo_service.service [-] Caught SIGTERM, stopping children
2024-12-26 01:47:18.819 65404 DEBUG oslo_concurrency.lockutils [-] Acquired lock "singleton_lock" lock /usr/lib/python3/dist-packages/oslo_concurrency/lockutils.py:294
2024-12-26 01:47:18.819 65404 DEBUG oslo_concurrency.lockutils [-] Releasing lock "singleton_lock" lock /usr/lib/python3/dist-packages/oslo_concurrency/lockutils.py:312
2024-12-26 01:47:18.820 65404 DEBUG oslo_service.service [-] Stop services. stop /usr/lib/python3/dist-packages/oslo_service/service.py:695
2024-12-26 01:47:18.820 65404 INFO heat.engine.service [-] All threads were gone, terminating engine
2024-12-26 01:47:18.820 65404 DEBUG oslo_service.service [-] Killing children. stop /usr/lib/python3/dist-packages/oslo_service/service.py:700
2024-12-26 01:47:18.830 65404 INFO oslo_service.service [-] Waiting on 4 children to exit
2024-12-26 01:47:18.831 65404 INFO oslo_service.service [-] Child 65629 killed by signal 15
2024-12-26 01:47:18.831 65404 INFO oslo_service.service [-] Child 65630 killed by signal 15
2024-12-26 01:47:18.842 65404 INFO oslo_service.service [-] Child 65631 killed by signal 15
2024-12-26 01:47:18.842 65404 INFO oslo_service.service [-] Child 65632 killed by signal 15
2024-12-26 01:47:20.654 66993 DEBUG oslo_concurrency.lockutils [-] Lock "context-manager" acquired by "neutron_lib.db.api._create_context_manager" :: waited 0.000s inner /usr/lib/python3/dist-packages/oslo_concurrency/lockutils.py:386
2024-12-26 01:47:20.655 66993 DEBUG oslo_concurrency.lockutils [-] Lock "context-manager" "released" by "neutron_lib.db.api._create_context_manager" :: held 0.000s inner /usr/lib/python3/dist-packages/oslo_concurrency/lockutils.py:400
2024-12-26 01:47:23.025 66993 WARNING heat.engine.environment [-] OS::Aodh::Alarm is DEPRECATED. Theshold alarm relies on ceilometer-api and has been deprecated in aodh since Ocata. Use OS::Aodh::GnocchiAggregationByResourcesAlarm instead.
2024-12-26 01:47:23.026 66993 WARNING heat.engine.environment [-] OS::Aodh::CombinationAlarm is HIDDEN. OS::Aodh::CombinationAlarm is deprecated and has been removed from Aodh, use OS::Aodh::CompositeAlarm instead.
2024-12-26 01:47:23.026 66993 WARNING heat.engine.environment [-] OS::Designate::Domain is HIDDEN. This resource has been removed, use OS::Designate::Zone instead.
2024-12-26 01:47:23.026 66993 WARNING heat.engine.environment [-] OS::Designate::Record is HIDDEN. This resource has been removed, use OS::Designate::RecordSet instead.
2024-12-26 01:47:23.026 66993 WARNING heat.engine.environment [-] OS::Glance::Image is DEPRECATED. Creating a Glance Image based on an existing URL location requires the Glance v1 API, which is deprecated.
2024-12-26 01:47:23.027 66993 WARNING heat.engine.environment [-] OS::Heat::HARestarter is HIDDEN. The HARestarter resource type has been removed. Existing stacks containing HARestarter resources can still be used, but the HARestarter resource will be a placeholder that does nothing.
2024-12-26 01:47:23.027 66993 WARNING heat.engine.environment [-] OS::Heat::SoftwareDeployments is HIDDEN. Please use OS::Heat::SoftwareDeploymentGroup instead.
2024-12-26 01:47:23.027 66993 WARNING heat.engine.environment [-] OS::Heat::StructuredDeployments is HIDDEN. Please use OS::Heat::StructuredDeploymentGroup instead.
2024-12-26 01:47:23.027 66993 WARNING heat.engine.environment [-] OS::Magnum::Bay is HIDDEN. Please use OS::Magnum::Cluster instead.
2024-12-26 01:47:23.027 66993 WARNING heat.engine.environment [-] OS::Magnum::BayModel is HIDDEN. Please use OS::Magnum::ClusterTemplate instead.
2024-12-26 01:47:23.027 66993 WARNING heat.engine.environment [-] OS::Neutron::ExtraRoute is UNSUPPORTED. Use this resource at your own risk.
2024-12-26 01:47:23.028 66993 WARNING heat.engine.environment [-] OS::Neutron::HealthMonitor is HIDDEN. Use LBaaS V2 instead.
2024-12-26 01:47:23.028 66993 WARNING heat.engine.environment [-] OS::Neutron::Pool is HIDDEN. Use LBaaS V2 instead.
2024-12-26 01:47:23.028 66993 WARNING heat.engine.environment [-] OS::Neutron::PoolMember is HIDDEN. Use LBaaS V2 instead.
2024-12-26 01:47:23.028 66993 WARNING heat.engine.environment [-] OS::Neutron::LoadBalancer is HIDDEN. Use LBaaS V2 instead.
2024-12-26 01:47:23.028 66993 WARNING heat.engine.environment [-] OS::Neutron::RouterGateway is HIDDEN. Use the `external_gateway_info` property in the router resource to set up the gateway.
2024-12-26 01:47:23.028 66993 WARNING heat.engine.environment [-] OS::Nova::FloatingIP is HIDDEN. Please use OS::Neutron::FloatingIP instead.
2024-12-26 01:47:23.029 66993 WARNING heat.engine.environment [-] OS::Nova::FloatingIPAssociation is HIDDEN. Please use OS::Neutron::FloatingIPAssociation instead.
2024-12-26 01:47:23.031 66993 INFO heat.engine.environment [-] Loading /etc/heat/environment.d/default.yaml
2024-12-26 01:47:23.032 66993 INFO heat.engine.environment [-] Registered: [Plugin](User:False) AWS::AutoScaling::AutoScalingGroup ->
2024-12-26 01:47:23.032 66993 INFO heat.engine.environment [-] Registered: [Plugin](User:False) AWS::AutoScaling::LaunchConfiguration ->
2024-12-26 01:47:23.032 66993 INFO heat.engine.environment [-] Registered: [Plugin](User:False) AWS::AutoScaling::ScalingPolicy ->
2024-12-26 01:47:23.032 66993 INFO heat.engine.environment [-] Registered: [Plugin](User:False) AWS::CloudFormation::Stack ->
2024-12-26 01:47:23.033 66993 INFO heat.engine.environment [-] Registered: [Plugin](User:False) AWS::CloudFormation::WaitCondition ->
2024-12-26 01:47:23.033 66993 INFO heat.engine.environment [-] Registered: [Plugin](User:False) AWS::CloudFormation::WaitConditionHandle ->
2024-12-26 01:47:23.033 66993 INFO heat.engine.environment [-] Registered: [Plugin](User:False) AWS::EC2::EIP ->
2024-12-26 01:47:23.033 66993 INFO heat.engine.environment [-] Registered: [Plugin](User:False) AWS::EC2::EIPAssociation ->
2024-12-26 01:47:23.033 66993 INFO heat.engine.environment [-] Registered: [Plugin](User:False) AWS::EC2::Instance ->
2024-12-26 01:47:23.033 66993 INFO heat.engine.environment [-] Registered: [Plugin](User:False) AWS::EC2::InternetGateway ->
2024-12-26 01:47:23.033 66993 INFO heat.engine.environment [-] Registered: [Plugin](User:False) AWS::EC2::VPCGatewayAttachment ->
2024-12-26 01:47:23.033 66993 INFO heat.engine.environment [-] Registered: [Plugin](User:False) AWS::EC2::NetworkInterface ->
2024-12-26 01:47:23.033 66993 INFO heat.engine.environment [-] Registered: [Plugin](User:False) AWS::EC2::RouteTable ->
2024-12-26 01:47:23.033 66993 INFO heat.engine.environment [-] Registered: [Plugin](User:False) AWS::EC2::SubnetRouteTableAssociation ->
2024-12-26 01:47:23.033 66993 INFO heat.engine.environment [-] Registered: [Plugin](User:False) AWS::EC2::SecurityGroup ->
2024-12-26 01:47:23.034 66993 INFO heat.engine.environment [-] Registered: [Plugin](User:False) AWS::EC2::Subnet ->
2024-12-26 01:47:23.034 66993 INFO heat.engine.environment [-] Registered: [Plugin](User:False) AWS::EC2::Volume ->
2024-12-26 01:47:23.034 66993 INFO heat.engine.environment [-] Registered: [Plugin](User:False) AWS::EC2::VolumeAttachment ->
2024-12-26 01:47:23.034 66993 INFO heat.engine.environment [-] Registered: [Plugin](User:False) AWS::EC2::VPC ->
2024-12-26 01:47:23.034 66993 INFO heat.engine.environment [-] Registered: [Plugin](User:False) AWS::IAM::User ->
2024-12-26 01:47:23.034 66993 INFO heat.engine.environment [-] Registered: [Plugin](User:False) AWS::IAM::AccessKey ->
2024-12-26 01:47:23.034 66993 INFO heat.engine.environment [-] Registered: [Plugin](User:False) AWS::ElasticLoadBalancing::LoadBalancer ->
2024-12-26 01:47:23.034 66993 INFO heat.engine.environment [-] Registered: [Plugin](User:False) AWS::S3::Bucket ->
2024-12-26 01:47:23.034 66993 INFO heat.engine.environment [-] Registered: [Plugin](User:False) OS::Aodh::Alarm ->
2024-12-26 01:47:23.034 66993 INFO heat.engine.environment [-] Registered: [Plugin](User:False) OS::Aodh::CombinationAlarm ->
2024-12-26 01:47:23.034 66993 INFO heat.engine.environment [-] Registered: [Plugin](User:False) OS::Aodh::EventAlarm ->
2024-12-26 01:47:23.035 66993 INFO heat.engine.environment [-] Registered: [Plugin](User:False) OS::Aodh::LBMemberHealthAlarm ->
2024-12-26 01:47:23.035 66993 INFO heat.engine.environment [-] Registered: [Plugin](User:False) OS::Aodh::CompositeAlarm ->
2024-12-26 01:47:23.035 66993 INFO heat.engine.environment [-] Registered: [Plugin](User:False) OS::Aodh::GnocchiResourcesAlarm ->
2024-12-26 01:47:23.035 66993 INFO heat.engine.environment [-] Registered: [Plugin](User:False) OS::Aodh::GnocchiAggregationByMetricsAlarm ->
2024-12-26 01:47:23.035 66993 INFO heat.engine.environment [-] Registered: [Plugin](User:False) OS::Aodh::GnocchiAggregationByResourcesAlarm ->
2024-12-26 01:47:23.035 66993 INFO heat.engine.environment [-] Registered: [Plugin](User:False) OS::Barbican::GenericContainer ->
2024-12-26 01:47:23.035 66993 INFO heat.engine.environment [-] Registered: [Plugin](User:False) OS::Barbican::CertificateContainer ->
2024-12-26 01:47:23.035 66993 INFO heat.engine.environment [-] Registered: [Plugin](User:False) OS::Barbican::RSAContainer ->
2024-12-26 01:47:23.035 66993 INFO heat.engine.environment [-] Registered: [Plugin](User:False) OS::Barbican::Order ->
2024-12-26 01:47:23.035 66993 INFO heat.engine.environment [-] Registered: [Plugin](User:False) OS::Barbican::Secret ->
2024-12-26 01:47:23.035 66993 INFO heat.engine.environment [-] Registered: [Plugin](User:False) OS::Blazar::Host ->
2024-12-26 01:47:23.035 66993 INFO heat.engine.environment [-] Registered: [Plugin](User:False) OS::Blazar::Lease ->
2024-12-26 01:47:23.036 66993 INFO heat.engine.environment [-] Registered: [Plugin](User:False) OS::Cinder::EncryptedVolumeType ->
2024-12-26 01:47:23.036 66993 INFO heat.engine.environment [-] Registered: [Plugin](User:False) OS::Cinder::QoSSpecs ->
2024-12-26 01:47:23.036 66993 INFO heat.engine.environment [-] Registered: [Plugin](User:False) OS::Cinder::QoSAssociation ->
2024-12-26 01:47:23.036 66993 INFO heat.engine.environment [-] Registered: [Plugin](User:False) OS::Cinder::Quota ->
2024-12-26 01:47:23.036 66993 INFO heat.engine.environment [-] Registered: [Plugin](User:False) OS::Cinder::Volume ->
2024-12-26 01:47:23.036 66993 INFO heat.engine.environment [-] Registered: [Plugin](User:False) OS::Cinder::VolumeAttachment ->
2024-12-26 01:47:23.036 66993 INFO heat.engine.environment [-] Registered: [Plugin](User:False) OS::Cinder::VolumeType ->
2024-12-26 01:47:23.036 66993 INFO heat.engine.environment [-] Registered: [Plugin](User:False) OS::Designate::Domain ->
2024-12-26 01:47:23.036 66993 INFO heat.engine.environment [-] Registered: [Plugin](User:False) OS::Designate::Record ->
2024-12-26 01:47:23.036 66993 INFO heat.engine.environment [-] Registered: [Plugin](User:False) OS::Designate::RecordSet ->
2024-12-26 01:47:23.036 66993 INFO heat.engine.environment [-] Registered: [Plugin](User:False) OS::Designate::Zone ->
2024-12-26 01:47:23.036 66993 INFO heat.engine.environment [-] Registered: [Plugin](User:False) OS::Glance::Image ->
2024-12-26 01:47:23.037 66993 INFO heat.engine.environment [-] Registered: [Plugin](User:False) OS::Glance::WebImage ->
2024-12-26 01:47:23.037 66993 INFO heat.engine.environment [-] Registered: [Plugin](User:False) OS::Heat::AccessPolicy ->
2024-12-26 01:47:23.037 66993 INFO heat.engine.environment [-] Registered: [Plugin](User:False) OS::Heat::AutoScalingGroup ->
2024-12-26 01:47:23.037 66993 INFO heat.engine.environment [-] Registered: [Plugin](User:False) OS::Heat::CloudConfig ->
2024-12-26 01:47:23.037 66993 INFO heat.engine.environment [-] Registered: [Plugin](User:False) OS::Heat::Delay ->
2024-12-26 01:47:23.037 66993 INFO heat.engine.environment [-] Registered: [Plugin](User:False) OS::Heat::DeployedServer ->
2024-12-26 01:47:23.037 66993 INFO heat.engine.environment [-] Registered: [Plugin](User:False) OS::Heat::HARestarter ->
2024-12-26 01:47:23.037 66993 INFO heat.engine.environment [-] Registered: [Plugin](User:False) OS::Heat::InstanceGroup ->
2024-12-26 01:47:23.037 66993 INFO heat.engine.environment [-] Registered: [Plugin](User:False) OS::Heat::MultipartMime ->
2024-12-26 01:47:23.037 66993 INFO heat.engine.environment [-] Registered: [Plugin](User:False) OS::Heat::None ->
2024-12-26 01:47:23.037 66993 INFO heat.engine.environment [-] Registered: [Plugin](User:False) OS::Heat::RandomString ->
2024-12-26 01:47:23.037 66993 INFO heat.engine.environment [-] Registered: [Plugin](User:False) OS::Heat::Stack ->
2024-12-26 01:47:23.038 66993 INFO heat.engine.environment [-] Registered: [Plugin](User:False) OS::Heat::ResourceChain ->
2024-12-26 01:47:23.038 66993 INFO heat.engine.environment [-] Registered: [Plugin](User:False) OS::Heat::ResourceGroup ->
2024-12-26 01:47:23.038 66993 INFO heat.engine.environment [-] Registered: [Plugin](User:False) OS::Heat::ScalingPolicy ->
2024-12-26 01:47:23.038 66993 INFO heat.engine.environment [-] Registered: [Plugin](User:False) OS::Heat::SoftwareComponent ->
2024-12-26 01:47:23.038 66993 INFO heat.engine.environment [-] Registered: [Plugin](User:False) OS::Heat::SoftwareConfig ->
2024-12-26 01:47:23.038 66993 INFO heat.engine.environment [-] Registered: [Plugin](User:False) OS::Heat::SoftwareDeployment ->
2024-12-26 01:47:23.038 66993 INFO heat.engine.environment [-] Registered: [Plugin](User:False) OS::Heat::SoftwareDeploymentGroup ->
2024-12-26 01:47:23.038 66993 INFO heat.engine.environment [-] Registered: [Plugin](User:False) OS::Heat::SoftwareDeployments ->
2024-12-26 01:47:23.039 66993 INFO heat.engine.environment [-] Registered: [Plugin](User:False) OS::Heat::StructuredConfig ->
2024-12-26 01:47:23.039 66993 INFO heat.engine.environment [-] Registered: [Plugin](User:False) OS::Heat::StructuredDeployment ->
2024-12-26 01:47:23.039 66993 INFO heat.engine.environment [-] Registered: [Plugin](User:False) OS::Heat::StructuredDeploymentGroup ->
2024-12-26 01:47:23.039 66993 INFO heat.engine.environment [-] Registered: [Plugin](User:False) OS::Heat::StructuredDeployments ->
2024-12-26 01:47:23.039 66993 INFO heat.engine.environment [-] Registered: [Plugin](User:False) OS::Heat::SwiftSignal ->
2024-12-26 01:47:23.039 66993 INFO heat.engine.environment [-] Registered: [Plugin](User:False) OS::Heat::SwiftSignalHandle ->
2024-12-26 01:47:23.039 66993 INFO heat.engine.environment [-] Registered: [Plugin](User:False) OS::Heat::TestResource ->
2024-12-26 01:47:23.039 66993 INFO heat.engine.environment [-] Registered: [Plugin](User:False) OS::Heat::Value ->
2024-12-26 01:47:23.039 66993 INFO heat.engine.environment [-] Registered: [Plugin](User:False) OS::Heat::WaitCondition ->
2024-12-26 01:47:23.040 66993 INFO heat.engine.environment [-] Registered: [Plugin](User:False) OS::Heat::WaitConditionHandle ->
2024-12-26 01:47:23.040 66993 INFO heat.engine.environment [-] Registered: [Plugin](User:False) OS::Heat::UpdateWaitConditionHandle ->
2024-12-26 01:47:23.040 66993 INFO heat.engine.environment [-] Registered: [Plugin](User:False) OS::Ironic::Port ->
2024-12-26 01:47:23.040 66993 INFO heat.engine.environment [-] Registered: [Plugin](User:False) OS::Keystone::Domain ->
2024-12-26 01:47:23.040 66993 INFO heat.engine.environment [-] Registered: [Plugin](User:False) OS::Keystone::Endpoint ->
2024-12-26 01:47:23.040 66993 INFO heat.engine.environment [-] Registered: [Plugin](User:False) OS::Keystone::Group ->
2024-12-26 01:47:23.040 66993 INFO heat.engine.environment [-] Registered: [Plugin](User:False) OS::Keystone::Project ->
2024-12-26 01:47:23.040 66993 INFO heat.engine.environment [-] Registered: [Plugin](User:False) OS::Keystone::Region ->
2024-12-26 01:47:23.040 66993 INFO heat.engine.environment [-] Registered: [Plugin](User:False) OS::Keystone::Role ->
2024-12-26 01:47:23.040 66993 INFO heat.engine.environment [-] Registered: [Plugin](User:False) OS::Keystone::UserRoleAssignment ->
2024-12-26 01:47:23.040 66993 INFO heat.engine.environment [-] Registered: [Plugin](User:False) OS::Keystone::GroupRoleAssignment ->
2024-12-26 01:47:23.040 66993 INFO heat.engine.environment [-] Registered: [Plugin](User:False) OS::Keystone::Service ->
2024-12-26 01:47:23.041 66993 INFO heat.engine.environment [-] Registered: [Plugin](User:False) OS::Keystone::User ->
2024-12-26 01:47:23.041 66993 INFO heat.engine.environment [-] Registered: [Plugin](User:False) OS::Magnum::Bay ->
2024-12-26 01:47:23.041 66993 INFO heat.engine.environment [-] Registered: [Plugin](User:False) OS::Magnum::BayModel ->
2024-12-26 01:47:23.041 66993 INFO heat.engine.environment [-] Registered: [Plugin](User:False) OS::Magnum::Cluster ->
2024-12-26 01:47:23.041 66993 INFO heat.engine.environment [-] Registered: [Plugin](User:False) OS::Magnum::ClusterTemplate ->
2024-12-26 01:47:23.041 66993 INFO heat.engine.environment [-] Registered: [Plugin](User:False) OS::Manila::SecurityService ->
2024-12-26 01:47:23.041 66993 INFO heat.engine.environment [-] Registered: [Plugin](User:False) OS::Manila::Share ->
2024-12-26 01:47:23.041 66993 INFO heat.engine.environment [-] Registered: [Plugin](User:False) OS::Manila::ShareNetwork ->
2024-12-26 01:47:23.041 66993 INFO heat.engine.environment [-] Registered: [Plugin](User:False) OS::Manila::ShareType ->
2024-12-26 01:47:23.041 66993 INFO heat.engine.environment [-] Registered: [Plugin](User:False) OS::Mistral::CronTrigger ->
2024-12-26 01:47:23.041 66993 INFO heat.engine.environment [-] Registered: [Plugin](User:False) OS::Mistral::ExternalResource ->
2024-12-26 01:47:23.041 66993 INFO heat.engine.environment [-] Registered: [Plugin](User:False) OS::Mistral::Workflow ->
2024-12-26 01:47:23.042 66993 INFO heat.engine.environment [-] Registered: [Plugin](User:False) OS::Monasca::AlarmDefinition ->
2024-12-26 01:47:23.042 66993 INFO heat.engine.environment [-] Registered: [Plugin](User:False) OS::Monasca::Notification ->
2024-12-26 01:47:23.042 66993 INFO heat.engine.environment [-] Registered: [Plugin](User:False) OS::Neutron::AddressScope ->
2024-12-26 01:47:23.042 66993 INFO heat.engine.environment [-] Registered: [Plugin](User:False) OS::Neutron::ExtraRoute ->
2024-12-26 01:47:23.042 66993 INFO heat.engine.environment [-] Registered: [Plugin](User:False) OS::Neutron::ExtraRouteSet ->
2024-12-26 01:47:23.042 66993 INFO heat.engine.environment [-] Registered: [Plugin](User:False) OS::Neutron::Firewall ->
2024-12-26 01:47:23.042 66993 INFO heat.engine.environment [-] Registered: [Plugin](User:False) OS::Neutron::FirewallPolicy ->
2024-12-26 01:47:23.042 66993 INFO heat.engine.environment [-] Registered: [Plugin](User:False) OS::Neutron::FirewallRule ->
2024-12-26 01:47:23.042 66993 INFO heat.engine.environment [-] Registered: [Plugin](User:False) OS::Neutron::FloatingIP ->
2024-12-26 01:47:23.042 66993 INFO heat.engine.environment [-] Registered: [Plugin](User:False) OS::Neutron::FloatingIPAssociation ->
2024-12-26 01:47:23.042 66993 INFO heat.engine.environment [-] Registered: [Plugin](User:False) OS::Neutron::L2Gateway ->
2024-12-26 01:47:23.043 66993 INFO heat.engine.environment [-] Registered: [Plugin](User:False) OS::Neutron::L2GatewayConnection ->
2024-12-26 01:47:23.043 66993 INFO heat.engine.environment [-] Registered: [Plugin](User:False) OS::Neutron::LBaaS::HealthMonitor ->
2024-12-26 01:47:23.043 66993 INFO heat.engine.environment [-] Registered: [Plugin](User:False) OS::Neutron::LBaaS::L7Policy ->
2024-12-26 01:47:23.043 66993 INFO heat.engine.environment [-] Registered: [Plugin](User:False) OS::Neutron::LBaaS::L7Rule ->
2024-12-26 01:47:23.043 66993 INFO heat.engine.environment [-] Registered: [Plugin](User:False) OS::Neutron::LBaaS::Listener ->
2024-12-26 01:47:23.043 66993 INFO heat.engine.environment [-] Registered: [Plugin](User:False) OS::Neutron::LBaaS::LoadBalancer ->
2024-12-26 01:47:23.043 66993 INFO heat.engine.environment [-] Registered: [Plugin](User:False) OS::Neutron::LBaaS::Pool ->
2024-12-26 01:47:23.043 66993 INFO heat.engine.environment [-] Registered: [Plugin](User:False) OS::Neutron::LBaaS::PoolMember ->
2024-12-26 01:47:23.043 66993 INFO heat.engine.environment [-] Registered: [Plugin](User:False) OS::Neutron::HealthMonitor ->
2024-12-26 01:47:23.043 66993 INFO heat.engine.environment [-] Registered: [Plugin](User:False) OS::Neutron::Pool ->
2024-12-26 01:47:23.043 66993 INFO heat.engine.environment [-] Registered: [Plugin](User:False) OS::Neutron::PoolMember ->
2024-12-26 01:47:23.043 66993 INFO heat.engine.environment [-] Registered: [Plugin](User:False) OS::Neutron::LoadBalancer ->
2024-12-26 01:47:23.044 66993 INFO heat.engine.environment [-] Registered: [Plugin](User:False) OS::Neutron::MeteringLabel ->
2024-12-26 01:47:23.044 66993 INFO heat.engine.environment [-] Registered: [Plugin](User:False) OS::Neutron::MeteringRule ->
2024-12-26 01:47:23.044 66993 INFO heat.engine.environment [-] Registered: [Plugin](User:False) OS::Neutron::Net ->
2024-12-26 01:47:23.044 66993 INFO heat.engine.environment [-] Registered: [Plugin](User:False) OS::Neutron::NetworkGateway ->
2024-12-26 01:47:23.044 66993 INFO heat.engine.environment [-] Registered: [Plugin](User:False) OS::Neutron::Port ->
2024-12-26 01:47:23.044 66993 INFO heat.engine.environment [-] Registered: [Plugin](User:False) OS::Neutron::ProviderNet ->
2024-12-26 01:47:23.044 66993 INFO heat.engine.environment [-] Registered: [Plugin](User:False) OS::Neutron::QoSPolicy ->
2024-12-26 01:47:23.044 66993 INFO heat.engine.environment [-] Registered: [Plugin](User:False) OS::Neutron::QoSBandwidthLimitRule ->
2024-12-26 01:47:23.044 66993 INFO heat.engine.environment [-] Registered: [Plugin](User:False) OS::Neutron::QoSDscpMarkingRule ->
2024-12-26 01:47:23.044 66993 INFO heat.engine.environment [-] Registered: [Plugin](User:False) OS::Neutron::QoSMinimumBandwidthRule ->
2024-12-26 01:47:23.044 66993 INFO heat.engine.environment [-] Registered: [Plugin](User:False) OS::Neutron::Quota ->
2024-12-26 01:47:23.045 66993 INFO heat.engine.environment [-] Registered: [Plugin](User:False) OS::Neutron::RBACPolicy ->
2024-12-26 01:47:23.045 66993 INFO heat.engine.environment [-] Registered: [Plugin](User:False) OS::Neutron::Router ->
2024-12-26 01:47:23.045 66993 INFO heat.engine.environment [-] Registered: [Plugin](User:False) OS::Neutron::RouterInterface ->
2024-12-26 01:47:23.045 66993 INFO heat.engine.environment [-] Registered: [Plugin](User:False) OS::Neutron::RouterGateway ->
2024-12-26 01:47:23.045 66993 INFO heat.engine.environment [-] Registered: [Plugin](User:False) OS::Neutron::SecurityGroup ->
2024-12-26 01:47:23.045 66993 INFO heat.engine.environment [-] Registered: [Plugin](User:False) OS::Neutron::SecurityGroupRule ->
2024-12-26 01:47:23.045 66993 INFO heat.engine.environment [-] Registered: [Plugin](User:False) OS::Neutron::Segment ->
