2024-12-26 01:20:13.892 36822 DEBUG heat.engine.service [req-dded7073-40a0-4770-879c-4f8a22f321c1 - - - - -] Service 81fc5356-c9be-4efb-92ea-c6551e4f8819 is updated service_manage_report /usr/lib/python3/dist-packages/heat/engine/service.py:2370
2024-12-26 01:20:13.904 36823 DEBUG heat.engine.service [req-b7979c5b-3c9b-455f-a3b8-9414797a9248 - - - - -] Service 30593fdc-028c-434e-b2c0-0b6f3dc30325 is updated service_manage_report /usr/lib/python3/dist-packages/heat/engine/service.py:2370
2024-12-26 01:20:13.939 36824 DEBUG heat.engine.service [req-3c5ffefd-7fd6-4860-9870-568e5bc7d5ab - - - - -] Service 583350a6-019f-43b9-b176-2b6d55797c5a is updated service_manage_report /usr/lib/python3/dist-packages/heat/engine/service.py:2370
2024-12-26 01:20:13.945 36825 DEBUG heat.engine.service [req-f621d1dd-ecd2-4b74-8d19-b2d16e3148de - - - - -] Service bb6a9d3b-763a-4c22-bd32-17424b450349 is updated service_manage_report /usr/lib/python3/dist-packages/heat/engine/service.py:2370
2024-12-26 01:21:13.896 36822 DEBUG heat.engine.service [req-d65b07ed-5e86-43d8-89cc-95c71e3af2b1 - - - - -] Service 81fc5356-c9be-4efb-92ea-c6551e4f8819 is updated service_manage_report /usr/lib/python3/dist-packages/heat/engine/service.py:2370
2024-12-26 01:21:13.909 36823 DEBUG heat.engine.service [req-514a60a8-3bb4-424c-8f1c-1e6a6cf9b851 - - - - -] Service 30593fdc-028c-434e-b2c0-0b6f3dc30325 is updated service_manage_report /usr/lib/python3/dist-packages/heat/engine/service.py:2370
2024-12-26 01:21:13.934 36824 DEBUG heat.engine.service [req-938b38c9-d10b-469d-96ac-6f7660fe30f7 - - - - -] Service 583350a6-019f-43b9-b176-2b6d55797c5a is updated service_manage_report /usr/lib/python3/dist-packages/heat/engine/service.py:2370
2024-12-26 01:21:13.937 36825 DEBUG heat.engine.service [req-9f4c6215-7864-43e0-9b15-14ba8c8eab73 - - - - -] Service bb6a9d3b-763a-4c22-bd32-17424b450349 is updated service_manage_report /usr/lib/python3/dist-packages/heat/engine/service.py:2370
2024-12-26 01:22:13.902 36822 DEBUG heat.engine.service [req-807533c2-11e1-4a6b-b789-114e290ee7a4 - - - - -] Service 81fc5356-c9be-4efb-92ea-c6551e4f8819 is updated service_manage_report /usr/lib/python3/dist-packages/heat/engine/service.py:2370
2024-12-26 01:22:13.912 36823 DEBUG heat.engine.service [req-e28dbf1a-dc5a-42e4-856c-2bd85a247ce9 - - - - -] Service 30593fdc-028c-434e-b2c0-0b6f3dc30325 is updated service_manage_report /usr/lib/python3/dist-packages/heat/engine/service.py:2370
2024-12-26 01:22:13.941 36824 DEBUG heat.engine.service [req-369fac51-4e4d-44b6-8888-ac9ee7c52cd3 - - - - -] Service 583350a6-019f-43b9-b176-2b6d55797c5a is updated service_manage_report /usr/lib/python3/dist-packages/heat/engine/service.py:2370
2024-12-26 01:22:13.944 36825 DEBUG heat.engine.service [req-0ba0dc3b-eba3-4a5f-b017-82fd9803d6af - - - - -] Service bb6a9d3b-763a-4c22-bd32-17424b450349 is updated service_manage_report /usr/lib/python3/dist-packages/heat/engine/service.py:2370
2024-12-26 01:23:13.906 36822 DEBUG heat.engine.service [req-2051a7c9-c52d-422f-b24f-92cddcc21583 - - - - -] Service 81fc5356-c9be-4efb-92ea-c6551e4f8819 is updated service_manage_report /usr/lib/python3/dist-packages/heat/engine/service.py:2370
2024-12-26 01:23:13.916 36823 DEBUG heat.engine.service [req-ddb0b658-6c5d-4e3c-a57b-fa033c654beb - - - - -] Service 30593fdc-028c-434e-b2c0-0b6f3dc30325 is updated service_manage_report /usr/lib/python3/dist-packages/heat/engine/service.py:2370
2024-12-26 01:23:13.935 36824 DEBUG heat.engine.service [req-fe0b668d-ada3-449e-952a-bcc898125546 - - - - -] Service 583350a6-019f-43b9-b176-2b6d55797c5a is updated service_manage_report /usr/lib/python3/dist-packages/heat/engine/service.py:2370
2024-12-26 01:23:13.938 36825 DEBUG heat.engine.service [req-a828d767-8d30-43c9-a3f9-c1dd9d37a0b2 - - - - -] Service bb6a9d3b-763a-4c22-bd32-17424b450349 is updated service_manage_report /usr/lib/python3/dist-packages/heat/engine/service.py:2370
2024-12-26 01:24:13.911 36822 DEBUG heat.engine.service [req-e8cafd90-8932-40ab-9503-8b67d640e931 - - - - -] Service 81fc5356-c9be-4efb-92ea-c6551e4f8819 is updated service_manage_report /usr/lib/python3/dist-packages/heat/engine/service.py:2370
2024-12-26 01:24:13.921 36823 DEBUG heat.engine.service [req-41c0565c-8e74-471f-9150-5a170a59569d - - - - -] Service 30593fdc-028c-434e-b2c0-0b6f3dc30325 is updated service_manage_report /usr/lib/python3/dist-packages/heat/engine/service.py:2370
2024-12-26 01:24:13.938 36824 DEBUG heat.engine.service [req-1ee74f87-4f9a-485a-b500-1e2af9ff3927 - - - - -] Service 583350a6-019f-43b9-b176-2b6d55797c5a is updated service_manage_report /usr/lib/python3/dist-packages/heat/engine/service.py:2370
2024-12-26 01:24:13.945 36825 DEBUG heat.engine.service [req-c362f76c-014f-414a-872f-4230c0fe0052 - - - - -] Service bb6a9d3b-763a-4c22-bd32-17424b450349 is updated service_manage_report /usr/lib/python3/dist-packages/heat/engine/service.py:2370
2024-12-26 01:25:13.916 36822 DEBUG heat.engine.service [req-040af3e2-b434-4896-9e95-19789f15c959 - - - - -] Service 81fc5356-c9be-4efb-92ea-c6551e4f8819 is updated service_manage_report /usr/lib/python3/dist-packages/heat/engine/service.py:2370
2024-12-26 01:25:13.923 36823 DEBUG heat.engine.service [req-80382a41-947e-4cc3-90aa-9207d938af5f - - - - -] Service 30593fdc-028c-434e-b2c0-0b6f3dc30325 is updated service_manage_report /usr/lib/python3/dist-packages/heat/engine/service.py:2370
2024-12-26 01:25:13.938 36825 DEBUG heat.engine.service [req-6210a92f-5bf7-4e43-b28a-e228a335b890 - - - - -] Service bb6a9d3b-763a-4c22-bd32-17424b450349 is updated service_manage_report /usr/lib/python3/dist-packages/heat/engine/service.py:2370
2024-12-26 01:25:13.945 36824 DEBUG heat.engine.service [req-b864d643-e113-4873-b6eb-667369eb4fc7 - - - - -] Service 583350a6-019f-43b9-b176-2b6d55797c5a is updated service_manage_report /usr/lib/python3/dist-packages/heat/engine/service.py:2370
2024-12-26 01:26:13.932 36822 DEBUG heat.engine.service [req-65210492-53a3-459a-b30b-72f2d7d03a21 - - - - -] Service 81fc5356-c9be-4efb-92ea-c6551e4f8819 is updated service_manage_report /usr/lib/python3/dist-packages/heat/engine/service.py:2370
2024-12-26 01:26:13.935 36823 DEBUG heat.engine.service [req-e8d08295-8132-46e5-ba14-44751074b885 - - - - -] Service 30593fdc-028c-434e-b2c0-0b6f3dc30325 is updated service_manage_report /usr/lib/python3/dist-packages/heat/engine/service.py:2370
2024-12-26 01:26:13.943 36824 DEBUG heat.engine.service [req-fad0828a-123f-4da2-bd16-1caed9b6ffb1 - - - - -] Service 583350a6-019f-43b9-b176-2b6d55797c5a is updated service_manage_report /usr/lib/python3/dist-packages/heat/engine/service.py:2370
2024-12-26 01:26:13.945 36825 DEBUG heat.engine.service [req-da1b1404-ccac-4ecc-ae3d-aa6a2d013499 - - - - -] Service bb6a9d3b-763a-4c22-bd32-17424b450349 is updated service_manage_report /usr/lib/python3/dist-packages/heat/engine/service.py:2370
2024-12-26 01:27:13.918 36822 DEBUG heat.engine.service [req-0b6f0f26-0a06-4e45-be99-d93dc23bf28e - - - - -] Service 81fc5356-c9be-4efb-92ea-c6551e4f8819 is updated service_manage_report /usr/lib/python3/dist-packages/heat/engine/service.py:2370
2024-12-26 01:27:13.928 36823 DEBUG heat.engine.service [req-44c98363-6fba-4a52-86e5-1c014c26446a - - - - -] Service 30593fdc-028c-434e-b2c0-0b6f3dc30325 is updated service_manage_report /usr/lib/python3/dist-packages/heat/engine/service.py:2370
2024-12-26 01:27:13.942 36824 DEBUG heat.engine.service [req-5e883f78-5272-4c17-a97f-f038cdcb0dc6 - - - - -] Service 583350a6-019f-43b9-b176-2b6d55797c5a is updated service_manage_report /usr/lib/python3/dist-packages/heat/engine/service.py:2370
2024-12-26 01:27:13.944 36825 DEBUG heat.engine.service [req-9095c245-7495-41bf-8dee-6c9745e41b49 - - - - -] Service bb6a9d3b-763a-4c22-bd32-17424b450349 is updated service_manage_report /usr/lib/python3/dist-packages/heat/engine/service.py:2370
2024-12-26 01:28:13.912 36822 DEBUG heat.engine.service [req-a572322c-c08c-4a04-a37a-2c6a29a38422 - - - - -] Service 81fc5356-c9be-4efb-92ea-c6551e4f8819 is updated service_manage_report /usr/lib/python3/dist-packages/heat/engine/service.py:2370
2024-12-26 01:28:13.932 36823 DEBUG heat.engine.service [req-eefc30bf-e1c1-42e0-81e0-0c12bffedfe9 - - - - -] Service 30593fdc-028c-434e-b2c0-0b6f3dc30325 is updated service_manage_report /usr/lib/python3/dist-packages/heat/engine/service.py:2370
2024-12-26 01:28:13.936 36824 DEBUG heat.engine.service [req-8c28785d-6672-4770-8b22-7dfe9eab231b - - - - -] Service 583350a6-019f-43b9-b176-2b6d55797c5a is updated service_manage_report /usr/lib/python3/dist-packages/heat/engine/service.py:2370
2024-12-26 01:28:13.939 36825 DEBUG heat.engine.service [req-18ab65a6-2eab-40ed-8694-20642302b584 - - - - -] Service bb6a9d3b-763a-4c22-bd32-17424b450349 is updated service_manage_report /usr/lib/python3/dist-packages/heat/engine/service.py:2370
2024-12-26 01:29:13.915 36822 DEBUG heat.engine.service [req-4c00100a-646e-423f-8a14-d5b84d4e5fcd - - - - -] Service 81fc5356-c9be-4efb-92ea-c6551e4f8819 is updated service_manage_report /usr/lib/python3/dist-packages/heat/engine/service.py:2370
2024-12-26 01:29:13.935 36823 DEBUG heat.engine.service [req-01621861-20a2-4ec6-9436-840276168c4d - - - - -] Service 30593fdc-028c-434e-b2c0-0b6f3dc30325 is updated service_manage_report /usr/lib/python3/dist-packages/heat/engine/service.py:2370
2024-12-26 01:29:13.940 36824 DEBUG heat.engine.service [req-73a7bf67-ce67-45f4-9d31-a557af63e63b - - - - -] Service 583350a6-019f-43b9-b176-2b6d55797c5a is updated service_manage_report /usr/lib/python3/dist-packages/heat/engine/service.py:2370
2024-12-26 01:29:13.942 36825 DEBUG heat.engine.service [req-a8c22cce-b63d-4f2f-adaf-100a18d3c7bc - - - - -] Service bb6a9d3b-763a-4c22-bd32-17424b450349 is updated service_manage_report /usr/lib/python3/dist-packages/heat/engine/service.py:2370
2024-12-26 01:30:13.921 36822 DEBUG heat.engine.service [req-a5e4bf45-56db-44e0-b8a5-31d3f429d21a - - - - -] Service 81fc5356-c9be-4efb-92ea-c6551e4f8819 is updated service_manage_report /usr/lib/python3/dist-packages/heat/engine/service.py:2370
2024-12-26 01:30:13.939 36823 DEBUG heat.engine.service [req-4ffb4b34-eeb1-4c77-bcf4-04bfd0437997 - - - - -] Service 30593fdc-028c-434e-b2c0-0b6f3dc30325 is updated service_manage_report /usr/lib/python3/dist-packages/heat/engine/service.py:2370
2024-12-26 01:30:13.942 36824 DEBUG heat.engine.service [req-1004d1c2-08b7-4773-a980-bc4dbb4d2152 - - - - -] Service 583350a6-019f-43b9-b176-2b6d55797c5a is updated service_manage_report /usr/lib/python3/dist-packages/heat/engine/service.py:2370
2024-12-26 01:30:13.945 36825 DEBUG heat.engine.service [req-fefb4061-9d6d-4400-8728-0a2758e76191 - - - - -] Service bb6a9d3b-763a-4c22-bd32-17424b450349 is updated service_manage_report /usr/lib/python3/dist-packages/heat/engine/service.py:2370
2024-12-26 01:31:13.926 36822 DEBUG heat.engine.service [req-2cfa3421-4cce-405a-a8de-3e29c89cfe35 - - - - -] Service 81fc5356-c9be-4efb-92ea-c6551e4f8819 is updated service_manage_report /usr/lib/python3/dist-packages/heat/engine/service.py:2370
2024-12-26 01:31:13.946 36823 DEBUG heat.engine.service [req-6363d16b-debc-4fc2-930a-6387c29ac7f2 - - - - -] Service 30593fdc-028c-434e-b2c0-0b6f3dc30325 is updated service_manage_report /usr/lib/python3/dist-packages/heat/engine/service.py:2370
2024-12-26 01:31:13.947 36824 DEBUG heat.engine.service [req-91b01976-79f8-46e5-b8ed-0e13619c1a94 - - - - -] Service 583350a6-019f-43b9-b176-2b6d55797c5a is updated service_manage_report /usr/lib/python3/dist-packages/heat/engine/service.py:2370
2024-12-26 01:31:13.952 36825 DEBUG heat.engine.service [req-4c435bed-e541-435c-a48a-689beaa3c3e9 - - - - -] Service bb6a9d3b-763a-4c22-bd32-17424b450349 is updated service_manage_report /usr/lib/python3/dist-packages/heat/engine/service.py:2370
2024-12-26 01:32:13.933 36822 DEBUG heat.engine.service [req-27c8284f-6e70-404d-a941-33e864e26d17 - - - - -] Service 81fc5356-c9be-4efb-92ea-c6551e4f8819 is updated service_manage_report /usr/lib/python3/dist-packages/heat/engine/service.py:2370
2024-12-26 01:32:13.942 36823 DEBUG heat.engine.service [req-28504ff3-7891-49da-ac12-777cc0cf2a80 - - - - -] Service 30593fdc-028c-434e-b2c0-0b6f3dc30325 is updated service_manage_report /usr/lib/python3/dist-packages/heat/engine/service.py:2370
2024-12-26 01:32:13.949 36825 DEBUG heat.engine.service [req-ff11c876-9ece-41c9-8b0d-6f5b0c31dd79 - - - - -] Service bb6a9d3b-763a-4c22-bd32-17424b450349 is updated service_manage_report /usr/lib/python3/dist-packages/heat/engine/service.py:2370
2024-12-26 01:32:13.956 36824 DEBUG heat.engine.service [req-71b6dd1d-7454-46f4-8916-b643fa9159c1 - - - - -] Service 583350a6-019f-43b9-b176-2b6d55797c5a is updated service_manage_report /usr/lib/python3/dist-packages/heat/engine/service.py:2370
2024-12-26 01:33:13.928 36822 DEBUG heat.engine.service [req-ce72c512-9960-4fed-bba5-d03c177e1de8 - - - - -] Service 81fc5356-c9be-4efb-92ea-c6551e4f8819 is updated service_manage_report /usr/lib/python3/dist-packages/heat/engine/service.py:2370
2024-12-26 01:33:13.933 36823 DEBUG heat.engine.service [req-0488555b-466a-479d-a7d7-3f51e649ceb8 - - - - -] Service 30593fdc-028c-434e-b2c0-0b6f3dc30325 is updated service_manage_report /usr/lib/python3/dist-packages/heat/engine/service.py:2370
2024-12-26 01:33:13.942 36825 DEBUG heat.engine.service [req-25137f8a-f0d3-441a-a1f3-2e57449bd4ef - - - - -] Service bb6a9d3b-763a-4c22-bd32-17424b450349 is updated service_manage_report /usr/lib/python3/dist-packages/heat/engine/service.py:2370
2024-12-26 01:33:13.950 36824 DEBUG heat.engine.service [req-06f810f0-57b7-4c14-b9bf-584b3b45e491 - - - - -] Service 583350a6-019f-43b9-b176-2b6d55797c5a is updated service_manage_report /usr/lib/python3/dist-packages/heat/engine/service.py:2370
2024-12-26 01:34:13.933 36822 DEBUG heat.engine.service [req-4b2e8b37-e765-4bad-948d-40b529c1b01d - - - - -] Service 81fc5356-c9be-4efb-92ea-c6551e4f8819 is updated service_manage_report /usr/lib/python3/dist-packages/heat/engine/service.py:2370
2024-12-26 01:34:13.941 36823 DEBUG heat.engine.service [req-77d12371-5a0e-425d-b152-69127435a831 - - - - -] Service 30593fdc-028c-434e-b2c0-0b6f3dc30325 is updated service_manage_report /usr/lib/python3/dist-packages/heat/engine/service.py:2370
2024-12-26 01:34:13.947 36825 DEBUG heat.engine.service [req-d56fdafe-f326-4b92-9c10-a94833dd105e - - - - -] Service bb6a9d3b-763a-4c22-bd32-17424b450349 is updated service_manage_report /usr/lib/python3/dist-packages/heat/engine/service.py:2370
2024-12-26 01:34:13.952 36824 DEBUG heat.engine.service [req-a00d9ab4-654c-4d2a-9d41-077d9179fac4 - - - - -] Service 583350a6-019f-43b9-b176-2b6d55797c5a is updated service_manage_report /usr/lib/python3/dist-packages/heat/engine/service.py:2370
2024-12-26 01:35:13.935 36823 DEBUG heat.engine.service [req-f3ad92bb-6e00-4a14-87f1-42ca9d258a43 - - - - -] Service 30593fdc-028c-434e-b2c0-0b6f3dc30325 is updated service_manage_report /usr/lib/python3/dist-packages/heat/engine/service.py:2370
2024-12-26 01:35:13.937 36822 DEBUG heat.engine.service [req-9a1e1e30-bd4d-4a5e-8902-e6428050f464 - - - - -] Service 81fc5356-c9be-4efb-92ea-c6551e4f8819 is updated service_manage_report /usr/lib/python3/dist-packages/heat/engine/service.py:2370
2024-12-26 01:35:13.950 36825 DEBUG heat.engine.service [req-fcd46cec-e0f3-4f52-8116-2cc13be59c6c - - - - -] Service bb6a9d3b-763a-4c22-bd32-17424b450349 is updated service_manage_report /usr/lib/python3/dist-packages/heat/engine/service.py:2370
2024-12-26 01:35:13.956 36824 DEBUG heat.engine.service [req-d826276a-c798-4dc4-9c82-e3a416a957c1 - - - - -] Service 583350a6-019f-43b9-b176-2b6d55797c5a is updated service_manage_report /usr/lib/python3/dist-packages/heat/engine/service.py:2370
2024-12-26 01:36:13.941 36823 DEBUG heat.engine.service [req-d9b5133c-68a3-4c3f-b680-f26a78ae33c8 - - - - -] Service 30593fdc-028c-434e-b2c0-0b6f3dc30325 is updated service_manage_report /usr/lib/python3/dist-packages/heat/engine/service.py:2370
2024-12-26 01:36:13.944 36822 DEBUG heat.engine.service [req-c601e019-d187-4843-9886-441dba802aa9 - - - - -] Service 81fc5356-c9be-4efb-92ea-c6551e4f8819 is updated service_manage_report /usr/lib/python3/dist-packages/heat/engine/service.py:2370
2024-12-26 01:36:13.955 36825 DEBUG heat.engine.service [req-41af95ba-8a53-4c08-9312-d53b49e4e038 - - - - -] Service bb6a9d3b-763a-4c22-bd32-17424b450349 is updated service_manage_report /usr/lib/python3/dist-packages/heat/engine/service.py:2370
2024-12-26 01:36:13.963 36824 DEBUG heat.engine.service [req-d13fc27c-db54-4acc-a0da-82b538007963 - - - - -] Service 583350a6-019f-43b9-b176-2b6d55797c5a is updated service_manage_report /usr/lib/python3/dist-packages/heat/engine/service.py:2370
2024-12-26 01:37:13.935 36823 DEBUG heat.engine.service [req-13af4e57-c389-467d-b8b2-4b2ee9190f7b - - - - -] Service 30593fdc-028c-434e-b2c0-0b6f3dc30325 is updated service_manage_report /usr/lib/python3/dist-packages/heat/engine/service.py:2370
2024-12-26 01:37:13.938 36822 DEBUG heat.engine.service [req-3e9b0c01-4759-4692-bd5c-5046ef6afc5c - - - - -] Service 81fc5356-c9be-4efb-92ea-c6551e4f8819 is updated service_manage_report /usr/lib/python3/dist-packages/heat/engine/service.py:2370
2024-12-26 01:37:13.956 36824 DEBUG heat.engine.service [req-c26e4438-ef78-4ac8-a50e-bd918f4d51bf - - - - -] Service 583350a6-019f-43b9-b176-2b6d55797c5a is updated service_manage_report /usr/lib/python3/dist-packages/heat/engine/service.py:2370
2024-12-26 01:37:13.958 36825 DEBUG heat.engine.service [req-622d7073-0bd2-4a51-b8ab-ba823b4bdce7 - - - - -] Service bb6a9d3b-763a-4c22-bd32-17424b450349 is updated service_manage_report /usr/lib/python3/dist-packages/heat/engine/service.py:2370
2024-12-26 01:38:13.940 36823 DEBUG heat.engine.service [req-c97c451d-cc5b-4c0e-b48b-ed926348dd0e - - - - -] Service 30593fdc-028c-434e-b2c0-0b6f3dc30325 is updated service_manage_report /usr/lib/python3/dist-packages/heat/engine/service.py:2370
2024-12-26 01:38:13.944 36822 DEBUG heat.engine.service [req-bb5f8cf7-b91c-4076-8989-00a939f37042 - - - - -] Service 81fc5356-c9be-4efb-92ea-c6551e4f8819 is updated service_manage_report /usr/lib/python3/dist-packages/heat/engine/service.py:2370
2024-12-26 01:38:13.961 36824 DEBUG heat.engine.service [req-8fe0b398-3171-486d-8798-430ca4a3012f - - - - -] Service 583350a6-019f-43b9-b176-2b6d55797c5a is updated service_manage_report /usr/lib/python3/dist-packages/heat/engine/service.py:2370
2024-12-26 01:38:13.963 36825 DEBUG heat.engine.service [req-916d2a08-df82-4b05-8ccc-8588ee02e44b - - - - -] Service bb6a9d3b-763a-4c22-bd32-17424b450349 is updated service_manage_report /usr/lib/python3/dist-packages/heat/engine/service.py:2370
2024-12-26 01:39:13.946 36822 DEBUG heat.engine.service [req-e7b7b607-4f6d-4990-8f88-848ca5fb3b8d - - - - -] Service 81fc5356-c9be-4efb-92ea-c6551e4f8819 is updated service_manage_report /usr/lib/python3/dist-packages/heat/engine/service.py:2370
2024-12-26 01:39:13.959 36823 DEBUG heat.engine.service [req-6a1daac9-03f2-48d5-a83d-d74203fb81de - - - - -] Service 30593fdc-028c-434e-b2c0-0b6f3dc30325 is updated service_manage_report /usr/lib/python3/dist-packages/heat/engine/service.py:2370
2024-12-26 01:39:13.972 36825 DEBUG heat.engine.service [req-1e5a773b-10f9-4f45-81f2-e5bd934db501 - - - - -] Service bb6a9d3b-763a-4c22-bd32-17424b450349 is updated service_manage_report /usr/lib/python3/dist-packages/heat/engine/service.py:2370
2024-12-26 01:39:13.974 36824 DEBUG heat.engine.service [req-6e0e3f0c-b9c2-41ea-8148-21729a6f010e - - - - -] Service 583350a6-019f-43b9-b176-2b6d55797c5a is updated service_manage_report /usr/lib/python3/dist-packages/heat/engine/service.py:2370
2024-12-26 01:40:06.458 36822 DEBUG heat.engine.service [-] Attempting to stop engine service... _stop_rpc_server /usr/lib/python3/dist-packages/heat/engine/service.py:437
2024-12-26 01:40:06.458 36823 DEBUG heat.engine.service [-] Attempting to stop engine service... _stop_rpc_server /usr/lib/python3/dist-packages/heat/engine/service.py:437
2024-12-26 01:40:06.458 36825 DEBUG heat.engine.service [-] Attempting to stop engine service... _stop_rpc_server /usr/lib/python3/dist-packages/heat/engine/service.py:437
2024-12-26 01:40:06.459 36824 DEBUG heat.engine.service [-] Attempting to stop engine service... _stop_rpc_server /usr/lib/python3/dist-packages/heat/engine/service.py:437
2024-12-26 01:40:06.460 36596 INFO oslo_service.service [-] Caught SIGTERM, stopping children
2024-12-26 01:40:06.461 36596 DEBUG oslo_concurrency.lockutils [-] Acquired lock "singleton_lock" lock /usr/lib/python3/dist-packages/oslo_concurrency/lockutils.py:294
2024-12-26 01:40:06.461 36596 DEBUG oslo_concurrency.lockutils [-] Releasing lock "singleton_lock" lock /usr/lib/python3/dist-packages/oslo_concurrency/lockutils.py:312
2024-12-26 01:40:06.461 36596 DEBUG oslo_service.service [-] Stop services. stop /usr/lib/python3/dist-packages/oslo_service/service.py:695
2024-12-26 01:40:06.461 36596 INFO heat.engine.service [-] All threads were gone, terminating engine
2024-12-26 01:40:06.461 36596 DEBUG oslo_service.service [-] Killing children. stop /usr/lib/python3/dist-packages/oslo_service/service.py:700
2024-12-26 01:40:06.467 36596 INFO oslo_service.service [-] Waiting on 4 children to exit
2024-12-26 01:40:06.486 36596 INFO oslo_service.service [-] Child 36822 killed by signal 15
2024-12-26 01:40:06.486 36596 INFO oslo_service.service [-] Child 36823 killed by signal 15
2024-12-26 01:40:06.486 36596 INFO oslo_service.service [-] Child 36824 killed by signal 15
2024-12-26 01:40:06.487 36596 INFO oslo_service.service [-] Child 36825 killed by signal 15
2024-12-26 01:40:08.797 59570 DEBUG oslo_concurrency.lockutils [-] Lock "context-manager" acquired by "neutron_lib.db.api._create_context_manager" :: waited 0.000s inner /usr/lib/python3/dist-packages/oslo_concurrency/lockutils.py:386
2024-12-26 01:40:08.797 59570 DEBUG oslo_concurrency.lockutils [-] Lock "context-manager" "released" by "neutron_lib.db.api._create_context_manager" :: held 0.000s inner /usr/lib/python3/dist-packages/oslo_concurrency/lockutils.py:400
2024-12-26 01:40:09.039 59570 WARNING heat.engine.environment [-] OS::Aodh::Alarm is DEPRECATED. Theshold alarm relies on ceilometer-api and has been deprecated in aodh since Ocata. Use OS::Aodh::GnocchiAggregationByResourcesAlarm instead.
2024-12-26 01:40:09.039 59570 WARNING heat.engine.environment [-] OS::Aodh::CombinationAlarm is HIDDEN. OS::Aodh::CombinationAlarm is deprecated and has been removed from Aodh, use OS::Aodh::CompositeAlarm instead.
2024-12-26 01:40:09.040 59570 WARNING heat.engine.environment [-] OS::Designate::Domain is HIDDEN. This resource has been removed, use OS::Designate::Zone instead.
2024-12-26 01:40:09.040 59570 WARNING heat.engine.environment [-] OS::Designate::Record is HIDDEN. This resource has been removed, use OS::Designate::RecordSet instead.
2024-12-26 01:40:09.040 59570 WARNING heat.engine.environment [-] OS::Glance::Image is DEPRECATED. Creating a Glance Image based on an existing URL location requires the Glance v1 API, which is deprecated.
2024-12-26 01:40:09.040 59570 WARNING heat.engine.environment [-] OS::Heat::HARestarter is HIDDEN. The HARestarter resource type has been removed. Existing stacks containing HARestarter resources can still be used, but the HARestarter resource will be a placeholder that does nothing.
2024-12-26 01:40:09.040 59570 WARNING heat.engine.environment [-] OS::Heat::SoftwareDeployments is HIDDEN. Please use OS::Heat::SoftwareDeploymentGroup instead.
2024-12-26 01:40:09.041 59570 WARNING heat.engine.environment [-] OS::Heat::StructuredDeployments is HIDDEN. Please use OS::Heat::StructuredDeploymentGroup instead.
2024-12-26 01:40:09.041 59570 WARNING heat.engine.environment [-] OS::Magnum::Bay is HIDDEN. Please use OS::Magnum::Cluster instead.
2024-12-26 01:40:09.041 59570 WARNING heat.engine.environment [-] OS::Magnum::BayModel is HIDDEN. Please use OS::Magnum::ClusterTemplate instead.
2024-12-26 01:40:09.041 59570 WARNING heat.engine.environment [-] OS::Neutron::ExtraRoute is UNSUPPORTED. Use this resource at your own risk.
2024-12-26 01:40:09.041 59570 WARNING heat.engine.environment [-] OS::Neutron::HealthMonitor is HIDDEN. Use LBaaS V2 instead.
2024-12-26 01:40:09.042 59570 WARNING heat.engine.environment [-] OS::Neutron::Pool is HIDDEN. Use LBaaS V2 instead.
2024-12-26 01:40:09.042 59570 WARNING heat.engine.environment [-] OS::Neutron::PoolMember is HIDDEN. Use LBaaS V2 instead.
2024-12-26 01:40:09.042 59570 WARNING heat.engine.environment [-] OS::Neutron::LoadBalancer is HIDDEN. Use LBaaS V2 instead.
2024-12-26 01:40:09.042 59570 WARNING heat.engine.environment [-] OS::Neutron::RouterGateway is HIDDEN. Use the `external_gateway_info` property in the router resource to set up the gateway.
2024-12-26 01:40:09.042 59570 WARNING heat.engine.environment [-] OS::Nova::FloatingIP is HIDDEN. Please use OS::Neutron::FloatingIP instead.
2024-12-26 01:40:09.042 59570 WARNING heat.engine.environment [-] OS::Nova::FloatingIPAssociation is HIDDEN. Please use OS::Neutron::FloatingIPAssociation instead.
2024-12-26 01:40:09.043 59570 INFO heat.engine.environment [-] Loading /etc/heat/environment.d/default.yaml
2024-12-26 01:40:09.044 59570 INFO heat.engine.environment [-] Registered: [Plugin](User:False) AWS::AutoScaling::AutoScalingGroup ->
2024-12-26 01:40:09.044 59570 INFO heat.engine.environment [-] Registered: [Plugin](User:False) AWS::AutoScaling::LaunchConfiguration ->
2024-12-26 01:40:09.044 59570 INFO heat.engine.environment [-] Registered: [Plugin](User:False) AWS::AutoScaling::ScalingPolicy ->
2024-12-26 01:40:09.044 59570 INFO heat.engine.environment [-] Registered: [Plugin](User:False) AWS::CloudFormation::Stack ->
2024-12-26 01:40:09.045 59570 INFO heat.engine.environment [-] Registered: [Plugin](User:False) AWS::CloudFormation::WaitCondition ->
2024-12-26 01:40:09.045 59570 INFO heat.engine.environment [-] Registered: [Plugin](User:False) AWS::CloudFormation::WaitConditionHandle ->
2024-12-26 01:40:09.045 59570 INFO heat.engine.environment [-] Registered: [Plugin](User:False) AWS::EC2::EIP ->
2024-12-26 01:40:09.045 59570 INFO heat.engine.environment [-] Registered: [Plugin](User:False) AWS::EC2::EIPAssociation ->
2024-12-26 01:40:09.045 59570 INFO heat.engine.environment [-] Registered: [Plugin](User:False) AWS::EC2::Instance ->
2024-12-26 01:40:09.045 59570 INFO heat.engine.environment [-] Registered: [Plugin](User:False) AWS::EC2::InternetGateway ->
2024-12-26 01:40:09.045 59570 INFO heat.engine.environment [-] Registered: [Plugin](User:False) AWS::EC2::VPCGatewayAttachment ->
2024-12-26 01:40:09.045 59570 INFO heat.engine.environment [-] Registered: [Plugin](User:False) AWS::EC2::NetworkInterface ->
2024-12-26 01:40:09.045 59570 INFO heat.engine.environment [-] Registered: [Plugin](User:False) AWS::EC2::RouteTable ->
2024-12-26 01:40:09.045 59570 INFO heat.engine.environment [-] Registered: [Plugin](User:False) AWS::EC2::SubnetRouteTableAssociation ->
2024-12-26 01:40:09.045 59570 INFO heat.engine.environment [-] Registered: [Plugin](User:False) AWS::EC2::SecurityGroup ->
2024-12-26 01:40:09.046 59570 INFO heat.engine.environment [-] Registered: [Plugin](User:False) AWS::EC2::Subnet ->
2024-12-26 01:40:09.046 59570 INFO heat.engine.environment [-] Registered: [Plugin](User:False) AWS::EC2::Volume ->
2024-12-26 01:40:09.046 59570 INFO heat.engine.environment [-] Registered: [Plugin](User:False) AWS::EC2::VolumeAttachment ->
2024-12-26 01:40:09.046 59570 INFO heat.engine.environment [-] Registered: [Plugin](User:False) AWS::EC2::VPC ->
2024-12-26 01:40:09.046 59570 INFO heat.engine.environment [-] Registered: [Plugin](User:False) AWS::IAM::User ->
2024-12-26 01:40:09.046 59570 INFO heat.engine.environment [-] Registered: [Plugin](User:False) AWS::IAM::AccessKey ->
2024-12-26 01:40:09.046 59570 INFO heat.engine.environment [-] Registered: [Plugin](User:False) AWS::ElasticLoadBalancing::LoadBalancer ->
2024-12-26 01:40:09.046 59570 INFO heat.engine.environment [-] Registered: [Plugin](User:False) AWS::S3::Bucket ->
2024-12-26 01:40:09.046 59570 INFO heat.engine.environment [-] Registered: [Plugin](User:False) OS::Aodh::Alarm ->
2024-12-26 01:40:09.046 59570 INFO heat.engine.environment [-] Registered: [Plugin](User:False) OS::Aodh::CombinationAlarm ->
2024-12-26 01:40:09.046 59570 INFO heat.engine.environment [-] Registered: [Plugin](User:False) OS::Aodh::EventAlarm ->
2024-12-26 01:40:09.047 59570 INFO heat.engine.environment [-] Registered: [Plugin](User:False) OS::Aodh::LBMemberHealthAlarm ->
2024-12-26 01:40:09.047 59570 INFO heat.engine.environment [-] Registered: [Plugin](User:False) OS::Aodh::CompositeAlarm ->
2024-12-26 01:40:09.047 59570 INFO heat.engine.environment [-] Registered: [Plugin](User:False) OS::Aodh::GnocchiResourcesAlarm ->
2024-12-26 01:40:09.047 59570 INFO heat.engine.environment [-] Registered: [Plugin](User:False) OS::Aodh::GnocchiAggregationByMetricsAlarm ->
2024-12-26 01:40:09.047 59570 INFO heat.engine.environment [-] Registered: [Plugin](User:False) OS::Aodh::GnocchiAggregationByResourcesAlarm ->
2024-12-26 01:40:09.047 59570 INFO heat.engine.environment [-] Registered: [Plugin](User:False) OS::Barbican::GenericContainer ->
2024-12-26 01:40:09.047 59570 INFO heat.engine.environment [-] Registered: [Plugin](User:False) OS::Barbican::CertificateContainer ->
2024-12-26 01:40:09.047 59570 INFO heat.engine.environment [-] Registered: [Plugin](User:False) OS::Barbican::RSAContainer ->
2024-12-26 01:40:09.047 59570 INFO heat.engine.environment [-] Registered: [Plugin](User:False) OS::Barbican::Order ->
2024-12-26 01:40:09.047 59570 INFO heat.engine.environment [-] Registered: [Plugin](User:False) OS::Barbican::Secret ->
2024-12-26 01:40:09.047 59570 INFO heat.engine.environment [-] Registered: [Plugin](User:False) OS::Blazar::Host ->
2024-12-26 01:40:09.048 59570 INFO heat.engine.environment [-] Registered: [Plugin](User:False) OS::Blazar::Lease ->
2024-12-26 01:40:09.048 59570 INFO heat.engine.environment [-] Registered: [Plugin](User:False) OS::Cinder::EncryptedVolumeType ->
2024-12-26 01:40:09.048 59570 INFO heat.engine.environment [-] Registered: [Plugin](User:False) OS::Cinder::QoSSpecs ->
2024-12-26 01:40:09.048 59570 INFO heat.engine.environment [-] Registered: [Plugin](User:False) OS::Cinder::QoSAssociation ->
2024-12-26 01:40:09.048 59570 INFO heat.engine.environment [-] Registered: [Plugin](User:False) OS::Cinder::Quota ->
2024-12-26 01:40:09.048 59570 INFO heat.engine.environment [-] Registered: [Plugin](User:False) OS::Cinder::Volume ->
2024-12-26 01:40:09.048 59570 INFO heat.engine.environment [-] Registered: [Plugin](User:False) OS::Cinder::VolumeAttachment ->
2024-12-26 01:40:09.048 59570 INFO heat.engine.environment [-] Registered: [Plugin](User:False) OS::Cinder::VolumeType ->
2024-12-26 01:40:09.048 59570 INFO heat.engine.environment [-] Registered: [Plugin](User:False) OS::Designate::Domain ->
2024-12-26 01:40:09.048 59570 INFO heat.engine.environment [-] Registered: [Plugin](User:False) OS::Designate::Record ->
2024-12-26 01:40:09.048 59570 INFO heat.engine.environment [-] Registered: [Plugin](User:False) OS::Designate::RecordSet ->
2024-12-26 01:40:09.049 59570 INFO heat.engine.environment [-] Registered: [Plugin](User:False) OS::Designate::Zone ->
2024-12-26 01:40:09.049 59570 INFO heat.engine.environment [-] Registered: [Plugin](User:False) OS::Glance::Image ->
2024-12-26 01:40:09.049 59570 INFO heat.engine.environment [-] Registered: [Plugin](User:False) OS::Glance::WebImage ->
2024-12-26 01:40:09.049 59570 INFO heat.engine.environment [-] Registered: [Plugin](User:False) OS::Heat::AccessPolicy ->
2024-12-26 01:40:09.049 59570 INFO heat.engine.environment [-] Registered: [Plugin](User:False) OS::Heat::AutoScalingGroup ->
2024-12-26 01:40:09.049 59570 INFO heat.engine.environment [-] Registered: [Plugin](User:False) OS::Heat::CloudConfig ->
2024-12-26 01:40:09.049 59570 INFO heat.engine.environment [-] Registered: [Plugin](User:False) OS::Heat::Delay ->
2024-12-26 01:40:09.049 59570 INFO heat.engine.environment [-] Registered: [Plugin](User:False) OS::Heat::DeployedServer ->
2024-12-26 01:40:09.049 59570 INFO heat.engine.environment [-] Registered: [Plugin](User:False) OS::Heat::HARestarter ->
2024-12-26 01:40:09.049 59570 INFO heat.engine.environment [-] Registered: [Plugin](User:False) OS::Heat::InstanceGroup ->
2024-12-26 01:40:09.049 59570 INFO heat.engine.environment [-] Registered: [Plugin](User:False) OS::Heat::MultipartMime ->
2024-12-26 01:40:09.050 59570 INFO heat.engine.environment [-] Registered: [Plugin](User:False) OS::Heat::None ->
2024-12-26 01:40:09.050 59570 INFO heat.engine.environment [-] Registered: [Plugin](User:False) OS::Heat::RandomString ->
2024-12-26 01:40:09.050 59570 INFO heat.engine.environment [-] Registered: [Plugin](User:False) OS::Heat::Stack ->
2024-12-26 01:40:09.050 59570 INFO heat.engine.environment [-] Registered: [Plugin](User:False) OS::Heat::ResourceChain ->
2024-12-26 01:40:09.050 59570 INFO heat.engine.environment [-] Registered: [Plugin](User:False) OS::Heat::ResourceGroup ->
2024-12-26 01:40:09.050 59570 INFO heat.engine.environment [-] Registered: [Plugin](User:False) OS::Heat::ScalingPolicy ->
2024-12-26 01:40:09.050 59570 INFO heat.engine.environment [-] Registered: [Plugin](User:False) OS::Heat::SoftwareComponent ->
2024-12-26 01:40:09.050 59570 INFO heat.engine.environment [-] Registered: [Plugin](User:False) OS::Heat::SoftwareConfig ->
2024-12-26 01:40:09.050 59570 INFO heat.engine.environment [-] Registered: [Plugin](User:False) OS::Heat::SoftwareDeployment ->
2024-12-26 01:40:09.050 59570 INFO heat.engine.environment [-] Registered: [Plugin](User:False) OS::Heat::SoftwareDeploymentGroup ->
2024-12-26 01:40:09.050 59570 INFO heat.engine.environment [-] Registered: [Plugin](User:False) OS::Heat::SoftwareDeployments ->
2024-12-26 01:40:09.050 59570 INFO heat.engine.environment [-] Registered: [Plugin](User:False) OS::Heat::StructuredConfig ->
2024-12-26 01:40:09.051 59570 INFO heat.engine.environment [-] Registered: [Plugin](User:False) OS::Heat::StructuredDeployment ->
2024-12-26 01:40:09.051 59570 INFO heat.engine.environment [-] Registered: [Plugin](User:False) OS::Heat::StructuredDeploymentGroup ->
2024-12-26 01:40:09.051 59570 INFO heat.engine.environment [-] Registered: [Plugin](User:False) OS::Heat::StructuredDeployments ->
2024-12-26 01:40:09.051 59570 INFO heat.engine.environment [-] Registered: [Plugin](User:False) OS::Heat::SwiftSignal ->
2024-12-26 01:40:09.051 59570 INFO heat.engine.environment [-] Registered: [Plugin](User:False) OS::Heat::SwiftSignalHandle ->
2024-12-26 01:40:09.051 59570 INFO heat.engine.environment [-] Registered: [Plugin](User:False) OS::Heat::TestResource ->
2024-12-26 01:40:09.051 59570 INFO heat.engine.environment [-] Registered: [Plugin](User:False) OS::Heat::Value ->
2024-12-26 01:40:09.051 59570 INFO heat.engine.environment [-] Registered: [Plugin](User:False) OS::Heat::WaitCondition ->
2024-12-26 01:40:09.051 59570 INFO heat.engine.environment [-] Registered: [Plugin](User:False) OS::Heat::WaitConditionHandle ->
2024-12-26 01:40:09.051 59570 INFO heat.engine.environment [-] Registered: [Plugin](User:False) OS::Heat::UpdateWaitConditionHandle ->
2024-12-26 01:40:09.051 59570 INFO heat.engine.environment [-] Registered: [Plugin](User:False) OS::Ironic::Port ->
2024-12-26 01:40:09.052 59570 INFO heat.engine.environment [-] Registered: [Plugin](User:False) OS::Keystone::Domain ->
2024-12-26 01:40:09.052 59570 INFO heat.engine.environment [-] Registered: [Plugin](User:False) OS::Keystone::Endpoint ->
2024-12-26 01:40:09.052 59570 INFO heat.engine.environment [-] Registered: [Plugin](User:False) OS::Keystone::Group ->
2024-12-26 01:40:09.052 59570 INFO heat.engine.environment [-] Registered: [Plugin](User:False) OS::Keystone::Project ->
2024-12-26 01:40:09.052 59570 INFO heat.engine.environment [-] Registered: [Plugin](User:False) OS::Keystone::Region ->
2024-12-26 01:40:09.052 59570 INFO heat.engine.environment [-] Registered: [Plugin](User:False) OS::Keystone::Role ->
2024-12-26 01:40:09.052 59570 INFO heat.engine.environment [-] Registered: [Plugin](User:False) OS::Keystone::UserRoleAssignment ->
2024-12-26 01:40:09.052 59570 INFO heat.engine.environment [-] Registered: [Plugin](User:False) OS::Keystone::GroupRoleAssignment ->
2024-12-26 01:40:09.052 59570 INFO heat.engine.environment [-] Registered: [Plugin](User:False) OS::Keystone::Service ->
2024-12-26 01:40:09.052 59570 INFO heat.engine.environment [-] Registered: [Plugin](User:False) OS::Keystone::User ->
2024-12-26 01:40:09.052 59570 INFO heat.engine.environment [-] Registered: [Plugin](User:False) OS::Magnum::Bay ->
2024-12-26 01:40:09.052 59570 INFO heat.engine.environment [-] Registered: [Plugin](User:False) OS::Magnum::BayModel ->
2024-12-26 01:40:09.053 59570 INFO heat.engine.environment [-] Registered: [Plugin](User:False) OS::Magnum::Cluster ->
2024-12-26 01:40:09.053 59570 INFO heat.engine.environment [-] Registered: [Plugin](User:False) OS::Magnum::ClusterTemplate ->
2024-12-26 01:40:09.053 59570 INFO heat.engine.environment [-] Registered: [Plugin](User:False) OS::Manila::SecurityService ->
2024-12-26 01:40:09.053 59570 INFO heat.engine.environment [-] Registered: [Plugin](User:False) OS::Manila::Share ->
2024-12-26 01:40:09.053 59570 INFO heat.engine.environment [-] Registered: [Plugin](User:False) OS::Manila::ShareNetwork ->
2024-12-26 01:40:09.053 59570 INFO heat.engine.environment [-] Registered: [Plugin](User:False) OS::Manila::ShareType ->
2024-12-26 01:40:09.053 59570 INFO heat.engine.environment [-] Registered: [Plugin](User:False) OS::Mistral::CronTrigger ->
2024-12-26 01:40:09.053 59570 INFO heat.engine.environment [-] Registered: [Plugin](User:False) OS::Mistral::ExternalResource ->
2024-12-26 01:40:09.053 59570 INFO heat.engine.environment [-] Registered: [Plugin](User:False) OS::Mistral::Workflow ->
2024-12-26 01:40:09.053 59570 INFO heat.engine.environment [-] Registered: [Plugin](User:False) OS::Monasca::AlarmDefinition ->
2024-12-26 01:40:09.053 59570 INFO heat.engine.environment [-] Registered: [Plugin](User:False) OS::Monasca::Notification ->
2024-12-26 01:40:09.054 59570 INFO heat.engine.environment [-] Registered: [Plugin](User:False) OS::Neutron::AddressScope ->
2024-12-26 01:40:09.054 59570 INFO heat.engine.environment [-] Registered: [Plugin](User:False) OS::Neutron::ExtraRoute ->
2024-12-26 01:40:09.054 59570 INFO heat.engine.environment [-] Registered: [Plugin](User:False) OS::Neutron::ExtraRouteSet ->
2024-12-26 01:40:09.054 59570 INFO heat.engine.environment [-] Registered: [Plugin](User:False) OS::Neutron::Firewall ->
2024-12-26 01:40:09.054 59570 INFO heat.engine.environment [-] Registered: [Plugin](User:False) OS::Neutron::FirewallPolicy ->
2024-12-26 01:40:09.054 59570 INFO heat.engine.environment [-] Registered: [Plugin](User:False) OS::Neutron::FirewallRule ->
2024-12-26 01:40:09.054 59570 INFO heat.engine.environment [-] Registered: [Plugin](User:False) OS::Neutron::FloatingIP ->
2024-12-26 01:40:09.054 59570 INFO heat.engine.environment [-] Registered: [Plugin](User:False) OS::Neutron::FloatingIPAssociation ->
2024-12-26 01:40:09.054 59570 INFO heat.engine.environment [-] Registered: [Plugin](User:False) OS::Neutron::L2Gateway ->
2024-12-26 01:40:09.054 59570 INFO heat.engine.environment [-] Registered: [Plugin](User:False) OS::Neutron::L2GatewayConnection ->
2024-12-26 01:40:09.054 59570 INFO heat.engine.environment [-] Registered: [Plugin](User:False) OS::Neutron::LBaaS::HealthMonitor ->
2024-12-26 01:40:09.055 59570 INFO heat.engine.environment [-] Registered: [Plugin](User:False) OS::Neutron::LBaaS::L7Policy ->
2024-12-26 01:40:09.055 59570 INFO heat.engine.environment [-] Registered: [Plugin](User:False) OS::Neutron::LBaaS::L7Rule ->
2024-12-26 01:40:09.055 59570 INFO heat.engine.environment [-] Registered: [Plugin](User:False) OS::Neutron::LBaaS::Listener ->
2024-12-26 01:40:09.055 59570 INFO heat.engine.environment [-] Registered: [Plugin](User:False) OS::Neutron::LBaaS::LoadBalancer ->
2024-12-26 01:40:09.055 59570 INFO heat.engine.environment [-] Registered: [Plugin](User:False) OS::Neutron::LBaaS::Pool ->
2024-12-26 01:40:09.055 59570 INFO heat.engine.environment [-] Registered: [Plugin](User:False) OS::Neutron::LBaaS::PoolMember ->
2024-12-26 01:40:09.055 59570 INFO heat.engine.environment [-] Registered: [Plugin](User:False) OS::Neutron::HealthMonitor ->
2024-12-26 01:40:09.055 59570 INFO heat.engine.environment [-] Registered: [Plugin](User:False) OS::Neutron::Pool ->
2024-12-26 01:40:09.055 59570 INFO heat.engine.environment [-] Registered: [Plugin](User:False) OS::Neutron::PoolMember ->
2024-12-26 01:40:09.055 59570 INFO heat.engine.environment [-] Registered: [Plugin](User:False) OS::Neutron::LoadBalancer ->
2024-12-26 01:40:09.055 59570 INFO heat.engine.environment [-] Registered: [Plugin](User:False) OS::Neutron::MeteringLabel ->
2024-12-26 01:40:09.056 59570 INFO heat.engine.environment [-] Registered: [Plugin](User:False) OS::Neutron::MeteringRule ->
2024-12-26 01:40:09.056 59570 INFO heat.engine.environment [-] Registered: [Plugin](User:False) OS::Neutron::Net ->
2024-12-26 01:40:09.056 59570 INFO heat.engine.environment [-] Registered: [Plugin](User:False) OS::Neutron::NetworkGateway ->
2024-12-26 01:40:09.056 59570 INFO heat.engine.environment [-] Registered: [Plugin](User:False) OS::Neutron::Port ->
2024-12-26 01:40:09.056 59570 INFO heat.engine.environment [-] Registered: [Plugin](User:False) OS::Neutron::ProviderNet ->
2024-12-26 01:40:09.056 59570 INFO heat.engine.environment [-] Registered: [Plugin](User:False) OS::Neutron::QoSPolicy ->
2024-12-26 01:40:09.056 59570 INFO heat.engine.environment [-] Registered: [Plugin](User:False) OS::Neutron::QoSBandwidthLimitRule ->
2024-12-26 01:40:09.056 59570 INFO heat.engine.environment [-] Registered: [Plugin](User:False) OS::Neutron::QoSDscpMarkingRule ->
2024-12-26 01:40:09.056 59570 INFO heat.engine.environment [-] Registered: [Plugin](User:False) OS::Neutron::QoSMinimumBandwidthRule ->
2024-12-26 01:40:09.056 59570 INFO heat.engine.environment [-] Registered: [Plugin](User:False) OS::Neutron::Quota ->
2024-12-26 01:40:09.056 59570 INFO heat.engine.environment [-] Registered: [Plugin](User:False) OS::Neutron::RBACPolicy ->
2024-12-26 01:40:09.057 59570 INFO heat.engine.environment [-] Registered: [Plugin](User:False) OS::Neutron::Router ->
2024-12-26 01:40:09.057 59570 INFO heat.engine.environment [-] Registered: [Plugin](User:False) OS::Neutron::RouterInterface ->
2024-12-26 01:40:09.057 59570 INFO heat.engine.environment [-] Registered: [Plugin](User:False) OS::Neutron::RouterGateway ->
2024-12-26 01:40:09.057 59570 INFO heat.engine.environment [-] Registered: [Plugin](User:False) OS::Neutron::SecurityGroup ->
2024-12-26 01:40:09.057 59570 INFO heat.engine.environment [-] Registered: [Plugin](User:False) OS::Neutron::SecurityGroupRule ->
2024-12-26 01:40:09.057 59570 INFO heat.engine.environment [-] Registered: [Plugin](User:False) OS::Neutron::Segment ->
2024-12-26 01:40:09.057 59570 INFO heat.engine.environment [-] Registered: [Plugin](User:False) OS::Neutron::FlowClassifier ->
2024-12-26 01:40:09.057 59570 INFO heat.engine.environment [-] Registered: [Plugin](User:False) OS::Neutron::PortChain ->
2024-12-26 01:40:09.057 59570 INFO heat.engine.environment [-] Registered: [Plugin](User:False) OS::Neutron::PortPair ->
2024-12-26 01:40:09.057 59570 INFO heat.engine.environment [-] Registered: [Plugin](User:False) OS::Neutron::PortPairGroup ->
2024-12-26 01:40:09.057 59570 INFO heat.engine.environment [-] Registered: [Plugin](User:False) OS::Neutron::Subnet ->
2024-12-26 01:40:09.057 59570 INFO heat.engine.environment [-] Registered: [Plugin](User:False) OS::Neutron::SubnetPool ->
2024-12-26 01:40:09.058 59570 INFO heat.engine.environment [-] Registered: [Plugin](User:False) OS::Neutron::TaaS::TapFlow ->
2024-12-26 01:40:09.058 59570 INFO heat.engine.environment [-] Registered: [Plugin](User:False) OS::Neutron::TaaS::TapService ->
2024-12-26 01:40:09.058 59570 INFO heat.engine.environment [-] Registered: [Plugin](User:False) OS::Neutron::Trunk ->
2024-12-26 01:40:09.058 59570 INFO heat.engine.environment [-] Registered: [Plugin](User:False) OS::Neutron::VPNService ->
2024-12-26 01:40:09.058 59570 INFO heat.engine.environment [-] Registered: [Plugin](User:False) OS::Neutron::IPsecSiteConnection ->
2024-12-26 01:40:09.058 59570 INFO heat.engine.environment [-] Registered: [Plugin](User:False) OS::Neutron::IKEPolicy ->
2024-12-26 01:40:09.058 59570 INFO heat.engine.environment [-] Registered: [Plugin](User:False) OS::Neutron::IPsecPolicy ->
2024-12-26 01:40:09.058 59570 INFO heat.engine.environment [-] Registered: [Plugin](User:False) OS::Nova::Flavor ->
2024-12-26 01:40:09.058 59570 INFO heat.engine.environment [-] Registered: [Plugin](User:False) OS::Nova::FloatingIP ->
2024-12-26 01:40:09.058 59570 INFO heat.engine.environment [-] Registered: [Plugin](User:False) OS::Nova::FloatingIPAssociation ->
2024-12-26 01:40:09.059 59570 INFO heat.engine.environment [-] Registered: [Plugin](User:False) OS::Nova::HostAggregate ->
2024-12-26 01:40:09.059 59570 INFO heat.engine.environment [-] Registered: [Plugin](User:False) OS::Nova::KeyPair ->
2024-12-26 01:40:09.059 59570 INFO heat.engine.environment [-] Registered: [Plugin](User:False) OS::Nova::Quota ->
2024-12-26 01:40:09.059 59570 INFO heat.engine.environment [-] Registered: [Plugin](User:False) OS::Nova::Server ->
2024-12-26 01:40:09.059 59570 INFO heat.engine.environment [-] Registered: [Plugin](User:False) OS::Nova::ServerGroup ->
2024-12-26 01:40:09.059 59570 INFO heat.engine.environment [-] Registered: [Plugin](User:False) OS::Octavia::Flavor ->
2024-12-26 01:40:09.059 59570 INFO heat.engine.environment [-] Registered: [Plugin](User:False) OS::Octavia::FlavorProfile ->
2024-12-26 01:40:09.059 59570 INFO heat.engine.environment [-] Registered: [Plugin](User:False) OS::Octavia::HealthMonitor ->
2024-12-26 01:40:09.059 59570 INFO heat.engine.environment [-] Registered: [Plugin](User:False) OS::Octavia::L7Policy ->
2024-12-26 01:40:09.059 59570 INFO heat.engine.environment [-] Registered: [Plugin](User:False) OS::Octavia::L7Rule ->
2024-12-26 01:40:09.059 59570 INFO heat.engine.environment [-] Registered: [Plugin](User:False) OS::Octavia::Listener ->
2024-12-26 01:40:09.059 59570 INFO heat.engine.environment [-] Registered: [Plugin](User:False) OS::Octavia::LoadBalancer ->
2024-12-26 01:40:09.060 59570 INFO heat.engine.environment [-] Registered: [Plugin](User:False) OS::Octavia::Pool ->
2024-12-26 01:40:09.060 59570 INFO heat.engine.environment [-] Registered: [Plugin](User:False) OS::Octavia::PoolMember ->
2024-12-26 01:40:09.060 59570 INFO heat.engine.environment [-] Registered: [Plugin](User:False) OS::Octavia::Quota ->
2024-12-26 01:40:09.060 59570 INFO heat.engine.environment [-] Registered: [Plugin](User:False) OS::Sahara::Cluster ->
2024-12-26 01:40:09.060 59570 INFO heat.engine.environment [-] Registered: [Plugin](User:False) OS::Sahara::DataSource ->
2024-12-26 01:40:09.060 59570 INFO heat.engine.environment [-] Registered: [Plugin](User:False) OS::Sahara::ImageRegistry ->
2024-12-26 01:40:09.060 59570 INFO heat.engine.environment [-] Registered: [Plugin](User:False) OS::Sahara::Job ->
2024-12-26 01:40:09.060 59570 INFO heat.engine.environment [-] Registered: [Plugin](User:False) OS::Sahara::JobBinary ->
2024-12-26 01:40:09.060 59570 INFO heat.engine.environment [-] Registered: [Plugin](User:False) OS::Sahara::NodeGroupTemplate ->
2024-12-26 01:40:09.060 59570 INFO heat.engine.environment [-] Registered: [Plugin](User:False) OS::Sahara::ClusterTemplate ->
2024-12-26 01:40:09.060 59570 INFO heat.engine.environment [-] Registered: [Plugin](User:False) OS::Senlin::Cluster ->
2024-12-26 01:40:09.061 59570 INFO heat.engine.environment [-] Registered: [Plugin](User:False) OS::Senlin::Node ->
2024-12-26 01:40:09.061 59570 INFO heat.engine.environment [-] Registered: [Plugin](User:False) OS::Senlin::Policy ->
2024-12-26 01:40:09.061 59570 INFO heat.engine.environment [-] Registered: [Plugin](User:False) OS::Senlin::Profile ->
2024-12-26 01:40:09.061 59570 INFO heat.engine.environment [-] Registered: [Plugin](User:False) OS::Senlin::Receiver ->
2024-12-26 01:40:09.061 59570 INFO heat.engine.environment [-] Registered: [Plugin](User:False) OS::Swift::Container ->
2024-12-26 01:40:09.061 59570 INFO heat.engine.environment [-] Registered: [Plugin](User:False) OS::Trove::Cluster ->
2024-12-26 01:40:09.061 59570 INFO heat.engine.environment [-] Registered: [Plugin](User:False) OS::Trove::Instance ->
2024-12-26 01:40:09.061 59570 INFO heat.engine.environment [-] Registered: [Plugin](User:False) OS::Vitrage::Template ->
2024-12-26 01:40:09.061 59570 INFO heat.engine.environment [-] Registered: [Plugin](User:False) OS::Zaqar::Queue ->
2024-12-26 01:40:09.061 59570 INFO heat.engine.environment [-] Registered: [Plugin](User:False) OS::Zaqar::SignedQueueURL ->
2024-12-26 01:40:09.061 59570 INFO heat.engine.environment [-] Registered: [Plugin](User:False) OS::Zaqar::Subscription ->
2024-12-26 01:40:09.061 59570 INFO heat.engine.environment [-] Registered: [Plugin](User:False) OS::Zaqar::MistralTrigger ->
2024-12-26 01:40:09.062 59570 INFO heat.engine.environment [-] Registered: [Wildcard Mapping](User:False) OS::Quantum* -> OS::Neutron*
2024-12-26 01:40:09.062 59570 INFO heat.engine.environment [-] Registered: [Template](User:False) AWS::CloudWatch::Alarm -> file:///etc/heat/templates/AWS_CloudWatch_Alarm.yaml
2024-12-26 01:40:09.062 59570 INFO heat.engine.environment [-] Registered: [Mapping](User:False) OS::Metering::Alarm -> OS::Aodh::Alarm
2024-12-26 01:40:09.062 59570 INFO heat.engine.environment [-] Registered: [Template](User:False) AWS::RDS::DBInstance -> file:///etc/heat/templates/AWS_RDS_DBInstance.yaml
