2024-12-23 00:38:53.314 131067 DEBUG oslo_concurrency.lockutils [req-84a760d9-eefc-4358-a6a2-d24357ce7705 - - - - -] Lock "00000000-0000-0000-0000-000000000000" "released" by "nova.context.set_target_cell..get_or_set_cached_cell_and_set_connections" :: held 0.001s inner /usr/lib/python3/dist-packages/oslo_concurrency/lockutils.py:400
2024-12-23 00:38:53.315 131067 DEBUG oslo_concurrency.lockutils [req-84a760d9-eefc-4358-a6a2-d24357ce7705 - - - - -] Lock "a2c75a80-1889-4752-9d19-e0f9c5187fea" acquired by "nova.context.set_target_cell..get_or_set_cached_cell_and_set_connections" :: waited 0.000s inner /usr/lib/python3/dist-packages/oslo_concurrency/lockutils.py:386
2024-12-23 00:38:53.315 131067 DEBUG oslo_concurrency.lockutils [req-84a760d9-eefc-4358-a6a2-d24357ce7705 - - - - -] Lock "a2c75a80-1889-4752-9d19-e0f9c5187fea" "released" by "nova.context.set_target_cell..get_or_set_cached_cell_and_set_connections" :: held 0.000s inner /usr/lib/python3/dist-packages/oslo_concurrency/lockutils.py:400
2024-12-23 00:38:53.334 131067 DEBUG oslo_db.sqlalchemy.engines [req-84a760d9-eefc-4358-a6a2-d24357ce7705 - - - - -] MySQL server mode set to STRICT_TRANS_TABLES,STRICT_ALL_TABLES,NO_ZERO_IN_DATE,NO_ZERO_DATE,ERROR_FOR_DIVISION_BY_ZERO,TRADITIONAL,NO_ENGINE_SUBSTITUTION _check_effective_sql_mode /usr/lib/python3/dist-packages/oslo_db/sqlalchemy/engines.py:314
2024-12-23 00:38:53.347 131067 DEBUG oslo_concurrency.lockutils [req-84a760d9-eefc-4358-a6a2-d24357ce7705 - - - - -] Acquired lock "singleton_lock" lock /usr/lib/python3/dist-packages/oslo_concurrency/lockutils.py:294
2024-12-23 00:38:53.347 131067 DEBUG oslo_concurrency.lockutils [req-84a760d9-eefc-4358-a6a2-d24357ce7705 - - - - -] Releasing lock "singleton_lock" lock /usr/lib/python3/dist-packages/oslo_concurrency/lockutils.py:312
2024-12-23 00:38:53.348 131067 INFO oslo_service.service [req-84a760d9-eefc-4358-a6a2-d24357ce7705 - - - - -] Starting 4 workers
2024-12-23 00:38:53.352 131067 DEBUG oslo_service.service [req-84a760d9-eefc-4358-a6a2-d24357ce7705 - - - - -] Started child 132041 _start_child /usr/lib/python3/dist-packages/oslo_service/service.py:575
2024-12-23 00:38:53.359 132041 INFO nova.service [-] Starting scheduler node (version 25.2.1)
2024-12-23 00:38:53.361 131067 DEBUG oslo_service.service [req-84a760d9-eefc-4358-a6a2-d24357ce7705 - - - - -] Started child 132043 _start_child /usr/lib/python3/dist-packages/oslo_service/service.py:575
2024-12-23 00:38:53.365 132043 INFO nova.service [-] Starting scheduler node (version 25.2.1)
2024-12-23 00:38:53.368 131067 DEBUG oslo_service.service [req-84a760d9-eefc-4358-a6a2-d24357ce7705 - - - - -] Started child 132048 _start_child /usr/lib/python3/dist-packages/oslo_service/service.py:575
2024-12-23 00:38:53.373 132048 INFO nova.service [-] Starting scheduler node (version 25.2.1)
2024-12-23 00:38:53.376 131067 DEBUG oslo_service.service [req-84a760d9-eefc-4358-a6a2-d24357ce7705 - - - - -] Started child 132049 _start_child /usr/lib/python3/dist-packages/oslo_service/service.py:575
2024-12-23 00:38:53.379 131067 DEBUG oslo_service.service [req-84a760d9-eefc-4358-a6a2-d24357ce7705 - - - - -] Full set of CONF: wait /usr/lib/python3/dist-packages/oslo_service/service.py:649
2024-12-23 00:38:53.379 131067 DEBUG oslo_service.service [req-84a760d9-eefc-4358-a6a2-d24357ce7705 - - - - -] ******************************************************************************** log_opt_values /usr/lib/python3/dist-packages/oslo_config/cfg.py:2589
2024-12-23 00:38:53.380 131067 DEBUG oslo_service.service [req-84a760d9-eefc-4358-a6a2-d24357ce7705 - - - - -] Configuration options gathered from: log_opt_values /usr/lib/python3/dist-packages/oslo_config/cfg.py:2590
2024-12-23 00:38:53.379 132043 DEBUG oslo_db.sqlalchemy.engines [req-48f9385d-e917-4d84-b1a5-f099c9bc141c - - - - -] MySQL server mode set to STRICT_TRANS_TABLES,STRICT_ALL_TABLES,NO_ZERO_IN_DATE,NO_ZERO_DATE,ERROR_FOR_DIVISION_BY_ZERO,TRADITIONAL,NO_ENGINE_SUBSTITUTION _check_effective_sql_mode /usr/lib/python3/dist-packages/oslo_db/sqlalchemy/engines.py:314
2024-12-23 00:38:53.380 131067 DEBUG oslo_service.service [req-84a760d9-eefc-4358-a6a2-d24357ce7705 - - - - -] command line args: ['--config-file=/etc/nova/nova.conf', '--log-file=/var/log/nova/nova-scheduler.log'] log_opt_values /usr/lib/python3/dist-packages/oslo_config/cfg.py:2591
2024-12-23 00:38:53.380 131067 DEBUG oslo_service.service [req-84a760d9-eefc-4358-a6a2-d24357ce7705 - - - - -] config files: ['/etc/nova/nova.conf'] log_opt_values /usr/lib/python3/dist-packages/oslo_config/cfg.py:2592
2024-12-23 00:38:53.381 131067 DEBUG oslo_service.service [req-84a760d9-eefc-4358-a6a2-d24357ce7705 - - - - -] ================================================================================ log_opt_values /usr/lib/python3/dist-packages/oslo_config/cfg.py:2594
2024-12-23 00:38:53.381 131067 DEBUG oslo_service.service [req-84a760d9-eefc-4358-a6a2-d24357ce7705 - - - - -] allow_resize_to_same_host = False log_opt_values /usr/lib/python3/dist-packages/oslo_config/cfg.py:2602
2024-12-23 00:38:53.381 131067 DEBUG oslo_service.service [req-84a760d9-eefc-4358-a6a2-d24357ce7705 - - - - -] arq_binding_timeout = 300 log_opt_values /usr/lib/python3/dist-packages/oslo_config/cfg.py:2602
2024-12-23 00:38:53.382 131067 DEBUG oslo_service.service [req-84a760d9-eefc-4358-a6a2-d24357ce7705 - - - - -] block_device_allocate_retries = 60 log_opt_values /usr/lib/python3/dist-packages/oslo_config/cfg.py:2602
2024-12-23 00:38:53.382 131067 DEBUG oslo_service.service [req-84a760d9-eefc-4358-a6a2-d24357ce7705 - - - - -] block_device_allocate_retries_interval = 3 log_opt_values /usr/lib/python3/dist-packages/oslo_config/cfg.py:2602
2024-12-23 00:38:53.382 131067 DEBUG oslo_service.service [req-84a760d9-eefc-4358-a6a2-d24357ce7705 - - - - -] cert = self.pem log_opt_values /usr/lib/python3/dist-packages/oslo_config/cfg.py:2602
2024-12-23 00:38:53.381 132049 INFO nova.service [-] Starting scheduler node (version 25.2.1)
2024-12-23 00:38:53.382 131067 DEBUG oslo_service.service [req-84a760d9-eefc-4358-a6a2-d24357ce7705 - - - - -] compute_driver = libvirt.LibvirtDriver log_opt_values /usr/lib/python3/dist-packages/oslo_config/cfg.py:2602
2024-12-23 00:38:53.383 131067 DEBUG oslo_service.service [req-84a760d9-eefc-4358-a6a2-d24357ce7705 - - - - -] compute_monitors = [] log_opt_values /usr/lib/python3/dist-packages/oslo_config/cfg.py:2602
2024-12-23 00:38:53.383 131067 DEBUG oslo_service.service [req-84a760d9-eefc-4358-a6a2-d24357ce7705 - - - - -] config_dir = [] log_opt_values /usr/lib/python3/dist-packages/oslo_config/cfg.py:2602
2024-12-23 00:38:53.383 131067 DEBUG oslo_service.service [req-84a760d9-eefc-4358-a6a2-d24357ce7705 - - - - -] config_drive_format = iso9660 log_opt_values /usr/lib/python3/dist-packages/oslo_config/cfg.py:2602
2024-12-23 00:38:53.383 131067 DEBUG oslo_service.service [req-84a760d9-eefc-4358-a6a2-d24357ce7705 - - - - -] config_file = ['/etc/nova/nova.conf'] log_opt_values /usr/lib/python3/dist-packages/oslo_config/cfg.py:2602
2024-12-23 00:38:53.384 131067 DEBUG oslo_service.service [req-84a760d9-eefc-4358-a6a2-d24357ce7705 - - - - -] config_source = [] log_opt_values /usr/lib/python3/dist-packages/oslo_config/cfg.py:2602
2024-12-23 00:38:53.384 131067 DEBUG oslo_service.service [req-84a760d9-eefc-4358-a6a2-d24357ce7705 - - - - -] console_host = juju-b4429a-0-lxd-7 log_opt_values /usr/lib/python3/dist-packages/oslo_config/cfg.py:2602
2024-12-23 00:38:53.384 131067 DEBUG oslo_service.service [req-84a760d9-eefc-4358-a6a2-d24357ce7705 - - - - -] control_exchange = nova log_opt_values /usr/lib/python3/dist-packages/oslo_config/cfg.py:2602
2024-12-23 00:38:53.385 131067 DEBUG oslo_service.service [req-84a760d9-eefc-4358-a6a2-d24357ce7705 - - - - -] cpu_allocation_ratio = 2.0 log_opt_values /usr/lib/python3/dist-packages/oslo_config/cfg.py:2602
2024-12-23 00:38:53.385 131067 DEBUG oslo_service.service [req-84a760d9-eefc-4358-a6a2-d24357ce7705 - - - - -] daemon = False log_opt_values /usr/lib/python3/dist-packages/oslo_config/cfg.py:2602
2024-12-23 00:38:53.385 131067 DEBUG oslo_service.service [req-84a760d9-eefc-4358-a6a2-d24357ce7705 - - - - -] debug = True log_opt_values /usr/lib/python3/dist-packages/oslo_config/cfg.py:2602
2024-12-23 00:38:53.385 131067 DEBUG oslo_service.service [req-84a760d9-eefc-4358-a6a2-d24357ce7705 - - - - -] default_access_ip_network_name = None log_opt_values /usr/lib/python3/dist-packages/oslo_config/cfg.py:2602
2024-12-23 00:38:53.387 131067 DEBUG oslo_service.service [req-84a760d9-eefc-4358-a6a2-d24357ce7705 - - - - -] default_availability_zone = nova log_opt_values /usr/lib/python3/dist-packages/oslo_config/cfg.py:2602
2024-12-23 00:38:53.388 131067 DEBUG oslo_service.service [req-84a760d9-eefc-4358-a6a2-d24357ce7705 - - - - -] default_ephemeral_format = None log_opt_values /usr/lib/python3/dist-packages/oslo_config/cfg.py:2602
2024-12-23 00:38:53.388 131067 DEBUG oslo_service.service [req-84a760d9-eefc-4358-a6a2-d24357ce7705 - - - - -] default_log_levels = ['amqp=WARN', 'amqplib=WARN', 'boto=WARN', 'qpid=WARN', 'sqlalchemy=WARN', 'suds=INFO', 'oslo.messaging=INFO', 'oslo_messaging=DEBUG', 'iso8601=WARN', 'requests.packages.urllib3.connectionpool=WARN', 'urllib3.connectionpool=WARN', 'websocket=WARN', 'requests.packages.urllib3.util.retry=WARN', 'urllib3.util.retry=WARN', 'keystonemiddleware=WARN', 'routes.middleware=WARN', 'stevedore=WARN', 'taskflow=WARN', 'keystoneauth=WARN', 'oslo.cache=INFO', 'dogpile.core.dogpile=INFO', 'glanceclient=WARN', 'oslo.privsep.daemon=INFO'] log_opt_values /usr/lib/python3/dist-packages/oslo_config/cfg.py:2602
2024-12-23 00:38:53.389 131067 DEBUG oslo_service.service [req-84a760d9-eefc-4358-a6a2-d24357ce7705 - - - - -] default_schedule_zone = None log_opt_values /usr/lib/python3/dist-packages/oslo_config/cfg.py:2602
2024-12-23 00:38:53.389 132048 DEBUG oslo_db.sqlalchemy.engines [req-25bf36a4-98d2-4355-bcbb-5ee3e313b429 - - - - -] MySQL server mode set to STRICT_TRANS_TABLES,STRICT_ALL_TABLES,NO_ZERO_IN_DATE,NO_ZERO_DATE,ERROR_FOR_DIVISION_BY_ZERO,TRADITIONAL,NO_ENGINE_SUBSTITUTION _check_effective_sql_mode /usr/lib/python3/dist-packages/oslo_db/sqlalchemy/engines.py:314
2024-12-23 00:38:53.389 131067 DEBUG oslo_service.service [req-84a760d9-eefc-4358-a6a2-d24357ce7705 - - - - -] disk_allocation_ratio = 1.0 log_opt_values /usr/lib/python3/dist-packages/oslo_config/cfg.py:2602
2024-12-23 00:38:53.389 131067 DEBUG oslo_service.service [req-84a760d9-eefc-4358-a6a2-d24357ce7705 - - - - -] enable_new_services = True log_opt_values /usr/lib/python3/dist-packages/oslo_config/cfg.py:2602
2024-12-23 00:38:53.390 131067 DEBUG oslo_service.service [req-84a760d9-eefc-4358-a6a2-d24357ce7705 - - - - -] enabled_apis = ['osapi_compute', 'metadata'] log_opt_values /usr/lib/python3/dist-packages/oslo_config/cfg.py:2602
2024-12-23 00:38:53.390 131067 DEBUG oslo_service.service [req-84a760d9-eefc-4358-a6a2-d24357ce7705 - - - - -] enabled_ssl_apis = [] log_opt_values /usr/lib/python3/dist-packages/oslo_config/cfg.py:2602
2024-12-23 00:38:53.390 131067 DEBUG oslo_service.service [req-84a760d9-eefc-4358-a6a2-d24357ce7705 - - - - -] fatal_deprecations = False log_opt_values /usr/lib/python3/dist-packages/oslo_config/cfg.py:2602
2024-12-23 00:38:53.390 131067 DEBUG oslo_service.service [req-84a760d9-eefc-4358-a6a2-d24357ce7705 - - - - -] flat_injected = False log_opt_values /usr/lib/python3/dist-packages/oslo_config/cfg.py:2602
2024-12-23 00:38:53.390 131067 DEBUG oslo_service.service [req-84a760d9-eefc-4358-a6a2-d24357ce7705 - - - - -] force_config_drive = False log_opt_values /usr/lib/python3/dist-packages/oslo_config/cfg.py:2602
2024-12-23 00:38:53.391 131067 DEBUG oslo_service.service [req-84a760d9-eefc-4358-a6a2-d24357ce7705 - - - - -] force_raw_images = True log_opt_values /usr/lib/python3/dist-packages/oslo_config/cfg.py:2602
2024-12-23 00:38:53.391 131067 DEBUG oslo_service.service [req-84a760d9-eefc-4358-a6a2-d24357ce7705 - - - - -] graceful_shutdown_timeout = 60 log_opt_values /usr/lib/python3/dist-packages/oslo_config/cfg.py:2602
2024-12-23 00:38:53.391 131067 DEBUG oslo_service.service [req-84a760d9-eefc-4358-a6a2-d24357ce7705 - - - - -] heal_instance_info_cache_interval = 60 log_opt_values /usr/lib/python3/dist-packages/oslo_config/cfg.py:2602
2024-12-23 00:38:53.392 131067 DEBUG oslo_service.service [req-84a760d9-eefc-4358-a6a2-d24357ce7705 - - - - -] host = juju-b4429a-0-lxd-7 log_opt_values /usr/lib/python3/dist-packages/oslo_config/cfg.py:2602
2024-12-23 00:38:53.392 131067 DEBUG oslo_service.service [req-84a760d9-eefc-4358-a6a2-d24357ce7705 - - - - -] initial_cpu_allocation_ratio = 16.0 log_opt_values /usr/lib/python3/dist-packages/oslo_config/cfg.py:2602
2024-12-23 00:38:53.392 131067 DEBUG oslo_service.service [req-84a760d9-eefc-4358-a6a2-d24357ce7705 - - - - -] initial_disk_allocation_ratio = 1.0 log_opt_values /usr/lib/python3/dist-packages/oslo_config/cfg.py:2602
2024-12-23 00:38:53.392 132041 DEBUG oslo_db.sqlalchemy.engines [req-aaf558e4-f6fe-428f-8b36-cef7ce81169c - - - - -] MySQL server mode set to STRICT_TRANS_TABLES,STRICT_ALL_TABLES,NO_ZERO_IN_DATE,NO_ZERO_DATE,ERROR_FOR_DIVISION_BY_ZERO,TRADITIONAL,NO_ENGINE_SUBSTITUTION _check_effective_sql_mode /usr/lib/python3/dist-packages/oslo_db/sqlalchemy/engines.py:314
2024-12-23 00:38:53.392 131067 DEBUG oslo_service.service [req-84a760d9-eefc-4358-a6a2-d24357ce7705 - - - - -] initial_ram_allocation_ratio = 1.5 log_opt_values /usr/lib/python3/dist-packages/oslo_config/cfg.py:2602
2024-12-23 00:38:53.393 131067 DEBUG oslo_service.service [req-84a760d9-eefc-4358-a6a2-d24357ce7705 - - - - -] injected_network_template = /usr/lib/python3/dist-packages/nova/virt/interfaces.template log_opt_values /usr/lib/python3/dist-packages/oslo_config/cfg.py:2602
2024-12-23 00:38:53.393 131067 DEBUG oslo_service.service [req-84a760d9-eefc-4358-a6a2-d24357ce7705 - - - - -] instance_build_timeout = 0 log_opt_values /usr/lib/python3/dist-packages/oslo_config/cfg.py:2602
2024-12-23 00:38:53.393 131067 DEBUG oslo_service.service [req-84a760d9-eefc-4358-a6a2-d24357ce7705 - - - - -] instance_delete_interval = 300 log_opt_values /usr/lib/python3/dist-packages/oslo_config/cfg.py:2602
2024-12-23 00:38:53.393 131067 DEBUG oslo_service.service [req-84a760d9-eefc-4358-a6a2-d24357ce7705 - - - - -] instance_format = [instance: %(uuid)s] log_opt_values /usr/lib/python3/dist-packages/oslo_config/cfg.py:2602
2024-12-23 00:38:53.393 131067 DEBUG oslo_service.service [req-84a760d9-eefc-4358-a6a2-d24357ce7705 - - - - -] instance_name_template = instance-%08x log_opt_values /usr/lib/python3/dist-packages/oslo_config/cfg.py:2602
2024-12-23 00:38:53.394 131067 DEBUG oslo_service.service [req-84a760d9-eefc-4358-a6a2-d24357ce7705 - - - - -] instance_usage_audit = False log_opt_values /usr/lib/python3/dist-packages/oslo_config/cfg.py:2602
2024-12-23 00:38:53.394 131067 DEBUG oslo_service.service [req-84a760d9-eefc-4358-a6a2-d24357ce7705 - - - - -] instance_usage_audit_period = month log_opt_values /usr/lib/python3/dist-packages/oslo_config/cfg.py:2602
2024-12-23 00:38:53.394 131067 DEBUG oslo_service.service [req-84a760d9-eefc-4358-a6a2-d24357ce7705 - - - - -] instance_uuid_format = [instance: %(uuid)s] log_opt_values /usr/lib/python3/dist-packages/oslo_config/cfg.py:2602
2024-12-23 00:38:53.394 131067 DEBUG oslo_service.service [req-84a760d9-eefc-4358-a6a2-d24357ce7705 - - - - -] instances_path = /var/lib/nova/instances log_opt_values /usr/lib/python3/dist-packages/oslo_config/cfg.py:2602
2024-12-23 00:38:53.395 131067 DEBUG oslo_service.service [req-84a760d9-eefc-4358-a6a2-d24357ce7705 - - - - -] internal_service_availability_zone = internal log_opt_values /usr/lib/python3/dist-packages/oslo_config/cfg.py:2602
2024-12-23 00:38:53.396 131067 DEBUG oslo_service.service [req-84a760d9-eefc-4358-a6a2-d24357ce7705 - - - - -] key = None log_opt_values /usr/lib/python3/dist-packages/oslo_config/cfg.py:2602
2024-12-23 00:38:53.397 131067 DEBUG oslo_service.service [req-84a760d9-eefc-4358-a6a2-d24357ce7705 - - - - -] live_migration_retry_count = 30 log_opt_values /usr/lib/python3/dist-packages/oslo_config/cfg.py:2602
2024-12-23 00:38:53.397 131067 DEBUG oslo_service.service [req-84a760d9-eefc-4358-a6a2-d24357ce7705 - - - - -] log_config_append = None log_opt_values /usr/lib/python3/dist-packages/oslo_config/cfg.py:2602
2024-12-23 00:38:53.399 131067 DEBUG oslo_service.service [req-84a760d9-eefc-4358-a6a2-d24357ce7705 - - - - -] log_date_format = %Y-%m-%d %H:%M:%S log_opt_values /usr/lib/python3/dist-packages/oslo_config/cfg.py:2602
2024-12-23 00:38:53.401 131067 DEBUG oslo_service.service [req-84a760d9-eefc-4358-a6a2-d24357ce7705 - - - - -] log_dir = /var/log/nova log_opt_values /usr/lib/python3/dist-packages/oslo_config/cfg.py:2602
2024-12-23 00:38:53.402 131067 DEBUG oslo_service.service [req-84a760d9-eefc-4358-a6a2-d24357ce7705 - - - - -] log_file = /var/log/nova/nova-scheduler.log log_opt_values /usr/lib/python3/dist-packages/oslo_config/cfg.py:2602
2024-12-23 00:38:53.403 131067 DEBUG oslo_service.service [req-84a760d9-eefc-4358-a6a2-d24357ce7705 - - - - -] log_options = True log_opt_values /usr/lib/python3/dist-packages/oslo_config/cfg.py:2602
2024-12-23 00:38:53.404 131067 DEBUG oslo_service.service [req-84a760d9-eefc-4358-a6a2-d24357ce7705 - - - - -] log_rotate_interval = 1 log_opt_values /usr/lib/python3/dist-packages/oslo_config/cfg.py:2602
2024-12-23 00:38:53.405 131067 DEBUG oslo_service.service [req-84a760d9-eefc-4358-a6a2-d24357ce7705 - - - - -] log_rotate_interval_type = days log_opt_values /usr/lib/python3/dist-packages/oslo_config/cfg.py:2602
2024-12-23 00:38:53.405 131067 DEBUG oslo_service.service [req-84a760d9-eefc-4358-a6a2-d24357ce7705 - - - - -] log_rotation_type = none log_opt_values /usr/lib/python3/dist-packages/oslo_config/cfg.py:2602
2024-12-23 00:38:53.405 131067 DEBUG oslo_service.service [req-84a760d9-eefc-4358-a6a2-d24357ce7705 - - - - -] logging_context_format_string = %(asctime)s.%(msecs)03d %(process)d %(levelname)s %(name)s [%(request_id)s %(user_identity)s] %(instance)s%(message)s log_opt_values /usr/lib/python3/dist-packages/oslo_config/cfg.py:2602
2024-12-23 00:38:53.406 131067 DEBUG oslo_service.service [req-84a760d9-eefc-4358-a6a2-d24357ce7705 - - - - -] logging_debug_format_suffix = %(funcName)s %(pathname)s:%(lineno)d log_opt_values /usr/lib/python3/dist-packages/oslo_config/cfg.py:2602
2024-12-23 00:38:53.407 131067 DEBUG oslo_service.service [req-84a760d9-eefc-4358-a6a2-d24357ce7705 - - - - -] logging_default_format_string = %(asctime)s.%(msecs)03d %(process)d %(levelname)s %(name)s [-] %(instance)s%(message)s log_opt_values /usr/lib/python3/dist-packages/oslo_config/cfg.py:2602
2024-12-23 00:38:53.407 131067 DEBUG oslo_service.service [req-84a760d9-eefc-4358-a6a2-d24357ce7705 - - - - -] logging_exception_prefix = %(asctime)s.%(msecs)03d %(process)d ERROR %(name)s %(instance)s log_opt_values /usr/lib/python3/dist-packages/oslo_config/cfg.py:2602
2024-12-23 00:38:53.407 131067 DEBUG oslo_service.service [req-84a760d9-eefc-4358-a6a2-d24357ce7705 - - - - -] logging_user_identity_format = %(user)s %(project)s %(domain)s %(user_domain)s %(project_domain)s log_opt_values /usr/lib/python3/dist-packages/oslo_config/cfg.py:2602
2024-12-23 00:38:53.407 131067 DEBUG oslo_service.service [req-84a760d9-eefc-4358-a6a2-d24357ce7705 - - - - -] long_rpc_timeout = 1800 log_opt_values /usr/lib/python3/dist-packages/oslo_config/cfg.py:2602
2024-12-23 00:38:53.408 131067 DEBUG oslo_service.service [req-84a760d9-eefc-4358-a6a2-d24357ce7705 - - - - -] max_concurrent_builds = 10 log_opt_values /usr/lib/python3/dist-packages/oslo_config/cfg.py:2602
2024-12-23 00:38:53.408 132043 DEBUG nova.service [req-48f9385d-e917-4d84-b1a5-f099c9bc141c - - - - -] Creating RPC server for service scheduler start /usr/lib/python3/dist-packages/nova/service.py:182
2024-12-23 00:38:53.408 131067 DEBUG oslo_service.service [req-84a760d9-eefc-4358-a6a2-d24357ce7705 - - - - -] max_concurrent_live_migrations = 1 log_opt_values /usr/lib/python3/dist-packages/oslo_config/cfg.py:2602
2024-12-23 00:38:53.408 131067 DEBUG oslo_service.service [req-84a760d9-eefc-4358-a6a2-d24357ce7705 - - - - -] max_concurrent_snapshots = 5 log_opt_values /usr/lib/python3/dist-packages/oslo_config/cfg.py:2602
2024-12-23 00:38:53.409 131067 DEBUG oslo_service.service [req-84a760d9-eefc-4358-a6a2-d24357ce7705 - - - - -] max_local_block_devices = 3 log_opt_values /usr/lib/python3/dist-packages/oslo_config/cfg.py:2602
2024-12-23 00:38:53.409 131067 DEBUG oslo_service.service [req-84a760d9-eefc-4358-a6a2-d24357ce7705 - - - - -] max_logfile_count = 30 log_opt_values /usr/lib/python3/dist-packages/oslo_config/cfg.py:2602
2024-12-23 00:38:53.409 131067 DEBUG oslo_service.service [req-84a760d9-eefc-4358-a6a2-d24357ce7705 - - - - -] max_logfile_size_mb = 200 log_opt_values /usr/lib/python3/dist-packages/oslo_config/cfg.py:2602
2024-12-23 00:38:53.409 132048 DEBUG nova.service [req-25bf36a4-98d2-4355-bcbb-5ee3e313b429 - - - - -] Creating RPC server for service scheduler start /usr/lib/python3/dist-packages/nova/service.py:182
2024-12-23 00:38:53.409 131067 DEBUG oslo_service.service [req-84a760d9-eefc-4358-a6a2-d24357ce7705 - - - - -] maximum_instance_delete_attempts = 5 log_opt_values /usr/lib/python3/dist-packages/oslo_config/cfg.py:2602
2024-12-23 00:38:53.410 131067 DEBUG oslo_service.service [req-84a760d9-eefc-4358-a6a2-d24357ce7705 - - - - -] metadata_listen = 0.0.0.0 log_opt_values /usr/lib/python3/dist-packages/oslo_config/cfg.py:2602
2024-12-23 00:38:53.410 131067 DEBUG oslo_service.service [req-84a760d9-eefc-4358-a6a2-d24357ce7705 - - - - -] metadata_listen_port = 8765 log_opt_values /usr/lib/python3/dist-packages/oslo_config/cfg.py:2602
2024-12-23 00:38:53.410 131067 DEBUG oslo_service.service [req-84a760d9-eefc-4358-a6a2-d24357ce7705 - - - - -] metadata_workers = None log_opt_values /usr/lib/python3/dist-packages/oslo_config/cfg.py:2602
2024-12-23 00:38:53.410 131067 DEBUG oslo_service.service [req-84a760d9-eefc-4358-a6a2-d24357ce7705 - - - - -] migrate_max_retries = -1 log_opt_values /usr/lib/python3/dist-packages/oslo_config/cfg.py:2602
2024-12-23 00:38:53.411 131067 DEBUG oslo_service.service [req-84a760d9-eefc-4358-a6a2-d24357ce7705 - - - - -] mkisofs_cmd = genisoimage log_opt_values /usr/lib/python3/dist-packages/oslo_config/cfg.py:2602
2024-12-23 00:38:53.411 131067 DEBUG oslo_service.service [req-84a760d9-eefc-4358-a6a2-d24357ce7705 - - - - -] my_block_storage_ip = 252.12.127.24 log_opt_values /usr/lib/python3/dist-packages/oslo_config/cfg.py:2602
2024-12-23 00:38:53.411 131067 DEBUG oslo_service.service [req-84a760d9-eefc-4358-a6a2-d24357ce7705 - - - - -] my_ip = 252.12.127.24 log_opt_values /usr/lib/python3/dist-packages/oslo_config/cfg.py:2602
2024-12-23 00:38:53.412 131067 DEBUG oslo_service.service [req-84a760d9-eefc-4358-a6a2-d24357ce7705 - - - - -] network_allocate_retries = 0 log_opt_values /usr/lib/python3/dist-packages/oslo_config/cfg.py:2602
2024-12-23 00:38:53.412 131067 DEBUG oslo_service.service [req-84a760d9-eefc-4358-a6a2-d24357ce7705 - - - - -] non_inheritable_image_properties = ['cache_in_nova', 'bittorrent'] log_opt_values /usr/lib/python3/dist-packages/oslo_config/cfg.py:2602
2024-12-23 00:38:53.412 131067 DEBUG oslo_service.service [req-84a760d9-eefc-4358-a6a2-d24357ce7705 - - - - -] osapi_compute_listen = 0.0.0.0 log_opt_values /usr/lib/python3/dist-packages/oslo_config/cfg.py:2602
2024-12-23 00:38:53.412 131067 DEBUG oslo_service.service [req-84a760d9-eefc-4358-a6a2-d24357ce7705 - - - - -] osapi_compute_listen_port = 8764 log_opt_values /usr/lib/python3/dist-packages/oslo_config/cfg.py:2602
2024-12-23 00:38:53.413 131067 DEBUG oslo_service.service [req-84a760d9-eefc-4358-a6a2-d24357ce7705 - - - - -] osapi_compute_unique_server_name_scope = log_opt_values /usr/lib/python3/dist-packages/oslo_config/cfg.py:2602
2024-12-23 00:38:53.413 131067 DEBUG oslo_service.service [req-84a760d9-eefc-4358-a6a2-d24357ce7705 - - - - -] osapi_compute_workers = 4 log_opt_values /usr/lib/python3/dist-packages/oslo_config/cfg.py:2602
2024-12-23 00:38:53.413 131067 DEBUG oslo_service.service [req-84a760d9-eefc-4358-a6a2-d24357ce7705 - - - - -] password_length = 12 log_opt_values /usr/lib/python3/dist-packages/oslo_config/cfg.py:2602
2024-12-23 00:38:53.413 131067 DEBUG oslo_service.service [req-84a760d9-eefc-4358-a6a2-d24357ce7705 - - - - -] periodic_enable = True log_opt_values /usr/lib/python3/dist-packages/oslo_config/cfg.py:2602
2024-12-23 00:38:53.414 131067 DEBUG oslo_service.service [req-84a760d9-eefc-4358-a6a2-d24357ce7705 - - - - -] periodic_fuzzy_delay = 60 log_opt_values /usr/lib/python3/dist-packages/oslo_config/cfg.py:2602
2024-12-23 00:38:53.414 131067 DEBUG oslo_service.service [req-84a760d9-eefc-4358-a6a2-d24357ce7705 - - - - -] pointer_model = usbtablet log_opt_values /usr/lib/python3/dist-packages/oslo_config/cfg.py:2602
2024-12-23 00:38:53.414 131067 DEBUG oslo_service.service [req-84a760d9-eefc-4358-a6a2-d24357ce7705 - - - - -] preallocate_images = none log_opt_values /usr/lib/python3/dist-packages/oslo_config/cfg.py:2602
2024-12-23 00:38:53.414 131067 DEBUG oslo_service.service [req-84a760d9-eefc-4358-a6a2-d24357ce7705 - - - - -] publish_errors = False log_opt_values /usr/lib/python3/dist-packages/oslo_config/cfg.py:2602
2024-12-23 00:38:53.414 131067 DEBUG oslo_service.service [req-84a760d9-eefc-4358-a6a2-d24357ce7705 - - - - -] pybasedir = /usr/lib/python3/dist-packages log_opt_values /usr/lib/python3/dist-packages/oslo_config/cfg.py:2602
2024-12-23 00:38:53.415 131067 DEBUG oslo_service.service [req-84a760d9-eefc-4358-a6a2-d24357ce7705 - - - - -] ram_allocation_ratio = 0.98 log_opt_values /usr/lib/python3/dist-packages/oslo_config/cfg.py:2602
2024-12-23 00:38:53.416 131067 DEBUG oslo_service.service [req-84a760d9-eefc-4358-a6a2-d24357ce7705 - - - - -] rate_limit_burst = 0 log_opt_values /usr/lib/python3/dist-packages/oslo_config/cfg.py:2602
2024-12-23 00:38:53.416 131067 DEBUG oslo_service.service [req-84a760d9-eefc-4358-a6a2-d24357ce7705 - - - - -] rate_limit_except_level = CRITICAL log_opt_values /usr/lib/python3/dist-packages/oslo_config/cfg.py:2602
2024-12-23 00:38:53.416 131067 DEBUG oslo_service.service [req-84a760d9-eefc-4358-a6a2-d24357ce7705 - - - - -] rate_limit_interval = 0 log_opt_values /usr/lib/python3/dist-packages/oslo_config/cfg.py:2602
2024-12-23 00:38:53.416 131067 DEBUG oslo_service.service [req-84a760d9-eefc-4358-a6a2-d24357ce7705 - - - - -] reboot_timeout = 0 log_opt_values /usr/lib/python3/dist-packages/oslo_config/cfg.py:2602
2024-12-23 00:38:53.417 131067 DEBUG oslo_service.service [req-84a760d9-eefc-4358-a6a2-d24357ce7705 - - - - -] reclaim_instance_interval = 0 log_opt_values /usr/lib/python3/dist-packages/oslo_config/cfg.py:2602
2024-12-23 00:38:53.417 131067 DEBUG oslo_service.service [req-84a760d9-eefc-4358-a6a2-d24357ce7705 - - - - -] record = None log_opt_values /usr/lib/python3/dist-packages/oslo_config/cfg.py:2602
2024-12-23 00:38:53.417 131067 DEBUG oslo_service.service [req-84a760d9-eefc-4358-a6a2-d24357ce7705 - - - - -] report_interval = 10 log_opt_values /usr/lib/python3/dist-packages/oslo_config/cfg.py:2602
2024-12-23 00:38:53.417 131067 DEBUG oslo_service.service [req-84a760d9-eefc-4358-a6a2-d24357ce7705 - - - - -] rescue_timeout = 0 log_opt_values /usr/lib/python3/dist-packages/oslo_config/cfg.py:2602
2024-12-23 00:38:53.418 131067 DEBUG oslo_service.service [req-84a760d9-eefc-4358-a6a2-d24357ce7705 - - - - -] reserved_host_cpus = 0 log_opt_values /usr/lib/python3/dist-packages/oslo_config/cfg.py:2602
2024-12-23 00:38:53.418 131067 DEBUG oslo_service.service [req-84a760d9-eefc-4358-a6a2-d24357ce7705 - - - - -] reserved_host_disk_mb = 0 log_opt_values /usr/lib/python3/dist-packages/oslo_config/cfg.py:2602
2024-12-23 00:38:53.418 131067 DEBUG oslo_service.service [req-84a760d9-eefc-4358-a6a2-d24357ce7705 - - - - -] reserved_host_memory_mb = 512 log_opt_values /usr/lib/python3/dist-packages/oslo_config/cfg.py:2602
2024-12-23 00:38:53.418 131067 DEBUG oslo_service.service [req-84a760d9-eefc-4358-a6a2-d24357ce7705 - - - - -] reserved_huge_pages = None log_opt_values /usr/lib/python3/dist-packages/oslo_config/cfg.py:2602
2024-12-23 00:38:53.419 131067 DEBUG oslo_service.service [req-84a760d9-eefc-4358-a6a2-d24357ce7705 - - - - -] resize_confirm_window = 0 log_opt_values /usr/lib/python3/dist-packages/oslo_config/cfg.py:2602
2024-12-23 00:38:53.419 131067 DEBUG oslo_service.service [req-84a760d9-eefc-4358-a6a2-d24357ce7705 - - - - -] resize_fs_using_block_device = False log_opt_values /usr/lib/python3/dist-packages/oslo_config/cfg.py:2602
2024-12-23 00:38:53.419 131067 DEBUG oslo_service.service [req-84a760d9-eefc-4358-a6a2-d24357ce7705 - - - - -] resume_guests_state_on_host_boot = False log_opt_values /usr/lib/python3/dist-packages/oslo_config/cfg.py:2602
2024-12-23 00:38:53.420 131067 DEBUG oslo_service.service [req-84a760d9-eefc-4358-a6a2-d24357ce7705 - - - - -] rootwrap_config = /etc/nova/rootwrap.conf log_opt_values /usr/lib/python3/dist-packages/oslo_config/cfg.py:2602
2024-12-23 00:38:53.420 131067 DEBUG oslo_service.service [req-84a760d9-eefc-4358-a6a2-d24357ce7705 - - - - -] run_external_periodic_tasks = True log_opt_values /usr/lib/python3/dist-packages/oslo_config/cfg.py:2602
2024-12-23 00:38:53.420 131067 DEBUG oslo_service.service [req-84a760d9-eefc-4358-a6a2-d24357ce7705 - - - - -] running_deleted_instance_action = reap log_opt_values /usr/lib/python3/dist-packages/oslo_config/cfg.py:2602
2024-12-23 00:38:53.421 131067 DEBUG oslo_service.service [req-84a760d9-eefc-4358-a6a2-d24357ce7705 - - - - -] running_deleted_instance_poll_interval = 1800 log_opt_values /usr/lib/python3/dist-packages/oslo_config/cfg.py:2602
2024-12-23 00:38:53.421 131067 DEBUG oslo_service.service [req-84a760d9-eefc-4358-a6a2-d24357ce7705 - - - - -] running_deleted_instance_timeout = 0 log_opt_values /usr/lib/python3/dist-packages/oslo_config/cfg.py:2602
2024-12-23 00:38:53.421 131067 DEBUG oslo_service.service [req-84a760d9-eefc-4358-a6a2-d24357ce7705 - - - - -] scheduler_instance_sync_interval = 120 log_opt_values /usr/lib/python3/dist-packages/oslo_config/cfg.py:2602
2024-12-23 00:38:53.421 131067 DEBUG oslo_service.service [req-84a760d9-eefc-4358-a6a2-d24357ce7705 - - - - -] service_down_time = 60 log_opt_values /usr/lib/python3/dist-packages/oslo_config/cfg.py:2602
2024-12-23 00:38:53.422 131067 DEBUG oslo_service.service [req-84a760d9-eefc-4358-a6a2-d24357ce7705 - - - - -] servicegroup_driver = db log_opt_values /usr/lib/python3/dist-packages/oslo_config/cfg.py:2602
2024-12-23 00:38:53.422 131067 DEBUG oslo_service.service [req-84a760d9-eefc-4358-a6a2-d24357ce7705 - - - - -] shelved_offload_time = 0 log_opt_values /usr/lib/python3/dist-packages/oslo_config/cfg.py:2602
2024-12-23 00:38:53.422 131067 DEBUG oslo_service.service [req-84a760d9-eefc-4358-a6a2-d24357ce7705 - - - - -] shelved_poll_interval = 3600 log_opt_values /usr/lib/python3/dist-packages/oslo_config/cfg.py:2602
2024-12-23 00:38:53.423 131067 DEBUG oslo_service.service [req-84a760d9-eefc-4358-a6a2-d24357ce7705 - - - - -] shutdown_timeout = 60 log_opt_values /usr/lib/python3/dist-packages/oslo_config/cfg.py:2602
2024-12-23 00:38:53.423 131067 DEBUG oslo_service.service [req-84a760d9-eefc-4358-a6a2-d24357ce7705 - - - - -] source_is_ipv6 = False log_opt_values /usr/lib/python3/dist-packages/oslo_config/cfg.py:2602
2024-12-23 00:38:53.423 131067 DEBUG oslo_service.service [req-84a760d9-eefc-4358-a6a2-d24357ce7705 - - - - -] ssl_only = False log_opt_values /usr/lib/python3/dist-packages/oslo_config/cfg.py:2602
2024-12-23 00:38:53.423 132049 DEBUG oslo_db.sqlalchemy.engines [req-a3291dc9-372e-4171-91f3-cd3ab6d0e86d - - - - -] MySQL server mode set to STRICT_TRANS_TABLES,STRICT_ALL_TABLES,NO_ZERO_IN_DATE,NO_ZERO_DATE,ERROR_FOR_DIVISION_BY_ZERO,TRADITIONAL,NO_ENGINE_SUBSTITUTION _check_effective_sql_mode /usr/lib/python3/dist-packages/oslo_db/sqlalchemy/engines.py:314
2024-12-23 00:38:53.423 131067 DEBUG oslo_service.service [req-84a760d9-eefc-4358-a6a2-d24357ce7705 - - - - -] state_path = /var/lib/nova log_opt_values /usr/lib/python3/dist-packages/oslo_config/cfg.py:2602
2024-12-23 00:38:53.423 131067 DEBUG oslo_service.service [req-84a760d9-eefc-4358-a6a2-d24357ce7705 - - - - -] sync_power_state_interval = 600 log_opt_values /usr/lib/python3/dist-packages/oslo_config/cfg.py:2602
2024-12-23 00:38:53.423 132041 DEBUG nova.service [req-aaf558e4-f6fe-428f-8b36-cef7ce81169c - - - - -] Creating RPC server for service scheduler start /usr/lib/python3/dist-packages/nova/service.py:182
2024-12-23 00:38:53.423 131067 DEBUG oslo_service.service [req-84a760d9-eefc-4358-a6a2-d24357ce7705 - - - - -] sync_power_state_pool_size = 1000 log_opt_values /usr/lib/python3/dist-packages/oslo_config/cfg.py:2602
2024-12-23 00:38:53.424 131067 DEBUG oslo_service.service [req-84a760d9-eefc-4358-a6a2-d24357ce7705 - - - - -] syslog_log_facility = LOG_USER log_opt_values /usr/lib/python3/dist-packages/oslo_config/cfg.py:2602
2024-12-23 00:38:53.424 131067 DEBUG oslo_service.service [req-84a760d9-eefc-4358-a6a2-d24357ce7705 - - - - -] tempdir = None log_opt_values /usr/lib/python3/dist-packages/oslo_config/cfg.py:2602
2024-12-23 00:38:53.426 131067 DEBUG oslo_service.service [req-84a760d9-eefc-4358-a6a2-d24357ce7705 - - - - -] timeout_nbd = 10 log_opt_values /usr/lib/python3/dist-packages/oslo_config/cfg.py:2602
2024-12-23 00:38:53.426 131067 DEBUG oslo_service.service [req-84a760d9-eefc-4358-a6a2-d24357ce7705 - - - - -] transport_url = **** log_opt_values /usr/lib/python3/dist-packages/oslo_config/cfg.py:2602
2024-12-23 00:38:53.426 131067 DEBUG oslo_service.service [req-84a760d9-eefc-4358-a6a2-d24357ce7705 - - - - -] update_resources_interval = 0 log_opt_values /usr/lib/python3/dist-packages/oslo_config/cfg.py:2602
2024-12-23 00:38:53.427 131067 DEBUG oslo_service.service [req-84a760d9-eefc-4358-a6a2-d24357ce7705 - - - - -] use_cow_images = True log_opt_values /usr/lib/python3/dist-packages/oslo_config/cfg.py:2602
2024-12-23 00:38:53.428 131067 DEBUG oslo_service.service [req-84a760d9-eefc-4358-a6a2-d24357ce7705 - - - - -] use_eventlog = False log_opt_values /usr/lib/python3/dist-packages/oslo_config/cfg.py:2602
2024-12-23 00:38:53.428 131067 DEBUG oslo_service.service [req-84a760d9-eefc-4358-a6a2-d24357ce7705 - - - - -] use_journal = False log_opt_values /usr/lib/python3/dist-packages/oslo_config/cfg.py:2602
2024-12-23 00:38:53.429 131067 DEBUG oslo_service.service [req-84a760d9-eefc-4358-a6a2-d24357ce7705 - - - - -] use_json = False log_opt_values /usr/lib/python3/dist-packages/oslo_config/cfg.py:2602
2024-12-23 00:38:53.429 131067 DEBUG oslo_service.service [req-84a760d9-eefc-4358-a6a2-d24357ce7705 - - - - -] use_rootwrap_daemon = False log_opt_values /usr/lib/python3/dist-packages/oslo_config/cfg.py:2602
2024-12-23 00:38:53.429 131067 DEBUG oslo_service.service [req-84a760d9-eefc-4358-a6a2-d24357ce7705 - - - - -] use_stderr = False log_opt_values /usr/lib/python3/dist-packages/oslo_config/cfg.py:2602
2024-12-23 00:38:53.429 131067 DEBUG oslo_service.service [req-84a760d9-eefc-4358-a6a2-d24357ce7705 - - - - -] use_syslog = False log_opt_values /usr/lib/python3/dist-packages/oslo_config/cfg.py:2602
2024-12-23 00:38:53.430 131067 DEBUG oslo_service.service [req-84a760d9-eefc-4358-a6a2-d24357ce7705 - - - - -] vcpu_pin_set = None log_opt_values /usr/lib/python3/dist-packages/oslo_config/cfg.py:2602
2024-12-23 00:38:53.430 131067 DEBUG oslo_service.service [req-84a760d9-eefc-4358-a6a2-d24357ce7705 - - - - -] vif_plugging_is_fatal = True log_opt_values /usr/lib/python3/dist-packages/oslo_config/cfg.py:2602
2024-12-23 00:38:53.431 131067 DEBUG oslo_service.service [req-84a760d9-eefc-4358-a6a2-d24357ce7705 - - - - -] vif_plugging_timeout = 300 log_opt_values /usr/lib/python3/dist-packages/oslo_config/cfg.py:2602
2024-12-23 00:38:53.431 131067 DEBUG oslo_service.service [req-84a760d9-eefc-4358-a6a2-d24357ce7705 - - - - -] virt_mkfs = [] log_opt_values /usr/lib/python3/dist-packages/oslo_config/cfg.py:2602
2024-12-23 00:38:53.431 131067 DEBUG oslo_service.service [req-84a760d9-eefc-4358-a6a2-d24357ce7705 - - - - -] volume_usage_poll_interval = 0 log_opt_values /usr/lib/python3/dist-packages/oslo_config/cfg.py:2602
2024-12-23 00:38:53.432 131067 DEBUG oslo_service.service [req-84a760d9-eefc-4358-a6a2-d24357ce7705 - - - - -] watch_log_file = False log_opt_values /usr/lib/python3/dist-packages/oslo_config/cfg.py:2602
2024-12-23 00:38:53.432 131067 DEBUG oslo_service.service [req-84a760d9-eefc-4358-a6a2-d24357ce7705 - - - - -] web = /usr/share/spice-html5 log_opt_values /usr/lib/python3/dist-packages/oslo_config/cfg.py:2602
2024-12-23 00:38:53.432 131067 DEBUG oslo_service.service [req-84a760d9-eefc-4358-a6a2-d24357ce7705 - - - - -] oslo_concurrency.disable_process_locking = False log_opt_values /usr/lib/python3/dist-packages/oslo_config/cfg.py:2609
2024-12-23 00:38:53.434 131067 DEBUG oslo_service.service [req-84a760d9-eefc-4358-a6a2-d24357ce7705 - - - - -] oslo_concurrency.lock_path = /var/lock/nova log_opt_values /usr/lib/python3/dist-packages/oslo_config/cfg.py:2609
2024-12-23 00:38:53.439 131067 WARNING oslo_config.cfg [req-84a760d9-eefc-4358-a6a2-d24357ce7705 - - - - -] Deprecated: Option "auth_strategy" from group "api" is deprecated for removal ( The only non-default choice, ``noauth2``, is for internal development and testing purposes only and should not be used in deployments. This option and its middleware, NoAuthMiddleware[V2_18], will be removed in a future release. ). Its value may be silently ignored in the future.
2024-12-23 00:38:53.439 132048 DEBUG oslo_messaging._drivers.amqpdriver [-] Listener is running poll /usr/lib/python3/dist-packages/oslo_messaging/_drivers/amqpdriver.py:343
2024-12-23 00:38:53.440 132049 DEBUG nova.service [req-a3291dc9-372e-4171-91f3-cd3ab6d0e86d - - - - -] Creating RPC server for service scheduler start /usr/lib/python3/dist-packages/nova/service.py:182
2024-12-23 00:38:53.440 132048 DEBUG oslo_messaging._drivers.amqpdriver [-] AMQPListener connection consume poll /usr/lib/python3/dist-packages/oslo_messaging/_drivers/amqpdriver.py:357
2024-12-23 00:38:53.440 131067 DEBUG oslo_service.service [req-84a760d9-eefc-4358-a6a2-d24357ce7705 - - - - -] api.auth_strategy = keystone log_opt_values /usr/lib/python3/dist-packages/oslo_config/cfg.py:2609
2024-12-23 00:38:53.440 131067 DEBUG oslo_service.service [req-84a760d9-eefc-4358-a6a2-d24357ce7705 - - - - -] api.compute_link_prefix = None log_opt_values /usr/lib/python3/dist-packages/oslo_config/cfg.py:2609
2024-12-23 00:38:53.440 132043 DEBUG oslo_messaging._drivers.amqpdriver [-] Listener is running poll /usr/lib/python3/dist-packages/oslo_messaging/_drivers/amqpdriver.py:343
2024-12-23 00:38:53.440 131067 DEBUG oslo_service.service [req-84a760d9-eefc-4358-a6a2-d24357ce7705 - - - - -] api.config_drive_skip_versions = 1.0 2007-01-19 2007-03-01 2007-08-29 2007-10-10 2007-12-15 2008-02-01 2008-09-01 log_opt_values /usr/lib/python3/dist-packages/oslo_config/cfg.py:2609
2024-12-23 00:38:53.441 132043 DEBUG oslo_messaging._drivers.amqpdriver [-] AMQPListener connection consume poll /usr/lib/python3/dist-packages/oslo_messaging/_drivers/amqpdriver.py:357
2024-12-23 00:38:53.441 131067 DEBUG oslo_service.service [req-84a760d9-eefc-4358-a6a2-d24357ce7705 - - - - -] api.dhcp_domain = novalocal log_opt_values /usr/lib/python3/dist-packages/oslo_config/cfg.py:2609
2024-12-23 00:38:53.440 132048 DEBUG nova.service [req-25bf36a4-98d2-4355-bcbb-5ee3e313b429 - - - - -] Join ServiceGroup membership for this service scheduler start /usr/lib/python3/dist-packages/nova/service.py:199
2024-12-23 00:38:53.441 131067 DEBUG oslo_service.service [req-84a760d9-eefc-4358-a6a2-d24357ce7705 - - - - -] api.enable_instance_password = True log_opt_values /usr/lib/python3/dist-packages/oslo_config/cfg.py:2609
2024-12-23 00:38:53.441 132048 DEBUG nova.servicegroup.drivers.db [req-25bf36a4-98d2-4355-bcbb-5ee3e313b429 - - - - -] DB_Driver: join new ServiceGroup member juju-b4429a-0-lxd-7 to the scheduler group, service = join /usr/lib/python3/dist-packages/nova/servicegroup/drivers/db.py:44
2024-12-23 00:38:53.441 132043 DEBUG nova.service [req-48f9385d-e917-4d84-b1a5-f099c9bc141c - - - - -] Join ServiceGroup membership for this service scheduler start /usr/lib/python3/dist-packages/nova/service.py:199
2024-12-23 00:38:53.441 131067 DEBUG oslo_service.service [req-84a760d9-eefc-4358-a6a2-d24357ce7705 - - - - -] api.glance_link_prefix = None log_opt_values /usr/lib/python3/dist-packages/oslo_config/cfg.py:2609
2024-12-23 00:38:53.442 131067 DEBUG oslo_service.service [req-84a760d9-eefc-4358-a6a2-d24357ce7705 - - - - -] api.instance_list_cells_batch_fixed_size = 100 log_opt_values /usr/lib/python3/dist-packages/oslo_config/cfg.py:2609
2024-12-23 00:38:53.442 131067 DEBUG oslo_service.service [req-84a760d9-eefc-4358-a6a2-d24357ce7705 - - - - -] api.instance_list_cells_batch_strategy = distributed log_opt_values /usr/lib/python3/dist-packages/oslo_config/cfg.py:2609
2024-12-23 00:38:53.442 132043 DEBUG nova.servicegroup.drivers.db [req-48f9385d-e917-4d84-b1a5-f099c9bc141c - - - - -] DB_Driver: join new ServiceGroup member juju-b4429a-0-lxd-7 to the scheduler group, service = join /usr/lib/python3/dist-packages/nova/servicegroup/drivers/db.py:44
2024-12-23 00:38:53.442 131067 DEBUG oslo_service.service [req-84a760d9-eefc-4358-a6a2-d24357ce7705 - - - - -] api.instance_list_per_project_cells = False log_opt_values /usr/lib/python3/dist-packages/oslo_config/cfg.py:2609
2024-12-23 00:38:53.443 131067 DEBUG oslo_service.service [req-84a760d9-eefc-4358-a6a2-d24357ce7705 - - - - -] api.list_records_by_skipping_down_cells = True log_opt_values /usr/lib/python3/dist-packages/oslo_config/cfg.py:2609
2024-12-23 00:38:53.443 131067 DEBUG oslo_service.service [req-84a760d9-eefc-4358-a6a2-d24357ce7705 - - - - -] api.local_metadata_per_cell = False log_opt_values /usr/lib/python3/dist-packages/oslo_config/cfg.py:2609
2024-12-23 00:38:53.443 131067 DEBUG oslo_service.service [req-84a760d9-eefc-4358-a6a2-d24357ce7705 - - - - -] api.max_limit = 1000 log_opt_values /usr/lib/python3/dist-packages/oslo_config/cfg.py:2609
2024-12-23 00:38:53.443 132048 DEBUG oslo_messaging._drivers.amqpdriver [-] AMQPListener connection timeout poll /usr/lib/python3/dist-packages/oslo_messaging/_drivers/amqpdriver.py:360
2024-12-23 00:38:53.444 132048 DEBUG oslo_messaging._drivers.amqpdriver [-] Listener is running poll /usr/lib/python3/dist-packages/oslo_messaging/_drivers/amqpdriver.py:343
2024-12-23 00:38:53.444 131067 DEBUG oslo_service.service [req-84a760d9-eefc-4358-a6a2-d24357ce7705 - - - - -] api.metadata_cache_expiration = 15 log_opt_values /usr/lib/python3/dist-packages/oslo_config/cfg.py:2609
2024-12-23 00:38:53.444 132048 DEBUG oslo_messaging._drivers.amqpdriver [-] AMQPListener connection consume poll /usr/lib/python3/dist-packages/oslo_messaging/_drivers/amqpdriver.py:357
2024-12-23 00:38:53.444 131067 DEBUG oslo_service.service [req-84a760d9-eefc-4358-a6a2-d24357ce7705 - - - - -] api.neutron_default_tenant_id = default log_opt_values /usr/lib/python3/dist-packages/oslo_config/cfg.py:2609
2024-12-23 00:38:53.444 131067 DEBUG oslo_service.service [req-84a760d9-eefc-4358-a6a2-d24357ce7705 - - - - -] api.use_forwarded_for = False log_opt_values /usr/lib/python3/dist-packages/oslo_config/cfg.py:2609
2024-12-23 00:38:53.444 131067 DEBUG oslo_service.service [req-84a760d9-eefc-4358-a6a2-d24357ce7705 - - - - -] api.use_neutron_default_nets = False log_opt_values /usr/lib/python3/dist-packages/oslo_config/cfg.py:2609
2024-12-23 00:38:53.445 131067 DEBUG oslo_service.service [req-84a760d9-eefc-4358-a6a2-d24357ce7705 - - - - -] api.vendordata_dynamic_connect_timeout = 5 log_opt_values /usr/lib/python3/dist-packages/oslo_config/cfg.py:2609
2024-12-23 00:38:53.445 132043 DEBUG oslo_messaging._drivers.amqpdriver [-] AMQPListener connection timeout poll /usr/lib/python3/dist-packages/oslo_messaging/_drivers/amqpdriver.py:360
2024-12-23 00:38:53.445 132043 DEBUG oslo_messaging._drivers.amqpdriver [-] Listener is running poll /usr/lib/python3/dist-packages/oslo_messaging/_drivers/amqpdriver.py:343
2024-12-23 00:38:53.445 131067 DEBUG oslo_service.service [req-84a760d9-eefc-4358-a6a2-d24357ce7705 - - - - -] api.vendordata_dynamic_failure_fatal = False log_opt_values /usr/lib/python3/dist-packages/oslo_config/cfg.py:2609
2024-12-23 00:38:53.445 132043 DEBUG oslo_messaging._drivers.amqpdriver [-] AMQPListener connection consume poll /usr/lib/python3/dist-packages/oslo_messaging/_drivers/amqpdriver.py:357
2024-12-23 00:38:53.445 131067 DEBUG oslo_service.service [req-84a760d9-eefc-4358-a6a2-d24357ce7705 - - - - -] api.vendordata_dynamic_read_timeout = 5 log_opt_values /usr/lib/python3/dist-packages/oslo_config/cfg.py:2609
2024-12-23 00:38:53.445 131067 DEBUG oslo_service.service [req-84a760d9-eefc-4358-a6a2-d24357ce7705 - - - - -] api.vendordata_dynamic_ssl_certfile = log_opt_values /usr/lib/python3/dist-packages/oslo_config/cfg.py:2609
2024-12-23 00:38:53.445 131067 DEBUG oslo_service.service [req-84a760d9-eefc-4358-a6a2-d24357ce7705 - - - - -] api.vendordata_dynamic_targets = [] log_opt_values /usr/lib/python3/dist-packages/oslo_config/cfg.py:2609
2024-12-23 00:38:53.446 131067 DEBUG oslo_service.service [req-84a760d9-eefc-4358-a6a2-d24357ce7705 - - - - -] api.vendordata_jsonfile_path = None log_opt_values /usr/lib/python3/dist-packages/oslo_config/cfg.py:2609
2024-12-23 00:38:53.446 131067 DEBUG oslo_service.service [req-84a760d9-eefc-4358-a6a2-d24357ce7705 - - - - -] api.vendordata_providers = ['StaticJSON'] log_opt_values /usr/lib/python3/dist-packages/oslo_config/cfg.py:2609
2024-12-23 00:38:53.447 131067 DEBUG oslo_service.service [req-84a760d9-eefc-4358-a6a2-d24357ce7705 - - - - -] cache.backend = dogpile.cache.null log_opt_values /usr/lib/python3/dist-packages/oslo_config/cfg.py:2609
2024-12-23 00:38:53.447 131067 DEBUG oslo_service.service [req-84a760d9-eefc-4358-a6a2-d24357ce7705 - - - - -] cache.backend_argument = **** log_opt_values /usr/lib/python3/dist-packages/oslo_config/cfg.py:2609
2024-12-23 00:38:53.447 131067 DEBUG oslo_service.service [req-84a760d9-eefc-4358-a6a2-d24357ce7705 - - - - -] cache.config_prefix = cache.oslo log_opt_values /usr/lib/python3/dist-packages/oslo_config/cfg.py:2609
2024-12-23 00:38:53.447 131067 DEBUG oslo_service.service [req-84a760d9-eefc-4358-a6a2-d24357ce7705 - - - - -] cache.debug_cache_backend = False log_opt_values /usr/lib/python3/dist-packages/oslo_config/cfg.py:2609
2024-12-23 00:38:53.448 131067 DEBUG oslo_service.service [req-84a760d9-eefc-4358-a6a2-d24357ce7705 - - - - -] cache.enabled = False log_opt_values /usr/lib/python3/dist-packages/oslo_config/cfg.py:2609
2024-12-23 00:38:53.448 131067 DEBUG oslo_service.service [req-84a760d9-eefc-4358-a6a2-d24357ce7705 - - - - -] cache.expiration_time = 600 log_opt_values /usr/lib/python3/dist-packages/oslo_config/cfg.py:2609
2024-12-23 00:38:53.448 131067 DEBUG oslo_service.service [req-84a760d9-eefc-4358-a6a2-d24357ce7705 - - - - -] cache.memcache_dead_retry = 300 log_opt_values /usr/lib/python3/dist-packages/oslo_config/cfg.py:2609
2024-12-23 00:38:53.448 131067 DEBUG oslo_service.service [req-84a760d9-eefc-4358-a6a2-d24357ce7705 - - - - -] cache.memcache_pool_connection_get_timeout = 10 log_opt_values /usr/lib/python3/dist-packages/oslo_config/cfg.py:2609
2024-12-23 00:38:53.449 131067 DEBUG oslo_service.service [req-84a760d9-eefc-4358-a6a2-d24357ce7705 - - - - -] cache.memcache_pool_flush_on_reconnect = False log_opt_values /usr/lib/python3/dist-packages/oslo_config/cfg.py:2609
2024-12-23 00:38:53.449 131067 DEBUG oslo_service.service [req-84a760d9-eefc-4358-a6a2-d24357ce7705 - - - - -] cache.memcache_pool_maxsize = 10 log_opt_values /usr/lib/python3/dist-packages/oslo_config/cfg.py:2609
2024-12-23 00:38:53.449 131067 DEBUG oslo_service.service [req-84a760d9-eefc-4358-a6a2-d24357ce7705 - - - - -] cache.memcache_pool_unused_timeout = 60 log_opt_values /usr/lib/python3/dist-packages/oslo_config/cfg.py:2609
2024-12-23 00:38:53.449 131067 DEBUG oslo_service.service [req-84a760d9-eefc-4358-a6a2-d24357ce7705 - - - - -] cache.memcache_servers = ['localhost:11211'] log_opt_values /usr/lib/python3/dist-packages/oslo_config/cfg.py:2609
2024-12-23 00:38:53.449 131067 DEBUG oslo_service.service [req-84a760d9-eefc-4358-a6a2-d24357ce7705 - - - - -] cache.memcache_socket_timeout = 1.0 log_opt_values /usr/lib/python3/dist-packages/oslo_config/cfg.py:2609
2024-12-23 00:38:53.449 131067 DEBUG oslo_service.service [req-84a760d9-eefc-4358-a6a2-d24357ce7705 - - - - -] cache.proxies = [] log_opt_values /usr/lib/python3/dist-packages/oslo_config/cfg.py:2609
2024-12-23 00:38:53.450 131067 DEBUG oslo_service.service [req-84a760d9-eefc-4358-a6a2-d24357ce7705 - - - - -] cache.tls_allowed_ciphers = None log_opt_values /usr/lib/python3/dist-packages/oslo_config/cfg.py:2609
2024-12-23 00:38:53.450 131067 DEBUG oslo_service.service [req-84a760d9-eefc-4358-a6a2-d24357ce7705 - - - - -] cache.tls_cafile = None log_opt_values /usr/lib/python3/dist-packages/oslo_config/cfg.py:2609
2024-12-23 00:38:53.450 131067 DEBUG oslo_service.service [req-84a760d9-eefc-4358-a6a2-d24357ce7705 - - - - -] cache.tls_certfile = None log_opt_values /usr/lib/python3/dist-packages/oslo_config/cfg.py:2609
2024-12-23 00:38:53.450 131067 DEBUG oslo_service.service [req-84a760d9-eefc-4358-a6a2-d24357ce7705 - - - - -] cache.tls_enabled = False log_opt_values /usr/lib/python3/dist-packages/oslo_config/cfg.py:2609
2024-12-23 00:38:53.450 131067 DEBUG oslo_service.service [req-84a760d9-eefc-4358-a6a2-d24357ce7705 - - - - -] cache.tls_keyfile = None log_opt_values /usr/lib/python3/dist-packages/oslo_config/cfg.py:2609
