2024-11-07 00:37:27.654 129592 DEBUG oslo_service.service [req-f27d9d4e-f314-4904-8b1a-335705eab5dc - - - - -] network_allocate_retries = 0 log_opt_values /usr/lib/python3/dist-packages/oslo_config/cfg.py:2602
2024-11-07 00:37:27.655 129592 DEBUG oslo_service.service [req-f27d9d4e-f314-4904-8b1a-335705eab5dc - - - - -] non_inheritable_image_properties = ['cache_in_nova', 'bittorrent'] log_opt_values /usr/lib/python3/dist-packages/oslo_config/cfg.py:2602
2024-11-07 00:37:27.655 129592 DEBUG oslo_service.service [req-f27d9d4e-f314-4904-8b1a-335705eab5dc - - - - -] osapi_compute_listen = 0.0.0.0 log_opt_values /usr/lib/python3/dist-packages/oslo_config/cfg.py:2602
2024-11-07 00:37:27.655 129592 DEBUG oslo_service.service [req-f27d9d4e-f314-4904-8b1a-335705eab5dc - - - - -] osapi_compute_listen_port = 8764 log_opt_values /usr/lib/python3/dist-packages/oslo_config/cfg.py:2602
2024-11-07 00:37:27.655 129894 DEBUG nova.service [req-e462e2ae-197e-4d19-8532-74cc8c1d5d9a - - - - -] Creating RPC server for service conductor start /usr/lib/python3/dist-packages/nova/service.py:182
2024-11-07 00:37:27.655 129592 DEBUG oslo_service.service [req-f27d9d4e-f314-4904-8b1a-335705eab5dc - - - - -] osapi_compute_unique_server_name_scope = log_opt_values /usr/lib/python3/dist-packages/oslo_config/cfg.py:2602
2024-11-07 00:37:27.656 129592 DEBUG oslo_service.service [req-f27d9d4e-f314-4904-8b1a-335705eab5dc - - - - -] osapi_compute_workers = 4 log_opt_values /usr/lib/python3/dist-packages/oslo_config/cfg.py:2602
2024-11-07 00:37:27.656 129592 DEBUG oslo_service.service [req-f27d9d4e-f314-4904-8b1a-335705eab5dc - - - - -] password_length = 12 log_opt_values /usr/lib/python3/dist-packages/oslo_config/cfg.py:2602
2024-11-07 00:37:27.657 129592 DEBUG oslo_service.service [req-f27d9d4e-f314-4904-8b1a-335705eab5dc - - - - -] periodic_enable = True log_opt_values /usr/lib/python3/dist-packages/oslo_config/cfg.py:2602
2024-11-07 00:37:27.657 129592 DEBUG oslo_service.service [req-f27d9d4e-f314-4904-8b1a-335705eab5dc - - - - -] periodic_fuzzy_delay = 60 log_opt_values /usr/lib/python3/dist-packages/oslo_config/cfg.py:2602
2024-11-07 00:37:27.657 129893 DEBUG nova.service [req-07adeca3-40ba-49a8-9cc9-778550826cd4 - - - - -] Creating RPC server for service conductor start /usr/lib/python3/dist-packages/nova/service.py:182
2024-11-07 00:37:27.658 129592 DEBUG oslo_service.service [req-f27d9d4e-f314-4904-8b1a-335705eab5dc - - - - -] pointer_model = usbtablet log_opt_values /usr/lib/python3/dist-packages/oslo_config/cfg.py:2602
2024-11-07 00:37:27.658 129592 DEBUG oslo_service.service [req-f27d9d4e-f314-4904-8b1a-335705eab5dc - - - - -] preallocate_images = none log_opt_values /usr/lib/python3/dist-packages/oslo_config/cfg.py:2602
2024-11-07 00:37:27.658 129592 DEBUG oslo_service.service [req-f27d9d4e-f314-4904-8b1a-335705eab5dc - - - - -] publish_errors = False log_opt_values /usr/lib/python3/dist-packages/oslo_config/cfg.py:2602
2024-11-07 00:37:27.658 129592 DEBUG oslo_service.service [req-f27d9d4e-f314-4904-8b1a-335705eab5dc - - - - -] pybasedir = /usr/lib/python3/dist-packages log_opt_values /usr/lib/python3/dist-packages/oslo_config/cfg.py:2602
2024-11-07 00:37:27.659 129592 DEBUG oslo_service.service [req-f27d9d4e-f314-4904-8b1a-335705eab5dc - - - - -] ram_allocation_ratio = 0.98 log_opt_values /usr/lib/python3/dist-packages/oslo_config/cfg.py:2602
2024-11-07 00:37:27.659 129592 DEBUG oslo_service.service [req-f27d9d4e-f314-4904-8b1a-335705eab5dc - - - - -] rate_limit_burst = 0 log_opt_values /usr/lib/python3/dist-packages/oslo_config/cfg.py:2602
2024-11-07 00:37:27.660 129592 DEBUG oslo_service.service [req-f27d9d4e-f314-4904-8b1a-335705eab5dc - - - - -] rate_limit_except_level = CRITICAL log_opt_values /usr/lib/python3/dist-packages/oslo_config/cfg.py:2602
2024-11-07 00:37:27.660 129592 DEBUG oslo_service.service [req-f27d9d4e-f314-4904-8b1a-335705eab5dc - - - - -] rate_limit_interval = 0 log_opt_values /usr/lib/python3/dist-packages/oslo_config/cfg.py:2602
2024-11-07 00:37:27.660 129592 DEBUG oslo_service.service [req-f27d9d4e-f314-4904-8b1a-335705eab5dc - - - - -] reboot_timeout = 0 log_opt_values /usr/lib/python3/dist-packages/oslo_config/cfg.py:2602
2024-11-07 00:37:27.660 129592 DEBUG oslo_service.service [req-f27d9d4e-f314-4904-8b1a-335705eab5dc - - - - -] reclaim_instance_interval = 0 log_opt_values /usr/lib/python3/dist-packages/oslo_config/cfg.py:2602
2024-11-07 00:37:27.661 129592 DEBUG oslo_service.service [req-f27d9d4e-f314-4904-8b1a-335705eab5dc - - - - -] record = None log_opt_values /usr/lib/python3/dist-packages/oslo_config/cfg.py:2602
2024-11-07 00:37:27.661 129592 DEBUG oslo_service.service [req-f27d9d4e-f314-4904-8b1a-335705eab5dc - - - - -] report_interval = 10 log_opt_values /usr/lib/python3/dist-packages/oslo_config/cfg.py:2602
2024-11-07 00:37:27.661 129592 DEBUG oslo_service.service [req-f27d9d4e-f314-4904-8b1a-335705eab5dc - - - - -] rescue_timeout = 0 log_opt_values /usr/lib/python3/dist-packages/oslo_config/cfg.py:2602
2024-11-07 00:37:27.662 129592 DEBUG oslo_service.service [req-f27d9d4e-f314-4904-8b1a-335705eab5dc - - - - -] reserved_host_cpus = 0 log_opt_values /usr/lib/python3/dist-packages/oslo_config/cfg.py:2602
2024-11-07 00:37:27.662 129592 DEBUG oslo_service.service [req-f27d9d4e-f314-4904-8b1a-335705eab5dc - - - - -] reserved_host_disk_mb = 0 log_opt_values /usr/lib/python3/dist-packages/oslo_config/cfg.py:2602
2024-11-07 00:37:27.663 129592 DEBUG oslo_service.service [req-f27d9d4e-f314-4904-8b1a-335705eab5dc - - - - -] reserved_host_memory_mb = 512 log_opt_values /usr/lib/python3/dist-packages/oslo_config/cfg.py:2602
2024-11-07 00:37:27.663 129592 DEBUG oslo_service.service [req-f27d9d4e-f314-4904-8b1a-335705eab5dc - - - - -] reserved_huge_pages = None log_opt_values /usr/lib/python3/dist-packages/oslo_config/cfg.py:2602
2024-11-07 00:37:27.663 129592 DEBUG oslo_service.service [req-f27d9d4e-f314-4904-8b1a-335705eab5dc - - - - -] resize_confirm_window = 0 log_opt_values /usr/lib/python3/dist-packages/oslo_config/cfg.py:2602
2024-11-07 00:37:27.664 129592 DEBUG oslo_service.service [req-f27d9d4e-f314-4904-8b1a-335705eab5dc - - - - -] resize_fs_using_block_device = False log_opt_values /usr/lib/python3/dist-packages/oslo_config/cfg.py:2602
2024-11-07 00:37:27.664 129592 DEBUG oslo_service.service [req-f27d9d4e-f314-4904-8b1a-335705eab5dc - - - - -] resume_guests_state_on_host_boot = False log_opt_values /usr/lib/python3/dist-packages/oslo_config/cfg.py:2602
2024-11-07 00:37:27.664 129592 DEBUG oslo_service.service [req-f27d9d4e-f314-4904-8b1a-335705eab5dc - - - - -] rootwrap_config = /etc/nova/rootwrap.conf log_opt_values /usr/lib/python3/dist-packages/oslo_config/cfg.py:2602
2024-11-07 00:37:27.665 129592 DEBUG oslo_service.service [req-f27d9d4e-f314-4904-8b1a-335705eab5dc - - - - -] rpc_response_timeout = 60 log_opt_values /usr/lib/python3/dist-packages/oslo_config/cfg.py:2602
2024-11-07 00:37:27.665 129592 DEBUG oslo_service.service [req-f27d9d4e-f314-4904-8b1a-335705eab5dc - - - - -] run_external_periodic_tasks = True log_opt_values /usr/lib/python3/dist-packages/oslo_config/cfg.py:2602
2024-11-07 00:37:27.666 129592 DEBUG oslo_service.service [req-f27d9d4e-f314-4904-8b1a-335705eab5dc - - - - -] running_deleted_instance_action = reap log_opt_values /usr/lib/python3/dist-packages/oslo_config/cfg.py:2602
2024-11-07 00:37:27.666 129592 DEBUG oslo_service.service [req-f27d9d4e-f314-4904-8b1a-335705eab5dc - - - - -] running_deleted_instance_poll_interval = 1800 log_opt_values /usr/lib/python3/dist-packages/oslo_config/cfg.py:2602
2024-11-07 00:37:27.666 129592 DEBUG oslo_service.service [req-f27d9d4e-f314-4904-8b1a-335705eab5dc - - - - -] running_deleted_instance_timeout = 0 log_opt_values /usr/lib/python3/dist-packages/oslo_config/cfg.py:2602
2024-11-07 00:37:27.666 129592 DEBUG oslo_service.service [req-f27d9d4e-f314-4904-8b1a-335705eab5dc - - - - -] scheduler_instance_sync_interval = 120 log_opt_values /usr/lib/python3/dist-packages/oslo_config/cfg.py:2602
2024-11-07 00:37:27.667 129592 DEBUG oslo_service.service [req-f27d9d4e-f314-4904-8b1a-335705eab5dc - - - - -] service_down_time = 60 log_opt_values /usr/lib/python3/dist-packages/oslo_config/cfg.py:2602
2024-11-07 00:37:27.667 129592 DEBUG oslo_service.service [req-f27d9d4e-f314-4904-8b1a-335705eab5dc - - - - -] servicegroup_driver = db log_opt_values /usr/lib/python3/dist-packages/oslo_config/cfg.py:2602
2024-11-07 00:37:27.668 129592 DEBUG oslo_service.service [req-f27d9d4e-f314-4904-8b1a-335705eab5dc - - - - -] shelved_offload_time = 0 log_opt_values /usr/lib/python3/dist-packages/oslo_config/cfg.py:2602
2024-11-07 00:37:27.669 129892 DEBUG nova.service [req-7091f816-f5c9-4743-8d9f-b795e1f52473 - - - - -] Creating RPC server for service conductor start /usr/lib/python3/dist-packages/nova/service.py:182
2024-11-07 00:37:27.669 129592 DEBUG oslo_service.service [req-f27d9d4e-f314-4904-8b1a-335705eab5dc - - - - -] shelved_poll_interval = 3600 log_opt_values /usr/lib/python3/dist-packages/oslo_config/cfg.py:2602
2024-11-07 00:37:27.669 129592 DEBUG oslo_service.service [req-f27d9d4e-f314-4904-8b1a-335705eab5dc - - - - -] shutdown_timeout = 60 log_opt_values /usr/lib/python3/dist-packages/oslo_config/cfg.py:2602
2024-11-07 00:37:27.670 129592 DEBUG oslo_service.service [req-f27d9d4e-f314-4904-8b1a-335705eab5dc - - - - -] source_is_ipv6 = False log_opt_values /usr/lib/python3/dist-packages/oslo_config/cfg.py:2602
2024-11-07 00:37:27.670 129592 DEBUG oslo_service.service [req-f27d9d4e-f314-4904-8b1a-335705eab5dc - - - - -] ssl_only = False log_opt_values /usr/lib/python3/dist-packages/oslo_config/cfg.py:2602
2024-11-07 00:37:27.670 129592 DEBUG oslo_service.service [req-f27d9d4e-f314-4904-8b1a-335705eab5dc - - - - -] state_path = /var/lib/nova log_opt_values /usr/lib/python3/dist-packages/oslo_config/cfg.py:2602
2024-11-07 00:37:27.670 129592 DEBUG oslo_service.service [req-f27d9d4e-f314-4904-8b1a-335705eab5dc - - - - -] sync_power_state_interval = 600 log_opt_values /usr/lib/python3/dist-packages/oslo_config/cfg.py:2602
2024-11-07 00:37:27.671 129592 DEBUG oslo_service.service [req-f27d9d4e-f314-4904-8b1a-335705eab5dc - - - - -] sync_power_state_pool_size = 1000 log_opt_values /usr/lib/python3/dist-packages/oslo_config/cfg.py:2602
2024-11-07 00:37:27.671 129592 DEBUG oslo_service.service [req-f27d9d4e-f314-4904-8b1a-335705eab5dc - - - - -] syslog_log_facility = LOG_USER log_opt_values /usr/lib/python3/dist-packages/oslo_config/cfg.py:2602
2024-11-07 00:37:27.672 129592 DEBUG oslo_service.service [req-f27d9d4e-f314-4904-8b1a-335705eab5dc - - - - -] tempdir = None log_opt_values /usr/lib/python3/dist-packages/oslo_config/cfg.py:2602
2024-11-07 00:37:27.672 129592 DEBUG oslo_service.service [req-f27d9d4e-f314-4904-8b1a-335705eab5dc - - - - -] timeout_nbd = 10 log_opt_values /usr/lib/python3/dist-packages/oslo_config/cfg.py:2602
2024-11-07 00:37:27.672 129592 DEBUG oslo_service.service [req-f27d9d4e-f314-4904-8b1a-335705eab5dc - - - - -] transport_url = **** log_opt_values /usr/lib/python3/dist-packages/oslo_config/cfg.py:2602
2024-11-07 00:37:27.673 129592 DEBUG oslo_service.service [req-f27d9d4e-f314-4904-8b1a-335705eab5dc - - - - -] update_resources_interval = 0 log_opt_values /usr/lib/python3/dist-packages/oslo_config/cfg.py:2602
2024-11-07 00:37:27.673 129592 DEBUG oslo_service.service [req-f27d9d4e-f314-4904-8b1a-335705eab5dc - - - - -] use_cow_images = True log_opt_values /usr/lib/python3/dist-packages/oslo_config/cfg.py:2602
2024-11-07 00:37:27.674 129592 DEBUG oslo_service.service [req-f27d9d4e-f314-4904-8b1a-335705eab5dc - - - - -] use_eventlog = False log_opt_values /usr/lib/python3/dist-packages/oslo_config/cfg.py:2602
2024-11-07 00:37:27.674 129592 DEBUG oslo_service.service [req-f27d9d4e-f314-4904-8b1a-335705eab5dc - - - - -] use_journal = False log_opt_values /usr/lib/python3/dist-packages/oslo_config/cfg.py:2602
2024-11-07 00:37:27.675 129592 DEBUG oslo_service.service [req-f27d9d4e-f314-4904-8b1a-335705eab5dc - - - - -] use_json = False log_opt_values /usr/lib/python3/dist-packages/oslo_config/cfg.py:2602
2024-11-07 00:37:27.675 129592 DEBUG oslo_service.service [req-f27d9d4e-f314-4904-8b1a-335705eab5dc - - - - -] use_rootwrap_daemon = False log_opt_values /usr/lib/python3/dist-packages/oslo_config/cfg.py:2602
2024-11-07 00:37:27.676 129592 DEBUG oslo_service.service [req-f27d9d4e-f314-4904-8b1a-335705eab5dc - - - - -] use_stderr = False log_opt_values /usr/lib/python3/dist-packages/oslo_config/cfg.py:2602
2024-11-07 00:37:27.676 129592 DEBUG oslo_service.service [req-f27d9d4e-f314-4904-8b1a-335705eab5dc - - - - -] use_syslog = False log_opt_values /usr/lib/python3/dist-packages/oslo_config/cfg.py:2602
2024-11-07 00:37:27.676 129592 DEBUG oslo_service.service [req-f27d9d4e-f314-4904-8b1a-335705eab5dc - - - - -] vcpu_pin_set = None log_opt_values /usr/lib/python3/dist-packages/oslo_config/cfg.py:2602
2024-11-07 00:37:27.676 129592 DEBUG oslo_service.service [req-f27d9d4e-f314-4904-8b1a-335705eab5dc - - - - -] vif_plugging_is_fatal = True log_opt_values /usr/lib/python3/dist-packages/oslo_config/cfg.py:2602
2024-11-07 00:37:27.677 129592 DEBUG oslo_service.service [req-f27d9d4e-f314-4904-8b1a-335705eab5dc - - - - -] vif_plugging_timeout = 300 log_opt_values /usr/lib/python3/dist-packages/oslo_config/cfg.py:2602
2024-11-07 00:37:27.678 129592 DEBUG oslo_service.service [req-f27d9d4e-f314-4904-8b1a-335705eab5dc - - - - -] virt_mkfs = [] log_opt_values /usr/lib/python3/dist-packages/oslo_config/cfg.py:2602
2024-11-07 00:37:27.678 129592 DEBUG oslo_service.service [req-f27d9d4e-f314-4904-8b1a-335705eab5dc - - - - -] volume_usage_poll_interval = 0 log_opt_values /usr/lib/python3/dist-packages/oslo_config/cfg.py:2602
2024-11-07 00:37:27.678 129592 DEBUG oslo_service.service [req-f27d9d4e-f314-4904-8b1a-335705eab5dc - - - - -] watch_log_file = False log_opt_values /usr/lib/python3/dist-packages/oslo_config/cfg.py:2602
2024-11-07 00:37:27.679 129592 DEBUG oslo_service.service [req-f27d9d4e-f314-4904-8b1a-335705eab5dc - - - - -] web = /usr/share/spice-html5 log_opt_values /usr/lib/python3/dist-packages/oslo_config/cfg.py:2602
2024-11-07 00:37:27.678 129891 DEBUG oslo_messaging._drivers.amqpdriver [-] Listener is running poll /usr/lib/python3/dist-packages/oslo_messaging/_drivers/amqpdriver.py:343
2024-11-07 00:37:27.679 129592 DEBUG oslo_service.service [req-f27d9d4e-f314-4904-8b1a-335705eab5dc - - - - -] oslo_concurrency.disable_process_locking = False log_opt_values /usr/lib/python3/dist-packages/oslo_config/cfg.py:2609
2024-11-07 00:37:27.679 129592 DEBUG oslo_service.service [req-f27d9d4e-f314-4904-8b1a-335705eab5dc - - - - -] oslo_concurrency.lock_path = /var/lock/nova log_opt_values /usr/lib/python3/dist-packages/oslo_config/cfg.py:2609
2024-11-07 00:37:27.679 129592 DEBUG oslo_service.service [req-f27d9d4e-f314-4904-8b1a-335705eab5dc - - - - -] oslo_messaging_metrics.metrics_buffer_size = 1000 log_opt_values /usr/lib/python3/dist-packages/oslo_config/cfg.py:2609
2024-11-07 00:37:27.680 129592 DEBUG oslo_service.service [req-f27d9d4e-f314-4904-8b1a-335705eab5dc - - - - -] oslo_messaging_metrics.metrics_enabled = False log_opt_values /usr/lib/python3/dist-packages/oslo_config/cfg.py:2609
2024-11-07 00:37:27.680 129592 DEBUG oslo_service.service [req-f27d9d4e-f314-4904-8b1a-335705eab5dc - - - - -] oslo_messaging_metrics.metrics_process_name = log_opt_values /usr/lib/python3/dist-packages/oslo_config/cfg.py:2609
2024-11-07 00:37:27.680 129592 DEBUG oslo_service.service [req-f27d9d4e-f314-4904-8b1a-335705eab5dc - - - - -] oslo_messaging_metrics.metrics_socket_file = /var/tmp/metrics_collector.sock log_opt_values /usr/lib/python3/dist-packages/oslo_config/cfg.py:2609
2024-11-07 00:37:27.679 129891 DEBUG oslo_messaging._drivers.amqpdriver [-] AMQPListener connection consume poll /usr/lib/python3/dist-packages/oslo_messaging/_drivers/amqpdriver.py:357
2024-11-07 00:37:27.680 129592 DEBUG oslo_service.service [req-f27d9d4e-f314-4904-8b1a-335705eab5dc - - - - -] oslo_messaging_metrics.metrics_thread_stop_timeout = 10 log_opt_values /usr/lib/python3/dist-packages/oslo_config/cfg.py:2609
2024-11-07 00:37:27.680 129894 DEBUG oslo_messaging._drivers.amqpdriver [-] Listener is running poll /usr/lib/python3/dist-packages/oslo_messaging/_drivers/amqpdriver.py:343
2024-11-07 00:37:27.681 129894 DEBUG oslo_messaging._drivers.amqpdriver [-] AMQPListener connection consume poll /usr/lib/python3/dist-packages/oslo_messaging/_drivers/amqpdriver.py:357
2024-11-07 00:37:27.681 129592 WARNING oslo_config.cfg [req-f27d9d4e-f314-4904-8b1a-335705eab5dc - - - - -] Deprecated: Option "auth_strategy" from group "api" is deprecated for removal ( The only non-default choice, ``noauth2``, is for internal development and testing purposes only and should not be used in deployments. This option and its middleware, NoAuthMiddleware[V2_18], will be removed in a future release. ). Its value may be silently ignored in the future.
2024-11-07 00:37:27.682 129592 DEBUG oslo_service.service [req-f27d9d4e-f314-4904-8b1a-335705eab5dc - - - - -] api.auth_strategy = keystone log_opt_values /usr/lib/python3/dist-packages/oslo_config/cfg.py:2609
2024-11-07 00:37:27.681 129891 DEBUG nova.service [req-e4f352ca-f3c7-42c4-bba2-d45c55e20609 - - - - -] Join ServiceGroup membership for this service conductor start /usr/lib/python3/dist-packages/nova/service.py:199
2024-11-07 00:37:27.682 129592 DEBUG oslo_service.service [req-f27d9d4e-f314-4904-8b1a-335705eab5dc - - - - -] api.compute_link_prefix = None log_opt_values /usr/lib/python3/dist-packages/oslo_config/cfg.py:2609
2024-11-07 00:37:27.683 129891 DEBUG nova.servicegroup.drivers.db [req-e4f352ca-f3c7-42c4-bba2-d45c55e20609 - - - - -] DB_Driver: join new ServiceGroup member juju-915869-0-lxd-7 to the conductor group, service = join /usr/lib/python3/dist-packages/nova/servicegroup/drivers/db.py:44
2024-11-07 00:37:27.683 129592 DEBUG oslo_service.service [req-f27d9d4e-f314-4904-8b1a-335705eab5dc - - - - -] api.config_drive_skip_versions = 1.0 2007-01-19 2007-03-01 2007-08-29 2007-10-10 2007-12-15 2008-02-01 2008-09-01 log_opt_values /usr/lib/python3/dist-packages/oslo_config/cfg.py:2609
2024-11-07 00:37:27.683 129592 DEBUG oslo_service.service [req-f27d9d4e-f314-4904-8b1a-335705eab5dc - - - - -] api.dhcp_domain = novalocal log_opt_values /usr/lib/python3/dist-packages/oslo_config/cfg.py:2609
2024-11-07 00:37:27.683 129592 DEBUG oslo_service.service [req-f27d9d4e-f314-4904-8b1a-335705eab5dc - - - - -] api.enable_instance_password = True log_opt_values /usr/lib/python3/dist-packages/oslo_config/cfg.py:2609
2024-11-07 00:37:27.684 129592 DEBUG oslo_service.service [req-f27d9d4e-f314-4904-8b1a-335705eab5dc - - - - -] api.glance_link_prefix = None log_opt_values /usr/lib/python3/dist-packages/oslo_config/cfg.py:2609
2024-11-07 00:37:27.684 129592 DEBUG oslo_service.service [req-f27d9d4e-f314-4904-8b1a-335705eab5dc - - - - -] api.instance_list_cells_batch_fixed_size = 100 log_opt_values /usr/lib/python3/dist-packages/oslo_config/cfg.py:2609
2024-11-07 00:37:27.685 129592 DEBUG oslo_service.service [req-f27d9d4e-f314-4904-8b1a-335705eab5dc - - - - -] api.instance_list_cells_batch_strategy = distributed log_opt_values /usr/lib/python3/dist-packages/oslo_config/cfg.py:2609
2024-11-07 00:37:27.685 129592 DEBUG oslo_service.service [req-f27d9d4e-f314-4904-8b1a-335705eab5dc - - - - -] api.instance_list_per_project_cells = False log_opt_values /usr/lib/python3/dist-packages/oslo_config/cfg.py:2609
2024-11-07 00:37:27.685 129592 DEBUG oslo_service.service [req-f27d9d4e-f314-4904-8b1a-335705eab5dc - - - - -] api.list_records_by_skipping_down_cells = True log_opt_values /usr/lib/python3/dist-packages/oslo_config/cfg.py:2609
2024-11-07 00:37:27.685 129592 DEBUG oslo_service.service [req-f27d9d4e-f314-4904-8b1a-335705eab5dc - - - - -] api.local_metadata_per_cell = False log_opt_values /usr/lib/python3/dist-packages/oslo_config/cfg.py:2609
2024-11-07 00:37:27.686 129592 DEBUG oslo_service.service [req-f27d9d4e-f314-4904-8b1a-335705eab5dc - - - - -] api.max_limit = 1000 log_opt_values /usr/lib/python3/dist-packages/oslo_config/cfg.py:2609
2024-11-07 00:37:27.686 129592 DEBUG oslo_service.service [req-f27d9d4e-f314-4904-8b1a-335705eab5dc - - - - -] api.metadata_cache_expiration = 15 log_opt_values /usr/lib/python3/dist-packages/oslo_config/cfg.py:2609
2024-11-07 00:37:27.686 129592 DEBUG oslo_service.service [req-f27d9d4e-f314-4904-8b1a-335705eab5dc - - - - -] api.neutron_default_tenant_id = default log_opt_values /usr/lib/python3/dist-packages/oslo_config/cfg.py:2609
2024-11-07 00:37:27.686 129893 DEBUG oslo_messaging._drivers.amqpdriver [-] Listener is running poll /usr/lib/python3/dist-packages/oslo_messaging/_drivers/amqpdriver.py:343
2024-11-07 00:37:27.686 129894 DEBUG nova.service [req-e462e2ae-197e-4d19-8532-74cc8c1d5d9a - - - - -] Join ServiceGroup membership for this service conductor start /usr/lib/python3/dist-packages/nova/service.py:199
2024-11-07 00:37:27.687 129893 DEBUG oslo_messaging._drivers.amqpdriver [-] AMQPListener connection consume poll /usr/lib/python3/dist-packages/oslo_messaging/_drivers/amqpdriver.py:357
2024-11-07 00:37:27.686 129592 DEBUG oslo_service.service [req-f27d9d4e-f314-4904-8b1a-335705eab5dc - - - - -] api.use_forwarded_for = False log_opt_values /usr/lib/python3/dist-packages/oslo_config/cfg.py:2609
2024-11-07 00:37:27.687 129592 DEBUG oslo_service.service [req-f27d9d4e-f314-4904-8b1a-335705eab5dc - - - - -] api.use_neutron_default_nets = False log_opt_values /usr/lib/python3/dist-packages/oslo_config/cfg.py:2609
2024-11-07 00:37:27.687 129592 DEBUG oslo_service.service [req-f27d9d4e-f314-4904-8b1a-335705eab5dc - - - - -] api.vendordata_dynamic_connect_timeout = 5 log_opt_values /usr/lib/python3/dist-packages/oslo_config/cfg.py:2609
2024-11-07 00:37:27.687 129894 DEBUG nova.servicegroup.drivers.db [req-e462e2ae-197e-4d19-8532-74cc8c1d5d9a - - - - -] DB_Driver: join new ServiceGroup member juju-915869-0-lxd-7 to the conductor group, service = join /usr/lib/python3/dist-packages/nova/servicegroup/drivers/db.py:44
2024-11-07 00:37:27.687 129592 DEBUG oslo_service.service [req-f27d9d4e-f314-4904-8b1a-335705eab5dc - - - - -] api.vendordata_dynamic_failure_fatal = False log_opt_values /usr/lib/python3/dist-packages/oslo_config/cfg.py:2609
2024-11-07 00:37:27.687 129893 DEBUG nova.service [req-07adeca3-40ba-49a8-9cc9-778550826cd4 - - - - -] Join ServiceGroup membership for this service conductor start /usr/lib/python3/dist-packages/nova/service.py:199
2024-11-07 00:37:27.687 129592 DEBUG oslo_service.service [req-f27d9d4e-f314-4904-8b1a-335705eab5dc - - - - -] api.vendordata_dynamic_read_timeout = 5 log_opt_values /usr/lib/python3/dist-packages/oslo_config/cfg.py:2609
2024-11-07 00:37:27.688 129893 DEBUG nova.servicegroup.drivers.db [req-07adeca3-40ba-49a8-9cc9-778550826cd4 - - - - -] DB_Driver: join new ServiceGroup member juju-915869-0-lxd-7 to the conductor group, service = join /usr/lib/python3/dist-packages/nova/servicegroup/drivers/db.py:44
2024-11-07 00:37:27.689 129592 DEBUG oslo_service.service [req-f27d9d4e-f314-4904-8b1a-335705eab5dc - - - - -] api.vendordata_dynamic_ssl_certfile = log_opt_values /usr/lib/python3/dist-packages/oslo_config/cfg.py:2609
2024-11-07 00:37:27.689 129891 DEBUG oslo_messaging._drivers.amqpdriver [-] AMQPListener connection timeout poll /usr/lib/python3/dist-packages/oslo_messaging/_drivers/amqpdriver.py:360
2024-11-07 00:37:27.690 129891 DEBUG oslo_messaging._drivers.amqpdriver [-] Listener is running poll /usr/lib/python3/dist-packages/oslo_messaging/_drivers/amqpdriver.py:343
2024-11-07 00:37:27.690 129891 DEBUG oslo_messaging._drivers.amqpdriver [-] AMQPListener connection consume poll /usr/lib/python3/dist-packages/oslo_messaging/_drivers/amqpdriver.py:357
2024-11-07 00:37:27.690 129592 DEBUG oslo_service.service [req-f27d9d4e-f314-4904-8b1a-335705eab5dc - - - - -] api.vendordata_dynamic_targets = [] log_opt_values /usr/lib/python3/dist-packages/oslo_config/cfg.py:2609
2024-11-07 00:37:27.690 129894 DEBUG oslo_messaging._drivers.amqpdriver [-] AMQPListener connection timeout poll /usr/lib/python3/dist-packages/oslo_messaging/_drivers/amqpdriver.py:360
2024-11-07 00:37:27.690 129592 DEBUG oslo_service.service [req-f27d9d4e-f314-4904-8b1a-335705eab5dc - - - - -] api.vendordata_jsonfile_path = None log_opt_values /usr/lib/python3/dist-packages/oslo_config/cfg.py:2609
2024-11-07 00:37:27.690 129894 DEBUG oslo_messaging._drivers.amqpdriver [-] Listener is running poll /usr/lib/python3/dist-packages/oslo_messaging/_drivers/amqpdriver.py:343
2024-11-07 00:37:27.691 129894 DEBUG oslo_messaging._drivers.amqpdriver [-] AMQPListener connection consume poll /usr/lib/python3/dist-packages/oslo_messaging/_drivers/amqpdriver.py:357
2024-11-07 00:37:27.691 129893 DEBUG oslo_messaging._drivers.amqpdriver [-] AMQPListener connection timeout poll /usr/lib/python3/dist-packages/oslo_messaging/_drivers/amqpdriver.py:360
2024-11-07 00:37:27.691 129893 DEBUG oslo_messaging._drivers.amqpdriver [-] Listener is running poll /usr/lib/python3/dist-packages/oslo_messaging/_drivers/amqpdriver.py:343
2024-11-07 00:37:27.691 129893 DEBUG oslo_messaging._drivers.amqpdriver [-] AMQPListener connection consume poll /usr/lib/python3/dist-packages/oslo_messaging/_drivers/amqpdriver.py:357
2024-11-07 00:37:27.692 129592 DEBUG oslo_service.service [req-f27d9d4e-f314-4904-8b1a-335705eab5dc - - - - -] api.vendordata_providers = ['StaticJSON'] log_opt_values /usr/lib/python3/dist-packages/oslo_config/cfg.py:2609
2024-11-07 00:37:27.692 129592 DEBUG oslo_service.service [req-f27d9d4e-f314-4904-8b1a-335705eab5dc - - - - -] cache.backend = dogpile.cache.null log_opt_values /usr/lib/python3/dist-packages/oslo_config/cfg.py:2609
2024-11-07 00:37:27.693 129592 DEBUG oslo_service.service [req-f27d9d4e-f314-4904-8b1a-335705eab5dc - - - - -] cache.backend_argument = **** log_opt_values /usr/lib/python3/dist-packages/oslo_config/cfg.py:2609
2024-11-07 00:37:27.693 129592 DEBUG oslo_service.service [req-f27d9d4e-f314-4904-8b1a-335705eab5dc - - - - -] cache.config_prefix = cache.oslo log_opt_values /usr/lib/python3/dist-packages/oslo_config/cfg.py:2609
2024-11-07 00:37:27.694 129592 DEBUG oslo_service.service [req-f27d9d4e-f314-4904-8b1a-335705eab5dc - - - - -] cache.debug_cache_backend = False log_opt_values /usr/lib/python3/dist-packages/oslo_config/cfg.py:2609
2024-11-07 00:37:27.694 129592 DEBUG oslo_service.service [req-f27d9d4e-f314-4904-8b1a-335705eab5dc - - - - -] cache.enabled = False log_opt_values /usr/lib/python3/dist-packages/oslo_config/cfg.py:2609
2024-11-07 00:37:27.694 129892 DEBUG oslo_messaging._drivers.amqpdriver [-] Listener is running poll /usr/lib/python3/dist-packages/oslo_messaging/_drivers/amqpdriver.py:343
2024-11-07 00:37:27.694 129592 DEBUG oslo_service.service [req-f27d9d4e-f314-4904-8b1a-335705eab5dc - - - - -] cache.expiration_time = 600 log_opt_values /usr/lib/python3/dist-packages/oslo_config/cfg.py:2609
2024-11-07 00:37:27.694 129892 DEBUG oslo_messaging._drivers.amqpdriver [-] AMQPListener connection consume poll /usr/lib/python3/dist-packages/oslo_messaging/_drivers/amqpdriver.py:357
2024-11-07 00:37:27.694 129592 DEBUG oslo_service.service [req-f27d9d4e-f314-4904-8b1a-335705eab5dc - - - - -] cache.memcache_dead_retry = 300 log_opt_values /usr/lib/python3/dist-packages/oslo_config/cfg.py:2609
2024-11-07 00:37:27.695 129592 DEBUG oslo_service.service [req-f27d9d4e-f314-4904-8b1a-335705eab5dc - - - - -] cache.memcache_pool_connection_get_timeout = 10 log_opt_values /usr/lib/python3/dist-packages/oslo_config/cfg.py:2609
2024-11-07 00:37:27.695 129592 DEBUG oslo_service.service [req-f27d9d4e-f314-4904-8b1a-335705eab5dc - - - - -] cache.memcache_pool_flush_on_reconnect = False log_opt_values /usr/lib/python3/dist-packages/oslo_config/cfg.py:2609
2024-11-07 00:37:27.695 129892 DEBUG nova.service [req-7091f816-f5c9-4743-8d9f-b795e1f52473 - - - - -] Join ServiceGroup membership for this service conductor start /usr/lib/python3/dist-packages/nova/service.py:199
2024-11-07 00:37:27.696 129892 DEBUG nova.servicegroup.drivers.db [req-7091f816-f5c9-4743-8d9f-b795e1f52473 - - - - -] DB_Driver: join new ServiceGroup member juju-915869-0-lxd-7 to the conductor group, service = join /usr/lib/python3/dist-packages/nova/servicegroup/drivers/db.py:44
2024-11-07 00:37:27.696 129592 DEBUG oslo_service.service [req-f27d9d4e-f314-4904-8b1a-335705eab5dc - - - - -] cache.memcache_pool_maxsize = 10 log_opt_values /usr/lib/python3/dist-packages/oslo_config/cfg.py:2609
2024-11-07 00:37:27.696 129592 DEBUG oslo_service.service [req-f27d9d4e-f314-4904-8b1a-335705eab5dc - - - - -] cache.memcache_pool_unused_timeout = 60 log_opt_values /usr/lib/python3/dist-packages/oslo_config/cfg.py:2609
2024-11-07 00:37:27.696 129592 DEBUG oslo_service.service [req-f27d9d4e-f314-4904-8b1a-335705eab5dc - - - - -] cache.memcache_servers = ['localhost:11211'] log_opt_values /usr/lib/python3/dist-packages/oslo_config/cfg.py:2609
2024-11-07 00:37:27.697 129592 DEBUG oslo_service.service [req-f27d9d4e-f314-4904-8b1a-335705eab5dc - - - - -] cache.memcache_socket_timeout = 1.0 log_opt_values /usr/lib/python3/dist-packages/oslo_config/cfg.py:2609
2024-11-07 00:37:27.697 129592 DEBUG oslo_service.service [req-f27d9d4e-f314-4904-8b1a-335705eab5dc - - - - -] cache.proxies = [] log_opt_values /usr/lib/python3/dist-packages/oslo_config/cfg.py:2609
2024-11-07 00:37:27.697 129592 DEBUG oslo_service.service [req-f27d9d4e-f314-4904-8b1a-335705eab5dc - - - - -] cache.tls_allowed_ciphers = None log_opt_values /usr/lib/python3/dist-packages/oslo_config/cfg.py:2609
2024-11-07 00:37:27.697 129592 DEBUG oslo_service.service [req-f27d9d4e-f314-4904-8b1a-335705eab5dc - - - - -] cache.tls_cafile = None log_opt_values /usr/lib/python3/dist-packages/oslo_config/cfg.py:2609
2024-11-07 00:37:27.697 129592 DEBUG oslo_service.service [req-f27d9d4e-f314-4904-8b1a-335705eab5dc - - - - -] cache.tls_certfile = None log_opt_values /usr/lib/python3/dist-packages/oslo_config/cfg.py:2609
2024-11-07 00:37:27.698 129592 DEBUG oslo_service.service [req-f27d9d4e-f314-4904-8b1a-335705eab5dc - - - - -] cache.tls_enabled = False log_opt_values /usr/lib/python3/dist-packages/oslo_config/cfg.py:2609
2024-11-07 00:37:27.699 129592 DEBUG oslo_service.service [req-f27d9d4e-f314-4904-8b1a-335705eab5dc - - - - -] cache.tls_keyfile = None log_opt_values /usr/lib/python3/dist-packages/oslo_config/cfg.py:2609
2024-11-07 00:37:27.699 129892 DEBUG oslo_messaging._drivers.amqpdriver [-] AMQPListener connection timeout poll /usr/lib/python3/dist-packages/oslo_messaging/_drivers/amqpdriver.py:360
2024-11-07 00:37:27.699 129592 DEBUG oslo_service.service [req-f27d9d4e-f314-4904-8b1a-335705eab5dc - - - - -] cinder.auth_section = None log_opt_values /usr/lib/python3/dist-packages/oslo_config/cfg.py:2609
2024-11-07 00:37:27.700 129592 DEBUG oslo_service.service [req-f27d9d4e-f314-4904-8b1a-335705eab5dc - - - - -] cinder.auth_type = None log_opt_values /usr/lib/python3/dist-packages/oslo_config/cfg.py:2609
2024-11-07 00:37:27.700 129892 DEBUG oslo_messaging._drivers.amqpdriver [-] Listener is running poll /usr/lib/python3/dist-packages/oslo_messaging/_drivers/amqpdriver.py:343
2024-11-07 00:37:27.700 129592 DEBUG oslo_service.service [req-f27d9d4e-f314-4904-8b1a-335705eab5dc - - - - -] cinder.cafile = None log_opt_values /usr/lib/python3/dist-packages/oslo_config/cfg.py:2609
2024-11-07 00:37:27.701 129592 DEBUG oslo_service.service [req-f27d9d4e-f314-4904-8b1a-335705eab5dc - - - - -] cinder.catalog_info = volumev3::publicURL log_opt_values /usr/lib/python3/dist-packages/oslo_config/cfg.py:2609
2024-11-07 00:37:27.701 129592 DEBUG oslo_service.service [req-f27d9d4e-f314-4904-8b1a-335705eab5dc - - - - -] cinder.certfile = None log_opt_values /usr/lib/python3/dist-packages/oslo_config/cfg.py:2609
2024-11-07 00:37:27.702 129592 DEBUG oslo_service.service [req-f27d9d4e-f314-4904-8b1a-335705eab5dc - - - - -] cinder.collect_timing = False log_opt_values /usr/lib/python3/dist-packages/oslo_config/cfg.py:2609
2024-11-07 00:37:27.700 129892 DEBUG oslo_messaging._drivers.amqpdriver [-] AMQPListener connection consume poll /usr/lib/python3/dist-packages/oslo_messaging/_drivers/amqpdriver.py:357
2024-11-07 00:37:27.702 129592 DEBUG oslo_service.service [req-f27d9d4e-f314-4904-8b1a-335705eab5dc - - - - -] cinder.cross_az_attach = True log_opt_values /usr/lib/python3/dist-packages/oslo_config/cfg.py:2609
2024-11-07 00:37:27.702 129592 DEBUG oslo_service.service [req-f27d9d4e-f314-4904-8b1a-335705eab5dc - - - - -] cinder.debug = False log_opt_values /usr/lib/python3/dist-packages/oslo_config/cfg.py:2609
2024-11-07 00:37:27.703 129592 DEBUG oslo_service.service [req-f27d9d4e-f314-4904-8b1a-335705eab5dc - - - - -] cinder.endpoint_template = None log_opt_values /usr/lib/python3/dist-packages/oslo_config/cfg.py:2609
2024-11-07 00:37:27.703 129592 DEBUG oslo_service.service [req-f27d9d4e-f314-4904-8b1a-335705eab5dc - - - - -] cinder.http_retries = 3 log_opt_values /usr/lib/python3/dist-packages/oslo_config/cfg.py:2609
2024-11-07 00:37:27.703 129592 DEBUG oslo_service.service [req-f27d9d4e-f314-4904-8b1a-335705eab5dc - - - - -] cinder.insecure = False log_opt_values /usr/lib/python3/dist-packages/oslo_config/cfg.py:2609
2024-11-07 00:37:27.703 129592 DEBUG oslo_service.service [req-f27d9d4e-f314-4904-8b1a-335705eab5dc - - - - -] cinder.keyfile = None log_opt_values /usr/lib/python3/dist-packages/oslo_config/cfg.py:2609
2024-11-07 00:37:27.704 129592 DEBUG oslo_service.service [req-f27d9d4e-f314-4904-8b1a-335705eab5dc - - - - -] cinder.os_region_name = None log_opt_values /usr/lib/python3/dist-packages/oslo_config/cfg.py:2609
2024-11-07 00:37:27.704 129592 DEBUG oslo_service.service [req-f27d9d4e-f314-4904-8b1a-335705eab5dc - - - - -] cinder.split_loggers = False log_opt_values /usr/lib/python3/dist-packages/oslo_config/cfg.py:2609
2024-11-07 00:37:27.704 129592 DEBUG oslo_service.service [req-f27d9d4e-f314-4904-8b1a-335705eab5dc - - - - -] cinder.timeout = None log_opt_values /usr/lib/python3/dist-packages/oslo_config/cfg.py:2609
2024-11-07 00:37:27.704 129592 DEBUG oslo_service.service [req-f27d9d4e-f314-4904-8b1a-335705eab5dc - - - - -] compute.consecutive_build_service_disable_threshold = 10 log_opt_values /usr/lib/python3/dist-packages/oslo_config/cfg.py:2609
2024-11-07 00:37:27.705 129592 DEBUG oslo_service.service [req-f27d9d4e-f314-4904-8b1a-335705eab5dc - - - - -] compute.cpu_dedicated_set = None log_opt_values /usr/lib/python3/dist-packages/oslo_config/cfg.py:2609
2024-11-07 00:37:27.706 129592 DEBUG oslo_service.service [req-f27d9d4e-f314-4904-8b1a-335705eab5dc - - - - -] compute.cpu_shared_set = None log_opt_values /usr/lib/python3/dist-packages/oslo_config/cfg.py:2609
2024-11-07 00:37:27.706 129592 DEBUG oslo_service.service [req-f27d9d4e-f314-4904-8b1a-335705eab5dc - - - - -] compute.image_type_exclude_list = [] log_opt_values /usr/lib/python3/dist-packages/oslo_config/cfg.py:2609
2024-11-07 00:37:27.706 129592 DEBUG oslo_service.service [req-f27d9d4e-f314-4904-8b1a-335705eab5dc - - - - -] compute.live_migration_wait_for_vif_plug = True log_opt_values /usr/lib/python3/dist-packages/oslo_config/cfg.py:2609
2024-11-07 00:37:27.706 129592 DEBUG oslo_service.service [req-f27d9d4e-f314-4904-8b1a-335705eab5dc - - - - -] compute.max_concurrent_disk_ops = 0 log_opt_values /usr/lib/python3/dist-packages/oslo_config/cfg.py:2609
2024-11-07 00:37:27.707 129592 DEBUG oslo_service.service [req-f27d9d4e-f314-4904-8b1a-335705eab5dc - - - - -] compute.max_disk_devices_to_attach = -1 log_opt_values /usr/lib/python3/dist-packages/oslo_config/cfg.py:2609
2024-11-07 00:37:27.707 129592 DEBUG oslo_service.service [req-f27d9d4e-f314-4904-8b1a-335705eab5dc - - - - -] compute.packing_host_numa_cells_allocation_strategy = True log_opt_values /usr/lib/python3/dist-packages/oslo_config/cfg.py:2609
2024-11-07 00:37:27.707 129592 DEBUG oslo_service.service [req-f27d9d4e-f314-4904-8b1a-335705eab5dc - - - - -] compute.provider_config_location = /etc/nova/provider_config/ log_opt_values /usr/lib/python3/dist-packages/oslo_config/cfg.py:2609
2024-11-07 00:37:27.707 129592 DEBUG oslo_service.service [req-f27d9d4e-f314-4904-8b1a-335705eab5dc - - - - -] compute.resource_provider_association_refresh = 300 log_opt_values /usr/lib/python3/dist-packages/oslo_config/cfg.py:2609
2024-11-07 00:37:27.708 129592 DEBUG oslo_service.service [req-f27d9d4e-f314-4904-8b1a-335705eab5dc - - - - -] compute.shutdown_retry_interval = 10 log_opt_values /usr/lib/python3/dist-packages/oslo_config/cfg.py:2609
2024-11-07 00:37:27.709 129592 DEBUG oslo_service.service [req-f27d9d4e-f314-4904-8b1a-335705eab5dc - - - - -] compute.vmdk_allowed_types = ['streamOptimized', 'monolithicSparse'] log_opt_values /usr/lib/python3/dist-packages/oslo_config/cfg.py:2609
2024-11-07 00:37:27.709 129592 DEBUG oslo_service.service [req-f27d9d4e-f314-4904-8b1a-335705eab5dc - - - - -] conductor.workers = 4 log_opt_values /usr/lib/python3/dist-packages/oslo_config/cfg.py:2609
2024-11-07 00:37:27.709 129592 DEBUG oslo_service.service [req-f27d9d4e-f314-4904-8b1a-335705eab5dc - - - - -] console.allowed_origins = [] log_opt_values /usr/lib/python3/dist-packages/oslo_config/cfg.py:2609
2024-11-07 00:37:27.710 129592 DEBUG oslo_service.service [req-f27d9d4e-f314-4904-8b1a-335705eab5dc - - - - -] console.ssl_ciphers = None log_opt_values /usr/lib/python3/dist-packages/oslo_config/cfg.py:2609
2024-11-07 00:37:27.710 129592 DEBUG oslo_service.service [req-f27d9d4e-f314-4904-8b1a-335705eab5dc - - - - -] console.ssl_minimum_version = default log_opt_values /usr/lib/python3/dist-packages/oslo_config/cfg.py:2609
2024-11-07 00:37:27.710 129592 DEBUG oslo_service.service [req-f27d9d4e-f314-4904-8b1a-335705eab5dc - - - - -] consoleauth.token_ttl = 600 log_opt_values /usr/lib/python3/dist-packages/oslo_config/cfg.py:2609
2024-11-07 00:37:27.711 129592 DEBUG oslo_service.service [req-f27d9d4e-f314-4904-8b1a-335705eab5dc - - - - -] cyborg.cafile = None log_opt_values /usr/lib/python3/dist-packages/oslo_config/cfg.py:2609
2024-11-07 00:37:27.711 129592 DEBUG oslo_service.service [req-f27d9d4e-f314-4904-8b1a-335705eab5dc - - - - -] cyborg.certfile = None log_opt_values /usr/lib/python3/dist-packages/oslo_config/cfg.py:2609
2024-11-07 00:37:27.711 129592 DEBUG oslo_service.service [req-f27d9d4e-f314-4904-8b1a-335705eab5dc - - - - -] cyborg.collect_timing = False log_opt_values /usr/lib/python3/dist-packages/oslo_config/cfg.py:2609
2024-11-07 00:37:27.711 129592 DEBUG oslo_service.service [req-f27d9d4e-f314-4904-8b1a-335705eab5dc - - - - -] cyborg.connect_retries = None log_opt_values /usr/lib/python3/dist-packages/oslo_config/cfg.py:2609
2024-11-07 00:37:27.711 129592 DEBUG oslo_service.service [req-f27d9d4e-f314-4904-8b1a-335705eab5dc - - - - -] cyborg.connect_retry_delay = None log_opt_values /usr/lib/python3/dist-packages/oslo_config/cfg.py:2609
2024-11-07 00:37:27.712 129592 DEBUG oslo_service.service [req-f27d9d4e-f314-4904-8b1a-335705eab5dc - - - - -] cyborg.endpoint_override = None log_opt_values /usr/lib/python3/dist-packages/oslo_config/cfg.py:2609
2024-11-07 00:37:27.712 129592 DEBUG oslo_service.service [req-f27d9d4e-f314-4904-8b1a-335705eab5dc - - - - -] cyborg.insecure = False log_opt_values /usr/lib/python3/dist-packages/oslo_config/cfg.py:2609
2024-11-07 00:37:27.712 129592 DEBUG oslo_service.service [req-f27d9d4e-f314-4904-8b1a-335705eab5dc - - - - -] cyborg.keyfile = None log_opt_values /usr/lib/python3/dist-packages/oslo_config/cfg.py:2609
2024-11-07 00:37:27.713 129592 DEBUG oslo_service.service [req-f27d9d4e-f314-4904-8b1a-335705eab5dc - - - - -] cyborg.max_version = None log_opt_values /usr/lib/python3/dist-packages/oslo_config/cfg.py:2609
2024-11-07 00:37:27.713 129592 DEBUG oslo_service.service [req-f27d9d4e-f314-4904-8b1a-335705eab5dc - - - - -] cyborg.min_version = None log_opt_values /usr/lib/python3/dist-packages/oslo_config/cfg.py:2609
2024-11-07 00:37:27.714 129592 DEBUG oslo_service.service [req-f27d9d4e-f314-4904-8b1a-335705eab5dc - - - - -] cyborg.region_name = None log_opt_values /usr/lib/python3/dist-packages/oslo_config/cfg.py:2609
2024-11-07 00:37:27.714 129592 DEBUG oslo_service.service [req-f27d9d4e-f314-4904-8b1a-335705eab5dc - - - - -] cyborg.service_name = None log_opt_values /usr/lib/python3/dist-packages/oslo_config/cfg.py:2609
2024-11-07 00:37:27.714 129592 DEBUG oslo_service.service [req-f27d9d4e-f314-4904-8b1a-335705eab5dc - - - - -] cyborg.service_type = accelerator log_opt_values /usr/lib/python3/dist-packages/oslo_config/cfg.py:2609
2024-11-07 00:37:27.714 129592 DEBUG oslo_service.service [req-f27d9d4e-f314-4904-8b1a-335705eab5dc - - - - -] cyborg.split_loggers = False log_opt_values /usr/lib/python3/dist-packages/oslo_config/cfg.py:2609
2024-11-07 00:37:27.714 129592 DEBUG oslo_service.service [req-f27d9d4e-f314-4904-8b1a-335705eab5dc - - - - -] cyborg.status_code_retries = None log_opt_values /usr/lib/python3/dist-packages/oslo_config/cfg.py:2609
2024-11-07 00:37:27.715 129592 DEBUG oslo_service.service [req-f27d9d4e-f314-4904-8b1a-335705eab5dc - - - - -] cyborg.status_code_retry_delay = None log_opt_values /usr/lib/python3/dist-packages/oslo_config/cfg.py:2609
2024-11-07 00:37:27.715 129592 DEBUG oslo_service.service [req-f27d9d4e-f314-4904-8b1a-335705eab5dc - - - - -] cyborg.timeout = None log_opt_values /usr/lib/python3/dist-packages/oslo_config/cfg.py:2609
2024-11-07 00:37:27.715 129592 DEBUG oslo_service.service [req-f27d9d4e-f314-4904-8b1a-335705eab5dc - - - - -] cyborg.valid_interfaces = ['internal', 'public'] log_opt_values /usr/lib/python3/dist-packages/oslo_config/cfg.py:2609
2024-11-07 00:37:27.715 129592 DEBUG oslo_service.service [req-f27d9d4e-f314-4904-8b1a-335705eab5dc - - - - -] cyborg.version = None log_opt_values /usr/lib/python3/dist-packages/oslo_config/cfg.py:2609
2024-11-07 00:37:27.715 129592 DEBUG oslo_service.service [req-f27d9d4e-f314-4904-8b1a-335705eab5dc - - - - -] database.backend = sqlalchemy log_opt_values /usr/lib/python3/dist-packages/oslo_config/cfg.py:2609
2024-11-07 00:37:27.716 129592 DEBUG oslo_service.service [req-f27d9d4e-f314-4904-8b1a-335705eab5dc - - - - -] database.connection = **** log_opt_values /usr/lib/python3/dist-packages/oslo_config/cfg.py:2609
2024-11-07 00:37:27.716 129592 DEBUG oslo_service.service [req-f27d9d4e-f314-4904-8b1a-335705eab5dc - - - - -] database.connection_debug = 0 log_opt_values /usr/lib/python3/dist-packages/oslo_config/cfg.py:2609
2024-11-07 00:37:27.716 129592 DEBUG oslo_service.service [req-f27d9d4e-f314-4904-8b1a-335705eab5dc - - - - -] database.connection_parameters = log_opt_values /usr/lib/python3/dist-packages/oslo_config/cfg.py:2609
2024-11-07 00:37:27.718 129592 DEBUG oslo_service.service [req-f27d9d4e-f314-4904-8b1a-335705eab5dc - - - - -] database.connection_recycle_time = 3600 log_opt_values /usr/lib/python3/dist-packages/oslo_config/cfg.py:2609
2024-11-07 00:37:27.718 129592 DEBUG oslo_service.service [req-f27d9d4e-f314-4904-8b1a-335705eab5dc - - - - -] database.connection_trace = False log_opt_values /usr/lib/python3/dist-packages/oslo_config/cfg.py:2609
2024-11-07 00:37:27.718 129592 DEBUG oslo_service.service [req-f27d9d4e-f314-4904-8b1a-335705eab5dc - - - - -] database.db_inc_retry_interval = True log_opt_values /usr/lib/python3/dist-packages/oslo_config/cfg.py:2609
2024-11-07 00:37:27.719 129592 DEBUG oslo_service.service [req-f27d9d4e-f314-4904-8b1a-335705eab5dc - - - - -] database.db_max_retries = 20 log_opt_values /usr/lib/python3/dist-packages/oslo_config/cfg.py:2609
2024-11-07 00:37:27.719 129592 DEBUG oslo_service.service [req-f27d9d4e-f314-4904-8b1a-335705eab5dc - - - - -] database.db_max_retry_interval = 10 log_opt_values /usr/lib/python3/dist-packages/oslo_config/cfg.py:2609
2024-11-07 00:37:27.719 129592 DEBUG oslo_service.service [req-f27d9d4e-f314-4904-8b1a-335705eab5dc - - - - -] database.db_retry_interval = 1 log_opt_values /usr/lib/python3/dist-packages/oslo_config/cfg.py:2609
2024-11-07 00:37:27.719 129592 DEBUG oslo_service.service [req-f27d9d4e-f314-4904-8b1a-335705eab5dc - - - - -] database.max_overflow = 50 log_opt_values /usr/lib/python3/dist-packages/oslo_config/cfg.py:2609
2024-11-07 00:37:27.719 129592 DEBUG oslo_service.service [req-f27d9d4e-f314-4904-8b1a-335705eab5dc - - - - -] database.max_pool_size = 4 log_opt_values /usr/lib/python3/dist-packages/oslo_config/cfg.py:2609
2024-11-07 00:37:27.719 129592 DEBUG oslo_service.service [req-f27d9d4e-f314-4904-8b1a-335705eab5dc - - - - -] database.max_retries = 10 log_opt_values /usr/lib/python3/dist-packages/oslo_config/cfg.py:2609
2024-11-07 00:37:27.720 129592 DEBUG oslo_service.service [req-f27d9d4e-f314-4904-8b1a-335705eab5dc - - - - -] database.mysql_enable_ndb = False log_opt_values /usr/lib/python3/dist-packages/oslo_config/cfg.py:2609
2024-11-07 00:37:27.720 129592 DEBUG oslo_service.service [req-f27d9d4e-f314-4904-8b1a-335705eab5dc - - - - -] database.mysql_sql_mode = TRADITIONAL log_opt_values /usr/lib/python3/dist-packages/oslo_config/cfg.py:2609
2024-11-07 00:37:27.721 129592 DEBUG oslo_service.service [req-f27d9d4e-f314-4904-8b1a-335705eab5dc - - - - -] database.pool_timeout = None log_opt_values /usr/lib/python3/dist-packages/oslo_config/cfg.py:2609
2024-11-07 00:37:27.721 129592 DEBUG oslo_service.service [req-f27d9d4e-f314-4904-8b1a-335705eab5dc - - - - -] database.retry_interval = 10 log_opt_values /usr/lib/python3/dist-packages/oslo_config/cfg.py:2609
2024-11-07 00:37:27.721 129592 DEBUG oslo_service.service [req-f27d9d4e-f314-4904-8b1a-335705eab5dc - - - - -] database.slave_connection = **** log_opt_values /usr/lib/python3/dist-packages/oslo_config/cfg.py:2609
2024-11-07 00:37:27.722 129592 DEBUG oslo_service.service [req-f27d9d4e-f314-4904-8b1a-335705eab5dc - - - - -] database.sqlite_synchronous = True log_opt_values /usr/lib/python3/dist-packages/oslo_config/cfg.py:2609
2024-11-07 00:37:27.722 129592 DEBUG oslo_service.service [req-f27d9d4e-f314-4904-8b1a-335705eab5dc - - - - -] database.use_db_reconnect = False log_opt_values /usr/lib/python3/dist-packages/oslo_config/cfg.py:2609
2024-11-07 00:37:27.722 129592 DEBUG oslo_service.service [req-f27d9d4e-f314-4904-8b1a-335705eab5dc - - - - -] api_database.backend = sqlalchemy log_opt_values /usr/lib/python3/dist-packages/oslo_config/cfg.py:2609
2024-11-07 00:37:27.722 129592 DEBUG oslo_service.service [req-f27d9d4e-f314-4904-8b1a-335705eab5dc - - - - -] api_database.connection = **** log_opt_values /usr/lib/python3/dist-packages/oslo_config/cfg.py:2609
2024-11-07 00:37:27.722 129592 DEBUG oslo_service.service [req-f27d9d4e-f314-4904-8b1a-335705eab5dc - - - - -] api_database.connection_debug = 0 log_opt_values /usr/lib/python3/dist-packages/oslo_config/cfg.py:2609
2024-11-07 00:37:27.723 129592 DEBUG oslo_service.service [req-f27d9d4e-f314-4904-8b1a-335705eab5dc - - - - -] api_database.connection_parameters = log_opt_values /usr/lib/python3/dist-packages/oslo_config/cfg.py:2609
2024-11-07 00:37:27.723 129592 DEBUG oslo_service.service [req-f27d9d4e-f314-4904-8b1a-335705eab5dc - - - - -] api_database.connection_recycle_time = 3600 log_opt_values /usr/lib/python3/dist-packages/oslo_config/cfg.py:2609
2024-11-07 00:37:27.723 129592 DEBUG oslo_service.service [req-f27d9d4e-f314-4904-8b1a-335705eab5dc - - - - -] api_database.connection_trace = False log_opt_values /usr/lib/python3/dist-packages/oslo_config/cfg.py:2609
2024-11-07 00:37:27.725 129592 DEBUG oslo_service.service [req-f27d9d4e-f314-4904-8b1a-335705eab5dc - - - - -] api_database.db_inc_retry_interval = True log_opt_values /usr/lib/python3/dist-packages/oslo_config/cfg.py:2609
2024-11-07 00:37:27.725 129592 DEBUG oslo_service.service [req-f27d9d4e-f314-4904-8b1a-335705eab5dc - - - - -] api_database.db_max_retries = 20 log_opt_values /usr/lib/python3/dist-packages/oslo_config/cfg.py:2609
2024-11-07 00:37:27.725 129592 DEBUG oslo_service.service [req-f27d9d4e-f314-4904-8b1a-335705eab5dc - - - - -] api_database.db_max_retry_interval = 10 log_opt_values /usr/lib/python3/dist-packages/oslo_config/cfg.py:2609
2024-11-07 00:37:27.725 129592 DEBUG oslo_service.service [req-f27d9d4e-f314-4904-8b1a-335705eab5dc - - - - -] api_database.db_retry_interval = 1 log_opt_values /usr/lib/python3/dist-packages/oslo_config/cfg.py:2609
2024-11-07 00:37:27.725 129592 DEBUG oslo_service.service [req-f27d9d4e-f314-4904-8b1a-335705eab5dc - - - - -] api_database.max_overflow = 50 log_opt_values /usr/lib/python3/dist-packages/oslo_config/cfg.py:2609
2024-11-07 00:37:27.726 129592 DEBUG oslo_service.service [req-f27d9d4e-f314-4904-8b1a-335705eab5dc - - - - -] api_database.max_pool_size = 4 log_opt_values /usr/lib/python3/dist-packages/oslo_config/cfg.py:2609
2024-11-07 00:37:27.726 129592 DEBUG oslo_service.service [req-f27d9d4e-f314-4904-8b1a-335705eab5dc - - - - -] api_database.max_retries = 10 log_opt_values /usr/lib/python3/dist-packages/oslo_config/cfg.py:2609
2024-11-07 00:37:27.726 129592 DEBUG oslo_service.service [req-f27d9d4e-f314-4904-8b1a-335705eab5dc - - - - -] api_database.mysql_enable_ndb = False log_opt_values /usr/lib/python3/dist-packages/oslo_config/cfg.py:2609
2024-11-07 00:37:27.726 129592 DEBUG oslo_service.service [req-f27d9d4e-f314-4904-8b1a-335705eab5dc - - - - -] api_database.mysql_sql_mode = TRADITIONAL log_opt_values /usr/lib/python3/dist-packages/oslo_config/cfg.py:2609
2024-11-07 00:37:27.726 129592 DEBUG oslo_service.service [req-f27d9d4e-f314-4904-8b1a-335705eab5dc - - - - -] api_database.pool_timeout = None log_opt_values /usr/lib/python3/dist-packages/oslo_config/cfg.py:2609
2024-11-07 00:37:27.727 129592 DEBUG oslo_service.service [req-f27d9d4e-f314-4904-8b1a-335705eab5dc - - - - -] api_database.retry_interval = 10 log_opt_values /usr/lib/python3/dist-packages/oslo_config/cfg.py:2609
