2024-11-07 02:17:15.382 7 DEBUG oslo_service.service [-] ml2_type_gre.tunnel_id_ranges = [] log_opt_values /var/lib/kolla/venv/lib/python3.6/site-packages/oslo_config/cfg.py:2611
2024-11-07 02:17:15.382 7 DEBUG oslo_service.service [-] ml2_type_vlan.network_vlan_ranges = [] log_opt_values /var/lib/kolla/venv/lib/python3.6/site-packages/oslo_config/cfg.py:2611
2024-11-07 02:17:15.382 7 DEBUG oslo_service.service [-] ml2_type_vxlan.vni_ranges = [] log_opt_values /var/lib/kolla/venv/lib/python3.6/site-packages/oslo_config/cfg.py:2611
2024-11-07 02:17:15.382 7 DEBUG oslo_service.service [-] ml2_type_vxlan.vxlan_group = None log_opt_values /var/lib/kolla/venv/lib/python3.6/site-packages/oslo_config/cfg.py:2611
2024-11-07 02:17:15.382 7 DEBUG oslo_service.service [-] database.backend = sqlalchemy log_opt_values /var/lib/kolla/venv/lib/python3.6/site-packages/oslo_config/cfg.py:2611
2024-11-07 02:17:15.382 7 DEBUG oslo_service.service [-] database.connection = **** log_opt_values /var/lib/kolla/venv/lib/python3.6/site-packages/oslo_config/cfg.py:2611
2024-11-07 02:17:15.383 7 DEBUG oslo_service.service [-] database.connection_debug = 0 log_opt_values /var/lib/kolla/venv/lib/python3.6/site-packages/oslo_config/cfg.py:2611
2024-11-07 02:17:15.383 7 DEBUG oslo_service.service [-] database.connection_parameters = log_opt_values /var/lib/kolla/venv/lib/python3.6/site-packages/oslo_config/cfg.py:2611
2024-11-07 02:17:15.383 7 DEBUG oslo_service.service [-] database.connection_recycle_time = 10 log_opt_values /var/lib/kolla/venv/lib/python3.6/site-packages/oslo_config/cfg.py:2611
2024-11-07 02:17:15.383 7 DEBUG oslo_service.service [-] database.connection_trace = False log_opt_values /var/lib/kolla/venv/lib/python3.6/site-packages/oslo_config/cfg.py:2611
2024-11-07 02:17:15.383 7 DEBUG oslo_service.service [-] database.db_inc_retry_interval = True log_opt_values /var/lib/kolla/venv/lib/python3.6/site-packages/oslo_config/cfg.py:2611
2024-11-07 02:17:15.383 7 DEBUG oslo_service.service [-] database.db_max_retries = 20 log_opt_values /var/lib/kolla/venv/lib/python3.6/site-packages/oslo_config/cfg.py:2611
2024-11-07 02:17:15.383 7 DEBUG oslo_service.service [-] database.db_max_retry_interval = 10 log_opt_values /var/lib/kolla/venv/lib/python3.6/site-packages/oslo_config/cfg.py:2611
2024-11-07 02:17:15.383 7 DEBUG oslo_service.service [-] database.db_retry_interval = 1 log_opt_values /var/lib/kolla/venv/lib/python3.6/site-packages/oslo_config/cfg.py:2611
2024-11-07 02:17:15.383 7 DEBUG oslo_service.service [-] database.max_overflow = 50 log_opt_values /var/lib/kolla/venv/lib/python3.6/site-packages/oslo_config/cfg.py:2611
2024-11-07 02:17:15.383 7 DEBUG oslo_service.service [-] database.max_pool_size = 1 log_opt_values /var/lib/kolla/venv/lib/python3.6/site-packages/oslo_config/cfg.py:2611
2024-11-07 02:17:15.383 7 DEBUG oslo_service.service [-] database.max_retries = -1 log_opt_values /var/lib/kolla/venv/lib/python3.6/site-packages/oslo_config/cfg.py:2611
2024-11-07 02:17:15.383 7 DEBUG oslo_service.service [-] database.mysql_enable_ndb = False log_opt_values /var/lib/kolla/venv/lib/python3.6/site-packages/oslo_config/cfg.py:2611
2024-11-07 02:17:15.383 7 DEBUG oslo_service.service [-] database.mysql_sql_mode = TRADITIONAL log_opt_values /var/lib/kolla/venv/lib/python3.6/site-packages/oslo_config/cfg.py:2611
2024-11-07 02:17:15.383 7 DEBUG oslo_service.service [-] database.pool_timeout = None log_opt_values /var/lib/kolla/venv/lib/python3.6/site-packages/oslo_config/cfg.py:2611
2024-11-07 02:17:15.384 7 DEBUG oslo_service.service [-] database.retry_interval = 10 log_opt_values /var/lib/kolla/venv/lib/python3.6/site-packages/oslo_config/cfg.py:2611
2024-11-07 02:17:15.384 7 DEBUG oslo_service.service [-] database.slave_connection = **** log_opt_values /var/lib/kolla/venv/lib/python3.6/site-packages/oslo_config/cfg.py:2611
2024-11-07 02:17:15.384 7 DEBUG oslo_service.service [-] database.sqlite_synchronous = True log_opt_values /var/lib/kolla/venv/lib/python3.6/site-packages/oslo_config/cfg.py:2611
2024-11-07 02:17:15.384 7 DEBUG oslo_service.service [-] database.use_db_reconnect = False log_opt_values /var/lib/kolla/venv/lib/python3.6/site-packages/oslo_config/cfg.py:2611
2024-11-07 02:17:15.384 7 DEBUG oslo_service.service [-] ******************************************************************************** log_opt_values /var/lib/kolla/venv/lib/python3.6/site-packages/oslo_config/cfg.py:2613
2024-11-07 02:17:16.716 22 DEBUG neutron.wsgi [-] (22) accepted ('10.0.0.22', 43352) server /var/lib/kolla/venv/lib/python3.6/site-packages/eventlet/wsgi.py:1004
2024-11-07 02:17:16.724 22 INFO neutron.wsgi [-] 10.0.0.22 "GET / HTTP/1.1" status: 200 len: 227 time: 0.0059648
2024-11-07 02:17:18.826 25 DEBUG neutron.api.rpc.handlers.dhcp_rpc [req-c0bb27c0-2a53-4d1c-afd8-88c73ffba03e - - - - -] get_active_networks_info from cn-jenkins-deploy-platform-ansible-os-2208-1 get_active_networks_info /var/lib/kolla/venv/lib/python3.6/site-packages/neutron/api/rpc/handlers/dhcp_rpc.py:159
2024-11-07 02:17:18.850 26 DEBUG neutron_lib.callbacks.manager [req-b03597db-20a0-4867-840e-dad9bdb2b5aa - - - - -] Publish callbacks ['neutron.services.segments.db._update_segment_host_mapping_for_agent-8789825146483', 'neutron.services.l3_router.l3_router_plugin.DVRResourceOperationHandler.create_fip_agent_gw_ports-461059'] for agent (0585cf08-5211-4f9a-a400-3ce34c38efd8), after_create _notify_loop /var/lib/kolla/venv/lib/python3.6/site-packages/neutron_lib/callbacks/manager.py:177
2024-11-07 02:17:18.877 25 DEBUG neutron.scheduler.dhcp_agent_scheduler [req-c0bb27c0-2a53-4d1c-afd8-88c73ffba03e - - - - -] No non-hosted networks auto_schedule_networks /var/lib/kolla/venv/lib/python3.6/site-packages/neutron/scheduler/dhcp_agent_scheduler.py:60
2024-11-07 02:17:31.404 28 DEBUG neutron_lib.callbacks.manager [req-e3843eee-0cd0-4157-bd1d-142cbd885825 - - - - -] Publish callbacks ['neutron.services.segments.db._update_segment_host_mapping_for_agent-8789825146483', 'neutron.services.l3_router.l3_router_plugin.DVRResourceOperationHandler.create_fip_agent_gw_ports-461059'] for agent (0f00913b-b9f9-4820-9dd8-43cf87321ee7), after_create _notify_loop /var/lib/kolla/venv/lib/python3.6/site-packages/neutron_lib/callbacks/manager.py:177
2024-11-07 02:17:46.766 22 DEBUG neutron.wsgi [-] (22) accepted ('10.0.0.22', 38156) server /var/lib/kolla/venv/lib/python3.6/site-packages/eventlet/wsgi.py:1004
2024-11-07 02:17:46.770 22 INFO neutron.wsgi [-] 10.0.0.22 "GET / HTTP/1.1" status: 200 len: 227 time: 0.0031557
2024-11-07 02:17:48.843 24 DEBUG neutron_lib.callbacks.manager [req-f0c1978a-8943-423f-b817-46e3c60c05d0 - - - - -] Publish callbacks ['neutron.services.segments.db._update_segment_host_mapping_for_agent-8789825146483', 'neutron.plugins.ml2.plugin.Ml2Plugin._retry_binding_revived_agents--9223372036853439600'] for agent (0585cf08-5211-4f9a-a400-3ce34c38efd8), after_update _notify_loop /var/lib/kolla/venv/lib/python3.6/site-packages/neutron_lib/callbacks/manager.py:177
2024-11-07 02:18:01.381 25 DEBUG neutron_lib.callbacks.manager [req-e3843eee-0cd0-4157-bd1d-142cbd885825 - - - - -] Publish callbacks ['neutron.services.segments.db._update_segment_host_mapping_for_agent-8789825146483', 'neutron.plugins.ml2.plugin.Ml2Plugin._retry_binding_revived_agents--9223372036853439600'] for agent (0f00913b-b9f9-4820-9dd8-43cf87321ee7), after_update _notify_loop /var/lib/kolla/venv/lib/python3.6/site-packages/neutron_lib/callbacks/manager.py:177
2024-11-07 02:18:10.331 29 DEBUG neutron.db.agents_db [req-7682419f-03ba-46b4-90d1-4e7655c6851c - - - - -] Agent healthcheck: found 2 active agents agent_health_check /var/lib/kolla/venv/lib/python3.6/site-packages/neutron/db/agents_db.py:318
2024-11-07 02:18:16.814 22 DEBUG neutron.wsgi [-] (22) accepted ('10.0.0.22', 52164) server /var/lib/kolla/venv/lib/python3.6/site-packages/eventlet/wsgi.py:1004
2024-11-07 02:18:16.818 22 INFO neutron.wsgi [-] 10.0.0.22 "GET / HTTP/1.1" status: 200 len: 227 time: 0.0029836
2024-11-07 02:18:18.839 27 DEBUG neutron_lib.callbacks.manager [req-7d80125a-4b9f-458d-85a4-1f5754ffb635 - - - - -] Publish callbacks ['neutron.services.segments.db._update_segment_host_mapping_for_agent-8789825146483', 'neutron.plugins.ml2.plugin.Ml2Plugin._retry_binding_revived_agents--9223372036853439600'] for agent (0585cf08-5211-4f9a-a400-3ce34c38efd8), after_update _notify_loop /var/lib/kolla/venv/lib/python3.6/site-packages/neutron_lib/callbacks/manager.py:177
2024-11-07 02:18:31.392 23 DEBUG neutron_lib.callbacks.manager [req-e3843eee-0cd0-4157-bd1d-142cbd885825 - - - - -] Publish callbacks ['neutron.services.segments.db._update_segment_host_mapping_for_agent-8789825146483', 'neutron.plugins.ml2.plugin.Ml2Plugin._retry_binding_revived_agents--9223372036853439600'] for agent (0f00913b-b9f9-4820-9dd8-43cf87321ee7), after_update _notify_loop /var/lib/kolla/venv/lib/python3.6/site-packages/neutron_lib/callbacks/manager.py:177
2024-11-07 02:18:46.874 22 DEBUG neutron.wsgi [-] (22) accepted ('10.0.0.22', 50412) server /var/lib/kolla/venv/lib/python3.6/site-packages/eventlet/wsgi.py:1004
2024-11-07 02:18:46.879 22 INFO neutron.wsgi [-] 10.0.0.22 "GET / HTTP/1.1" status: 200 len: 227 time: 0.0029476
2024-11-07 02:18:47.328 29 DEBUG neutron.db.agents_db [req-7682419f-03ba-46b4-90d1-4e7655c6851c - - - - -] Agent healthcheck: found 2 active agents agent_health_check /var/lib/kolla/venv/lib/python3.6/site-packages/neutron/db/agents_db.py:318
2024-11-07 02:18:48.824 26 DEBUG neutron_lib.callbacks.manager [req-5cc2e161-de4a-49b1-aa07-b65d15344830 - - - - -] Publish callbacks ['neutron.services.segments.db._update_segment_host_mapping_for_agent-8789825146483', 'neutron.plugins.ml2.plugin.Ml2Plugin._retry_binding_revived_agents--9223372036853439600'] for agent (0585cf08-5211-4f9a-a400-3ce34c38efd8), after_update _notify_loop /var/lib/kolla/venv/lib/python3.6/site-packages/neutron_lib/callbacks/manager.py:177
2024-11-07 02:19:01.380 28 DEBUG neutron_lib.callbacks.manager [req-e3843eee-0cd0-4157-bd1d-142cbd885825 - - - - -] Publish callbacks ['neutron.services.segments.db._update_segment_host_mapping_for_agent-8789825146483', 'neutron.plugins.ml2.plugin.Ml2Plugin._retry_binding_revived_agents--9223372036853439600'] for agent (0f00913b-b9f9-4820-9dd8-43cf87321ee7), after_update _notify_loop /var/lib/kolla/venv/lib/python3.6/site-packages/neutron_lib/callbacks/manager.py:177
2024-11-07 02:19:16.935 22 DEBUG neutron.wsgi [-] (22) accepted ('10.0.0.22', 34984) server /var/lib/kolla/venv/lib/python3.6/site-packages/eventlet/wsgi.py:1004
2024-11-07 02:19:16.939 22 INFO neutron.wsgi [-] 10.0.0.22 "GET / HTTP/1.1" status: 200 len: 227 time: 0.0037148
2024-11-07 02:19:18.822 24 DEBUG neutron_lib.callbacks.manager [req-b2e2c5dd-9875-4504-a177-516d9611af9d - - - - -] Publish callbacks ['neutron.services.segments.db._update_segment_host_mapping_for_agent-8789825146483', 'neutron.plugins.ml2.plugin.Ml2Plugin._retry_binding_revived_agents--9223372036853439600'] for agent (0585cf08-5211-4f9a-a400-3ce34c38efd8), after_update _notify_loop /var/lib/kolla/venv/lib/python3.6/site-packages/neutron_lib/callbacks/manager.py:177
2024-11-07 02:19:24.339 29 DEBUG neutron.db.agents_db [req-7682419f-03ba-46b4-90d1-4e7655c6851c - - - - -] Agent healthcheck: found 2 active agents agent_health_check /var/lib/kolla/venv/lib/python3.6/site-packages/neutron/db/agents_db.py:318
2024-11-07 02:19:31.384 25 DEBUG neutron_lib.callbacks.manager [req-e3843eee-0cd0-4157-bd1d-142cbd885825 - - - - -] Publish callbacks ['neutron.services.segments.db._update_segment_host_mapping_for_agent-8789825146483', 'neutron.plugins.ml2.plugin.Ml2Plugin._retry_binding_revived_agents--9223372036853439600'] for agent (0f00913b-b9f9-4820-9dd8-43cf87321ee7), after_update _notify_loop /var/lib/kolla/venv/lib/python3.6/site-packages/neutron_lib/callbacks/manager.py:177
2024-11-07 02:19:47.002 22 DEBUG neutron.wsgi [-] (22) accepted ('10.0.0.22', 55874) server /var/lib/kolla/venv/lib/python3.6/site-packages/eventlet/wsgi.py:1004
2024-11-07 02:19:47.006 22 INFO neutron.wsgi [-] 10.0.0.22 "GET / HTTP/1.1" status: 200 len: 227 time: 0.0036414
2024-11-07 02:19:48.821 27 DEBUG neutron_lib.callbacks.manager [req-ba82b25e-4fc2-45fc-9084-ac7d3a7ea1e5 - - - - -] Publish callbacks ['neutron.services.segments.db._update_segment_host_mapping_for_agent-8789825146483', 'neutron.plugins.ml2.plugin.Ml2Plugin._retry_binding_revived_agents--9223372036853439600'] for agent (0585cf08-5211-4f9a-a400-3ce34c38efd8), after_update _notify_loop /var/lib/kolla/venv/lib/python3.6/site-packages/neutron_lib/callbacks/manager.py:177
2024-11-07 02:20:01.336 29 DEBUG neutron.db.agents_db [req-7682419f-03ba-46b4-90d1-4e7655c6851c - - - - -] Agent healthcheck: found 2 active agents agent_health_check /var/lib/kolla/venv/lib/python3.6/site-packages/neutron/db/agents_db.py:318
2024-11-07 02:20:01.387 23 DEBUG neutron_lib.callbacks.manager [req-e3843eee-0cd0-4157-bd1d-142cbd885825 - - - - -] Publish callbacks ['neutron.services.segments.db._update_segment_host_mapping_for_agent-8789825146483', 'neutron.plugins.ml2.plugin.Ml2Plugin._retry_binding_revived_agents--9223372036853439600'] for agent (0f00913b-b9f9-4820-9dd8-43cf87321ee7), after_update _notify_loop /var/lib/kolla/venv/lib/python3.6/site-packages/neutron_lib/callbacks/manager.py:177
2024-11-07 02:20:17.048 22 DEBUG neutron.wsgi [-] (22) accepted ('10.0.0.22', 55014) server /var/lib/kolla/venv/lib/python3.6/site-packages/eventlet/wsgi.py:1004
2024-11-07 02:20:17.052 22 INFO neutron.wsgi [-] 10.0.0.22 "GET / HTTP/1.1" status: 200 len: 227 time: 0.0028205
2024-11-07 02:20:18.818 26 DEBUG neutron_lib.callbacks.manager [req-554946be-4f5b-4b2f-9875-957195ff7183 - - - - -] Publish callbacks ['neutron.services.segments.db._update_segment_host_mapping_for_agent-8789825146483', 'neutron.plugins.ml2.plugin.Ml2Plugin._retry_binding_revived_agents--9223372036853439600'] for agent (0585cf08-5211-4f9a-a400-3ce34c38efd8), after_update _notify_loop /var/lib/kolla/venv/lib/python3.6/site-packages/neutron_lib/callbacks/manager.py:177
2024-11-07 02:20:31.389 28 DEBUG neutron_lib.callbacks.manager [req-e3843eee-0cd0-4157-bd1d-142cbd885825 - - - - -] Publish callbacks ['neutron.services.segments.db._update_segment_host_mapping_for_agent-8789825146483', 'neutron.plugins.ml2.plugin.Ml2Plugin._retry_binding_revived_agents--9223372036853439600'] for agent (0f00913b-b9f9-4820-9dd8-43cf87321ee7), after_update _notify_loop /var/lib/kolla/venv/lib/python3.6/site-packages/neutron_lib/callbacks/manager.py:177
2024-11-07 02:20:38.344 29 DEBUG neutron.db.agents_db [req-7682419f-03ba-46b4-90d1-4e7655c6851c - - - - -] Agent healthcheck: found 2 active agents agent_health_check /var/lib/kolla/venv/lib/python3.6/site-packages/neutron/db/agents_db.py:318
2024-11-07 02:20:47.101 22 DEBUG neutron.wsgi [-] (22) accepted ('10.0.0.22', 44364) server /var/lib/kolla/venv/lib/python3.6/site-packages/eventlet/wsgi.py:1004
2024-11-07 02:20:47.104 22 INFO neutron.wsgi [-] 10.0.0.22 "GET / HTTP/1.1" status: 200 len: 227 time: 0.0027237
2024-11-07 02:20:48.814 24 DEBUG neutron_lib.callbacks.manager [req-103a1310-5a80-45e3-83bf-8950c5da9ff7 - - - - -] Publish callbacks ['neutron.services.segments.db._update_segment_host_mapping_for_agent-8789825146483', 'neutron.plugins.ml2.plugin.Ml2Plugin._retry_binding_revived_agents--9223372036853439600'] for agent (0585cf08-5211-4f9a-a400-3ce34c38efd8), after_update _notify_loop /var/lib/kolla/venv/lib/python3.6/site-packages/neutron_lib/callbacks/manager.py:177
2024-11-07 02:21:01.390 25 DEBUG neutron_lib.callbacks.manager [req-e3843eee-0cd0-4157-bd1d-142cbd885825 - - - - -] Publish callbacks ['neutron.services.segments.db._update_segment_host_mapping_for_agent-8789825146483', 'neutron.plugins.ml2.plugin.Ml2Plugin._retry_binding_revived_agents--9223372036853439600'] for agent (0f00913b-b9f9-4820-9dd8-43cf87321ee7), after_update _notify_loop /var/lib/kolla/venv/lib/python3.6/site-packages/neutron_lib/callbacks/manager.py:177
2024-11-07 02:21:15.371 29 DEBUG neutron.db.agents_db [req-7682419f-03ba-46b4-90d1-4e7655c6851c - - - - -] Agent healthcheck: found 2 active agents agent_health_check /var/lib/kolla/venv/lib/python3.6/site-packages/neutron/db/agents_db.py:318
2024-11-07 02:21:17.154 22 DEBUG neutron.wsgi [-] (22) accepted ('10.0.0.22', 55176) server /var/lib/kolla/venv/lib/python3.6/site-packages/eventlet/wsgi.py:1004
2024-11-07 02:21:17.158 22 INFO neutron.wsgi [-] 10.0.0.22 "GET / HTTP/1.1" status: 200 len: 227 time: 0.0034900
2024-11-07 02:21:18.811 27 DEBUG neutron_lib.callbacks.manager [req-e11f586e-3cee-49b0-88b8-314998b88e46 - - - - -] Publish callbacks ['neutron.services.segments.db._update_segment_host_mapping_for_agent-8789825146483', 'neutron.plugins.ml2.plugin.Ml2Plugin._retry_binding_revived_agents--9223372036853439600'] for agent (0585cf08-5211-4f9a-a400-3ce34c38efd8), after_update _notify_loop /var/lib/kolla/venv/lib/python3.6/site-packages/neutron_lib/callbacks/manager.py:177
2024-11-07 02:21:31.393 23 DEBUG neutron_lib.callbacks.manager [req-e3843eee-0cd0-4157-bd1d-142cbd885825 - - - - -] Publish callbacks ['neutron.services.segments.db._update_segment_host_mapping_for_agent-8789825146483', 'neutron.plugins.ml2.plugin.Ml2Plugin._retry_binding_revived_agents--9223372036853439600'] for agent (0f00913b-b9f9-4820-9dd8-43cf87321ee7), after_update _notify_loop /var/lib/kolla/venv/lib/python3.6/site-packages/neutron_lib/callbacks/manager.py:177
2024-11-07 02:21:47.199 22 DEBUG neutron.wsgi [-] (22) accepted ('10.0.0.22', 43866) server /var/lib/kolla/venv/lib/python3.6/site-packages/eventlet/wsgi.py:1004
2024-11-07 02:21:47.205 22 INFO neutron.wsgi [-] 10.0.0.22 "GET / HTTP/1.1" status: 200 len: 227 time: 0.0051968
2024-11-07 02:21:48.809 26 DEBUG neutron_lib.callbacks.manager [req-cf9467d1-90f1-4ff1-839a-3f085cc57acd - - - - -] Publish callbacks ['neutron.services.segments.db._update_segment_host_mapping_for_agent-8789825146483', 'neutron.plugins.ml2.plugin.Ml2Plugin._retry_binding_revived_agents--9223372036853439600'] for agent (0585cf08-5211-4f9a-a400-3ce34c38efd8), after_update _notify_loop /var/lib/kolla/venv/lib/python3.6/site-packages/neutron_lib/callbacks/manager.py:177
2024-11-07 02:21:52.358 29 DEBUG neutron.db.agents_db [req-7682419f-03ba-46b4-90d1-4e7655c6851c - - - - -] Agent healthcheck: found 2 active agents agent_health_check /var/lib/kolla/venv/lib/python3.6/site-packages/neutron/db/agents_db.py:318
2024-11-07 02:22:01.393 28 DEBUG neutron_lib.callbacks.manager [req-e3843eee-0cd0-4157-bd1d-142cbd885825 - - - - -] Publish callbacks ['neutron.services.segments.db._update_segment_host_mapping_for_agent-8789825146483', 'neutron.plugins.ml2.plugin.Ml2Plugin._retry_binding_revived_agents--9223372036853439600'] for agent (0f00913b-b9f9-4820-9dd8-43cf87321ee7), after_update _notify_loop /var/lib/kolla/venv/lib/python3.6/site-packages/neutron_lib/callbacks/manager.py:177
2024-11-07 02:22:17.253 22 DEBUG neutron.wsgi [-] (22) accepted ('10.0.0.22', 56032) server /var/lib/kolla/venv/lib/python3.6/site-packages/eventlet/wsgi.py:1004
2024-11-07 02:22:17.256 22 INFO neutron.wsgi [-] 10.0.0.22 "GET / HTTP/1.1" status: 200 len: 227 time: 0.0027006
2024-11-07 02:22:18.811 24 DEBUG neutron_lib.callbacks.manager [req-0aa84258-38f1-4cc2-a29e-4ed8628f76be - - - - -] Publish callbacks ['neutron.services.segments.db._update_segment_host_mapping_for_agent-8789825146483', 'neutron.plugins.ml2.plugin.Ml2Plugin._retry_binding_revived_agents--9223372036853439600'] for agent (0585cf08-5211-4f9a-a400-3ce34c38efd8), after_update _notify_loop /var/lib/kolla/venv/lib/python3.6/site-packages/neutron_lib/callbacks/manager.py:177
2024-11-07 02:22:29.359 29 DEBUG neutron.db.agents_db [req-7682419f-03ba-46b4-90d1-4e7655c6851c - - - - -] Agent healthcheck: found 2 active agents agent_health_check /var/lib/kolla/venv/lib/python3.6/site-packages/neutron/db/agents_db.py:318
2024-11-07 02:22:31.396 25 DEBUG neutron_lib.callbacks.manager [req-e3843eee-0cd0-4157-bd1d-142cbd885825 - - - - -] Publish callbacks ['neutron.services.segments.db._update_segment_host_mapping_for_agent-8789825146483', 'neutron.plugins.ml2.plugin.Ml2Plugin._retry_binding_revived_agents--9223372036853439600'] for agent (0f00913b-b9f9-4820-9dd8-43cf87321ee7), after_update _notify_loop /var/lib/kolla/venv/lib/python3.6/site-packages/neutron_lib/callbacks/manager.py:177
2024-11-07 02:22:47.305 22 DEBUG neutron.wsgi [-] (22) accepted ('10.0.0.22', 42914) server /var/lib/kolla/venv/lib/python3.6/site-packages/eventlet/wsgi.py:1004
2024-11-07 02:22:47.308 22 INFO neutron.wsgi [-] 10.0.0.22 "GET / HTTP/1.1" status: 200 len: 227 time: 0.0027721
2024-11-07 02:22:48.809 27 DEBUG neutron_lib.callbacks.manager [req-b14c0ee8-a7d0-4270-b2f3-afff91438d29 - - - - -] Publish callbacks ['neutron.services.segments.db._update_segment_host_mapping_for_agent-8789825146483', 'neutron.plugins.ml2.plugin.Ml2Plugin._retry_binding_revived_agents--9223372036853439600'] for agent (0585cf08-5211-4f9a-a400-3ce34c38efd8), after_update _notify_loop /var/lib/kolla/venv/lib/python3.6/site-packages/neutron_lib/callbacks/manager.py:177
2024-11-07 02:23:01.399 23 DEBUG neutron_lib.callbacks.manager [req-e3843eee-0cd0-4157-bd1d-142cbd885825 - - - - -] Publish callbacks ['neutron.services.segments.db._update_segment_host_mapping_for_agent-8789825146483', 'neutron.plugins.ml2.plugin.Ml2Plugin._retry_binding_revived_agents--9223372036853439600'] for agent (0f00913b-b9f9-4820-9dd8-43cf87321ee7), after_update _notify_loop /var/lib/kolla/venv/lib/python3.6/site-packages/neutron_lib/callbacks/manager.py:177
2024-11-07 02:23:06.355 29 DEBUG neutron.db.agents_db [req-7682419f-03ba-46b4-90d1-4e7655c6851c - - - - -] Agent healthcheck: found 2 active agents agent_health_check /var/lib/kolla/venv/lib/python3.6/site-packages/neutron/db/agents_db.py:318
2024-11-07 02:23:17.376 22 DEBUG neutron.wsgi [-] (22) accepted ('10.0.0.22', 42690) server /var/lib/kolla/venv/lib/python3.6/site-packages/eventlet/wsgi.py:1004
2024-11-07 02:23:17.380 22 INFO neutron.wsgi [-] 10.0.0.22 "GET / HTTP/1.1" status: 200 len: 227 time: 0.0032432
2024-11-07 02:23:18.807 26 DEBUG neutron_lib.callbacks.manager [req-4a03b0fe-b3a0-41b1-9b09-6f0a9c704148 - - - - -] Publish callbacks ['neutron.services.segments.db._update_segment_host_mapping_for_agent-8789825146483', 'neutron.plugins.ml2.plugin.Ml2Plugin._retry_binding_revived_agents--9223372036853439600'] for agent (0585cf08-5211-4f9a-a400-3ce34c38efd8), after_update _notify_loop /var/lib/kolla/venv/lib/python3.6/site-packages/neutron_lib/callbacks/manager.py:177
2024-11-07 02:23:31.400 28 DEBUG neutron_lib.callbacks.manager [req-e3843eee-0cd0-4157-bd1d-142cbd885825 - - - - -] Publish callbacks ['neutron.services.segments.db._update_segment_host_mapping_for_agent-8789825146483', 'neutron.plugins.ml2.plugin.Ml2Plugin._retry_binding_revived_agents--9223372036853439600'] for agent (0f00913b-b9f9-4820-9dd8-43cf87321ee7), after_update _notify_loop /var/lib/kolla/venv/lib/python3.6/site-packages/neutron_lib/callbacks/manager.py:177
2024-11-07 02:23:43.364 29 DEBUG neutron.db.agents_db [req-7682419f-03ba-46b4-90d1-4e7655c6851c - - - - -] Agent healthcheck: found 2 active agents agent_health_check /var/lib/kolla/venv/lib/python3.6/site-packages/neutron/db/agents_db.py:318
2024-11-07 02:23:47.436 22 DEBUG neutron.wsgi [-] (22) accepted ('10.0.0.22', 49972) server /var/lib/kolla/venv/lib/python3.6/site-packages/eventlet/wsgi.py:1004
2024-11-07 02:23:47.440 22 INFO neutron.wsgi [-] 10.0.0.22 "GET / HTTP/1.1" status: 200 len: 227 time: 0.0035143
2024-11-07 02:23:48.803 24 DEBUG neutron_lib.callbacks.manager [req-25e7d820-7c84-4f99-af2a-2c6a3f01acaa - - - - -] Publish callbacks ['neutron.services.segments.db._update_segment_host_mapping_for_agent-8789825146483', 'neutron.plugins.ml2.plugin.Ml2Plugin._retry_binding_revived_agents--9223372036853439600'] for agent (0585cf08-5211-4f9a-a400-3ce34c38efd8), after_update _notify_loop /var/lib/kolla/venv/lib/python3.6/site-packages/neutron_lib/callbacks/manager.py:177
2024-11-07 02:24:01.402 25 DEBUG neutron_lib.callbacks.manager [req-e3843eee-0cd0-4157-bd1d-142cbd885825 - - - - -] Publish callbacks ['neutron.services.segments.db._update_segment_host_mapping_for_agent-8789825146483', 'neutron.plugins.ml2.plugin.Ml2Plugin._retry_binding_revived_agents--9223372036853439600'] for agent (0f00913b-b9f9-4820-9dd8-43cf87321ee7), after_update _notify_loop /var/lib/kolla/venv/lib/python3.6/site-packages/neutron_lib/callbacks/manager.py:177
2024-11-07 02:24:17.508 22 DEBUG neutron.wsgi [-] (22) accepted ('10.0.0.22', 43532) server /var/lib/kolla/venv/lib/python3.6/site-packages/eventlet/wsgi.py:1004
2024-11-07 02:24:17.512 22 INFO neutron.wsgi [-] 10.0.0.22 "GET / HTTP/1.1" status: 200 len: 227 time: 0.0031018
2024-11-07 02:24:18.800 27 DEBUG neutron_lib.callbacks.manager [req-0524ef13-e295-4d29-967b-080771043702 - - - - -] Publish callbacks ['neutron.services.segments.db._update_segment_host_mapping_for_agent-8789825146483', 'neutron.plugins.ml2.plugin.Ml2Plugin._retry_binding_revived_agents--9223372036853439600'] for agent (0585cf08-5211-4f9a-a400-3ce34c38efd8), after_update _notify_loop /var/lib/kolla/venv/lib/python3.6/site-packages/neutron_lib/callbacks/manager.py:177
2024-11-07 02:24:20.364 29 DEBUG neutron.db.agents_db [req-7682419f-03ba-46b4-90d1-4e7655c6851c - - - - -] Agent healthcheck: found 2 active agents agent_health_check /var/lib/kolla/venv/lib/python3.6/site-packages/neutron/db/agents_db.py:318
2024-11-07 02:24:31.404 23 DEBUG neutron_lib.callbacks.manager [req-e3843eee-0cd0-4157-bd1d-142cbd885825 - - - - -] Publish callbacks ['neutron.services.segments.db._update_segment_host_mapping_for_agent-8789825146483', 'neutron.plugins.ml2.plugin.Ml2Plugin._retry_binding_revived_agents--9223372036853439600'] for agent (0f00913b-b9f9-4820-9dd8-43cf87321ee7), after_update _notify_loop /var/lib/kolla/venv/lib/python3.6/site-packages/neutron_lib/callbacks/manager.py:177
2024-11-07 02:24:47.561 22 DEBUG neutron.wsgi [-] (22) accepted ('10.0.0.22', 42116) server /var/lib/kolla/venv/lib/python3.6/site-packages/eventlet/wsgi.py:1004
2024-11-07 02:24:47.565 22 INFO neutron.wsgi [-] 10.0.0.22 "GET / HTTP/1.1" status: 200 len: 227 time: 0.0026605
2024-11-07 02:24:48.797 26 DEBUG neutron_lib.callbacks.manager [req-6ba8dc3d-9902-42a1-b568-5c410ac24373 - - - - -] Publish callbacks ['neutron.services.segments.db._update_segment_host_mapping_for_agent-8789825146483', 'neutron.plugins.ml2.plugin.Ml2Plugin._retry_binding_revived_agents--9223372036853439600'] for agent (0585cf08-5211-4f9a-a400-3ce34c38efd8), after_update _notify_loop /var/lib/kolla/venv/lib/python3.6/site-packages/neutron_lib/callbacks/manager.py:177
2024-11-07 02:24:57.361 29 DEBUG neutron.db.agents_db [req-7682419f-03ba-46b4-90d1-4e7655c6851c - - - - -] Agent healthcheck: found 2 active agents agent_health_check /var/lib/kolla/venv/lib/python3.6/site-packages/neutron/db/agents_db.py:318
2024-11-07 02:25:01.407 28 DEBUG neutron_lib.callbacks.manager [req-e3843eee-0cd0-4157-bd1d-142cbd885825 - - - - -] Publish callbacks ['neutron.services.segments.db._update_segment_host_mapping_for_agent-8789825146483', 'neutron.plugins.ml2.plugin.Ml2Plugin._retry_binding_revived_agents--9223372036853439600'] for agent (0f00913b-b9f9-4820-9dd8-43cf87321ee7), after_update _notify_loop /var/lib/kolla/venv/lib/python3.6/site-packages/neutron_lib/callbacks/manager.py:177
2024-11-07 02:25:17.604 22 DEBUG neutron.wsgi [-] (22) accepted ('10.0.0.22', 44048) server /var/lib/kolla/venv/lib/python3.6/site-packages/eventlet/wsgi.py:1004
2024-11-07 02:25:17.608 22 INFO neutron.wsgi [-] 10.0.0.22 "GET / HTTP/1.1" status: 200 len: 227 time: 0.0026660
2024-11-07 02:25:18.792 24 DEBUG neutron_lib.callbacks.manager [req-7c7aa52b-6d8f-49a2-ac10-819b450d24f3 - - - - -] Publish callbacks ['neutron.services.segments.db._update_segment_host_mapping_for_agent-8789825146483', 'neutron.plugins.ml2.plugin.Ml2Plugin._retry_binding_revived_agents--9223372036853439600'] for agent (0585cf08-5211-4f9a-a400-3ce34c38efd8), after_update _notify_loop /var/lib/kolla/venv/lib/python3.6/site-packages/neutron_lib/callbacks/manager.py:177
2024-11-07 02:25:31.408 25 DEBUG neutron_lib.callbacks.manager [req-e3843eee-0cd0-4157-bd1d-142cbd885825 - - - - -] Publish callbacks ['neutron.services.segments.db._update_segment_host_mapping_for_agent-8789825146483', 'neutron.plugins.ml2.plugin.Ml2Plugin._retry_binding_revived_agents--9223372036853439600'] for agent (0f00913b-b9f9-4820-9dd8-43cf87321ee7), after_update _notify_loop /var/lib/kolla/venv/lib/python3.6/site-packages/neutron_lib/callbacks/manager.py:177
2024-11-07 02:25:34.368 29 DEBUG neutron.db.agents_db [req-7682419f-03ba-46b4-90d1-4e7655c6851c - - - - -] Agent healthcheck: found 2 active agents agent_health_check /var/lib/kolla/venv/lib/python3.6/site-packages/neutron/db/agents_db.py:318
2024-11-07 02:25:47.660 22 DEBUG neutron.wsgi [-] (22) accepted ('10.0.0.22', 33468) server /var/lib/kolla/venv/lib/python3.6/site-packages/eventlet/wsgi.py:1004
2024-11-07 02:25:47.664 22 INFO neutron.wsgi [-] 10.0.0.22 "GET / HTTP/1.1" status: 200 len: 227 time: 0.0026331
2024-11-07 02:25:48.788 27 DEBUG neutron_lib.callbacks.manager [req-33230e98-7664-46e0-a267-7a2302aed66c - - - - -] Publish callbacks ['neutron.services.segments.db._update_segment_host_mapping_for_agent-8789825146483', 'neutron.plugins.ml2.plugin.Ml2Plugin._retry_binding_revived_agents--9223372036853439600'] for agent (0585cf08-5211-4f9a-a400-3ce34c38efd8), after_update _notify_loop /var/lib/kolla/venv/lib/python3.6/site-packages/neutron_lib/callbacks/manager.py:177
2024-11-07 02:26:01.411 23 DEBUG neutron_lib.callbacks.manager [req-e3843eee-0cd0-4157-bd1d-142cbd885825 - - - - -] Publish callbacks ['neutron.services.segments.db._update_segment_host_mapping_for_agent-8789825146483', 'neutron.plugins.ml2.plugin.Ml2Plugin._retry_binding_revived_agents--9223372036853439600'] for agent (0f00913b-b9f9-4820-9dd8-43cf87321ee7), after_update _notify_loop /var/lib/kolla/venv/lib/python3.6/site-packages/neutron_lib/callbacks/manager.py:177
2024-11-07 02:26:11.364 29 DEBUG neutron.db.agents_db [req-7682419f-03ba-46b4-90d1-4e7655c6851c - - - - -] Agent healthcheck: found 2 active agents agent_health_check /var/lib/kolla/venv/lib/python3.6/site-packages/neutron/db/agents_db.py:318
2024-11-07 02:26:17.704 22 DEBUG neutron.wsgi [-] (22) accepted ('10.0.0.22', 35674) server /var/lib/kolla/venv/lib/python3.6/site-packages/eventlet/wsgi.py:1004
2024-11-07 02:26:17.708 22 INFO neutron.wsgi [-] 10.0.0.22 "GET / HTTP/1.1" status: 200 len: 227 time: 0.0026970
2024-11-07 02:26:18.794 26 DEBUG neutron_lib.callbacks.manager [req-506489c6-2237-4e11-8312-b5682d8340dd - - - - -] Publish callbacks ['neutron.services.segments.db._update_segment_host_mapping_for_agent-8789825146483', 'neutron.plugins.ml2.plugin.Ml2Plugin._retry_binding_revived_agents--9223372036853439600'] for agent (0585cf08-5211-4f9a-a400-3ce34c38efd8), after_update _notify_loop /var/lib/kolla/venv/lib/python3.6/site-packages/neutron_lib/callbacks/manager.py:177
2024-11-07 02:26:31.413 28 DEBUG neutron_lib.callbacks.manager [req-e3843eee-0cd0-4157-bd1d-142cbd885825 - - - - -] Publish callbacks ['neutron.services.segments.db._update_segment_host_mapping_for_agent-8789825146483', 'neutron.plugins.ml2.plugin.Ml2Plugin._retry_binding_revived_agents--9223372036853439600'] for agent (0f00913b-b9f9-4820-9dd8-43cf87321ee7), after_update _notify_loop /var/lib/kolla/venv/lib/python3.6/site-packages/neutron_lib/callbacks/manager.py:177
2024-11-07 02:26:47.760 22 DEBUG neutron.wsgi [-] (22) accepted ('10.0.0.22', 49034) server /var/lib/kolla/venv/lib/python3.6/site-packages/eventlet/wsgi.py:1004
2024-11-07 02:26:47.769 22 INFO neutron.wsgi [-] 10.0.0.22 "GET / HTTP/1.1" status: 200 len: 227 time: 0.0076869
2024-11-07 02:26:48.372 29 DEBUG neutron.db.agents_db [req-7682419f-03ba-46b4-90d1-4e7655c6851c - - - - -] Agent healthcheck: found 2 active agents agent_health_check /var/lib/kolla/venv/lib/python3.6/site-packages/neutron/db/agents_db.py:318
2024-11-07 02:26:48.793 24 DEBUG neutron_lib.callbacks.manager [req-57113d64-f7c5-4dee-b6a2-2dd51f7e05f1 - - - - -] Publish callbacks ['neutron.services.segments.db._update_segment_host_mapping_for_agent-8789825146483', 'neutron.plugins.ml2.plugin.Ml2Plugin._retry_binding_revived_agents--9223372036853439600'] for agent (0585cf08-5211-4f9a-a400-3ce34c38efd8), after_update _notify_loop /var/lib/kolla/venv/lib/python3.6/site-packages/neutron_lib/callbacks/manager.py:177
2024-11-07 02:27:01.414 25 DEBUG neutron_lib.callbacks.manager [req-e3843eee-0cd0-4157-bd1d-142cbd885825 - - - - -] Publish callbacks ['neutron.services.segments.db._update_segment_host_mapping_for_agent-8789825146483', 'neutron.plugins.ml2.plugin.Ml2Plugin._retry_binding_revived_agents--9223372036853439600'] for agent (0f00913b-b9f9-4820-9dd8-43cf87321ee7), after_update _notify_loop /var/lib/kolla/venv/lib/python3.6/site-packages/neutron_lib/callbacks/manager.py:177
2024-11-07 02:27:17.812 22 DEBUG neutron.wsgi [-] (22) accepted ('10.0.0.22', 45606) server /var/lib/kolla/venv/lib/python3.6/site-packages/eventlet/wsgi.py:1004
2024-11-07 02:27:17.816 22 INFO neutron.wsgi [-] 10.0.0.22 "GET / HTTP/1.1" status: 200 len: 227 time: 0.0025637
2024-11-07 02:27:18.788 27 DEBUG neutron_lib.callbacks.manager [req-a427735f-4c6d-400f-977f-ac51b8f716e0 - - - - -] Publish callbacks ['neutron.services.segments.db._update_segment_host_mapping_for_agent-8789825146483', 'neutron.plugins.ml2.plugin.Ml2Plugin._retry_binding_revived_agents--9223372036853439600'] for agent (0585cf08-5211-4f9a-a400-3ce34c38efd8), after_update _notify_loop /var/lib/kolla/venv/lib/python3.6/site-packages/neutron_lib/callbacks/manager.py:177
2024-11-07 02:27:25.369 29 DEBUG neutron.db.agents_db [req-7682419f-03ba-46b4-90d1-4e7655c6851c - - - - -] Agent healthcheck: found 2 active agents agent_health_check /var/lib/kolla/venv/lib/python3.6/site-packages/neutron/db/agents_db.py:318
2024-11-07 02:27:31.418 23 DEBUG neutron_lib.callbacks.manager [req-e3843eee-0cd0-4157-bd1d-142cbd885825 - - - - -] Publish callbacks ['neutron.services.segments.db._update_segment_host_mapping_for_agent-8789825146483', 'neutron.plugins.ml2.plugin.Ml2Plugin._retry_binding_revived_agents--9223372036853439600'] for agent (0f00913b-b9f9-4820-9dd8-43cf87321ee7), after_update _notify_loop /var/lib/kolla/venv/lib/python3.6/site-packages/neutron_lib/callbacks/manager.py:177
2024-11-07 02:27:47.857 22 DEBUG neutron.wsgi [-] (22) accepted ('10.0.0.22', 37968) server /var/lib/kolla/venv/lib/python3.6/site-packages/eventlet/wsgi.py:1004
2024-11-07 02:27:47.862 22 INFO neutron.wsgi [-] 10.0.0.22 "GET / HTTP/1.1" status: 200 len: 227 time: 0.0036418
2024-11-07 02:27:48.795 26 DEBUG neutron_lib.callbacks.manager [req-06bacbb8-3561-4430-9427-f2c17281f485 - - - - -] Publish callbacks ['neutron.services.segments.db._update_segment_host_mapping_for_agent-8789825146483', 'neutron.plugins.ml2.plugin.Ml2Plugin._retry_binding_revived_agents--9223372036853439600'] for agent (0585cf08-5211-4f9a-a400-3ce34c38efd8), after_update _notify_loop /var/lib/kolla/venv/lib/python3.6/site-packages/neutron_lib/callbacks/manager.py:177
2024-11-07 02:28:01.418 28 DEBUG neutron_lib.callbacks.manager [req-e3843eee-0cd0-4157-bd1d-142cbd885825 - - - - -] Publish callbacks ['neutron.services.segments.db._update_segment_host_mapping_for_agent-8789825146483', 'neutron.plugins.ml2.plugin.Ml2Plugin._retry_binding_revived_agents--9223372036853439600'] for agent (0f00913b-b9f9-4820-9dd8-43cf87321ee7), after_update _notify_loop /var/lib/kolla/venv/lib/python3.6/site-packages/neutron_lib/callbacks/manager.py:177
2024-11-07 02:28:02.365 29 DEBUG neutron.db.agents_db [req-7682419f-03ba-46b4-90d1-4e7655c6851c - - - - -] Agent healthcheck: found 2 active agents agent_health_check /var/lib/kolla/venv/lib/python3.6/site-packages/neutron/db/agents_db.py:318
2024-11-07 02:28:13.659 7 INFO oslo_service.service [-] Caught SIGTERM, stopping children
2024-11-07 02:28:13.660 7 DEBUG oslo_concurrency.lockutils [-] Acquired lock "singleton_lock" lock /var/lib/kolla/venv/lib/python3.6/site-packages/oslo_concurrency/lockutils.py:294
2024-11-07 02:28:13.660 7 DEBUG oslo_concurrency.lockutils [-] Releasing lock "singleton_lock" lock /var/lib/kolla/venv/lib/python3.6/site-packages/oslo_concurrency/lockutils.py:312
2024-11-07 02:28:13.660 7 DEBUG oslo_service.service [-] Stop services. stop /var/lib/kolla/venv/lib/python3.6/site-packages/oslo_service/service.py:695
2024-11-07 02:28:13.660 7 DEBUG neutron.service [-] calling RpcWorker stop() stop /var/lib/kolla/venv/lib/python3.6/site-packages/neutron/service.py:138
2024-11-07 02:28:13.660 7 DEBUG neutron.service [-] calling RpcWorker stop() stop /var/lib/kolla/venv/lib/python3.6/site-packages/neutron/service.py:138
2024-11-07 02:28:13.660 7 DEBUG oslo_service.service [-] Killing children. stop /var/lib/kolla/venv/lib/python3.6/site-packages/oslo_service/service.py:700
2024-11-07 02:28:13.661 7 INFO oslo_service.service [-] Waiting on 8 children to exit
2024-11-07 02:28:13.661 28 DEBUG neutron.service [-] calling RpcWorker stop() stop /var/lib/kolla/venv/lib/python3.6/site-packages/neutron/service.py:138
2024-11-07 02:28:13.661 23 DEBUG neutron.service [-] calling RpcWorker stop() stop /var/lib/kolla/venv/lib/python3.6/site-packages/neutron/service.py:138
2024-11-07 02:28:13.662 22 INFO neutron.wsgi [-] (22) wsgi exited, is_accepting=True
2024-11-07 02:28:13.663 22 DEBUG oslo_concurrency.lockutils [req-f9039f32-b2fc-487b-9256-4fd6cd3fe5b7 - - - - -] Acquired lock "singleton_lock" lock /var/lib/kolla/venv/lib/python3.6/site-packages/oslo_concurrency/lockutils.py:294
2024-11-07 02:28:13.663 22 DEBUG oslo_concurrency.lockutils [req-f9039f32-b2fc-487b-9256-4fd6cd3fe5b7 - - - - -] Releasing lock "singleton_lock" lock /var/lib/kolla/venv/lib/python3.6/site-packages/oslo_concurrency/lockutils.py:312
2024-11-07 02:28:13.661 23 DEBUG neutron.service [-] calling stop on stop /var/lib/kolla/venv/lib/python3.6/site-packages/neutron/service.py:141
2024-11-07 02:28:13.661 28 DEBUG neutron.service [-] calling stop on stop /var/lib/kolla/venv/lib/python3.6/site-packages/neutron/service.py:141
2024-11-07 02:28:13.664 25 DEBUG neutron.service [-] calling RpcWorker stop() stop /var/lib/kolla/venv/lib/python3.6/site-packages/neutron/service.py:138
2024-11-07 02:28:13.664 29 DEBUG neutron.service [-] calling RpcWorker stop() stop /var/lib/kolla/venv/lib/python3.6/site-packages/neutron/service.py:138
2024-11-07 02:28:13.665 25 DEBUG neutron.service [-] calling stop on stop /var/lib/kolla/venv/lib/python3.6/site-packages/neutron/service.py:141
2024-11-07 02:28:13.668 7 INFO oslo_service.service [-] Child 22 exited with status 0
2024-11-07 02:28:13.671 24 DEBUG neutron.service [-] calling RpcWorker stop() stop /var/lib/kolla/venv/lib/python3.6/site-packages/neutron/service.py:138
2024-11-07 02:28:13.672 24 DEBUG neutron.service [-] calling stop on stop /var/lib/kolla/venv/lib/python3.6/site-packages/neutron/service.py:141
2024-11-07 02:28:13.674 26 DEBUG neutron.service [-] calling RpcWorker stop() stop /var/lib/kolla/venv/lib/python3.6/site-packages/neutron/service.py:138
2024-11-07 02:28:13.675 26 DEBUG neutron.service [-] calling stop on stop /var/lib/kolla/venv/lib/python3.6/site-packages/neutron/service.py:141
2024-11-07 02:28:13.665 29 DEBUG neutron.service [-] calling stop on stop /var/lib/kolla/venv/lib/python3.6/site-packages/neutron/service.py:141
2024-11-07 02:28:13.680 27 DEBUG neutron.service [-] calling RpcWorker stop() stop /var/lib/kolla/venv/lib/python3.6/site-packages/neutron/service.py:138
2024-11-07 02:28:13.680 27 DEBUG neutron.service [-] calling stop on stop /var/lib/kolla/venv/lib/python3.6/site-packages/neutron/service.py:141
2024-11-07 02:28:14.615 28 DEBUG oslo_concurrency.lockutils [req-f9039f32-b2fc-487b-9256-4fd6cd3fe5b7 - - - - -] Acquired lock "singleton_lock" lock /var/lib/kolla/venv/lib/python3.6/site-packages/oslo_concurrency/lockutils.py:294
2024-11-07 02:28:14.616 28 DEBUG oslo_concurrency.lockutils [req-f9039f32-b2fc-487b-9256-4fd6cd3fe5b7 - - - - -] Releasing lock "singleton_lock" lock /var/lib/kolla/venv/lib/python3.6/site-packages/oslo_concurrency/lockutils.py:312
2024-11-07 02:28:14.616 28 DEBUG neutron.service [req-f9039f32-b2fc-487b-9256-4fd6cd3fe5b7 - - - - -] calling RpcWorker wait() _wait /var/lib/kolla/venv/lib/python3.6/site-packages/neutron/service.py:128
2024-11-07 02:28:14.616 28 DEBUG neutron.service [req-f9039f32-b2fc-487b-9256-4fd6cd3fe5b7 - - - - -] calling wait on _wait /var/lib/kolla/venv/lib/python3.6/site-packages/neutron/service.py:131
2024-11-07 02:28:14.622 28 WARNING amqp [req-f9039f32-b2fc-487b-9256-4fd6cd3fe5b7 - - - - -] Received method (60, 30) during closing channel 1. This method will be ignored
2024-11-07 02:28:14.624 28 DEBUG neutron.service [req-f9039f32-b2fc-487b-9256-4fd6cd3fe5b7 - - - - -] returning from RpcWorker wait() _wait /var/lib/kolla/venv/lib/python3.6/site-packages/neutron/service.py:135
2024-11-07 02:28:14.631 7 INFO oslo_service.service [-] Child 28 exited with status 0
2024-11-07 02:28:17.001 26 DEBUG oslo_concurrency.lockutils [req-f9039f32-b2fc-487b-9256-4fd6cd3fe5b7 - - - - -] Acquired lock "singleton_lock" lock /var/lib/kolla/venv/lib/python3.6/site-packages/oslo_concurrency/lockutils.py:294
2024-11-07 02:28:17.001 26 DEBUG oslo_concurrency.lockutils [req-f9039f32-b2fc-487b-9256-4fd6cd3fe5b7 - - - - -] Releasing lock "singleton_lock" lock /var/lib/kolla/venv/lib/python3.6/site-packages/oslo_concurrency/lockutils.py:312
2024-11-07 02:28:17.001 26 DEBUG neutron.service [req-f9039f32-b2fc-487b-9256-4fd6cd3fe5b7 - - - - -] calling RpcWorker wait() _wait /var/lib/kolla/venv/lib/python3.6/site-packages/neutron/service.py:128
2024-11-07 02:28:17.001 26 DEBUG neutron.service [req-f9039f32-b2fc-487b-9256-4fd6cd3fe5b7 - - - - -] calling wait on _wait /var/lib/kolla/venv/lib/python3.6/site-packages/neutron/service.py:131
2024-11-07 02:28:17.008 26 WARNING amqp [req-f9039f32-b2fc-487b-9256-4fd6cd3fe5b7 - - - - -] Received method (60, 30) during closing channel 1. This method will be ignored
2024-11-07 02:28:17.010 26 DEBUG neutron.service [req-f9039f32-b2fc-487b-9256-4fd6cd3fe5b7 - - - - -] returning from RpcWorker wait() _wait /var/lib/kolla/venv/lib/python3.6/site-packages/neutron/service.py:135
2024-11-07 02:28:17.016 7 INFO oslo_service.service [-] Child 26 exited with status 0
2024-11-07 02:28:18.794 24 DEBUG neutron_lib.callbacks.manager [req-79682d28-4e93-4b74-9162-9f867da2b375 - - - - -] Publish callbacks ['neutron.services.segments.db._update_segment_host_mapping_for_agent-8789825146483', 'neutron.plugins.ml2.plugin.Ml2Plugin._retry_binding_revived_agents--9223372036853439600'] for agent (0585cf08-5211-4f9a-a400-3ce34c38efd8), after_update _notify_loop /var/lib/kolla/venv/lib/python3.6/site-packages/neutron_lib/callbacks/manager.py:177
2024-11-07 02:28:20.327 24 DEBUG neutron.service [-] calling stop on stop /var/lib/kolla/venv/lib/python3.6/site-packages/neutron/service.py:141
2024-11-07 02:28:20.332 23 DEBUG neutron.service [-] calling stop on stop /var/lib/kolla/venv/lib/python3.6/site-packages/neutron/service.py:141
2024-11-07 02:28:20.332 25 DEBUG neutron.service [-] calling stop on stop /var/lib/kolla/venv/lib/python3.6/site-packages/neutron/service.py:141
2024-11-07 02:28:20.356 25 DEBUG neutron.service [-] calling stop on stop /var/lib/kolla/venv/lib/python3.6/site-packages/neutron/service.py:141
2024-11-07 02:28:20.362 23 DEBUG neutron.service [-] calling stop on stop /var/lib/kolla/venv/lib/python3.6/site-packages/neutron/service.py:141
2024-11-07 02:28:20.364 24 DEBUG neutron.service [-] calling stop on stop /var/lib/kolla/venv/lib/python3.6/site-packages/neutron/service.py:141
2024-11-07 02:28:20.368 27 DEBUG oslo_concurrency.lockutils [req-f9039f32-b2fc-487b-9256-4fd6cd3fe5b7 - - - - -] Acquired lock "singleton_lock" lock /var/lib/kolla/venv/lib/python3.6/site-packages/oslo_concurrency/lockutils.py:294
2024-11-07 02:28:20.369 25 DEBUG neutron.service [-] calling stop on stop /var/lib/kolla/venv/lib/python3.6/site-packages/neutron/service.py:141
2024-11-07 02:28:20.371 29 DEBUG oslo_concurrency.lockutils [req-f9039f32-b2fc-487b-9256-4fd6cd3fe5b7 - - - - -] Acquired lock "singleton_lock" lock /var/lib/kolla/venv/lib/python3.6/site-packages/oslo_concurrency/lockutils.py:294
2024-11-07 02:28:20.371 29 DEBUG oslo_concurrency.lockutils [req-f9039f32-b2fc-487b-9256-4fd6cd3fe5b7 - - - - -] Releasing lock "singleton_lock" lock /var/lib/kolla/venv/lib/python3.6/site-packages/oslo_concurrency/lockutils.py:312
2024-11-07 02:28:20.372 29 DEBUG neutron.service [req-f9039f32-b2fc-487b-9256-4fd6cd3fe5b7 - - - - -] calling RpcWorker wait() _wait /var/lib/kolla/venv/lib/python3.6/site-packages/neutron/service.py:128
2024-11-07 02:28:20.372 29 DEBUG neutron.service [req-f9039f32-b2fc-487b-9256-4fd6cd3fe5b7 - - - - -] calling wait on _wait /var/lib/kolla/venv/lib/python3.6/site-packages/neutron/service.py:131
2024-11-07 02:28:20.373 27 DEBUG oslo_concurrency.lockutils [req-f9039f32-b2fc-487b-9256-4fd6cd3fe5b7 - - - - -] Releasing lock "singleton_lock" lock /var/lib/kolla/venv/lib/python3.6/site-packages/oslo_concurrency/lockutils.py:312
2024-11-07 02:28:20.374 27 DEBUG neutron.service [req-f9039f32-b2fc-487b-9256-4fd6cd3fe5b7 - - - - -] calling RpcWorker wait() _wait /var/lib/kolla/venv/lib/python3.6/site-packages/neutron/service.py:128
2024-11-07 02:28:20.382 27 DEBUG neutron.service [req-f9039f32-b2fc-487b-9256-4fd6cd3fe5b7 - - - - -] calling wait on _wait /var/lib/kolla/venv/lib/python3.6/site-packages/neutron/service.py:131
2024-11-07 02:28:20.381 23 DEBUG neutron.service [-] calling stop on stop /var/lib/kolla/venv/lib/python3.6/site-packages/neutron/service.py:141
2024-11-07 02:28:20.389 25 DEBUG oslo_concurrency.lockutils [req-f9039f32-b2fc-487b-9256-4fd6cd3fe5b7 - - - - -] Acquired lock "singleton_lock" lock /var/lib/kolla/venv/lib/python3.6/site-packages/oslo_concurrency/lockutils.py:294
2024-11-07 02:28:20.391 25 DEBUG oslo_concurrency.lockutils [req-f9039f32-b2fc-487b-9256-4fd6cd3fe5b7 - - - - -] Releasing lock "singleton_lock" lock /var/lib/kolla/venv/lib/python3.6/site-packages/oslo_concurrency/lockutils.py:312
2024-11-07 02:28:20.393 25 DEBUG neutron.service [req-f9039f32-b2fc-487b-9256-4fd6cd3fe5b7 - - - - -] calling RpcWorker wait() _wait /var/lib/kolla/venv/lib/python3.6/site-packages/neutron/service.py:128
2024-11-07 02:28:20.394 25 DEBUG neutron.service [req-f9039f32-b2fc-487b-9256-4fd6cd3fe5b7 - - - - -] calling wait on _wait /var/lib/kolla/venv/lib/python3.6/site-packages/neutron/service.py:131
2024-11-07 02:28:20.394 23 DEBUG oslo_concurrency.lockutils [req-f9039f32-b2fc-487b-9256-4fd6cd3fe5b7 - - - - -] Acquired lock "singleton_lock" lock /var/lib/kolla/venv/lib/python3.6/site-packages/oslo_concurrency/lockutils.py:294
2024-11-07 02:28:20.395 23 DEBUG oslo_concurrency.lockutils [req-f9039f32-b2fc-487b-9256-4fd6cd3fe5b7 - - - - -] Releasing lock "singleton_lock" lock /var/lib/kolla/venv/lib/python3.6/site-packages/oslo_concurrency/lockutils.py:312
2024-11-07 02:28:20.395 23 DEBUG neutron.service [req-f9039f32-b2fc-487b-9256-4fd6cd3fe5b7 - - - - -] calling RpcWorker wait() _wait /var/lib/kolla/venv/lib/python3.6/site-packages/neutron/service.py:128
2024-11-07 02:28:20.395 23 DEBUG neutron.service [req-f9039f32-b2fc-487b-9256-4fd6cd3fe5b7 - - - - -] calling wait on _wait /var/lib/kolla/venv/lib/python3.6/site-packages/neutron/service.py:131
2024-11-07 02:28:20.446 29 WARNING amqp [req-f9039f32-b2fc-487b-9256-4fd6cd3fe5b7 - - - - -] Received method (60, 30) during closing channel 1. This method will be ignored
2024-11-07 02:28:20.448 29 DEBUG neutron.service [req-f9039f32-b2fc-487b-9256-4fd6cd3fe5b7 - - - - -] returning from RpcWorker wait() _wait /var/lib/kolla/venv/lib/python3.6/site-packages/neutron/service.py:135
2024-11-07 02:28:20.449 27 WARNING amqp [req-f9039f32-b2fc-487b-9256-4fd6cd3fe5b7 - - - - -] Received method (60, 30) during closing channel 1. This method will be ignored
2024-11-07 02:28:20.450 23 WARNING amqp [req-f9039f32-b2fc-487b-9256-4fd6cd3fe5b7 - - - - -] Received method (60, 30) during closing channel 1. This method will be ignored
2024-11-07 02:28:20.451 25 WARNING amqp [req-f9039f32-b2fc-487b-9256-4fd6cd3fe5b7 - - - - -] Received method (60, 30) during closing channel 1. This method will be ignored
2024-11-07 02:28:20.452 27 DEBUG neutron.service [req-f9039f32-b2fc-487b-9256-4fd6cd3fe5b7 - - - - -] returning from RpcWorker wait() _wait /var/lib/kolla/venv/lib/python3.6/site-packages/neutron/service.py:135
2024-11-07 02:28:20.456 7 INFO oslo_service.service [-] Child 29 exited with status 0
2024-11-07 02:28:20.456 7 INFO oslo_service.service [-] Child 27 exited with status 0
2024-11-07 02:28:20.457 23 DEBUG neutron.service [req-f9039f32-b2fc-487b-9256-4fd6cd3fe5b7 - - - - -] calling wait on _wait /var/lib/kolla/venv/lib/python3.6/site-packages/neutron/service.py:131
2024-11-07 02:28:20.457 25 DEBUG neutron.service [req-f9039f32-b2fc-487b-9256-4fd6cd3fe5b7 - - - - -] calling wait on _wait /var/lib/kolla/venv/lib/python3.6/site-packages/neutron/service.py:131
2024-11-07 02:28:20.464 23 WARNING amqp [req-f9039f32-b2fc-487b-9256-4fd6cd3fe5b7 - - - - -] Received method (60, 30) during closing channel 1. This method will be ignored
2024-11-07 02:28:20.465 23 DEBUG neutron.service [req-f9039f32-b2fc-487b-9256-4fd6cd3fe5b7 - - - - -] calling wait on _wait /var/lib/kolla/venv/lib/python3.6/site-packages/neutron/service.py:131
2024-11-07 02:28:20.473 23 WARNING amqp [req-f9039f32-b2fc-487b-9256-4fd6cd3fe5b7 - - - - -] Received method (60, 30) during closing channel 1. This method will be ignored
