2024-11-04 00:40:20.565 123887 DEBUG oslo_service.service [req-7add6c65-8910-410b-b1cc-45043bbbd711 - - - - -] oslo_messaging_rabbit.ssl_cert_file = log_opt_values /usr/lib/python3/dist-packages/oslo_config/cfg.py:2609
2024-11-04 00:40:20.565 123887 DEBUG oslo_service.service [req-7add6c65-8910-410b-b1cc-45043bbbd711 - - - - -] oslo_messaging_rabbit.ssl_key_file = log_opt_values /usr/lib/python3/dist-packages/oslo_config/cfg.py:2609
2024-11-04 00:40:20.565 123887 DEBUG oslo_service.service [req-7add6c65-8910-410b-b1cc-45043bbbd711 - - - - -] oslo_messaging_rabbit.ssl_version = log_opt_values /usr/lib/python3/dist-packages/oslo_config/cfg.py:2609
2024-11-04 00:40:20.565 123887 DEBUG oslo_service.service [req-7add6c65-8910-410b-b1cc-45043bbbd711 - - - - -] oslo_messaging_notifications.driver = ['messagingv2'] log_opt_values /usr/lib/python3/dist-packages/oslo_config/cfg.py:2609
2024-11-04 00:40:20.565 123887 DEBUG oslo_service.service [req-7add6c65-8910-410b-b1cc-45043bbbd711 - - - - -] oslo_messaging_notifications.retry = -1 log_opt_values /usr/lib/python3/dist-packages/oslo_config/cfg.py:2609
2024-11-04 00:40:20.566 123887 DEBUG oslo_service.service [req-7add6c65-8910-410b-b1cc-45043bbbd711 - - - - -] oslo_messaging_notifications.topics = ['notifications'] log_opt_values /usr/lib/python3/dist-packages/oslo_config/cfg.py:2609
2024-11-04 00:40:20.566 123887 DEBUG oslo_service.service [req-7add6c65-8910-410b-b1cc-45043bbbd711 - - - - -] oslo_messaging_notifications.transport_url = **** log_opt_values /usr/lib/python3/dist-packages/oslo_config/cfg.py:2609
2024-11-04 00:40:20.566 123887 DEBUG oslo_service.service [req-7add6c65-8910-410b-b1cc-45043bbbd711 - - - - -] oslo_limit.auth_section = None log_opt_values /usr/lib/python3/dist-packages/oslo_config/cfg.py:2609
2024-11-04 00:40:20.566 123887 DEBUG oslo_service.service [req-7add6c65-8910-410b-b1cc-45043bbbd711 - - - - -] oslo_limit.auth_type = None log_opt_values /usr/lib/python3/dist-packages/oslo_config/cfg.py:2609
2024-11-04 00:40:20.566 123887 DEBUG oslo_service.service [req-7add6c65-8910-410b-b1cc-45043bbbd711 - - - - -] oslo_limit.cafile = None log_opt_values /usr/lib/python3/dist-packages/oslo_config/cfg.py:2609
2024-11-04 00:40:20.567 123887 DEBUG oslo_service.service [req-7add6c65-8910-410b-b1cc-45043bbbd711 - - - - -] oslo_limit.certfile = None log_opt_values /usr/lib/python3/dist-packages/oslo_config/cfg.py:2609
2024-11-04 00:40:20.567 123887 DEBUG oslo_service.service [req-7add6c65-8910-410b-b1cc-45043bbbd711 - - - - -] oslo_limit.collect_timing = False log_opt_values /usr/lib/python3/dist-packages/oslo_config/cfg.py:2609
2024-11-04 00:40:20.567 123887 DEBUG oslo_service.service [req-7add6c65-8910-410b-b1cc-45043bbbd711 - - - - -] oslo_limit.connect_retries = None log_opt_values /usr/lib/python3/dist-packages/oslo_config/cfg.py:2609
2024-11-04 00:40:20.567 123887 DEBUG oslo_service.service [req-7add6c65-8910-410b-b1cc-45043bbbd711 - - - - -] oslo_limit.connect_retry_delay = None log_opt_values /usr/lib/python3/dist-packages/oslo_config/cfg.py:2609
2024-11-04 00:40:20.567 123887 DEBUG oslo_service.service [req-7add6c65-8910-410b-b1cc-45043bbbd711 - - - - -] oslo_limit.endpoint_id = None log_opt_values /usr/lib/python3/dist-packages/oslo_config/cfg.py:2609
2024-11-04 00:40:20.567 123887 DEBUG oslo_service.service [req-7add6c65-8910-410b-b1cc-45043bbbd711 - - - - -] oslo_limit.endpoint_override = None log_opt_values /usr/lib/python3/dist-packages/oslo_config/cfg.py:2609
2024-11-04 00:40:20.568 123887 DEBUG oslo_service.service [req-7add6c65-8910-410b-b1cc-45043bbbd711 - - - - -] oslo_limit.insecure = False log_opt_values /usr/lib/python3/dist-packages/oslo_config/cfg.py:2609
2024-11-04 00:40:20.568 123887 DEBUG oslo_service.service [req-7add6c65-8910-410b-b1cc-45043bbbd711 - - - - -] oslo_limit.keyfile = None log_opt_values /usr/lib/python3/dist-packages/oslo_config/cfg.py:2609
2024-11-04 00:40:20.568 123887 DEBUG oslo_service.service [req-7add6c65-8910-410b-b1cc-45043bbbd711 - - - - -] oslo_limit.max_version = None log_opt_values /usr/lib/python3/dist-packages/oslo_config/cfg.py:2609
2024-11-04 00:40:20.568 123887 DEBUG oslo_service.service [req-7add6c65-8910-410b-b1cc-45043bbbd711 - - - - -] oslo_limit.min_version = None log_opt_values /usr/lib/python3/dist-packages/oslo_config/cfg.py:2609
2024-11-04 00:40:20.568 123887 DEBUG oslo_service.service [req-7add6c65-8910-410b-b1cc-45043bbbd711 - - - - -] oslo_limit.region_name = None log_opt_values /usr/lib/python3/dist-packages/oslo_config/cfg.py:2609
2024-11-04 00:40:20.568 123887 DEBUG oslo_service.service [req-7add6c65-8910-410b-b1cc-45043bbbd711 - - - - -] oslo_limit.service_name = None log_opt_values /usr/lib/python3/dist-packages/oslo_config/cfg.py:2609
2024-11-04 00:40:20.569 123887 DEBUG oslo_service.service [req-7add6c65-8910-410b-b1cc-45043bbbd711 - - - - -] oslo_limit.service_type = None log_opt_values /usr/lib/python3/dist-packages/oslo_config/cfg.py:2609
2024-11-04 00:40:20.569 123887 DEBUG oslo_service.service [req-7add6c65-8910-410b-b1cc-45043bbbd711 - - - - -] oslo_limit.split_loggers = False log_opt_values /usr/lib/python3/dist-packages/oslo_config/cfg.py:2609
2024-11-04 00:40:20.569 123887 DEBUG oslo_service.service [req-7add6c65-8910-410b-b1cc-45043bbbd711 - - - - -] oslo_limit.status_code_retries = None log_opt_values /usr/lib/python3/dist-packages/oslo_config/cfg.py:2609
2024-11-04 00:40:20.569 123887 DEBUG oslo_service.service [req-7add6c65-8910-410b-b1cc-45043bbbd711 - - - - -] oslo_limit.status_code_retry_delay = None log_opt_values /usr/lib/python3/dist-packages/oslo_config/cfg.py:2609
2024-11-04 00:40:20.571 123887 DEBUG oslo_service.service [req-7add6c65-8910-410b-b1cc-45043bbbd711 - - - - -] oslo_limit.timeout = None log_opt_values /usr/lib/python3/dist-packages/oslo_config/cfg.py:2609
2024-11-04 00:40:20.571 123887 DEBUG oslo_service.service [req-7add6c65-8910-410b-b1cc-45043bbbd711 - - - - -] oslo_limit.valid_interfaces = None log_opt_values /usr/lib/python3/dist-packages/oslo_config/cfg.py:2609
2024-11-04 00:40:20.571 123887 DEBUG oslo_service.service [req-7add6c65-8910-410b-b1cc-45043bbbd711 - - - - -] oslo_limit.version = None log_opt_values /usr/lib/python3/dist-packages/oslo_config/cfg.py:2609
2024-11-04 00:40:20.572 123887 DEBUG oslo_service.service [req-7add6c65-8910-410b-b1cc-45043bbbd711 - - - - -] oslo_reports.file_event_handler = None log_opt_values /usr/lib/python3/dist-packages/oslo_config/cfg.py:2609
2024-11-04 00:40:20.572 123887 DEBUG oslo_service.service [req-7add6c65-8910-410b-b1cc-45043bbbd711 - - - - -] oslo_reports.file_event_handler_interval = 1 log_opt_values /usr/lib/python3/dist-packages/oslo_config/cfg.py:2609
2024-11-04 00:40:20.572 123887 DEBUG oslo_service.service [req-7add6c65-8910-410b-b1cc-45043bbbd711 - - - - -] oslo_reports.log_dir = None log_opt_values /usr/lib/python3/dist-packages/oslo_config/cfg.py:2609
2024-11-04 00:40:20.572 123887 DEBUG oslo_service.service [req-7add6c65-8910-410b-b1cc-45043bbbd711 - - - - -] ******************************************************************************** log_opt_values /usr/lib/python3/dist-packages/oslo_config/cfg.py:2613
2024-11-04 00:40:21.443 125290 DEBUG oslo_messaging._drivers.amqpdriver [-] AMQPListener connection timeout poll /usr/lib/python3/dist-packages/oslo_messaging/_drivers/amqpdriver.py:360
2024-11-04 00:40:21.443 125290 DEBUG oslo_messaging._drivers.amqpdriver [-] Listener is running poll /usr/lib/python3/dist-packages/oslo_messaging/_drivers/amqpdriver.py:343
2024-11-04 00:40:21.444 125290 DEBUG oslo_messaging._drivers.amqpdriver [-] AMQPListener connection consume poll /usr/lib/python3/dist-packages/oslo_messaging/_drivers/amqpdriver.py:357
2024-11-04 00:40:21.450 125283 DEBUG oslo_messaging._drivers.amqpdriver [-] AMQPListener connection timeout poll /usr/lib/python3/dist-packages/oslo_messaging/_drivers/amqpdriver.py:360
2024-11-04 00:40:21.450 125283 DEBUG oslo_messaging._drivers.amqpdriver [-] Listener is running poll /usr/lib/python3/dist-packages/oslo_messaging/_drivers/amqpdriver.py:343
2024-11-04 00:40:21.450 125283 DEBUG oslo_messaging._drivers.amqpdriver [-] AMQPListener connection consume poll /usr/lib/python3/dist-packages/oslo_messaging/_drivers/amqpdriver.py:357
2024-11-04 00:40:21.451 125276 DEBUG oslo_messaging._drivers.amqpdriver [-] AMQPListener connection timeout poll /usr/lib/python3/dist-packages/oslo_messaging/_drivers/amqpdriver.py:360
2024-11-04 00:40:21.451 125276 DEBUG oslo_messaging._drivers.amqpdriver [-] Listener is running poll /usr/lib/python3/dist-packages/oslo_messaging/_drivers/amqpdriver.py:343
2024-11-04 00:40:21.451 125276 DEBUG oslo_messaging._drivers.amqpdriver [-] AMQPListener connection consume poll /usr/lib/python3/dist-packages/oslo_messaging/_drivers/amqpdriver.py:357
2024-11-04 00:40:21.452 125282 DEBUG oslo_messaging._drivers.amqpdriver [-] AMQPListener connection timeout poll /usr/lib/python3/dist-packages/oslo_messaging/_drivers/amqpdriver.py:360
2024-11-04 00:40:21.452 125282 DEBUG oslo_messaging._drivers.amqpdriver [-] Listener is running poll /usr/lib/python3/dist-packages/oslo_messaging/_drivers/amqpdriver.py:343
2024-11-04 00:40:21.452 125282 DEBUG oslo_messaging._drivers.amqpdriver [-] AMQPListener connection consume poll /usr/lib/python3/dist-packages/oslo_messaging/_drivers/amqpdriver.py:357
2024-11-04 00:40:23.446 125290 DEBUG oslo_messaging._drivers.amqpdriver [-] AMQPListener connection timeout poll /usr/lib/python3/dist-packages/oslo_messaging/_drivers/amqpdriver.py:360
2024-11-04 00:40:23.446 125290 DEBUG oslo_messaging._drivers.amqpdriver [-] Listener is running poll /usr/lib/python3/dist-packages/oslo_messaging/_drivers/amqpdriver.py:343
2024-11-04 00:40:23.447 125290 DEBUG oslo_messaging._drivers.amqpdriver [-] AMQPListener connection consume poll /usr/lib/python3/dist-packages/oslo_messaging/_drivers/amqpdriver.py:357
2024-11-04 00:40:23.452 125283 DEBUG oslo_messaging._drivers.amqpdriver [-] AMQPListener connection timeout poll /usr/lib/python3/dist-packages/oslo_messaging/_drivers/amqpdriver.py:360
2024-11-04 00:40:23.453 125283 DEBUG oslo_messaging._drivers.amqpdriver [-] Listener is running poll /usr/lib/python3/dist-packages/oslo_messaging/_drivers/amqpdriver.py:343
2024-11-04 00:40:23.453 125283 DEBUG oslo_messaging._drivers.amqpdriver [-] AMQPListener connection consume poll /usr/lib/python3/dist-packages/oslo_messaging/_drivers/amqpdriver.py:357
2024-11-04 00:40:23.454 125276 DEBUG oslo_messaging._drivers.amqpdriver [-] AMQPListener connection timeout poll /usr/lib/python3/dist-packages/oslo_messaging/_drivers/amqpdriver.py:360
2024-11-04 00:40:23.454 125276 DEBUG oslo_messaging._drivers.amqpdriver [-] Listener is running poll /usr/lib/python3/dist-packages/oslo_messaging/_drivers/amqpdriver.py:343
2024-11-04 00:40:23.454 125276 DEBUG oslo_messaging._drivers.amqpdriver [-] AMQPListener connection consume poll /usr/lib/python3/dist-packages/oslo_messaging/_drivers/amqpdriver.py:357
2024-11-04 00:40:23.454 125282 DEBUG oslo_messaging._drivers.amqpdriver [-] AMQPListener connection timeout poll /usr/lib/python3/dist-packages/oslo_messaging/_drivers/amqpdriver.py:360
2024-11-04 00:40:23.455 125282 DEBUG oslo_messaging._drivers.amqpdriver [-] Listener is running poll /usr/lib/python3/dist-packages/oslo_messaging/_drivers/amqpdriver.py:343
2024-11-04 00:40:23.455 125282 DEBUG oslo_messaging._drivers.amqpdriver [-] AMQPListener connection consume poll /usr/lib/python3/dist-packages/oslo_messaging/_drivers/amqpdriver.py:357
2024-11-04 00:40:27.450 125290 DEBUG oslo_messaging._drivers.amqpdriver [-] AMQPListener connection timeout poll /usr/lib/python3/dist-packages/oslo_messaging/_drivers/amqpdriver.py:360
2024-11-04 00:40:27.451 125290 DEBUG oslo_messaging._drivers.amqpdriver [-] Listener is running poll /usr/lib/python3/dist-packages/oslo_messaging/_drivers/amqpdriver.py:343
2024-11-04 00:40:27.451 125290 DEBUG oslo_messaging._drivers.amqpdriver [-] AMQPListener connection consume poll /usr/lib/python3/dist-packages/oslo_messaging/_drivers/amqpdriver.py:357
2024-11-04 00:40:27.456 125283 DEBUG oslo_messaging._drivers.amqpdriver [-] AMQPListener connection timeout poll /usr/lib/python3/dist-packages/oslo_messaging/_drivers/amqpdriver.py:360
2024-11-04 00:40:27.456 125283 DEBUG oslo_messaging._drivers.amqpdriver [-] Listener is running poll /usr/lib/python3/dist-packages/oslo_messaging/_drivers/amqpdriver.py:343
2024-11-04 00:40:27.456 125283 DEBUG oslo_messaging._drivers.amqpdriver [-] AMQPListener connection consume poll /usr/lib/python3/dist-packages/oslo_messaging/_drivers/amqpdriver.py:357
2024-11-04 00:40:27.457 125276 DEBUG oslo_messaging._drivers.amqpdriver [-] AMQPListener connection timeout poll /usr/lib/python3/dist-packages/oslo_messaging/_drivers/amqpdriver.py:360
2024-11-04 00:40:27.457 125276 DEBUG oslo_messaging._drivers.amqpdriver [-] Listener is running poll /usr/lib/python3/dist-packages/oslo_messaging/_drivers/amqpdriver.py:343
2024-11-04 00:40:27.457 125276 DEBUG oslo_messaging._drivers.amqpdriver [-] AMQPListener connection consume poll /usr/lib/python3/dist-packages/oslo_messaging/_drivers/amqpdriver.py:357
2024-11-04 00:40:27.458 125282 DEBUG oslo_messaging._drivers.amqpdriver [-] AMQPListener connection timeout poll /usr/lib/python3/dist-packages/oslo_messaging/_drivers/amqpdriver.py:360
2024-11-04 00:40:27.458 125282 DEBUG oslo_messaging._drivers.amqpdriver [-] Listener is running poll /usr/lib/python3/dist-packages/oslo_messaging/_drivers/amqpdriver.py:343
2024-11-04 00:40:27.458 125282 DEBUG oslo_messaging._drivers.amqpdriver [-] AMQPListener connection consume poll /usr/lib/python3/dist-packages/oslo_messaging/_drivers/amqpdriver.py:357
2024-11-04 00:40:29.448 125282 DEBUG oslo_service.periodic_task [req-b1010e5c-e833-4759-8214-e5bd100a6745 - - - - -] Running periodic task SchedulerManager._discover_hosts_in_cells run_periodic_tasks /usr/lib/python3/dist-packages/oslo_service/periodic_task.py:210
2024-11-04 00:40:29.449 125282 DEBUG oslo_db.sqlalchemy.engines [req-b1010e5c-e833-4759-8214-e5bd100a6745 - - - - -] Parent process 123887 forked (125282) with an open database connection, which is being discarded and recreated. checkout /usr/lib/python3/dist-packages/oslo_db/sqlalchemy/engines.py:413
2024-11-04 00:40:29.458 125282 DEBUG oslo_concurrency.lockutils [req-b1010e5c-e833-4759-8214-e5bd100a6745 - - - - -] Lock "9dcfd4c0-f9e1-4035-9dee-65058de99e35" acquired by "nova.context.set_target_cell..get_or_set_cached_cell_and_set_connections" :: waited 0.000s inner /usr/lib/python3/dist-packages/oslo_concurrency/lockutils.py:386
2024-11-04 00:40:29.461 125282 DEBUG oslo_concurrency.lockutils [req-b1010e5c-e833-4759-8214-e5bd100a6745 - - - - -] Lock "9dcfd4c0-f9e1-4035-9dee-65058de99e35" "released" by "nova.context.set_target_cell..get_or_set_cached_cell_and_set_connections" :: held 0.002s inner /usr/lib/python3/dist-packages/oslo_concurrency/lockutils.py:400
2024-11-04 00:40:29.472 125282 DEBUG oslo_db.sqlalchemy.engines [req-b1010e5c-e833-4759-8214-e5bd100a6745 - - - - -] MySQL server mode set to STRICT_TRANS_TABLES,STRICT_ALL_TABLES,NO_ZERO_IN_DATE,NO_ZERO_DATE,ERROR_FOR_DIVISION_BY_ZERO,TRADITIONAL,NO_ENGINE_SUBSTITUTION _check_effective_sql_mode /usr/lib/python3/dist-packages/oslo_db/sqlalchemy/engines.py:314
2024-11-04 00:40:35.454 125290 DEBUG oslo_messaging._drivers.amqpdriver [-] AMQPListener connection timeout poll /usr/lib/python3/dist-packages/oslo_messaging/_drivers/amqpdriver.py:360
2024-11-04 00:40:35.454 125290 DEBUG oslo_messaging._drivers.amqpdriver [-] Listener is running poll /usr/lib/python3/dist-packages/oslo_messaging/_drivers/amqpdriver.py:343
2024-11-04 00:40:35.455 125290 DEBUG oslo_messaging._drivers.amqpdriver [-] AMQPListener connection consume poll /usr/lib/python3/dist-packages/oslo_messaging/_drivers/amqpdriver.py:357
2024-11-04 00:40:35.458 125283 DEBUG oslo_messaging._drivers.amqpdriver [-] AMQPListener connection timeout poll /usr/lib/python3/dist-packages/oslo_messaging/_drivers/amqpdriver.py:360
2024-11-04 00:40:35.458 125283 DEBUG oslo_messaging._drivers.amqpdriver [-] Listener is running poll /usr/lib/python3/dist-packages/oslo_messaging/_drivers/amqpdriver.py:343
2024-11-04 00:40:35.458 125283 DEBUG oslo_messaging._drivers.amqpdriver [-] AMQPListener connection consume poll /usr/lib/python3/dist-packages/oslo_messaging/_drivers/amqpdriver.py:357
2024-11-04 00:40:35.460 125276 DEBUG oslo_messaging._drivers.amqpdriver [-] AMQPListener connection timeout poll /usr/lib/python3/dist-packages/oslo_messaging/_drivers/amqpdriver.py:360
2024-11-04 00:40:35.461 125282 DEBUG oslo_messaging._drivers.amqpdriver [-] AMQPListener connection timeout poll /usr/lib/python3/dist-packages/oslo_messaging/_drivers/amqpdriver.py:360
2024-11-04 00:40:35.461 125282 DEBUG oslo_messaging._drivers.amqpdriver [-] Listener is running poll /usr/lib/python3/dist-packages/oslo_messaging/_drivers/amqpdriver.py:343
2024-11-04 00:40:35.461 125276 DEBUG oslo_messaging._drivers.amqpdriver [-] Listener is running poll /usr/lib/python3/dist-packages/oslo_messaging/_drivers/amqpdriver.py:343
2024-11-04 00:40:35.461 125282 DEBUG oslo_messaging._drivers.amqpdriver [-] AMQPListener connection consume poll /usr/lib/python3/dist-packages/oslo_messaging/_drivers/amqpdriver.py:357
2024-11-04 00:40:35.461 125276 DEBUG oslo_messaging._drivers.amqpdriver [-] AMQPListener connection consume poll /usr/lib/python3/dist-packages/oslo_messaging/_drivers/amqpdriver.py:357
2024-11-04 00:40:54.442 125290 DEBUG oslo_service.periodic_task [req-d2e4a4b3-c08f-4b22-9641-e25eb11b7609 - - - - -] Running periodic task SchedulerManager._discover_hosts_in_cells run_periodic_tasks /usr/lib/python3/dist-packages/oslo_service/periodic_task.py:210
2024-11-04 00:40:54.443 125290 DEBUG oslo_db.sqlalchemy.engines [req-d2e4a4b3-c08f-4b22-9641-e25eb11b7609 - - - - -] Parent process 123887 forked (125290) with an open database connection, which is being discarded and recreated. checkout /usr/lib/python3/dist-packages/oslo_db/sqlalchemy/engines.py:413
2024-11-04 00:40:54.454 125290 DEBUG oslo_concurrency.lockutils [req-d2e4a4b3-c08f-4b22-9641-e25eb11b7609 - - - - -] Lock "9dcfd4c0-f9e1-4035-9dee-65058de99e35" acquired by "nova.context.set_target_cell..get_or_set_cached_cell_and_set_connections" :: waited 0.000s inner /usr/lib/python3/dist-packages/oslo_concurrency/lockutils.py:386
2024-11-04 00:40:54.454 125276 DEBUG oslo_service.periodic_task [req-bd06a5bb-0004-4b3c-aab4-e5f509ed2e19 - - - - -] Running periodic task SchedulerManager._discover_hosts_in_cells run_periodic_tasks /usr/lib/python3/dist-packages/oslo_service/periodic_task.py:210
2024-11-04 00:40:54.456 125276 DEBUG oslo_db.sqlalchemy.engines [req-bd06a5bb-0004-4b3c-aab4-e5f509ed2e19 - - - - -] Parent process 123887 forked (125276) with an open database connection, which is being discarded and recreated. checkout /usr/lib/python3/dist-packages/oslo_db/sqlalchemy/engines.py:413
2024-11-04 00:40:54.456 125290 DEBUG oslo_concurrency.lockutils [req-d2e4a4b3-c08f-4b22-9641-e25eb11b7609 - - - - -] Lock "9dcfd4c0-f9e1-4035-9dee-65058de99e35" "released" by "nova.context.set_target_cell..get_or_set_cached_cell_and_set_connections" :: held 0.003s inner /usr/lib/python3/dist-packages/oslo_concurrency/lockutils.py:400
2024-11-04 00:40:54.465 125276 DEBUG oslo_concurrency.lockutils [req-bd06a5bb-0004-4b3c-aab4-e5f509ed2e19 - - - - -] Lock "9dcfd4c0-f9e1-4035-9dee-65058de99e35" acquired by "nova.context.set_target_cell..get_or_set_cached_cell_and_set_connections" :: waited 0.000s inner /usr/lib/python3/dist-packages/oslo_concurrency/lockutils.py:386
2024-11-04 00:40:54.465 125290 DEBUG oslo_db.sqlalchemy.engines [req-d2e4a4b3-c08f-4b22-9641-e25eb11b7609 - - - - -] MySQL server mode set to STRICT_TRANS_TABLES,STRICT_ALL_TABLES,NO_ZERO_IN_DATE,NO_ZERO_DATE,ERROR_FOR_DIVISION_BY_ZERO,TRADITIONAL,NO_ENGINE_SUBSTITUTION _check_effective_sql_mode /usr/lib/python3/dist-packages/oslo_db/sqlalchemy/engines.py:314
2024-11-04 00:40:54.477 125276 DEBUG oslo_concurrency.lockutils [req-bd06a5bb-0004-4b3c-aab4-e5f509ed2e19 - - - - -] Lock "9dcfd4c0-f9e1-4035-9dee-65058de99e35" "released" by "nova.context.set_target_cell..get_or_set_cached_cell_and_set_connections" :: held 0.012s inner /usr/lib/python3/dist-packages/oslo_concurrency/lockutils.py:400
2024-11-04 00:40:54.485 125276 DEBUG oslo_db.sqlalchemy.engines [req-bd06a5bb-0004-4b3c-aab4-e5f509ed2e19 - - - - -] MySQL server mode set to STRICT_TRANS_TABLES,STRICT_ALL_TABLES,NO_ZERO_IN_DATE,NO_ZERO_DATE,ERROR_FOR_DIVISION_BY_ZERO,TRADITIONAL,NO_ENGINE_SUBSTITUTION _check_effective_sql_mode /usr/lib/python3/dist-packages/oslo_db/sqlalchemy/engines.py:314
2024-11-04 00:40:59.490 125282 DEBUG oslo_service.periodic_task [req-b1010e5c-e833-4759-8214-e5bd100a6745 - - - - -] Running periodic task SchedulerManager._discover_hosts_in_cells run_periodic_tasks /usr/lib/python3/dist-packages/oslo_service/periodic_task.py:210
2024-11-04 00:40:59.496 125282 DEBUG oslo_concurrency.lockutils [req-3c2f43e4-dfe9-4c75-a9be-5de47eb0a3dc - - - - -] Lock "9dcfd4c0-f9e1-4035-9dee-65058de99e35" acquired by "nova.context.set_target_cell..get_or_set_cached_cell_and_set_connections" :: waited 0.000s inner /usr/lib/python3/dist-packages/oslo_concurrency/lockutils.py:386
2024-11-04 00:40:59.496 125282 DEBUG oslo_concurrency.lockutils [req-3c2f43e4-dfe9-4c75-a9be-5de47eb0a3dc - - - - -] Lock "9dcfd4c0-f9e1-4035-9dee-65058de99e35" "released" by "nova.context.set_target_cell..get_or_set_cached_cell_and_set_connections" :: held 0.000s inner /usr/lib/python3/dist-packages/oslo_concurrency/lockutils.py:400
2024-11-04 00:41:05.415 125276 DEBUG oslo_messaging._drivers.amqpdriver [-] AMQPListener connection timeout poll /usr/lib/python3/dist-packages/oslo_messaging/_drivers/amqpdriver.py:360
2024-11-04 00:41:05.416 125276 DEBUG oslo_messaging._drivers.amqpdriver [-] Listener is running poll /usr/lib/python3/dist-packages/oslo_messaging/_drivers/amqpdriver.py:343
2024-11-04 00:41:05.416 125276 DEBUG oslo_messaging._drivers.amqpdriver [-] AMQPListener connection consume poll /usr/lib/python3/dist-packages/oslo_messaging/_drivers/amqpdriver.py:357
2024-11-04 00:41:05.417 125282 DEBUG oslo_messaging._drivers.amqpdriver [-] AMQPListener connection timeout poll /usr/lib/python3/dist-packages/oslo_messaging/_drivers/amqpdriver.py:360
2024-11-04 00:41:05.418 125282 DEBUG oslo_messaging._drivers.amqpdriver [-] Listener is running poll /usr/lib/python3/dist-packages/oslo_messaging/_drivers/amqpdriver.py:343
2024-11-04 00:41:05.418 125282 DEBUG oslo_messaging._drivers.amqpdriver [-] AMQPListener connection consume poll /usr/lib/python3/dist-packages/oslo_messaging/_drivers/amqpdriver.py:357
2024-11-04 00:41:05.421 125290 DEBUG oslo_messaging._drivers.amqpdriver [-] AMQPListener connection timeout poll /usr/lib/python3/dist-packages/oslo_messaging/_drivers/amqpdriver.py:360
2024-11-04 00:41:05.421 125290 DEBUG oslo_messaging._drivers.amqpdriver [-] Listener is running poll /usr/lib/python3/dist-packages/oslo_messaging/_drivers/amqpdriver.py:343
2024-11-04 00:41:05.421 125290 DEBUG oslo_messaging._drivers.amqpdriver [-] AMQPListener connection consume poll /usr/lib/python3/dist-packages/oslo_messaging/_drivers/amqpdriver.py:357
2024-11-04 00:41:05.432 125283 DEBUG oslo_messaging._drivers.amqpdriver [-] AMQPListener connection timeout poll /usr/lib/python3/dist-packages/oslo_messaging/_drivers/amqpdriver.py:360
2024-11-04 00:41:05.433 125283 DEBUG oslo_messaging._drivers.amqpdriver [-] Listener is running poll /usr/lib/python3/dist-packages/oslo_messaging/_drivers/amqpdriver.py:343
2024-11-04 00:41:05.434 125283 DEBUG oslo_messaging._drivers.amqpdriver [-] AMQPListener connection consume poll /usr/lib/python3/dist-packages/oslo_messaging/_drivers/amqpdriver.py:357
2024-11-04 00:41:16.444 125283 DEBUG oslo_service.periodic_task [req-f33f4a43-3bcb-4449-8a2b-ba5d8e063c20 - - - - -] Running periodic task SchedulerManager._discover_hosts_in_cells run_periodic_tasks /usr/lib/python3/dist-packages/oslo_service/periodic_task.py:210
2024-11-04 00:41:16.445 125283 DEBUG oslo_db.sqlalchemy.engines [req-f33f4a43-3bcb-4449-8a2b-ba5d8e063c20 - - - - -] Parent process 123887 forked (125283) with an open database connection, which is being discarded and recreated. checkout /usr/lib/python3/dist-packages/oslo_db/sqlalchemy/engines.py:413
2024-11-04 00:41:16.452 125283 DEBUG oslo_concurrency.lockutils [req-f33f4a43-3bcb-4449-8a2b-ba5d8e063c20 - - - - -] Lock "9dcfd4c0-f9e1-4035-9dee-65058de99e35" acquired by "nova.context.set_target_cell..get_or_set_cached_cell_and_set_connections" :: waited 0.000s inner /usr/lib/python3/dist-packages/oslo_concurrency/lockutils.py:386
2024-11-04 00:41:16.454 125283 DEBUG oslo_concurrency.lockutils [req-f33f4a43-3bcb-4449-8a2b-ba5d8e063c20 - - - - -] Lock "9dcfd4c0-f9e1-4035-9dee-65058de99e35" "released" by "nova.context.set_target_cell..get_or_set_cached_cell_and_set_connections" :: held 0.002s inner /usr/lib/python3/dist-packages/oslo_concurrency/lockutils.py:400
2024-11-04 00:41:16.461 125283 DEBUG oslo_db.sqlalchemy.engines [req-f33f4a43-3bcb-4449-8a2b-ba5d8e063c20 - - - - -] MySQL server mode set to STRICT_TRANS_TABLES,STRICT_ALL_TABLES,NO_ZERO_IN_DATE,NO_ZERO_DATE,ERROR_FOR_DIVISION_BY_ZERO,TRADITIONAL,NO_ENGINE_SUBSTITUTION _check_effective_sql_mode /usr/lib/python3/dist-packages/oslo_db/sqlalchemy/engines.py:314
2024-11-04 00:41:24.489 125290 DEBUG oslo_service.periodic_task [req-d2e4a4b3-c08f-4b22-9641-e25eb11b7609 - - - - -] Running periodic task SchedulerManager._discover_hosts_in_cells run_periodic_tasks /usr/lib/python3/dist-packages/oslo_service/periodic_task.py:210
2024-11-04 00:41:24.494 125290 DEBUG oslo_concurrency.lockutils [req-b2690e81-928d-4d91-8b16-9af70d1007f9 - - - - -] Lock "9dcfd4c0-f9e1-4035-9dee-65058de99e35" acquired by "nova.context.set_target_cell..get_or_set_cached_cell_and_set_connections" :: waited 0.000s inner /usr/lib/python3/dist-packages/oslo_concurrency/lockutils.py:386
2024-11-04 00:41:24.494 125290 DEBUG oslo_concurrency.lockutils [req-b2690e81-928d-4d91-8b16-9af70d1007f9 - - - - -] Lock "9dcfd4c0-f9e1-4035-9dee-65058de99e35" "released" by "nova.context.set_target_cell..get_or_set_cached_cell_and_set_connections" :: held 0.000s inner /usr/lib/python3/dist-packages/oslo_concurrency/lockutils.py:400
2024-11-04 00:41:24.505 125276 DEBUG oslo_service.periodic_task [req-bd06a5bb-0004-4b3c-aab4-e5f509ed2e19 - - - - -] Running periodic task SchedulerManager._discover_hosts_in_cells run_periodic_tasks /usr/lib/python3/dist-packages/oslo_service/periodic_task.py:210
2024-11-04 00:41:24.511 125276 DEBUG oslo_concurrency.lockutils [req-2ab588ba-2606-4d3c-82fd-fc5644113375 - - - - -] Lock "9dcfd4c0-f9e1-4035-9dee-65058de99e35" acquired by "nova.context.set_target_cell..get_or_set_cached_cell_and_set_connections" :: waited 0.000s inner /usr/lib/python3/dist-packages/oslo_concurrency/lockutils.py:386
2024-11-04 00:41:24.511 125276 DEBUG oslo_concurrency.lockutils [req-2ab588ba-2606-4d3c-82fd-fc5644113375 - - - - -] Lock "9dcfd4c0-f9e1-4035-9dee-65058de99e35" "released" by "nova.context.set_target_cell..get_or_set_cached_cell_and_set_connections" :: held 0.000s inner /usr/lib/python3/dist-packages/oslo_concurrency/lockutils.py:400
2024-11-04 00:41:30.449 125282 DEBUG oslo_service.periodic_task [req-3c2f43e4-dfe9-4c75-a9be-5de47eb0a3dc - - - - -] Running periodic task SchedulerManager._discover_hosts_in_cells run_periodic_tasks /usr/lib/python3/dist-packages/oslo_service/periodic_task.py:210
2024-11-04 00:41:30.455 125282 DEBUG oslo_concurrency.lockutils [req-fe00e7d5-c69f-4b12-ab00-e2796ef6fa1e - - - - -] Lock "9dcfd4c0-f9e1-4035-9dee-65058de99e35" acquired by "nova.context.set_target_cell..get_or_set_cached_cell_and_set_connections" :: waited 0.000s inner /usr/lib/python3/dist-packages/oslo_concurrency/lockutils.py:386
2024-11-04 00:41:30.456 125282 DEBUG oslo_concurrency.lockutils [req-fe00e7d5-c69f-4b12-ab00-e2796ef6fa1e - - - - -] Lock "9dcfd4c0-f9e1-4035-9dee-65058de99e35" "released" by "nova.context.set_target_cell..get_or_set_cached_cell_and_set_connections" :: held 0.001s inner /usr/lib/python3/dist-packages/oslo_concurrency/lockutils.py:400
2024-11-04 00:41:33.028 123887 INFO oslo_service.service [req-7add6c65-8910-410b-b1cc-45043bbbd711 - - - - -] Caught SIGTERM, stopping children
2024-11-04 00:41:33.029 123887 DEBUG oslo_concurrency.lockutils [req-7add6c65-8910-410b-b1cc-45043bbbd711 - - - - -] Acquired lock "singleton_lock" lock /usr/lib/python3/dist-packages/oslo_concurrency/lockutils.py:294
2024-11-04 00:41:33.030 123887 DEBUG oslo_concurrency.lockutils [req-7add6c65-8910-410b-b1cc-45043bbbd711 - - - - -] Releasing lock "singleton_lock" lock /usr/lib/python3/dist-packages/oslo_concurrency/lockutils.py:312
2024-11-04 00:41:33.030 123887 DEBUG oslo_service.service [req-7add6c65-8910-410b-b1cc-45043bbbd711 - - - - -] Stop services. stop /usr/lib/python3/dist-packages/oslo_service/service.py:695
2024-11-04 00:41:33.030 123887 DEBUG oslo_service.service [req-7add6c65-8910-410b-b1cc-45043bbbd711 - - - - -] Killing children. stop /usr/lib/python3/dist-packages/oslo_service/service.py:700
2024-11-04 00:41:33.031 123887 INFO oslo_service.service [req-7add6c65-8910-410b-b1cc-45043bbbd711 - - - - -] Waiting on 4 children to exit
2024-11-04 00:41:33.039 123887 INFO oslo_service.service [req-7add6c65-8910-410b-b1cc-45043bbbd711 - - - - -] Child 125283 killed by signal 15
2024-11-04 00:41:33.040 123887 INFO oslo_service.service [req-7add6c65-8910-410b-b1cc-45043bbbd711 - - - - -] Child 125282 killed by signal 15
2024-11-04 00:41:33.041 123887 INFO oslo_service.service [req-7add6c65-8910-410b-b1cc-45043bbbd711 - - - - -] Child 125276 killed by signal 15
2024-11-04 00:41:33.048 123887 INFO oslo_service.service [req-7add6c65-8910-410b-b1cc-45043bbbd711 - - - - -] Child 125290 killed by signal 15
2024-11-04 00:41:35.614 129430 DEBUG oslo_db.sqlalchemy.engines [req-290c44bc-1f42-4942-89b3-0afcc04f4394 - - - - -] MySQL server mode set to STRICT_TRANS_TABLES,STRICT_ALL_TABLES,NO_ZERO_IN_DATE,NO_ZERO_DATE,ERROR_FOR_DIVISION_BY_ZERO,TRADITIONAL,NO_ENGINE_SUBSTITUTION _check_effective_sql_mode /usr/lib/python3/dist-packages/oslo_db/sqlalchemy/engines.py:314
2024-11-04 00:41:35.654 129430 DEBUG nova.scheduler.host_manager [req-290c44bc-1f42-4942-89b3-0afcc04f4394 - - - - -] Found 1 cells: 9dcfd4c0-f9e1-4035-9dee-65058de99e35 refresh_cells_caches /usr/lib/python3/dist-packages/nova/scheduler/host_manager.py:730
2024-11-04 00:41:35.654 129430 DEBUG nova.scheduler.host_manager [req-290c44bc-1f42-4942-89b3-0afcc04f4394 - - - - -] Found 0 disabled cells: refresh_cells_caches /usr/lib/python3/dist-packages/nova/scheduler/host_manager.py:742
2024-11-04 00:41:35.659 129430 WARNING nova.scheduler.filters.availability_zone_filter [req-290c44bc-1f42-4942-89b3-0afcc04f4394 - - - - -] The 'AvailabilityZoneFilter' is deprecated since the 24.0.0 (Xena) release. Since the 18.0.0 (Rocky) release, nova has supported mapping AZs to placement aggregates. The feature is enabled by the 'query_placement_for_availability_zone' config option and is now enabled by default. As such, the 'AvailabilityZoneFilter' is no longer required. Nova is currently configured to use both placement and the AvailabilityZoneFilter for AZ enforcement.
2024-11-04 00:41:35.771 129430 DEBUG nova.scheduler.host_manager [req-290c44bc-1f42-4942-89b3-0afcc04f4394 - - - - -] START:_async_init_instance_info _async_init_instance_info /usr/lib/python3/dist-packages/nova/scheduler/host_manager.py:411
2024-11-04 00:41:35.774 129430 DEBUG oslo_concurrency.lockutils [req-46d74859-8280-46a7-94c4-3ce84a85c342 - - - - -] Lock "9dcfd4c0-f9e1-4035-9dee-65058de99e35" acquired by "nova.context.set_target_cell..get_or_set_cached_cell_and_set_connections" :: waited 0.000s inner /usr/lib/python3/dist-packages/oslo_concurrency/lockutils.py:386
2024-11-04 00:41:35.776 129430 DEBUG oslo_concurrency.lockutils [req-46d74859-8280-46a7-94c4-3ce84a85c342 - - - - -] Lock "9dcfd4c0-f9e1-4035-9dee-65058de99e35" "released" by "nova.context.set_target_cell..get_or_set_cached_cell_and_set_connections" :: held 0.002s inner /usr/lib/python3/dist-packages/oslo_concurrency/lockutils.py:400
2024-11-04 00:41:35.782 129430 DEBUG oslo_db.sqlalchemy.engines [req-46d74859-8280-46a7-94c4-3ce84a85c342 - - - - -] MySQL server mode set to STRICT_TRANS_TABLES,STRICT_ALL_TABLES,NO_ZERO_IN_DATE,NO_ZERO_DATE,ERROR_FOR_DIVISION_BY_ZERO,TRADITIONAL,NO_ENGINE_SUBSTITUTION _check_effective_sql_mode /usr/lib/python3/dist-packages/oslo_db/sqlalchemy/engines.py:314
2024-11-04 00:41:35.795 129430 DEBUG nova.scheduler.host_manager [req-46d74859-8280-46a7-94c4-3ce84a85c342 - - - - -] Total number of compute nodes: 0 _async_init_instance_info /usr/lib/python3/dist-packages/nova/scheduler/host_manager.py:424
2024-11-04 00:41:35.796 129430 DEBUG oslo_concurrency.lockutils [req-46d74859-8280-46a7-94c4-3ce84a85c342 - - - - -] Lock "9dcfd4c0-f9e1-4035-9dee-65058de99e35" acquired by "nova.context.set_target_cell..get_or_set_cached_cell_and_set_connections" :: waited 0.000s inner /usr/lib/python3/dist-packages/oslo_concurrency/lockutils.py:386
2024-11-04 00:41:35.796 129430 DEBUG oslo_concurrency.lockutils [req-46d74859-8280-46a7-94c4-3ce84a85c342 - - - - -] Lock "9dcfd4c0-f9e1-4035-9dee-65058de99e35" "released" by "nova.context.set_target_cell..get_or_set_cached_cell_and_set_connections" :: held 0.000s inner /usr/lib/python3/dist-packages/oslo_concurrency/lockutils.py:400
2024-11-04 00:41:35.857 129430 DEBUG nova.scheduler.host_manager [req-46d74859-8280-46a7-94c4-3ce84a85c342 - - - - -] Adding 0 instances for hosts 10-20 _async_init_instance_info /usr/lib/python3/dist-packages/nova/scheduler/host_manager.py:443
2024-11-04 00:41:35.858 129430 DEBUG nova.scheduler.host_manager [req-46d74859-8280-46a7-94c4-3ce84a85c342 - - - - -] END:_async_init_instance_info _async_init_instance_info /usr/lib/python3/dist-packages/nova/scheduler/host_manager.py:454
2024-11-04 00:41:38.028 129430 DEBUG nova.context [req-290c44bc-1f42-4942-89b3-0afcc04f4394 - - - - -] Found 2 cells: 00000000-0000-0000-0000-000000000000(cell0),9dcfd4c0-f9e1-4035-9dee-65058de99e35(cell1) load_cells /usr/lib/python3/dist-packages/nova/context.py:464
2024-11-04 00:41:38.029 129430 DEBUG oslo_concurrency.lockutils [req-415e06bf-c2c1-485d-b26b-e5604302ccdf - - - - -] Lock "00000000-0000-0000-0000-000000000000" acquired by "nova.context.set_target_cell..get_or_set_cached_cell_and_set_connections" :: waited 0.000s inner /usr/lib/python3/dist-packages/oslo_concurrency/lockutils.py:386
2024-11-04 00:41:38.030 129430 DEBUG oslo_concurrency.lockutils [req-415e06bf-c2c1-485d-b26b-e5604302ccdf - - - - -] Lock "00000000-0000-0000-0000-000000000000" "released" by "nova.context.set_target_cell..get_or_set_cached_cell_and_set_connections" :: held 0.001s inner /usr/lib/python3/dist-packages/oslo_concurrency/lockutils.py:400
2024-11-04 00:41:38.031 129430 DEBUG oslo_concurrency.lockutils [req-415e06bf-c2c1-485d-b26b-e5604302ccdf - - - - -] Lock "9dcfd4c0-f9e1-4035-9dee-65058de99e35" acquired by "nova.context.set_target_cell..get_or_set_cached_cell_and_set_connections" :: waited 0.000s inner /usr/lib/python3/dist-packages/oslo_concurrency/lockutils.py:386
2024-11-04 00:41:38.031 129430 DEBUG oslo_concurrency.lockutils [req-415e06bf-c2c1-485d-b26b-e5604302ccdf - - - - -] Lock "9dcfd4c0-f9e1-4035-9dee-65058de99e35" "released" by "nova.context.set_target_cell..get_or_set_cached_cell_and_set_connections" :: held 0.000s inner /usr/lib/python3/dist-packages/oslo_concurrency/lockutils.py:400
2024-11-04 00:41:38.043 129430 DEBUG oslo_db.sqlalchemy.engines [req-415e06bf-c2c1-485d-b26b-e5604302ccdf - - - - -] MySQL server mode set to STRICT_TRANS_TABLES,STRICT_ALL_TABLES,NO_ZERO_IN_DATE,NO_ZERO_DATE,ERROR_FOR_DIVISION_BY_ZERO,TRADITIONAL,NO_ENGINE_SUBSTITUTION _check_effective_sql_mode /usr/lib/python3/dist-packages/oslo_db/sqlalchemy/engines.py:314
2024-11-04 00:41:38.055 129430 DEBUG oslo_concurrency.lockutils [req-415e06bf-c2c1-485d-b26b-e5604302ccdf - - - - -] Acquired lock "singleton_lock" lock /usr/lib/python3/dist-packages/oslo_concurrency/lockutils.py:294
2024-11-04 00:41:38.056 129430 DEBUG oslo_concurrency.lockutils [req-415e06bf-c2c1-485d-b26b-e5604302ccdf - - - - -] Releasing lock "singleton_lock" lock /usr/lib/python3/dist-packages/oslo_concurrency/lockutils.py:312
2024-11-04 00:41:38.056 129430 INFO oslo_service.service [req-415e06bf-c2c1-485d-b26b-e5604302ccdf - - - - -] Starting 4 workers
2024-11-04 00:41:38.062 129430 DEBUG oslo_service.service [req-415e06bf-c2c1-485d-b26b-e5604302ccdf - - - - -] Started child 130341 _start_child /usr/lib/python3/dist-packages/oslo_service/service.py:575
2024-11-04 00:41:38.068 130341 INFO nova.service [-] Starting scheduler node (version 25.2.1)
2024-11-04 00:41:38.070 129430 DEBUG oslo_service.service [req-415e06bf-c2c1-485d-b26b-e5604302ccdf - - - - -] Started child 130347 _start_child /usr/lib/python3/dist-packages/oslo_service/service.py:575
2024-11-04 00:41:38.075 130347 INFO nova.service [-] Starting scheduler node (version 25.2.1)
2024-11-04 00:41:38.081 129430 DEBUG oslo_service.service [req-415e06bf-c2c1-485d-b26b-e5604302ccdf - - - - -] Started child 130348 _start_child /usr/lib/python3/dist-packages/oslo_service/service.py:575
2024-11-04 00:41:38.081 130341 DEBUG oslo_db.sqlalchemy.engines [req-9ef39e7b-be1b-4fba-ac7f-810444dc8134 - - - - -] MySQL server mode set to STRICT_TRANS_TABLES,STRICT_ALL_TABLES,NO_ZERO_IN_DATE,NO_ZERO_DATE,ERROR_FOR_DIVISION_BY_ZERO,TRADITIONAL,NO_ENGINE_SUBSTITUTION _check_effective_sql_mode /usr/lib/python3/dist-packages/oslo_db/sqlalchemy/engines.py:314
2024-11-04 00:41:38.084 130348 INFO nova.service [-] Starting scheduler node (version 25.2.1)
2024-11-04 00:41:38.094 130347 DEBUG oslo_db.sqlalchemy.engines [req-b6a68139-b794-4c80-a065-da0ea76b5165 - - - - -] MySQL server mode set to STRICT_TRANS_TABLES,STRICT_ALL_TABLES,NO_ZERO_IN_DATE,NO_ZERO_DATE,ERROR_FOR_DIVISION_BY_ZERO,TRADITIONAL,NO_ENGINE_SUBSTITUTION _check_effective_sql_mode /usr/lib/python3/dist-packages/oslo_db/sqlalchemy/engines.py:314
2024-11-04 00:41:38.099 129430 DEBUG oslo_service.service [req-415e06bf-c2c1-485d-b26b-e5604302ccdf - - - - -] Started child 130354 _start_child /usr/lib/python3/dist-packages/oslo_service/service.py:575
2024-11-04 00:41:38.101 129430 DEBUG oslo_service.service [req-415e06bf-c2c1-485d-b26b-e5604302ccdf - - - - -] Full set of CONF: wait /usr/lib/python3/dist-packages/oslo_service/service.py:649
2024-11-04 00:41:38.101 129430 DEBUG oslo_service.service [req-415e06bf-c2c1-485d-b26b-e5604302ccdf - - - - -] ******************************************************************************** log_opt_values /usr/lib/python3/dist-packages/oslo_config/cfg.py:2589
2024-11-04 00:41:38.102 129430 DEBUG oslo_service.service [req-415e06bf-c2c1-485d-b26b-e5604302ccdf - - - - -] Configuration options gathered from: log_opt_values /usr/lib/python3/dist-packages/oslo_config/cfg.py:2590
2024-11-04 00:41:38.102 130341 DEBUG nova.service [req-9ef39e7b-be1b-4fba-ac7f-810444dc8134 - - - - -] Creating RPC server for service scheduler start /usr/lib/python3/dist-packages/nova/service.py:182
2024-11-04 00:41:38.102 129430 DEBUG oslo_service.service [req-415e06bf-c2c1-485d-b26b-e5604302ccdf - - - - -] command line args: ['--config-file=/etc/nova/nova.conf', '--log-file=/var/log/nova/nova-scheduler.log'] log_opt_values /usr/lib/python3/dist-packages/oslo_config/cfg.py:2591
2024-11-04 00:41:38.102 129430 DEBUG oslo_service.service [req-415e06bf-c2c1-485d-b26b-e5604302ccdf - - - - -] config files: ['/etc/nova/nova.conf'] log_opt_values /usr/lib/python3/dist-packages/oslo_config/cfg.py:2592
2024-11-04 00:41:38.103 129430 DEBUG oslo_service.service [req-415e06bf-c2c1-485d-b26b-e5604302ccdf - - - - -] ================================================================================ log_opt_values /usr/lib/python3/dist-packages/oslo_config/cfg.py:2594
2024-11-04 00:41:38.103 130348 DEBUG oslo_db.sqlalchemy.engines [req-df64a581-7dc5-4fbc-ae31-32bcbda2d9b0 - - - - -] MySQL server mode set to STRICT_TRANS_TABLES,STRICT_ALL_TABLES,NO_ZERO_IN_DATE,NO_ZERO_DATE,ERROR_FOR_DIVISION_BY_ZERO,TRADITIONAL,NO_ENGINE_SUBSTITUTION _check_effective_sql_mode /usr/lib/python3/dist-packages/oslo_db/sqlalchemy/engines.py:314
2024-11-04 00:41:38.103 129430 DEBUG oslo_service.service [req-415e06bf-c2c1-485d-b26b-e5604302ccdf - - - - -] allow_resize_to_same_host = False log_opt_values /usr/lib/python3/dist-packages/oslo_config/cfg.py:2602
2024-11-04 00:41:38.105 129430 DEBUG oslo_service.service [req-415e06bf-c2c1-485d-b26b-e5604302ccdf - - - - -] arq_binding_timeout = 300 log_opt_values /usr/lib/python3/dist-packages/oslo_config/cfg.py:2602
2024-11-04 00:41:38.106 129430 DEBUG oslo_service.service [req-415e06bf-c2c1-485d-b26b-e5604302ccdf - - - - -] block_device_allocate_retries = 60 log_opt_values /usr/lib/python3/dist-packages/oslo_config/cfg.py:2602
2024-11-04 00:41:38.106 129430 DEBUG oslo_service.service [req-415e06bf-c2c1-485d-b26b-e5604302ccdf - - - - -] block_device_allocate_retries_interval = 3 log_opt_values /usr/lib/python3/dist-packages/oslo_config/cfg.py:2602
2024-11-04 00:41:38.106 129430 DEBUG oslo_service.service [req-415e06bf-c2c1-485d-b26b-e5604302ccdf - - - - -] cert = self.pem log_opt_values /usr/lib/python3/dist-packages/oslo_config/cfg.py:2602
2024-11-04 00:41:38.107 129430 DEBUG oslo_service.service [req-415e06bf-c2c1-485d-b26b-e5604302ccdf - - - - -] compute_driver = libvirt.LibvirtDriver log_opt_values /usr/lib/python3/dist-packages/oslo_config/cfg.py:2602
2024-11-04 00:41:38.107 129430 DEBUG oslo_service.service [req-415e06bf-c2c1-485d-b26b-e5604302ccdf - - - - -] compute_monitors = [] log_opt_values /usr/lib/python3/dist-packages/oslo_config/cfg.py:2602
2024-11-04 00:41:38.107 129430 DEBUG oslo_service.service [req-415e06bf-c2c1-485d-b26b-e5604302ccdf - - - - -] config_dir = [] log_opt_values /usr/lib/python3/dist-packages/oslo_config/cfg.py:2602
2024-11-04 00:41:38.108 129430 DEBUG oslo_service.service [req-415e06bf-c2c1-485d-b26b-e5604302ccdf - - - - -] config_drive_format = iso9660 log_opt_values /usr/lib/python3/dist-packages/oslo_config/cfg.py:2602
2024-11-04 00:41:38.108 129430 DEBUG oslo_service.service [req-415e06bf-c2c1-485d-b26b-e5604302ccdf - - - - -] config_file = ['/etc/nova/nova.conf'] log_opt_values /usr/lib/python3/dist-packages/oslo_config/cfg.py:2602
2024-11-04 00:41:38.108 129430 DEBUG oslo_service.service [req-415e06bf-c2c1-485d-b26b-e5604302ccdf - - - - -] config_source = [] log_opt_values /usr/lib/python3/dist-packages/oslo_config/cfg.py:2602
2024-11-04 00:41:38.108 129430 DEBUG oslo_service.service [req-415e06bf-c2c1-485d-b26b-e5604302ccdf - - - - -] console_host = juju-cee4e9-0-lxd-7 log_opt_values /usr/lib/python3/dist-packages/oslo_config/cfg.py:2602
2024-11-04 00:41:38.109 129430 DEBUG oslo_service.service [req-415e06bf-c2c1-485d-b26b-e5604302ccdf - - - - -] control_exchange = nova log_opt_values /usr/lib/python3/dist-packages/oslo_config/cfg.py:2602
2024-11-04 00:41:38.109 129430 DEBUG oslo_service.service [req-415e06bf-c2c1-485d-b26b-e5604302ccdf - - - - -] cpu_allocation_ratio = 2.0 log_opt_values /usr/lib/python3/dist-packages/oslo_config/cfg.py:2602
2024-11-04 00:41:38.109 129430 DEBUG oslo_service.service [req-415e06bf-c2c1-485d-b26b-e5604302ccdf - - - - -] daemon = False log_opt_values /usr/lib/python3/dist-packages/oslo_config/cfg.py:2602
2024-11-04 00:41:38.109 129430 DEBUG oslo_service.service [req-415e06bf-c2c1-485d-b26b-e5604302ccdf - - - - -] debug = True log_opt_values /usr/lib/python3/dist-packages/oslo_config/cfg.py:2602
2024-11-04 00:41:38.112 129430 DEBUG oslo_service.service [req-415e06bf-c2c1-485d-b26b-e5604302ccdf - - - - -] default_access_ip_network_name = None log_opt_values /usr/lib/python3/dist-packages/oslo_config/cfg.py:2602
2024-11-04 00:41:38.112 130347 DEBUG nova.service [req-b6a68139-b794-4c80-a065-da0ea76b5165 - - - - -] Creating RPC server for service scheduler start /usr/lib/python3/dist-packages/nova/service.py:182
2024-11-04 00:41:38.113 129430 DEBUG oslo_service.service [req-415e06bf-c2c1-485d-b26b-e5604302ccdf - - - - -] default_availability_zone = nova log_opt_values /usr/lib/python3/dist-packages/oslo_config/cfg.py:2602
2024-11-04 00:41:38.113 129430 DEBUG oslo_service.service [req-415e06bf-c2c1-485d-b26b-e5604302ccdf - - - - -] default_ephemeral_format = None log_opt_values /usr/lib/python3/dist-packages/oslo_config/cfg.py:2602
2024-11-04 00:41:38.114 129430 DEBUG oslo_service.service [req-415e06bf-c2c1-485d-b26b-e5604302ccdf - - - - -] default_log_levels = ['amqp=WARN', 'amqplib=WARN', 'boto=WARN', 'qpid=WARN', 'sqlalchemy=WARN', 'suds=INFO', 'oslo.messaging=INFO', 'oslo_messaging=DEBUG', 'iso8601=WARN', 'requests.packages.urllib3.connectionpool=WARN', 'urllib3.connectionpool=WARN', 'websocket=WARN', 'requests.packages.urllib3.util.retry=WARN', 'urllib3.util.retry=WARN', 'keystonemiddleware=WARN', 'routes.middleware=WARN', 'stevedore=WARN', 'taskflow=WARN', 'keystoneauth=WARN', 'oslo.cache=INFO', 'dogpile.core.dogpile=INFO', 'glanceclient=WARN', 'oslo.privsep.daemon=INFO'] log_opt_values /usr/lib/python3/dist-packages/oslo_config/cfg.py:2602
2024-11-04 00:41:38.116 129430 DEBUG oslo_service.service [req-415e06bf-c2c1-485d-b26b-e5604302ccdf - - - - -] default_schedule_zone = None log_opt_values /usr/lib/python3/dist-packages/oslo_config/cfg.py:2602
2024-11-04 00:41:38.116 129430 DEBUG oslo_service.service [req-415e06bf-c2c1-485d-b26b-e5604302ccdf - - - - -] disk_allocation_ratio = 1.0 log_opt_values /usr/lib/python3/dist-packages/oslo_config/cfg.py:2602
2024-11-04 00:41:38.120 130354 INFO nova.service [-] Starting scheduler node (version 25.2.1)
2024-11-04 00:41:38.121 129430 DEBUG oslo_service.service [req-415e06bf-c2c1-485d-b26b-e5604302ccdf - - - - -] enable_new_services = True log_opt_values /usr/lib/python3/dist-packages/oslo_config/cfg.py:2602
2024-11-04 00:41:38.125 129430 DEBUG oslo_service.service [req-415e06bf-c2c1-485d-b26b-e5604302ccdf - - - - -] enabled_apis = ['osapi_compute', 'metadata'] log_opt_values /usr/lib/python3/dist-packages/oslo_config/cfg.py:2602
2024-11-04 00:41:38.126 129430 DEBUG oslo_service.service [req-415e06bf-c2c1-485d-b26b-e5604302ccdf - - - - -] enabled_ssl_apis = [] log_opt_values /usr/lib/python3/dist-packages/oslo_config/cfg.py:2602
2024-11-04 00:41:38.126 129430 DEBUG oslo_service.service [req-415e06bf-c2c1-485d-b26b-e5604302ccdf - - - - -] fatal_deprecations = False log_opt_values /usr/lib/python3/dist-packages/oslo_config/cfg.py:2602
2024-11-04 00:41:38.127 129430 DEBUG oslo_service.service [req-415e06bf-c2c1-485d-b26b-e5604302ccdf - - - - -] flat_injected = False log_opt_values /usr/lib/python3/dist-packages/oslo_config/cfg.py:2602
2024-11-04 00:41:38.127 129430 DEBUG oslo_service.service [req-415e06bf-c2c1-485d-b26b-e5604302ccdf - - - - -] force_config_drive = False log_opt_values /usr/lib/python3/dist-packages/oslo_config/cfg.py:2602
2024-11-04 00:41:38.127 129430 DEBUG oslo_service.service [req-415e06bf-c2c1-485d-b26b-e5604302ccdf - - - - -] force_raw_images = True log_opt_values /usr/lib/python3/dist-packages/oslo_config/cfg.py:2602
2024-11-04 00:41:38.127 129430 DEBUG oslo_service.service [req-415e06bf-c2c1-485d-b26b-e5604302ccdf - - - - -] graceful_shutdown_timeout = 60 log_opt_values /usr/lib/python3/dist-packages/oslo_config/cfg.py:2602
2024-11-04 00:41:38.127 129430 DEBUG oslo_service.service [req-415e06bf-c2c1-485d-b26b-e5604302ccdf - - - - -] heal_instance_info_cache_interval = 60 log_opt_values /usr/lib/python3/dist-packages/oslo_config/cfg.py:2602
2024-11-04 00:41:38.128 129430 DEBUG oslo_service.service [req-415e06bf-c2c1-485d-b26b-e5604302ccdf - - - - -] host = juju-cee4e9-0-lxd-7 log_opt_values /usr/lib/python3/dist-packages/oslo_config/cfg.py:2602
2024-11-04 00:41:38.129 129430 DEBUG oslo_service.service [req-415e06bf-c2c1-485d-b26b-e5604302ccdf - - - - -] initial_cpu_allocation_ratio = 16.0 log_opt_values /usr/lib/python3/dist-packages/oslo_config/cfg.py:2602
2024-11-04 00:41:38.129 129430 DEBUG oslo_service.service [req-415e06bf-c2c1-485d-b26b-e5604302ccdf - - - - -] initial_disk_allocation_ratio = 1.0 log_opt_values /usr/lib/python3/dist-packages/oslo_config/cfg.py:2602
2024-11-04 00:41:38.129 129430 DEBUG oslo_service.service [req-415e06bf-c2c1-485d-b26b-e5604302ccdf - - - - -] initial_ram_allocation_ratio = 1.5 log_opt_values /usr/lib/python3/dist-packages/oslo_config/cfg.py:2602
2024-11-04 00:41:38.132 129430 DEBUG oslo_service.service [req-415e06bf-c2c1-485d-b26b-e5604302ccdf - - - - -] injected_network_template = /usr/lib/python3/dist-packages/nova/virt/interfaces.template log_opt_values /usr/lib/python3/dist-packages/oslo_config/cfg.py:2602
2024-11-04 00:41:38.133 129430 DEBUG oslo_service.service [req-415e06bf-c2c1-485d-b26b-e5604302ccdf - - - - -] instance_build_timeout = 0 log_opt_values /usr/lib/python3/dist-packages/oslo_config/cfg.py:2602
2024-11-04 00:41:38.133 129430 DEBUG oslo_service.service [req-415e06bf-c2c1-485d-b26b-e5604302ccdf - - - - -] instance_delete_interval = 300 log_opt_values /usr/lib/python3/dist-packages/oslo_config/cfg.py:2602
2024-11-04 00:41:38.133 129430 DEBUG oslo_service.service [req-415e06bf-c2c1-485d-b26b-e5604302ccdf - - - - -] instance_format = [instance: %(uuid)s] log_opt_values /usr/lib/python3/dist-packages/oslo_config/cfg.py:2602
2024-11-04 00:41:38.136 129430 DEBUG oslo_service.service [req-415e06bf-c2c1-485d-b26b-e5604302ccdf - - - - -] instance_name_template = instance-%08x log_opt_values /usr/lib/python3/dist-packages/oslo_config/cfg.py:2602
2024-11-04 00:41:38.136 129430 DEBUG oslo_service.service [req-415e06bf-c2c1-485d-b26b-e5604302ccdf - - - - -] instance_usage_audit = False log_opt_values /usr/lib/python3/dist-packages/oslo_config/cfg.py:2602
