2024-11-04 00:40:20.395 123887 DEBUG oslo_service.service [req-7add6c65-8910-410b-b1cc-45043bbbd711 - - - - -] web = /usr/share/spice-html5 log_opt_values /usr/lib/python3/dist-packages/oslo_config/cfg.py:2602
2024-11-04 00:40:20.396 123887 DEBUG oslo_service.service [req-7add6c65-8910-410b-b1cc-45043bbbd711 - - - - -] oslo_concurrency.disable_process_locking = False log_opt_values /usr/lib/python3/dist-packages/oslo_config/cfg.py:2609
2024-11-04 00:40:20.397 123887 DEBUG oslo_service.service [req-7add6c65-8910-410b-b1cc-45043bbbd711 - - - - -] oslo_concurrency.lock_path = /var/lock/nova log_opt_values /usr/lib/python3/dist-packages/oslo_config/cfg.py:2609
2024-11-04 00:40:20.398 123887 WARNING oslo_config.cfg [req-7add6c65-8910-410b-b1cc-45043bbbd711 - - - - -] Deprecated: Option "auth_strategy" from group "api" is deprecated for removal ( The only non-default choice, ``noauth2``, is for internal development and testing purposes only and should not be used in deployments. This option and its middleware, NoAuthMiddleware[V2_18], will be removed in a future release. ). Its value may be silently ignored in the future.
2024-11-04 00:40:20.398 123887 DEBUG oslo_service.service [req-7add6c65-8910-410b-b1cc-45043bbbd711 - - - - -] api.auth_strategy = keystone log_opt_values /usr/lib/python3/dist-packages/oslo_config/cfg.py:2609
2024-11-04 00:40:20.399 123887 DEBUG oslo_service.service [req-7add6c65-8910-410b-b1cc-45043bbbd711 - - - - -] api.compute_link_prefix = None log_opt_values /usr/lib/python3/dist-packages/oslo_config/cfg.py:2609
2024-11-04 00:40:20.399 125290 DEBUG nova.service [req-05ecd3b5-86d9-4b6f-b588-ecf259fc5a9d - - - - -] Creating RPC server for service scheduler start /usr/lib/python3/dist-packages/nova/service.py:182
2024-11-04 00:40:20.400 123887 DEBUG oslo_service.service [req-7add6c65-8910-410b-b1cc-45043bbbd711 - - - - -] api.config_drive_skip_versions = 1.0 2007-01-19 2007-03-01 2007-08-29 2007-10-10 2007-12-15 2008-02-01 2008-09-01 log_opt_values /usr/lib/python3/dist-packages/oslo_config/cfg.py:2609
2024-11-04 00:40:20.400 123887 DEBUG oslo_service.service [req-7add6c65-8910-410b-b1cc-45043bbbd711 - - - - -] api.dhcp_domain = novalocal log_opt_values /usr/lib/python3/dist-packages/oslo_config/cfg.py:2609
2024-11-04 00:40:20.401 123887 DEBUG oslo_service.service [req-7add6c65-8910-410b-b1cc-45043bbbd711 - - - - -] api.enable_instance_password = True log_opt_values /usr/lib/python3/dist-packages/oslo_config/cfg.py:2609
2024-11-04 00:40:20.401 123887 DEBUG oslo_service.service [req-7add6c65-8910-410b-b1cc-45043bbbd711 - - - - -] api.glance_link_prefix = None log_opt_values /usr/lib/python3/dist-packages/oslo_config/cfg.py:2609
2024-11-04 00:40:20.403 123887 DEBUG oslo_service.service [req-7add6c65-8910-410b-b1cc-45043bbbd711 - - - - -] api.instance_list_cells_batch_fixed_size = 100 log_opt_values /usr/lib/python3/dist-packages/oslo_config/cfg.py:2609
2024-11-04 00:40:20.403 123887 DEBUG oslo_service.service [req-7add6c65-8910-410b-b1cc-45043bbbd711 - - - - -] api.instance_list_cells_batch_strategy = distributed log_opt_values /usr/lib/python3/dist-packages/oslo_config/cfg.py:2609
2024-11-04 00:40:20.403 123887 DEBUG oslo_service.service [req-7add6c65-8910-410b-b1cc-45043bbbd711 - - - - -] api.instance_list_per_project_cells = False log_opt_values /usr/lib/python3/dist-packages/oslo_config/cfg.py:2609
2024-11-04 00:40:20.403 123887 DEBUG oslo_service.service [req-7add6c65-8910-410b-b1cc-45043bbbd711 - - - - -] api.list_records_by_skipping_down_cells = True log_opt_values /usr/lib/python3/dist-packages/oslo_config/cfg.py:2609
2024-11-04 00:40:20.403 123887 DEBUG oslo_service.service [req-7add6c65-8910-410b-b1cc-45043bbbd711 - - - - -] api.local_metadata_per_cell = False log_opt_values /usr/lib/python3/dist-packages/oslo_config/cfg.py:2609
2024-11-04 00:40:20.404 123887 DEBUG oslo_service.service [req-7add6c65-8910-410b-b1cc-45043bbbd711 - - - - -] api.max_limit = 1000 log_opt_values /usr/lib/python3/dist-packages/oslo_config/cfg.py:2609
2024-11-04 00:40:20.404 123887 DEBUG oslo_service.service [req-7add6c65-8910-410b-b1cc-45043bbbd711 - - - - -] api.metadata_cache_expiration = 15 log_opt_values /usr/lib/python3/dist-packages/oslo_config/cfg.py:2609
2024-11-04 00:40:20.405 125283 DEBUG nova.service [req-4dbecdb2-a61f-4281-972e-a7520386b427 - - - - -] Creating RPC server for service scheduler start /usr/lib/python3/dist-packages/nova/service.py:182
2024-11-04 00:40:20.404 123887 DEBUG oslo_service.service [req-7add6c65-8910-410b-b1cc-45043bbbd711 - - - - -] api.neutron_default_tenant_id = default log_opt_values /usr/lib/python3/dist-packages/oslo_config/cfg.py:2609
2024-11-04 00:40:20.406 123887 DEBUG oslo_service.service [req-7add6c65-8910-410b-b1cc-45043bbbd711 - - - - -] api.use_forwarded_for = False log_opt_values /usr/lib/python3/dist-packages/oslo_config/cfg.py:2609
2024-11-04 00:40:20.408 123887 DEBUG oslo_service.service [req-7add6c65-8910-410b-b1cc-45043bbbd711 - - - - -] api.use_neutron_default_nets = False log_opt_values /usr/lib/python3/dist-packages/oslo_config/cfg.py:2609
2024-11-04 00:40:20.412 123887 DEBUG oslo_service.service [req-7add6c65-8910-410b-b1cc-45043bbbd711 - - - - -] api.vendordata_dynamic_connect_timeout = 5 log_opt_values /usr/lib/python3/dist-packages/oslo_config/cfg.py:2609
2024-11-04 00:40:20.412 123887 DEBUG oslo_service.service [req-7add6c65-8910-410b-b1cc-45043bbbd711 - - - - -] api.vendordata_dynamic_failure_fatal = False log_opt_values /usr/lib/python3/dist-packages/oslo_config/cfg.py:2609
2024-11-04 00:40:20.413 123887 DEBUG oslo_service.service [req-7add6c65-8910-410b-b1cc-45043bbbd711 - - - - -] api.vendordata_dynamic_read_timeout = 5 log_opt_values /usr/lib/python3/dist-packages/oslo_config/cfg.py:2609
2024-11-04 00:40:20.413 123887 DEBUG oslo_service.service [req-7add6c65-8910-410b-b1cc-45043bbbd711 - - - - -] api.vendordata_dynamic_ssl_certfile = log_opt_values /usr/lib/python3/dist-packages/oslo_config/cfg.py:2609
2024-11-04 00:40:20.413 123887 DEBUG oslo_service.service [req-7add6c65-8910-410b-b1cc-45043bbbd711 - - - - -] api.vendordata_dynamic_targets = [] log_opt_values /usr/lib/python3/dist-packages/oslo_config/cfg.py:2609
2024-11-04 00:40:20.414 123887 DEBUG oslo_service.service [req-7add6c65-8910-410b-b1cc-45043bbbd711 - - - - -] api.vendordata_jsonfile_path = None log_opt_values /usr/lib/python3/dist-packages/oslo_config/cfg.py:2609
2024-11-04 00:40:20.414 123887 DEBUG oslo_service.service [req-7add6c65-8910-410b-b1cc-45043bbbd711 - - - - -] api.vendordata_providers = ['StaticJSON'] log_opt_values /usr/lib/python3/dist-packages/oslo_config/cfg.py:2609
2024-11-04 00:40:20.415 123887 DEBUG oslo_service.service [req-7add6c65-8910-410b-b1cc-45043bbbd711 - - - - -] cache.backend = dogpile.cache.null log_opt_values /usr/lib/python3/dist-packages/oslo_config/cfg.py:2609
2024-11-04 00:40:20.419 123887 DEBUG oslo_service.service [req-7add6c65-8910-410b-b1cc-45043bbbd711 - - - - -] cache.backend_argument = **** log_opt_values /usr/lib/python3/dist-packages/oslo_config/cfg.py:2609
2024-11-04 00:40:20.419 123887 DEBUG oslo_service.service [req-7add6c65-8910-410b-b1cc-45043bbbd711 - - - - -] cache.config_prefix = cache.oslo log_opt_values /usr/lib/python3/dist-packages/oslo_config/cfg.py:2609
2024-11-04 00:40:20.419 123887 DEBUG oslo_service.service [req-7add6c65-8910-410b-b1cc-45043bbbd711 - - - - -] cache.debug_cache_backend = False log_opt_values /usr/lib/python3/dist-packages/oslo_config/cfg.py:2609
2024-11-04 00:40:20.420 123887 DEBUG oslo_service.service [req-7add6c65-8910-410b-b1cc-45043bbbd711 - - - - -] cache.enabled = False log_opt_values /usr/lib/python3/dist-packages/oslo_config/cfg.py:2609
2024-11-04 00:40:20.420 123887 DEBUG oslo_service.service [req-7add6c65-8910-410b-b1cc-45043bbbd711 - - - - -] cache.expiration_time = 600 log_opt_values /usr/lib/python3/dist-packages/oslo_config/cfg.py:2609
2024-11-04 00:40:20.420 123887 DEBUG oslo_service.service [req-7add6c65-8910-410b-b1cc-45043bbbd711 - - - - -] cache.memcache_dead_retry = 300 log_opt_values /usr/lib/python3/dist-packages/oslo_config/cfg.py:2609
2024-11-04 00:40:20.420 123887 DEBUG oslo_service.service [req-7add6c65-8910-410b-b1cc-45043bbbd711 - - - - -] cache.memcache_pool_connection_get_timeout = 10 log_opt_values /usr/lib/python3/dist-packages/oslo_config/cfg.py:2609
2024-11-04 00:40:20.420 123887 DEBUG oslo_service.service [req-7add6c65-8910-410b-b1cc-45043bbbd711 - - - - -] cache.memcache_pool_flush_on_reconnect = False log_opt_values /usr/lib/python3/dist-packages/oslo_config/cfg.py:2609
2024-11-04 00:40:20.421 123887 DEBUG oslo_service.service [req-7add6c65-8910-410b-b1cc-45043bbbd711 - - - - -] cache.memcache_pool_maxsize = 10 log_opt_values /usr/lib/python3/dist-packages/oslo_config/cfg.py:2609
2024-11-04 00:40:20.421 123887 DEBUG oslo_service.service [req-7add6c65-8910-410b-b1cc-45043bbbd711 - - - - -] cache.memcache_pool_unused_timeout = 60 log_opt_values /usr/lib/python3/dist-packages/oslo_config/cfg.py:2609
2024-11-04 00:40:20.421 123887 DEBUG oslo_service.service [req-7add6c65-8910-410b-b1cc-45043bbbd711 - - - - -] cache.memcache_servers = ['localhost:11211'] log_opt_values /usr/lib/python3/dist-packages/oslo_config/cfg.py:2609
2024-11-04 00:40:20.421 123887 DEBUG oslo_service.service [req-7add6c65-8910-410b-b1cc-45043bbbd711 - - - - -] cache.memcache_socket_timeout = 1.0 log_opt_values /usr/lib/python3/dist-packages/oslo_config/cfg.py:2609
2024-11-04 00:40:20.422 123887 DEBUG oslo_service.service [req-7add6c65-8910-410b-b1cc-45043bbbd711 - - - - -] cache.proxies = [] log_opt_values /usr/lib/python3/dist-packages/oslo_config/cfg.py:2609
2024-11-04 00:40:20.422 123887 DEBUG oslo_service.service [req-7add6c65-8910-410b-b1cc-45043bbbd711 - - - - -] cache.tls_allowed_ciphers = None log_opt_values /usr/lib/python3/dist-packages/oslo_config/cfg.py:2609
2024-11-04 00:40:20.422 123887 DEBUG oslo_service.service [req-7add6c65-8910-410b-b1cc-45043bbbd711 - - - - -] cache.tls_cafile = None log_opt_values /usr/lib/python3/dist-packages/oslo_config/cfg.py:2609
2024-11-04 00:40:20.422 123887 DEBUG oslo_service.service [req-7add6c65-8910-410b-b1cc-45043bbbd711 - - - - -] cache.tls_certfile = None log_opt_values /usr/lib/python3/dist-packages/oslo_config/cfg.py:2609
2024-11-04 00:40:20.422 123887 DEBUG oslo_service.service [req-7add6c65-8910-410b-b1cc-45043bbbd711 - - - - -] cache.tls_enabled = False log_opt_values /usr/lib/python3/dist-packages/oslo_config/cfg.py:2609
2024-11-04 00:40:20.423 123887 DEBUG oslo_service.service [req-7add6c65-8910-410b-b1cc-45043bbbd711 - - - - -] cache.tls_keyfile = None log_opt_values /usr/lib/python3/dist-packages/oslo_config/cfg.py:2609
2024-11-04 00:40:20.423 123887 DEBUG oslo_service.service [req-7add6c65-8910-410b-b1cc-45043bbbd711 - - - - -] cinder.auth_section = None log_opt_values /usr/lib/python3/dist-packages/oslo_config/cfg.py:2609
2024-11-04 00:40:20.423 123887 DEBUG oslo_service.service [req-7add6c65-8910-410b-b1cc-45043bbbd711 - - - - -] cinder.auth_type = None log_opt_values /usr/lib/python3/dist-packages/oslo_config/cfg.py:2609
2024-11-04 00:40:20.423 123887 DEBUG oslo_service.service [req-7add6c65-8910-410b-b1cc-45043bbbd711 - - - - -] cinder.cafile = None log_opt_values /usr/lib/python3/dist-packages/oslo_config/cfg.py:2609
2024-11-04 00:40:20.423 123887 DEBUG oslo_service.service [req-7add6c65-8910-410b-b1cc-45043bbbd711 - - - - -] cinder.catalog_info = volumev3::publicURL log_opt_values /usr/lib/python3/dist-packages/oslo_config/cfg.py:2609
2024-11-04 00:40:20.424 123887 DEBUG oslo_service.service [req-7add6c65-8910-410b-b1cc-45043bbbd711 - - - - -] cinder.certfile = None log_opt_values /usr/lib/python3/dist-packages/oslo_config/cfg.py:2609
2024-11-04 00:40:20.424 123887 DEBUG oslo_service.service [req-7add6c65-8910-410b-b1cc-45043bbbd711 - - - - -] cinder.collect_timing = False log_opt_values /usr/lib/python3/dist-packages/oslo_config/cfg.py:2609
2024-11-04 00:40:20.424 123887 DEBUG oslo_service.service [req-7add6c65-8910-410b-b1cc-45043bbbd711 - - - - -] cinder.cross_az_attach = True log_opt_values /usr/lib/python3/dist-packages/oslo_config/cfg.py:2609
2024-11-04 00:40:20.424 123887 DEBUG oslo_service.service [req-7add6c65-8910-410b-b1cc-45043bbbd711 - - - - -] cinder.debug = False log_opt_values /usr/lib/python3/dist-packages/oslo_config/cfg.py:2609
2024-11-04 00:40:20.424 123887 DEBUG oslo_service.service [req-7add6c65-8910-410b-b1cc-45043bbbd711 - - - - -] cinder.endpoint_template = None log_opt_values /usr/lib/python3/dist-packages/oslo_config/cfg.py:2609
2024-11-04 00:40:20.425 123887 DEBUG oslo_service.service [req-7add6c65-8910-410b-b1cc-45043bbbd711 - - - - -] cinder.http_retries = 3 log_opt_values /usr/lib/python3/dist-packages/oslo_config/cfg.py:2609
2024-11-04 00:40:20.425 123887 DEBUG oslo_service.service [req-7add6c65-8910-410b-b1cc-45043bbbd711 - - - - -] cinder.insecure = False log_opt_values /usr/lib/python3/dist-packages/oslo_config/cfg.py:2609
2024-11-04 00:40:20.425 123887 DEBUG oslo_service.service [req-7add6c65-8910-410b-b1cc-45043bbbd711 - - - - -] cinder.keyfile = None log_opt_values /usr/lib/python3/dist-packages/oslo_config/cfg.py:2609
2024-11-04 00:40:20.425 123887 DEBUG oslo_service.service [req-7add6c65-8910-410b-b1cc-45043bbbd711 - - - - -] cinder.os_region_name = None log_opt_values /usr/lib/python3/dist-packages/oslo_config/cfg.py:2609
2024-11-04 00:40:20.425 123887 DEBUG oslo_service.service [req-7add6c65-8910-410b-b1cc-45043bbbd711 - - - - -] cinder.split_loggers = False log_opt_values /usr/lib/python3/dist-packages/oslo_config/cfg.py:2609
2024-11-04 00:40:20.426 123887 DEBUG oslo_service.service [req-7add6c65-8910-410b-b1cc-45043bbbd711 - - - - -] cinder.timeout = None log_opt_values /usr/lib/python3/dist-packages/oslo_config/cfg.py:2609
2024-11-04 00:40:20.426 123887 DEBUG oslo_service.service [req-7add6c65-8910-410b-b1cc-45043bbbd711 - - - - -] compute.consecutive_build_service_disable_threshold = 10 log_opt_values /usr/lib/python3/dist-packages/oslo_config/cfg.py:2609
2024-11-04 00:40:20.426 123887 DEBUG oslo_service.service [req-7add6c65-8910-410b-b1cc-45043bbbd711 - - - - -] compute.cpu_dedicated_set = None log_opt_values /usr/lib/python3/dist-packages/oslo_config/cfg.py:2609
2024-11-04 00:40:20.426 123887 DEBUG oslo_service.service [req-7add6c65-8910-410b-b1cc-45043bbbd711 - - - - -] compute.cpu_shared_set = None log_opt_values /usr/lib/python3/dist-packages/oslo_config/cfg.py:2609
2024-11-04 00:40:20.426 123887 DEBUG oslo_service.service [req-7add6c65-8910-410b-b1cc-45043bbbd711 - - - - -] compute.image_type_exclude_list = [] log_opt_values /usr/lib/python3/dist-packages/oslo_config/cfg.py:2609
2024-11-04 00:40:20.426 123887 DEBUG oslo_service.service [req-7add6c65-8910-410b-b1cc-45043bbbd711 - - - - -] compute.live_migration_wait_for_vif_plug = True log_opt_values /usr/lib/python3/dist-packages/oslo_config/cfg.py:2609
2024-11-04 00:40:20.427 123887 DEBUG oslo_service.service [req-7add6c65-8910-410b-b1cc-45043bbbd711 - - - - -] compute.max_concurrent_disk_ops = 0 log_opt_values /usr/lib/python3/dist-packages/oslo_config/cfg.py:2609
2024-11-04 00:40:20.427 123887 DEBUG oslo_service.service [req-7add6c65-8910-410b-b1cc-45043bbbd711 - - - - -] compute.max_disk_devices_to_attach = -1 log_opt_values /usr/lib/python3/dist-packages/oslo_config/cfg.py:2609
2024-11-04 00:40:20.428 123887 DEBUG oslo_service.service [req-7add6c65-8910-410b-b1cc-45043bbbd711 - - - - -] compute.packing_host_numa_cells_allocation_strategy = True log_opt_values /usr/lib/python3/dist-packages/oslo_config/cfg.py:2609
2024-11-04 00:40:20.428 123887 DEBUG oslo_service.service [req-7add6c65-8910-410b-b1cc-45043bbbd711 - - - - -] compute.provider_config_location = /etc/nova/provider_config/ log_opt_values /usr/lib/python3/dist-packages/oslo_config/cfg.py:2609
2024-11-04 00:40:20.428 123887 DEBUG oslo_service.service [req-7add6c65-8910-410b-b1cc-45043bbbd711 - - - - -] compute.resource_provider_association_refresh = 300 log_opt_values /usr/lib/python3/dist-packages/oslo_config/cfg.py:2609
2024-11-04 00:40:20.429 123887 DEBUG oslo_service.service [req-7add6c65-8910-410b-b1cc-45043bbbd711 - - - - -] compute.shutdown_retry_interval = 10 log_opt_values /usr/lib/python3/dist-packages/oslo_config/cfg.py:2609
2024-11-04 00:40:20.429 123887 DEBUG oslo_service.service [req-7add6c65-8910-410b-b1cc-45043bbbd711 - - - - -] compute.vmdk_allowed_types = ['streamOptimized', 'monolithicSparse'] log_opt_values /usr/lib/python3/dist-packages/oslo_config/cfg.py:2609
2024-11-04 00:40:20.430 123887 DEBUG oslo_service.service [req-7add6c65-8910-410b-b1cc-45043bbbd711 - - - - -] conductor.workers = 4 log_opt_values /usr/lib/python3/dist-packages/oslo_config/cfg.py:2609
2024-11-04 00:40:20.430 123887 DEBUG oslo_service.service [req-7add6c65-8910-410b-b1cc-45043bbbd711 - - - - -] console.allowed_origins = [] log_opt_values /usr/lib/python3/dist-packages/oslo_config/cfg.py:2609
2024-11-04 00:40:20.430 123887 DEBUG oslo_service.service [req-7add6c65-8910-410b-b1cc-45043bbbd711 - - - - -] console.ssl_ciphers = None log_opt_values /usr/lib/python3/dist-packages/oslo_config/cfg.py:2609
2024-11-04 00:40:20.431 123887 DEBUG oslo_service.service [req-7add6c65-8910-410b-b1cc-45043bbbd711 - - - - -] console.ssl_minimum_version = default log_opt_values /usr/lib/python3/dist-packages/oslo_config/cfg.py:2609
2024-11-04 00:40:20.432 123887 DEBUG oslo_service.service [req-7add6c65-8910-410b-b1cc-45043bbbd711 - - - - -] consoleauth.token_ttl = 600 log_opt_values /usr/lib/python3/dist-packages/oslo_config/cfg.py:2609
2024-11-04 00:40:20.432 123887 DEBUG oslo_service.service [req-7add6c65-8910-410b-b1cc-45043bbbd711 - - - - -] cyborg.cafile = None log_opt_values /usr/lib/python3/dist-packages/oslo_config/cfg.py:2609
2024-11-04 00:40:20.432 123887 DEBUG oslo_service.service [req-7add6c65-8910-410b-b1cc-45043bbbd711 - - - - -] cyborg.certfile = None log_opt_values /usr/lib/python3/dist-packages/oslo_config/cfg.py:2609
2024-11-04 00:40:20.433 123887 DEBUG oslo_service.service [req-7add6c65-8910-410b-b1cc-45043bbbd711 - - - - -] cyborg.collect_timing = False log_opt_values /usr/lib/python3/dist-packages/oslo_config/cfg.py:2609
2024-11-04 00:40:20.433 123887 DEBUG oslo_service.service [req-7add6c65-8910-410b-b1cc-45043bbbd711 - - - - -] cyborg.connect_retries = None log_opt_values /usr/lib/python3/dist-packages/oslo_config/cfg.py:2609
2024-11-04 00:40:20.433 125290 DEBUG oslo_messaging._drivers.amqpdriver [-] Listener is running poll /usr/lib/python3/dist-packages/oslo_messaging/_drivers/amqpdriver.py:343
2024-11-04 00:40:20.433 123887 DEBUG oslo_service.service [req-7add6c65-8910-410b-b1cc-45043bbbd711 - - - - -] cyborg.connect_retry_delay = None log_opt_values /usr/lib/python3/dist-packages/oslo_config/cfg.py:2609
2024-11-04 00:40:20.434 123887 DEBUG oslo_service.service [req-7add6c65-8910-410b-b1cc-45043bbbd711 - - - - -] cyborg.endpoint_override = None log_opt_values /usr/lib/python3/dist-packages/oslo_config/cfg.py:2609
2024-11-04 00:40:20.434 125290 DEBUG oslo_messaging._drivers.amqpdriver [-] AMQPListener connection consume poll /usr/lib/python3/dist-packages/oslo_messaging/_drivers/amqpdriver.py:357
2024-11-04 00:40:20.434 123887 DEBUG oslo_service.service [req-7add6c65-8910-410b-b1cc-45043bbbd711 - - - - -] cyborg.insecure = False log_opt_values /usr/lib/python3/dist-packages/oslo_config/cfg.py:2609
2024-11-04 00:40:20.434 123887 DEBUG oslo_service.service [req-7add6c65-8910-410b-b1cc-45043bbbd711 - - - - -] cyborg.keyfile = None log_opt_values /usr/lib/python3/dist-packages/oslo_config/cfg.py:2609
2024-11-04 00:40:20.434 125290 DEBUG nova.service [req-05ecd3b5-86d9-4b6f-b588-ecf259fc5a9d - - - - -] Join ServiceGroup membership for this service scheduler start /usr/lib/python3/dist-packages/nova/service.py:199
2024-11-04 00:40:20.434 123887 DEBUG oslo_service.service [req-7add6c65-8910-410b-b1cc-45043bbbd711 - - - - -] cyborg.max_version = None log_opt_values /usr/lib/python3/dist-packages/oslo_config/cfg.py:2609
2024-11-04 00:40:20.435 123887 DEBUG oslo_service.service [req-7add6c65-8910-410b-b1cc-45043bbbd711 - - - - -] cyborg.min_version = None log_opt_values /usr/lib/python3/dist-packages/oslo_config/cfg.py:2609
2024-11-04 00:40:20.435 125290 DEBUG nova.servicegroup.drivers.db [req-05ecd3b5-86d9-4b6f-b588-ecf259fc5a9d - - - - -] DB_Driver: join new ServiceGroup member juju-cee4e9-0-lxd-7 to the scheduler group, service = join /usr/lib/python3/dist-packages/nova/servicegroup/drivers/db.py:44
2024-11-04 00:40:20.436 123887 DEBUG oslo_service.service [req-7add6c65-8910-410b-b1cc-45043bbbd711 - - - - -] cyborg.region_name = None log_opt_values /usr/lib/python3/dist-packages/oslo_config/cfg.py:2609
2024-11-04 00:40:20.437 123887 DEBUG oslo_service.service [req-7add6c65-8910-410b-b1cc-45043bbbd711 - - - - -] cyborg.service_name = None log_opt_values /usr/lib/python3/dist-packages/oslo_config/cfg.py:2609
2024-11-04 00:40:20.437 123887 DEBUG oslo_service.service [req-7add6c65-8910-410b-b1cc-45043bbbd711 - - - - -] cyborg.service_type = accelerator log_opt_values /usr/lib/python3/dist-packages/oslo_config/cfg.py:2609
2024-11-04 00:40:20.435 125282 DEBUG oslo_messaging._drivers.amqpdriver [-] Listener is running poll /usr/lib/python3/dist-packages/oslo_messaging/_drivers/amqpdriver.py:343
2024-11-04 00:40:20.438 123887 DEBUG oslo_service.service [req-7add6c65-8910-410b-b1cc-45043bbbd711 - - - - -] cyborg.split_loggers = False log_opt_values /usr/lib/python3/dist-packages/oslo_config/cfg.py:2609
2024-11-04 00:40:20.439 123887 DEBUG oslo_service.service [req-7add6c65-8910-410b-b1cc-45043bbbd711 - - - - -] cyborg.status_code_retries = None log_opt_values /usr/lib/python3/dist-packages/oslo_config/cfg.py:2609
2024-11-04 00:40:20.439 123887 DEBUG oslo_service.service [req-7add6c65-8910-410b-b1cc-45043bbbd711 - - - - -] cyborg.status_code_retry_delay = None log_opt_values /usr/lib/python3/dist-packages/oslo_config/cfg.py:2609
2024-11-04 00:40:20.439 123887 DEBUG oslo_service.service [req-7add6c65-8910-410b-b1cc-45043bbbd711 - - - - -] cyborg.timeout = None log_opt_values /usr/lib/python3/dist-packages/oslo_config/cfg.py:2609
2024-11-04 00:40:20.439 125282 DEBUG oslo_messaging._drivers.amqpdriver [-] AMQPListener connection consume poll /usr/lib/python3/dist-packages/oslo_messaging/_drivers/amqpdriver.py:357
2024-11-04 00:40:20.440 125290 DEBUG oslo_messaging._drivers.amqpdriver [-] AMQPListener connection timeout poll /usr/lib/python3/dist-packages/oslo_messaging/_drivers/amqpdriver.py:360
2024-11-04 00:40:20.440 125283 DEBUG oslo_messaging._drivers.amqpdriver [-] Listener is running poll /usr/lib/python3/dist-packages/oslo_messaging/_drivers/amqpdriver.py:343
2024-11-04 00:40:20.440 125283 DEBUG oslo_messaging._drivers.amqpdriver [-] AMQPListener connection consume poll /usr/lib/python3/dist-packages/oslo_messaging/_drivers/amqpdriver.py:357
2024-11-04 00:40:20.440 125290 DEBUG oslo_messaging._drivers.amqpdriver [-] Listener is running poll /usr/lib/python3/dist-packages/oslo_messaging/_drivers/amqpdriver.py:343
2024-11-04 00:40:20.440 125276 DEBUG oslo_messaging._drivers.amqpdriver [-] Listener is running poll /usr/lib/python3/dist-packages/oslo_messaging/_drivers/amqpdriver.py:343
2024-11-04 00:40:20.440 125290 DEBUG oslo_messaging._drivers.amqpdriver [-] AMQPListener connection consume poll /usr/lib/python3/dist-packages/oslo_messaging/_drivers/amqpdriver.py:357
2024-11-04 00:40:20.440 125276 DEBUG oslo_messaging._drivers.amqpdriver [-] AMQPListener connection consume poll /usr/lib/python3/dist-packages/oslo_messaging/_drivers/amqpdriver.py:357
2024-11-04 00:40:20.439 123887 DEBUG oslo_service.service [req-7add6c65-8910-410b-b1cc-45043bbbd711 - - - - -] cyborg.valid_interfaces = ['internal', 'public'] log_opt_values /usr/lib/python3/dist-packages/oslo_config/cfg.py:2609
2024-11-04 00:40:20.441 125283 DEBUG nova.service [req-4dbecdb2-a61f-4281-972e-a7520386b427 - - - - -] Join ServiceGroup membership for this service scheduler start /usr/lib/python3/dist-packages/nova/service.py:199
2024-11-04 00:40:20.441 123887 DEBUG oslo_service.service [req-7add6c65-8910-410b-b1cc-45043bbbd711 - - - - -] cyborg.version = None log_opt_values /usr/lib/python3/dist-packages/oslo_config/cfg.py:2609
2024-11-04 00:40:20.441 125283 DEBUG nova.servicegroup.drivers.db [req-4dbecdb2-a61f-4281-972e-a7520386b427 - - - - -] DB_Driver: join new ServiceGroup member juju-cee4e9-0-lxd-7 to the scheduler group, service = join /usr/lib/python3/dist-packages/nova/servicegroup/drivers/db.py:44
2024-11-04 00:40:20.441 123887 DEBUG oslo_service.service [req-7add6c65-8910-410b-b1cc-45043bbbd711 - - - - -] database.backend = sqlalchemy log_opt_values /usr/lib/python3/dist-packages/oslo_config/cfg.py:2609
2024-11-04 00:40:20.442 123887 DEBUG oslo_service.service [req-7add6c65-8910-410b-b1cc-45043bbbd711 - - - - -] database.connection = **** log_opt_values /usr/lib/python3/dist-packages/oslo_config/cfg.py:2609
2024-11-04 00:40:20.441 125282 DEBUG nova.service [req-1349b38b-634d-4f48-8bb8-58dfe5d7e21a - - - - -] Join ServiceGroup membership for this service scheduler start /usr/lib/python3/dist-packages/nova/service.py:199
2024-11-04 00:40:20.443 123887 DEBUG oslo_service.service [req-7add6c65-8910-410b-b1cc-45043bbbd711 - - - - -] database.connection_debug = 0 log_opt_values /usr/lib/python3/dist-packages/oslo_config/cfg.py:2609
2024-11-04 00:40:20.443 123887 DEBUG oslo_service.service [req-7add6c65-8910-410b-b1cc-45043bbbd711 - - - - -] database.connection_parameters = log_opt_values /usr/lib/python3/dist-packages/oslo_config/cfg.py:2609
2024-11-04 00:40:20.443 125282 DEBUG nova.servicegroup.drivers.db [req-1349b38b-634d-4f48-8bb8-58dfe5d7e21a - - - - -] DB_Driver: join new ServiceGroup member juju-cee4e9-0-lxd-7 to the scheduler group, service = join /usr/lib/python3/dist-packages/nova/servicegroup/drivers/db.py:44
2024-11-04 00:40:20.443 123887 DEBUG oslo_service.service [req-7add6c65-8910-410b-b1cc-45043bbbd711 - - - - -] database.connection_recycle_time = 3600 log_opt_values /usr/lib/python3/dist-packages/oslo_config/cfg.py:2609
2024-11-04 00:40:20.444 123887 DEBUG oslo_service.service [req-7add6c65-8910-410b-b1cc-45043bbbd711 - - - - -] database.connection_trace = False log_opt_values /usr/lib/python3/dist-packages/oslo_config/cfg.py:2609
2024-11-04 00:40:20.444 123887 DEBUG oslo_service.service [req-7add6c65-8910-410b-b1cc-45043bbbd711 - - - - -] database.db_inc_retry_interval = True log_opt_values /usr/lib/python3/dist-packages/oslo_config/cfg.py:2609
2024-11-04 00:40:20.444 123887 DEBUG oslo_service.service [req-7add6c65-8910-410b-b1cc-45043bbbd711 - - - - -] database.db_max_retries = 20 log_opt_values /usr/lib/python3/dist-packages/oslo_config/cfg.py:2609
2024-11-04 00:40:20.444 125276 DEBUG nova.service [req-0f19820d-d964-47e0-9e4a-6d0cda043059 - - - - -] Join ServiceGroup membership for this service scheduler start /usr/lib/python3/dist-packages/nova/service.py:199
2024-11-04 00:40:20.444 123887 DEBUG oslo_service.service [req-7add6c65-8910-410b-b1cc-45043bbbd711 - - - - -] database.db_max_retry_interval = 10 log_opt_values /usr/lib/python3/dist-packages/oslo_config/cfg.py:2609
2024-11-04 00:40:20.445 123887 DEBUG oslo_service.service [req-7add6c65-8910-410b-b1cc-45043bbbd711 - - - - -] database.db_retry_interval = 1 log_opt_values /usr/lib/python3/dist-packages/oslo_config/cfg.py:2609
2024-11-04 00:40:20.445 123887 DEBUG oslo_service.service [req-7add6c65-8910-410b-b1cc-45043bbbd711 - - - - -] database.max_overflow = 50 log_opt_values /usr/lib/python3/dist-packages/oslo_config/cfg.py:2609
2024-11-04 00:40:20.445 125283 DEBUG oslo_messaging._drivers.amqpdriver [-] AMQPListener connection timeout poll /usr/lib/python3/dist-packages/oslo_messaging/_drivers/amqpdriver.py:360
2024-11-04 00:40:20.448 125283 DEBUG oslo_messaging._drivers.amqpdriver [-] Listener is running poll /usr/lib/python3/dist-packages/oslo_messaging/_drivers/amqpdriver.py:343
2024-11-04 00:40:20.448 125283 DEBUG oslo_messaging._drivers.amqpdriver [-] AMQPListener connection consume poll /usr/lib/python3/dist-packages/oslo_messaging/_drivers/amqpdriver.py:357
2024-11-04 00:40:20.448 123887 DEBUG oslo_service.service [req-7add6c65-8910-410b-b1cc-45043bbbd711 - - - - -] database.max_pool_size = 4 log_opt_values /usr/lib/python3/dist-packages/oslo_config/cfg.py:2609
2024-11-04 00:40:20.445 125276 DEBUG nova.servicegroup.drivers.db [req-0f19820d-d964-47e0-9e4a-6d0cda043059 - - - - -] DB_Driver: join new ServiceGroup member juju-cee4e9-0-lxd-7 to the scheduler group, service = join /usr/lib/python3/dist-packages/nova/servicegroup/drivers/db.py:44
2024-11-04 00:40:20.448 123887 DEBUG oslo_service.service [req-7add6c65-8910-410b-b1cc-45043bbbd711 - - - - -] database.max_retries = 10 log_opt_values /usr/lib/python3/dist-packages/oslo_config/cfg.py:2609
2024-11-04 00:40:20.449 123887 DEBUG oslo_service.service [req-7add6c65-8910-410b-b1cc-45043bbbd711 - - - - -] database.mysql_enable_ndb = False log_opt_values /usr/lib/python3/dist-packages/oslo_config/cfg.py:2609
2024-11-04 00:40:20.449 125276 DEBUG oslo_messaging._drivers.amqpdriver [-] AMQPListener connection timeout poll /usr/lib/python3/dist-packages/oslo_messaging/_drivers/amqpdriver.py:360
2024-11-04 00:40:20.449 123887 DEBUG oslo_service.service [req-7add6c65-8910-410b-b1cc-45043bbbd711 - - - - -] database.mysql_sql_mode = TRADITIONAL log_opt_values /usr/lib/python3/dist-packages/oslo_config/cfg.py:2609
2024-11-04 00:40:20.449 125276 DEBUG oslo_messaging._drivers.amqpdriver [-] Listener is running poll /usr/lib/python3/dist-packages/oslo_messaging/_drivers/amqpdriver.py:343
2024-11-04 00:40:20.449 123887 DEBUG oslo_service.service [req-7add6c65-8910-410b-b1cc-45043bbbd711 - - - - -] database.pool_timeout = None log_opt_values /usr/lib/python3/dist-packages/oslo_config/cfg.py:2609
2024-11-04 00:40:20.449 125276 DEBUG oslo_messaging._drivers.amqpdriver [-] AMQPListener connection consume poll /usr/lib/python3/dist-packages/oslo_messaging/_drivers/amqpdriver.py:357
2024-11-04 00:40:20.449 123887 DEBUG oslo_service.service [req-7add6c65-8910-410b-b1cc-45043bbbd711 - - - - -] database.retry_interval = 10 log_opt_values /usr/lib/python3/dist-packages/oslo_config/cfg.py:2609
2024-11-04 00:40:20.450 123887 DEBUG oslo_service.service [req-7add6c65-8910-410b-b1cc-45043bbbd711 - - - - -] database.slave_connection = **** log_opt_values /usr/lib/python3/dist-packages/oslo_config/cfg.py:2609
2024-11-04 00:40:20.450 125282 DEBUG oslo_messaging._drivers.amqpdriver [-] AMQPListener connection timeout poll /usr/lib/python3/dist-packages/oslo_messaging/_drivers/amqpdriver.py:360
2024-11-04 00:40:20.450 125282 DEBUG oslo_messaging._drivers.amqpdriver [-] Listener is running poll /usr/lib/python3/dist-packages/oslo_messaging/_drivers/amqpdriver.py:343
2024-11-04 00:40:20.450 123887 DEBUG oslo_service.service [req-7add6c65-8910-410b-b1cc-45043bbbd711 - - - - -] database.sqlite_synchronous = True log_opt_values /usr/lib/python3/dist-packages/oslo_config/cfg.py:2609
2024-11-04 00:40:20.450 125282 DEBUG oslo_messaging._drivers.amqpdriver [-] AMQPListener connection consume poll /usr/lib/python3/dist-packages/oslo_messaging/_drivers/amqpdriver.py:357
2024-11-04 00:40:20.450 123887 DEBUG oslo_service.service [req-7add6c65-8910-410b-b1cc-45043bbbd711 - - - - -] database.use_db_reconnect = False log_opt_values /usr/lib/python3/dist-packages/oslo_config/cfg.py:2609
2024-11-04 00:40:20.450 123887 DEBUG oslo_service.service [req-7add6c65-8910-410b-b1cc-45043bbbd711 - - - - -] api_database.backend = sqlalchemy log_opt_values /usr/lib/python3/dist-packages/oslo_config/cfg.py:2609
2024-11-04 00:40:20.451 123887 DEBUG oslo_service.service [req-7add6c65-8910-410b-b1cc-45043bbbd711 - - - - -] api_database.connection = **** log_opt_values /usr/lib/python3/dist-packages/oslo_config/cfg.py:2609
2024-11-04 00:40:20.451 123887 DEBUG oslo_service.service [req-7add6c65-8910-410b-b1cc-45043bbbd711 - - - - -] api_database.connection_debug = 0 log_opt_values /usr/lib/python3/dist-packages/oslo_config/cfg.py:2609
2024-11-04 00:40:20.451 123887 DEBUG oslo_service.service [req-7add6c65-8910-410b-b1cc-45043bbbd711 - - - - -] api_database.connection_parameters = log_opt_values /usr/lib/python3/dist-packages/oslo_config/cfg.py:2609
2024-11-04 00:40:20.451 123887 DEBUG oslo_service.service [req-7add6c65-8910-410b-b1cc-45043bbbd711 - - - - -] api_database.connection_recycle_time = 3600 log_opt_values /usr/lib/python3/dist-packages/oslo_config/cfg.py:2609
2024-11-04 00:40:20.451 123887 DEBUG oslo_service.service [req-7add6c65-8910-410b-b1cc-45043bbbd711 - - - - -] api_database.connection_trace = False log_opt_values /usr/lib/python3/dist-packages/oslo_config/cfg.py:2609
2024-11-04 00:40:20.452 123887 DEBUG oslo_service.service [req-7add6c65-8910-410b-b1cc-45043bbbd711 - - - - -] api_database.db_inc_retry_interval = True log_opt_values /usr/lib/python3/dist-packages/oslo_config/cfg.py:2609
2024-11-04 00:40:20.452 123887 DEBUG oslo_service.service [req-7add6c65-8910-410b-b1cc-45043bbbd711 - - - - -] api_database.db_max_retries = 20 log_opt_values /usr/lib/python3/dist-packages/oslo_config/cfg.py:2609
2024-11-04 00:40:20.452 123887 DEBUG oslo_service.service [req-7add6c65-8910-410b-b1cc-45043bbbd711 - - - - -] api_database.db_max_retry_interval = 10 log_opt_values /usr/lib/python3/dist-packages/oslo_config/cfg.py:2609
2024-11-04 00:40:20.452 123887 DEBUG oslo_service.service [req-7add6c65-8910-410b-b1cc-45043bbbd711 - - - - -] api_database.db_retry_interval = 1 log_opt_values /usr/lib/python3/dist-packages/oslo_config/cfg.py:2609
2024-11-04 00:40:20.452 123887 DEBUG oslo_service.service [req-7add6c65-8910-410b-b1cc-45043bbbd711 - - - - -] api_database.max_overflow = 50 log_opt_values /usr/lib/python3/dist-packages/oslo_config/cfg.py:2609
2024-11-04 00:40:20.453 123887 DEBUG oslo_service.service [req-7add6c65-8910-410b-b1cc-45043bbbd711 - - - - -] api_database.max_pool_size = 4 log_opt_values /usr/lib/python3/dist-packages/oslo_config/cfg.py:2609
2024-11-04 00:40:20.453 123887 DEBUG oslo_service.service [req-7add6c65-8910-410b-b1cc-45043bbbd711 - - - - -] api_database.max_retries = 10 log_opt_values /usr/lib/python3/dist-packages/oslo_config/cfg.py:2609
2024-11-04 00:40:20.453 123887 DEBUG oslo_service.service [req-7add6c65-8910-410b-b1cc-45043bbbd711 - - - - -] api_database.mysql_enable_ndb = False log_opt_values /usr/lib/python3/dist-packages/oslo_config/cfg.py:2609
2024-11-04 00:40:20.453 123887 DEBUG oslo_service.service [req-7add6c65-8910-410b-b1cc-45043bbbd711 - - - - -] api_database.mysql_sql_mode = TRADITIONAL log_opt_values /usr/lib/python3/dist-packages/oslo_config/cfg.py:2609
2024-11-04 00:40:20.453 123887 DEBUG oslo_service.service [req-7add6c65-8910-410b-b1cc-45043bbbd711 - - - - -] api_database.pool_timeout = None log_opt_values /usr/lib/python3/dist-packages/oslo_config/cfg.py:2609
2024-11-04 00:40:20.453 123887 DEBUG oslo_service.service [req-7add6c65-8910-410b-b1cc-45043bbbd711 - - - - -] api_database.retry_interval = 10 log_opt_values /usr/lib/python3/dist-packages/oslo_config/cfg.py:2609
2024-11-04 00:40:20.454 123887 DEBUG oslo_service.service [req-7add6c65-8910-410b-b1cc-45043bbbd711 - - - - -] api_database.slave_connection = **** log_opt_values /usr/lib/python3/dist-packages/oslo_config/cfg.py:2609
2024-11-04 00:40:20.454 123887 DEBUG oslo_service.service [req-7add6c65-8910-410b-b1cc-45043bbbd711 - - - - -] api_database.sqlite_synchronous = True log_opt_values /usr/lib/python3/dist-packages/oslo_config/cfg.py:2609
2024-11-04 00:40:20.454 123887 DEBUG oslo_service.service [req-7add6c65-8910-410b-b1cc-45043bbbd711 - - - - -] devices.enabled_mdev_types = [] log_opt_values /usr/lib/python3/dist-packages/oslo_config/cfg.py:2609
2024-11-04 00:40:20.454 123887 DEBUG oslo_service.service [req-7add6c65-8910-410b-b1cc-45043bbbd711 - - - - -] ephemeral_storage_encryption.cipher = aes-xts-plain64 log_opt_values /usr/lib/python3/dist-packages/oslo_config/cfg.py:2609
2024-11-04 00:40:20.454 123887 DEBUG oslo_service.service [req-7add6c65-8910-410b-b1cc-45043bbbd711 - - - - -] ephemeral_storage_encryption.enabled = False log_opt_values /usr/lib/python3/dist-packages/oslo_config/cfg.py:2609
2024-11-04 00:40:20.455 123887 DEBUG oslo_service.service [req-7add6c65-8910-410b-b1cc-45043bbbd711 - - - - -] ephemeral_storage_encryption.key_size = 512 log_opt_values /usr/lib/python3/dist-packages/oslo_config/cfg.py:2609
2024-11-04 00:40:20.455 123887 WARNING oslo_config.cfg [req-7add6c65-8910-410b-b1cc-45043bbbd711 - - - - -] Deprecated: Option "api_servers" from group "glance" is deprecated for removal ( Support for image service configuration via standard keystoneauth1 Adapter options was added in the 17.0.0 Queens release. The api_servers option was retained temporarily to allow consumers time to cut over to a real load balancing solution. ). Its value may be silently ignored in the future.
2024-11-04 00:40:20.456 123887 DEBUG oslo_service.service [req-7add6c65-8910-410b-b1cc-45043bbbd711 - - - - -] glance.api_servers = ['http://252.30.79.18:9292'] log_opt_values /usr/lib/python3/dist-packages/oslo_config/cfg.py:2609
2024-11-04 00:40:20.456 123887 DEBUG oslo_service.service [req-7add6c65-8910-410b-b1cc-45043bbbd711 - - - - -] glance.cafile = None log_opt_values /usr/lib/python3/dist-packages/oslo_config/cfg.py:2609
2024-11-04 00:40:20.457 123887 DEBUG oslo_service.service [req-7add6c65-8910-410b-b1cc-45043bbbd711 - - - - -] glance.certfile = None log_opt_values /usr/lib/python3/dist-packages/oslo_config/cfg.py:2609
2024-11-04 00:40:20.457 123887 DEBUG oslo_service.service [req-7add6c65-8910-410b-b1cc-45043bbbd711 - - - - -] glance.collect_timing = False log_opt_values /usr/lib/python3/dist-packages/oslo_config/cfg.py:2609
2024-11-04 00:40:20.457 123887 DEBUG oslo_service.service [req-7add6c65-8910-410b-b1cc-45043bbbd711 - - - - -] glance.connect_retries = None log_opt_values /usr/lib/python3/dist-packages/oslo_config/cfg.py:2609
2024-11-04 00:40:20.457 123887 DEBUG oslo_service.service [req-7add6c65-8910-410b-b1cc-45043bbbd711 - - - - -] glance.connect_retry_delay = None log_opt_values /usr/lib/python3/dist-packages/oslo_config/cfg.py:2609
2024-11-04 00:40:20.457 123887 DEBUG oslo_service.service [req-7add6c65-8910-410b-b1cc-45043bbbd711 - - - - -] glance.debug = False log_opt_values /usr/lib/python3/dist-packages/oslo_config/cfg.py:2609
2024-11-04 00:40:20.458 123887 DEBUG oslo_service.service [req-7add6c65-8910-410b-b1cc-45043bbbd711 - - - - -] glance.default_trusted_certificate_ids = [] log_opt_values /usr/lib/python3/dist-packages/oslo_config/cfg.py:2609
2024-11-04 00:40:20.458 123887 DEBUG oslo_service.service [req-7add6c65-8910-410b-b1cc-45043bbbd711 - - - - -] glance.enable_certificate_validation = False log_opt_values /usr/lib/python3/dist-packages/oslo_config/cfg.py:2609
2024-11-04 00:40:20.458 123887 DEBUG oslo_service.service [req-7add6c65-8910-410b-b1cc-45043bbbd711 - - - - -] glance.enable_rbd_download = False log_opt_values /usr/lib/python3/dist-packages/oslo_config/cfg.py:2609
2024-11-04 00:40:20.458 123887 DEBUG oslo_service.service [req-7add6c65-8910-410b-b1cc-45043bbbd711 - - - - -] glance.endpoint_override = None log_opt_values /usr/lib/python3/dist-packages/oslo_config/cfg.py:2609
2024-11-04 00:40:20.459 123887 DEBUG oslo_service.service [req-7add6c65-8910-410b-b1cc-45043bbbd711 - - - - -] glance.insecure = False log_opt_values /usr/lib/python3/dist-packages/oslo_config/cfg.py:2609
2024-11-04 00:40:20.459 123887 DEBUG oslo_service.service [req-7add6c65-8910-410b-b1cc-45043bbbd711 - - - - -] glance.keyfile = None log_opt_values /usr/lib/python3/dist-packages/oslo_config/cfg.py:2609
2024-11-04 00:40:20.460 123887 DEBUG oslo_service.service [req-7add6c65-8910-410b-b1cc-45043bbbd711 - - - - -] glance.max_version = None log_opt_values /usr/lib/python3/dist-packages/oslo_config/cfg.py:2609
2024-11-04 00:40:20.460 123887 DEBUG oslo_service.service [req-7add6c65-8910-410b-b1cc-45043bbbd711 - - - - -] glance.min_version = None log_opt_values /usr/lib/python3/dist-packages/oslo_config/cfg.py:2609
2024-11-04 00:40:20.461 123887 DEBUG oslo_service.service [req-7add6c65-8910-410b-b1cc-45043bbbd711 - - - - -] glance.num_retries = 3 log_opt_values /usr/lib/python3/dist-packages/oslo_config/cfg.py:2609
2024-11-04 00:40:20.461 123887 DEBUG oslo_service.service [req-7add6c65-8910-410b-b1cc-45043bbbd711 - - - - -] glance.rbd_ceph_conf = log_opt_values /usr/lib/python3/dist-packages/oslo_config/cfg.py:2609
2024-11-04 00:40:20.461 123887 DEBUG oslo_service.service [req-7add6c65-8910-410b-b1cc-45043bbbd711 - - - - -] glance.rbd_connect_timeout = 5 log_opt_values /usr/lib/python3/dist-packages/oslo_config/cfg.py:2609
2024-11-04 00:40:20.464 123887 DEBUG oslo_service.service [req-7add6c65-8910-410b-b1cc-45043bbbd711 - - - - -] glance.rbd_pool = log_opt_values /usr/lib/python3/dist-packages/oslo_config/cfg.py:2609
2024-11-04 00:40:20.465 123887 DEBUG oslo_service.service [req-7add6c65-8910-410b-b1cc-45043bbbd711 - - - - -] glance.rbd_user = log_opt_values /usr/lib/python3/dist-packages/oslo_config/cfg.py:2609
2024-11-04 00:40:20.465 123887 DEBUG oslo_service.service [req-7add6c65-8910-410b-b1cc-45043bbbd711 - - - - -] glance.region_name = None log_opt_values /usr/lib/python3/dist-packages/oslo_config/cfg.py:2609
2024-11-04 00:40:20.466 123887 DEBUG oslo_service.service [req-7add6c65-8910-410b-b1cc-45043bbbd711 - - - - -] glance.service_name = None log_opt_values /usr/lib/python3/dist-packages/oslo_config/cfg.py:2609
2024-11-04 00:40:20.466 123887 DEBUG oslo_service.service [req-7add6c65-8910-410b-b1cc-45043bbbd711 - - - - -] glance.service_type = image log_opt_values /usr/lib/python3/dist-packages/oslo_config/cfg.py:2609
2024-11-04 00:40:20.466 123887 DEBUG oslo_service.service [req-7add6c65-8910-410b-b1cc-45043bbbd711 - - - - -] glance.split_loggers = False log_opt_values /usr/lib/python3/dist-packages/oslo_config/cfg.py:2609
2024-11-04 00:40:20.466 123887 DEBUG oslo_service.service [req-7add6c65-8910-410b-b1cc-45043bbbd711 - - - - -] glance.status_code_retries = None log_opt_values /usr/lib/python3/dist-packages/oslo_config/cfg.py:2609
2024-11-04 00:40:20.467 123887 DEBUG oslo_service.service [req-7add6c65-8910-410b-b1cc-45043bbbd711 - - - - -] glance.status_code_retry_delay = None log_opt_values /usr/lib/python3/dist-packages/oslo_config/cfg.py:2609
2024-11-04 00:40:20.467 123887 DEBUG oslo_service.service [req-7add6c65-8910-410b-b1cc-45043bbbd711 - - - - -] glance.timeout = None log_opt_values /usr/lib/python3/dist-packages/oslo_config/cfg.py:2609
2024-11-04 00:40:20.469 123887 DEBUG oslo_service.service [req-7add6c65-8910-410b-b1cc-45043bbbd711 - - - - -] glance.valid_interfaces = ['internal', 'public'] log_opt_values /usr/lib/python3/dist-packages/oslo_config/cfg.py:2609
2024-11-04 00:40:20.469 123887 DEBUG oslo_service.service [req-7add6c65-8910-410b-b1cc-45043bbbd711 - - - - -] glance.verify_glance_signatures = False log_opt_values /usr/lib/python3/dist-packages/oslo_config/cfg.py:2609
2024-11-04 00:40:20.469 123887 DEBUG oslo_service.service [req-7add6c65-8910-410b-b1cc-45043bbbd711 - - - - -] glance.version = None log_opt_values /usr/lib/python3/dist-packages/oslo_config/cfg.py:2609
2024-11-04 00:40:20.469 123887 DEBUG oslo_service.service [req-7add6c65-8910-410b-b1cc-45043bbbd711 - - - - -] guestfs.debug = False log_opt_values /usr/lib/python3/dist-packages/oslo_config/cfg.py:2609
2024-11-04 00:40:20.470 123887 DEBUG oslo_service.service [req-7add6c65-8910-410b-b1cc-45043bbbd711 - - - - -] hyperv.config_drive_cdrom = False log_opt_values /usr/lib/python3/dist-packages/oslo_config/cfg.py:2609
2024-11-04 00:40:20.470 123887 DEBUG oslo_service.service [req-7add6c65-8910-410b-b1cc-45043bbbd711 - - - - -] hyperv.config_drive_inject_password = False log_opt_values /usr/lib/python3/dist-packages/oslo_config/cfg.py:2609
2024-11-04 00:40:20.470 123887 DEBUG oslo_service.service [req-7add6c65-8910-410b-b1cc-45043bbbd711 - - - - -] hyperv.dynamic_memory_ratio = 1.0 log_opt_values /usr/lib/python3/dist-packages/oslo_config/cfg.py:2609
2024-11-04 00:40:20.470 123887 DEBUG oslo_service.service [req-7add6c65-8910-410b-b1cc-45043bbbd711 - - - - -] hyperv.enable_instance_metrics_collection = False log_opt_values /usr/lib/python3/dist-packages/oslo_config/cfg.py:2609
2024-11-04 00:40:20.470 123887 DEBUG oslo_service.service [req-7add6c65-8910-410b-b1cc-45043bbbd711 - - - - -] hyperv.enable_remotefx = False log_opt_values /usr/lib/python3/dist-packages/oslo_config/cfg.py:2609
2024-11-04 00:40:20.471 123887 DEBUG oslo_service.service [req-7add6c65-8910-410b-b1cc-45043bbbd711 - - - - -] hyperv.instances_path_share = log_opt_values /usr/lib/python3/dist-packages/oslo_config/cfg.py:2609
2024-11-04 00:40:20.471 123887 DEBUG oslo_service.service [req-7add6c65-8910-410b-b1cc-45043bbbd711 - - - - -] hyperv.iscsi_initiator_list = [] log_opt_values /usr/lib/python3/dist-packages/oslo_config/cfg.py:2609
2024-11-04 00:40:20.471 123887 DEBUG oslo_service.service [req-7add6c65-8910-410b-b1cc-45043bbbd711 - - - - -] hyperv.limit_cpu_features = False log_opt_values /usr/lib/python3/dist-packages/oslo_config/cfg.py:2609
2024-11-04 00:40:20.471 123887 DEBUG oslo_service.service [req-7add6c65-8910-410b-b1cc-45043bbbd711 - - - - -] hyperv.mounted_disk_query_retry_count = 10 log_opt_values /usr/lib/python3/dist-packages/oslo_config/cfg.py:2609
2024-11-04 00:40:20.471 123887 DEBUG oslo_service.service [req-7add6c65-8910-410b-b1cc-45043bbbd711 - - - - -] hyperv.mounted_disk_query_retry_interval = 5 log_opt_values /usr/lib/python3/dist-packages/oslo_config/cfg.py:2609
2024-11-04 00:40:20.471 123887 DEBUG oslo_service.service [req-7add6c65-8910-410b-b1cc-45043bbbd711 - - - - -] hyperv.power_state_check_timeframe = 60 log_opt_values /usr/lib/python3/dist-packages/oslo_config/cfg.py:2609
2024-11-04 00:40:20.472 123887 DEBUG oslo_service.service [req-7add6c65-8910-410b-b1cc-45043bbbd711 - - - - -] hyperv.power_state_event_polling_interval = 2 log_opt_values /usr/lib/python3/dist-packages/oslo_config/cfg.py:2609
2024-11-04 00:40:20.472 123887 DEBUG oslo_service.service [req-7add6c65-8910-410b-b1cc-45043bbbd711 - - - - -] hyperv.qemu_img_cmd = qemu-img.exe log_opt_values /usr/lib/python3/dist-packages/oslo_config/cfg.py:2609
2024-11-04 00:40:20.472 123887 DEBUG oslo_service.service [req-7add6c65-8910-410b-b1cc-45043bbbd711 - - - - -] hyperv.use_multipath_io = False log_opt_values /usr/lib/python3/dist-packages/oslo_config/cfg.py:2609
2024-11-04 00:40:20.472 123887 DEBUG oslo_service.service [req-7add6c65-8910-410b-b1cc-45043bbbd711 - - - - -] hyperv.volume_attach_retry_count = 10 log_opt_values /usr/lib/python3/dist-packages/oslo_config/cfg.py:2609
2024-11-04 00:40:20.472 123887 DEBUG oslo_service.service [req-7add6c65-8910-410b-b1cc-45043bbbd711 - - - - -] hyperv.volume_attach_retry_interval = 5 log_opt_values /usr/lib/python3/dist-packages/oslo_config/cfg.py:2609
2024-11-04 00:40:20.472 123887 DEBUG oslo_service.service [req-7add6c65-8910-410b-b1cc-45043bbbd711 - - - - -] hyperv.vswitch_name = None log_opt_values /usr/lib/python3/dist-packages/oslo_config/cfg.py:2609
2024-11-04 00:40:20.473 123887 DEBUG oslo_service.service [req-7add6c65-8910-410b-b1cc-45043bbbd711 - - - - -] hyperv.wait_soft_reboot_seconds = 60 log_opt_values /usr/lib/python3/dist-packages/oslo_config/cfg.py:2609
2024-11-04 00:40:20.473 123887 DEBUG oslo_service.service [req-7add6c65-8910-410b-b1cc-45043bbbd711 - - - - -] mks.enabled = False log_opt_values /usr/lib/python3/dist-packages/oslo_config/cfg.py:2609
2024-11-04 00:40:20.473 123887 DEBUG oslo_service.service [req-7add6c65-8910-410b-b1cc-45043bbbd711 - - - - -] mks.mksproxy_base_url = http://127.0.0.1:6090/ log_opt_values /usr/lib/python3/dist-packages/oslo_config/cfg.py:2609
2024-11-04 00:40:20.474 123887 DEBUG oslo_service.service [req-7add6c65-8910-410b-b1cc-45043bbbd711 - - - - -] image_cache.manager_interval = 2400 log_opt_values /usr/lib/python3/dist-packages/oslo_config/cfg.py:2609
2024-11-04 00:40:20.474 123887 DEBUG oslo_service.service [req-7add6c65-8910-410b-b1cc-45043bbbd711 - - - - -] image_cache.precache_concurrency = 1 log_opt_values /usr/lib/python3/dist-packages/oslo_config/cfg.py:2609
2024-11-04 00:40:20.474 123887 DEBUG oslo_service.service [req-7add6c65-8910-410b-b1cc-45043bbbd711 - - - - -] image_cache.remove_unused_base_images = True log_opt_values /usr/lib/python3/dist-packages/oslo_config/cfg.py:2609
2024-11-04 00:40:20.474 123887 DEBUG oslo_service.service [req-7add6c65-8910-410b-b1cc-45043bbbd711 - - - - -] image_cache.remove_unused_original_minimum_age_seconds = 86400 log_opt_values /usr/lib/python3/dist-packages/oslo_config/cfg.py:2609
2024-11-04 00:40:20.474 123887 DEBUG oslo_service.service [req-7add6c65-8910-410b-b1cc-45043bbbd711 - - - - -] image_cache.remove_unused_resized_minimum_age_seconds = 3600 log_opt_values /usr/lib/python3/dist-packages/oslo_config/cfg.py:2609
2024-11-04 00:40:20.475 123887 DEBUG oslo_service.service [req-7add6c65-8910-410b-b1cc-45043bbbd711 - - - - -] image_cache.subdirectory_name = _base log_opt_values /usr/lib/python3/dist-packages/oslo_config/cfg.py:2609
2024-11-04 00:40:20.475 123887 DEBUG oslo_service.service [req-7add6c65-8910-410b-b1cc-45043bbbd711 - - - - -] ironic.api_max_retries = 60 log_opt_values /usr/lib/python3/dist-packages/oslo_config/cfg.py:2609
2024-11-04 00:40:20.475 123887 DEBUG oslo_service.service [req-7add6c65-8910-410b-b1cc-45043bbbd711 - - - - -] ironic.api_retry_interval = 2 log_opt_values /usr/lib/python3/dist-packages/oslo_config/cfg.py:2609
2024-11-04 00:40:20.475 123887 DEBUG oslo_service.service [req-7add6c65-8910-410b-b1cc-45043bbbd711 - - - - -] ironic.auth_section = None log_opt_values /usr/lib/python3/dist-packages/oslo_config/cfg.py:2609
