2024-11-04 00:41:38.137 129430 DEBUG oslo_service.service [req-415e06bf-c2c1-485d-b26b-e5604302ccdf - - - - -] instance_usage_audit_period = month log_opt_values /usr/lib/python3/dist-packages/oslo_config/cfg.py:2602
2024-11-04 00:41:38.137 129430 DEBUG oslo_service.service [req-415e06bf-c2c1-485d-b26b-e5604302ccdf - - - - -] instance_uuid_format = [instance: %(uuid)s] log_opt_values /usr/lib/python3/dist-packages/oslo_config/cfg.py:2602
2024-11-04 00:41:38.137 129430 DEBUG oslo_service.service [req-415e06bf-c2c1-485d-b26b-e5604302ccdf - - - - -] instances_path = /var/lib/nova/instances log_opt_values /usr/lib/python3/dist-packages/oslo_config/cfg.py:2602
2024-11-04 00:41:38.137 129430 DEBUG oslo_service.service [req-415e06bf-c2c1-485d-b26b-e5604302ccdf - - - - -] internal_service_availability_zone = internal log_opt_values /usr/lib/python3/dist-packages/oslo_config/cfg.py:2602
2024-11-04 00:41:38.134 130348 DEBUG nova.service [req-df64a581-7dc5-4fbc-ae31-32bcbda2d9b0 - - - - -] Creating RPC server for service scheduler start /usr/lib/python3/dist-packages/nova/service.py:182
2024-11-04 00:41:38.133 130341 DEBUG oslo_messaging._drivers.amqpdriver [-] Listener is running poll /usr/lib/python3/dist-packages/oslo_messaging/_drivers/amqpdriver.py:343
2024-11-04 00:41:38.138 130341 DEBUG oslo_messaging._drivers.amqpdriver [-] AMQPListener connection consume poll /usr/lib/python3/dist-packages/oslo_messaging/_drivers/amqpdriver.py:357
2024-11-04 00:41:38.138 130354 DEBUG oslo_db.sqlalchemy.engines [req-404fa82c-79c9-4c56-9cb0-99e2b903c125 - - - - -] MySQL server mode set to STRICT_TRANS_TABLES,STRICT_ALL_TABLES,NO_ZERO_IN_DATE,NO_ZERO_DATE,ERROR_FOR_DIVISION_BY_ZERO,TRADITIONAL,NO_ENGINE_SUBSTITUTION _check_effective_sql_mode /usr/lib/python3/dist-packages/oslo_db/sqlalchemy/engines.py:314
2024-11-04 00:41:38.139 129430 DEBUG oslo_service.service [req-415e06bf-c2c1-485d-b26b-e5604302ccdf - - - - -] key = None log_opt_values /usr/lib/python3/dist-packages/oslo_config/cfg.py:2602
2024-11-04 00:41:38.140 129430 DEBUG oslo_service.service [req-415e06bf-c2c1-485d-b26b-e5604302ccdf - - - - -] live_migration_retry_count = 30 log_opt_values /usr/lib/python3/dist-packages/oslo_config/cfg.py:2602
2024-11-04 00:41:38.141 129430 DEBUG oslo_service.service [req-415e06bf-c2c1-485d-b26b-e5604302ccdf - - - - -] log_config_append = None log_opt_values /usr/lib/python3/dist-packages/oslo_config/cfg.py:2602
2024-11-04 00:41:38.141 129430 DEBUG oslo_service.service [req-415e06bf-c2c1-485d-b26b-e5604302ccdf - - - - -] log_date_format = %Y-%m-%d %H:%M:%S log_opt_values /usr/lib/python3/dist-packages/oslo_config/cfg.py:2602
2024-11-04 00:41:38.140 130341 DEBUG nova.service [req-9ef39e7b-be1b-4fba-ac7f-810444dc8134 - - - - -] Join ServiceGroup membership for this service scheduler start /usr/lib/python3/dist-packages/nova/service.py:199
2024-11-04 00:41:38.142 130341 DEBUG nova.servicegroup.drivers.db [req-9ef39e7b-be1b-4fba-ac7f-810444dc8134 - - - - -] DB_Driver: join new ServiceGroup member juju-cee4e9-0-lxd-7 to the scheduler group, service = join /usr/lib/python3/dist-packages/nova/servicegroup/drivers/db.py:44
2024-11-04 00:41:38.141 129430 DEBUG oslo_service.service [req-415e06bf-c2c1-485d-b26b-e5604302ccdf - - - - -] log_dir = /var/log/nova log_opt_values /usr/lib/python3/dist-packages/oslo_config/cfg.py:2602
2024-11-04 00:41:38.144 129430 DEBUG oslo_service.service [req-415e06bf-c2c1-485d-b26b-e5604302ccdf - - - - -] log_file = /var/log/nova/nova-scheduler.log log_opt_values /usr/lib/python3/dist-packages/oslo_config/cfg.py:2602
2024-11-04 00:41:38.144 130341 DEBUG oslo_messaging._drivers.amqpdriver [-] AMQPListener connection timeout poll /usr/lib/python3/dist-packages/oslo_messaging/_drivers/amqpdriver.py:360
2024-11-04 00:41:38.144 129430 DEBUG oslo_service.service [req-415e06bf-c2c1-485d-b26b-e5604302ccdf - - - - -] log_options = True log_opt_values /usr/lib/python3/dist-packages/oslo_config/cfg.py:2602
2024-11-04 00:41:38.144 130341 DEBUG oslo_messaging._drivers.amqpdriver [-] Listener is running poll /usr/lib/python3/dist-packages/oslo_messaging/_drivers/amqpdriver.py:343
2024-11-04 00:41:38.144 129430 DEBUG oslo_service.service [req-415e06bf-c2c1-485d-b26b-e5604302ccdf - - - - -] log_rotate_interval = 1 log_opt_values /usr/lib/python3/dist-packages/oslo_config/cfg.py:2602
2024-11-04 00:41:38.145 130341 DEBUG oslo_messaging._drivers.amqpdriver [-] AMQPListener connection consume poll /usr/lib/python3/dist-packages/oslo_messaging/_drivers/amqpdriver.py:357
2024-11-04 00:41:38.145 129430 DEBUG oslo_service.service [req-415e06bf-c2c1-485d-b26b-e5604302ccdf - - - - -] log_rotate_interval_type = days log_opt_values /usr/lib/python3/dist-packages/oslo_config/cfg.py:2602
2024-11-04 00:41:38.145 129430 DEBUG oslo_service.service [req-415e06bf-c2c1-485d-b26b-e5604302ccdf - - - - -] log_rotation_type = none log_opt_values /usr/lib/python3/dist-packages/oslo_config/cfg.py:2602
2024-11-04 00:41:38.145 129430 DEBUG oslo_service.service [req-415e06bf-c2c1-485d-b26b-e5604302ccdf - - - - -] logging_context_format_string = %(asctime)s.%(msecs)03d %(process)d %(levelname)s %(name)s [%(request_id)s %(user_identity)s] %(instance)s%(message)s log_opt_values /usr/lib/python3/dist-packages/oslo_config/cfg.py:2602
2024-11-04 00:41:38.145 129430 DEBUG oslo_service.service [req-415e06bf-c2c1-485d-b26b-e5604302ccdf - - - - -] logging_debug_format_suffix = %(funcName)s %(pathname)s:%(lineno)d log_opt_values /usr/lib/python3/dist-packages/oslo_config/cfg.py:2602
2024-11-04 00:41:38.146 129430 DEBUG oslo_service.service [req-415e06bf-c2c1-485d-b26b-e5604302ccdf - - - - -] logging_default_format_string = %(asctime)s.%(msecs)03d %(process)d %(levelname)s %(name)s [-] %(instance)s%(message)s log_opt_values /usr/lib/python3/dist-packages/oslo_config/cfg.py:2602
2024-11-04 00:41:38.146 129430 DEBUG oslo_service.service [req-415e06bf-c2c1-485d-b26b-e5604302ccdf - - - - -] logging_exception_prefix = %(asctime)s.%(msecs)03d %(process)d ERROR %(name)s %(instance)s log_opt_values /usr/lib/python3/dist-packages/oslo_config/cfg.py:2602
2024-11-04 00:41:38.146 129430 DEBUG oslo_service.service [req-415e06bf-c2c1-485d-b26b-e5604302ccdf - - - - -] logging_user_identity_format = %(user)s %(project)s %(domain)s %(user_domain)s %(project_domain)s log_opt_values /usr/lib/python3/dist-packages/oslo_config/cfg.py:2602
2024-11-04 00:41:38.146 129430 DEBUG oslo_service.service [req-415e06bf-c2c1-485d-b26b-e5604302ccdf - - - - -] long_rpc_timeout = 1800 log_opt_values /usr/lib/python3/dist-packages/oslo_config/cfg.py:2602
2024-11-04 00:41:38.147 129430 DEBUG oslo_service.service [req-415e06bf-c2c1-485d-b26b-e5604302ccdf - - - - -] max_concurrent_builds = 10 log_opt_values /usr/lib/python3/dist-packages/oslo_config/cfg.py:2602
2024-11-04 00:41:38.147 129430 DEBUG oslo_service.service [req-415e06bf-c2c1-485d-b26b-e5604302ccdf - - - - -] max_concurrent_live_migrations = 1 log_opt_values /usr/lib/python3/dist-packages/oslo_config/cfg.py:2602
2024-11-04 00:41:38.147 129430 DEBUG oslo_service.service [req-415e06bf-c2c1-485d-b26b-e5604302ccdf - - - - -] max_concurrent_snapshots = 5 log_opt_values /usr/lib/python3/dist-packages/oslo_config/cfg.py:2602
2024-11-04 00:41:38.147 129430 DEBUG oslo_service.service [req-415e06bf-c2c1-485d-b26b-e5604302ccdf - - - - -] max_local_block_devices = 3 log_opt_values /usr/lib/python3/dist-packages/oslo_config/cfg.py:2602
2024-11-04 00:41:38.147 129430 DEBUG oslo_service.service [req-415e06bf-c2c1-485d-b26b-e5604302ccdf - - - - -] max_logfile_count = 30 log_opt_values /usr/lib/python3/dist-packages/oslo_config/cfg.py:2602
2024-11-04 00:41:38.147 129430 DEBUG oslo_service.service [req-415e06bf-c2c1-485d-b26b-e5604302ccdf - - - - -] max_logfile_size_mb = 200 log_opt_values /usr/lib/python3/dist-packages/oslo_config/cfg.py:2602
2024-11-04 00:41:38.148 129430 DEBUG oslo_service.service [req-415e06bf-c2c1-485d-b26b-e5604302ccdf - - - - -] maximum_instance_delete_attempts = 5 log_opt_values /usr/lib/python3/dist-packages/oslo_config/cfg.py:2602
2024-11-04 00:41:38.148 129430 DEBUG oslo_service.service [req-415e06bf-c2c1-485d-b26b-e5604302ccdf - - - - -] metadata_listen = 0.0.0.0 log_opt_values /usr/lib/python3/dist-packages/oslo_config/cfg.py:2602
2024-11-04 00:41:38.148 129430 DEBUG oslo_service.service [req-415e06bf-c2c1-485d-b26b-e5604302ccdf - - - - -] metadata_listen_port = 8765 log_opt_values /usr/lib/python3/dist-packages/oslo_config/cfg.py:2602
2024-11-04 00:41:38.148 129430 DEBUG oslo_service.service [req-415e06bf-c2c1-485d-b26b-e5604302ccdf - - - - -] metadata_workers = None log_opt_values /usr/lib/python3/dist-packages/oslo_config/cfg.py:2602
2024-11-04 00:41:38.149 129430 DEBUG oslo_service.service [req-415e06bf-c2c1-485d-b26b-e5604302ccdf - - - - -] migrate_max_retries = -1 log_opt_values /usr/lib/python3/dist-packages/oslo_config/cfg.py:2602
2024-11-04 00:41:38.149 129430 DEBUG oslo_service.service [req-415e06bf-c2c1-485d-b26b-e5604302ccdf - - - - -] mkisofs_cmd = genisoimage log_opt_values /usr/lib/python3/dist-packages/oslo_config/cfg.py:2602
2024-11-04 00:41:38.150 129430 DEBUG oslo_service.service [req-415e06bf-c2c1-485d-b26b-e5604302ccdf - - - - -] my_block_storage_ip = 252.30.220.82 log_opt_values /usr/lib/python3/dist-packages/oslo_config/cfg.py:2602
2024-11-04 00:41:38.150 129430 DEBUG oslo_service.service [req-415e06bf-c2c1-485d-b26b-e5604302ccdf - - - - -] my_ip = 252.30.220.82 log_opt_values /usr/lib/python3/dist-packages/oslo_config/cfg.py:2602
2024-11-04 00:41:38.150 129430 DEBUG oslo_service.service [req-415e06bf-c2c1-485d-b26b-e5604302ccdf - - - - -] network_allocate_retries = 0 log_opt_values /usr/lib/python3/dist-packages/oslo_config/cfg.py:2602
2024-11-04 00:41:38.150 129430 DEBUG oslo_service.service [req-415e06bf-c2c1-485d-b26b-e5604302ccdf - - - - -] non_inheritable_image_properties = ['cache_in_nova', 'bittorrent'] log_opt_values /usr/lib/python3/dist-packages/oslo_config/cfg.py:2602
2024-11-04 00:41:38.150 129430 DEBUG oslo_service.service [req-415e06bf-c2c1-485d-b26b-e5604302ccdf - - - - -] osapi_compute_listen = 0.0.0.0 log_opt_values /usr/lib/python3/dist-packages/oslo_config/cfg.py:2602
2024-11-04 00:41:38.151 129430 DEBUG oslo_service.service [req-415e06bf-c2c1-485d-b26b-e5604302ccdf - - - - -] osapi_compute_listen_port = 8764 log_opt_values /usr/lib/python3/dist-packages/oslo_config/cfg.py:2602
2024-11-04 00:41:38.151 129430 DEBUG oslo_service.service [req-415e06bf-c2c1-485d-b26b-e5604302ccdf - - - - -] osapi_compute_unique_server_name_scope = log_opt_values /usr/lib/python3/dist-packages/oslo_config/cfg.py:2602
2024-11-04 00:41:38.151 129430 DEBUG oslo_service.service [req-415e06bf-c2c1-485d-b26b-e5604302ccdf - - - - -] osapi_compute_workers = 4 log_opt_values /usr/lib/python3/dist-packages/oslo_config/cfg.py:2602
2024-11-04 00:41:38.151 129430 DEBUG oslo_service.service [req-415e06bf-c2c1-485d-b26b-e5604302ccdf - - - - -] password_length = 12 log_opt_values /usr/lib/python3/dist-packages/oslo_config/cfg.py:2602
2024-11-04 00:41:38.151 129430 DEBUG oslo_service.service [req-415e06bf-c2c1-485d-b26b-e5604302ccdf - - - - -] periodic_enable = True log_opt_values /usr/lib/python3/dist-packages/oslo_config/cfg.py:2602
2024-11-04 00:41:38.152 129430 DEBUG oslo_service.service [req-415e06bf-c2c1-485d-b26b-e5604302ccdf - - - - -] periodic_fuzzy_delay = 60 log_opt_values /usr/lib/python3/dist-packages/oslo_config/cfg.py:2602
2024-11-04 00:41:38.152 129430 DEBUG oslo_service.service [req-415e06bf-c2c1-485d-b26b-e5604302ccdf - - - - -] pointer_model = usbtablet log_opt_values /usr/lib/python3/dist-packages/oslo_config/cfg.py:2602
2024-11-04 00:41:38.152 130347 DEBUG oslo_messaging._drivers.amqpdriver [-] Listener is running poll /usr/lib/python3/dist-packages/oslo_messaging/_drivers/amqpdriver.py:343
2024-11-04 00:41:38.152 129430 DEBUG oslo_service.service [req-415e06bf-c2c1-485d-b26b-e5604302ccdf - - - - -] preallocate_images = none log_opt_values /usr/lib/python3/dist-packages/oslo_config/cfg.py:2602
2024-11-04 00:41:38.152 130347 DEBUG oslo_messaging._drivers.amqpdriver [-] AMQPListener connection consume poll /usr/lib/python3/dist-packages/oslo_messaging/_drivers/amqpdriver.py:357
2024-11-04 00:41:38.152 129430 DEBUG oslo_service.service [req-415e06bf-c2c1-485d-b26b-e5604302ccdf - - - - -] publish_errors = False log_opt_values /usr/lib/python3/dist-packages/oslo_config/cfg.py:2602
2024-11-04 00:41:38.153 129430 DEBUG oslo_service.service [req-415e06bf-c2c1-485d-b26b-e5604302ccdf - - - - -] pybasedir = /usr/lib/python3/dist-packages log_opt_values /usr/lib/python3/dist-packages/oslo_config/cfg.py:2602
2024-11-04 00:41:38.153 129430 DEBUG oslo_service.service [req-415e06bf-c2c1-485d-b26b-e5604302ccdf - - - - -] ram_allocation_ratio = 0.98 log_opt_values /usr/lib/python3/dist-packages/oslo_config/cfg.py:2602
2024-11-04 00:41:38.153 129430 DEBUG oslo_service.service [req-415e06bf-c2c1-485d-b26b-e5604302ccdf - - - - -] rate_limit_burst = 0 log_opt_values /usr/lib/python3/dist-packages/oslo_config/cfg.py:2602
2024-11-04 00:41:38.153 130347 DEBUG nova.service [req-b6a68139-b794-4c80-a065-da0ea76b5165 - - - - -] Join ServiceGroup membership for this service scheduler start /usr/lib/python3/dist-packages/nova/service.py:199
2024-11-04 00:41:38.153 129430 DEBUG oslo_service.service [req-415e06bf-c2c1-485d-b26b-e5604302ccdf - - - - -] rate_limit_except_level = CRITICAL log_opt_values /usr/lib/python3/dist-packages/oslo_config/cfg.py:2602
2024-11-04 00:41:38.153 130347 DEBUG nova.servicegroup.drivers.db [req-b6a68139-b794-4c80-a065-da0ea76b5165 - - - - -] DB_Driver: join new ServiceGroup member juju-cee4e9-0-lxd-7 to the scheduler group, service = join /usr/lib/python3/dist-packages/nova/servicegroup/drivers/db.py:44
2024-11-04 00:41:38.153 129430 DEBUG oslo_service.service [req-415e06bf-c2c1-485d-b26b-e5604302ccdf - - - - -] rate_limit_interval = 0 log_opt_values /usr/lib/python3/dist-packages/oslo_config/cfg.py:2602
2024-11-04 00:41:38.154 129430 DEBUG oslo_service.service [req-415e06bf-c2c1-485d-b26b-e5604302ccdf - - - - -] reboot_timeout = 0 log_opt_values /usr/lib/python3/dist-packages/oslo_config/cfg.py:2602
2024-11-04 00:41:38.154 129430 DEBUG oslo_service.service [req-415e06bf-c2c1-485d-b26b-e5604302ccdf - - - - -] reclaim_instance_interval = 0 log_opt_values /usr/lib/python3/dist-packages/oslo_config/cfg.py:2602
2024-11-04 00:41:38.154 129430 DEBUG oslo_service.service [req-415e06bf-c2c1-485d-b26b-e5604302ccdf - - - - -] record = None log_opt_values /usr/lib/python3/dist-packages/oslo_config/cfg.py:2602
2024-11-04 00:41:38.154 129430 DEBUG oslo_service.service [req-415e06bf-c2c1-485d-b26b-e5604302ccdf - - - - -] report_interval = 10 log_opt_values /usr/lib/python3/dist-packages/oslo_config/cfg.py:2602
2024-11-04 00:41:38.154 129430 DEBUG oslo_service.service [req-415e06bf-c2c1-485d-b26b-e5604302ccdf - - - - -] rescue_timeout = 0 log_opt_values /usr/lib/python3/dist-packages/oslo_config/cfg.py:2602
2024-11-04 00:41:38.155 129430 DEBUG oslo_service.service [req-415e06bf-c2c1-485d-b26b-e5604302ccdf - - - - -] reserved_host_cpus = 0 log_opt_values /usr/lib/python3/dist-packages/oslo_config/cfg.py:2602
2024-11-04 00:41:38.155 129430 DEBUG oslo_service.service [req-415e06bf-c2c1-485d-b26b-e5604302ccdf - - - - -] reserved_host_disk_mb = 0 log_opt_values /usr/lib/python3/dist-packages/oslo_config/cfg.py:2602
2024-11-04 00:41:38.155 129430 DEBUG oslo_service.service [req-415e06bf-c2c1-485d-b26b-e5604302ccdf - - - - -] reserved_host_memory_mb = 512 log_opt_values /usr/lib/python3/dist-packages/oslo_config/cfg.py:2602
2024-11-04 00:41:38.155 129430 DEBUG oslo_service.service [req-415e06bf-c2c1-485d-b26b-e5604302ccdf - - - - -] reserved_huge_pages = None log_opt_values /usr/lib/python3/dist-packages/oslo_config/cfg.py:2602
2024-11-04 00:41:38.156 129430 DEBUG oslo_service.service [req-415e06bf-c2c1-485d-b26b-e5604302ccdf - - - - -] resize_confirm_window = 0 log_opt_values /usr/lib/python3/dist-packages/oslo_config/cfg.py:2602
2024-11-04 00:41:38.156 130347 DEBUG oslo_messaging._drivers.amqpdriver [-] AMQPListener connection timeout poll /usr/lib/python3/dist-packages/oslo_messaging/_drivers/amqpdriver.py:360
2024-11-04 00:41:38.156 129430 DEBUG oslo_service.service [req-415e06bf-c2c1-485d-b26b-e5604302ccdf - - - - -] resize_fs_using_block_device = False log_opt_values /usr/lib/python3/dist-packages/oslo_config/cfg.py:2602
2024-11-04 00:41:38.156 130347 DEBUG oslo_messaging._drivers.amqpdriver [-] Listener is running poll /usr/lib/python3/dist-packages/oslo_messaging/_drivers/amqpdriver.py:343
2024-11-04 00:41:38.156 130347 DEBUG oslo_messaging._drivers.amqpdriver [-] AMQPListener connection consume poll /usr/lib/python3/dist-packages/oslo_messaging/_drivers/amqpdriver.py:357
2024-11-04 00:41:38.156 129430 DEBUG oslo_service.service [req-415e06bf-c2c1-485d-b26b-e5604302ccdf - - - - -] resume_guests_state_on_host_boot = False log_opt_values /usr/lib/python3/dist-packages/oslo_config/cfg.py:2602
2024-11-04 00:41:38.157 129430 DEBUG oslo_service.service [req-415e06bf-c2c1-485d-b26b-e5604302ccdf - - - - -] rootwrap_config = /etc/nova/rootwrap.conf log_opt_values /usr/lib/python3/dist-packages/oslo_config/cfg.py:2602
2024-11-04 00:41:38.157 129430 DEBUG oslo_service.service [req-415e06bf-c2c1-485d-b26b-e5604302ccdf - - - - -] run_external_periodic_tasks = True log_opt_values /usr/lib/python3/dist-packages/oslo_config/cfg.py:2602
2024-11-04 00:41:38.157 129430 DEBUG oslo_service.service [req-415e06bf-c2c1-485d-b26b-e5604302ccdf - - - - -] running_deleted_instance_action = reap log_opt_values /usr/lib/python3/dist-packages/oslo_config/cfg.py:2602
2024-11-04 00:41:38.158 129430 DEBUG oslo_service.service [req-415e06bf-c2c1-485d-b26b-e5604302ccdf - - - - -] running_deleted_instance_poll_interval = 1800 log_opt_values /usr/lib/python3/dist-packages/oslo_config/cfg.py:2602
2024-11-04 00:41:38.158 129430 DEBUG oslo_service.service [req-415e06bf-c2c1-485d-b26b-e5604302ccdf - - - - -] running_deleted_instance_timeout = 0 log_opt_values /usr/lib/python3/dist-packages/oslo_config/cfg.py:2602
2024-11-04 00:41:38.158 129430 DEBUG oslo_service.service [req-415e06bf-c2c1-485d-b26b-e5604302ccdf - - - - -] scheduler_instance_sync_interval = 120 log_opt_values /usr/lib/python3/dist-packages/oslo_config/cfg.py:2602
2024-11-04 00:41:38.158 129430 DEBUG oslo_service.service [req-415e06bf-c2c1-485d-b26b-e5604302ccdf - - - - -] service_down_time = 60 log_opt_values /usr/lib/python3/dist-packages/oslo_config/cfg.py:2602
2024-11-04 00:41:38.159 129430 DEBUG oslo_service.service [req-415e06bf-c2c1-485d-b26b-e5604302ccdf - - - - -] servicegroup_driver = db log_opt_values /usr/lib/python3/dist-packages/oslo_config/cfg.py:2602
2024-11-04 00:41:38.159 129430 DEBUG oslo_service.service [req-415e06bf-c2c1-485d-b26b-e5604302ccdf - - - - -] shelved_offload_time = 0 log_opt_values /usr/lib/python3/dist-packages/oslo_config/cfg.py:2602
2024-11-04 00:41:38.159 129430 DEBUG oslo_service.service [req-415e06bf-c2c1-485d-b26b-e5604302ccdf - - - - -] shelved_poll_interval = 3600 log_opt_values /usr/lib/python3/dist-packages/oslo_config/cfg.py:2602
2024-11-04 00:41:38.159 129430 DEBUG oslo_service.service [req-415e06bf-c2c1-485d-b26b-e5604302ccdf - - - - -] shutdown_timeout = 60 log_opt_values /usr/lib/python3/dist-packages/oslo_config/cfg.py:2602
2024-11-04 00:41:38.160 129430 DEBUG oslo_service.service [req-415e06bf-c2c1-485d-b26b-e5604302ccdf - - - - -] source_is_ipv6 = False log_opt_values /usr/lib/python3/dist-packages/oslo_config/cfg.py:2602
2024-11-04 00:41:38.160 129430 DEBUG oslo_service.service [req-415e06bf-c2c1-485d-b26b-e5604302ccdf - - - - -] ssl_only = False log_opt_values /usr/lib/python3/dist-packages/oslo_config/cfg.py:2602
2024-11-04 00:41:38.160 129430 DEBUG oslo_service.service [req-415e06bf-c2c1-485d-b26b-e5604302ccdf - - - - -] state_path = /var/lib/nova log_opt_values /usr/lib/python3/dist-packages/oslo_config/cfg.py:2602
2024-11-04 00:41:38.160 130354 DEBUG nova.service [req-404fa82c-79c9-4c56-9cb0-99e2b903c125 - - - - -] Creating RPC server for service scheduler start /usr/lib/python3/dist-packages/nova/service.py:182
2024-11-04 00:41:38.160 129430 DEBUG oslo_service.service [req-415e06bf-c2c1-485d-b26b-e5604302ccdf - - - - -] sync_power_state_interval = 600 log_opt_values /usr/lib/python3/dist-packages/oslo_config/cfg.py:2602
2024-11-04 00:41:38.160 129430 DEBUG oslo_service.service [req-415e06bf-c2c1-485d-b26b-e5604302ccdf - - - - -] sync_power_state_pool_size = 1000 log_opt_values /usr/lib/python3/dist-packages/oslo_config/cfg.py:2602
2024-11-04 00:41:38.161 129430 DEBUG oslo_service.service [req-415e06bf-c2c1-485d-b26b-e5604302ccdf - - - - -] syslog_log_facility = LOG_USER log_opt_values /usr/lib/python3/dist-packages/oslo_config/cfg.py:2602
2024-11-04 00:41:38.162 129430 DEBUG oslo_service.service [req-415e06bf-c2c1-485d-b26b-e5604302ccdf - - - - -] tempdir = None log_opt_values /usr/lib/python3/dist-packages/oslo_config/cfg.py:2602
2024-11-04 00:41:38.163 129430 DEBUG oslo_service.service [req-415e06bf-c2c1-485d-b26b-e5604302ccdf - - - - -] timeout_nbd = 10 log_opt_values /usr/lib/python3/dist-packages/oslo_config/cfg.py:2602
2024-11-04 00:41:38.163 129430 DEBUG oslo_service.service [req-415e06bf-c2c1-485d-b26b-e5604302ccdf - - - - -] transport_url = **** log_opt_values /usr/lib/python3/dist-packages/oslo_config/cfg.py:2602
2024-11-04 00:41:38.164 129430 DEBUG oslo_service.service [req-415e06bf-c2c1-485d-b26b-e5604302ccdf - - - - -] update_resources_interval = 0 log_opt_values /usr/lib/python3/dist-packages/oslo_config/cfg.py:2602
2024-11-04 00:41:38.164 129430 DEBUG oslo_service.service [req-415e06bf-c2c1-485d-b26b-e5604302ccdf - - - - -] use_cow_images = True log_opt_values /usr/lib/python3/dist-packages/oslo_config/cfg.py:2602
2024-11-04 00:41:38.164 129430 DEBUG oslo_service.service [req-415e06bf-c2c1-485d-b26b-e5604302ccdf - - - - -] use_eventlog = False log_opt_values /usr/lib/python3/dist-packages/oslo_config/cfg.py:2602
2024-11-04 00:41:38.165 129430 DEBUG oslo_service.service [req-415e06bf-c2c1-485d-b26b-e5604302ccdf - - - - -] use_journal = False log_opt_values /usr/lib/python3/dist-packages/oslo_config/cfg.py:2602
2024-11-04 00:41:38.165 129430 DEBUG oslo_service.service [req-415e06bf-c2c1-485d-b26b-e5604302ccdf - - - - -] use_json = False log_opt_values /usr/lib/python3/dist-packages/oslo_config/cfg.py:2602
2024-11-04 00:41:38.165 129430 DEBUG oslo_service.service [req-415e06bf-c2c1-485d-b26b-e5604302ccdf - - - - -] use_rootwrap_daemon = False log_opt_values /usr/lib/python3/dist-packages/oslo_config/cfg.py:2602
2024-11-04 00:41:38.165 129430 DEBUG oslo_service.service [req-415e06bf-c2c1-485d-b26b-e5604302ccdf - - - - -] use_stderr = False log_opt_values /usr/lib/python3/dist-packages/oslo_config/cfg.py:2602
2024-11-04 00:41:38.166 129430 DEBUG oslo_service.service [req-415e06bf-c2c1-485d-b26b-e5604302ccdf - - - - -] use_syslog = False log_opt_values /usr/lib/python3/dist-packages/oslo_config/cfg.py:2602
2024-11-04 00:41:38.167 129430 DEBUG oslo_service.service [req-415e06bf-c2c1-485d-b26b-e5604302ccdf - - - - -] vcpu_pin_set = None log_opt_values /usr/lib/python3/dist-packages/oslo_config/cfg.py:2602
2024-11-04 00:41:38.167 129430 DEBUG oslo_service.service [req-415e06bf-c2c1-485d-b26b-e5604302ccdf - - - - -] vif_plugging_is_fatal = True log_opt_values /usr/lib/python3/dist-packages/oslo_config/cfg.py:2602
2024-11-04 00:41:38.167 129430 DEBUG oslo_service.service [req-415e06bf-c2c1-485d-b26b-e5604302ccdf - - - - -] vif_plugging_timeout = 300 log_opt_values /usr/lib/python3/dist-packages/oslo_config/cfg.py:2602
2024-11-04 00:41:38.167 129430 DEBUG oslo_service.service [req-415e06bf-c2c1-485d-b26b-e5604302ccdf - - - - -] virt_mkfs = [] log_opt_values /usr/lib/python3/dist-packages/oslo_config/cfg.py:2602
2024-11-04 00:41:38.168 129430 DEBUG oslo_service.service [req-415e06bf-c2c1-485d-b26b-e5604302ccdf - - - - -] volume_usage_poll_interval = 0 log_opt_values /usr/lib/python3/dist-packages/oslo_config/cfg.py:2602
2024-11-04 00:41:38.168 129430 DEBUG oslo_service.service [req-415e06bf-c2c1-485d-b26b-e5604302ccdf - - - - -] watch_log_file = False log_opt_values /usr/lib/python3/dist-packages/oslo_config/cfg.py:2602
2024-11-04 00:41:38.168 129430 DEBUG oslo_service.service [req-415e06bf-c2c1-485d-b26b-e5604302ccdf - - - - -] web = /usr/share/spice-html5 log_opt_values /usr/lib/python3/dist-packages/oslo_config/cfg.py:2602
2024-11-04 00:41:38.168 129430 DEBUG oslo_service.service [req-415e06bf-c2c1-485d-b26b-e5604302ccdf - - - - -] oslo_concurrency.disable_process_locking = False log_opt_values /usr/lib/python3/dist-packages/oslo_config/cfg.py:2609
2024-11-04 00:41:38.169 129430 DEBUG oslo_service.service [req-415e06bf-c2c1-485d-b26b-e5604302ccdf - - - - -] oslo_concurrency.lock_path = /var/lock/nova log_opt_values /usr/lib/python3/dist-packages/oslo_config/cfg.py:2609
2024-11-04 00:41:38.169 129430 WARNING oslo_config.cfg [req-415e06bf-c2c1-485d-b26b-e5604302ccdf - - - - -] Deprecated: Option "auth_strategy" from group "api" is deprecated for removal ( The only non-default choice, ``noauth2``, is for internal development and testing purposes only and should not be used in deployments. This option and its middleware, NoAuthMiddleware[V2_18], will be removed in a future release. ). Its value may be silently ignored in the future.
2024-11-04 00:41:38.169 129430 DEBUG oslo_service.service [req-415e06bf-c2c1-485d-b26b-e5604302ccdf - - - - -] api.auth_strategy = keystone log_opt_values /usr/lib/python3/dist-packages/oslo_config/cfg.py:2609
2024-11-04 00:41:38.170 129430 DEBUG oslo_service.service [req-415e06bf-c2c1-485d-b26b-e5604302ccdf - - - - -] api.compute_link_prefix = None log_opt_values /usr/lib/python3/dist-packages/oslo_config/cfg.py:2609
2024-11-04 00:41:38.170 129430 DEBUG oslo_service.service [req-415e06bf-c2c1-485d-b26b-e5604302ccdf - - - - -] api.config_drive_skip_versions = 1.0 2007-01-19 2007-03-01 2007-08-29 2007-10-10 2007-12-15 2008-02-01 2008-09-01 log_opt_values /usr/lib/python3/dist-packages/oslo_config/cfg.py:2609
2024-11-04 00:41:38.170 129430 DEBUG oslo_service.service [req-415e06bf-c2c1-485d-b26b-e5604302ccdf - - - - -] api.dhcp_domain = novalocal log_opt_values /usr/lib/python3/dist-packages/oslo_config/cfg.py:2609
2024-11-04 00:41:38.170 129430 DEBUG oslo_service.service [req-415e06bf-c2c1-485d-b26b-e5604302ccdf - - - - -] api.enable_instance_password = True log_opt_values /usr/lib/python3/dist-packages/oslo_config/cfg.py:2609
2024-11-04 00:41:38.171 129430 DEBUG oslo_service.service [req-415e06bf-c2c1-485d-b26b-e5604302ccdf - - - - -] api.glance_link_prefix = None log_opt_values /usr/lib/python3/dist-packages/oslo_config/cfg.py:2609
2024-11-04 00:41:38.171 129430 DEBUG oslo_service.service [req-415e06bf-c2c1-485d-b26b-e5604302ccdf - - - - -] api.instance_list_cells_batch_fixed_size = 100 log_opt_values /usr/lib/python3/dist-packages/oslo_config/cfg.py:2609
2024-11-04 00:41:38.171 129430 DEBUG oslo_service.service [req-415e06bf-c2c1-485d-b26b-e5604302ccdf - - - - -] api.instance_list_cells_batch_strategy = distributed log_opt_values /usr/lib/python3/dist-packages/oslo_config/cfg.py:2609
2024-11-04 00:41:38.171 129430 DEBUG oslo_service.service [req-415e06bf-c2c1-485d-b26b-e5604302ccdf - - - - -] api.instance_list_per_project_cells = False log_opt_values /usr/lib/python3/dist-packages/oslo_config/cfg.py:2609
2024-11-04 00:41:38.172 129430 DEBUG oslo_service.service [req-415e06bf-c2c1-485d-b26b-e5604302ccdf - - - - -] api.list_records_by_skipping_down_cells = True log_opt_values /usr/lib/python3/dist-packages/oslo_config/cfg.py:2609
2024-11-04 00:41:38.172 129430 DEBUG oslo_service.service [req-415e06bf-c2c1-485d-b26b-e5604302ccdf - - - - -] api.local_metadata_per_cell = False log_opt_values /usr/lib/python3/dist-packages/oslo_config/cfg.py:2609
2024-11-04 00:41:38.172 129430 DEBUG oslo_service.service [req-415e06bf-c2c1-485d-b26b-e5604302ccdf - - - - -] api.max_limit = 1000 log_opt_values /usr/lib/python3/dist-packages/oslo_config/cfg.py:2609
2024-11-04 00:41:38.172 129430 DEBUG oslo_service.service [req-415e06bf-c2c1-485d-b26b-e5604302ccdf - - - - -] api.metadata_cache_expiration = 15 log_opt_values /usr/lib/python3/dist-packages/oslo_config/cfg.py:2609
2024-11-04 00:41:38.173 129430 DEBUG oslo_service.service [req-415e06bf-c2c1-485d-b26b-e5604302ccdf - - - - -] api.neutron_default_tenant_id = default log_opt_values /usr/lib/python3/dist-packages/oslo_config/cfg.py:2609
2024-11-04 00:41:38.173 129430 DEBUG oslo_service.service [req-415e06bf-c2c1-485d-b26b-e5604302ccdf - - - - -] api.use_forwarded_for = False log_opt_values /usr/lib/python3/dist-packages/oslo_config/cfg.py:2609
2024-11-04 00:41:38.174 129430 DEBUG oslo_service.service [req-415e06bf-c2c1-485d-b26b-e5604302ccdf - - - - -] api.use_neutron_default_nets = False log_opt_values /usr/lib/python3/dist-packages/oslo_config/cfg.py:2609
2024-11-04 00:41:38.174 129430 DEBUG oslo_service.service [req-415e06bf-c2c1-485d-b26b-e5604302ccdf - - - - -] api.vendordata_dynamic_connect_timeout = 5 log_opt_values /usr/lib/python3/dist-packages/oslo_config/cfg.py:2609
2024-11-04 00:41:38.174 129430 DEBUG oslo_service.service [req-415e06bf-c2c1-485d-b26b-e5604302ccdf - - - - -] api.vendordata_dynamic_failure_fatal = False log_opt_values /usr/lib/python3/dist-packages/oslo_config/cfg.py:2609
2024-11-04 00:41:38.175 129430 DEBUG oslo_service.service [req-415e06bf-c2c1-485d-b26b-e5604302ccdf - - - - -] api.vendordata_dynamic_read_timeout = 5 log_opt_values /usr/lib/python3/dist-packages/oslo_config/cfg.py:2609
2024-11-04 00:41:38.175 129430 DEBUG oslo_service.service [req-415e06bf-c2c1-485d-b26b-e5604302ccdf - - - - -] api.vendordata_dynamic_ssl_certfile = log_opt_values /usr/lib/python3/dist-packages/oslo_config/cfg.py:2609
2024-11-04 00:41:38.175 129430 DEBUG oslo_service.service [req-415e06bf-c2c1-485d-b26b-e5604302ccdf - - - - -] api.vendordata_dynamic_targets = [] log_opt_values /usr/lib/python3/dist-packages/oslo_config/cfg.py:2609
2024-11-04 00:41:38.175 129430 DEBUG oslo_service.service [req-415e06bf-c2c1-485d-b26b-e5604302ccdf - - - - -] api.vendordata_jsonfile_path = None log_opt_values /usr/lib/python3/dist-packages/oslo_config/cfg.py:2609
2024-11-04 00:41:38.175 129430 DEBUG oslo_service.service [req-415e06bf-c2c1-485d-b26b-e5604302ccdf - - - - -] api.vendordata_providers = ['StaticJSON'] log_opt_values /usr/lib/python3/dist-packages/oslo_config/cfg.py:2609
2024-11-04 00:41:38.176 129430 DEBUG oslo_service.service [req-415e06bf-c2c1-485d-b26b-e5604302ccdf - - - - -] cache.backend = dogpile.cache.null log_opt_values /usr/lib/python3/dist-packages/oslo_config/cfg.py:2609
2024-11-04 00:41:38.176 129430 DEBUG oslo_service.service [req-415e06bf-c2c1-485d-b26b-e5604302ccdf - - - - -] cache.backend_argument = **** log_opt_values /usr/lib/python3/dist-packages/oslo_config/cfg.py:2609
2024-11-04 00:41:38.176 129430 DEBUG oslo_service.service [req-415e06bf-c2c1-485d-b26b-e5604302ccdf - - - - -] cache.config_prefix = cache.oslo log_opt_values /usr/lib/python3/dist-packages/oslo_config/cfg.py:2609
2024-11-04 00:41:38.176 129430 DEBUG oslo_service.service [req-415e06bf-c2c1-485d-b26b-e5604302ccdf - - - - -] cache.debug_cache_backend = False log_opt_values /usr/lib/python3/dist-packages/oslo_config/cfg.py:2609
2024-11-04 00:41:38.176 129430 DEBUG oslo_service.service [req-415e06bf-c2c1-485d-b26b-e5604302ccdf - - - - -] cache.enabled = False log_opt_values /usr/lib/python3/dist-packages/oslo_config/cfg.py:2609
2024-11-04 00:41:38.177 129430 DEBUG oslo_service.service [req-415e06bf-c2c1-485d-b26b-e5604302ccdf - - - - -] cache.expiration_time = 600 log_opt_values /usr/lib/python3/dist-packages/oslo_config/cfg.py:2609
2024-11-04 00:41:38.177 129430 DEBUG oslo_service.service [req-415e06bf-c2c1-485d-b26b-e5604302ccdf - - - - -] cache.memcache_dead_retry = 300 log_opt_values /usr/lib/python3/dist-packages/oslo_config/cfg.py:2609
2024-11-04 00:41:38.177 130348 DEBUG oslo_messaging._drivers.amqpdriver [-] Listener is running poll /usr/lib/python3/dist-packages/oslo_messaging/_drivers/amqpdriver.py:343
2024-11-04 00:41:38.177 129430 DEBUG oslo_service.service [req-415e06bf-c2c1-485d-b26b-e5604302ccdf - - - - -] cache.memcache_pool_connection_get_timeout = 10 log_opt_values /usr/lib/python3/dist-packages/oslo_config/cfg.py:2609
2024-11-04 00:41:38.178 129430 DEBUG oslo_service.service [req-415e06bf-c2c1-485d-b26b-e5604302ccdf - - - - -] cache.memcache_pool_flush_on_reconnect = False log_opt_values /usr/lib/python3/dist-packages/oslo_config/cfg.py:2609
2024-11-04 00:41:38.178 130348 DEBUG oslo_messaging._drivers.amqpdriver [-] AMQPListener connection consume poll /usr/lib/python3/dist-packages/oslo_messaging/_drivers/amqpdriver.py:357
2024-11-04 00:41:38.178 129430 DEBUG oslo_service.service [req-415e06bf-c2c1-485d-b26b-e5604302ccdf - - - - -] cache.memcache_pool_maxsize = 10 log_opt_values /usr/lib/python3/dist-packages/oslo_config/cfg.py:2609
2024-11-04 00:41:38.178 129430 DEBUG oslo_service.service [req-415e06bf-c2c1-485d-b26b-e5604302ccdf - - - - -] cache.memcache_pool_unused_timeout = 60 log_opt_values /usr/lib/python3/dist-packages/oslo_config/cfg.py:2609
2024-11-04 00:41:38.179 129430 DEBUG oslo_service.service [req-415e06bf-c2c1-485d-b26b-e5604302ccdf - - - - -] cache.memcache_servers = ['localhost:11211'] log_opt_values /usr/lib/python3/dist-packages/oslo_config/cfg.py:2609
2024-11-04 00:41:38.179 129430 DEBUG oslo_service.service [req-415e06bf-c2c1-485d-b26b-e5604302ccdf - - - - -] cache.memcache_socket_timeout = 1.0 log_opt_values /usr/lib/python3/dist-packages/oslo_config/cfg.py:2609
2024-11-04 00:41:38.179 129430 DEBUG oslo_service.service [req-415e06bf-c2c1-485d-b26b-e5604302ccdf - - - - -] cache.proxies = [] log_opt_values /usr/lib/python3/dist-packages/oslo_config/cfg.py:2609
2024-11-04 00:41:38.180 130348 DEBUG nova.service [req-df64a581-7dc5-4fbc-ae31-32bcbda2d9b0 - - - - -] Join ServiceGroup membership for this service scheduler start /usr/lib/python3/dist-packages/nova/service.py:199
2024-11-04 00:41:38.181 129430 DEBUG oslo_service.service [req-415e06bf-c2c1-485d-b26b-e5604302ccdf - - - - -] cache.tls_allowed_ciphers = None log_opt_values /usr/lib/python3/dist-packages/oslo_config/cfg.py:2609
2024-11-04 00:41:38.181 130348 DEBUG nova.servicegroup.drivers.db [req-df64a581-7dc5-4fbc-ae31-32bcbda2d9b0 - - - - -] DB_Driver: join new ServiceGroup member juju-cee4e9-0-lxd-7 to the scheduler group, service = join /usr/lib/python3/dist-packages/nova/servicegroup/drivers/db.py:44
2024-11-04 00:41:38.181 129430 DEBUG oslo_service.service [req-415e06bf-c2c1-485d-b26b-e5604302ccdf - - - - -] cache.tls_cafile = None log_opt_values /usr/lib/python3/dist-packages/oslo_config/cfg.py:2609
2024-11-04 00:41:38.181 129430 DEBUG oslo_service.service [req-415e06bf-c2c1-485d-b26b-e5604302ccdf - - - - -] cache.tls_certfile = None log_opt_values /usr/lib/python3/dist-packages/oslo_config/cfg.py:2609
2024-11-04 00:41:38.181 129430 DEBUG oslo_service.service [req-415e06bf-c2c1-485d-b26b-e5604302ccdf - - - - -] cache.tls_enabled = False log_opt_values /usr/lib/python3/dist-packages/oslo_config/cfg.py:2609
2024-11-04 00:41:38.181 130348 DEBUG oslo_messaging._drivers.amqpdriver [-] AMQPListener connection timeout poll /usr/lib/python3/dist-packages/oslo_messaging/_drivers/amqpdriver.py:360
2024-11-04 00:41:38.181 129430 DEBUG oslo_service.service [req-415e06bf-c2c1-485d-b26b-e5604302ccdf - - - - -] cache.tls_keyfile = None log_opt_values /usr/lib/python3/dist-packages/oslo_config/cfg.py:2609
2024-11-04 00:41:38.181 130348 DEBUG oslo_messaging._drivers.amqpdriver [-] Listener is running poll /usr/lib/python3/dist-packages/oslo_messaging/_drivers/amqpdriver.py:343
2024-11-04 00:41:38.182 130348 DEBUG oslo_messaging._drivers.amqpdriver [-] AMQPListener connection consume poll /usr/lib/python3/dist-packages/oslo_messaging/_drivers/amqpdriver.py:357
2024-11-04 00:41:38.182 129430 DEBUG oslo_service.service [req-415e06bf-c2c1-485d-b26b-e5604302ccdf - - - - -] cinder.auth_section = None log_opt_values /usr/lib/python3/dist-packages/oslo_config/cfg.py:2609
2024-11-04 00:41:38.182 129430 DEBUG oslo_service.service [req-415e06bf-c2c1-485d-b26b-e5604302ccdf - - - - -] cinder.auth_type = None log_opt_values /usr/lib/python3/dist-packages/oslo_config/cfg.py:2609
2024-11-04 00:41:38.182 129430 DEBUG oslo_service.service [req-415e06bf-c2c1-485d-b26b-e5604302ccdf - - - - -] cinder.cafile = None log_opt_values /usr/lib/python3/dist-packages/oslo_config/cfg.py:2609
2024-11-04 00:41:38.182 129430 DEBUG oslo_service.service [req-415e06bf-c2c1-485d-b26b-e5604302ccdf - - - - -] cinder.catalog_info = volumev3::publicURL log_opt_values /usr/lib/python3/dist-packages/oslo_config/cfg.py:2609
2024-11-04 00:41:38.182 129430 DEBUG oslo_service.service [req-415e06bf-c2c1-485d-b26b-e5604302ccdf - - - - -] cinder.certfile = None log_opt_values /usr/lib/python3/dist-packages/oslo_config/cfg.py:2609
2024-11-04 00:41:38.183 129430 DEBUG oslo_service.service [req-415e06bf-c2c1-485d-b26b-e5604302ccdf - - - - -] cinder.collect_timing = False log_opt_values /usr/lib/python3/dist-packages/oslo_config/cfg.py:2609
2024-11-04 00:41:38.184 129430 DEBUG oslo_service.service [req-415e06bf-c2c1-485d-b26b-e5604302ccdf - - - - -] cinder.cross_az_attach = True log_opt_values /usr/lib/python3/dist-packages/oslo_config/cfg.py:2609
2024-11-04 00:41:38.184 129430 DEBUG oslo_service.service [req-415e06bf-c2c1-485d-b26b-e5604302ccdf - - - - -] cinder.debug = False log_opt_values /usr/lib/python3/dist-packages/oslo_config/cfg.py:2609
2024-11-04 00:41:38.184 129430 DEBUG oslo_service.service [req-415e06bf-c2c1-485d-b26b-e5604302ccdf - - - - -] cinder.endpoint_template = None log_opt_values /usr/lib/python3/dist-packages/oslo_config/cfg.py:2609
2024-11-04 00:41:38.184 129430 DEBUG oslo_service.service [req-415e06bf-c2c1-485d-b26b-e5604302ccdf - - - - -] cinder.http_retries = 3 log_opt_values /usr/lib/python3/dist-packages/oslo_config/cfg.py:2609
2024-11-04 00:41:38.185 129430 DEBUG oslo_service.service [req-415e06bf-c2c1-485d-b26b-e5604302ccdf - - - - -] cinder.insecure = False log_opt_values /usr/lib/python3/dist-packages/oslo_config/cfg.py:2609
2024-11-04 00:41:38.185 129430 DEBUG oslo_service.service [req-415e06bf-c2c1-485d-b26b-e5604302ccdf - - - - -] cinder.keyfile = None log_opt_values /usr/lib/python3/dist-packages/oslo_config/cfg.py:2609
2024-11-04 00:41:38.185 129430 DEBUG oslo_service.service [req-415e06bf-c2c1-485d-b26b-e5604302ccdf - - - - -] cinder.os_region_name = None log_opt_values /usr/lib/python3/dist-packages/oslo_config/cfg.py:2609
2024-11-04 00:41:38.185 129430 DEBUG oslo_service.service [req-415e06bf-c2c1-485d-b26b-e5604302ccdf - - - - -] cinder.split_loggers = False log_opt_values /usr/lib/python3/dist-packages/oslo_config/cfg.py:2609
2024-11-04 00:41:38.186 129430 DEBUG oslo_service.service [req-415e06bf-c2c1-485d-b26b-e5604302ccdf - - - - -] cinder.timeout = None log_opt_values /usr/lib/python3/dist-packages/oslo_config/cfg.py:2609
2024-11-04 00:41:38.186 129430 DEBUG oslo_service.service [req-415e06bf-c2c1-485d-b26b-e5604302ccdf - - - - -] compute.consecutive_build_service_disable_threshold = 10 log_opt_values /usr/lib/python3/dist-packages/oslo_config/cfg.py:2609
2024-11-04 00:41:38.186 129430 DEBUG oslo_service.service [req-415e06bf-c2c1-485d-b26b-e5604302ccdf - - - - -] compute.cpu_dedicated_set = None log_opt_values /usr/lib/python3/dist-packages/oslo_config/cfg.py:2609
2024-11-04 00:41:38.186 129430 DEBUG oslo_service.service [req-415e06bf-c2c1-485d-b26b-e5604302ccdf - - - - -] compute.cpu_shared_set = None log_opt_values /usr/lib/python3/dist-packages/oslo_config/cfg.py:2609
2024-11-04 00:41:38.188 129430 DEBUG oslo_service.service [req-415e06bf-c2c1-485d-b26b-e5604302ccdf - - - - -] compute.image_type_exclude_list = [] log_opt_values /usr/lib/python3/dist-packages/oslo_config/cfg.py:2609
2024-11-04 00:41:38.188 129430 DEBUG oslo_service.service [req-415e06bf-c2c1-485d-b26b-e5604302ccdf - - - - -] compute.live_migration_wait_for_vif_plug = True log_opt_values /usr/lib/python3/dist-packages/oslo_config/cfg.py:2609
2024-11-04 00:41:38.189 129430 DEBUG oslo_service.service [req-415e06bf-c2c1-485d-b26b-e5604302ccdf - - - - -] compute.max_concurrent_disk_ops = 0 log_opt_values /usr/lib/python3/dist-packages/oslo_config/cfg.py:2609
2024-11-04 00:41:38.190 129430 DEBUG oslo_service.service [req-415e06bf-c2c1-485d-b26b-e5604302ccdf - - - - -] compute.max_disk_devices_to_attach = -1 log_opt_values /usr/lib/python3/dist-packages/oslo_config/cfg.py:2609
2024-11-04 00:41:38.190 129430 DEBUG oslo_service.service [req-415e06bf-c2c1-485d-b26b-e5604302ccdf - - - - -] compute.packing_host_numa_cells_allocation_strategy = True log_opt_values /usr/lib/python3/dist-packages/oslo_config/cfg.py:2609
2024-11-04 00:41:38.190 130354 DEBUG oslo_messaging._drivers.amqpdriver [-] Listener is running poll /usr/lib/python3/dist-packages/oslo_messaging/_drivers/amqpdriver.py:343
2024-11-04 00:41:38.191 129430 DEBUG oslo_service.service [req-415e06bf-c2c1-485d-b26b-e5604302ccdf - - - - -] compute.provider_config_location = /etc/nova/provider_config/ log_opt_values /usr/lib/python3/dist-packages/oslo_config/cfg.py:2609
2024-11-04 00:41:38.191 130354 DEBUG oslo_messaging._drivers.amqpdriver [-] AMQPListener connection consume poll /usr/lib/python3/dist-packages/oslo_messaging/_drivers/amqpdriver.py:357
2024-11-04 00:41:38.191 129430 DEBUG oslo_service.service [req-415e06bf-c2c1-485d-b26b-e5604302ccdf - - - - -] compute.resource_provider_association_refresh = 300 log_opt_values /usr/lib/python3/dist-packages/oslo_config/cfg.py:2609
2024-11-04 00:41:38.191 129430 DEBUG oslo_service.service [req-415e06bf-c2c1-485d-b26b-e5604302ccdf - - - - -] compute.shutdown_retry_interval = 10 log_opt_values /usr/lib/python3/dist-packages/oslo_config/cfg.py:2609
2024-11-04 00:41:38.191 129430 DEBUG oslo_service.service [req-415e06bf-c2c1-485d-b26b-e5604302ccdf - - - - -] compute.vmdk_allowed_types = ['streamOptimized', 'monolithicSparse'] log_opt_values /usr/lib/python3/dist-packages/oslo_config/cfg.py:2609
2024-11-04 00:41:38.191 130354 DEBUG nova.service [req-404fa82c-79c9-4c56-9cb0-99e2b903c125 - - - - -] Join ServiceGroup membership for this service scheduler start /usr/lib/python3/dist-packages/nova/service.py:199
2024-11-04 00:41:38.192 130354 DEBUG nova.servicegroup.drivers.db [req-404fa82c-79c9-4c56-9cb0-99e2b903c125 - - - - -] DB_Driver: join new ServiceGroup member juju-cee4e9-0-lxd-7 to the scheduler group, service = join /usr/lib/python3/dist-packages/nova/servicegroup/drivers/db.py:44
2024-11-04 00:41:38.192 129430 DEBUG oslo_service.service [req-415e06bf-c2c1-485d-b26b-e5604302ccdf - - - - -] conductor.workers = 4 log_opt_values /usr/lib/python3/dist-packages/oslo_config/cfg.py:2609
2024-11-04 00:41:38.192 129430 DEBUG oslo_service.service [req-415e06bf-c2c1-485d-b26b-e5604302ccdf - - - - -] console.allowed_origins = [] log_opt_values /usr/lib/python3/dist-packages/oslo_config/cfg.py:2609
2024-11-04 00:41:38.192 129430 DEBUG oslo_service.service [req-415e06bf-c2c1-485d-b26b-e5604302ccdf - - - - -] console.ssl_ciphers = None log_opt_values /usr/lib/python3/dist-packages/oslo_config/cfg.py:2609
2024-11-04 00:41:38.192 129430 DEBUG oslo_service.service [req-415e06bf-c2c1-485d-b26b-e5604302ccdf - - - - -] console.ssl_minimum_version = default log_opt_values /usr/lib/python3/dist-packages/oslo_config/cfg.py:2609
2024-11-04 00:41:38.193 129430 DEBUG oslo_service.service [req-415e06bf-c2c1-485d-b26b-e5604302ccdf - - - - -] consoleauth.token_ttl = 600 log_opt_values /usr/lib/python3/dist-packages/oslo_config/cfg.py:2609
2024-11-04 00:41:38.193 129430 DEBUG oslo_service.service [req-415e06bf-c2c1-485d-b26b-e5604302ccdf - - - - -] cyborg.cafile = None log_opt_values /usr/lib/python3/dist-packages/oslo_config/cfg.py:2609
2024-11-04 00:41:38.193 129430 DEBUG oslo_service.service [req-415e06bf-c2c1-485d-b26b-e5604302ccdf - - - - -] cyborg.certfile = None log_opt_values /usr/lib/python3/dist-packages/oslo_config/cfg.py:2609
2024-11-04 00:41:38.194 129430 DEBUG oslo_service.service [req-415e06bf-c2c1-485d-b26b-e5604302ccdf - - - - -] cyborg.collect_timing = False log_opt_values /usr/lib/python3/dist-packages/oslo_config/cfg.py:2609
2024-11-04 00:41:38.194 129430 DEBUG oslo_service.service [req-415e06bf-c2c1-485d-b26b-e5604302ccdf - - - - -] cyborg.connect_retries = None log_opt_values /usr/lib/python3/dist-packages/oslo_config/cfg.py:2609
2024-11-04 00:41:38.194 130354 DEBUG oslo_messaging._drivers.amqpdriver [-] AMQPListener connection timeout poll /usr/lib/python3/dist-packages/oslo_messaging/_drivers/amqpdriver.py:360
2024-11-04 00:41:38.194 129430 DEBUG oslo_service.service [req-415e06bf-c2c1-485d-b26b-e5604302ccdf - - - - -] cyborg.connect_retry_delay = None log_opt_values /usr/lib/python3/dist-packages/oslo_config/cfg.py:2609
2024-11-04 00:41:38.194 130354 DEBUG oslo_messaging._drivers.amqpdriver [-] Listener is running poll /usr/lib/python3/dist-packages/oslo_messaging/_drivers/amqpdriver.py:343
2024-11-04 00:41:38.194 130354 DEBUG oslo_messaging._drivers.amqpdriver [-] AMQPListener connection consume poll /usr/lib/python3/dist-packages/oslo_messaging/_drivers/amqpdriver.py:357
2024-11-04 00:41:38.194 129430 DEBUG oslo_service.service [req-415e06bf-c2c1-485d-b26b-e5604302ccdf - - - - -] cyborg.endpoint_override = None log_opt_values /usr/lib/python3/dist-packages/oslo_config/cfg.py:2609
2024-11-04 00:41:38.195 129430 DEBUG oslo_service.service [req-415e06bf-c2c1-485d-b26b-e5604302ccdf - - - - -] cyborg.insecure = False log_opt_values /usr/lib/python3/dist-packages/oslo_config/cfg.py:2609
2024-11-04 00:41:38.195 129430 DEBUG oslo_service.service [req-415e06bf-c2c1-485d-b26b-e5604302ccdf - - - - -] cyborg.keyfile = None log_opt_values /usr/lib/python3/dist-packages/oslo_config/cfg.py:2609
2024-11-04 00:41:38.195 129430 DEBUG oslo_service.service [req-415e06bf-c2c1-485d-b26b-e5604302ccdf - - - - -] cyborg.max_version = None log_opt_values /usr/lib/python3/dist-packages/oslo_config/cfg.py:2609
2024-11-04 00:41:38.195 129430 DEBUG oslo_service.service [req-415e06bf-c2c1-485d-b26b-e5604302ccdf - - - - -] cyborg.min_version = None log_opt_values /usr/lib/python3/dist-packages/oslo_config/cfg.py:2609
2024-11-04 00:41:38.195 129430 DEBUG oslo_service.service [req-415e06bf-c2c1-485d-b26b-e5604302ccdf - - - - -] cyborg.region_name = None log_opt_values /usr/lib/python3/dist-packages/oslo_config/cfg.py:2609
2024-11-04 00:41:38.196 129430 DEBUG oslo_service.service [req-415e06bf-c2c1-485d-b26b-e5604302ccdf - - - - -] cyborg.service_name = None log_opt_values /usr/lib/python3/dist-packages/oslo_config/cfg.py:2609
2024-11-04 00:41:38.196 129430 DEBUG oslo_service.service [req-415e06bf-c2c1-485d-b26b-e5604302ccdf - - - - -] cyborg.service_type = accelerator log_opt_values /usr/lib/python3/dist-packages/oslo_config/cfg.py:2609
2024-11-04 00:41:38.196 129430 DEBUG oslo_service.service [req-415e06bf-c2c1-485d-b26b-e5604302ccdf - - - - -] cyborg.split_loggers = False log_opt_values /usr/lib/python3/dist-packages/oslo_config/cfg.py:2609
2024-11-04 00:41:38.196 129430 DEBUG oslo_service.service [req-415e06bf-c2c1-485d-b26b-e5604302ccdf - - - - -] cyborg.status_code_retries = None log_opt_values /usr/lib/python3/dist-packages/oslo_config/cfg.py:2609
2024-11-04 00:41:38.196 129430 DEBUG oslo_service.service [req-415e06bf-c2c1-485d-b26b-e5604302ccdf - - - - -] cyborg.status_code_retry_delay = None log_opt_values /usr/lib/python3/dist-packages/oslo_config/cfg.py:2609
2024-11-04 00:41:38.197 129430 DEBUG oslo_service.service [req-415e06bf-c2c1-485d-b26b-e5604302ccdf - - - - -] cyborg.timeout = None log_opt_values /usr/lib/python3/dist-packages/oslo_config/cfg.py:2609
2024-11-04 00:41:38.197 129430 DEBUG oslo_service.service [req-415e06bf-c2c1-485d-b26b-e5604302ccdf - - - - -] cyborg.valid_interfaces = ['internal', 'public'] log_opt_values /usr/lib/python3/dist-packages/oslo_config/cfg.py:2609
2024-11-04 00:41:38.197 129430 DEBUG oslo_service.service [req-415e06bf-c2c1-485d-b26b-e5604302ccdf - - - - -] cyborg.version = None log_opt_values /usr/lib/python3/dist-packages/oslo_config/cfg.py:2609
2024-11-04 00:41:38.198 129430 DEBUG oslo_service.service [req-415e06bf-c2c1-485d-b26b-e5604302ccdf - - - - -] database.backend = sqlalchemy log_opt_values /usr/lib/python3/dist-packages/oslo_config/cfg.py:2609
2024-11-04 00:41:38.198 129430 DEBUG oslo_service.service [req-415e06bf-c2c1-485d-b26b-e5604302ccdf - - - - -] database.connection = **** log_opt_values /usr/lib/python3/dist-packages/oslo_config/cfg.py:2609
2024-11-04 00:41:38.198 129430 DEBUG oslo_service.service [req-415e06bf-c2c1-485d-b26b-e5604302ccdf - - - - -] database.connection_debug = 0 log_opt_values /usr/lib/python3/dist-packages/oslo_config/cfg.py:2609
2024-11-04 00:41:38.199 129430 DEBUG oslo_service.service [req-415e06bf-c2c1-485d-b26b-e5604302ccdf - - - - -] database.connection_parameters = log_opt_values /usr/lib/python3/dist-packages/oslo_config/cfg.py:2609
2024-11-04 00:41:38.199 129430 DEBUG oslo_service.service [req-415e06bf-c2c1-485d-b26b-e5604302ccdf - - - - -] database.connection_recycle_time = 3600 log_opt_values /usr/lib/python3/dist-packages/oslo_config/cfg.py:2609
2024-11-04 00:41:38.199 129430 DEBUG oslo_service.service [req-415e06bf-c2c1-485d-b26b-e5604302ccdf - - - - -] database.connection_trace = False log_opt_values /usr/lib/python3/dist-packages/oslo_config/cfg.py:2609
2024-11-04 00:41:38.200 129430 DEBUG oslo_service.service [req-415e06bf-c2c1-485d-b26b-e5604302ccdf - - - - -] database.db_inc_retry_interval = True log_opt_values /usr/lib/python3/dist-packages/oslo_config/cfg.py:2609
2024-11-04 00:41:38.200 129430 DEBUG oslo_service.service [req-415e06bf-c2c1-485d-b26b-e5604302ccdf - - - - -] database.db_max_retries = 20 log_opt_values /usr/lib/python3/dist-packages/oslo_config/cfg.py:2609
