2024-11-04 00:39:47.847 35396 DEBUG oslo_service.service [-] clients_designate.cert_file = None log_opt_values /usr/lib/python3/dist-packages/oslo_config/cfg.py:2609
2024-11-04 00:39:47.847 35396 DEBUG oslo_service.service [-] clients_designate.endpoint_type = None log_opt_values /usr/lib/python3/dist-packages/oslo_config/cfg.py:2609
2024-11-04 00:39:47.847 35396 DEBUG oslo_service.service [-] clients_designate.insecure = None log_opt_values /usr/lib/python3/dist-packages/oslo_config/cfg.py:2609
2024-11-04 00:39:47.847 35396 DEBUG oslo_service.service [-] clients_designate.key_file = None log_opt_values /usr/lib/python3/dist-packages/oslo_config/cfg.py:2609
2024-11-04 00:39:47.847 35396 DEBUG oslo_service.service [-] clients_glance.ca_file = None log_opt_values /usr/lib/python3/dist-packages/oslo_config/cfg.py:2609
2024-11-04 00:39:47.847 35396 DEBUG oslo_service.service [-] clients_glance.cert_file = None log_opt_values /usr/lib/python3/dist-packages/oslo_config/cfg.py:2609
2024-11-04 00:39:47.848 35396 DEBUG oslo_service.service [-] clients_glance.endpoint_type = None log_opt_values /usr/lib/python3/dist-packages/oslo_config/cfg.py:2609
2024-11-04 00:39:47.848 35396 DEBUG oslo_service.service [-] clients_glance.insecure = None log_opt_values /usr/lib/python3/dist-packages/oslo_config/cfg.py:2609
2024-11-04 00:39:47.848 35396 DEBUG oslo_service.service [-] clients_glance.key_file = None log_opt_values /usr/lib/python3/dist-packages/oslo_config/cfg.py:2609
2024-11-04 00:39:47.848 35396 DEBUG oslo_service.service [-] clients_heat.ca_file = None log_opt_values /usr/lib/python3/dist-packages/oslo_config/cfg.py:2609
2024-11-04 00:39:47.848 35396 DEBUG oslo_service.service [-] clients_heat.cert_file = None log_opt_values /usr/lib/python3/dist-packages/oslo_config/cfg.py:2609
2024-11-04 00:39:47.848 35396 DEBUG oslo_service.service [-] clients_heat.endpoint_type = None log_opt_values /usr/lib/python3/dist-packages/oslo_config/cfg.py:2609
2024-11-04 00:39:47.849 35396 DEBUG oslo_service.service [-] clients_heat.insecure = None log_opt_values /usr/lib/python3/dist-packages/oslo_config/cfg.py:2609
2024-11-04 00:39:47.849 35396 DEBUG oslo_service.service [-] clients_heat.key_file = None log_opt_values /usr/lib/python3/dist-packages/oslo_config/cfg.py:2609
2024-11-04 00:39:47.849 35396 DEBUG oslo_service.service [-] clients_heat.url = log_opt_values /usr/lib/python3/dist-packages/oslo_config/cfg.py:2609
2024-11-04 00:39:47.850 35396 DEBUG oslo_service.service [-] clients_keystone.auth_uri = http://252.30.37.199:5050 log_opt_values /usr/lib/python3/dist-packages/oslo_config/cfg.py:2609
2024-11-04 00:39:47.850 35396 DEBUG oslo_service.service [-] clients_keystone.ca_file = None log_opt_values /usr/lib/python3/dist-packages/oslo_config/cfg.py:2609
2024-11-04 00:39:47.850 35396 DEBUG oslo_service.service [-] clients_keystone.cert_file = None log_opt_values /usr/lib/python3/dist-packages/oslo_config/cfg.py:2609
2024-11-04 00:39:47.851 35396 DEBUG oslo_service.service [-] clients_keystone.endpoint_type = None log_opt_values /usr/lib/python3/dist-packages/oslo_config/cfg.py:2609
2024-11-04 00:39:47.851 35396 DEBUG oslo_service.service [-] clients_keystone.insecure = None log_opt_values /usr/lib/python3/dist-packages/oslo_config/cfg.py:2609
2024-11-04 00:39:47.851 35396 DEBUG oslo_service.service [-] clients_keystone.key_file = None log_opt_values /usr/lib/python3/dist-packages/oslo_config/cfg.py:2609
2024-11-04 00:39:47.851 35396 DEBUG oslo_service.service [-] clients_magnum.ca_file = None log_opt_values /usr/lib/python3/dist-packages/oslo_config/cfg.py:2609
2024-11-04 00:39:47.851 35396 DEBUG oslo_service.service [-] clients_magnum.cert_file = None log_opt_values /usr/lib/python3/dist-packages/oslo_config/cfg.py:2609
2024-11-04 00:39:47.852 35396 DEBUG oslo_service.service [-] clients_magnum.endpoint_type = None log_opt_values /usr/lib/python3/dist-packages/oslo_config/cfg.py:2609
2024-11-04 00:39:47.852 35396 DEBUG oslo_service.service [-] clients_magnum.insecure = None log_opt_values /usr/lib/python3/dist-packages/oslo_config/cfg.py:2609
2024-11-04 00:39:47.856 35620 INFO heat.engine.worker [-] Starting engine_worker (1.4) in engine c0b69615-79f0-49a4-a79c-6e14492bc5e2.
2024-11-04 00:39:47.852 35396 DEBUG oslo_service.service [-] clients_magnum.key_file = None log_opt_values /usr/lib/python3/dist-packages/oslo_config/cfg.py:2609
2024-11-04 00:39:47.860 35396 DEBUG oslo_service.service [-] clients_manila.ca_file = None log_opt_values /usr/lib/python3/dist-packages/oslo_config/cfg.py:2609
2024-11-04 00:39:47.861 35396 DEBUG oslo_service.service [-] clients_manila.cert_file = None log_opt_values /usr/lib/python3/dist-packages/oslo_config/cfg.py:2609
2024-11-04 00:39:47.861 35396 DEBUG oslo_service.service [-] clients_manila.endpoint_type = None log_opt_values /usr/lib/python3/dist-packages/oslo_config/cfg.py:2609
2024-11-04 00:39:47.861 35396 DEBUG oslo_service.service [-] clients_manila.insecure = None log_opt_values /usr/lib/python3/dist-packages/oslo_config/cfg.py:2609
2024-11-04 00:39:47.861 35396 DEBUG oslo_service.service [-] clients_manila.key_file = None log_opt_values /usr/lib/python3/dist-packages/oslo_config/cfg.py:2609
2024-11-04 00:39:47.864 35396 DEBUG oslo_service.service [-] clients_mistral.ca_file = None log_opt_values /usr/lib/python3/dist-packages/oslo_config/cfg.py:2609
2024-11-04 00:39:47.864 35396 DEBUG oslo_service.service [-] clients_mistral.cert_file = None log_opt_values /usr/lib/python3/dist-packages/oslo_config/cfg.py:2609
2024-11-04 00:39:47.865 35396 DEBUG oslo_service.service [-] clients_mistral.endpoint_type = None log_opt_values /usr/lib/python3/dist-packages/oslo_config/cfg.py:2609
2024-11-04 00:39:47.865 35396 DEBUG oslo_service.service [-] clients_mistral.insecure = None log_opt_values /usr/lib/python3/dist-packages/oslo_config/cfg.py:2609
2024-11-04 00:39:47.865 35396 DEBUG oslo_service.service [-] clients_mistral.key_file = None log_opt_values /usr/lib/python3/dist-packages/oslo_config/cfg.py:2609
2024-11-04 00:39:47.865 35396 DEBUG oslo_service.service [-] clients_monasca.ca_file = None log_opt_values /usr/lib/python3/dist-packages/oslo_config/cfg.py:2609
2024-11-04 00:39:47.866 35396 DEBUG oslo_service.service [-] clients_monasca.cert_file = None log_opt_values /usr/lib/python3/dist-packages/oslo_config/cfg.py:2609
2024-11-04 00:39:47.866 35396 DEBUG oslo_service.service [-] clients_monasca.endpoint_type = None log_opt_values /usr/lib/python3/dist-packages/oslo_config/cfg.py:2609
2024-11-04 00:39:47.866 35396 DEBUG oslo_service.service [-] clients_monasca.insecure = None log_opt_values /usr/lib/python3/dist-packages/oslo_config/cfg.py:2609
2024-11-04 00:39:47.866 35396 DEBUG oslo_service.service [-] clients_monasca.key_file = None log_opt_values /usr/lib/python3/dist-packages/oslo_config/cfg.py:2609
2024-11-04 00:39:47.866 35396 DEBUG oslo_service.service [-] clients_neutron.ca_file = None log_opt_values /usr/lib/python3/dist-packages/oslo_config/cfg.py:2609
2024-11-04 00:39:47.866 35396 DEBUG oslo_service.service [-] clients_neutron.cert_file = None log_opt_values /usr/lib/python3/dist-packages/oslo_config/cfg.py:2609
2024-11-04 00:39:47.866 35396 DEBUG oslo_service.service [-] clients_neutron.endpoint_type = None log_opt_values /usr/lib/python3/dist-packages/oslo_config/cfg.py:2609
2024-11-04 00:39:47.866 35396 DEBUG oslo_service.service [-] clients_neutron.insecure = None log_opt_values /usr/lib/python3/dist-packages/oslo_config/cfg.py:2609
2024-11-04 00:39:47.867 35396 DEBUG oslo_service.service [-] clients_neutron.key_file = None log_opt_values /usr/lib/python3/dist-packages/oslo_config/cfg.py:2609
2024-11-04 00:39:47.867 35396 DEBUG oslo_service.service [-] clients_nova.ca_file = None log_opt_values /usr/lib/python3/dist-packages/oslo_config/cfg.py:2609
2024-11-04 00:39:47.867 35396 DEBUG oslo_service.service [-] clients_nova.cert_file = None log_opt_values /usr/lib/python3/dist-packages/oslo_config/cfg.py:2609
2024-11-04 00:39:47.867 35396 DEBUG oslo_service.service [-] clients_nova.endpoint_type = None log_opt_values /usr/lib/python3/dist-packages/oslo_config/cfg.py:2609
2024-11-04 00:39:47.867 35396 DEBUG oslo_service.service [-] clients_nova.http_log_debug = False log_opt_values /usr/lib/python3/dist-packages/oslo_config/cfg.py:2609
2024-11-04 00:39:47.867 35396 DEBUG oslo_service.service [-] clients_nova.insecure = None log_opt_values /usr/lib/python3/dist-packages/oslo_config/cfg.py:2609
2024-11-04 00:39:47.867 35396 DEBUG oslo_service.service [-] clients_nova.key_file = None log_opt_values /usr/lib/python3/dist-packages/oslo_config/cfg.py:2609
2024-11-04 00:39:47.867 35396 DEBUG oslo_service.service [-] clients_octavia.ca_file = None log_opt_values /usr/lib/python3/dist-packages/oslo_config/cfg.py:2609
2024-11-04 00:39:47.868 35396 DEBUG oslo_service.service [-] clients_octavia.cert_file = None log_opt_values /usr/lib/python3/dist-packages/oslo_config/cfg.py:2609
2024-11-04 00:39:47.868 35396 DEBUG oslo_service.service [-] clients_octavia.endpoint_type = None log_opt_values /usr/lib/python3/dist-packages/oslo_config/cfg.py:2609
2024-11-04 00:39:47.868 35396 DEBUG oslo_service.service [-] clients_octavia.insecure = None log_opt_values /usr/lib/python3/dist-packages/oslo_config/cfg.py:2609
2024-11-04 00:39:47.868 35396 DEBUG oslo_service.service [-] clients_octavia.key_file = None log_opt_values /usr/lib/python3/dist-packages/oslo_config/cfg.py:2609
2024-11-04 00:39:47.868 35396 DEBUG oslo_service.service [-] clients_sahara.ca_file = None log_opt_values /usr/lib/python3/dist-packages/oslo_config/cfg.py:2609
2024-11-04 00:39:47.868 35396 DEBUG oslo_service.service [-] clients_sahara.cert_file = None log_opt_values /usr/lib/python3/dist-packages/oslo_config/cfg.py:2609
2024-11-04 00:39:47.868 35396 DEBUG oslo_service.service [-] clients_sahara.endpoint_type = None log_opt_values /usr/lib/python3/dist-packages/oslo_config/cfg.py:2609
2024-11-04 00:39:47.868 35396 DEBUG oslo_service.service [-] clients_sahara.insecure = None log_opt_values /usr/lib/python3/dist-packages/oslo_config/cfg.py:2609
2024-11-04 00:39:47.869 35396 DEBUG oslo_service.service [-] clients_sahara.key_file = None log_opt_values /usr/lib/python3/dist-packages/oslo_config/cfg.py:2609
2024-11-04 00:39:47.869 35396 DEBUG oslo_service.service [-] clients_senlin.ca_file = None log_opt_values /usr/lib/python3/dist-packages/oslo_config/cfg.py:2609
2024-11-04 00:39:47.869 35396 DEBUG oslo_service.service [-] clients_senlin.cert_file = None log_opt_values /usr/lib/python3/dist-packages/oslo_config/cfg.py:2609
2024-11-04 00:39:47.869 35396 DEBUG oslo_service.service [-] clients_senlin.endpoint_type = None log_opt_values /usr/lib/python3/dist-packages/oslo_config/cfg.py:2609
2024-11-04 00:39:47.869 35396 DEBUG oslo_service.service [-] clients_senlin.insecure = None log_opt_values /usr/lib/python3/dist-packages/oslo_config/cfg.py:2609
2024-11-04 00:39:47.869 35396 DEBUG oslo_service.service [-] clients_senlin.key_file = None log_opt_values /usr/lib/python3/dist-packages/oslo_config/cfg.py:2609
2024-11-04 00:39:47.869 35396 DEBUG oslo_service.service [-] clients_swift.ca_file = None log_opt_values /usr/lib/python3/dist-packages/oslo_config/cfg.py:2609
2024-11-04 00:39:47.869 35396 DEBUG oslo_service.service [-] clients_swift.cert_file = None log_opt_values /usr/lib/python3/dist-packages/oslo_config/cfg.py:2609
2024-11-04 00:39:47.870 35396 DEBUG oslo_service.service [-] clients_swift.endpoint_type = None log_opt_values /usr/lib/python3/dist-packages/oslo_config/cfg.py:2609
2024-11-04 00:39:47.870 35396 DEBUG oslo_service.service [-] clients_swift.insecure = None log_opt_values /usr/lib/python3/dist-packages/oslo_config/cfg.py:2609
2024-11-04 00:39:47.870 35396 DEBUG oslo_service.service [-] clients_swift.key_file = None log_opt_values /usr/lib/python3/dist-packages/oslo_config/cfg.py:2609
2024-11-04 00:39:47.872 35396 DEBUG oslo_service.service [-] clients_trove.ca_file = None log_opt_values /usr/lib/python3/dist-packages/oslo_config/cfg.py:2609
2024-11-04 00:39:47.872 35396 DEBUG oslo_service.service [-] clients_trove.cert_file = None log_opt_values /usr/lib/python3/dist-packages/oslo_config/cfg.py:2609
2024-11-04 00:39:47.872 35396 DEBUG oslo_service.service [-] clients_trove.endpoint_type = None log_opt_values /usr/lib/python3/dist-packages/oslo_config/cfg.py:2609
2024-11-04 00:39:47.872 35396 DEBUG oslo_service.service [-] clients_trove.insecure = None log_opt_values /usr/lib/python3/dist-packages/oslo_config/cfg.py:2609
2024-11-04 00:39:47.872 35396 DEBUG oslo_service.service [-] clients_trove.key_file = None log_opt_values /usr/lib/python3/dist-packages/oslo_config/cfg.py:2609
2024-11-04 00:39:47.872 35396 DEBUG oslo_service.service [-] clients_vitrage.ca_file = None log_opt_values /usr/lib/python3/dist-packages/oslo_config/cfg.py:2609
2024-11-04 00:39:47.874 35396 DEBUG oslo_service.service [-] clients_vitrage.cert_file = None log_opt_values /usr/lib/python3/dist-packages/oslo_config/cfg.py:2609
2024-11-04 00:39:47.874 35396 DEBUG oslo_service.service [-] clients_vitrage.endpoint_type = None log_opt_values /usr/lib/python3/dist-packages/oslo_config/cfg.py:2609
2024-11-04 00:39:47.875 35396 DEBUG oslo_service.service [-] clients_vitrage.insecure = None log_opt_values /usr/lib/python3/dist-packages/oslo_config/cfg.py:2609
2024-11-04 00:39:47.875 35396 DEBUG oslo_service.service [-] clients_vitrage.key_file = None log_opt_values /usr/lib/python3/dist-packages/oslo_config/cfg.py:2609
2024-11-04 00:39:47.875 35396 DEBUG oslo_service.service [-] clients_zaqar.ca_file = None log_opt_values /usr/lib/python3/dist-packages/oslo_config/cfg.py:2609
2024-11-04 00:39:47.875 35396 DEBUG oslo_service.service [-] clients_zaqar.cert_file = None log_opt_values /usr/lib/python3/dist-packages/oslo_config/cfg.py:2609
2024-11-04 00:39:47.875 35396 DEBUG oslo_service.service [-] clients_zaqar.endpoint_type = None log_opt_values /usr/lib/python3/dist-packages/oslo_config/cfg.py:2609
2024-11-04 00:39:47.875 35396 DEBUG oslo_service.service [-] clients_zaqar.insecure = None log_opt_values /usr/lib/python3/dist-packages/oslo_config/cfg.py:2609
2024-11-04 00:39:47.875 35396 DEBUG oslo_service.service [-] clients_zaqar.key_file = None log_opt_values /usr/lib/python3/dist-packages/oslo_config/cfg.py:2609
2024-11-04 00:39:47.876 35396 DEBUG oslo_service.service [-] database.backend = sqlalchemy log_opt_values /usr/lib/python3/dist-packages/oslo_config/cfg.py:2609
2024-11-04 00:39:47.876 35396 DEBUG oslo_service.service [-] database.connection = **** log_opt_values /usr/lib/python3/dist-packages/oslo_config/cfg.py:2609
2024-11-04 00:39:47.876 35396 DEBUG oslo_service.service [-] database.connection_debug = 0 log_opt_values /usr/lib/python3/dist-packages/oslo_config/cfg.py:2609
2024-11-04 00:39:47.876 35396 DEBUG oslo_service.service [-] database.connection_parameters = log_opt_values /usr/lib/python3/dist-packages/oslo_config/cfg.py:2609
2024-11-04 00:39:47.876 35396 DEBUG oslo_service.service [-] database.connection_recycle_time = 3600 log_opt_values /usr/lib/python3/dist-packages/oslo_config/cfg.py:2609
2024-11-04 00:39:47.876 35396 DEBUG oslo_service.service [-] database.connection_trace = False log_opt_values /usr/lib/python3/dist-packages/oslo_config/cfg.py:2609
2024-11-04 00:39:47.876 35396 DEBUG oslo_service.service [-] database.db_inc_retry_interval = True log_opt_values /usr/lib/python3/dist-packages/oslo_config/cfg.py:2609
2024-11-04 00:39:47.877 35396 DEBUG oslo_service.service [-] database.db_max_retries = 20 log_opt_values /usr/lib/python3/dist-packages/oslo_config/cfg.py:2609
2024-11-04 00:39:47.877 35396 DEBUG oslo_service.service [-] database.db_max_retry_interval = 10 log_opt_values /usr/lib/python3/dist-packages/oslo_config/cfg.py:2609
2024-11-04 00:39:47.877 35396 DEBUG oslo_service.service [-] database.db_retry_interval = 1 log_opt_values /usr/lib/python3/dist-packages/oslo_config/cfg.py:2609
2024-11-04 00:39:47.877 35396 DEBUG oslo_service.service [-] database.max_overflow = 50 log_opt_values /usr/lib/python3/dist-packages/oslo_config/cfg.py:2609
2024-11-04 00:39:47.877 35396 DEBUG oslo_service.service [-] database.max_pool_size = 5 log_opt_values /usr/lib/python3/dist-packages/oslo_config/cfg.py:2609
2024-11-04 00:39:47.877 35396 DEBUG oslo_service.service [-] database.max_retries = 10 log_opt_values /usr/lib/python3/dist-packages/oslo_config/cfg.py:2609
2024-11-04 00:39:47.877 35396 DEBUG oslo_service.service [-] database.mysql_enable_ndb = False log_opt_values /usr/lib/python3/dist-packages/oslo_config/cfg.py:2609
2024-11-04 00:39:47.878 35396 DEBUG oslo_service.service [-] database.mysql_sql_mode = TRADITIONAL log_opt_values /usr/lib/python3/dist-packages/oslo_config/cfg.py:2609
2024-11-04 00:39:47.878 35396 DEBUG oslo_service.service [-] database.pool_timeout = None log_opt_values /usr/lib/python3/dist-packages/oslo_config/cfg.py:2609
2024-11-04 00:39:47.878 35396 DEBUG oslo_service.service [-] database.retry_interval = 10 log_opt_values /usr/lib/python3/dist-packages/oslo_config/cfg.py:2609
2024-11-04 00:39:47.878 35396 DEBUG oslo_service.service [-] database.slave_connection = **** log_opt_values /usr/lib/python3/dist-packages/oslo_config/cfg.py:2609
2024-11-04 00:39:47.878 35396 DEBUG oslo_service.service [-] database.sqlite_synchronous = True log_opt_values /usr/lib/python3/dist-packages/oslo_config/cfg.py:2609
2024-11-04 00:39:47.878 35396 DEBUG oslo_service.service [-] database.use_db_reconnect = False log_opt_values /usr/lib/python3/dist-packages/oslo_config/cfg.py:2609
2024-11-04 00:39:47.878 35396 DEBUG oslo_service.service [-] oslo_messaging_metrics.metrics_buffer_size = 1000 log_opt_values /usr/lib/python3/dist-packages/oslo_config/cfg.py:2609
2024-11-04 00:39:47.879 35396 DEBUG oslo_service.service [-] oslo_messaging_metrics.metrics_enabled = False log_opt_values /usr/lib/python3/dist-packages/oslo_config/cfg.py:2609
2024-11-04 00:39:47.879 35396 DEBUG oslo_service.service [-] oslo_messaging_metrics.metrics_process_name = log_opt_values /usr/lib/python3/dist-packages/oslo_config/cfg.py:2609
2024-11-04 00:39:47.879 35396 DEBUG oslo_service.service [-] oslo_messaging_metrics.metrics_socket_file = /var/tmp/metrics_collector.sock log_opt_values /usr/lib/python3/dist-packages/oslo_config/cfg.py:2609
2024-11-04 00:39:47.879 35396 DEBUG oslo_service.service [-] oslo_messaging_metrics.metrics_thread_stop_timeout = 10 log_opt_values /usr/lib/python3/dist-packages/oslo_config/cfg.py:2609
2024-11-04 00:39:47.881 35396 DEBUG oslo_service.service [-] oslo_policy.enforce_new_defaults = False log_opt_values /usr/lib/python3/dist-packages/oslo_config/cfg.py:2609
2024-11-04 00:39:47.881 35396 DEBUG oslo_service.service [-] oslo_policy.enforce_scope = False log_opt_values /usr/lib/python3/dist-packages/oslo_config/cfg.py:2609
2024-11-04 00:39:47.882 35396 DEBUG oslo_service.service [-] oslo_policy.policy_default_rule = default log_opt_values /usr/lib/python3/dist-packages/oslo_config/cfg.py:2609
2024-11-04 00:39:47.882 35396 DEBUG oslo_service.service [-] oslo_policy.policy_dirs = ['policy.d'] log_opt_values /usr/lib/python3/dist-packages/oslo_config/cfg.py:2609
2024-11-04 00:39:47.882 35396 DEBUG oslo_service.service [-] oslo_policy.policy_file = policy.yaml log_opt_values /usr/lib/python3/dist-packages/oslo_config/cfg.py:2609
2024-11-04 00:39:47.882 35396 DEBUG oslo_service.service [-] oslo_policy.remote_content_type = application/x-www-form-urlencoded log_opt_values /usr/lib/python3/dist-packages/oslo_config/cfg.py:2609
2024-11-04 00:39:47.883 35396 DEBUG oslo_service.service [-] oslo_policy.remote_ssl_ca_crt_file = None log_opt_values /usr/lib/python3/dist-packages/oslo_config/cfg.py:2609
2024-11-04 00:39:47.884 35396 DEBUG oslo_service.service [-] oslo_policy.remote_ssl_client_crt_file = None log_opt_values /usr/lib/python3/dist-packages/oslo_config/cfg.py:2609
2024-11-04 00:39:47.884 35396 DEBUG oslo_service.service [-] oslo_policy.remote_ssl_client_key_file = None log_opt_values /usr/lib/python3/dist-packages/oslo_config/cfg.py:2609
2024-11-04 00:39:47.884 35396 DEBUG oslo_service.service [-] oslo_policy.remote_ssl_verify_server_crt = False log_opt_values /usr/lib/python3/dist-packages/oslo_config/cfg.py:2609
2024-11-04 00:39:47.884 35396 DEBUG oslo_service.service [-] trustee.auth_section = None log_opt_values /usr/lib/python3/dist-packages/oslo_config/cfg.py:2609
2024-11-04 00:39:47.884 35396 WARNING oslo_config.cfg [-] Deprecated: Option "auth_plugin" from group "trustee" is deprecated. Use option "auth_type" from group "trustee".
2024-11-04 00:39:47.884 35396 DEBUG oslo_service.service [-] trustee.auth_type = password log_opt_values /usr/lib/python3/dist-packages/oslo_config/cfg.py:2609
2024-11-04 00:39:47.885 35396 DEBUG oslo_service.service [-] oslo_versionedobjects.fatal_exception_format_errors = False log_opt_values /usr/lib/python3/dist-packages/oslo_config/cfg.py:2609
2024-11-04 00:39:47.885 35396 DEBUG oslo_service.service [-] oslo_messaging_rabbit.amqp_auto_delete = False log_opt_values /usr/lib/python3/dist-packages/oslo_config/cfg.py:2609
2024-11-04 00:39:47.885 35396 DEBUG oslo_service.service [-] oslo_messaging_rabbit.amqp_durable_queues = False log_opt_values /usr/lib/python3/dist-packages/oslo_config/cfg.py:2609
2024-11-04 00:39:47.885 35396 DEBUG oslo_service.service [-] oslo_messaging_rabbit.conn_pool_min_size = 2 log_opt_values /usr/lib/python3/dist-packages/oslo_config/cfg.py:2609
2024-11-04 00:39:47.885 35396 DEBUG oslo_service.service [-] oslo_messaging_rabbit.conn_pool_ttl = 1200 log_opt_values /usr/lib/python3/dist-packages/oslo_config/cfg.py:2609
2024-11-04 00:39:47.885 35396 DEBUG oslo_service.service [-] oslo_messaging_rabbit.direct_mandatory_flag = True log_opt_values /usr/lib/python3/dist-packages/oslo_config/cfg.py:2609
2024-11-04 00:39:47.886 35396 DEBUG oslo_service.service [-] oslo_messaging_rabbit.enable_cancel_on_failover = False log_opt_values /usr/lib/python3/dist-packages/oslo_config/cfg.py:2609
2024-11-04 00:39:47.886 35396 DEBUG oslo_service.service [-] oslo_messaging_rabbit.heartbeat_in_pthread = True log_opt_values /usr/lib/python3/dist-packages/oslo_config/cfg.py:2609
2024-11-04 00:39:47.886 35396 DEBUG oslo_service.service [-] oslo_messaging_rabbit.heartbeat_rate = 2 log_opt_values /usr/lib/python3/dist-packages/oslo_config/cfg.py:2609
2024-11-04 00:39:47.886 35396 DEBUG oslo_service.service [-] oslo_messaging_rabbit.heartbeat_timeout_threshold = 60 log_opt_values /usr/lib/python3/dist-packages/oslo_config/cfg.py:2609
2024-11-04 00:39:47.886 35396 DEBUG oslo_service.service [-] oslo_messaging_rabbit.kombu_compression = None log_opt_values /usr/lib/python3/dist-packages/oslo_config/cfg.py:2609
2024-11-04 00:39:47.887 35396 DEBUG oslo_service.service [-] oslo_messaging_rabbit.kombu_failover_strategy = round-robin log_opt_values /usr/lib/python3/dist-packages/oslo_config/cfg.py:2609
2024-11-04 00:39:47.887 35396 DEBUG oslo_service.service [-] oslo_messaging_rabbit.kombu_missing_consumer_retry_timeout = 60 log_opt_values /usr/lib/python3/dist-packages/oslo_config/cfg.py:2609
2024-11-04 00:39:47.887 35396 DEBUG oslo_service.service [-] oslo_messaging_rabbit.kombu_reconnect_delay = 1.0 log_opt_values /usr/lib/python3/dist-packages/oslo_config/cfg.py:2609
2024-11-04 00:39:47.887 35396 DEBUG oslo_service.service [-] oslo_messaging_rabbit.rabbit_ha_queues = False log_opt_values /usr/lib/python3/dist-packages/oslo_config/cfg.py:2609
2024-11-04 00:39:47.887 35396 DEBUG oslo_service.service [-] oslo_messaging_rabbit.rabbit_interval_max = 30 log_opt_values /usr/lib/python3/dist-packages/oslo_config/cfg.py:2609
2024-11-04 00:39:47.887 35396 DEBUG oslo_service.service [-] oslo_messaging_rabbit.rabbit_login_method = AMQPLAIN log_opt_values /usr/lib/python3/dist-packages/oslo_config/cfg.py:2609
2024-11-04 00:39:47.887 35396 DEBUG oslo_service.service [-] oslo_messaging_rabbit.rabbit_qos_prefetch_count = 0 log_opt_values /usr/lib/python3/dist-packages/oslo_config/cfg.py:2609
2024-11-04 00:39:47.888 35396 DEBUG oslo_service.service [-] oslo_messaging_rabbit.rabbit_quorum_queue = False log_opt_values /usr/lib/python3/dist-packages/oslo_config/cfg.py:2609
2024-11-04 00:39:47.888 35396 DEBUG oslo_service.service [-] oslo_messaging_rabbit.rabbit_retry_backoff = 2 log_opt_values /usr/lib/python3/dist-packages/oslo_config/cfg.py:2609
2024-11-04 00:39:47.888 35396 DEBUG oslo_service.service [-] oslo_messaging_rabbit.rabbit_retry_interval = 1 log_opt_values /usr/lib/python3/dist-packages/oslo_config/cfg.py:2609
2024-11-04 00:39:47.888 35396 DEBUG oslo_service.service [-] oslo_messaging_rabbit.rabbit_transient_queues_ttl = 1800 log_opt_values /usr/lib/python3/dist-packages/oslo_config/cfg.py:2609
2024-11-04 00:39:47.888 35396 DEBUG oslo_service.service [-] oslo_messaging_rabbit.rpc_conn_pool_size = 30 log_opt_values /usr/lib/python3/dist-packages/oslo_config/cfg.py:2609
2024-11-04 00:39:47.889 35396 DEBUG oslo_service.service [-] oslo_messaging_rabbit.ssl = False log_opt_values /usr/lib/python3/dist-packages/oslo_config/cfg.py:2609
2024-11-04 00:39:47.889 35396 DEBUG oslo_service.service [-] oslo_messaging_rabbit.ssl_ca_file = log_opt_values /usr/lib/python3/dist-packages/oslo_config/cfg.py:2609
2024-11-04 00:39:47.889 35396 DEBUG oslo_service.service [-] oslo_messaging_rabbit.ssl_cert_file = log_opt_values /usr/lib/python3/dist-packages/oslo_config/cfg.py:2609
2024-11-04 00:39:47.890 35396 DEBUG oslo_service.service [-] oslo_messaging_rabbit.ssl_key_file = log_opt_values /usr/lib/python3/dist-packages/oslo_config/cfg.py:2609
2024-11-04 00:39:47.890 35396 DEBUG oslo_service.service [-] oslo_messaging_rabbit.ssl_version = log_opt_values /usr/lib/python3/dist-packages/oslo_config/cfg.py:2609
2024-11-04 00:39:47.891 35396 DEBUG oslo_service.service [-] oslo_messaging_notifications.driver = [] log_opt_values /usr/lib/python3/dist-packages/oslo_config/cfg.py:2609
2024-11-04 00:39:47.891 35396 DEBUG oslo_service.service [-] oslo_messaging_notifications.retry = -1 log_opt_values /usr/lib/python3/dist-packages/oslo_config/cfg.py:2609
2024-11-04 00:39:47.891 35396 DEBUG oslo_service.service [-] oslo_messaging_notifications.topics = ['notifications'] log_opt_values /usr/lib/python3/dist-packages/oslo_config/cfg.py:2609
2024-11-04 00:39:47.891 35396 DEBUG oslo_service.service [-] oslo_messaging_notifications.transport_url = **** log_opt_values /usr/lib/python3/dist-packages/oslo_config/cfg.py:2609
2024-11-04 00:39:47.891 35396 DEBUG oslo_service.service [-] cache.backend = dogpile.cache.null log_opt_values /usr/lib/python3/dist-packages/oslo_config/cfg.py:2609
2024-11-04 00:39:47.892 35396 DEBUG oslo_service.service [-] cache.backend_argument = **** log_opt_values /usr/lib/python3/dist-packages/oslo_config/cfg.py:2609
2024-11-04 00:39:47.892 35396 DEBUG oslo_service.service [-] cache.config_prefix = cache.oslo log_opt_values /usr/lib/python3/dist-packages/oslo_config/cfg.py:2609
2024-11-04 00:39:47.892 35396 DEBUG oslo_service.service [-] cache.debug_cache_backend = False log_opt_values /usr/lib/python3/dist-packages/oslo_config/cfg.py:2609
2024-11-04 00:39:47.893 35396 DEBUG oslo_service.service [-] cache.enabled = False log_opt_values /usr/lib/python3/dist-packages/oslo_config/cfg.py:2609
2024-11-04 00:39:47.893 35396 DEBUG oslo_service.service [-] cache.expiration_time = 600 log_opt_values /usr/lib/python3/dist-packages/oslo_config/cfg.py:2609
2024-11-04 00:39:47.893 35396 DEBUG oslo_service.service [-] cache.memcache_dead_retry = 300 log_opt_values /usr/lib/python3/dist-packages/oslo_config/cfg.py:2609
2024-11-04 00:39:47.893 35396 DEBUG oslo_service.service [-] cache.memcache_pool_connection_get_timeout = 10 log_opt_values /usr/lib/python3/dist-packages/oslo_config/cfg.py:2609
2024-11-04 00:39:47.894 35396 DEBUG oslo_service.service [-] cache.memcache_pool_flush_on_reconnect = False log_opt_values /usr/lib/python3/dist-packages/oslo_config/cfg.py:2609
2024-11-04 00:39:47.894 35396 DEBUG oslo_service.service [-] cache.memcache_pool_maxsize = 10 log_opt_values /usr/lib/python3/dist-packages/oslo_config/cfg.py:2609
2024-11-04 00:39:47.894 35396 DEBUG oslo_service.service [-] cache.memcache_pool_unused_timeout = 60 log_opt_values /usr/lib/python3/dist-packages/oslo_config/cfg.py:2609
2024-11-04 00:39:47.894 35396 DEBUG oslo_service.service [-] cache.memcache_servers = ['localhost:11211'] log_opt_values /usr/lib/python3/dist-packages/oslo_config/cfg.py:2609
2024-11-04 00:39:47.894 35396 DEBUG oslo_service.service [-] cache.memcache_socket_timeout = 1.0 log_opt_values /usr/lib/python3/dist-packages/oslo_config/cfg.py:2609
2024-11-04 00:39:47.895 35396 DEBUG oslo_service.service [-] cache.proxies = [] log_opt_values /usr/lib/python3/dist-packages/oslo_config/cfg.py:2609
2024-11-04 00:39:47.895 35396 DEBUG oslo_service.service [-] cache.tls_allowed_ciphers = None log_opt_values /usr/lib/python3/dist-packages/oslo_config/cfg.py:2609
2024-11-04 00:39:47.895 35396 DEBUG oslo_service.service [-] cache.tls_cafile = None log_opt_values /usr/lib/python3/dist-packages/oslo_config/cfg.py:2609
2024-11-04 00:39:47.895 35396 DEBUG oslo_service.service [-] cache.tls_certfile = None log_opt_values /usr/lib/python3/dist-packages/oslo_config/cfg.py:2609
2024-11-04 00:39:47.895 35396 DEBUG oslo_service.service [-] cache.tls_enabled = False log_opt_values /usr/lib/python3/dist-packages/oslo_config/cfg.py:2609
2024-11-04 00:39:47.895 35396 DEBUG oslo_service.service [-] cache.tls_keyfile = None log_opt_values /usr/lib/python3/dist-packages/oslo_config/cfg.py:2609
2024-11-04 00:39:47.895 35396 DEBUG oslo_service.service [-] constraint_validation_cache.caching = True log_opt_values /usr/lib/python3/dist-packages/oslo_config/cfg.py:2609
2024-11-04 00:39:47.896 35396 DEBUG oslo_service.service [-] constraint_validation_cache.expiration_time = 60 log_opt_values /usr/lib/python3/dist-packages/oslo_config/cfg.py:2609
2024-11-04 00:39:47.897 35396 DEBUG oslo_service.service [-] service_extension_cache.caching = True log_opt_values /usr/lib/python3/dist-packages/oslo_config/cfg.py:2609
2024-11-04 00:39:47.897 35396 DEBUG oslo_service.service [-] service_extension_cache.expiration_time = 3600 log_opt_values /usr/lib/python3/dist-packages/oslo_config/cfg.py:2609
2024-11-04 00:39:47.897 35396 DEBUG oslo_service.service [-] resource_finder_cache.caching = True log_opt_values /usr/lib/python3/dist-packages/oslo_config/cfg.py:2609
2024-11-04 00:39:47.897 35396 DEBUG oslo_service.service [-] resource_finder_cache.expiration_time = 3600 log_opt_values /usr/lib/python3/dist-packages/oslo_config/cfg.py:2609
2024-11-04 00:39:47.898 35396 DEBUG oslo_service.service [-] yaql.limit_iterators = 200 log_opt_values /usr/lib/python3/dist-packages/oslo_config/cfg.py:2609
2024-11-04 00:39:47.898 35396 DEBUG oslo_service.service [-] yaql.memory_quota = 10000 log_opt_values /usr/lib/python3/dist-packages/oslo_config/cfg.py:2609
2024-11-04 00:39:47.898 35396 DEBUG oslo_service.service [-] ******************************************************************************** log_opt_values /usr/lib/python3/dist-packages/oslo_config/cfg.py:2613
2024-11-04 00:39:47.954 35617 DEBUG oslo_db.sqlalchemy.engines [req-89bd4061-0cf9-489b-8db9-37724e8baa34 - - - - -] MySQL server mode set to STRICT_TRANS_TABLES,STRICT_ALL_TABLES,NO_ZERO_IN_DATE,NO_ZERO_DATE,ERROR_FOR_DIVISION_BY_ZERO,TRADITIONAL,NO_ENGINE_SUBSTITUTION _check_effective_sql_mode /usr/lib/python3/dist-packages/oslo_db/sqlalchemy/engines.py:314
2024-11-04 00:39:47.963 35619 DEBUG oslo_db.sqlalchemy.engines [req-ac0d022a-f5b5-4e4c-9513-a391a20f142f - - - - -] MySQL server mode set to STRICT_TRANS_TABLES,STRICT_ALL_TABLES,NO_ZERO_IN_DATE,NO_ZERO_DATE,ERROR_FOR_DIVISION_BY_ZERO,TRADITIONAL,NO_ENGINE_SUBSTITUTION _check_effective_sql_mode /usr/lib/python3/dist-packages/oslo_db/sqlalchemy/engines.py:314
2024-11-04 00:39:47.966 35618 DEBUG oslo_db.sqlalchemy.engines [req-ee874f77-7f3e-4073-86e2-d80809f5e78d - - - - -] MySQL server mode set to STRICT_TRANS_TABLES,STRICT_ALL_TABLES,NO_ZERO_IN_DATE,NO_ZERO_DATE,ERROR_FOR_DIVISION_BY_ZERO,TRADITIONAL,NO_ENGINE_SUBSTITUTION _check_effective_sql_mode /usr/lib/python3/dist-packages/oslo_db/sqlalchemy/engines.py:314
2024-11-04 00:39:48.029 35620 DEBUG oslo_db.sqlalchemy.engines [req-3d2c473b-6627-4a4a-8693-d409c6dc912f - - - - -] MySQL server mode set to STRICT_TRANS_TABLES,STRICT_ALL_TABLES,NO_ZERO_IN_DATE,NO_ZERO_DATE,ERROR_FOR_DIVISION_BY_ZERO,TRADITIONAL,NO_ENGINE_SUBSTITUTION _check_effective_sql_mode /usr/lib/python3/dist-packages/oslo_db/sqlalchemy/engines.py:314
2024-11-04 00:39:48.136 35618 DEBUG heat.engine.service [req-f7734f32-62de-4f21-a04e-40d80c7d7f7b - - - - -] Service b7f09a9b-77e4-4715-8060-ed4909e9b218 is started service_manage_report /usr/lib/python3/dist-packages/heat/engine/service.py:2363
2024-11-04 00:39:48.140 35619 DEBUG heat.engine.service [req-f3781967-dc43-4822-8e5c-5cbab499b904 - - - - -] Service 84241f42-085b-4c71-9701-d0632bb51632 is started service_manage_report /usr/lib/python3/dist-packages/heat/engine/service.py:2363
2024-11-04 00:39:48.145 35617 DEBUG heat.engine.service [req-39a42b21-0120-4645-b37e-0b096eb0cab6 - - - - -] Service f0c1128a-dc59-4478-951c-cb1edc0c9ffe is started service_manage_report /usr/lib/python3/dist-packages/heat/engine/service.py:2363
2024-11-04 00:39:48.166 35618 DEBUG heat.engine.service [req-f7734f32-62de-4f21-a04e-40d80c7d7f7b - - - - -] Service b7f09a9b-77e4-4715-8060-ed4909e9b218 is updated service_manage_report /usr/lib/python3/dist-packages/heat/engine/service.py:2370
2024-11-04 00:39:48.173 35617 DEBUG heat.engine.service [req-39a42b21-0120-4645-b37e-0b096eb0cab6 - - - - -] Service f0c1128a-dc59-4478-951c-cb1edc0c9ffe is updated service_manage_report /usr/lib/python3/dist-packages/heat/engine/service.py:2370
2024-11-04 00:39:48.176 35619 DEBUG heat.engine.service [req-f3781967-dc43-4822-8e5c-5cbab499b904 - - - - -] Service 84241f42-085b-4c71-9701-d0632bb51632 is updated service_manage_report /usr/lib/python3/dist-packages/heat/engine/service.py:2370
2024-11-04 00:39:48.188 35620 DEBUG heat.engine.service [req-68450bd4-7c51-4d85-8e6d-1078e5bf7472 - - - - -] Service 5a83d180-3df5-4fd2-bcb2-63270a6f3fea is started service_manage_report /usr/lib/python3/dist-packages/heat/engine/service.py:2363
2024-11-04 00:39:48.215 35620 DEBUG heat.engine.service [req-68450bd4-7c51-4d85-8e6d-1078e5bf7472 - - - - -] Service 5a83d180-3df5-4fd2-bcb2-63270a6f3fea is updated service_manage_report /usr/lib/python3/dist-packages/heat/engine/service.py:2370
2024-11-04 00:40:48.043 35619 DEBUG heat.engine.service [req-f3ce801e-061e-4531-8c8b-84cbf22bd1f3 - - - - -] Service 84241f42-085b-4c71-9701-d0632bb51632 is updated service_manage_report /usr/lib/python3/dist-packages/heat/engine/service.py:2370
2024-11-04 00:40:48.054 35618 DEBUG heat.engine.service [req-4985b0e9-363b-40d4-85c1-569415556ad2 - - - - -] Service b7f09a9b-77e4-4715-8060-ed4909e9b218 is updated service_manage_report /usr/lib/python3/dist-packages/heat/engine/service.py:2370
2024-11-04 00:40:48.066 35617 DEBUG heat.engine.service [req-5a61a6a1-682d-431f-8a48-851508a859f7 - - - - -] Service f0c1128a-dc59-4478-951c-cb1edc0c9ffe is updated service_manage_report /usr/lib/python3/dist-packages/heat/engine/service.py:2370
2024-11-04 00:40:48.186 35620 DEBUG heat.engine.service [req-aa117ca9-c93b-4db1-ab41-9dde559783ce - - - - -] Service 5a83d180-3df5-4fd2-bcb2-63270a6f3fea is updated service_manage_report /usr/lib/python3/dist-packages/heat/engine/service.py:2370
2024-11-04 00:41:48.042 35619 DEBUG heat.engine.service [req-3f1581a2-d1bc-4833-afb2-af23d9a5bff0 - - - - -] Service 84241f42-085b-4c71-9701-d0632bb51632 is updated service_manage_report /usr/lib/python3/dist-packages/heat/engine/service.py:2370
2024-11-04 00:41:48.060 35618 DEBUG heat.engine.service [req-33ade3f2-7adc-4a3d-8e70-c86e1e8a3d09 - - - - -] Service b7f09a9b-77e4-4715-8060-ed4909e9b218 is updated service_manage_report /usr/lib/python3/dist-packages/heat/engine/service.py:2370
2024-11-04 00:41:48.453 35617 DEBUG heat.engine.service [req-ed86b22f-c908-433e-913b-ab9425feaddf - - - - -] Service f0c1128a-dc59-4478-951c-cb1edc0c9ffe is updated service_manage_report /usr/lib/python3/dist-packages/heat/engine/service.py:2370
2024-11-04 00:41:48.464 35620 DEBUG heat.engine.service [req-dcd3bbc2-645f-4485-8a11-a878fe1b37c2 - - - - -] Service 5a83d180-3df5-4fd2-bcb2-63270a6f3fea is updated service_manage_report /usr/lib/python3/dist-packages/heat/engine/service.py:2370
2024-11-04 00:42:48.036 35619 DEBUG heat.engine.service [req-7e6d469e-ba00-4800-a3a1-3d29ab7bf59c - - - - -] Service 84241f42-085b-4c71-9701-d0632bb51632 is updated service_manage_report /usr/lib/python3/dist-packages/heat/engine/service.py:2370
2024-11-04 00:42:48.055 35618 DEBUG heat.engine.service [req-5bd7d425-f846-4f39-8f37-7ca23e9d2457 - - - - -] Service b7f09a9b-77e4-4715-8060-ed4909e9b218 is updated service_manage_report /usr/lib/python3/dist-packages/heat/engine/service.py:2370
2024-11-04 00:42:48.058 35617 DEBUG heat.engine.service [req-094ecf82-e23b-4815-bb94-ca01a1c891a8 - - - - -] Service f0c1128a-dc59-4478-951c-cb1edc0c9ffe is updated service_manage_report /usr/lib/python3/dist-packages/heat/engine/service.py:2370
2024-11-04 00:42:48.179 35620 DEBUG heat.engine.service [req-430ddae8-c33c-44f7-827e-5c9bde97ccfa - - - - -] Service 5a83d180-3df5-4fd2-bcb2-63270a6f3fea is updated service_manage_report /usr/lib/python3/dist-packages/heat/engine/service.py:2370
2024-11-04 00:43:48.042 35619 DEBUG heat.engine.service [req-dfa0a214-7b6a-4b06-8455-ec210c168687 - - - - -] Service 84241f42-085b-4c71-9701-d0632bb51632 is updated service_manage_report /usr/lib/python3/dist-packages/heat/engine/service.py:2370
2024-11-04 00:43:48.067 35618 DEBUG heat.engine.service [req-036f5c15-8412-46cf-884b-0dfacc5402fc - - - - -] Service b7f09a9b-77e4-4715-8060-ed4909e9b218 is updated service_manage_report /usr/lib/python3/dist-packages/heat/engine/service.py:2370
2024-11-04 00:43:48.072 35617 DEBUG heat.engine.service [req-b2569f59-1a93-40a8-8d39-970d7bdbda51 - - - - -] Service f0c1128a-dc59-4478-951c-cb1edc0c9ffe is updated service_manage_report /usr/lib/python3/dist-packages/heat/engine/service.py:2370
2024-11-04 00:43:48.394 35620 DEBUG heat.engine.service [req-80561f8e-e788-4598-ad30-e198df7eaa1c - - - - -] Service 5a83d180-3df5-4fd2-bcb2-63270a6f3fea is updated service_manage_report /usr/lib/python3/dist-packages/heat/engine/service.py:2370
2024-11-04 00:44:48.056 35619 DEBUG heat.engine.service [req-723a174c-8f5c-4170-9405-ea58807c97ff - - - - -] Service 84241f42-085b-4c71-9701-d0632bb51632 is updated service_manage_report /usr/lib/python3/dist-packages/heat/engine/service.py:2370
2024-11-04 00:44:48.067 35618 DEBUG heat.engine.service [req-5e95c679-6b8b-4eb3-9da3-157621a50d47 - - - - -] Service b7f09a9b-77e4-4715-8060-ed4909e9b218 is updated service_manage_report /usr/lib/python3/dist-packages/heat/engine/service.py:2370
2024-11-04 00:44:48.073 35617 DEBUG heat.engine.service [req-0e5a92e4-1d66-47c3-8102-2584b64e0e75 - - - - -] Service f0c1128a-dc59-4478-951c-cb1edc0c9ffe is updated service_manage_report /usr/lib/python3/dist-packages/heat/engine/service.py:2370
2024-11-04 00:44:48.192 35620 DEBUG heat.engine.service [req-7c605066-9a39-4846-9b2d-89f47a1525d4 - - - - -] Service 5a83d180-3df5-4fd2-bcb2-63270a6f3fea is updated service_manage_report /usr/lib/python3/dist-packages/heat/engine/service.py:2370
2024-11-04 00:45:48.053 35619 DEBUG heat.engine.service [req-548c456f-ce4a-4ccb-aaec-399979e19b12 - - - - -] Service 84241f42-085b-4c71-9701-d0632bb51632 is updated service_manage_report /usr/lib/python3/dist-packages/heat/engine/service.py:2370
2024-11-04 00:45:48.065 35618 DEBUG heat.engine.service [req-10b70c40-6b98-4854-a459-f39c9913244b - - - - -] Service b7f09a9b-77e4-4715-8060-ed4909e9b218 is updated service_manage_report /usr/lib/python3/dist-packages/heat/engine/service.py:2370
2024-11-04 00:45:48.070 35617 DEBUG heat.engine.service [req-a6a8140a-4671-48c7-8e7f-40311f2d7af7 - - - - -] Service f0c1128a-dc59-4478-951c-cb1edc0c9ffe is updated service_manage_report /usr/lib/python3/dist-packages/heat/engine/service.py:2370
2024-11-04 00:45:48.189 35620 DEBUG heat.engine.service [req-8d521468-857b-42f4-bf84-ce8edc2a3fc9 - - - - -] Service 5a83d180-3df5-4fd2-bcb2-63270a6f3fea is updated service_manage_report /usr/lib/python3/dist-packages/heat/engine/service.py:2370
2024-11-04 00:46:48.048 35619 DEBUG heat.engine.service [req-5b392dbe-cdf1-4cf7-bc1a-5f1cef1b3100 - - - - -] Service 84241f42-085b-4c71-9701-d0632bb51632 is updated service_manage_report /usr/lib/python3/dist-packages/heat/engine/service.py:2370
2024-11-04 00:46:48.060 35618 DEBUG heat.engine.service [req-235e0ca2-38e3-4f5f-a6bd-4c03aa27dc04 - - - - -] Service b7f09a9b-77e4-4715-8060-ed4909e9b218 is updated service_manage_report /usr/lib/python3/dist-packages/heat/engine/service.py:2370
2024-11-04 00:46:48.071 35617 DEBUG heat.engine.service [req-08e8571a-0ece-4c1b-aa9f-8963d5026007 - - - - -] Service f0c1128a-dc59-4478-951c-cb1edc0c9ffe is updated service_manage_report /usr/lib/python3/dist-packages/heat/engine/service.py:2370
2024-11-04 00:46:48.187 35620 DEBUG heat.engine.service [req-1aded03d-3ef8-428d-88b2-17f8b3d84152 - - - - -] Service 5a83d180-3df5-4fd2-bcb2-63270a6f3fea is updated service_manage_report /usr/lib/python3/dist-packages/heat/engine/service.py:2370
2024-11-04 00:47:48.057 35619 DEBUG heat.engine.service [req-33e167a2-3f1f-4076-a2e0-1257a2252faf - - - - -] Service 84241f42-085b-4c71-9701-d0632bb51632 is updated service_manage_report /usr/lib/python3/dist-packages/heat/engine/service.py:2370
2024-11-04 00:47:48.070 35617 DEBUG heat.engine.service [req-bddb2848-06c9-47c5-82d5-01862817b32d - - - - -] Service f0c1128a-dc59-4478-951c-cb1edc0c9ffe is updated service_manage_report /usr/lib/python3/dist-packages/heat/engine/service.py:2370
2024-11-04 00:47:48.071 35618 DEBUG heat.engine.service [req-a0bb5a34-a09e-4d08-8717-74aa71cb9262 - - - - -] Service b7f09a9b-77e4-4715-8060-ed4909e9b218 is updated service_manage_report /usr/lib/python3/dist-packages/heat/engine/service.py:2370
2024-11-04 00:47:48.184 35620 DEBUG heat.engine.service [req-6bd51395-b6f5-40ed-b43b-90d7ea959b77 - - - - -] Service 5a83d180-3df5-4fd2-bcb2-63270a6f3fea is updated service_manage_report /usr/lib/python3/dist-packages/heat/engine/service.py:2370
2024-11-04 00:48:48.053 35619 DEBUG heat.engine.service [req-16a5afa9-f4f5-4849-a011-0415f6ee7566 - - - - -] Service 84241f42-085b-4c71-9701-d0632bb51632 is updated service_manage_report /usr/lib/python3/dist-packages/heat/engine/service.py:2370
2024-11-04 00:48:48.065 35618 DEBUG heat.engine.service [req-b2c6d692-3be1-4d2e-80a4-551a6f851bc5 - - - - -] Service b7f09a9b-77e4-4715-8060-ed4909e9b218 is updated service_manage_report /usr/lib/python3/dist-packages/heat/engine/service.py:2370
2024-11-04 00:48:48.067 35617 DEBUG heat.engine.service [req-45e23e14-a2b6-4273-b74c-646b5751b786 - - - - -] Service f0c1128a-dc59-4478-951c-cb1edc0c9ffe is updated service_manage_report /usr/lib/python3/dist-packages/heat/engine/service.py:2370
2024-11-04 00:48:48.180 35620 DEBUG heat.engine.service [req-90bae477-bf8b-400b-a9d0-bb9da34cca85 - - - - -] Service 5a83d180-3df5-4fd2-bcb2-63270a6f3fea is updated service_manage_report /usr/lib/python3/dist-packages/heat/engine/service.py:2370
2024-11-04 00:49:48.053 35619 DEBUG heat.engine.service [req-93329dbb-7b4e-4088-a8bb-28b2e0cca089 - - - - -] Service 84241f42-085b-4c71-9701-d0632bb51632 is updated service_manage_report /usr/lib/python3/dist-packages/heat/engine/service.py:2370
2024-11-04 00:49:48.061 35617 DEBUG heat.engine.service [req-495bc2eb-0a8e-4835-9027-bfc004836bd0 - - - - -] Service f0c1128a-dc59-4478-951c-cb1edc0c9ffe is updated service_manage_report /usr/lib/python3/dist-packages/heat/engine/service.py:2370
2024-11-04 00:49:48.069 35618 DEBUG heat.engine.service [req-86f7ffc6-4c7c-4e4d-bbf9-128b19fe78ce - - - - -] Service b7f09a9b-77e4-4715-8060-ed4909e9b218 is updated service_manage_report /usr/lib/python3/dist-packages/heat/engine/service.py:2370
2024-11-04 00:49:48.184 35620 DEBUG heat.engine.service [req-f29c72d0-a909-4b61-91ff-2270e5a9b3a8 - - - - -] Service 5a83d180-3df5-4fd2-bcb2-63270a6f3fea is updated service_manage_report /usr/lib/python3/dist-packages/heat/engine/service.py:2370
2024-11-04 00:50:48.055 35619 DEBUG heat.engine.service [req-8d93ba75-2bfa-4acb-85ce-200f68531045 - - - - -] Service 84241f42-085b-4c71-9701-d0632bb51632 is updated service_manage_report /usr/lib/python3/dist-packages/heat/engine/service.py:2370
2024-11-04 00:50:48.071 35617 DEBUG heat.engine.service [req-3a366e3a-21ac-4d64-bbe7-a6c4b2bebee2 - - - - -] Service f0c1128a-dc59-4478-951c-cb1edc0c9ffe is updated service_manage_report /usr/lib/python3/dist-packages/heat/engine/service.py:2370
2024-11-04 00:50:48.080 35618 DEBUG heat.engine.service [req-2ceafad6-f554-4aa2-98d5-63edf09558d5 - - - - -] Service b7f09a9b-77e4-4715-8060-ed4909e9b218 is updated service_manage_report /usr/lib/python3/dist-packages/heat/engine/service.py:2370
2024-11-04 00:50:48.189 35620 DEBUG heat.engine.service [req-4a99172e-9768-4108-8ed6-2fa0e25dd198 - - - - -] Service 5a83d180-3df5-4fd2-bcb2-63270a6f3fea is updated service_manage_report /usr/lib/python3/dist-packages/heat/engine/service.py:2370
2024-11-04 00:51:48.053 35619 DEBUG heat.engine.service [req-0ce4e724-91cb-4b55-9a80-023d3f2f95c0 - - - - -] Service 84241f42-085b-4c71-9701-d0632bb51632 is updated service_manage_report /usr/lib/python3/dist-packages/heat/engine/service.py:2370
2024-11-04 00:51:48.070 35617 DEBUG heat.engine.service [req-2713dd88-06f5-4fac-a1b4-40f953af2256 - - - - -] Service f0c1128a-dc59-4478-951c-cb1edc0c9ffe is updated service_manage_report /usr/lib/python3/dist-packages/heat/engine/service.py:2370
2024-11-04 00:51:48.075 35618 DEBUG heat.engine.service [req-a5d4b600-cb8d-44b0-bc1e-5cd9a31fc476 - - - - -] Service b7f09a9b-77e4-4715-8060-ed4909e9b218 is updated service_manage_report /usr/lib/python3/dist-packages/heat/engine/service.py:2370
2024-11-04 00:51:48.194 35620 DEBUG heat.engine.service [req-8e45fdcf-98ee-47ab-ae9d-c154189a62b0 - - - - -] Service 5a83d180-3df5-4fd2-bcb2-63270a6f3fea is updated service_manage_report /usr/lib/python3/dist-packages/heat/engine/service.py:2370
2024-11-04 00:52:48.048 35619 DEBUG heat.engine.service [req-01903097-ea26-4f1f-905b-4e35049384f5 - - - - -] Service 84241f42-085b-4c71-9701-d0632bb51632 is updated service_manage_report /usr/lib/python3/dist-packages/heat/engine/service.py:2370
2024-11-04 00:52:48.063 35617 DEBUG heat.engine.service [req-cef67e42-60b2-4939-8505-e2b1550dcb62 - - - - -] Service f0c1128a-dc59-4478-951c-cb1edc0c9ffe is updated service_manage_report /usr/lib/python3/dist-packages/heat/engine/service.py:2370
2024-11-04 00:52:48.083 35618 DEBUG heat.engine.service [req-07abc793-3e99-4e6b-b60a-7410dd7fb8d4 - - - - -] Service b7f09a9b-77e4-4715-8060-ed4909e9b218 is updated service_manage_report /usr/lib/python3/dist-packages/heat/engine/service.py:2370
2024-11-04 00:52:48.202 35620 DEBUG heat.engine.service [req-7777c896-91c4-44d5-97d1-3633fb3b6afc - - - - -] Service 5a83d180-3df5-4fd2-bcb2-63270a6f3fea is updated service_manage_report /usr/lib/python3/dist-packages/heat/engine/service.py:2370
2024-11-04 00:53:48.054 35619 DEBUG heat.engine.service [req-27dba719-0bbf-4106-b934-417419925cef - - - - -] Service 84241f42-085b-4c71-9701-d0632bb51632 is updated service_manage_report /usr/lib/python3/dist-packages/heat/engine/service.py:2370
2024-11-04 00:53:48.071 35617 DEBUG heat.engine.service [req-ffc3d6ec-ac0e-4e19-938d-f7fd391fb585 - - - - -] Service f0c1128a-dc59-4478-951c-cb1edc0c9ffe is updated service_manage_report /usr/lib/python3/dist-packages/heat/engine/service.py:2370
2024-11-04 00:53:48.081 35618 DEBUG heat.engine.service [req-710465ea-e0e6-4930-b109-2cde73c93c86 - - - - -] Service b7f09a9b-77e4-4715-8060-ed4909e9b218 is updated service_manage_report /usr/lib/python3/dist-packages/heat/engine/service.py:2370
2024-11-04 00:53:48.198 35620 DEBUG heat.engine.service [req-2693c497-5085-4308-aac3-a5975c8f6428 - - - - -] Service 5a83d180-3df5-4fd2-bcb2-63270a6f3fea is updated service_manage_report /usr/lib/python3/dist-packages/heat/engine/service.py:2370
2024-11-04 00:54:48.051 35619 DEBUG heat.engine.service [req-13db34e6-c984-497b-8542-177386d52b65 - - - - -] Service 84241f42-085b-4c71-9701-d0632bb51632 is updated service_manage_report /usr/lib/python3/dist-packages/heat/engine/service.py:2370
2024-11-04 00:54:48.065 35617 DEBUG heat.engine.service [req-18f5fe27-399a-4391-8c27-dc65baebf9c4 - - - - -] Service f0c1128a-dc59-4478-951c-cb1edc0c9ffe is updated service_manage_report /usr/lib/python3/dist-packages/heat/engine/service.py:2370
2024-11-04 00:54:48.080 35618 DEBUG heat.engine.service [req-b68d70ef-b7de-4112-a918-513a6b0fc5b8 - - - - -] Service b7f09a9b-77e4-4715-8060-ed4909e9b218 is updated service_manage_report /usr/lib/python3/dist-packages/heat/engine/service.py:2370
2024-11-04 00:54:48.204 35620 DEBUG heat.engine.service [req-d48787c3-86d0-4d24-b1a2-a98b4cee8428 - - - - -] Service 5a83d180-3df5-4fd2-bcb2-63270a6f3fea is updated service_manage_report /usr/lib/python3/dist-packages/heat/engine/service.py:2370
2024-11-04 00:55:48.047 35619 DEBUG heat.engine.service [req-d753fccb-699c-4bc7-a287-9f7082e49fd9 - - - - -] Service 84241f42-085b-4c71-9701-d0632bb51632 is updated service_manage_report /usr/lib/python3/dist-packages/heat/engine/service.py:2370
2024-11-04 00:55:48.073 35617 DEBUG heat.engine.service [req-8c0b3296-0688-43c4-84ad-27eb1e686c98 - - - - -] Service f0c1128a-dc59-4478-951c-cb1edc0c9ffe is updated service_manage_report /usr/lib/python3/dist-packages/heat/engine/service.py:2370
