2024-10-31 00:42:28.432 134172 DEBUG oslo_service.service [req-1a38af3d-f22c-4025-86f3-a97199d4bceb - - - - -] workarounds.skip_cpu_compare_on_dest = False log_opt_values /usr/lib/python3/dist-packages/oslo_config/cfg.py:2609
2024-10-31 00:42:28.432 134172 DEBUG oslo_service.service [req-1a38af3d-f22c-4025-86f3-a97199d4bceb - - - - -] workarounds.skip_hypervisor_version_check_on_lm = False log_opt_values /usr/lib/python3/dist-packages/oslo_config/cfg.py:2609
2024-10-31 00:42:28.432 134172 DEBUG oslo_service.service [req-1a38af3d-f22c-4025-86f3-a97199d4bceb - - - - -] workarounds.unified_limits_count_pcpu_as_vcpu = False log_opt_values /usr/lib/python3/dist-packages/oslo_config/cfg.py:2609
2024-10-31 00:42:28.432 134172 DEBUG oslo_service.service [req-1a38af3d-f22c-4025-86f3-a97199d4bceb - - - - -] workarounds.wait_for_vif_plugged_event_during_hard_reboot = [] log_opt_values /usr/lib/python3/dist-packages/oslo_config/cfg.py:2609
2024-10-31 00:42:28.432 134172 DEBUG oslo_service.service [req-1a38af3d-f22c-4025-86f3-a97199d4bceb - - - - -] wsgi.api_paste_config = /etc/nova/api-paste.ini log_opt_values /usr/lib/python3/dist-packages/oslo_config/cfg.py:2609
2024-10-31 00:42:28.432 134172 DEBUG oslo_service.service [req-1a38af3d-f22c-4025-86f3-a97199d4bceb - - - - -] wsgi.client_socket_timeout = 900 log_opt_values /usr/lib/python3/dist-packages/oslo_config/cfg.py:2609
2024-10-31 00:42:28.433 134172 DEBUG oslo_service.service [req-1a38af3d-f22c-4025-86f3-a97199d4bceb - - - - -] wsgi.default_pool_size = 1000 log_opt_values /usr/lib/python3/dist-packages/oslo_config/cfg.py:2609
2024-10-31 00:42:28.433 134172 DEBUG oslo_service.service [req-1a38af3d-f22c-4025-86f3-a97199d4bceb - - - - -] wsgi.keep_alive = True log_opt_values /usr/lib/python3/dist-packages/oslo_config/cfg.py:2609
2024-10-31 00:42:28.433 134172 DEBUG oslo_service.service [req-1a38af3d-f22c-4025-86f3-a97199d4bceb - - - - -] wsgi.max_header_line = 16384 log_opt_values /usr/lib/python3/dist-packages/oslo_config/cfg.py:2609
2024-10-31 00:42:28.433 134172 DEBUG oslo_service.service [req-1a38af3d-f22c-4025-86f3-a97199d4bceb - - - - -] wsgi.secure_proxy_ssl_header = None log_opt_values /usr/lib/python3/dist-packages/oslo_config/cfg.py:2609
2024-10-31 00:42:28.433 134172 DEBUG oslo_service.service [req-1a38af3d-f22c-4025-86f3-a97199d4bceb - - - - -] wsgi.ssl_ca_file = None log_opt_values /usr/lib/python3/dist-packages/oslo_config/cfg.py:2609
2024-10-31 00:42:28.434 134172 DEBUG oslo_service.service [req-1a38af3d-f22c-4025-86f3-a97199d4bceb - - - - -] wsgi.ssl_cert_file = None log_opt_values /usr/lib/python3/dist-packages/oslo_config/cfg.py:2609
2024-10-31 00:42:28.434 134172 DEBUG oslo_service.service [req-1a38af3d-f22c-4025-86f3-a97199d4bceb - - - - -] wsgi.ssl_key_file = None log_opt_values /usr/lib/python3/dist-packages/oslo_config/cfg.py:2609
2024-10-31 00:42:28.434 134172 DEBUG oslo_service.service [req-1a38af3d-f22c-4025-86f3-a97199d4bceb - - - - -] wsgi.tcp_keepidle = 600 log_opt_values /usr/lib/python3/dist-packages/oslo_config/cfg.py:2609
2024-10-31 00:42:28.434 134172 DEBUG oslo_service.service [req-1a38af3d-f22c-4025-86f3-a97199d4bceb - - - - -] wsgi.wsgi_log_format = %(client_ip)s "%(request_line)s" status: %(status_code)s len: %(body_length)s time: %(wall_seconds).7f log_opt_values /usr/lib/python3/dist-packages/oslo_config/cfg.py:2609
2024-10-31 00:42:28.434 134172 DEBUG oslo_service.service [req-1a38af3d-f22c-4025-86f3-a97199d4bceb - - - - -] zvm.ca_file = None log_opt_values /usr/lib/python3/dist-packages/oslo_config/cfg.py:2609
2024-10-31 00:42:28.434 134172 DEBUG oslo_service.service [req-1a38af3d-f22c-4025-86f3-a97199d4bceb - - - - -] zvm.cloud_connector_url = None log_opt_values /usr/lib/python3/dist-packages/oslo_config/cfg.py:2609
2024-10-31 00:42:28.435 134172 DEBUG oslo_service.service [req-1a38af3d-f22c-4025-86f3-a97199d4bceb - - - - -] zvm.image_tmp_path = /var/lib/nova/images log_opt_values /usr/lib/python3/dist-packages/oslo_config/cfg.py:2609
2024-10-31 00:42:28.435 134172 DEBUG oslo_service.service [req-1a38af3d-f22c-4025-86f3-a97199d4bceb - - - - -] zvm.reachable_timeout = 300 log_opt_values /usr/lib/python3/dist-packages/oslo_config/cfg.py:2609
2024-10-31 00:42:28.435 134172 DEBUG oslo_service.service [req-1a38af3d-f22c-4025-86f3-a97199d4bceb - - - - -] oslo_messaging_metrics.metrics_buffer_size = 1000 log_opt_values /usr/lib/python3/dist-packages/oslo_config/cfg.py:2609
2024-10-31 00:42:28.435 134172 DEBUG oslo_service.service [req-1a38af3d-f22c-4025-86f3-a97199d4bceb - - - - -] oslo_messaging_metrics.metrics_enabled = False log_opt_values /usr/lib/python3/dist-packages/oslo_config/cfg.py:2609
2024-10-31 00:42:28.435 134172 DEBUG oslo_service.service [req-1a38af3d-f22c-4025-86f3-a97199d4bceb - - - - -] oslo_messaging_metrics.metrics_process_name = log_opt_values /usr/lib/python3/dist-packages/oslo_config/cfg.py:2609
2024-10-31 00:42:28.436 134172 DEBUG oslo_service.service [req-1a38af3d-f22c-4025-86f3-a97199d4bceb - - - - -] oslo_messaging_metrics.metrics_socket_file = /var/tmp/metrics_collector.sock log_opt_values /usr/lib/python3/dist-packages/oslo_config/cfg.py:2609
2024-10-31 00:42:28.436 134172 DEBUG oslo_service.service [req-1a38af3d-f22c-4025-86f3-a97199d4bceb - - - - -] oslo_messaging_metrics.metrics_thread_stop_timeout = 10 log_opt_values /usr/lib/python3/dist-packages/oslo_config/cfg.py:2609
2024-10-31 00:42:28.436 134172 DEBUG oslo_service.service [req-1a38af3d-f22c-4025-86f3-a97199d4bceb - - - - -] oslo_policy.enforce_new_defaults = False log_opt_values /usr/lib/python3/dist-packages/oslo_config/cfg.py:2609
2024-10-31 00:42:28.436 134172 DEBUG oslo_service.service [req-1a38af3d-f22c-4025-86f3-a97199d4bceb - - - - -] oslo_policy.enforce_scope = False log_opt_values /usr/lib/python3/dist-packages/oslo_config/cfg.py:2609
2024-10-31 00:42:28.436 134172 DEBUG oslo_service.service [req-1a38af3d-f22c-4025-86f3-a97199d4bceb - - - - -] oslo_policy.policy_default_rule = default log_opt_values /usr/lib/python3/dist-packages/oslo_config/cfg.py:2609
2024-10-31 00:42:28.437 134172 DEBUG oslo_service.service [req-1a38af3d-f22c-4025-86f3-a97199d4bceb - - - - -] oslo_policy.policy_dirs = ['policy.d'] log_opt_values /usr/lib/python3/dist-packages/oslo_config/cfg.py:2609
2024-10-31 00:42:28.437 134172 DEBUG oslo_service.service [req-1a38af3d-f22c-4025-86f3-a97199d4bceb - - - - -] oslo_policy.policy_file = policy.yaml log_opt_values /usr/lib/python3/dist-packages/oslo_config/cfg.py:2609
2024-10-31 00:42:28.437 134172 DEBUG oslo_service.service [req-1a38af3d-f22c-4025-86f3-a97199d4bceb - - - - -] oslo_policy.remote_content_type = application/x-www-form-urlencoded log_opt_values /usr/lib/python3/dist-packages/oslo_config/cfg.py:2609
2024-10-31 00:42:28.437 134172 DEBUG oslo_service.service [req-1a38af3d-f22c-4025-86f3-a97199d4bceb - - - - -] oslo_policy.remote_ssl_ca_crt_file = None log_opt_values /usr/lib/python3/dist-packages/oslo_config/cfg.py:2609
2024-10-31 00:42:28.437 134172 DEBUG oslo_service.service [req-1a38af3d-f22c-4025-86f3-a97199d4bceb - - - - -] oslo_policy.remote_ssl_client_crt_file = None log_opt_values /usr/lib/python3/dist-packages/oslo_config/cfg.py:2609
2024-10-31 00:42:28.438 134172 DEBUG oslo_service.service [req-1a38af3d-f22c-4025-86f3-a97199d4bceb - - - - -] oslo_policy.remote_ssl_client_key_file = None log_opt_values /usr/lib/python3/dist-packages/oslo_config/cfg.py:2609
2024-10-31 00:42:28.438 134172 DEBUG oslo_service.service [req-1a38af3d-f22c-4025-86f3-a97199d4bceb - - - - -] oslo_policy.remote_ssl_verify_server_crt = False log_opt_values /usr/lib/python3/dist-packages/oslo_config/cfg.py:2609
2024-10-31 00:42:28.438 134172 DEBUG oslo_service.service [req-1a38af3d-f22c-4025-86f3-a97199d4bceb - - - - -] oslo_versionedobjects.fatal_exception_format_errors = False log_opt_values /usr/lib/python3/dist-packages/oslo_config/cfg.py:2609
2024-10-31 00:42:28.438 134172 DEBUG oslo_service.service [req-1a38af3d-f22c-4025-86f3-a97199d4bceb - - - - -] oslo_middleware.http_basic_auth_user_file = /etc/htpasswd log_opt_values /usr/lib/python3/dist-packages/oslo_config/cfg.py:2609
2024-10-31 00:42:28.438 134172 DEBUG oslo_service.service [req-1a38af3d-f22c-4025-86f3-a97199d4bceb - - - - -] profiler.connection_string = messaging:// log_opt_values /usr/lib/python3/dist-packages/oslo_config/cfg.py:2609
2024-10-31 00:42:28.438 134172 DEBUG oslo_service.service [req-1a38af3d-f22c-4025-86f3-a97199d4bceb - - - - -] profiler.enabled = False log_opt_values /usr/lib/python3/dist-packages/oslo_config/cfg.py:2609
2024-10-31 00:42:28.439 134172 DEBUG oslo_service.service [req-1a38af3d-f22c-4025-86f3-a97199d4bceb - - - - -] profiler.es_doc_type = notification log_opt_values /usr/lib/python3/dist-packages/oslo_config/cfg.py:2609
2024-10-31 00:42:28.439 134172 DEBUG oslo_service.service [req-1a38af3d-f22c-4025-86f3-a97199d4bceb - - - - -] profiler.es_scroll_size = 10000 log_opt_values /usr/lib/python3/dist-packages/oslo_config/cfg.py:2609
2024-10-31 00:42:28.439 134172 DEBUG oslo_service.service [req-1a38af3d-f22c-4025-86f3-a97199d4bceb - - - - -] profiler.es_scroll_time = 2m log_opt_values /usr/lib/python3/dist-packages/oslo_config/cfg.py:2609
2024-10-31 00:42:28.439 134172 DEBUG oslo_service.service [req-1a38af3d-f22c-4025-86f3-a97199d4bceb - - - - -] profiler.filter_error_trace = False log_opt_values /usr/lib/python3/dist-packages/oslo_config/cfg.py:2609
2024-10-31 00:42:28.439 134172 DEBUG oslo_service.service [req-1a38af3d-f22c-4025-86f3-a97199d4bceb - - - - -] profiler.hmac_keys = SECRET_KEY log_opt_values /usr/lib/python3/dist-packages/oslo_config/cfg.py:2609
2024-10-31 00:42:28.440 134172 DEBUG oslo_service.service [req-1a38af3d-f22c-4025-86f3-a97199d4bceb - - - - -] profiler.sentinel_service_name = mymaster log_opt_values /usr/lib/python3/dist-packages/oslo_config/cfg.py:2609
2024-10-31 00:42:28.440 134172 DEBUG oslo_service.service [req-1a38af3d-f22c-4025-86f3-a97199d4bceb - - - - -] profiler.socket_timeout = 0.1 log_opt_values /usr/lib/python3/dist-packages/oslo_config/cfg.py:2609
2024-10-31 00:42:28.440 134172 DEBUG oslo_service.service [req-1a38af3d-f22c-4025-86f3-a97199d4bceb - - - - -] profiler.trace_sqlalchemy = False log_opt_values /usr/lib/python3/dist-packages/oslo_config/cfg.py:2609
2024-10-31 00:42:28.440 134172 DEBUG oslo_service.service [req-1a38af3d-f22c-4025-86f3-a97199d4bceb - - - - -] remote_debug.host = None log_opt_values /usr/lib/python3/dist-packages/oslo_config/cfg.py:2609
2024-10-31 00:42:28.440 134172 DEBUG oslo_service.service [req-1a38af3d-f22c-4025-86f3-a97199d4bceb - - - - -] remote_debug.port = None log_opt_values /usr/lib/python3/dist-packages/oslo_config/cfg.py:2609
2024-10-31 00:42:28.441 134172 DEBUG oslo_service.service [req-1a38af3d-f22c-4025-86f3-a97199d4bceb - - - - -] oslo_messaging_rabbit.amqp_auto_delete = False log_opt_values /usr/lib/python3/dist-packages/oslo_config/cfg.py:2609
2024-10-31 00:42:28.441 134172 DEBUG oslo_service.service [req-1a38af3d-f22c-4025-86f3-a97199d4bceb - - - - -] oslo_messaging_rabbit.amqp_durable_queues = False log_opt_values /usr/lib/python3/dist-packages/oslo_config/cfg.py:2609
2024-10-31 00:42:28.441 134172 DEBUG oslo_service.service [req-1a38af3d-f22c-4025-86f3-a97199d4bceb - - - - -] oslo_messaging_rabbit.conn_pool_min_size = 2 log_opt_values /usr/lib/python3/dist-packages/oslo_config/cfg.py:2609
2024-10-31 00:42:28.441 134172 DEBUG oslo_service.service [req-1a38af3d-f22c-4025-86f3-a97199d4bceb - - - - -] oslo_messaging_rabbit.conn_pool_ttl = 1200 log_opt_values /usr/lib/python3/dist-packages/oslo_config/cfg.py:2609
2024-10-31 00:42:28.441 134172 DEBUG oslo_service.service [req-1a38af3d-f22c-4025-86f3-a97199d4bceb - - - - -] oslo_messaging_rabbit.direct_mandatory_flag = True log_opt_values /usr/lib/python3/dist-packages/oslo_config/cfg.py:2609
2024-10-31 00:42:28.441 134172 DEBUG oslo_service.service [req-1a38af3d-f22c-4025-86f3-a97199d4bceb - - - - -] oslo_messaging_rabbit.enable_cancel_on_failover = False log_opt_values /usr/lib/python3/dist-packages/oslo_config/cfg.py:2609
2024-10-31 00:42:28.442 134172 DEBUG oslo_service.service [req-1a38af3d-f22c-4025-86f3-a97199d4bceb - - - - -] oslo_messaging_rabbit.heartbeat_in_pthread = True log_opt_values /usr/lib/python3/dist-packages/oslo_config/cfg.py:2609
2024-10-31 00:42:28.444 135695 DEBUG nova.service [req-d18ef89e-1bd0-4913-9955-5ad5553ec7a8 - - - - -] Creating RPC server for service scheduler start /usr/lib/python3/dist-packages/nova/service.py:182
2024-10-31 00:42:28.470 134172 DEBUG oslo_service.service [req-1a38af3d-f22c-4025-86f3-a97199d4bceb - - - - -] oslo_messaging_rabbit.heartbeat_rate = 2 log_opt_values /usr/lib/python3/dist-packages/oslo_config/cfg.py:2609
2024-10-31 00:42:28.470 134172 DEBUG oslo_service.service [req-1a38af3d-f22c-4025-86f3-a97199d4bceb - - - - -] oslo_messaging_rabbit.heartbeat_timeout_threshold = 60 log_opt_values /usr/lib/python3/dist-packages/oslo_config/cfg.py:2609
2024-10-31 00:42:28.471 134172 DEBUG oslo_service.service [req-1a38af3d-f22c-4025-86f3-a97199d4bceb - - - - -] oslo_messaging_rabbit.kombu_compression = None log_opt_values /usr/lib/python3/dist-packages/oslo_config/cfg.py:2609
2024-10-31 00:42:28.471 134172 DEBUG oslo_service.service [req-1a38af3d-f22c-4025-86f3-a97199d4bceb - - - - -] oslo_messaging_rabbit.kombu_failover_strategy = round-robin log_opt_values /usr/lib/python3/dist-packages/oslo_config/cfg.py:2609
2024-10-31 00:42:28.471 134172 DEBUG oslo_service.service [req-1a38af3d-f22c-4025-86f3-a97199d4bceb - - - - -] oslo_messaging_rabbit.kombu_missing_consumer_retry_timeout = 60 log_opt_values /usr/lib/python3/dist-packages/oslo_config/cfg.py:2609
2024-10-31 00:42:28.472 134172 DEBUG oslo_service.service [req-1a38af3d-f22c-4025-86f3-a97199d4bceb - - - - -] oslo_messaging_rabbit.kombu_reconnect_delay = 1.0 log_opt_values /usr/lib/python3/dist-packages/oslo_config/cfg.py:2609
2024-10-31 00:42:28.472 134172 DEBUG oslo_service.service [req-1a38af3d-f22c-4025-86f3-a97199d4bceb - - - - -] oslo_messaging_rabbit.rabbit_ha_queues = False log_opt_values /usr/lib/python3/dist-packages/oslo_config/cfg.py:2609
2024-10-31 00:42:28.472 134172 DEBUG oslo_service.service [req-1a38af3d-f22c-4025-86f3-a97199d4bceb - - - - -] oslo_messaging_rabbit.rabbit_interval_max = 30 log_opt_values /usr/lib/python3/dist-packages/oslo_config/cfg.py:2609
2024-10-31 00:42:28.473 134172 DEBUG oslo_service.service [req-1a38af3d-f22c-4025-86f3-a97199d4bceb - - - - -] oslo_messaging_rabbit.rabbit_login_method = AMQPLAIN log_opt_values /usr/lib/python3/dist-packages/oslo_config/cfg.py:2609
2024-10-31 00:42:28.473 134172 DEBUG oslo_service.service [req-1a38af3d-f22c-4025-86f3-a97199d4bceb - - - - -] oslo_messaging_rabbit.rabbit_qos_prefetch_count = 0 log_opt_values /usr/lib/python3/dist-packages/oslo_config/cfg.py:2609
2024-10-31 00:42:28.473 134172 DEBUG oslo_service.service [req-1a38af3d-f22c-4025-86f3-a97199d4bceb - - - - -] oslo_messaging_rabbit.rabbit_quorum_queue = False log_opt_values /usr/lib/python3/dist-packages/oslo_config/cfg.py:2609
2024-10-31 00:42:28.474 134172 DEBUG oslo_service.service [req-1a38af3d-f22c-4025-86f3-a97199d4bceb - - - - -] oslo_messaging_rabbit.rabbit_retry_backoff = 2 log_opt_values /usr/lib/python3/dist-packages/oslo_config/cfg.py:2609
2024-10-31 00:42:28.474 134172 DEBUG oslo_service.service [req-1a38af3d-f22c-4025-86f3-a97199d4bceb - - - - -] oslo_messaging_rabbit.rabbit_retry_interval = 1 log_opt_values /usr/lib/python3/dist-packages/oslo_config/cfg.py:2609
2024-10-31 00:42:28.474 134172 DEBUG oslo_service.service [req-1a38af3d-f22c-4025-86f3-a97199d4bceb - - - - -] oslo_messaging_rabbit.rabbit_transient_queues_ttl = 1800 log_opt_values /usr/lib/python3/dist-packages/oslo_config/cfg.py:2609
2024-10-31 00:42:28.474 134172 DEBUG oslo_service.service [req-1a38af3d-f22c-4025-86f3-a97199d4bceb - - - - -] oslo_messaging_rabbit.rpc_conn_pool_size = 30 log_opt_values /usr/lib/python3/dist-packages/oslo_config/cfg.py:2609
2024-10-31 00:42:28.475 134172 DEBUG oslo_service.service [req-1a38af3d-f22c-4025-86f3-a97199d4bceb - - - - -] oslo_messaging_rabbit.ssl = False log_opt_values /usr/lib/python3/dist-packages/oslo_config/cfg.py:2609
2024-10-31 00:42:28.475 134172 DEBUG oslo_service.service [req-1a38af3d-f22c-4025-86f3-a97199d4bceb - - - - -] oslo_messaging_rabbit.ssl_ca_file = log_opt_values /usr/lib/python3/dist-packages/oslo_config/cfg.py:2609
2024-10-31 00:42:28.475 134172 DEBUG oslo_service.service [req-1a38af3d-f22c-4025-86f3-a97199d4bceb - - - - -] oslo_messaging_rabbit.ssl_cert_file = log_opt_values /usr/lib/python3/dist-packages/oslo_config/cfg.py:2609
2024-10-31 00:42:28.476 134172 DEBUG oslo_service.service [req-1a38af3d-f22c-4025-86f3-a97199d4bceb - - - - -] oslo_messaging_rabbit.ssl_key_file = log_opt_values /usr/lib/python3/dist-packages/oslo_config/cfg.py:2609
2024-10-31 00:42:28.476 134172 DEBUG oslo_service.service [req-1a38af3d-f22c-4025-86f3-a97199d4bceb - - - - -] oslo_messaging_rabbit.ssl_version = log_opt_values /usr/lib/python3/dist-packages/oslo_config/cfg.py:2609
2024-10-31 00:42:28.476 134172 DEBUG oslo_service.service [req-1a38af3d-f22c-4025-86f3-a97199d4bceb - - - - -] oslo_messaging_notifications.driver = ['messagingv2'] log_opt_values /usr/lib/python3/dist-packages/oslo_config/cfg.py:2609
2024-10-31 00:42:28.477 134172 DEBUG oslo_service.service [req-1a38af3d-f22c-4025-86f3-a97199d4bceb - - - - -] oslo_messaging_notifications.retry = -1 log_opt_values /usr/lib/python3/dist-packages/oslo_config/cfg.py:2609
2024-10-31 00:42:28.477 134172 DEBUG oslo_service.service [req-1a38af3d-f22c-4025-86f3-a97199d4bceb - - - - -] oslo_messaging_notifications.topics = ['notifications'] log_opt_values /usr/lib/python3/dist-packages/oslo_config/cfg.py:2609
2024-10-31 00:42:28.477 134172 DEBUG oslo_service.service [req-1a38af3d-f22c-4025-86f3-a97199d4bceb - - - - -] oslo_messaging_notifications.transport_url = **** log_opt_values /usr/lib/python3/dist-packages/oslo_config/cfg.py:2609
2024-10-31 00:42:28.478 134172 DEBUG oslo_service.service [req-1a38af3d-f22c-4025-86f3-a97199d4bceb - - - - -] oslo_limit.auth_section = None log_opt_values /usr/lib/python3/dist-packages/oslo_config/cfg.py:2609
2024-10-31 00:42:28.478 134172 DEBUG oslo_service.service [req-1a38af3d-f22c-4025-86f3-a97199d4bceb - - - - -] oslo_limit.auth_type = None log_opt_values /usr/lib/python3/dist-packages/oslo_config/cfg.py:2609
2024-10-31 00:42:28.478 134172 DEBUG oslo_service.service [req-1a38af3d-f22c-4025-86f3-a97199d4bceb - - - - -] oslo_limit.cafile = None log_opt_values /usr/lib/python3/dist-packages/oslo_config/cfg.py:2609
2024-10-31 00:42:28.479 134172 DEBUG oslo_service.service [req-1a38af3d-f22c-4025-86f3-a97199d4bceb - - - - -] oslo_limit.certfile = None log_opt_values /usr/lib/python3/dist-packages/oslo_config/cfg.py:2609
2024-10-31 00:42:28.479 134172 DEBUG oslo_service.service [req-1a38af3d-f22c-4025-86f3-a97199d4bceb - - - - -] oslo_limit.collect_timing = False log_opt_values /usr/lib/python3/dist-packages/oslo_config/cfg.py:2609
2024-10-31 00:42:28.479 134172 DEBUG oslo_service.service [req-1a38af3d-f22c-4025-86f3-a97199d4bceb - - - - -] oslo_limit.connect_retries = None log_opt_values /usr/lib/python3/dist-packages/oslo_config/cfg.py:2609
2024-10-31 00:42:28.479 134172 DEBUG oslo_service.service [req-1a38af3d-f22c-4025-86f3-a97199d4bceb - - - - -] oslo_limit.connect_retry_delay = None log_opt_values /usr/lib/python3/dist-packages/oslo_config/cfg.py:2609
2024-10-31 00:42:28.480 134172 DEBUG oslo_service.service [req-1a38af3d-f22c-4025-86f3-a97199d4bceb - - - - -] oslo_limit.endpoint_id = None log_opt_values /usr/lib/python3/dist-packages/oslo_config/cfg.py:2609
2024-10-31 00:42:28.480 134172 DEBUG oslo_service.service [req-1a38af3d-f22c-4025-86f3-a97199d4bceb - - - - -] oslo_limit.endpoint_override = None log_opt_values /usr/lib/python3/dist-packages/oslo_config/cfg.py:2609
2024-10-31 00:42:28.480 134172 DEBUG oslo_service.service [req-1a38af3d-f22c-4025-86f3-a97199d4bceb - - - - -] oslo_limit.insecure = False log_opt_values /usr/lib/python3/dist-packages/oslo_config/cfg.py:2609
2024-10-31 00:42:28.481 134172 DEBUG oslo_service.service [req-1a38af3d-f22c-4025-86f3-a97199d4bceb - - - - -] oslo_limit.keyfile = None log_opt_values /usr/lib/python3/dist-packages/oslo_config/cfg.py:2609
2024-10-31 00:42:28.481 134172 DEBUG oslo_service.service [req-1a38af3d-f22c-4025-86f3-a97199d4bceb - - - - -] oslo_limit.max_version = None log_opt_values /usr/lib/python3/dist-packages/oslo_config/cfg.py:2609
2024-10-31 00:42:28.481 134172 DEBUG oslo_service.service [req-1a38af3d-f22c-4025-86f3-a97199d4bceb - - - - -] oslo_limit.min_version = None log_opt_values /usr/lib/python3/dist-packages/oslo_config/cfg.py:2609
2024-10-31 00:42:28.481 134172 DEBUG oslo_service.service [req-1a38af3d-f22c-4025-86f3-a97199d4bceb - - - - -] oslo_limit.region_name = None log_opt_values /usr/lib/python3/dist-packages/oslo_config/cfg.py:2609
2024-10-31 00:42:28.482 134172 DEBUG oslo_service.service [req-1a38af3d-f22c-4025-86f3-a97199d4bceb - - - - -] oslo_limit.service_name = None log_opt_values /usr/lib/python3/dist-packages/oslo_config/cfg.py:2609
2024-10-31 00:42:28.482 134172 DEBUG oslo_service.service [req-1a38af3d-f22c-4025-86f3-a97199d4bceb - - - - -] oslo_limit.service_type = None log_opt_values /usr/lib/python3/dist-packages/oslo_config/cfg.py:2609
2024-10-31 00:42:28.482 134172 DEBUG oslo_service.service [req-1a38af3d-f22c-4025-86f3-a97199d4bceb - - - - -] oslo_limit.split_loggers = False log_opt_values /usr/lib/python3/dist-packages/oslo_config/cfg.py:2609
2024-10-31 00:42:28.483 134172 DEBUG oslo_service.service [req-1a38af3d-f22c-4025-86f3-a97199d4bceb - - - - -] oslo_limit.status_code_retries = None log_opt_values /usr/lib/python3/dist-packages/oslo_config/cfg.py:2609
2024-10-31 00:42:28.483 134172 DEBUG oslo_service.service [req-1a38af3d-f22c-4025-86f3-a97199d4bceb - - - - -] oslo_limit.status_code_retry_delay = None log_opt_values /usr/lib/python3/dist-packages/oslo_config/cfg.py:2609
2024-10-31 00:42:28.483 134172 DEBUG oslo_service.service [req-1a38af3d-f22c-4025-86f3-a97199d4bceb - - - - -] oslo_limit.timeout = None log_opt_values /usr/lib/python3/dist-packages/oslo_config/cfg.py:2609
2024-10-31 00:42:28.483 134172 DEBUG oslo_service.service [req-1a38af3d-f22c-4025-86f3-a97199d4bceb - - - - -] oslo_limit.valid_interfaces = None log_opt_values /usr/lib/python3/dist-packages/oslo_config/cfg.py:2609
2024-10-31 00:42:28.484 134172 DEBUG oslo_service.service [req-1a38af3d-f22c-4025-86f3-a97199d4bceb - - - - -] oslo_limit.version = None log_opt_values /usr/lib/python3/dist-packages/oslo_config/cfg.py:2609
2024-10-31 00:42:28.484 134172 DEBUG oslo_service.service [req-1a38af3d-f22c-4025-86f3-a97199d4bceb - - - - -] oslo_reports.file_event_handler = None log_opt_values /usr/lib/python3/dist-packages/oslo_config/cfg.py:2609
2024-10-31 00:42:28.484 134172 DEBUG oslo_service.service [req-1a38af3d-f22c-4025-86f3-a97199d4bceb - - - - -] oslo_reports.file_event_handler_interval = 1 log_opt_values /usr/lib/python3/dist-packages/oslo_config/cfg.py:2609
2024-10-31 00:42:28.485 134172 DEBUG oslo_service.service [req-1a38af3d-f22c-4025-86f3-a97199d4bceb - - - - -] oslo_reports.log_dir = None log_opt_values /usr/lib/python3/dist-packages/oslo_config/cfg.py:2609
2024-10-31 00:42:28.485 134172 DEBUG oslo_service.service [req-1a38af3d-f22c-4025-86f3-a97199d4bceb - - - - -] ******************************************************************************** log_opt_values /usr/lib/python3/dist-packages/oslo_config/cfg.py:2613
2024-10-31 00:42:28.508 135695 DEBUG oslo_messaging._drivers.amqpdriver [-] Listener is running poll /usr/lib/python3/dist-packages/oslo_messaging/_drivers/amqpdriver.py:343
2024-10-31 00:42:28.509 135695 DEBUG oslo_messaging._drivers.amqpdriver [-] AMQPListener connection consume poll /usr/lib/python3/dist-packages/oslo_messaging/_drivers/amqpdriver.py:357
2024-10-31 00:42:28.509 135695 DEBUG nova.service [req-d18ef89e-1bd0-4913-9955-5ad5553ec7a8 - - - - -] Join ServiceGroup membership for this service scheduler start /usr/lib/python3/dist-packages/nova/service.py:199
2024-10-31 00:42:28.510 135695 DEBUG nova.servicegroup.drivers.db [req-d18ef89e-1bd0-4913-9955-5ad5553ec7a8 - - - - -] DB_Driver: join new ServiceGroup member juju-cb22ab-0-lxd-7 to the scheduler group, service = join /usr/lib/python3/dist-packages/nova/servicegroup/drivers/db.py:44
2024-10-31 00:42:28.513 135695 DEBUG oslo_messaging._drivers.amqpdriver [-] AMQPListener connection timeout poll /usr/lib/python3/dist-packages/oslo_messaging/_drivers/amqpdriver.py:360
2024-10-31 00:42:28.513 135695 DEBUG oslo_messaging._drivers.amqpdriver [-] Listener is running poll /usr/lib/python3/dist-packages/oslo_messaging/_drivers/amqpdriver.py:343
2024-10-31 00:42:28.514 135695 DEBUG oslo_messaging._drivers.amqpdriver [-] AMQPListener connection consume poll /usr/lib/python3/dist-packages/oslo_messaging/_drivers/amqpdriver.py:357
2024-10-31 00:42:28.604 135696 DEBUG nova.service [req-86144dd6-526c-4860-81f0-1e6af6c0bdbf - - - - -] Creating RPC server for service scheduler start /usr/lib/python3/dist-packages/nova/service.py:182
2024-10-31 00:42:28.605 135703 DEBUG nova.service [req-9f687545-0099-47a5-97b4-718cf66a3f96 - - - - -] Creating RPC server for service scheduler start /usr/lib/python3/dist-packages/nova/service.py:182
2024-10-31 00:42:28.607 135702 DEBUG nova.service [req-22f7c79d-c127-4cc2-9faf-78d8bfb35f5d - - - - -] Creating RPC server for service scheduler start /usr/lib/python3/dist-packages/nova/service.py:182
2024-10-31 00:42:28.634 135696 DEBUG oslo_messaging._drivers.amqpdriver [-] Listener is running poll /usr/lib/python3/dist-packages/oslo_messaging/_drivers/amqpdriver.py:343
2024-10-31 00:42:28.634 135696 DEBUG oslo_messaging._drivers.amqpdriver [-] AMQPListener connection consume poll /usr/lib/python3/dist-packages/oslo_messaging/_drivers/amqpdriver.py:357
2024-10-31 00:42:28.635 135696 DEBUG nova.service [req-86144dd6-526c-4860-81f0-1e6af6c0bdbf - - - - -] Join ServiceGroup membership for this service scheduler start /usr/lib/python3/dist-packages/nova/service.py:199
2024-10-31 00:42:28.635 135696 DEBUG nova.servicegroup.drivers.db [req-86144dd6-526c-4860-81f0-1e6af6c0bdbf - - - - -] DB_Driver: join new ServiceGroup member juju-cb22ab-0-lxd-7 to the scheduler group, service = join /usr/lib/python3/dist-packages/nova/servicegroup/drivers/db.py:44
2024-10-31 00:42:28.638 135696 DEBUG oslo_messaging._drivers.amqpdriver [-] AMQPListener connection timeout poll /usr/lib/python3/dist-packages/oslo_messaging/_drivers/amqpdriver.py:360
2024-10-31 00:42:28.640 135703 DEBUG oslo_messaging._drivers.amqpdriver [-] Listener is running poll /usr/lib/python3/dist-packages/oslo_messaging/_drivers/amqpdriver.py:343
2024-10-31 00:42:28.640 135696 DEBUG oslo_messaging._drivers.amqpdriver [-] Listener is running poll /usr/lib/python3/dist-packages/oslo_messaging/_drivers/amqpdriver.py:343
2024-10-31 00:42:28.641 135703 DEBUG oslo_messaging._drivers.amqpdriver [-] AMQPListener connection consume poll /usr/lib/python3/dist-packages/oslo_messaging/_drivers/amqpdriver.py:357
2024-10-31 00:42:28.641 135696 DEBUG oslo_messaging._drivers.amqpdriver [-] AMQPListener connection consume poll /usr/lib/python3/dist-packages/oslo_messaging/_drivers/amqpdriver.py:357
2024-10-31 00:42:28.641 135703 DEBUG nova.service [req-9f687545-0099-47a5-97b4-718cf66a3f96 - - - - -] Join ServiceGroup membership for this service scheduler start /usr/lib/python3/dist-packages/nova/service.py:199
2024-10-31 00:42:28.641 135703 DEBUG nova.servicegroup.drivers.db [req-9f687545-0099-47a5-97b4-718cf66a3f96 - - - - -] DB_Driver: join new ServiceGroup member juju-cb22ab-0-lxd-7 to the scheduler group, service = join /usr/lib/python3/dist-packages/nova/servicegroup/drivers/db.py:44
2024-10-31 00:42:28.644 135703 DEBUG oslo_messaging._drivers.amqpdriver [-] AMQPListener connection timeout poll /usr/lib/python3/dist-packages/oslo_messaging/_drivers/amqpdriver.py:360
2024-10-31 00:42:28.644 135703 DEBUG oslo_messaging._drivers.amqpdriver [-] Listener is running poll /usr/lib/python3/dist-packages/oslo_messaging/_drivers/amqpdriver.py:343
2024-10-31 00:42:28.644 135703 DEBUG oslo_messaging._drivers.amqpdriver [-] AMQPListener connection consume poll /usr/lib/python3/dist-packages/oslo_messaging/_drivers/amqpdriver.py:357
2024-10-31 00:42:28.644 135702 DEBUG oslo_messaging._drivers.amqpdriver [-] Listener is running poll /usr/lib/python3/dist-packages/oslo_messaging/_drivers/amqpdriver.py:343
2024-10-31 00:42:28.644 135702 DEBUG oslo_messaging._drivers.amqpdriver [-] AMQPListener connection consume poll /usr/lib/python3/dist-packages/oslo_messaging/_drivers/amqpdriver.py:357
2024-10-31 00:42:28.645 135702 DEBUG nova.service [req-22f7c79d-c127-4cc2-9faf-78d8bfb35f5d - - - - -] Join ServiceGroup membership for this service scheduler start /usr/lib/python3/dist-packages/nova/service.py:199
2024-10-31 00:42:28.645 135702 DEBUG nova.servicegroup.drivers.db [req-22f7c79d-c127-4cc2-9faf-78d8bfb35f5d - - - - -] DB_Driver: join new ServiceGroup member juju-cb22ab-0-lxd-7 to the scheduler group, service = join /usr/lib/python3/dist-packages/nova/servicegroup/drivers/db.py:44
2024-10-31 00:42:28.648 135702 DEBUG oslo_messaging._drivers.amqpdriver [-] AMQPListener connection timeout poll /usr/lib/python3/dist-packages/oslo_messaging/_drivers/amqpdriver.py:360
2024-10-31 00:42:28.648 135702 DEBUG oslo_messaging._drivers.amqpdriver [-] Listener is running poll /usr/lib/python3/dist-packages/oslo_messaging/_drivers/amqpdriver.py:343
2024-10-31 00:42:28.648 135702 DEBUG oslo_messaging._drivers.amqpdriver [-] AMQPListener connection consume poll /usr/lib/python3/dist-packages/oslo_messaging/_drivers/amqpdriver.py:357
2024-10-31 00:42:29.515 135695 DEBUG oslo_messaging._drivers.amqpdriver [-] AMQPListener connection timeout poll /usr/lib/python3/dist-packages/oslo_messaging/_drivers/amqpdriver.py:360
2024-10-31 00:42:29.516 135695 DEBUG oslo_messaging._drivers.amqpdriver [-] Listener is running poll /usr/lib/python3/dist-packages/oslo_messaging/_drivers/amqpdriver.py:343
2024-10-31 00:42:29.516 135695 DEBUG oslo_messaging._drivers.amqpdriver [-] AMQPListener connection consume poll /usr/lib/python3/dist-packages/oslo_messaging/_drivers/amqpdriver.py:357
2024-10-31 00:42:29.641 135696 DEBUG oslo_messaging._drivers.amqpdriver [-] AMQPListener connection timeout poll /usr/lib/python3/dist-packages/oslo_messaging/_drivers/amqpdriver.py:360
2024-10-31 00:42:29.642 135696 DEBUG oslo_messaging._drivers.amqpdriver [-] Listener is running poll /usr/lib/python3/dist-packages/oslo_messaging/_drivers/amqpdriver.py:343
2024-10-31 00:42:29.642 135696 DEBUG oslo_messaging._drivers.amqpdriver [-] AMQPListener connection consume poll /usr/lib/python3/dist-packages/oslo_messaging/_drivers/amqpdriver.py:357
2024-10-31 00:42:29.646 135703 DEBUG oslo_messaging._drivers.amqpdriver [-] AMQPListener connection timeout poll /usr/lib/python3/dist-packages/oslo_messaging/_drivers/amqpdriver.py:360
2024-10-31 00:42:29.646 135703 DEBUG oslo_messaging._drivers.amqpdriver [-] Listener is running poll /usr/lib/python3/dist-packages/oslo_messaging/_drivers/amqpdriver.py:343
2024-10-31 00:42:29.646 135703 DEBUG oslo_messaging._drivers.amqpdriver [-] AMQPListener connection consume poll /usr/lib/python3/dist-packages/oslo_messaging/_drivers/amqpdriver.py:357
2024-10-31 00:42:29.649 135702 DEBUG oslo_messaging._drivers.amqpdriver [-] AMQPListener connection timeout poll /usr/lib/python3/dist-packages/oslo_messaging/_drivers/amqpdriver.py:360
2024-10-31 00:42:29.650 135702 DEBUG oslo_messaging._drivers.amqpdriver [-] Listener is running poll /usr/lib/python3/dist-packages/oslo_messaging/_drivers/amqpdriver.py:343
2024-10-31 00:42:29.650 135702 DEBUG oslo_messaging._drivers.amqpdriver [-] AMQPListener connection consume poll /usr/lib/python3/dist-packages/oslo_messaging/_drivers/amqpdriver.py:357
2024-10-31 00:42:31.519 135695 DEBUG oslo_messaging._drivers.amqpdriver [-] AMQPListener connection timeout poll /usr/lib/python3/dist-packages/oslo_messaging/_drivers/amqpdriver.py:360
2024-10-31 00:42:31.519 135695 DEBUG oslo_messaging._drivers.amqpdriver [-] Listener is running poll /usr/lib/python3/dist-packages/oslo_messaging/_drivers/amqpdriver.py:343
2024-10-31 00:42:31.519 135695 DEBUG oslo_messaging._drivers.amqpdriver [-] AMQPListener connection consume poll /usr/lib/python3/dist-packages/oslo_messaging/_drivers/amqpdriver.py:357
2024-10-31 00:42:31.645 135696 DEBUG oslo_messaging._drivers.amqpdriver [-] AMQPListener connection timeout poll /usr/lib/python3/dist-packages/oslo_messaging/_drivers/amqpdriver.py:360
2024-10-31 00:42:31.645 135696 DEBUG oslo_messaging._drivers.amqpdriver [-] Listener is running poll /usr/lib/python3/dist-packages/oslo_messaging/_drivers/amqpdriver.py:343
2024-10-31 00:42:31.645 135696 DEBUG oslo_messaging._drivers.amqpdriver [-] AMQPListener connection consume poll /usr/lib/python3/dist-packages/oslo_messaging/_drivers/amqpdriver.py:357
2024-10-31 00:42:31.648 135703 DEBUG oslo_messaging._drivers.amqpdriver [-] AMQPListener connection timeout poll /usr/lib/python3/dist-packages/oslo_messaging/_drivers/amqpdriver.py:360
2024-10-31 00:42:31.649 135703 DEBUG oslo_messaging._drivers.amqpdriver [-] Listener is running poll /usr/lib/python3/dist-packages/oslo_messaging/_drivers/amqpdriver.py:343
2024-10-31 00:42:31.649 135703 DEBUG oslo_messaging._drivers.amqpdriver [-] AMQPListener connection consume poll /usr/lib/python3/dist-packages/oslo_messaging/_drivers/amqpdriver.py:357
2024-10-31 00:42:31.652 135702 DEBUG oslo_messaging._drivers.amqpdriver [-] AMQPListener connection timeout poll /usr/lib/python3/dist-packages/oslo_messaging/_drivers/amqpdriver.py:360
2024-10-31 00:42:31.653 135702 DEBUG oslo_messaging._drivers.amqpdriver [-] Listener is running poll /usr/lib/python3/dist-packages/oslo_messaging/_drivers/amqpdriver.py:343
2024-10-31 00:42:31.653 135702 DEBUG oslo_messaging._drivers.amqpdriver [-] AMQPListener connection consume poll /usr/lib/python3/dist-packages/oslo_messaging/_drivers/amqpdriver.py:357
2024-10-31 00:42:35.522 135695 DEBUG oslo_messaging._drivers.amqpdriver [-] AMQPListener connection timeout poll /usr/lib/python3/dist-packages/oslo_messaging/_drivers/amqpdriver.py:360
2024-10-31 00:42:35.523 135695 DEBUG oslo_messaging._drivers.amqpdriver [-] Listener is running poll /usr/lib/python3/dist-packages/oslo_messaging/_drivers/amqpdriver.py:343
2024-10-31 00:42:35.523 135695 DEBUG oslo_messaging._drivers.amqpdriver [-] AMQPListener connection consume poll /usr/lib/python3/dist-packages/oslo_messaging/_drivers/amqpdriver.py:357
2024-10-31 00:42:35.647 135696 DEBUG oslo_messaging._drivers.amqpdriver [-] AMQPListener connection timeout poll /usr/lib/python3/dist-packages/oslo_messaging/_drivers/amqpdriver.py:360
2024-10-31 00:42:35.648 135696 DEBUG oslo_messaging._drivers.amqpdriver [-] Listener is running poll /usr/lib/python3/dist-packages/oslo_messaging/_drivers/amqpdriver.py:343
2024-10-31 00:42:35.648 135696 DEBUG oslo_messaging._drivers.amqpdriver [-] AMQPListener connection consume poll /usr/lib/python3/dist-packages/oslo_messaging/_drivers/amqpdriver.py:357
2024-10-31 00:42:35.652 135703 DEBUG oslo_messaging._drivers.amqpdriver [-] AMQPListener connection timeout poll /usr/lib/python3/dist-packages/oslo_messaging/_drivers/amqpdriver.py:360
2024-10-31 00:42:35.652 135703 DEBUG oslo_messaging._drivers.amqpdriver [-] Listener is running poll /usr/lib/python3/dist-packages/oslo_messaging/_drivers/amqpdriver.py:343
2024-10-31 00:42:35.653 135703 DEBUG oslo_messaging._drivers.amqpdriver [-] AMQPListener connection consume poll /usr/lib/python3/dist-packages/oslo_messaging/_drivers/amqpdriver.py:357
2024-10-31 00:42:35.655 135702 DEBUG oslo_messaging._drivers.amqpdriver [-] AMQPListener connection timeout poll /usr/lib/python3/dist-packages/oslo_messaging/_drivers/amqpdriver.py:360
2024-10-31 00:42:35.656 135702 DEBUG oslo_messaging._drivers.amqpdriver [-] Listener is running poll /usr/lib/python3/dist-packages/oslo_messaging/_drivers/amqpdriver.py:343
2024-10-31 00:42:35.656 135702 DEBUG oslo_messaging._drivers.amqpdriver [-] AMQPListener connection consume poll /usr/lib/python3/dist-packages/oslo_messaging/_drivers/amqpdriver.py:357
2024-10-31 00:42:37.648 135702 DEBUG oslo_service.periodic_task [req-e4f48ea8-5b6e-451b-bd4f-40c577b70b3e - - - - -] Running periodic task SchedulerManager._discover_hosts_in_cells run_periodic_tasks /usr/lib/python3/dist-packages/oslo_service/periodic_task.py:210
2024-10-31 00:42:37.650 135702 DEBUG oslo_db.sqlalchemy.engines [req-e4f48ea8-5b6e-451b-bd4f-40c577b70b3e - - - - -] Parent process 134172 forked (135702) with an open database connection, which is being discarded and recreated. checkout /usr/lib/python3/dist-packages/oslo_db/sqlalchemy/engines.py:413
2024-10-31 00:42:37.656 135702 DEBUG oslo_concurrency.lockutils [req-e4f48ea8-5b6e-451b-bd4f-40c577b70b3e - - - - -] Lock "06c23561-fe91-41a1-914f-9aed9b83ff27" acquired by "nova.context.set_target_cell..get_or_set_cached_cell_and_set_connections" :: waited 0.000s inner /usr/lib/python3/dist-packages/oslo_concurrency/lockutils.py:386
2024-10-31 00:42:37.658 135702 DEBUG oslo_concurrency.lockutils [req-e4f48ea8-5b6e-451b-bd4f-40c577b70b3e - - - - -] Lock "06c23561-fe91-41a1-914f-9aed9b83ff27" "released" by "nova.context.set_target_cell..get_or_set_cached_cell_and_set_connections" :: held 0.002s inner /usr/lib/python3/dist-packages/oslo_concurrency/lockutils.py:400
2024-10-31 00:42:37.666 135702 DEBUG oslo_db.sqlalchemy.engines [req-e4f48ea8-5b6e-451b-bd4f-40c577b70b3e - - - - -] MySQL server mode set to STRICT_TRANS_TABLES,STRICT_ALL_TABLES,NO_ZERO_IN_DATE,NO_ZERO_DATE,ERROR_FOR_DIVISION_BY_ZERO,TRADITIONAL,NO_ENGINE_SUBSTITUTION _check_effective_sql_mode /usr/lib/python3/dist-packages/oslo_db/sqlalchemy/engines.py:314
2024-10-31 00:42:43.524 135695 DEBUG oslo_messaging._drivers.amqpdriver [-] AMQPListener connection timeout poll /usr/lib/python3/dist-packages/oslo_messaging/_drivers/amqpdriver.py:360
2024-10-31 00:42:43.525 135695 DEBUG oslo_messaging._drivers.amqpdriver [-] Listener is running poll /usr/lib/python3/dist-packages/oslo_messaging/_drivers/amqpdriver.py:343
2024-10-31 00:42:43.525 135695 DEBUG oslo_messaging._drivers.amqpdriver [-] AMQPListener connection consume poll /usr/lib/python3/dist-packages/oslo_messaging/_drivers/amqpdriver.py:357
2024-10-31 00:42:43.648 135696 DEBUG oslo_messaging._drivers.amqpdriver [-] AMQPListener connection timeout poll /usr/lib/python3/dist-packages/oslo_messaging/_drivers/amqpdriver.py:360
2024-10-31 00:42:43.649 135696 DEBUG oslo_messaging._drivers.amqpdriver [-] Listener is running poll /usr/lib/python3/dist-packages/oslo_messaging/_drivers/amqpdriver.py:343
2024-10-31 00:42:43.649 135696 DEBUG oslo_messaging._drivers.amqpdriver [-] AMQPListener connection consume poll /usr/lib/python3/dist-packages/oslo_messaging/_drivers/amqpdriver.py:357
2024-10-31 00:42:43.654 135703 DEBUG oslo_messaging._drivers.amqpdriver [-] AMQPListener connection timeout poll /usr/lib/python3/dist-packages/oslo_messaging/_drivers/amqpdriver.py:360
2024-10-31 00:42:43.654 135703 DEBUG oslo_messaging._drivers.amqpdriver [-] Listener is running poll /usr/lib/python3/dist-packages/oslo_messaging/_drivers/amqpdriver.py:343
2024-10-31 00:42:43.655 135703 DEBUG oslo_messaging._drivers.amqpdriver [-] AMQPListener connection consume poll /usr/lib/python3/dist-packages/oslo_messaging/_drivers/amqpdriver.py:357
2024-10-31 00:42:43.657 135702 DEBUG oslo_messaging._drivers.amqpdriver [-] AMQPListener connection timeout poll /usr/lib/python3/dist-packages/oslo_messaging/_drivers/amqpdriver.py:360
2024-10-31 00:42:43.657 135702 DEBUG oslo_messaging._drivers.amqpdriver [-] Listener is running poll /usr/lib/python3/dist-packages/oslo_messaging/_drivers/amqpdriver.py:343
2024-10-31 00:42:43.658 135702 DEBUG oslo_messaging._drivers.amqpdriver [-] AMQPListener connection consume poll /usr/lib/python3/dist-packages/oslo_messaging/_drivers/amqpdriver.py:357
2024-10-31 00:42:46.646 135703 DEBUG oslo_service.periodic_task [req-241acadf-653d-4e21-b69b-6b648c5fefd8 - - - - -] Running periodic task SchedulerManager._discover_hosts_in_cells run_periodic_tasks /usr/lib/python3/dist-packages/oslo_service/periodic_task.py:210
2024-10-31 00:42:46.647 135703 DEBUG oslo_db.sqlalchemy.engines [req-241acadf-653d-4e21-b69b-6b648c5fefd8 - - - - -] Parent process 134172 forked (135703) with an open database connection, which is being discarded and recreated. checkout /usr/lib/python3/dist-packages/oslo_db/sqlalchemy/engines.py:413
2024-10-31 00:42:46.654 135703 DEBUG oslo_concurrency.lockutils [req-241acadf-653d-4e21-b69b-6b648c5fefd8 - - - - -] Lock "06c23561-fe91-41a1-914f-9aed9b83ff27" acquired by "nova.context.set_target_cell..get_or_set_cached_cell_and_set_connections" :: waited 0.000s inner /usr/lib/python3/dist-packages/oslo_concurrency/lockutils.py:386
2024-10-31 00:42:46.656 135703 DEBUG oslo_concurrency.lockutils [req-241acadf-653d-4e21-b69b-6b648c5fefd8 - - - - -] Lock "06c23561-fe91-41a1-914f-9aed9b83ff27" "released" by "nova.context.set_target_cell..get_or_set_cached_cell_and_set_connections" :: held 0.003s inner /usr/lib/python3/dist-packages/oslo_concurrency/lockutils.py:400
2024-10-31 00:42:46.666 135703 DEBUG oslo_db.sqlalchemy.engines [req-241acadf-653d-4e21-b69b-6b648c5fefd8 - - - - -] MySQL server mode set to STRICT_TRANS_TABLES,STRICT_ALL_TABLES,NO_ZERO_IN_DATE,NO_ZERO_DATE,ERROR_FOR_DIVISION_BY_ZERO,TRADITIONAL,NO_ENGINE_SUBSTITUTION _check_effective_sql_mode /usr/lib/python3/dist-packages/oslo_db/sqlalchemy/engines.py:314
2024-10-31 00:42:55.514 135695 DEBUG oslo_service.periodic_task [req-ce096500-18b5-406b-ab54-0f56ee38f697 - - - - -] Running periodic task SchedulerManager._discover_hosts_in_cells run_periodic_tasks /usr/lib/python3/dist-packages/oslo_service/periodic_task.py:210
2024-10-31 00:42:55.515 135695 DEBUG oslo_db.sqlalchemy.engines [req-ce096500-18b5-406b-ab54-0f56ee38f697 - - - - -] Parent process 134172 forked (135695) with an open database connection, which is being discarded and recreated. checkout /usr/lib/python3/dist-packages/oslo_db/sqlalchemy/engines.py:413
2024-10-31 00:42:55.523 135695 DEBUG oslo_concurrency.lockutils [req-ce096500-18b5-406b-ab54-0f56ee38f697 - - - - -] Lock "06c23561-fe91-41a1-914f-9aed9b83ff27" acquired by "nova.context.set_target_cell..get_or_set_cached_cell_and_set_connections" :: waited 0.000s inner /usr/lib/python3/dist-packages/oslo_concurrency/lockutils.py:386
2024-10-31 00:42:55.525 135695 DEBUG oslo_concurrency.lockutils [req-ce096500-18b5-406b-ab54-0f56ee38f697 - - - - -] Lock "06c23561-fe91-41a1-914f-9aed9b83ff27" "released" by "nova.context.set_target_cell..get_or_set_cached_cell_and_set_connections" :: held 0.002s inner /usr/lib/python3/dist-packages/oslo_concurrency/lockutils.py:400
2024-10-31 00:42:55.531 135695 DEBUG oslo_db.sqlalchemy.engines [req-ce096500-18b5-406b-ab54-0f56ee38f697 - - - - -] MySQL server mode set to STRICT_TRANS_TABLES,STRICT_ALL_TABLES,NO_ZERO_IN_DATE,NO_ZERO_DATE,ERROR_FOR_DIVISION_BY_ZERO,TRADITIONAL,NO_ENGINE_SUBSTITUTION _check_effective_sql_mode /usr/lib/python3/dist-packages/oslo_db/sqlalchemy/engines.py:314
2024-10-31 00:43:07.687 135702 DEBUG oslo_service.periodic_task [req-e4f48ea8-5b6e-451b-bd4f-40c577b70b3e - - - - -] Running periodic task SchedulerManager._discover_hosts_in_cells run_periodic_tasks /usr/lib/python3/dist-packages/oslo_service/periodic_task.py:210
2024-10-31 00:43:07.693 135702 DEBUG oslo_concurrency.lockutils [req-bf3cda29-0449-4046-be7b-c1b955ca075f - - - - -] Lock "06c23561-fe91-41a1-914f-9aed9b83ff27" acquired by "nova.context.set_target_cell..get_or_set_cached_cell_and_set_connections" :: waited 0.000s inner /usr/lib/python3/dist-packages/oslo_concurrency/lockutils.py:386
2024-10-31 00:43:07.693 135702 DEBUG oslo_concurrency.lockutils [req-bf3cda29-0449-4046-be7b-c1b955ca075f - - - - -] Lock "06c23561-fe91-41a1-914f-9aed9b83ff27" "released" by "nova.context.set_target_cell..get_or_set_cached_cell_and_set_connections" :: held 0.000s inner /usr/lib/python3/dist-packages/oslo_concurrency/lockutils.py:400
2024-10-31 00:43:13.495 135695 DEBUG oslo_messaging._drivers.amqpdriver [-] AMQPListener connection timeout poll /usr/lib/python3/dist-packages/oslo_messaging/_drivers/amqpdriver.py:360
2024-10-31 00:43:13.496 135695 DEBUG oslo_messaging._drivers.amqpdriver [-] Listener is running poll /usr/lib/python3/dist-packages/oslo_messaging/_drivers/amqpdriver.py:343
2024-10-31 00:43:13.496 135695 DEBUG oslo_messaging._drivers.amqpdriver [-] AMQPListener connection consume poll /usr/lib/python3/dist-packages/oslo_messaging/_drivers/amqpdriver.py:357
2024-10-31 00:43:13.633 135702 DEBUG oslo_messaging._drivers.amqpdriver [-] AMQPListener connection timeout poll /usr/lib/python3/dist-packages/oslo_messaging/_drivers/amqpdriver.py:360
2024-10-31 00:43:13.634 135702 DEBUG oslo_messaging._drivers.amqpdriver [-] Listener is running poll /usr/lib/python3/dist-packages/oslo_messaging/_drivers/amqpdriver.py:343
2024-10-31 00:43:13.634 135702 DEBUG oslo_messaging._drivers.amqpdriver [-] AMQPListener connection consume poll /usr/lib/python3/dist-packages/oslo_messaging/_drivers/amqpdriver.py:357
2024-10-31 00:43:13.634 135696 DEBUG oslo_messaging._drivers.amqpdriver [-] AMQPListener connection timeout poll /usr/lib/python3/dist-packages/oslo_messaging/_drivers/amqpdriver.py:360
2024-10-31 00:43:13.635 135696 DEBUG oslo_messaging._drivers.amqpdriver [-] Listener is running poll /usr/lib/python3/dist-packages/oslo_messaging/_drivers/amqpdriver.py:343
2024-10-31 00:43:13.635 135696 DEBUG oslo_messaging._drivers.amqpdriver [-] AMQPListener connection consume poll /usr/lib/python3/dist-packages/oslo_messaging/_drivers/amqpdriver.py:357
2024-10-31 00:43:13.636 135703 DEBUG oslo_messaging._drivers.amqpdriver [-] AMQPListener connection timeout poll /usr/lib/python3/dist-packages/oslo_messaging/_drivers/amqpdriver.py:360
2024-10-31 00:43:13.637 135703 DEBUG oslo_messaging._drivers.amqpdriver [-] Listener is running poll /usr/lib/python3/dist-packages/oslo_messaging/_drivers/amqpdriver.py:343
2024-10-31 00:43:13.637 135703 DEBUG oslo_messaging._drivers.amqpdriver [-] AMQPListener connection consume poll /usr/lib/python3/dist-packages/oslo_messaging/_drivers/amqpdriver.py:357
2024-10-31 00:43:16.686 135703 DEBUG oslo_service.periodic_task [req-241acadf-653d-4e21-b69b-6b648c5fefd8 - - - - -] Running periodic task SchedulerManager._discover_hosts_in_cells run_periodic_tasks /usr/lib/python3/dist-packages/oslo_service/periodic_task.py:210
2024-10-31 00:43:16.691 135703 DEBUG oslo_concurrency.lockutils [req-37de3481-0a0f-49e7-a033-6522e2b9c7a9 - - - - -] Lock "06c23561-fe91-41a1-914f-9aed9b83ff27" acquired by "nova.context.set_target_cell..get_or_set_cached_cell_and_set_connections" :: waited 0.000s inner /usr/lib/python3/dist-packages/oslo_concurrency/lockutils.py:386
2024-10-31 00:43:16.691 135703 DEBUG oslo_concurrency.lockutils [req-37de3481-0a0f-49e7-a033-6522e2b9c7a9 - - - - -] Lock "06c23561-fe91-41a1-914f-9aed9b83ff27" "released" by "nova.context.set_target_cell..get_or_set_cached_cell_and_set_connections" :: held 0.000s inner /usr/lib/python3/dist-packages/oslo_concurrency/lockutils.py:400
2024-10-31 00:43:24.637 135696 DEBUG oslo_service.periodic_task [req-b6116a7d-9fbe-4125-8154-088e2017394d - - - - -] Running periodic task SchedulerManager._discover_hosts_in_cells run_periodic_tasks /usr/lib/python3/dist-packages/oslo_service/periodic_task.py:210
2024-10-31 00:43:24.639 135696 DEBUG oslo_db.sqlalchemy.engines [req-b6116a7d-9fbe-4125-8154-088e2017394d - - - - -] Parent process 134172 forked (135696) with an open database connection, which is being discarded and recreated. checkout /usr/lib/python3/dist-packages/oslo_db/sqlalchemy/engines.py:413
2024-10-31 00:43:24.645 135696 DEBUG oslo_concurrency.lockutils [req-b6116a7d-9fbe-4125-8154-088e2017394d - - - - -] Lock "06c23561-fe91-41a1-914f-9aed9b83ff27" acquired by "nova.context.set_target_cell..get_or_set_cached_cell_and_set_connections" :: waited 0.000s inner /usr/lib/python3/dist-packages/oslo_concurrency/lockutils.py:386
2024-10-31 00:43:24.647 135696 DEBUG oslo_concurrency.lockutils [req-b6116a7d-9fbe-4125-8154-088e2017394d - - - - -] Lock "06c23561-fe91-41a1-914f-9aed9b83ff27" "released" by "nova.context.set_target_cell..get_or_set_cached_cell_and_set_connections" :: held 0.002s inner /usr/lib/python3/dist-packages/oslo_concurrency/lockutils.py:400
2024-10-31 00:43:24.652 135696 DEBUG oslo_db.sqlalchemy.engines [req-b6116a7d-9fbe-4125-8154-088e2017394d - - - - -] MySQL server mode set to STRICT_TRANS_TABLES,STRICT_ALL_TABLES,NO_ZERO_IN_DATE,NO_ZERO_DATE,ERROR_FOR_DIVISION_BY_ZERO,TRADITIONAL,NO_ENGINE_SUBSTITUTION _check_effective_sql_mode /usr/lib/python3/dist-packages/oslo_db/sqlalchemy/engines.py:314
2024-10-31 00:43:25.544 135695 DEBUG oslo_service.periodic_task [req-ce096500-18b5-406b-ab54-0f56ee38f697 - - - - -] Running periodic task SchedulerManager._discover_hosts_in_cells run_periodic_tasks /usr/lib/python3/dist-packages/oslo_service/periodic_task.py:210
2024-10-31 00:43:25.550 135695 DEBUG oslo_concurrency.lockutils [req-07242389-3017-4e40-a7fb-833b22b8f4f9 - - - - -] Lock "06c23561-fe91-41a1-914f-9aed9b83ff27" acquired by "nova.context.set_target_cell..get_or_set_cached_cell_and_set_connections" :: waited 0.000s inner /usr/lib/python3/dist-packages/oslo_concurrency/lockutils.py:386
2024-10-31 00:43:25.550 135695 DEBUG oslo_concurrency.lockutils [req-07242389-3017-4e40-a7fb-833b22b8f4f9 - - - - -] Lock "06c23561-fe91-41a1-914f-9aed9b83ff27" "released" by "nova.context.set_target_cell..get_or_set_cached_cell_and_set_connections" :: held 0.000s inner /usr/lib/python3/dist-packages/oslo_concurrency/lockutils.py:400
