2024-10-31 02:02:08.138 65356 DEBUG oslo_service.service [-] oslo_messaging_notifications.transport_url = **** log_opt_values /usr/lib/python3/dist-packages/oslo_config/cfg.py:2609
2024-10-31 02:02:08.138 65356 DEBUG oslo_service.service [-] cache.backend = dogpile.cache.null log_opt_values /usr/lib/python3/dist-packages/oslo_config/cfg.py:2609
2024-10-31 02:02:08.139 65356 DEBUG oslo_service.service [-] cache.backend_argument = **** log_opt_values /usr/lib/python3/dist-packages/oslo_config/cfg.py:2609
2024-10-31 02:02:08.139 65356 DEBUG oslo_service.service [-] cache.config_prefix = cache.oslo log_opt_values /usr/lib/python3/dist-packages/oslo_config/cfg.py:2609
2024-10-31 02:02:08.139 65356 DEBUG oslo_service.service [-] cache.debug_cache_backend = False log_opt_values /usr/lib/python3/dist-packages/oslo_config/cfg.py:2609
2024-10-31 02:02:08.139 65356 DEBUG oslo_service.service [-] cache.enabled = False log_opt_values /usr/lib/python3/dist-packages/oslo_config/cfg.py:2609
2024-10-31 02:02:08.139 65356 DEBUG oslo_service.service [-] cache.expiration_time = 600 log_opt_values /usr/lib/python3/dist-packages/oslo_config/cfg.py:2609
2024-10-31 02:02:08.139 65356 DEBUG oslo_service.service [-] cache.memcache_dead_retry = 300 log_opt_values /usr/lib/python3/dist-packages/oslo_config/cfg.py:2609
2024-10-31 02:02:08.139 65356 DEBUG oslo_service.service [-] cache.memcache_pool_connection_get_timeout = 10 log_opt_values /usr/lib/python3/dist-packages/oslo_config/cfg.py:2609
2024-10-31 02:02:08.140 65356 DEBUG oslo_service.service [-] cache.memcache_pool_flush_on_reconnect = False log_opt_values /usr/lib/python3/dist-packages/oslo_config/cfg.py:2609
2024-10-31 02:02:08.140 65356 DEBUG oslo_service.service [-] cache.memcache_pool_maxsize = 10 log_opt_values /usr/lib/python3/dist-packages/oslo_config/cfg.py:2609
2024-10-31 02:02:08.140 65356 DEBUG oslo_service.service [-] cache.memcache_pool_unused_timeout = 60 log_opt_values /usr/lib/python3/dist-packages/oslo_config/cfg.py:2609
2024-10-31 02:02:08.140 65356 DEBUG oslo_service.service [-] cache.memcache_servers = ['localhost:11211'] log_opt_values /usr/lib/python3/dist-packages/oslo_config/cfg.py:2609
2024-10-31 02:02:08.140 65356 DEBUG oslo_service.service [-] cache.memcache_socket_timeout = 1.0 log_opt_values /usr/lib/python3/dist-packages/oslo_config/cfg.py:2609
2024-10-31 02:02:08.140 65356 DEBUG oslo_service.service [-] cache.proxies = [] log_opt_values /usr/lib/python3/dist-packages/oslo_config/cfg.py:2609
2024-10-31 02:02:08.140 65356 DEBUG oslo_service.service [-] cache.tls_allowed_ciphers = None log_opt_values /usr/lib/python3/dist-packages/oslo_config/cfg.py:2609
2024-10-31 02:02:08.140 65356 DEBUG oslo_service.service [-] cache.tls_cafile = None log_opt_values /usr/lib/python3/dist-packages/oslo_config/cfg.py:2609
2024-10-31 02:02:08.141 65356 DEBUG oslo_service.service [-] cache.tls_certfile = None log_opt_values /usr/lib/python3/dist-packages/oslo_config/cfg.py:2609
2024-10-31 02:02:08.141 65356 DEBUG oslo_service.service [-] cache.tls_enabled = False log_opt_values /usr/lib/python3/dist-packages/oslo_config/cfg.py:2609
2024-10-31 02:02:08.141 65356 DEBUG oslo_service.service [-] cache.tls_keyfile = None log_opt_values /usr/lib/python3/dist-packages/oslo_config/cfg.py:2609
2024-10-31 02:02:08.141 65356 DEBUG oslo_service.service [-] constraint_validation_cache.caching = True log_opt_values /usr/lib/python3/dist-packages/oslo_config/cfg.py:2609
2024-10-31 02:02:08.141 65356 DEBUG oslo_service.service [-] constraint_validation_cache.expiration_time = 60 log_opt_values /usr/lib/python3/dist-packages/oslo_config/cfg.py:2609
2024-10-31 02:02:08.141 65356 DEBUG oslo_service.service [-] service_extension_cache.caching = True log_opt_values /usr/lib/python3/dist-packages/oslo_config/cfg.py:2609
2024-10-31 02:02:08.141 65356 DEBUG oslo_service.service [-] service_extension_cache.expiration_time = 3600 log_opt_values /usr/lib/python3/dist-packages/oslo_config/cfg.py:2609
2024-10-31 02:02:08.142 65356 DEBUG oslo_service.service [-] resource_finder_cache.caching = True log_opt_values /usr/lib/python3/dist-packages/oslo_config/cfg.py:2609
2024-10-31 02:02:08.142 65356 DEBUG oslo_service.service [-] resource_finder_cache.expiration_time = 3600 log_opt_values /usr/lib/python3/dist-packages/oslo_config/cfg.py:2609
2024-10-31 02:02:08.142 65356 DEBUG oslo_service.service [-] yaql.limit_iterators = 200 log_opt_values /usr/lib/python3/dist-packages/oslo_config/cfg.py:2609
2024-10-31 02:02:08.142 65356 DEBUG oslo_service.service [-] yaql.memory_quota = 10000 log_opt_values /usr/lib/python3/dist-packages/oslo_config/cfg.py:2609
2024-10-31 02:02:08.142 65356 DEBUG oslo_service.service [-] ******************************************************************************** log_opt_values /usr/lib/python3/dist-packages/oslo_config/cfg.py:2613
2024-10-31 02:02:08.172 65582 INFO heat.engine.worker [-] Starting engine_worker (1.4) in engine 8a5b3cc7-d58a-4b2b-a612-7a47d7fdf4cd.
2024-10-31 02:02:08.174 65584 INFO heat.engine.worker [-] Starting engine_worker (1.4) in engine ddaa624b-a2a1-40a7-95b9-5cb6984cec0e.
2024-10-31 02:02:08.180 65583 INFO heat.engine.worker [-] Starting engine_worker (1.4) in engine 13c46f39-ae03-49c8-815b-7621e7efe8b6.
2024-10-31 02:02:08.184 65581 INFO heat.engine.worker [-] Starting engine_worker (1.4) in engine 629c8fad-18c3-4315-a03b-6351c4e3037b.
2024-10-31 02:02:08.291 65581 DEBUG oslo_db.sqlalchemy.engines [req-407fa3cd-bc7d-471b-be40-54414eac5bef - - - - -] MySQL server mode set to STRICT_TRANS_TABLES,STRICT_ALL_TABLES,NO_ZERO_IN_DATE,NO_ZERO_DATE,ERROR_FOR_DIVISION_BY_ZERO,TRADITIONAL,NO_ENGINE_SUBSTITUTION _check_effective_sql_mode /usr/lib/python3/dist-packages/oslo_db/sqlalchemy/engines.py:314
2024-10-31 02:02:08.305 65582 DEBUG oslo_db.sqlalchemy.engines [req-59735b11-6048-4490-8547-ecda2c7d12a2 - - - - -] MySQL server mode set to STRICT_TRANS_TABLES,STRICT_ALL_TABLES,NO_ZERO_IN_DATE,NO_ZERO_DATE,ERROR_FOR_DIVISION_BY_ZERO,TRADITIONAL,NO_ENGINE_SUBSTITUTION _check_effective_sql_mode /usr/lib/python3/dist-packages/oslo_db/sqlalchemy/engines.py:314
2024-10-31 02:02:08.318 65583 DEBUG oslo_db.sqlalchemy.engines [req-b3b55d5d-fc02-4994-ad90-2bcf0282d5f1 - - - - -] MySQL server mode set to STRICT_TRANS_TABLES,STRICT_ALL_TABLES,NO_ZERO_IN_DATE,NO_ZERO_DATE,ERROR_FOR_DIVISION_BY_ZERO,TRADITIONAL,NO_ENGINE_SUBSTITUTION _check_effective_sql_mode /usr/lib/python3/dist-packages/oslo_db/sqlalchemy/engines.py:314
2024-10-31 02:02:08.328 65584 DEBUG oslo_db.sqlalchemy.engines [req-686f318d-a3a4-48fc-a094-cba025a35f66 - - - - -] MySQL server mode set to STRICT_TRANS_TABLES,STRICT_ALL_TABLES,NO_ZERO_IN_DATE,NO_ZERO_DATE,ERROR_FOR_DIVISION_BY_ZERO,TRADITIONAL,NO_ENGINE_SUBSTITUTION _check_effective_sql_mode /usr/lib/python3/dist-packages/oslo_db/sqlalchemy/engines.py:314
2024-10-31 02:02:08.365 65581 DEBUG heat.engine.service [req-407fa3cd-bc7d-471b-be40-54414eac5bef - - - - -] Service 057724da-7ab3-43c4-967e-8aa795023835 was aborted service_manage_cleanup /usr/lib/python3/dist-packages/heat/engine/service.py:2391
2024-10-31 02:02:08.369 65582 DEBUG heat.engine.service [req-59735b11-6048-4490-8547-ecda2c7d12a2 - - - - -] Service 057724da-7ab3-43c4-967e-8aa795023835 was aborted service_manage_cleanup /usr/lib/python3/dist-packages/heat/engine/service.py:2391
2024-10-31 02:02:08.386 65583 DEBUG heat.engine.service [req-b3b55d5d-fc02-4994-ad90-2bcf0282d5f1 - - - - -] Service 057724da-7ab3-43c4-967e-8aa795023835 was aborted service_manage_cleanup /usr/lib/python3/dist-packages/heat/engine/service.py:2391
2024-10-31 02:02:08.428 65584 DEBUG heat.engine.service [req-686f318d-a3a4-48fc-a094-cba025a35f66 - - - - -] Service 057724da-7ab3-43c4-967e-8aa795023835 was aborted service_manage_cleanup /usr/lib/python3/dist-packages/heat/engine/service.py:2391
2024-10-31 02:02:08.608 65581 DEBUG heat.engine.service [req-407fa3cd-bc7d-471b-be40-54414eac5bef - - - - -] Service 0aefce6b-8c3e-49b8-8a31-a1f66f882507 was aborted service_manage_cleanup /usr/lib/python3/dist-packages/heat/engine/service.py:2391
2024-10-31 02:02:08.609 65583 DEBUG heat.engine.service [req-b3b55d5d-fc02-4994-ad90-2bcf0282d5f1 - - - - -] Service 0aefce6b-8c3e-49b8-8a31-a1f66f882507 was aborted service_manage_cleanup /usr/lib/python3/dist-packages/heat/engine/service.py:2391
2024-10-31 02:02:08.611 65582 DEBUG heat.engine.service [req-59735b11-6048-4490-8547-ecda2c7d12a2 - - - - -] Service 0aefce6b-8c3e-49b8-8a31-a1f66f882507 was aborted service_manage_cleanup /usr/lib/python3/dist-packages/heat/engine/service.py:2391
2024-10-31 02:02:08.612 65584 DEBUG heat.engine.service [req-686f318d-a3a4-48fc-a094-cba025a35f66 - - - - -] Service 0aefce6b-8c3e-49b8-8a31-a1f66f882507 was aborted service_manage_cleanup /usr/lib/python3/dist-packages/heat/engine/service.py:2391
2024-10-31 02:02:08.754 65583 DEBUG heat.engine.service [req-b3b55d5d-fc02-4994-ad90-2bcf0282d5f1 - - - - -] Service 3e9fbf2a-1363-4a9c-b91a-21ffb2050964 was aborted service_manage_cleanup /usr/lib/python3/dist-packages/heat/engine/service.py:2391
2024-10-31 02:02:08.756 65582 DEBUG heat.engine.service [req-59735b11-6048-4490-8547-ecda2c7d12a2 - - - - -] Service 3e9fbf2a-1363-4a9c-b91a-21ffb2050964 was aborted service_manage_cleanup /usr/lib/python3/dist-packages/heat/engine/service.py:2391
2024-10-31 02:02:08.760 65584 DEBUG heat.engine.service [req-686f318d-a3a4-48fc-a094-cba025a35f66 - - - - -] Service 3e9fbf2a-1363-4a9c-b91a-21ffb2050964 was aborted service_manage_cleanup /usr/lib/python3/dist-packages/heat/engine/service.py:2391
2024-10-31 02:02:08.761 65581 DEBUG heat.engine.service [req-407fa3cd-bc7d-471b-be40-54414eac5bef - - - - -] Service 3e9fbf2a-1363-4a9c-b91a-21ffb2050964 was aborted service_manage_cleanup /usr/lib/python3/dist-packages/heat/engine/service.py:2391
2024-10-31 02:02:08.896 65584 DEBUG heat.engine.service [req-686f318d-a3a4-48fc-a094-cba025a35f66 - - - - -] Service 4c94eb4d-68f4-43bb-80f7-ed36e7c4463f was aborted service_manage_cleanup /usr/lib/python3/dist-packages/heat/engine/service.py:2391
2024-10-31 02:02:08.896 65583 DEBUG heat.engine.service [req-b3b55d5d-fc02-4994-ad90-2bcf0282d5f1 - - - - -] Service 4c94eb4d-68f4-43bb-80f7-ed36e7c4463f was aborted service_manage_cleanup /usr/lib/python3/dist-packages/heat/engine/service.py:2391
2024-10-31 02:02:08.897 65582 DEBUG heat.engine.service [req-59735b11-6048-4490-8547-ecda2c7d12a2 - - - - -] Service 4c94eb4d-68f4-43bb-80f7-ed36e7c4463f was aborted service_manage_cleanup /usr/lib/python3/dist-packages/heat/engine/service.py:2391
2024-10-31 02:02:08.898 65581 DEBUG heat.engine.service [req-407fa3cd-bc7d-471b-be40-54414eac5bef - - - - -] Service 4c94eb4d-68f4-43bb-80f7-ed36e7c4463f was aborted service_manage_cleanup /usr/lib/python3/dist-packages/heat/engine/service.py:2391
2024-10-31 02:02:09.116 65582 DEBUG heat.engine.service [req-59735b11-6048-4490-8547-ecda2c7d12a2 - - - - -] Service 5ff69444-7187-4a1c-9f93-2fe07fe3bc13 was aborted service_manage_cleanup /usr/lib/python3/dist-packages/heat/engine/service.py:2391
2024-10-31 02:02:09.119 65581 DEBUG heat.engine.service [req-407fa3cd-bc7d-471b-be40-54414eac5bef - - - - -] Service 5ff69444-7187-4a1c-9f93-2fe07fe3bc13 was aborted service_manage_cleanup /usr/lib/python3/dist-packages/heat/engine/service.py:2391
2024-10-31 02:02:09.117 65584 DEBUG heat.engine.service [req-686f318d-a3a4-48fc-a094-cba025a35f66 - - - - -] Service 5ff69444-7187-4a1c-9f93-2fe07fe3bc13 was aborted service_manage_cleanup /usr/lib/python3/dist-packages/heat/engine/service.py:2391
2024-10-31 02:02:09.118 65583 DEBUG heat.engine.service [req-b3b55d5d-fc02-4994-ad90-2bcf0282d5f1 - - - - -] Service 5ff69444-7187-4a1c-9f93-2fe07fe3bc13 was aborted service_manage_cleanup /usr/lib/python3/dist-packages/heat/engine/service.py:2391
2024-10-31 02:02:09.236 65582 DEBUG heat.engine.service [req-59735b11-6048-4490-8547-ecda2c7d12a2 - - - - -] Service 60c5dcdf-5781-4336-8b06-8d04c0d4deca was aborted service_manage_cleanup /usr/lib/python3/dist-packages/heat/engine/service.py:2391
2024-10-31 02:02:09.236 65584 DEBUG heat.engine.service [req-686f318d-a3a4-48fc-a094-cba025a35f66 - - - - -] Service 60c5dcdf-5781-4336-8b06-8d04c0d4deca was aborted service_manage_cleanup /usr/lib/python3/dist-packages/heat/engine/service.py:2391
2024-10-31 02:02:09.237 65583 DEBUG heat.engine.service [req-b3b55d5d-fc02-4994-ad90-2bcf0282d5f1 - - - - -] Service 60c5dcdf-5781-4336-8b06-8d04c0d4deca was aborted service_manage_cleanup /usr/lib/python3/dist-packages/heat/engine/service.py:2391
2024-10-31 02:02:09.238 65581 DEBUG heat.engine.service [req-407fa3cd-bc7d-471b-be40-54414eac5bef - - - - -] Service 60c5dcdf-5781-4336-8b06-8d04c0d4deca was aborted service_manage_cleanup /usr/lib/python3/dist-packages/heat/engine/service.py:2391
2024-10-31 02:02:09.255 65582 DEBUG heat.engine.service [req-59735b11-6048-4490-8547-ecda2c7d12a2 - - - - -] Service 678c56cd-52de-4c53-8070-b976d382dbda was aborted service_manage_cleanup /usr/lib/python3/dist-packages/heat/engine/service.py:2391
2024-10-31 02:02:09.256 65583 DEBUG heat.engine.service [req-b3b55d5d-fc02-4994-ad90-2bcf0282d5f1 - - - - -] Service 678c56cd-52de-4c53-8070-b976d382dbda was aborted service_manage_cleanup /usr/lib/python3/dist-packages/heat/engine/service.py:2391
2024-10-31 02:02:09.257 65584 DEBUG heat.engine.service [req-686f318d-a3a4-48fc-a094-cba025a35f66 - - - - -] Service 678c56cd-52de-4c53-8070-b976d382dbda was aborted service_manage_cleanup /usr/lib/python3/dist-packages/heat/engine/service.py:2391
2024-10-31 02:02:09.258 65581 DEBUG heat.engine.service [req-407fa3cd-bc7d-471b-be40-54414eac5bef - - - - -] Service 678c56cd-52de-4c53-8070-b976d382dbda was aborted service_manage_cleanup /usr/lib/python3/dist-packages/heat/engine/service.py:2391
2024-10-31 02:02:09.270 65583 DEBUG heat.engine.service [req-b3b55d5d-fc02-4994-ad90-2bcf0282d5f1 - - - - -] Service 6fe877c5-f16e-4847-897d-7da38b064e58 was aborted service_manage_cleanup /usr/lib/python3/dist-packages/heat/engine/service.py:2391
2024-10-31 02:02:09.272 65584 DEBUG heat.engine.service [req-686f318d-a3a4-48fc-a094-cba025a35f66 - - - - -] Service 6fe877c5-f16e-4847-897d-7da38b064e58 was aborted service_manage_cleanup /usr/lib/python3/dist-packages/heat/engine/service.py:2391
2024-10-31 02:02:09.273 65582 DEBUG heat.engine.service [req-59735b11-6048-4490-8547-ecda2c7d12a2 - - - - -] Service 6fe877c5-f16e-4847-897d-7da38b064e58 was aborted service_manage_cleanup /usr/lib/python3/dist-packages/heat/engine/service.py:2391
2024-10-31 02:02:09.273 65581 DEBUG heat.engine.service [req-407fa3cd-bc7d-471b-be40-54414eac5bef - - - - -] Service 6fe877c5-f16e-4847-897d-7da38b064e58 was aborted service_manage_cleanup /usr/lib/python3/dist-packages/heat/engine/service.py:2391
2024-10-31 02:02:09.285 65583 DEBUG heat.engine.service [req-b3b55d5d-fc02-4994-ad90-2bcf0282d5f1 - - - - -] Service 752cc5bd-c817-4966-a001-84288d1053f0 was aborted service_manage_cleanup /usr/lib/python3/dist-packages/heat/engine/service.py:2391
2024-10-31 02:02:09.285 65581 DEBUG heat.engine.service [req-407fa3cd-bc7d-471b-be40-54414eac5bef - - - - -] Service 752cc5bd-c817-4966-a001-84288d1053f0 was aborted service_manage_cleanup /usr/lib/python3/dist-packages/heat/engine/service.py:2391
2024-10-31 02:02:09.286 65582 DEBUG heat.engine.service [req-59735b11-6048-4490-8547-ecda2c7d12a2 - - - - -] Service 752cc5bd-c817-4966-a001-84288d1053f0 was aborted service_manage_cleanup /usr/lib/python3/dist-packages/heat/engine/service.py:2391
2024-10-31 02:02:09.288 65584 DEBUG heat.engine.service [req-686f318d-a3a4-48fc-a094-cba025a35f66 - - - - -] Service 752cc5bd-c817-4966-a001-84288d1053f0 was aborted service_manage_cleanup /usr/lib/python3/dist-packages/heat/engine/service.py:2391
2024-10-31 02:02:09.301 65582 DEBUG heat.engine.service [req-59735b11-6048-4490-8547-ecda2c7d12a2 - - - - -] Service 9c7b21b9-f981-495d-9b66-ccb78f02bc80 was aborted service_manage_cleanup /usr/lib/python3/dist-packages/heat/engine/service.py:2391
2024-10-31 02:02:09.301 65581 DEBUG heat.engine.service [req-407fa3cd-bc7d-471b-be40-54414eac5bef - - - - -] Service 9c7b21b9-f981-495d-9b66-ccb78f02bc80 was aborted service_manage_cleanup /usr/lib/python3/dist-packages/heat/engine/service.py:2391
2024-10-31 02:02:09.302 65583 DEBUG heat.engine.service [req-b3b55d5d-fc02-4994-ad90-2bcf0282d5f1 - - - - -] Service 9c7b21b9-f981-495d-9b66-ccb78f02bc80 was aborted service_manage_cleanup /usr/lib/python3/dist-packages/heat/engine/service.py:2391
2024-10-31 02:02:09.303 65584 DEBUG heat.engine.service [req-686f318d-a3a4-48fc-a094-cba025a35f66 - - - - -] Service 9c7b21b9-f981-495d-9b66-ccb78f02bc80 was aborted service_manage_cleanup /usr/lib/python3/dist-packages/heat/engine/service.py:2391
2024-10-31 02:02:09.317 65581 DEBUG heat.engine.service [req-407fa3cd-bc7d-471b-be40-54414eac5bef - - - - -] Service be09946d-b098-4f26-bbc4-19bbb7fcca26 was aborted service_manage_cleanup /usr/lib/python3/dist-packages/heat/engine/service.py:2391
2024-10-31 02:02:09.317 65582 DEBUG heat.engine.service [req-59735b11-6048-4490-8547-ecda2c7d12a2 - - - - -] Service be09946d-b098-4f26-bbc4-19bbb7fcca26 was aborted service_manage_cleanup /usr/lib/python3/dist-packages/heat/engine/service.py:2391
2024-10-31 02:02:09.318 65583 DEBUG heat.engine.service [req-b3b55d5d-fc02-4994-ad90-2bcf0282d5f1 - - - - -] Service be09946d-b098-4f26-bbc4-19bbb7fcca26 was aborted service_manage_cleanup /usr/lib/python3/dist-packages/heat/engine/service.py:2391
2024-10-31 02:02:09.320 65584 DEBUG heat.engine.service [req-686f318d-a3a4-48fc-a094-cba025a35f66 - - - - -] Service be09946d-b098-4f26-bbc4-19bbb7fcca26 was aborted service_manage_cleanup /usr/lib/python3/dist-packages/heat/engine/service.py:2391
2024-10-31 02:02:09.329 65581 DEBUG heat.engine.service [req-407fa3cd-bc7d-471b-be40-54414eac5bef - - - - -] Service e17b104b-a389-497f-a5db-6a4945edf566 was aborted service_manage_cleanup /usr/lib/python3/dist-packages/heat/engine/service.py:2391
2024-10-31 02:02:09.330 65583 DEBUG heat.engine.service [req-b3b55d5d-fc02-4994-ad90-2bcf0282d5f1 - - - - -] Service e17b104b-a389-497f-a5db-6a4945edf566 was aborted service_manage_cleanup /usr/lib/python3/dist-packages/heat/engine/service.py:2391
2024-10-31 02:02:09.332 65584 DEBUG heat.engine.service [req-686f318d-a3a4-48fc-a094-cba025a35f66 - - - - -] Service e17b104b-a389-497f-a5db-6a4945edf566 was aborted service_manage_cleanup /usr/lib/python3/dist-packages/heat/engine/service.py:2391
2024-10-31 02:02:09.330 65582 DEBUG heat.engine.service [req-59735b11-6048-4490-8547-ecda2c7d12a2 - - - - -] Service e17b104b-a389-497f-a5db-6a4945edf566 was aborted service_manage_cleanup /usr/lib/python3/dist-packages/heat/engine/service.py:2391
2024-10-31 02:02:09.381 65581 DEBUG heat.engine.service [req-dc27eb6a-4594-403f-ae51-14196ca33f44 - - - - -] Service c068582f-77f1-46c2-be64-5ecc72911bbc is started service_manage_report /usr/lib/python3/dist-packages/heat/engine/service.py:2363
2024-10-31 02:02:09.390 65584 DEBUG heat.engine.service [req-7ee28409-9dbe-41cd-8cf1-bb5e6538f385 - - - - -] Service 9151fdeb-1d56-4544-be1f-833f3a945641 is started service_manage_report /usr/lib/python3/dist-packages/heat/engine/service.py:2363
2024-10-31 02:02:09.394 65582 DEBUG heat.engine.service [req-a7c21a66-30c8-4ef6-82e6-189de079d62c - - - - -] Service 7415f138-d60a-4423-8f43-bc57faa7ead7 is started service_manage_report /usr/lib/python3/dist-packages/heat/engine/service.py:2363
2024-10-31 02:02:09.423 65584 DEBUG heat.engine.service [req-7ee28409-9dbe-41cd-8cf1-bb5e6538f385 - - - - -] Service 9151fdeb-1d56-4544-be1f-833f3a945641 is updated service_manage_report /usr/lib/python3/dist-packages/heat/engine/service.py:2370
2024-10-31 02:02:09.425 65583 DEBUG heat.engine.service [req-2369c1d3-9d16-4ee1-851a-9c3e1c8f879a - - - - -] Service 03ed0e4f-d336-4be5-bc90-464e7aaff167 is started service_manage_report /usr/lib/python3/dist-packages/heat/engine/service.py:2363
2024-10-31 02:02:09.426 65581 DEBUG heat.engine.service [req-dc27eb6a-4594-403f-ae51-14196ca33f44 - - - - -] Service c068582f-77f1-46c2-be64-5ecc72911bbc is updated service_manage_report /usr/lib/python3/dist-packages/heat/engine/service.py:2370
2024-10-31 02:02:09.433 65582 DEBUG heat.engine.service [req-a7c21a66-30c8-4ef6-82e6-189de079d62c - - - - -] Service 7415f138-d60a-4423-8f43-bc57faa7ead7 is updated service_manage_report /usr/lib/python3/dist-packages/heat/engine/service.py:2370
2024-10-31 02:02:09.445 65583 DEBUG heat.engine.service [req-2369c1d3-9d16-4ee1-851a-9c3e1c8f879a - - - - -] Service 03ed0e4f-d336-4be5-bc90-464e7aaff167 is updated service_manage_report /usr/lib/python3/dist-packages/heat/engine/service.py:2370
2024-10-31 02:03:09.368 65581 DEBUG heat.engine.service [req-d548f40a-1069-4844-9f80-16478683c51f - - - - -] Service c068582f-77f1-46c2-be64-5ecc72911bbc is updated service_manage_report /usr/lib/python3/dist-packages/heat/engine/service.py:2370
2024-10-31 02:03:09.372 65583 DEBUG heat.engine.service [req-616fedbe-ef52-4b78-b046-e978bc6cac07 - - - - -] Service 03ed0e4f-d336-4be5-bc90-464e7aaff167 is updated service_manage_report /usr/lib/python3/dist-packages/heat/engine/service.py:2370
2024-10-31 02:03:09.376 65582 DEBUG heat.engine.service [req-affb444b-6d93-49e1-b515-88f84d9fb2c3 - - - - -] Service 7415f138-d60a-4423-8f43-bc57faa7ead7 is updated service_manage_report /usr/lib/python3/dist-packages/heat/engine/service.py:2370
2024-10-31 02:03:09.376 65584 DEBUG heat.engine.service [req-20a96bdd-d727-463e-a095-2e5786f5b884 - - - - -] Service 9151fdeb-1d56-4544-be1f-833f3a945641 is updated service_manage_report /usr/lib/python3/dist-packages/heat/engine/service.py:2370
2024-10-31 02:03:42.745 65583 DEBUG heat.engine.service [-] Attempting to stop engine service... _stop_rpc_server /usr/lib/python3/dist-packages/heat/engine/service.py:437
2024-10-31 02:03:42.745 65584 DEBUG heat.engine.service [-] Attempting to stop engine service... _stop_rpc_server /usr/lib/python3/dist-packages/heat/engine/service.py:437
2024-10-31 02:03:42.745 65581 DEBUG heat.engine.service [-] Attempting to stop engine service... _stop_rpc_server /usr/lib/python3/dist-packages/heat/engine/service.py:437
2024-10-31 02:03:42.746 65582 DEBUG heat.engine.service [-] Attempting to stop engine service... _stop_rpc_server /usr/lib/python3/dist-packages/heat/engine/service.py:437
2024-10-31 02:03:42.748 65356 INFO oslo_service.service [-] Caught SIGTERM, stopping children
2024-10-31 02:03:42.749 65356 DEBUG oslo_concurrency.lockutils [-] Acquired lock "singleton_lock" lock /usr/lib/python3/dist-packages/oslo_concurrency/lockutils.py:294
2024-10-31 02:03:42.749 65356 DEBUG oslo_concurrency.lockutils [-] Releasing lock "singleton_lock" lock /usr/lib/python3/dist-packages/oslo_concurrency/lockutils.py:312
2024-10-31 02:03:42.749 65356 DEBUG oslo_service.service [-] Stop services. stop /usr/lib/python3/dist-packages/oslo_service/service.py:695
2024-10-31 02:03:42.749 65356 INFO heat.engine.service [-] All threads were gone, terminating engine
2024-10-31 02:03:42.749 65356 DEBUG oslo_service.service [-] Killing children. stop /usr/lib/python3/dist-packages/oslo_service/service.py:700
2024-10-31 02:03:42.764 65356 INFO oslo_service.service [-] Waiting on 4 children to exit
2024-10-31 02:03:42.774 65356 INFO oslo_service.service [-] Child 65581 killed by signal 15
2024-10-31 02:03:42.777 65356 INFO oslo_service.service [-] Child 65583 killed by signal 15
2024-10-31 02:03:42.777 65356 INFO oslo_service.service [-] Child 65584 killed by signal 15
2024-10-31 02:03:42.779 65356 INFO oslo_service.service [-] Child 65582 killed by signal 15
2024-10-31 02:03:44.899 66957 DEBUG oslo_concurrency.lockutils [-] Lock "context-manager" acquired by "neutron_lib.db.api._create_context_manager" :: waited 0.000s inner /usr/lib/python3/dist-packages/oslo_concurrency/lockutils.py:386
2024-10-31 02:03:44.900 66957 DEBUG oslo_concurrency.lockutils [-] Lock "context-manager" "released" by "neutron_lib.db.api._create_context_manager" :: held 0.001s inner /usr/lib/python3/dist-packages/oslo_concurrency/lockutils.py:400
2024-10-31 02:03:47.727 66957 WARNING heat.engine.environment [-] OS::Aodh::Alarm is DEPRECATED. Theshold alarm relies on ceilometer-api and has been deprecated in aodh since Ocata. Use OS::Aodh::GnocchiAggregationByResourcesAlarm instead.
2024-10-31 02:03:47.727 66957 WARNING heat.engine.environment [-] OS::Aodh::CombinationAlarm is HIDDEN. OS::Aodh::CombinationAlarm is deprecated and has been removed from Aodh, use OS::Aodh::CompositeAlarm instead.
2024-10-31 02:03:47.727 66957 WARNING heat.engine.environment [-] OS::Designate::Domain is HIDDEN. This resource has been removed, use OS::Designate::Zone instead.
2024-10-31 02:03:47.728 66957 WARNING heat.engine.environment [-] OS::Designate::Record is HIDDEN. This resource has been removed, use OS::Designate::RecordSet instead.
2024-10-31 02:03:47.728 66957 WARNING heat.engine.environment [-] OS::Glance::Image is DEPRECATED. Creating a Glance Image based on an existing URL location requires the Glance v1 API, which is deprecated.
2024-10-31 02:03:47.728 66957 WARNING heat.engine.environment [-] OS::Heat::HARestarter is HIDDEN. The HARestarter resource type has been removed. Existing stacks containing HARestarter resources can still be used, but the HARestarter resource will be a placeholder that does nothing.
2024-10-31 02:03:47.728 66957 WARNING heat.engine.environment [-] OS::Heat::SoftwareDeployments is HIDDEN. Please use OS::Heat::SoftwareDeploymentGroup instead.
2024-10-31 02:03:47.728 66957 WARNING heat.engine.environment [-] OS::Heat::StructuredDeployments is HIDDEN. Please use OS::Heat::StructuredDeploymentGroup instead.
2024-10-31 02:03:47.729 66957 WARNING heat.engine.environment [-] OS::Magnum::Bay is HIDDEN. Please use OS::Magnum::Cluster instead.
2024-10-31 02:03:47.729 66957 WARNING heat.engine.environment [-] OS::Magnum::BayModel is HIDDEN. Please use OS::Magnum::ClusterTemplate instead.
2024-10-31 02:03:47.729 66957 WARNING heat.engine.environment [-] OS::Neutron::ExtraRoute is UNSUPPORTED. Use this resource at your own risk.
2024-10-31 02:03:47.729 66957 WARNING heat.engine.environment [-] OS::Neutron::HealthMonitor is HIDDEN. Use LBaaS V2 instead.
2024-10-31 02:03:47.729 66957 WARNING heat.engine.environment [-] OS::Neutron::Pool is HIDDEN. Use LBaaS V2 instead.
2024-10-31 02:03:47.729 66957 WARNING heat.engine.environment [-] OS::Neutron::PoolMember is HIDDEN. Use LBaaS V2 instead.
2024-10-31 02:03:47.730 66957 WARNING heat.engine.environment [-] OS::Neutron::LoadBalancer is HIDDEN. Use LBaaS V2 instead.
2024-10-31 02:03:47.730 66957 WARNING heat.engine.environment [-] OS::Neutron::RouterGateway is HIDDEN. Use the `external_gateway_info` property in the router resource to set up the gateway.
2024-10-31 02:03:47.730 66957 WARNING heat.engine.environment [-] OS::Nova::FloatingIP is HIDDEN. Please use OS::Neutron::FloatingIP instead.
2024-10-31 02:03:47.730 66957 WARNING heat.engine.environment [-] OS::Nova::FloatingIPAssociation is HIDDEN. Please use OS::Neutron::FloatingIPAssociation instead.
2024-10-31 02:03:47.733 66957 INFO heat.engine.environment [-] Loading /etc/heat/environment.d/default.yaml
2024-10-31 02:03:47.734 66957 INFO heat.engine.environment [-] Registered: [Plugin](User:False) AWS::AutoScaling::AutoScalingGroup ->
2024-10-31 02:03:47.734 66957 INFO heat.engine.environment [-] Registered: [Plugin](User:False) AWS::AutoScaling::LaunchConfiguration ->
2024-10-31 02:03:47.734 66957 INFO heat.engine.environment [-] Registered: [Plugin](User:False) AWS::AutoScaling::ScalingPolicy ->
2024-10-31 02:03:47.734 66957 INFO heat.engine.environment [-] Registered: [Plugin](User:False) AWS::CloudFormation::Stack ->
2024-10-31 02:03:47.734 66957 INFO heat.engine.environment [-] Registered: [Plugin](User:False) AWS::CloudFormation::WaitCondition ->
2024-10-31 02:03:47.734 66957 INFO heat.engine.environment [-] Registered: [Plugin](User:False) AWS::CloudFormation::WaitConditionHandle ->
2024-10-31 02:03:47.734 66957 INFO heat.engine.environment [-] Registered: [Plugin](User:False) AWS::EC2::EIP ->
2024-10-31 02:03:47.734 66957 INFO heat.engine.environment [-] Registered: [Plugin](User:False) AWS::EC2::EIPAssociation ->
2024-10-31 02:03:47.735 66957 INFO heat.engine.environment [-] Registered: [Plugin](User:False) AWS::EC2::Instance ->
2024-10-31 02:03:47.735 66957 INFO heat.engine.environment [-] Registered: [Plugin](User:False) AWS::EC2::InternetGateway ->
2024-10-31 02:03:47.735 66957 INFO heat.engine.environment [-] Registered: [Plugin](User:False) AWS::EC2::VPCGatewayAttachment ->
2024-10-31 02:03:47.735 66957 INFO heat.engine.environment [-] Registered: [Plugin](User:False) AWS::EC2::NetworkInterface ->
2024-10-31 02:03:47.735 66957 INFO heat.engine.environment [-] Registered: [Plugin](User:False) AWS::EC2::RouteTable ->
2024-10-31 02:03:47.735 66957 INFO heat.engine.environment [-] Registered: [Plugin](User:False) AWS::EC2::SubnetRouteTableAssociation ->
2024-10-31 02:03:47.735 66957 INFO heat.engine.environment [-] Registered: [Plugin](User:False) AWS::EC2::SecurityGroup ->
2024-10-31 02:03:47.735 66957 INFO heat.engine.environment [-] Registered: [Plugin](User:False) AWS::EC2::Subnet ->
2024-10-31 02:03:47.735 66957 INFO heat.engine.environment [-] Registered: [Plugin](User:False) AWS::EC2::Volume ->
2024-10-31 02:03:47.735 66957 INFO heat.engine.environment [-] Registered: [Plugin](User:False) AWS::EC2::VolumeAttachment ->
2024-10-31 02:03:47.736 66957 INFO heat.engine.environment [-] Registered: [Plugin](User:False) AWS::EC2::VPC ->
2024-10-31 02:03:47.736 66957 INFO heat.engine.environment [-] Registered: [Plugin](User:False) AWS::IAM::User ->
2024-10-31 02:03:47.736 66957 INFO heat.engine.environment [-] Registered: [Plugin](User:False) AWS::IAM::AccessKey ->
2024-10-31 02:03:47.736 66957 INFO heat.engine.environment [-] Registered: [Plugin](User:False) AWS::ElasticLoadBalancing::LoadBalancer ->
2024-10-31 02:03:47.736 66957 INFO heat.engine.environment [-] Registered: [Plugin](User:False) AWS::S3::Bucket ->
2024-10-31 02:03:47.736 66957 INFO heat.engine.environment [-] Registered: [Plugin](User:False) OS::Aodh::Alarm ->
2024-10-31 02:03:47.736 66957 INFO heat.engine.environment [-] Registered: [Plugin](User:False) OS::Aodh::CombinationAlarm ->
2024-10-31 02:03:47.736 66957 INFO heat.engine.environment [-] Registered: [Plugin](User:False) OS::Aodh::EventAlarm ->
2024-10-31 02:03:47.736 66957 INFO heat.engine.environment [-] Registered: [Plugin](User:False) OS::Aodh::LBMemberHealthAlarm ->
2024-10-31 02:03:47.736 66957 INFO heat.engine.environment [-] Registered: [Plugin](User:False) OS::Aodh::CompositeAlarm ->
2024-10-31 02:03:47.736 66957 INFO heat.engine.environment [-] Registered: [Plugin](User:False) OS::Aodh::GnocchiResourcesAlarm ->
2024-10-31 02:03:47.737 66957 INFO heat.engine.environment [-] Registered: [Plugin](User:False) OS::Aodh::GnocchiAggregationByMetricsAlarm ->
2024-10-31 02:03:47.737 66957 INFO heat.engine.environment [-] Registered: [Plugin](User:False) OS::Aodh::GnocchiAggregationByResourcesAlarm ->
2024-10-31 02:03:47.737 66957 INFO heat.engine.environment [-] Registered: [Plugin](User:False) OS::Barbican::GenericContainer ->
2024-10-31 02:03:47.737 66957 INFO heat.engine.environment [-] Registered: [Plugin](User:False) OS::Barbican::CertificateContainer ->
2024-10-31 02:03:47.737 66957 INFO heat.engine.environment [-] Registered: [Plugin](User:False) OS::Barbican::RSAContainer ->
2024-10-31 02:03:47.737 66957 INFO heat.engine.environment [-] Registered: [Plugin](User:False) OS::Barbican::Order ->
2024-10-31 02:03:47.737 66957 INFO heat.engine.environment [-] Registered: [Plugin](User:False) OS::Barbican::Secret ->
2024-10-31 02:03:47.737 66957 INFO heat.engine.environment [-] Registered: [Plugin](User:False) OS::Blazar::Host ->
2024-10-31 02:03:47.737 66957 INFO heat.engine.environment [-] Registered: [Plugin](User:False) OS::Blazar::Lease ->
2024-10-31 02:03:47.738 66957 INFO heat.engine.environment [-] Registered: [Plugin](User:False) OS::Cinder::EncryptedVolumeType ->
2024-10-31 02:03:47.738 66957 INFO heat.engine.environment [-] Registered: [Plugin](User:False) OS::Cinder::QoSSpecs ->
2024-10-31 02:03:47.738 66957 INFO heat.engine.environment [-] Registered: [Plugin](User:False) OS::Cinder::QoSAssociation ->
2024-10-31 02:03:47.738 66957 INFO heat.engine.environment [-] Registered: [Plugin](User:False) OS::Cinder::Quota ->
2024-10-31 02:03:47.738 66957 INFO heat.engine.environment [-] Registered: [Plugin](User:False) OS::Cinder::Volume ->
2024-10-31 02:03:47.738 66957 INFO heat.engine.environment [-] Registered: [Plugin](User:False) OS::Cinder::VolumeAttachment ->
2024-10-31 02:03:47.738 66957 INFO heat.engine.environment [-] Registered: [Plugin](User:False) OS::Cinder::VolumeType ->
2024-10-31 02:03:47.738 66957 INFO heat.engine.environment [-] Registered: [Plugin](User:False) OS::Designate::Domain ->
2024-10-31 02:03:47.738 66957 INFO heat.engine.environment [-] Registered: [Plugin](User:False) OS::Designate::Record ->
2024-10-31 02:03:47.738 66957 INFO heat.engine.environment [-] Registered: [Plugin](User:False) OS::Designate::RecordSet ->
2024-10-31 02:03:47.739 66957 INFO heat.engine.environment [-] Registered: [Plugin](User:False) OS::Designate::Zone ->
2024-10-31 02:03:47.739 66957 INFO heat.engine.environment [-] Registered: [Plugin](User:False) OS::Glance::Image ->
2024-10-31 02:03:47.739 66957 INFO heat.engine.environment [-] Registered: [Plugin](User:False) OS::Glance::WebImage ->
2024-10-31 02:03:47.739 66957 INFO heat.engine.environment [-] Registered: [Plugin](User:False) OS::Heat::AccessPolicy ->
2024-10-31 02:03:47.739 66957 INFO heat.engine.environment [-] Registered: [Plugin](User:False) OS::Heat::AutoScalingGroup ->
2024-10-31 02:03:47.739 66957 INFO heat.engine.environment [-] Registered: [Plugin](User:False) OS::Heat::CloudConfig ->
2024-10-31 02:03:47.739 66957 INFO heat.engine.environment [-] Registered: [Plugin](User:False) OS::Heat::Delay ->
2024-10-31 02:03:47.739 66957 INFO heat.engine.environment [-] Registered: [Plugin](User:False) OS::Heat::DeployedServer ->
2024-10-31 02:03:47.739 66957 INFO heat.engine.environment [-] Registered: [Plugin](User:False) OS::Heat::HARestarter ->
2024-10-31 02:03:47.739 66957 INFO heat.engine.environment [-] Registered: [Plugin](User:False) OS::Heat::InstanceGroup ->
2024-10-31 02:03:47.739 66957 INFO heat.engine.environment [-] Registered: [Plugin](User:False) OS::Heat::MultipartMime ->
2024-10-31 02:03:47.740 66957 INFO heat.engine.environment [-] Registered: [Plugin](User:False) OS::Heat::None ->
2024-10-31 02:03:47.740 66957 INFO heat.engine.environment [-] Registered: [Plugin](User:False) OS::Heat::RandomString ->
2024-10-31 02:03:47.740 66957 INFO heat.engine.environment [-] Registered: [Plugin](User:False) OS::Heat::Stack ->
2024-10-31 02:03:47.740 66957 INFO heat.engine.environment [-] Registered: [Plugin](User:False) OS::Heat::ResourceChain ->
2024-10-31 02:03:47.740 66957 INFO heat.engine.environment [-] Registered: [Plugin](User:False) OS::Heat::ResourceGroup ->
2024-10-31 02:03:47.740 66957 INFO heat.engine.environment [-] Registered: [Plugin](User:False) OS::Heat::ScalingPolicy ->
2024-10-31 02:03:47.740 66957 INFO heat.engine.environment [-] Registered: [Plugin](User:False) OS::Heat::SoftwareComponent ->
2024-10-31 02:03:47.740 66957 INFO heat.engine.environment [-] Registered: [Plugin](User:False) OS::Heat::SoftwareConfig ->
2024-10-31 02:03:47.740 66957 INFO heat.engine.environment [-] Registered: [Plugin](User:False) OS::Heat::SoftwareDeployment ->
2024-10-31 02:03:47.740 66957 INFO heat.engine.environment [-] Registered: [Plugin](User:False) OS::Heat::SoftwareDeploymentGroup ->
2024-10-31 02:03:47.741 66957 INFO heat.engine.environment [-] Registered: [Plugin](User:False) OS::Heat::SoftwareDeployments ->
2024-10-31 02:03:47.741 66957 INFO heat.engine.environment [-] Registered: [Plugin](User:False) OS::Heat::StructuredConfig ->
2024-10-31 02:03:47.741 66957 INFO heat.engine.environment [-] Registered: [Plugin](User:False) OS::Heat::StructuredDeployment ->
2024-10-31 02:03:47.741 66957 INFO heat.engine.environment [-] Registered: [Plugin](User:False) OS::Heat::StructuredDeploymentGroup ->
2024-10-31 02:03:47.741 66957 INFO heat.engine.environment [-] Registered: [Plugin](User:False) OS::Heat::StructuredDeployments ->
2024-10-31 02:03:47.741 66957 INFO heat.engine.environment [-] Registered: [Plugin](User:False) OS::Heat::SwiftSignal ->
2024-10-31 02:03:47.741 66957 INFO heat.engine.environment [-] Registered: [Plugin](User:False) OS::Heat::SwiftSignalHandle ->
2024-10-31 02:03:47.741 66957 INFO heat.engine.environment [-] Registered: [Plugin](User:False) OS::Heat::TestResource ->
2024-10-31 02:03:47.741 66957 INFO heat.engine.environment [-] Registered: [Plugin](User:False) OS::Heat::Value ->
2024-10-31 02:03:47.741 66957 INFO heat.engine.environment [-] Registered: [Plugin](User:False) OS::Heat::WaitCondition ->
2024-10-31 02:03:47.741 66957 INFO heat.engine.environment [-] Registered: [Plugin](User:False) OS::Heat::WaitConditionHandle ->
2024-10-31 02:03:47.742 66957 INFO heat.engine.environment [-] Registered: [Plugin](User:False) OS::Heat::UpdateWaitConditionHandle ->
2024-10-31 02:03:47.742 66957 INFO heat.engine.environment [-] Registered: [Plugin](User:False) OS::Ironic::Port ->
2024-10-31 02:03:47.742 66957 INFO heat.engine.environment [-] Registered: [Plugin](User:False) OS::Keystone::Domain ->
2024-10-31 02:03:47.742 66957 INFO heat.engine.environment [-] Registered: [Plugin](User:False) OS::Keystone::Endpoint ->
2024-10-31 02:03:47.742 66957 INFO heat.engine.environment [-] Registered: [Plugin](User:False) OS::Keystone::Group ->
2024-10-31 02:03:47.742 66957 INFO heat.engine.environment [-] Registered: [Plugin](User:False) OS::Keystone::Project ->
2024-10-31 02:03:47.742 66957 INFO heat.engine.environment [-] Registered: [Plugin](User:False) OS::Keystone::Region ->
2024-10-31 02:03:47.742 66957 INFO heat.engine.environment [-] Registered: [Plugin](User:False) OS::Keystone::Role ->
2024-10-31 02:03:47.742 66957 INFO heat.engine.environment [-] Registered: [Plugin](User:False) OS::Keystone::UserRoleAssignment ->
2024-10-31 02:03:47.742 66957 INFO heat.engine.environment [-] Registered: [Plugin](User:False) OS::Keystone::GroupRoleAssignment ->
2024-10-31 02:03:47.743 66957 INFO heat.engine.environment [-] Registered: [Plugin](User:False) OS::Keystone::Service ->
2024-10-31 02:03:47.743 66957 INFO heat.engine.environment [-] Registered: [Plugin](User:False) OS::Keystone::User ->
2024-10-31 02:03:47.743 66957 INFO heat.engine.environment [-] Registered: [Plugin](User:False) OS::Magnum::Bay ->
2024-10-31 02:03:47.743 66957 INFO heat.engine.environment [-] Registered: [Plugin](User:False) OS::Magnum::BayModel ->
2024-10-31 02:03:47.743 66957 INFO heat.engine.environment [-] Registered: [Plugin](User:False) OS::Magnum::Cluster ->
2024-10-31 02:03:47.743 66957 INFO heat.engine.environment [-] Registered: [Plugin](User:False) OS::Magnum::ClusterTemplate ->
2024-10-31 02:03:47.743 66957 INFO heat.engine.environment [-] Registered: [Plugin](User:False) OS::Manila::SecurityService ->
2024-10-31 02:03:47.743 66957 INFO heat.engine.environment [-] Registered: [Plugin](User:False) OS::Manila::Share ->
2024-10-31 02:03:47.743 66957 INFO heat.engine.environment [-] Registered: [Plugin](User:False) OS::Manila::ShareNetwork ->
2024-10-31 02:03:47.743 66957 INFO heat.engine.environment [-] Registered: [Plugin](User:False) OS::Manila::ShareType ->
2024-10-31 02:03:47.743 66957 INFO heat.engine.environment [-] Registered: [Plugin](User:False) OS::Mistral::CronTrigger ->
2024-10-31 02:03:47.744 66957 INFO heat.engine.environment [-] Registered: [Plugin](User:False) OS::Mistral::ExternalResource ->
2024-10-31 02:03:47.744 66957 INFO heat.engine.environment [-] Registered: [Plugin](User:False) OS::Mistral::Workflow ->
2024-10-31 02:03:47.744 66957 INFO heat.engine.environment [-] Registered: [Plugin](User:False) OS::Monasca::AlarmDefinition ->
2024-10-31 02:03:47.744 66957 INFO heat.engine.environment [-] Registered: [Plugin](User:False) OS::Monasca::Notification ->
2024-10-31 02:03:47.744 66957 INFO heat.engine.environment [-] Registered: [Plugin](User:False) OS::Neutron::AddressScope ->
2024-10-31 02:03:47.744 66957 INFO heat.engine.environment [-] Registered: [Plugin](User:False) OS::Neutron::ExtraRoute ->
2024-10-31 02:03:47.744 66957 INFO heat.engine.environment [-] Registered: [Plugin](User:False) OS::Neutron::ExtraRouteSet ->
2024-10-31 02:03:47.744 66957 INFO heat.engine.environment [-] Registered: [Plugin](User:False) OS::Neutron::Firewall ->
2024-10-31 02:03:47.744 66957 INFO heat.engine.environment [-] Registered: [Plugin](User:False) OS::Neutron::FirewallPolicy ->
2024-10-31 02:03:47.744 66957 INFO heat.engine.environment [-] Registered: [Plugin](User:False) OS::Neutron::FirewallRule ->
2024-10-31 02:03:47.745 66957 INFO heat.engine.environment [-] Registered: [Plugin](User:False) OS::Neutron::FloatingIP ->
2024-10-31 02:03:47.745 66957 INFO heat.engine.environment [-] Registered: [Plugin](User:False) OS::Neutron::FloatingIPAssociation ->
2024-10-31 02:03:47.745 66957 INFO heat.engine.environment [-] Registered: [Plugin](User:False) OS::Neutron::L2Gateway ->
2024-10-31 02:03:47.745 66957 INFO heat.engine.environment [-] Registered: [Plugin](User:False) OS::Neutron::L2GatewayConnection ->
2024-10-31 02:03:47.745 66957 INFO heat.engine.environment [-] Registered: [Plugin](User:False) OS::Neutron::LBaaS::HealthMonitor ->
2024-10-31 02:03:47.745 66957 INFO heat.engine.environment [-] Registered: [Plugin](User:False) OS::Neutron::LBaaS::L7Policy ->
2024-10-31 02:03:47.745 66957 INFO heat.engine.environment [-] Registered: [Plugin](User:False) OS::Neutron::LBaaS::L7Rule ->
2024-10-31 02:03:47.745 66957 INFO heat.engine.environment [-] Registered: [Plugin](User:False) OS::Neutron::LBaaS::Listener ->
2024-10-31 02:03:47.745 66957 INFO heat.engine.environment [-] Registered: [Plugin](User:False) OS::Neutron::LBaaS::LoadBalancer ->
2024-10-31 02:03:47.745 66957 INFO heat.engine.environment [-] Registered: [Plugin](User:False) OS::Neutron::LBaaS::Pool ->
2024-10-31 02:03:47.746 66957 INFO heat.engine.environment [-] Registered: [Plugin](User:False) OS::Neutron::LBaaS::PoolMember ->
2024-10-31 02:03:47.746 66957 INFO heat.engine.environment [-] Registered: [Plugin](User:False) OS::Neutron::HealthMonitor ->
2024-10-31 02:03:47.746 66957 INFO heat.engine.environment [-] Registered: [Plugin](User:False) OS::Neutron::Pool ->
2024-10-31 02:03:47.746 66957 INFO heat.engine.environment [-] Registered: [Plugin](User:False) OS::Neutron::PoolMember ->
2024-10-31 02:03:47.746 66957 INFO heat.engine.environment [-] Registered: [Plugin](User:False) OS::Neutron::LoadBalancer ->
2024-10-31 02:03:47.746 66957 INFO heat.engine.environment [-] Registered: [Plugin](User:False) OS::Neutron::MeteringLabel ->
2024-10-31 02:03:47.746 66957 INFO heat.engine.environment [-] Registered: [Plugin](User:False) OS::Neutron::MeteringRule ->
2024-10-31 02:03:47.746 66957 INFO heat.engine.environment [-] Registered: [Plugin](User:False) OS::Neutron::Net ->
2024-10-31 02:03:47.746 66957 INFO heat.engine.environment [-] Registered: [Plugin](User:False) OS::Neutron::NetworkGateway ->
2024-10-31 02:03:47.746 66957 INFO heat.engine.environment [-] Registered: [Plugin](User:False) OS::Neutron::Port ->
2024-10-31 02:03:47.746 66957 INFO heat.engine.environment [-] Registered: [Plugin](User:False) OS::Neutron::ProviderNet ->
2024-10-31 02:03:47.747 66957 INFO heat.engine.environment [-] Registered: [Plugin](User:False) OS::Neutron::QoSPolicy ->
2024-10-31 02:03:47.747 66957 INFO heat.engine.environment [-] Registered: [Plugin](User:False) OS::Neutron::QoSBandwidthLimitRule ->
2024-10-31 02:03:47.747 66957 INFO heat.engine.environment [-] Registered: [Plugin](User:False) OS::Neutron::QoSDscpMarkingRule ->
2024-10-31 02:03:47.747 66957 INFO heat.engine.environment [-] Registered: [Plugin](User:False) OS::Neutron::QoSMinimumBandwidthRule ->
2024-10-31 02:03:47.747 66957 INFO heat.engine.environment [-] Registered: [Plugin](User:False) OS::Neutron::Quota ->
2024-10-31 02:03:47.747 66957 INFO heat.engine.environment [-] Registered: [Plugin](User:False) OS::Neutron::RBACPolicy ->
2024-10-31 02:03:47.747 66957 INFO heat.engine.environment [-] Registered: [Plugin](User:False) OS::Neutron::Router ->
2024-10-31 02:03:47.747 66957 INFO heat.engine.environment [-] Registered: [Plugin](User:False) OS::Neutron::RouterInterface ->
2024-10-31 02:03:47.747 66957 INFO heat.engine.environment [-] Registered: [Plugin](User:False) OS::Neutron::RouterGateway ->
2024-10-31 02:03:47.747 66957 INFO heat.engine.environment [-] Registered: [Plugin](User:False) OS::Neutron::SecurityGroup ->
2024-10-31 02:03:47.748 66957 INFO heat.engine.environment [-] Registered: [Plugin](User:False) OS::Neutron::SecurityGroupRule ->
2024-10-31 02:03:47.748 66957 INFO heat.engine.environment [-] Registered: [Plugin](User:False) OS::Neutron::Segment ->
2024-10-31 02:03:47.748 66957 INFO heat.engine.environment [-] Registered: [Plugin](User:False) OS::Neutron::FlowClassifier ->
2024-10-31 02:03:47.748 66957 INFO heat.engine.environment [-] Registered: [Plugin](User:False) OS::Neutron::PortChain ->
2024-10-31 02:03:47.748 66957 INFO heat.engine.environment [-] Registered: [Plugin](User:False) OS::Neutron::PortPair ->
2024-10-31 02:03:47.748 66957 INFO heat.engine.environment [-] Registered: [Plugin](User:False) OS::Neutron::PortPairGroup ->
2024-10-31 02:03:47.748 66957 INFO heat.engine.environment [-] Registered: [Plugin](User:False) OS::Neutron::Subnet ->
2024-10-31 02:03:47.748 66957 INFO heat.engine.environment [-] Registered: [Plugin](User:False) OS::Neutron::SubnetPool ->
2024-10-31 02:03:47.748 66957 INFO heat.engine.environment [-] Registered: [Plugin](User:False) OS::Neutron::TaaS::TapFlow ->
2024-10-31 02:03:47.748 66957 INFO heat.engine.environment [-] Registered: [Plugin](User:False) OS::Neutron::TaaS::TapService ->
2024-10-31 02:03:47.749 66957 INFO heat.engine.environment [-] Registered: [Plugin](User:False) OS::Neutron::Trunk ->
2024-10-31 02:03:47.749 66957 INFO heat.engine.environment [-] Registered: [Plugin](User:False) OS::Neutron::VPNService ->
2024-10-31 02:03:47.749 66957 INFO heat.engine.environment [-] Registered: [Plugin](User:False) OS::Neutron::IPsecSiteConnection ->
2024-10-31 02:03:47.749 66957 INFO heat.engine.environment [-] Registered: [Plugin](User:False) OS::Neutron::IKEPolicy ->
2024-10-31 02:03:47.749 66957 INFO heat.engine.environment [-] Registered: [Plugin](User:False) OS::Neutron::IPsecPolicy ->
2024-10-31 02:03:47.749 66957 INFO heat.engine.environment [-] Registered: [Plugin](User:False) OS::Nova::Flavor ->
2024-10-31 02:03:47.749 66957 INFO heat.engine.environment [-] Registered: [Plugin](User:False) OS::Nova::FloatingIP ->
2024-10-31 02:03:47.749 66957 INFO heat.engine.environment [-] Registered: [Plugin](User:False) OS::Nova::FloatingIPAssociation ->
2024-10-31 02:03:47.749 66957 INFO heat.engine.environment [-] Registered: [Plugin](User:False) OS::Nova::HostAggregate ->
2024-10-31 02:03:47.749 66957 INFO heat.engine.environment [-] Registered: [Plugin](User:False) OS::Nova::KeyPair ->
2024-10-31 02:03:47.749 66957 INFO heat.engine.environment [-] Registered: [Plugin](User:False) OS::Nova::Quota ->
2024-10-31 02:03:47.750 66957 INFO heat.engine.environment [-] Registered: [Plugin](User:False) OS::Nova::Server ->
2024-10-31 02:03:47.750 66957 INFO heat.engine.environment [-] Registered: [Plugin](User:False) OS::Nova::ServerGroup ->
2024-10-31 02:03:47.750 66957 INFO heat.engine.environment [-] Registered: [Plugin](User:False) OS::Octavia::Flavor ->
2024-10-31 02:03:47.750 66957 INFO heat.engine.environment [-] Registered: [Plugin](User:False) OS::Octavia::FlavorProfile ->
2024-10-31 02:03:47.750 66957 INFO heat.engine.environment [-] Registered: [Plugin](User:False) OS::Octavia::HealthMonitor ->
2024-10-31 02:03:47.750 66957 INFO heat.engine.environment [-] Registered: [Plugin](User:False) OS::Octavia::L7Policy ->
2024-10-31 02:03:47.750 66957 INFO heat.engine.environment [-] Registered: [Plugin](User:False) OS::Octavia::L7Rule ->
2024-10-31 02:03:47.750 66957 INFO heat.engine.environment [-] Registered: [Plugin](User:False) OS::Octavia::Listener ->
2024-10-31 02:03:47.750 66957 INFO heat.engine.environment [-] Registered: [Plugin](User:False) OS::Octavia::LoadBalancer ->
2024-10-31 02:03:47.750 66957 INFO heat.engine.environment [-] Registered: [Plugin](User:False) OS::Octavia::Pool ->
2024-10-31 02:03:47.751 66957 INFO heat.engine.environment [-] Registered: [Plugin](User:False) OS::Octavia::PoolMember ->
2024-10-31 02:03:47.751 66957 INFO heat.engine.environment [-] Registered: [Plugin](User:False) OS::Octavia::Quota ->
2024-10-31 02:03:47.751 66957 INFO heat.engine.environment [-] Registered: [Plugin](User:False) OS::Sahara::Cluster ->
2024-10-31 02:03:47.751 66957 INFO heat.engine.environment [-] Registered: [Plugin](User:False) OS::Sahara::DataSource ->
2024-10-31 02:03:47.751 66957 INFO heat.engine.environment [-] Registered: [Plugin](User:False) OS::Sahara::ImageRegistry ->
2024-10-31 02:03:47.751 66957 INFO heat.engine.environment [-] Registered: [Plugin](User:False) OS::Sahara::Job ->
2024-10-31 02:03:47.751 66957 INFO heat.engine.environment [-] Registered: [Plugin](User:False) OS::Sahara::JobBinary ->
2024-10-31 02:03:47.751 66957 INFO heat.engine.environment [-] Registered: [Plugin](User:False) OS::Sahara::NodeGroupTemplate ->
2024-10-31 02:03:47.751 66957 INFO heat.engine.environment [-] Registered: [Plugin](User:False) OS::Sahara::ClusterTemplate ->
2024-10-31 02:03:47.751 66957 INFO heat.engine.environment [-] Registered: [Plugin](User:False) OS::Senlin::Cluster ->
