2024-10-31 00:39:57.559 35999 DEBUG oslo_service.service [-] eventlet_opts.client_socket_timeout = 900 log_opt_values /usr/lib/python3/dist-packages/oslo_config/cfg.py:2609
2024-10-31 00:39:57.560 35999 DEBUG oslo_service.service [-] eventlet_opts.wsgi_keep_alive = True log_opt_values /usr/lib/python3/dist-packages/oslo_config/cfg.py:2609
2024-10-31 00:39:57.560 35999 DEBUG oslo_service.service [-] paste_deploy.api_paste_config = /etc/heat/api-paste.ini log_opt_values /usr/lib/python3/dist-packages/oslo_config/cfg.py:2609
2024-10-31 00:39:57.560 35999 DEBUG oslo_service.service [-] paste_deploy.flavor = None log_opt_values /usr/lib/python3/dist-packages/oslo_config/cfg.py:2609
2024-10-31 00:39:57.560 35999 DEBUG oslo_service.service [-] auth_password.allowed_auth_uris = [] log_opt_values /usr/lib/python3/dist-packages/oslo_config/cfg.py:2609
2024-10-31 00:39:57.560 35999 DEBUG oslo_service.service [-] auth_password.multi_cloud = False log_opt_values /usr/lib/python3/dist-packages/oslo_config/cfg.py:2609
2024-10-31 00:39:57.560 35999 DEBUG oslo_service.service [-] revision.heat_revision = unknown log_opt_values /usr/lib/python3/dist-packages/oslo_config/cfg.py:2609
2024-10-31 00:39:57.560 35999 DEBUG oslo_service.service [-] volumes.backups_enabled = True log_opt_values /usr/lib/python3/dist-packages/oslo_config/cfg.py:2609
2024-10-31 00:39:57.561 35999 DEBUG oslo_service.service [-] noauth.token_response = log_opt_values /usr/lib/python3/dist-packages/oslo_config/cfg.py:2609
2024-10-31 00:39:57.561 35999 DEBUG oslo_service.service [-] clients.ca_file = None log_opt_values /usr/lib/python3/dist-packages/oslo_config/cfg.py:2609
2024-10-31 00:39:57.561 35999 DEBUG oslo_service.service [-] clients.cert_file = None log_opt_values /usr/lib/python3/dist-packages/oslo_config/cfg.py:2609
2024-10-31 00:39:57.561 35999 DEBUG oslo_service.service [-] clients.endpoint_type = publicURL log_opt_values /usr/lib/python3/dist-packages/oslo_config/cfg.py:2609
2024-10-31 00:39:57.561 35999 DEBUG oslo_service.service [-] clients.insecure = False log_opt_values /usr/lib/python3/dist-packages/oslo_config/cfg.py:2609
2024-10-31 00:39:57.561 35999 DEBUG oslo_service.service [-] clients.key_file = None log_opt_values /usr/lib/python3/dist-packages/oslo_config/cfg.py:2609
2024-10-31 00:39:57.561 35999 DEBUG oslo_service.service [-] clients_aodh.ca_file = None log_opt_values /usr/lib/python3/dist-packages/oslo_config/cfg.py:2609
2024-10-31 00:39:57.561 35999 DEBUG oslo_service.service [-] clients_aodh.cert_file = None log_opt_values /usr/lib/python3/dist-packages/oslo_config/cfg.py:2609
2024-10-31 00:39:57.562 35999 DEBUG oslo_service.service [-] clients_aodh.endpoint_type = None log_opt_values /usr/lib/python3/dist-packages/oslo_config/cfg.py:2609
2024-10-31 00:39:57.562 35999 DEBUG oslo_service.service [-] clients_aodh.insecure = None log_opt_values /usr/lib/python3/dist-packages/oslo_config/cfg.py:2609
2024-10-31 00:39:57.562 35999 DEBUG oslo_service.service [-] clients_aodh.key_file = None log_opt_values /usr/lib/python3/dist-packages/oslo_config/cfg.py:2609
2024-10-31 00:39:57.562 35999 DEBUG oslo_service.service [-] clients_barbican.ca_file = None log_opt_values /usr/lib/python3/dist-packages/oslo_config/cfg.py:2609
2024-10-31 00:39:57.562 35999 DEBUG oslo_service.service [-] clients_barbican.cert_file = None log_opt_values /usr/lib/python3/dist-packages/oslo_config/cfg.py:2609
2024-10-31 00:39:57.562 35999 DEBUG oslo_service.service [-] clients_barbican.endpoint_type = None log_opt_values /usr/lib/python3/dist-packages/oslo_config/cfg.py:2609
2024-10-31 00:39:57.562 35999 DEBUG oslo_service.service [-] clients_barbican.insecure = None log_opt_values /usr/lib/python3/dist-packages/oslo_config/cfg.py:2609
2024-10-31 00:39:57.562 35999 DEBUG oslo_service.service [-] clients_barbican.key_file = None log_opt_values /usr/lib/python3/dist-packages/oslo_config/cfg.py:2609
2024-10-31 00:39:57.563 35999 DEBUG oslo_service.service [-] clients_cinder.ca_file = None log_opt_values /usr/lib/python3/dist-packages/oslo_config/cfg.py:2609
2024-10-31 00:39:57.563 35999 DEBUG oslo_service.service [-] clients_cinder.cert_file = None log_opt_values /usr/lib/python3/dist-packages/oslo_config/cfg.py:2609
2024-10-31 00:39:57.563 35999 DEBUG oslo_service.service [-] clients_cinder.endpoint_type = None log_opt_values /usr/lib/python3/dist-packages/oslo_config/cfg.py:2609
2024-10-31 00:39:57.563 35999 DEBUG oslo_service.service [-] clients_cinder.http_log_debug = False log_opt_values /usr/lib/python3/dist-packages/oslo_config/cfg.py:2609
2024-10-31 00:39:57.563 35999 DEBUG oslo_service.service [-] clients_cinder.insecure = None log_opt_values /usr/lib/python3/dist-packages/oslo_config/cfg.py:2609
2024-10-31 00:39:57.563 35999 DEBUG oslo_service.service [-] clients_cinder.key_file = None log_opt_values /usr/lib/python3/dist-packages/oslo_config/cfg.py:2609
2024-10-31 00:39:57.563 35999 DEBUG oslo_service.service [-] clients_designate.ca_file = None log_opt_values /usr/lib/python3/dist-packages/oslo_config/cfg.py:2609
2024-10-31 00:39:57.564 35999 DEBUG oslo_service.service [-] clients_designate.cert_file = None log_opt_values /usr/lib/python3/dist-packages/oslo_config/cfg.py:2609
2024-10-31 00:39:57.564 35999 DEBUG oslo_service.service [-] clients_designate.endpoint_type = None log_opt_values /usr/lib/python3/dist-packages/oslo_config/cfg.py:2609
2024-10-31 00:39:57.564 35999 DEBUG oslo_service.service [-] clients_designate.insecure = None log_opt_values /usr/lib/python3/dist-packages/oslo_config/cfg.py:2609
2024-10-31 00:39:57.564 35999 DEBUG oslo_service.service [-] clients_designate.key_file = None log_opt_values /usr/lib/python3/dist-packages/oslo_config/cfg.py:2609
2024-10-31 00:39:57.564 35999 DEBUG oslo_service.service [-] clients_glance.ca_file = None log_opt_values /usr/lib/python3/dist-packages/oslo_config/cfg.py:2609
2024-10-31 00:39:57.564 35999 DEBUG oslo_service.service [-] clients_glance.cert_file = None log_opt_values /usr/lib/python3/dist-packages/oslo_config/cfg.py:2609
2024-10-31 00:39:57.564 35999 DEBUG oslo_service.service [-] clients_glance.endpoint_type = None log_opt_values /usr/lib/python3/dist-packages/oslo_config/cfg.py:2609
2024-10-31 00:39:57.564 35999 DEBUG oslo_service.service [-] clients_glance.insecure = None log_opt_values /usr/lib/python3/dist-packages/oslo_config/cfg.py:2609
2024-10-31 00:39:57.565 35999 DEBUG oslo_service.service [-] clients_glance.key_file = None log_opt_values /usr/lib/python3/dist-packages/oslo_config/cfg.py:2609
2024-10-31 00:39:57.565 35999 DEBUG oslo_service.service [-] clients_heat.ca_file = None log_opt_values /usr/lib/python3/dist-packages/oslo_config/cfg.py:2609
2024-10-31 00:39:57.565 35999 DEBUG oslo_service.service [-] clients_heat.cert_file = None log_opt_values /usr/lib/python3/dist-packages/oslo_config/cfg.py:2609
2024-10-31 00:39:57.565 35999 DEBUG oslo_service.service [-] clients_heat.endpoint_type = None log_opt_values /usr/lib/python3/dist-packages/oslo_config/cfg.py:2609
2024-10-31 00:39:57.565 35999 DEBUG oslo_service.service [-] clients_heat.insecure = None log_opt_values /usr/lib/python3/dist-packages/oslo_config/cfg.py:2609
2024-10-31 00:39:57.565 35999 DEBUG oslo_service.service [-] clients_heat.key_file = None log_opt_values /usr/lib/python3/dist-packages/oslo_config/cfg.py:2609
2024-10-31 00:39:57.565 35999 DEBUG oslo_service.service [-] clients_heat.url = log_opt_values /usr/lib/python3/dist-packages/oslo_config/cfg.py:2609
2024-10-31 00:39:57.566 35999 DEBUG oslo_service.service [-] clients_keystone.auth_uri = http://252.17.219.34:5050 log_opt_values /usr/lib/python3/dist-packages/oslo_config/cfg.py:2609
2024-10-31 00:39:57.566 35999 DEBUG oslo_service.service [-] clients_keystone.ca_file = None log_opt_values /usr/lib/python3/dist-packages/oslo_config/cfg.py:2609
2024-10-31 00:39:57.566 35999 DEBUG oslo_service.service [-] clients_keystone.cert_file = None log_opt_values /usr/lib/python3/dist-packages/oslo_config/cfg.py:2609
2024-10-31 00:39:57.566 35999 DEBUG oslo_service.service [-] clients_keystone.endpoint_type = None log_opt_values /usr/lib/python3/dist-packages/oslo_config/cfg.py:2609
2024-10-31 00:39:57.566 35999 DEBUG oslo_service.service [-] clients_keystone.insecure = None log_opt_values /usr/lib/python3/dist-packages/oslo_config/cfg.py:2609
2024-10-31 00:39:57.566 35999 DEBUG oslo_service.service [-] clients_keystone.key_file = None log_opt_values /usr/lib/python3/dist-packages/oslo_config/cfg.py:2609
2024-10-31 00:39:57.566 35999 DEBUG oslo_service.service [-] clients_magnum.ca_file = None log_opt_values /usr/lib/python3/dist-packages/oslo_config/cfg.py:2609
2024-10-31 00:39:57.566 35999 DEBUG oslo_service.service [-] clients_magnum.cert_file = None log_opt_values /usr/lib/python3/dist-packages/oslo_config/cfg.py:2609
2024-10-31 00:39:57.567 35999 DEBUG oslo_service.service [-] clients_magnum.endpoint_type = None log_opt_values /usr/lib/python3/dist-packages/oslo_config/cfg.py:2609
2024-10-31 00:39:57.567 35999 DEBUG oslo_service.service [-] clients_magnum.insecure = None log_opt_values /usr/lib/python3/dist-packages/oslo_config/cfg.py:2609
2024-10-31 00:39:57.567 35999 DEBUG oslo_service.service [-] clients_magnum.key_file = None log_opt_values /usr/lib/python3/dist-packages/oslo_config/cfg.py:2609
2024-10-31 00:39:57.567 35999 DEBUG oslo_service.service [-] clients_manila.ca_file = None log_opt_values /usr/lib/python3/dist-packages/oslo_config/cfg.py:2609
2024-10-31 00:39:57.567 35999 DEBUG oslo_service.service [-] clients_manila.cert_file = None log_opt_values /usr/lib/python3/dist-packages/oslo_config/cfg.py:2609
2024-10-31 00:39:57.567 35999 DEBUG oslo_service.service [-] clients_manila.endpoint_type = None log_opt_values /usr/lib/python3/dist-packages/oslo_config/cfg.py:2609
2024-10-31 00:39:57.567 35999 DEBUG oslo_service.service [-] clients_manila.insecure = None log_opt_values /usr/lib/python3/dist-packages/oslo_config/cfg.py:2609
2024-10-31 00:39:57.567 35999 DEBUG oslo_service.service [-] clients_manila.key_file = None log_opt_values /usr/lib/python3/dist-packages/oslo_config/cfg.py:2609
2024-10-31 00:39:57.567 35999 DEBUG oslo_service.service [-] clients_mistral.ca_file = None log_opt_values /usr/lib/python3/dist-packages/oslo_config/cfg.py:2609
2024-10-31 00:39:57.568 35999 DEBUG oslo_service.service [-] clients_mistral.cert_file = None log_opt_values /usr/lib/python3/dist-packages/oslo_config/cfg.py:2609
2024-10-31 00:39:57.568 35999 DEBUG oslo_service.service [-] clients_mistral.endpoint_type = None log_opt_values /usr/lib/python3/dist-packages/oslo_config/cfg.py:2609
2024-10-31 00:39:57.568 35999 DEBUG oslo_service.service [-] clients_mistral.insecure = None log_opt_values /usr/lib/python3/dist-packages/oslo_config/cfg.py:2609
2024-10-31 00:39:57.568 35999 DEBUG oslo_service.service [-] clients_mistral.key_file = None log_opt_values /usr/lib/python3/dist-packages/oslo_config/cfg.py:2609
2024-10-31 00:39:57.568 35999 DEBUG oslo_service.service [-] clients_monasca.ca_file = None log_opt_values /usr/lib/python3/dist-packages/oslo_config/cfg.py:2609
2024-10-31 00:39:57.568 35999 DEBUG oslo_service.service [-] clients_monasca.cert_file = None log_opt_values /usr/lib/python3/dist-packages/oslo_config/cfg.py:2609
2024-10-31 00:39:57.568 35999 DEBUG oslo_service.service [-] clients_monasca.endpoint_type = None log_opt_values /usr/lib/python3/dist-packages/oslo_config/cfg.py:2609
2024-10-31 00:39:57.568 35999 DEBUG oslo_service.service [-] clients_monasca.insecure = None log_opt_values /usr/lib/python3/dist-packages/oslo_config/cfg.py:2609
2024-10-31 00:39:57.569 35999 DEBUG oslo_service.service [-] clients_monasca.key_file = None log_opt_values /usr/lib/python3/dist-packages/oslo_config/cfg.py:2609
2024-10-31 00:39:57.569 35999 DEBUG oslo_service.service [-] clients_neutron.ca_file = None log_opt_values /usr/lib/python3/dist-packages/oslo_config/cfg.py:2609
2024-10-31 00:39:57.569 35999 DEBUG oslo_service.service [-] clients_neutron.cert_file = None log_opt_values /usr/lib/python3/dist-packages/oslo_config/cfg.py:2609
2024-10-31 00:39:57.570 35999 DEBUG oslo_service.service [-] clients_neutron.endpoint_type = None log_opt_values /usr/lib/python3/dist-packages/oslo_config/cfg.py:2609
2024-10-31 00:39:57.570 35999 DEBUG oslo_service.service [-] clients_neutron.insecure = None log_opt_values /usr/lib/python3/dist-packages/oslo_config/cfg.py:2609
2024-10-31 00:39:57.570 35999 DEBUG oslo_service.service [-] clients_neutron.key_file = None log_opt_values /usr/lib/python3/dist-packages/oslo_config/cfg.py:2609
2024-10-31 00:39:57.571 35999 DEBUG oslo_service.service [-] clients_nova.ca_file = None log_opt_values /usr/lib/python3/dist-packages/oslo_config/cfg.py:2609
2024-10-31 00:39:57.571 35999 DEBUG oslo_service.service [-] clients_nova.cert_file = None log_opt_values /usr/lib/python3/dist-packages/oslo_config/cfg.py:2609
2024-10-31 00:39:57.571 35999 DEBUG oslo_service.service [-] clients_nova.endpoint_type = None log_opt_values /usr/lib/python3/dist-packages/oslo_config/cfg.py:2609
2024-10-31 00:39:57.575 35999 DEBUG oslo_service.service [-] clients_nova.http_log_debug = False log_opt_values /usr/lib/python3/dist-packages/oslo_config/cfg.py:2609
2024-10-31 00:39:57.575 35999 DEBUG oslo_service.service [-] clients_nova.insecure = None log_opt_values /usr/lib/python3/dist-packages/oslo_config/cfg.py:2609
2024-10-31 00:39:57.576 35999 DEBUG oslo_service.service [-] clients_nova.key_file = None log_opt_values /usr/lib/python3/dist-packages/oslo_config/cfg.py:2609
2024-10-31 00:39:57.576 35999 DEBUG oslo_service.service [-] clients_octavia.ca_file = None log_opt_values /usr/lib/python3/dist-packages/oslo_config/cfg.py:2609
2024-10-31 00:39:57.576 35999 DEBUG oslo_service.service [-] clients_octavia.cert_file = None log_opt_values /usr/lib/python3/dist-packages/oslo_config/cfg.py:2609
2024-10-31 00:39:57.575 36414 INFO heat.engine.worker [-] Starting engine_worker (1.4) in engine 2a9739d5-daf7-453e-ba54-bb842eee7744.
2024-10-31 00:39:57.576 35999 DEBUG oslo_service.service [-] clients_octavia.endpoint_type = None log_opt_values /usr/lib/python3/dist-packages/oslo_config/cfg.py:2609
2024-10-31 00:39:57.576 35999 DEBUG oslo_service.service [-] clients_octavia.insecure = None log_opt_values /usr/lib/python3/dist-packages/oslo_config/cfg.py:2609
2024-10-31 00:39:57.577 35999 DEBUG oslo_service.service [-] clients_octavia.key_file = None log_opt_values /usr/lib/python3/dist-packages/oslo_config/cfg.py:2609
2024-10-31 00:39:57.577 35999 DEBUG oslo_service.service [-] clients_sahara.ca_file = None log_opt_values /usr/lib/python3/dist-packages/oslo_config/cfg.py:2609
2024-10-31 00:39:57.577 35999 DEBUG oslo_service.service [-] clients_sahara.cert_file = None log_opt_values /usr/lib/python3/dist-packages/oslo_config/cfg.py:2609
2024-10-31 00:39:57.577 35999 DEBUG oslo_service.service [-] clients_sahara.endpoint_type = None log_opt_values /usr/lib/python3/dist-packages/oslo_config/cfg.py:2609
2024-10-31 00:39:57.578 35999 DEBUG oslo_service.service [-] clients_sahara.insecure = None log_opt_values /usr/lib/python3/dist-packages/oslo_config/cfg.py:2609
2024-10-31 00:39:57.578 35999 DEBUG oslo_service.service [-] clients_sahara.key_file = None log_opt_values /usr/lib/python3/dist-packages/oslo_config/cfg.py:2609
2024-10-31 00:39:57.578 35999 DEBUG oslo_service.service [-] clients_senlin.ca_file = None log_opt_values /usr/lib/python3/dist-packages/oslo_config/cfg.py:2609
2024-10-31 00:39:57.578 35999 DEBUG oslo_service.service [-] clients_senlin.cert_file = None log_opt_values /usr/lib/python3/dist-packages/oslo_config/cfg.py:2609
2024-10-31 00:39:57.578 35999 DEBUG oslo_service.service [-] clients_senlin.endpoint_type = None log_opt_values /usr/lib/python3/dist-packages/oslo_config/cfg.py:2609
2024-10-31 00:39:57.579 35999 DEBUG oslo_service.service [-] clients_senlin.insecure = None log_opt_values /usr/lib/python3/dist-packages/oslo_config/cfg.py:2609
2024-10-31 00:39:57.579 35999 DEBUG oslo_service.service [-] clients_senlin.key_file = None log_opt_values /usr/lib/python3/dist-packages/oslo_config/cfg.py:2609
2024-10-31 00:39:57.579 35999 DEBUG oslo_service.service [-] clients_swift.ca_file = None log_opt_values /usr/lib/python3/dist-packages/oslo_config/cfg.py:2609
2024-10-31 00:39:57.579 35999 DEBUG oslo_service.service [-] clients_swift.cert_file = None log_opt_values /usr/lib/python3/dist-packages/oslo_config/cfg.py:2609
2024-10-31 00:39:57.579 35999 DEBUG oslo_service.service [-] clients_swift.endpoint_type = None log_opt_values /usr/lib/python3/dist-packages/oslo_config/cfg.py:2609
2024-10-31 00:39:57.579 35999 DEBUG oslo_service.service [-] clients_swift.insecure = None log_opt_values /usr/lib/python3/dist-packages/oslo_config/cfg.py:2609
2024-10-31 00:39:57.579 35999 DEBUG oslo_service.service [-] clients_swift.key_file = None log_opt_values /usr/lib/python3/dist-packages/oslo_config/cfg.py:2609
2024-10-31 00:39:57.579 35999 DEBUG oslo_service.service [-] clients_trove.ca_file = None log_opt_values /usr/lib/python3/dist-packages/oslo_config/cfg.py:2609
2024-10-31 00:39:57.580 35999 DEBUG oslo_service.service [-] clients_trove.cert_file = None log_opt_values /usr/lib/python3/dist-packages/oslo_config/cfg.py:2609
2024-10-31 00:39:57.578 36410 INFO heat.engine.worker [-] Starting engine_worker (1.4) in engine 7deb1bea-fab8-430b-8243-7459302ae8ab.
2024-10-31 00:39:57.580 35999 DEBUG oslo_service.service [-] clients_trove.endpoint_type = None log_opt_values /usr/lib/python3/dist-packages/oslo_config/cfg.py:2609
2024-10-31 00:39:57.580 35999 DEBUG oslo_service.service [-] clients_trove.insecure = None log_opt_values /usr/lib/python3/dist-packages/oslo_config/cfg.py:2609
2024-10-31 00:39:57.581 35999 DEBUG oslo_service.service [-] clients_trove.key_file = None log_opt_values /usr/lib/python3/dist-packages/oslo_config/cfg.py:2609
2024-10-31 00:39:57.581 35999 DEBUG oslo_service.service [-] clients_vitrage.ca_file = None log_opt_values /usr/lib/python3/dist-packages/oslo_config/cfg.py:2609
2024-10-31 00:39:57.581 35999 DEBUG oslo_service.service [-] clients_vitrage.cert_file = None log_opt_values /usr/lib/python3/dist-packages/oslo_config/cfg.py:2609
2024-10-31 00:39:57.581 35999 DEBUG oslo_service.service [-] clients_vitrage.endpoint_type = None log_opt_values /usr/lib/python3/dist-packages/oslo_config/cfg.py:2609
2024-10-31 00:39:57.581 35999 DEBUG oslo_service.service [-] clients_vitrage.insecure = None log_opt_values /usr/lib/python3/dist-packages/oslo_config/cfg.py:2609
2024-10-31 00:39:57.581 35999 DEBUG oslo_service.service [-] clients_vitrage.key_file = None log_opt_values /usr/lib/python3/dist-packages/oslo_config/cfg.py:2609
2024-10-31 00:39:57.581 35999 DEBUG oslo_service.service [-] clients_zaqar.ca_file = None log_opt_values /usr/lib/python3/dist-packages/oslo_config/cfg.py:2609
2024-10-31 00:39:57.582 35999 DEBUG oslo_service.service [-] clients_zaqar.cert_file = None log_opt_values /usr/lib/python3/dist-packages/oslo_config/cfg.py:2609
2024-10-31 00:39:57.582 35999 DEBUG oslo_service.service [-] clients_zaqar.endpoint_type = None log_opt_values /usr/lib/python3/dist-packages/oslo_config/cfg.py:2609
2024-10-31 00:39:57.582 35999 DEBUG oslo_service.service [-] clients_zaqar.insecure = None log_opt_values /usr/lib/python3/dist-packages/oslo_config/cfg.py:2609
2024-10-31 00:39:57.582 35999 DEBUG oslo_service.service [-] clients_zaqar.key_file = None log_opt_values /usr/lib/python3/dist-packages/oslo_config/cfg.py:2609
2024-10-31 00:39:57.582 35999 DEBUG oslo_service.service [-] database.backend = sqlalchemy log_opt_values /usr/lib/python3/dist-packages/oslo_config/cfg.py:2609
2024-10-31 00:39:57.583 35999 DEBUG oslo_service.service [-] database.connection = **** log_opt_values /usr/lib/python3/dist-packages/oslo_config/cfg.py:2609
2024-10-31 00:39:57.583 35999 DEBUG oslo_service.service [-] database.connection_debug = 0 log_opt_values /usr/lib/python3/dist-packages/oslo_config/cfg.py:2609
2024-10-31 00:39:57.583 35999 DEBUG oslo_service.service [-] database.connection_parameters = log_opt_values /usr/lib/python3/dist-packages/oslo_config/cfg.py:2609
2024-10-31 00:39:57.583 35999 DEBUG oslo_service.service [-] database.connection_recycle_time = 3600 log_opt_values /usr/lib/python3/dist-packages/oslo_config/cfg.py:2609
2024-10-31 00:39:57.584 35999 DEBUG oslo_service.service [-] database.connection_trace = False log_opt_values /usr/lib/python3/dist-packages/oslo_config/cfg.py:2609
2024-10-31 00:39:57.584 35999 DEBUG oslo_service.service [-] database.db_inc_retry_interval = True log_opt_values /usr/lib/python3/dist-packages/oslo_config/cfg.py:2609
2024-10-31 00:39:57.584 35999 DEBUG oslo_service.service [-] database.db_max_retries = 20 log_opt_values /usr/lib/python3/dist-packages/oslo_config/cfg.py:2609
2024-10-31 00:39:57.584 35999 DEBUG oslo_service.service [-] database.db_max_retry_interval = 10 log_opt_values /usr/lib/python3/dist-packages/oslo_config/cfg.py:2609
2024-10-31 00:39:57.584 35999 DEBUG oslo_service.service [-] database.db_retry_interval = 1 log_opt_values /usr/lib/python3/dist-packages/oslo_config/cfg.py:2609
2024-10-31 00:39:57.584 35999 DEBUG oslo_service.service [-] database.max_overflow = 50 log_opt_values /usr/lib/python3/dist-packages/oslo_config/cfg.py:2609
2024-10-31 00:39:57.584 35999 DEBUG oslo_service.service [-] database.max_pool_size = 5 log_opt_values /usr/lib/python3/dist-packages/oslo_config/cfg.py:2609
2024-10-31 00:39:57.585 35999 DEBUG oslo_service.service [-] database.max_retries = 10 log_opt_values /usr/lib/python3/dist-packages/oslo_config/cfg.py:2609
2024-10-31 00:39:57.585 35999 DEBUG oslo_service.service [-] database.mysql_enable_ndb = False log_opt_values /usr/lib/python3/dist-packages/oslo_config/cfg.py:2609
2024-10-31 00:39:57.585 35999 DEBUG oslo_service.service [-] database.mysql_sql_mode = TRADITIONAL log_opt_values /usr/lib/python3/dist-packages/oslo_config/cfg.py:2609
2024-10-31 00:39:57.585 35999 DEBUG oslo_service.service [-] database.pool_timeout = None log_opt_values /usr/lib/python3/dist-packages/oslo_config/cfg.py:2609
2024-10-31 00:39:57.586 35999 DEBUG oslo_service.service [-] database.retry_interval = 10 log_opt_values /usr/lib/python3/dist-packages/oslo_config/cfg.py:2609
2024-10-31 00:39:57.586 35999 DEBUG oslo_service.service [-] database.slave_connection = **** log_opt_values /usr/lib/python3/dist-packages/oslo_config/cfg.py:2609
2024-10-31 00:39:57.586 35999 DEBUG oslo_service.service [-] database.sqlite_synchronous = True log_opt_values /usr/lib/python3/dist-packages/oslo_config/cfg.py:2609
2024-10-31 00:39:57.587 35999 DEBUG oslo_service.service [-] database.use_db_reconnect = False log_opt_values /usr/lib/python3/dist-packages/oslo_config/cfg.py:2609
2024-10-31 00:39:57.587 35999 DEBUG oslo_service.service [-] oslo_messaging_metrics.metrics_buffer_size = 1000 log_opt_values /usr/lib/python3/dist-packages/oslo_config/cfg.py:2609
2024-10-31 00:39:57.587 35999 DEBUG oslo_service.service [-] oslo_messaging_metrics.metrics_enabled = False log_opt_values /usr/lib/python3/dist-packages/oslo_config/cfg.py:2609
2024-10-31 00:39:57.588 35999 DEBUG oslo_service.service [-] oslo_messaging_metrics.metrics_process_name = log_opt_values /usr/lib/python3/dist-packages/oslo_config/cfg.py:2609
2024-10-31 00:39:57.588 35999 DEBUG oslo_service.service [-] oslo_messaging_metrics.metrics_socket_file = /var/tmp/metrics_collector.sock log_opt_values /usr/lib/python3/dist-packages/oslo_config/cfg.py:2609
2024-10-31 00:39:57.588 35999 DEBUG oslo_service.service [-] oslo_messaging_metrics.metrics_thread_stop_timeout = 10 log_opt_values /usr/lib/python3/dist-packages/oslo_config/cfg.py:2609
2024-10-31 00:39:57.588 35999 DEBUG oslo_service.service [-] oslo_policy.enforce_new_defaults = False log_opt_values /usr/lib/python3/dist-packages/oslo_config/cfg.py:2609
2024-10-31 00:39:57.588 35999 DEBUG oslo_service.service [-] oslo_policy.enforce_scope = False log_opt_values /usr/lib/python3/dist-packages/oslo_config/cfg.py:2609
2024-10-31 00:39:57.588 35999 DEBUG oslo_service.service [-] oslo_policy.policy_default_rule = default log_opt_values /usr/lib/python3/dist-packages/oslo_config/cfg.py:2609
2024-10-31 00:39:57.589 35999 DEBUG oslo_service.service [-] oslo_policy.policy_dirs = ['policy.d'] log_opt_values /usr/lib/python3/dist-packages/oslo_config/cfg.py:2609
2024-10-31 00:39:57.589 35999 DEBUG oslo_service.service [-] oslo_policy.policy_file = policy.yaml log_opt_values /usr/lib/python3/dist-packages/oslo_config/cfg.py:2609
2024-10-31 00:39:57.589 35999 DEBUG oslo_service.service [-] oslo_policy.remote_content_type = application/x-www-form-urlencoded log_opt_values /usr/lib/python3/dist-packages/oslo_config/cfg.py:2609
2024-10-31 00:39:57.590 35999 DEBUG oslo_service.service [-] oslo_policy.remote_ssl_ca_crt_file = None log_opt_values /usr/lib/python3/dist-packages/oslo_config/cfg.py:2609
2024-10-31 00:39:57.590 35999 DEBUG oslo_service.service [-] oslo_policy.remote_ssl_client_crt_file = None log_opt_values /usr/lib/python3/dist-packages/oslo_config/cfg.py:2609
2024-10-31 00:39:57.590 35999 DEBUG oslo_service.service [-] oslo_policy.remote_ssl_client_key_file = None log_opt_values /usr/lib/python3/dist-packages/oslo_config/cfg.py:2609
2024-10-31 00:39:57.591 35999 DEBUG oslo_service.service [-] oslo_policy.remote_ssl_verify_server_crt = False log_opt_values /usr/lib/python3/dist-packages/oslo_config/cfg.py:2609
2024-10-31 00:39:57.591 35999 DEBUG oslo_service.service [-] trustee.auth_section = None log_opt_values /usr/lib/python3/dist-packages/oslo_config/cfg.py:2609
2024-10-31 00:39:57.593 35999 WARNING oslo_config.cfg [-] Deprecated: Option "auth_plugin" from group "trustee" is deprecated. Use option "auth_type" from group "trustee".
2024-10-31 00:39:57.594 35999 DEBUG oslo_service.service [-] trustee.auth_type = password log_opt_values /usr/lib/python3/dist-packages/oslo_config/cfg.py:2609
2024-10-31 00:39:57.594 35999 DEBUG oslo_service.service [-] oslo_versionedobjects.fatal_exception_format_errors = False log_opt_values /usr/lib/python3/dist-packages/oslo_config/cfg.py:2609
2024-10-31 00:39:57.594 35999 DEBUG oslo_service.service [-] oslo_messaging_rabbit.amqp_auto_delete = False log_opt_values /usr/lib/python3/dist-packages/oslo_config/cfg.py:2609
2024-10-31 00:39:57.594 36411 INFO heat.engine.worker [-] Starting engine_worker (1.4) in engine d07b1a3a-dfaf-44a6-a562-ebc3e5e78014.
2024-10-31 00:39:57.594 35999 DEBUG oslo_service.service [-] oslo_messaging_rabbit.amqp_durable_queues = False log_opt_values /usr/lib/python3/dist-packages/oslo_config/cfg.py:2609
2024-10-31 00:39:57.595 35999 DEBUG oslo_service.service [-] oslo_messaging_rabbit.conn_pool_min_size = 2 log_opt_values /usr/lib/python3/dist-packages/oslo_config/cfg.py:2609
2024-10-31 00:39:57.596 35999 DEBUG oslo_service.service [-] oslo_messaging_rabbit.conn_pool_ttl = 1200 log_opt_values /usr/lib/python3/dist-packages/oslo_config/cfg.py:2609
2024-10-31 00:39:57.597 35999 DEBUG oslo_service.service [-] oslo_messaging_rabbit.direct_mandatory_flag = True log_opt_values /usr/lib/python3/dist-packages/oslo_config/cfg.py:2609
2024-10-31 00:39:57.599 35999 DEBUG oslo_service.service [-] oslo_messaging_rabbit.enable_cancel_on_failover = False log_opt_values /usr/lib/python3/dist-packages/oslo_config/cfg.py:2609
2024-10-31 00:39:57.599 35999 DEBUG oslo_service.service [-] oslo_messaging_rabbit.heartbeat_in_pthread = True log_opt_values /usr/lib/python3/dist-packages/oslo_config/cfg.py:2609
2024-10-31 00:39:57.599 35999 DEBUG oslo_service.service [-] oslo_messaging_rabbit.heartbeat_rate = 2 log_opt_values /usr/lib/python3/dist-packages/oslo_config/cfg.py:2609
2024-10-31 00:39:57.599 35999 DEBUG oslo_service.service [-] oslo_messaging_rabbit.heartbeat_timeout_threshold = 60 log_opt_values /usr/lib/python3/dist-packages/oslo_config/cfg.py:2609
2024-10-31 00:39:57.601 35999 DEBUG oslo_service.service [-] oslo_messaging_rabbit.kombu_compression = None log_opt_values /usr/lib/python3/dist-packages/oslo_config/cfg.py:2609
2024-10-31 00:39:57.601 35999 DEBUG oslo_service.service [-] oslo_messaging_rabbit.kombu_failover_strategy = round-robin log_opt_values /usr/lib/python3/dist-packages/oslo_config/cfg.py:2609
2024-10-31 00:39:57.602 35999 DEBUG oslo_service.service [-] oslo_messaging_rabbit.kombu_missing_consumer_retry_timeout = 60 log_opt_values /usr/lib/python3/dist-packages/oslo_config/cfg.py:2609
2024-10-31 00:39:57.602 35999 DEBUG oslo_service.service [-] oslo_messaging_rabbit.kombu_reconnect_delay = 1.0 log_opt_values /usr/lib/python3/dist-packages/oslo_config/cfg.py:2609
2024-10-31 00:39:57.602 35999 DEBUG oslo_service.service [-] oslo_messaging_rabbit.rabbit_ha_queues = False log_opt_values /usr/lib/python3/dist-packages/oslo_config/cfg.py:2609
2024-10-31 00:39:57.602 35999 DEBUG oslo_service.service [-] oslo_messaging_rabbit.rabbit_interval_max = 30 log_opt_values /usr/lib/python3/dist-packages/oslo_config/cfg.py:2609
2024-10-31 00:39:57.602 35999 DEBUG oslo_service.service [-] oslo_messaging_rabbit.rabbit_login_method = AMQPLAIN log_opt_values /usr/lib/python3/dist-packages/oslo_config/cfg.py:2609
2024-10-31 00:39:57.603 35999 DEBUG oslo_service.service [-] oslo_messaging_rabbit.rabbit_qos_prefetch_count = 0 log_opt_values /usr/lib/python3/dist-packages/oslo_config/cfg.py:2609
2024-10-31 00:39:57.603 35999 DEBUG oslo_service.service [-] oslo_messaging_rabbit.rabbit_quorum_queue = False log_opt_values /usr/lib/python3/dist-packages/oslo_config/cfg.py:2609
2024-10-31 00:39:57.603 35999 DEBUG oslo_service.service [-] oslo_messaging_rabbit.rabbit_retry_backoff = 2 log_opt_values /usr/lib/python3/dist-packages/oslo_config/cfg.py:2609
2024-10-31 00:39:57.603 35999 DEBUG oslo_service.service [-] oslo_messaging_rabbit.rabbit_retry_interval = 1 log_opt_values /usr/lib/python3/dist-packages/oslo_config/cfg.py:2609
2024-10-31 00:39:57.603 35999 DEBUG oslo_service.service [-] oslo_messaging_rabbit.rabbit_transient_queues_ttl = 1800 log_opt_values /usr/lib/python3/dist-packages/oslo_config/cfg.py:2609
2024-10-31 00:39:57.603 35999 DEBUG oslo_service.service [-] oslo_messaging_rabbit.rpc_conn_pool_size = 30 log_opt_values /usr/lib/python3/dist-packages/oslo_config/cfg.py:2609
2024-10-31 00:39:57.604 35999 DEBUG oslo_service.service [-] oslo_messaging_rabbit.ssl = False log_opt_values /usr/lib/python3/dist-packages/oslo_config/cfg.py:2609
2024-10-31 00:39:57.604 35999 DEBUG oslo_service.service [-] oslo_messaging_rabbit.ssl_ca_file = log_opt_values /usr/lib/python3/dist-packages/oslo_config/cfg.py:2609
2024-10-31 00:39:57.604 35999 DEBUG oslo_service.service [-] oslo_messaging_rabbit.ssl_cert_file = log_opt_values /usr/lib/python3/dist-packages/oslo_config/cfg.py:2609
2024-10-31 00:39:57.604 35999 DEBUG oslo_service.service [-] oslo_messaging_rabbit.ssl_key_file = log_opt_values /usr/lib/python3/dist-packages/oslo_config/cfg.py:2609
2024-10-31 00:39:57.605 35999 DEBUG oslo_service.service [-] oslo_messaging_rabbit.ssl_version = log_opt_values /usr/lib/python3/dist-packages/oslo_config/cfg.py:2609
2024-10-31 00:39:57.605 35999 DEBUG oslo_service.service [-] oslo_messaging_notifications.driver = [] log_opt_values /usr/lib/python3/dist-packages/oslo_config/cfg.py:2609
2024-10-31 00:39:57.605 35999 DEBUG oslo_service.service [-] oslo_messaging_notifications.retry = -1 log_opt_values /usr/lib/python3/dist-packages/oslo_config/cfg.py:2609
2024-10-31 00:39:57.606 35999 DEBUG oslo_service.service [-] oslo_messaging_notifications.topics = ['notifications'] log_opt_values /usr/lib/python3/dist-packages/oslo_config/cfg.py:2609
2024-10-31 00:39:57.606 35999 DEBUG oslo_service.service [-] oslo_messaging_notifications.transport_url = **** log_opt_values /usr/lib/python3/dist-packages/oslo_config/cfg.py:2609
2024-10-31 00:39:57.606 35999 DEBUG oslo_service.service [-] cache.backend = dogpile.cache.null log_opt_values /usr/lib/python3/dist-packages/oslo_config/cfg.py:2609
2024-10-31 00:39:57.606 35999 DEBUG oslo_service.service [-] cache.backend_argument = **** log_opt_values /usr/lib/python3/dist-packages/oslo_config/cfg.py:2609
2024-10-31 00:39:57.607 35999 DEBUG oslo_service.service [-] cache.config_prefix = cache.oslo log_opt_values /usr/lib/python3/dist-packages/oslo_config/cfg.py:2609
2024-10-31 00:39:57.607 35999 DEBUG oslo_service.service [-] cache.debug_cache_backend = False log_opt_values /usr/lib/python3/dist-packages/oslo_config/cfg.py:2609
2024-10-31 00:39:57.607 35999 DEBUG oslo_service.service [-] cache.enabled = False log_opt_values /usr/lib/python3/dist-packages/oslo_config/cfg.py:2609
2024-10-31 00:39:57.607 35999 DEBUG oslo_service.service [-] cache.expiration_time = 600 log_opt_values /usr/lib/python3/dist-packages/oslo_config/cfg.py:2609
2024-10-31 00:39:57.608 35999 DEBUG oslo_service.service [-] cache.memcache_dead_retry = 300 log_opt_values /usr/lib/python3/dist-packages/oslo_config/cfg.py:2609
2024-10-31 00:39:57.608 35999 DEBUG oslo_service.service [-] cache.memcache_pool_connection_get_timeout = 10 log_opt_values /usr/lib/python3/dist-packages/oslo_config/cfg.py:2609
2024-10-31 00:39:57.608 35999 DEBUG oslo_service.service [-] cache.memcache_pool_flush_on_reconnect = False log_opt_values /usr/lib/python3/dist-packages/oslo_config/cfg.py:2609
2024-10-31 00:39:57.609 35999 DEBUG oslo_service.service [-] cache.memcache_pool_maxsize = 10 log_opt_values /usr/lib/python3/dist-packages/oslo_config/cfg.py:2609
2024-10-31 00:39:57.610 35999 DEBUG oslo_service.service [-] cache.memcache_pool_unused_timeout = 60 log_opt_values /usr/lib/python3/dist-packages/oslo_config/cfg.py:2609
2024-10-31 00:39:57.610 35999 DEBUG oslo_service.service [-] cache.memcache_servers = ['localhost:11211'] log_opt_values /usr/lib/python3/dist-packages/oslo_config/cfg.py:2609
2024-10-31 00:39:57.610 35999 DEBUG oslo_service.service [-] cache.memcache_socket_timeout = 1.0 log_opt_values /usr/lib/python3/dist-packages/oslo_config/cfg.py:2609
2024-10-31 00:39:57.611 35999 DEBUG oslo_service.service [-] cache.proxies = [] log_opt_values /usr/lib/python3/dist-packages/oslo_config/cfg.py:2609
2024-10-31 00:39:57.611 35999 DEBUG oslo_service.service [-] cache.tls_allowed_ciphers = None log_opt_values /usr/lib/python3/dist-packages/oslo_config/cfg.py:2609
2024-10-31 00:39:57.611 35999 DEBUG oslo_service.service [-] cache.tls_cafile = None log_opt_values /usr/lib/python3/dist-packages/oslo_config/cfg.py:2609
2024-10-31 00:39:57.614 35999 DEBUG oslo_service.service [-] cache.tls_certfile = None log_opt_values /usr/lib/python3/dist-packages/oslo_config/cfg.py:2609
2024-10-31 00:39:57.614 35999 DEBUG oslo_service.service [-] cache.tls_enabled = False log_opt_values /usr/lib/python3/dist-packages/oslo_config/cfg.py:2609
2024-10-31 00:39:57.615 35999 DEBUG oslo_service.service [-] cache.tls_keyfile = None log_opt_values /usr/lib/python3/dist-packages/oslo_config/cfg.py:2609
2024-10-31 00:39:57.615 35999 DEBUG oslo_service.service [-] constraint_validation_cache.caching = True log_opt_values /usr/lib/python3/dist-packages/oslo_config/cfg.py:2609
2024-10-31 00:39:57.615 35999 DEBUG oslo_service.service [-] constraint_validation_cache.expiration_time = 60 log_opt_values /usr/lib/python3/dist-packages/oslo_config/cfg.py:2609
2024-10-31 00:39:57.615 35999 DEBUG oslo_service.service [-] service_extension_cache.caching = True log_opt_values /usr/lib/python3/dist-packages/oslo_config/cfg.py:2609
2024-10-31 00:39:57.616 35999 DEBUG oslo_service.service [-] service_extension_cache.expiration_time = 3600 log_opt_values /usr/lib/python3/dist-packages/oslo_config/cfg.py:2609
2024-10-31 00:39:57.616 35999 DEBUG oslo_service.service [-] resource_finder_cache.caching = True log_opt_values /usr/lib/python3/dist-packages/oslo_config/cfg.py:2609
2024-10-31 00:39:57.616 35999 DEBUG oslo_service.service [-] resource_finder_cache.expiration_time = 3600 log_opt_values /usr/lib/python3/dist-packages/oslo_config/cfg.py:2609
2024-10-31 00:39:57.616 35999 DEBUG oslo_service.service [-] yaql.limit_iterators = 200 log_opt_values /usr/lib/python3/dist-packages/oslo_config/cfg.py:2609
2024-10-31 00:39:57.617 35999 DEBUG oslo_service.service [-] yaql.memory_quota = 10000 log_opt_values /usr/lib/python3/dist-packages/oslo_config/cfg.py:2609
2024-10-31 00:39:57.617 35999 DEBUG oslo_service.service [-] ******************************************************************************** log_opt_values /usr/lib/python3/dist-packages/oslo_config/cfg.py:2613
2024-10-31 00:39:57.696 36408 DEBUG oslo_db.sqlalchemy.engines [req-c9b14a06-7141-44e4-94b7-97607c071d7e - - - - -] MySQL server mode set to STRICT_TRANS_TABLES,STRICT_ALL_TABLES,NO_ZERO_IN_DATE,NO_ZERO_DATE,ERROR_FOR_DIVISION_BY_ZERO,TRADITIONAL,NO_ENGINE_SUBSTITUTION _check_effective_sql_mode /usr/lib/python3/dist-packages/oslo_db/sqlalchemy/engines.py:314
2024-10-31 00:39:57.698 36410 DEBUG oslo_db.sqlalchemy.engines [req-a09ad831-61c9-4876-8260-61fa8d6b8518 - - - - -] MySQL server mode set to STRICT_TRANS_TABLES,STRICT_ALL_TABLES,NO_ZERO_IN_DATE,NO_ZERO_DATE,ERROR_FOR_DIVISION_BY_ZERO,TRADITIONAL,NO_ENGINE_SUBSTITUTION _check_effective_sql_mode /usr/lib/python3/dist-packages/oslo_db/sqlalchemy/engines.py:314
2024-10-31 00:39:57.702 36411 DEBUG oslo_db.sqlalchemy.engines [req-be402546-ace6-4314-a1d8-bc7e5dd8f47a - - - - -] MySQL server mode set to STRICT_TRANS_TABLES,STRICT_ALL_TABLES,NO_ZERO_IN_DATE,NO_ZERO_DATE,ERROR_FOR_DIVISION_BY_ZERO,TRADITIONAL,NO_ENGINE_SUBSTITUTION _check_effective_sql_mode /usr/lib/python3/dist-packages/oslo_db/sqlalchemy/engines.py:314
2024-10-31 00:39:57.710 36414 DEBUG oslo_db.sqlalchemy.engines [req-e6afb902-d0ad-4c27-bb2e-7e1032ba940e - - - - -] MySQL server mode set to STRICT_TRANS_TABLES,STRICT_ALL_TABLES,NO_ZERO_IN_DATE,NO_ZERO_DATE,ERROR_FOR_DIVISION_BY_ZERO,TRADITIONAL,NO_ENGINE_SUBSTITUTION _check_effective_sql_mode /usr/lib/python3/dist-packages/oslo_db/sqlalchemy/engines.py:314
2024-10-31 00:39:57.793 36408 DEBUG heat.engine.service [req-334338a0-b87a-42b0-ae11-fc150850b193 - - - - -] Service be09946d-b098-4f26-bbc4-19bbb7fcca26 is started service_manage_report /usr/lib/python3/dist-packages/heat/engine/service.py:2363
2024-10-31 00:39:57.809 36410 DEBUG heat.engine.service [req-ecd3ee0c-d15d-4d94-b250-a1acadba49b3 - - - - -] Service 0aefce6b-8c3e-49b8-8a31-a1f66f882507 is started service_manage_report /usr/lib/python3/dist-packages/heat/engine/service.py:2363
2024-10-31 00:39:57.810 36414 DEBUG heat.engine.service [req-e243b0db-d0c3-404b-8a9a-eebf78cd7105 - - - - -] Service 9c7b21b9-f981-495d-9b66-ccb78f02bc80 is started service_manage_report /usr/lib/python3/dist-packages/heat/engine/service.py:2363
2024-10-31 00:39:57.812 36411 DEBUG heat.engine.service [req-369a60fe-18f2-4385-bd3f-a2f19994ce2e - - - - -] Service 5ff69444-7187-4a1c-9f93-2fe07fe3bc13 is started service_manage_report /usr/lib/python3/dist-packages/heat/engine/service.py:2363
2024-10-31 00:39:57.817 36408 DEBUG heat.engine.service [req-334338a0-b87a-42b0-ae11-fc150850b193 - - - - -] Service be09946d-b098-4f26-bbc4-19bbb7fcca26 is updated service_manage_report /usr/lib/python3/dist-packages/heat/engine/service.py:2370
2024-10-31 00:39:57.830 36410 DEBUG heat.engine.service [req-ecd3ee0c-d15d-4d94-b250-a1acadba49b3 - - - - -] Service 0aefce6b-8c3e-49b8-8a31-a1f66f882507 is updated service_manage_report /usr/lib/python3/dist-packages/heat/engine/service.py:2370
2024-10-31 00:39:57.832 36411 DEBUG heat.engine.service [req-369a60fe-18f2-4385-bd3f-a2f19994ce2e - - - - -] Service 5ff69444-7187-4a1c-9f93-2fe07fe3bc13 is updated service_manage_report /usr/lib/python3/dist-packages/heat/engine/service.py:2370
2024-10-31 00:39:57.837 36414 DEBUG heat.engine.service [req-e243b0db-d0c3-404b-8a9a-eebf78cd7105 - - - - -] Service 9c7b21b9-f981-495d-9b66-ccb78f02bc80 is updated service_manage_report /usr/lib/python3/dist-packages/heat/engine/service.py:2370
2024-10-31 00:40:57.776 36408 DEBUG heat.engine.service [req-f3361d78-1485-4dd3-b91a-0a763dcea9fb - - - - -] Service be09946d-b098-4f26-bbc4-19bbb7fcca26 is updated service_manage_report /usr/lib/python3/dist-packages/heat/engine/service.py:2370
2024-10-31 00:40:57.789 36411 DEBUG heat.engine.service [req-002a7656-fd04-400a-a476-396875f5583c - - - - -] Service 5ff69444-7187-4a1c-9f93-2fe07fe3bc13 is updated service_manage_report /usr/lib/python3/dist-packages/heat/engine/service.py:2370
2024-10-31 00:40:57.793 36410 DEBUG heat.engine.service [req-c5029989-90db-40c7-9154-827ba553993d - - - - -] Service 0aefce6b-8c3e-49b8-8a31-a1f66f882507 is updated service_manage_report /usr/lib/python3/dist-packages/heat/engine/service.py:2370
2024-10-31 00:40:57.805 36414 DEBUG heat.engine.service [req-ec675fea-74d3-4559-8774-4eae6e8ca873 - - - - -] Service 9c7b21b9-f981-495d-9b66-ccb78f02bc80 is updated service_manage_report /usr/lib/python3/dist-packages/heat/engine/service.py:2370
2024-10-31 00:41:57.778 36408 DEBUG heat.engine.service [req-0ec20ad5-1b3d-4d2d-a887-06331c86e902 - - - - -] Service be09946d-b098-4f26-bbc4-19bbb7fcca26 is updated service_manage_report /usr/lib/python3/dist-packages/heat/engine/service.py:2370
2024-10-31 00:41:57.781 36411 DEBUG heat.engine.service [req-80722279-6f6a-495c-85d9-a9905490f61d - - - - -] Service 5ff69444-7187-4a1c-9f93-2fe07fe3bc13 is updated service_manage_report /usr/lib/python3/dist-packages/heat/engine/service.py:2370
2024-10-31 00:41:57.791 36410 DEBUG heat.engine.service [req-86a59705-25ed-4bf6-86aa-db03bc5c5dec - - - - -] Service 0aefce6b-8c3e-49b8-8a31-a1f66f882507 is updated service_manage_report /usr/lib/python3/dist-packages/heat/engine/service.py:2370
2024-10-31 00:41:57.794 36414 DEBUG heat.engine.service [req-af374485-ff8c-4af2-85bb-e839887113d3 - - - - -] Service 9c7b21b9-f981-495d-9b66-ccb78f02bc80 is updated service_manage_report /usr/lib/python3/dist-packages/heat/engine/service.py:2370
2024-10-31 00:42:57.779 36408 DEBUG heat.engine.service [req-bbd351a8-f359-43b4-be7d-6e8c76de44d7 - - - - -] Service be09946d-b098-4f26-bbc4-19bbb7fcca26 is updated service_manage_report /usr/lib/python3/dist-packages/heat/engine/service.py:2370
2024-10-31 00:42:57.783 36411 DEBUG heat.engine.service [req-01022b2c-5230-4ee0-8c03-048d6db63195 - - - - -] Service 5ff69444-7187-4a1c-9f93-2fe07fe3bc13 is updated service_manage_report /usr/lib/python3/dist-packages/heat/engine/service.py:2370
2024-10-31 00:42:57.786 36410 DEBUG heat.engine.service [req-b6735ca0-da71-4d2f-9598-52cb9bc7fb2b - - - - -] Service 0aefce6b-8c3e-49b8-8a31-a1f66f882507 is updated service_manage_report /usr/lib/python3/dist-packages/heat/engine/service.py:2370
2024-10-31 00:42:57.788 36414 DEBUG heat.engine.service [req-c99a0e1e-b160-4a0e-9fad-c4bd4f799812 - - - - -] Service 9c7b21b9-f981-495d-9b66-ccb78f02bc80 is updated service_manage_report /usr/lib/python3/dist-packages/heat/engine/service.py:2370
2024-10-31 00:43:57.780 36408 DEBUG heat.engine.service [req-ae562287-16cb-4acb-96fd-676f3d4c6b1e - - - - -] Service be09946d-b098-4f26-bbc4-19bbb7fcca26 is updated service_manage_report /usr/lib/python3/dist-packages/heat/engine/service.py:2370
2024-10-31 00:43:57.782 36411 DEBUG heat.engine.service [req-7ec01f1e-bad9-4ad1-bf34-e2381a0cd701 - - - - -] Service 5ff69444-7187-4a1c-9f93-2fe07fe3bc13 is updated service_manage_report /usr/lib/python3/dist-packages/heat/engine/service.py:2370
2024-10-31 00:43:57.792 36410 DEBUG heat.engine.service [req-ed104bbb-eb9d-4806-9c6f-e466566f65d5 - - - - -] Service 0aefce6b-8c3e-49b8-8a31-a1f66f882507 is updated service_manage_report /usr/lib/python3/dist-packages/heat/engine/service.py:2370
2024-10-31 00:43:57.800 36414 DEBUG heat.engine.service [req-34049426-0b91-44a7-a383-b7dcd8eeced1 - - - - -] Service 9c7b21b9-f981-495d-9b66-ccb78f02bc80 is updated service_manage_report /usr/lib/python3/dist-packages/heat/engine/service.py:2370
2024-10-31 00:44:57.777 36408 DEBUG heat.engine.service [req-1686df59-bbf5-4ccd-bb31-8760c6d9c438 - - - - -] Service be09946d-b098-4f26-bbc4-19bbb7fcca26 is updated service_manage_report /usr/lib/python3/dist-packages/heat/engine/service.py:2370
2024-10-31 00:44:57.779 36411 DEBUG heat.engine.service [req-34889c38-215b-4f70-8ed1-1cf7274a43ae - - - - -] Service 5ff69444-7187-4a1c-9f93-2fe07fe3bc13 is updated service_manage_report /usr/lib/python3/dist-packages/heat/engine/service.py:2370
2024-10-31 00:44:57.788 36410 DEBUG heat.engine.service [req-dad796ba-8276-4e76-b860-69e55917daad - - - - -] Service 0aefce6b-8c3e-49b8-8a31-a1f66f882507 is updated service_manage_report /usr/lib/python3/dist-packages/heat/engine/service.py:2370
2024-10-31 00:44:57.796 36414 DEBUG heat.engine.service [req-0ff354fa-5553-4c84-87b6-02ec98582943 - - - - -] Service 9c7b21b9-f981-495d-9b66-ccb78f02bc80 is updated service_manage_report /usr/lib/python3/dist-packages/heat/engine/service.py:2370
2024-10-31 00:45:57.773 36408 DEBUG heat.engine.service [req-9a7c3b3d-af58-4873-ab37-dce1c6a96aac - - - - -] Service be09946d-b098-4f26-bbc4-19bbb7fcca26 is updated service_manage_report /usr/lib/python3/dist-packages/heat/engine/service.py:2370
2024-10-31 00:45:57.774 36411 DEBUG heat.engine.service [req-1931fc10-d6a8-488a-82ab-b1f02e3cfba6 - - - - -] Service 5ff69444-7187-4a1c-9f93-2fe07fe3bc13 is updated service_manage_report /usr/lib/python3/dist-packages/heat/engine/service.py:2370
2024-10-31 00:45:57.788 36410 DEBUG heat.engine.service [req-e7d2712f-4c11-4aed-aa44-fbee504bd2c4 - - - - -] Service 0aefce6b-8c3e-49b8-8a31-a1f66f882507 is updated service_manage_report /usr/lib/python3/dist-packages/heat/engine/service.py:2370
2024-10-31 00:45:57.792 36414 DEBUG heat.engine.service [req-c4eb3840-5e8f-45bc-8c3d-678f340d59c6 - - - - -] Service 9c7b21b9-f981-495d-9b66-ccb78f02bc80 is updated service_manage_report /usr/lib/python3/dist-packages/heat/engine/service.py:2370
2024-10-31 00:46:57.779 36408 DEBUG heat.engine.service [req-69dee5aa-076d-4ff7-8f43-941b393dc700 - - - - -] Service be09946d-b098-4f26-bbc4-19bbb7fcca26 is updated service_manage_report /usr/lib/python3/dist-packages/heat/engine/service.py:2370
2024-10-31 00:46:57.781 36411 DEBUG heat.engine.service [req-929afc9e-feef-4c56-9b6a-a09342b03ea6 - - - - -] Service 5ff69444-7187-4a1c-9f93-2fe07fe3bc13 is updated service_manage_report /usr/lib/python3/dist-packages/heat/engine/service.py:2370
2024-10-31 00:46:57.781 36410 DEBUG heat.engine.service [req-837e0470-03c1-40cb-ad46-93b91e7c2258 - - - - -] Service 0aefce6b-8c3e-49b8-8a31-a1f66f882507 is updated service_manage_report /usr/lib/python3/dist-packages/heat/engine/service.py:2370
2024-10-31 00:46:57.797 36414 DEBUG heat.engine.service [req-d9dc819f-3600-45bb-be1b-2ef67015c1e5 - - - - -] Service 9c7b21b9-f981-495d-9b66-ccb78f02bc80 is updated service_manage_report /usr/lib/python3/dist-packages/heat/engine/service.py:2370
2024-10-31 00:47:57.778 36411 DEBUG heat.engine.service [req-63da6696-104f-4ae1-80d1-9b3748be631c - - - - -] Service 5ff69444-7187-4a1c-9f93-2fe07fe3bc13 is updated service_manage_report /usr/lib/python3/dist-packages/heat/engine/service.py:2370
2024-10-31 00:47:57.786 36408 DEBUG heat.engine.service [req-38acc6b1-efb0-4dc7-8f28-da8d48ca9f25 - - - - -] Service be09946d-b098-4f26-bbc4-19bbb7fcca26 is updated service_manage_report /usr/lib/python3/dist-packages/heat/engine/service.py:2370
2024-10-31 00:47:57.792 36410 DEBUG heat.engine.service [req-12a60439-4ced-464a-a1f6-294606c32aa9 - - - - -] Service 0aefce6b-8c3e-49b8-8a31-a1f66f882507 is updated service_manage_report /usr/lib/python3/dist-packages/heat/engine/service.py:2370
2024-10-31 00:47:57.805 36414 DEBUG heat.engine.service [req-89964b4b-3bcd-4375-a23e-02b8e8915b04 - - - - -] Service 9c7b21b9-f981-495d-9b66-ccb78f02bc80 is updated service_manage_report /usr/lib/python3/dist-packages/heat/engine/service.py:2370
2024-10-31 00:48:57.773 36411 DEBUG heat.engine.service [req-92a154fc-b4e1-414f-91fd-18c129d86eaf - - - - -] Service 5ff69444-7187-4a1c-9f93-2fe07fe3bc13 is updated service_manage_report /usr/lib/python3/dist-packages/heat/engine/service.py:2370
2024-10-31 00:48:57.782 36408 DEBUG heat.engine.service [req-53de3792-bd77-4958-82d3-1740142082d0 - - - - -] Service be09946d-b098-4f26-bbc4-19bbb7fcca26 is updated service_manage_report /usr/lib/python3/dist-packages/heat/engine/service.py:2370
2024-10-31 00:48:57.787 36410 DEBUG heat.engine.service [req-bb2e0158-ab06-43d7-bb8e-310d0e5a6d6d - - - - -] Service 0aefce6b-8c3e-49b8-8a31-a1f66f882507 is updated service_manage_report /usr/lib/python3/dist-packages/heat/engine/service.py:2370
2024-10-31 00:48:57.800 36414 DEBUG heat.engine.service [req-78ecd952-b3bf-4ceb-828b-c79b4901ad51 - - - - -] Service 9c7b21b9-f981-495d-9b66-ccb78f02bc80 is updated service_manage_report /usr/lib/python3/dist-packages/heat/engine/service.py:2370
2024-10-31 00:49:57.779 36411 DEBUG heat.engine.service [req-557a1ac8-6028-41dd-8e11-4887e9ab205c - - - - -] Service 5ff69444-7187-4a1c-9f93-2fe07fe3bc13 is updated service_manage_report /usr/lib/python3/dist-packages/heat/engine/service.py:2370
2024-10-31 00:49:57.786 36408 DEBUG heat.engine.service [req-89cf4136-8810-4bd2-a5c5-a919b7fcf54e - - - - -] Service be09946d-b098-4f26-bbc4-19bbb7fcca26 is updated service_manage_report /usr/lib/python3/dist-packages/heat/engine/service.py:2370
2024-10-31 00:49:57.793 36410 DEBUG heat.engine.service [req-147aaa4d-37d3-40d0-91dd-8ecdd4d98b46 - - - - -] Service 0aefce6b-8c3e-49b8-8a31-a1f66f882507 is updated service_manage_report /usr/lib/python3/dist-packages/heat/engine/service.py:2370
2024-10-31 00:49:57.805 36414 DEBUG heat.engine.service [req-1df2c5f2-518a-43c8-a5bd-c648113679b2 - - - - -] Service 9c7b21b9-f981-495d-9b66-ccb78f02bc80 is updated service_manage_report /usr/lib/python3/dist-packages/heat/engine/service.py:2370
