2024-10-31 01:40:57.892 36414 DEBUG heat.engine.service [req-30b2836d-1739-4f11-8c37-83d90b0c8865 - - - - -] Service 9c7b21b9-f981-495d-9b66-ccb78f02bc80 is updated service_manage_report /usr/lib/python3/dist-packages/heat/engine/service.py:2370
2024-10-31 01:41:57.809 36410 DEBUG heat.engine.service [req-890a3f38-832a-4251-8a4a-4697995ba27a - - - - -] Service 0aefce6b-8c3e-49b8-8a31-a1f66f882507 is updated service_manage_report /usr/lib/python3/dist-packages/heat/engine/service.py:2370
2024-10-31 01:41:57.844 36411 DEBUG heat.engine.service [req-cd27bec4-1ab0-41d0-a6d0-46f0e9ba4723 - - - - -] Service 5ff69444-7187-4a1c-9f93-2fe07fe3bc13 is updated service_manage_report /usr/lib/python3/dist-packages/heat/engine/service.py:2370
2024-10-31 01:41:57.876 36408 DEBUG heat.engine.service [req-6dfd061b-715b-4663-b121-371763c68f31 - - - - -] Service be09946d-b098-4f26-bbc4-19bbb7fcca26 is updated service_manage_report /usr/lib/python3/dist-packages/heat/engine/service.py:2370
2024-10-31 01:41:57.898 36414 DEBUG heat.engine.service [req-033174ba-f0b6-4cfb-829d-5187c7c7cc55 - - - - -] Service 9c7b21b9-f981-495d-9b66-ccb78f02bc80 is updated service_manage_report /usr/lib/python3/dist-packages/heat/engine/service.py:2370
2024-10-31 01:42:57.806 36410 DEBUG heat.engine.service [req-80bc7f2f-baba-4b93-8273-77bbbb5bcc7f - - - - -] Service 0aefce6b-8c3e-49b8-8a31-a1f66f882507 is updated service_manage_report /usr/lib/python3/dist-packages/heat/engine/service.py:2370
2024-10-31 01:42:57.848 36411 DEBUG heat.engine.service [req-b5c5eeef-95bb-4275-887f-aa80d0f89600 - - - - -] Service 5ff69444-7187-4a1c-9f93-2fe07fe3bc13 is updated service_manage_report /usr/lib/python3/dist-packages/heat/engine/service.py:2370
2024-10-31 01:42:57.880 36408 DEBUG heat.engine.service [req-176af190-363c-4db5-8a9d-2afa7a224fd7 - - - - -] Service be09946d-b098-4f26-bbc4-19bbb7fcca26 is updated service_manage_report /usr/lib/python3/dist-packages/heat/engine/service.py:2370
2024-10-31 01:42:57.892 36414 DEBUG heat.engine.service [req-0817505f-05c2-4ef7-a0d7-41d7c7204f73 - - - - -] Service 9c7b21b9-f981-495d-9b66-ccb78f02bc80 is updated service_manage_report /usr/lib/python3/dist-packages/heat/engine/service.py:2370
2024-10-31 01:43:57.803 36410 DEBUG heat.engine.service [req-85980ebc-e71b-45af-a264-b7318a8daf76 - - - - -] Service 0aefce6b-8c3e-49b8-8a31-a1f66f882507 is updated service_manage_report /usr/lib/python3/dist-packages/heat/engine/service.py:2370
2024-10-31 01:43:57.852 36411 DEBUG heat.engine.service [req-13d73251-84f9-4218-82b8-84e9f4dcabb0 - - - - -] Service 5ff69444-7187-4a1c-9f93-2fe07fe3bc13 is updated service_manage_report /usr/lib/python3/dist-packages/heat/engine/service.py:2370
2024-10-31 01:43:57.885 36408 DEBUG heat.engine.service [req-272961e0-af5d-4851-9f8a-556fc0eb580d - - - - -] Service be09946d-b098-4f26-bbc4-19bbb7fcca26 is updated service_manage_report /usr/lib/python3/dist-packages/heat/engine/service.py:2370
2024-10-31 01:43:57.898 36414 DEBUG heat.engine.service [req-1f3e0ab7-2b59-4d41-932d-38c37bb3828f - - - - -] Service 9c7b21b9-f981-495d-9b66-ccb78f02bc80 is updated service_manage_report /usr/lib/python3/dist-packages/heat/engine/service.py:2370
2024-10-31 01:44:57.799 36410 DEBUG heat.engine.service [req-d73ae6bc-dc8e-4c61-8cb5-776042b488fc - - - - -] Service 0aefce6b-8c3e-49b8-8a31-a1f66f882507 is updated service_manage_report /usr/lib/python3/dist-packages/heat/engine/service.py:2370
2024-10-31 01:44:57.857 36411 DEBUG heat.engine.service [req-367b3a63-6055-4100-9a18-a19758d145c0 - - - - -] Service 5ff69444-7187-4a1c-9f93-2fe07fe3bc13 is updated service_manage_report /usr/lib/python3/dist-packages/heat/engine/service.py:2370
2024-10-31 01:44:57.891 36408 DEBUG heat.engine.service [req-3ce2ce49-1377-4688-85d1-50a95503d3b6 - - - - -] Service be09946d-b098-4f26-bbc4-19bbb7fcca26 is updated service_manage_report /usr/lib/python3/dist-packages/heat/engine/service.py:2370
2024-10-31 01:44:57.904 36414 DEBUG heat.engine.service [req-50424260-b36c-4c90-ae97-9fb6a0567143 - - - - -] Service 9c7b21b9-f981-495d-9b66-ccb78f02bc80 is updated service_manage_report /usr/lib/python3/dist-packages/heat/engine/service.py:2370
2024-10-31 01:45:57.793 36410 DEBUG heat.engine.service [req-3f3ca891-d760-4510-a604-b4e42e149b6c - - - - -] Service 0aefce6b-8c3e-49b8-8a31-a1f66f882507 is updated service_manage_report /usr/lib/python3/dist-packages/heat/engine/service.py:2370
2024-10-31 01:45:57.862 36411 DEBUG heat.engine.service [req-1d6a3b91-4a60-4cdb-8fe1-5935131dfe9e - - - - -] Service 5ff69444-7187-4a1c-9f93-2fe07fe3bc13 is updated service_manage_report /usr/lib/python3/dist-packages/heat/engine/service.py:2370
2024-10-31 01:45:57.886 36408 DEBUG heat.engine.service [req-c19599a3-a888-4052-9dc3-84c1db5e3d6d - - - - -] Service be09946d-b098-4f26-bbc4-19bbb7fcca26 is updated service_manage_report /usr/lib/python3/dist-packages/heat/engine/service.py:2370
2024-10-31 01:45:57.899 36414 DEBUG heat.engine.service [req-58d9a08a-6238-4b76-9320-8e15e582326e - - - - -] Service 9c7b21b9-f981-495d-9b66-ccb78f02bc80 is updated service_manage_report /usr/lib/python3/dist-packages/heat/engine/service.py:2370
2024-10-31 01:46:57.800 36410 DEBUG heat.engine.service [req-6151a13e-e4b4-40e5-aa5c-0c4cff9b97b1 - - - - -] Service 0aefce6b-8c3e-49b8-8a31-a1f66f882507 is updated service_manage_report /usr/lib/python3/dist-packages/heat/engine/service.py:2370
2024-10-31 01:46:57.869 36411 DEBUG heat.engine.service [req-7c044185-600b-4183-8ff4-96cefcaacf3a - - - - -] Service 5ff69444-7187-4a1c-9f93-2fe07fe3bc13 is updated service_manage_report /usr/lib/python3/dist-packages/heat/engine/service.py:2370
2024-10-31 01:46:57.890 36408 DEBUG heat.engine.service [req-2883b023-ff2c-45bd-9ac5-019c1c966bbd - - - - -] Service be09946d-b098-4f26-bbc4-19bbb7fcca26 is updated service_manage_report /usr/lib/python3/dist-packages/heat/engine/service.py:2370
2024-10-31 01:46:57.903 36414 DEBUG heat.engine.service [req-3572c5e7-480e-4f5f-a32c-989946ebb780 - - - - -] Service 9c7b21b9-f981-495d-9b66-ccb78f02bc80 is updated service_manage_report /usr/lib/python3/dist-packages/heat/engine/service.py:2370
2024-10-31 01:47:57.798 36410 DEBUG heat.engine.service [req-6e1d81b9-95de-4c21-b428-d7f4b0c0bca4 - - - - -] Service 0aefce6b-8c3e-49b8-8a31-a1f66f882507 is updated service_manage_report /usr/lib/python3/dist-packages/heat/engine/service.py:2370
2024-10-31 01:47:57.865 36411 DEBUG heat.engine.service [req-76c24b7e-05b8-4e9b-b5a5-dfb655ba0d5b - - - - -] Service 5ff69444-7187-4a1c-9f93-2fe07fe3bc13 is updated service_manage_report /usr/lib/python3/dist-packages/heat/engine/service.py:2370
2024-10-31 01:47:57.896 36408 DEBUG heat.engine.service [req-3f16072b-ad8b-4566-be85-3f7d5cee8638 - - - - -] Service be09946d-b098-4f26-bbc4-19bbb7fcca26 is updated service_manage_report /usr/lib/python3/dist-packages/heat/engine/service.py:2370
2024-10-31 01:47:57.907 36414 DEBUG heat.engine.service [req-57448d56-d5a2-4bcb-8fd2-72e5f06392e3 - - - - -] Service 9c7b21b9-f981-495d-9b66-ccb78f02bc80 is updated service_manage_report /usr/lib/python3/dist-packages/heat/engine/service.py:2370
2024-10-31 01:48:57.793 36410 DEBUG heat.engine.service [req-2dac5210-a9fb-4e22-8f80-26da151e3523 - - - - -] Service 0aefce6b-8c3e-49b8-8a31-a1f66f882507 is updated service_manage_report /usr/lib/python3/dist-packages/heat/engine/service.py:2370
2024-10-31 01:48:57.858 36411 DEBUG heat.engine.service [req-15db4278-fd30-4d07-bd94-be7ac547ac36 - - - - -] Service 5ff69444-7187-4a1c-9f93-2fe07fe3bc13 is updated service_manage_report /usr/lib/python3/dist-packages/heat/engine/service.py:2370
2024-10-31 01:48:57.900 36408 DEBUG heat.engine.service [req-2c8ceb8a-9f8f-4c41-b055-c34468c88daf - - - - -] Service be09946d-b098-4f26-bbc4-19bbb7fcca26 is updated service_manage_report /usr/lib/python3/dist-packages/heat/engine/service.py:2370
2024-10-31 01:48:57.913 36414 DEBUG heat.engine.service [req-c0271a7d-9436-4418-862b-712138212e27 - - - - -] Service 9c7b21b9-f981-495d-9b66-ccb78f02bc80 is updated service_manage_report /usr/lib/python3/dist-packages/heat/engine/service.py:2370
2024-10-31 01:49:57.799 36410 DEBUG heat.engine.service [req-1820253f-dc33-4521-8d17-8fe45abd046f - - - - -] Service 0aefce6b-8c3e-49b8-8a31-a1f66f882507 is updated service_manage_report /usr/lib/python3/dist-packages/heat/engine/service.py:2370
2024-10-31 01:49:57.865 36411 DEBUG heat.engine.service [req-f83aa486-66ef-41b7-8264-5d69d26acb7b - - - - -] Service 5ff69444-7187-4a1c-9f93-2fe07fe3bc13 is updated service_manage_report /usr/lib/python3/dist-packages/heat/engine/service.py:2370
2024-10-31 01:49:57.905 36408 DEBUG heat.engine.service [req-3b1efd39-7891-43a8-b95e-78264ee6497e - - - - -] Service be09946d-b098-4f26-bbc4-19bbb7fcca26 is updated service_manage_report /usr/lib/python3/dist-packages/heat/engine/service.py:2370
2024-10-31 01:49:57.916 36414 DEBUG heat.engine.service [req-64c35d82-98bf-4674-8333-0bf63224ce04 - - - - -] Service 9c7b21b9-f981-495d-9b66-ccb78f02bc80 is updated service_manage_report /usr/lib/python3/dist-packages/heat/engine/service.py:2370
2024-10-31 01:50:57.796 36410 DEBUG heat.engine.service [req-c6365b23-5471-4b72-a727-1a75f70b4c8a - - - - -] Service 0aefce6b-8c3e-49b8-8a31-a1f66f882507 is updated service_manage_report /usr/lib/python3/dist-packages/heat/engine/service.py:2370
2024-10-31 01:50:57.859 36411 DEBUG heat.engine.service [req-adf92cb7-68cb-41f0-9ecd-ae8354463b90 - - - - -] Service 5ff69444-7187-4a1c-9f93-2fe07fe3bc13 is updated service_manage_report /usr/lib/python3/dist-packages/heat/engine/service.py:2370
2024-10-31 01:50:57.909 36408 DEBUG heat.engine.service [req-a5a7f9f2-0f4d-495f-bd54-b28610e31ce1 - - - - -] Service be09946d-b098-4f26-bbc4-19bbb7fcca26 is updated service_manage_report /usr/lib/python3/dist-packages/heat/engine/service.py:2370
2024-10-31 01:50:57.922 36414 DEBUG heat.engine.service [req-20661350-c15c-4121-9471-1415303bd608 - - - - -] Service 9c7b21b9-f981-495d-9b66-ccb78f02bc80 is updated service_manage_report /usr/lib/python3/dist-packages/heat/engine/service.py:2370
2024-10-31 01:51:57.793 36410 DEBUG heat.engine.service [req-5868df46-da9a-4e16-adee-26852c63d7aa - - - - -] Service 0aefce6b-8c3e-49b8-8a31-a1f66f882507 is updated service_manage_report /usr/lib/python3/dist-packages/heat/engine/service.py:2370
2024-10-31 01:51:57.863 36411 DEBUG heat.engine.service [req-3fdab1ed-6398-413e-88ac-2aa52e40648a - - - - -] Service 5ff69444-7187-4a1c-9f93-2fe07fe3bc13 is updated service_manage_report /usr/lib/python3/dist-packages/heat/engine/service.py:2370
2024-10-31 01:51:57.913 36408 DEBUG heat.engine.service [req-78539159-d49a-428b-a0b6-b3f21d00a1c6 - - - - -] Service be09946d-b098-4f26-bbc4-19bbb7fcca26 is updated service_manage_report /usr/lib/python3/dist-packages/heat/engine/service.py:2370
2024-10-31 01:51:57.925 36414 DEBUG heat.engine.service [req-f39f42d5-9814-4552-901f-f618e238a430 - - - - -] Service 9c7b21b9-f981-495d-9b66-ccb78f02bc80 is updated service_manage_report /usr/lib/python3/dist-packages/heat/engine/service.py:2370
2024-10-31 01:52:57.788 36410 DEBUG heat.engine.service [req-20775c77-3505-4aec-a057-f97069805144 - - - - -] Service 0aefce6b-8c3e-49b8-8a31-a1f66f882507 is updated service_manage_report /usr/lib/python3/dist-packages/heat/engine/service.py:2370
2024-10-31 01:52:57.867 36411 DEBUG heat.engine.service [req-1fe47032-fd0a-4b0c-8d49-b9a00cb30cb7 - - - - -] Service 5ff69444-7187-4a1c-9f93-2fe07fe3bc13 is updated service_manage_report /usr/lib/python3/dist-packages/heat/engine/service.py:2370
2024-10-31 01:52:57.918 36408 DEBUG heat.engine.service [req-6f2e5f61-a45b-48ec-8e84-ad01e63a1d0a - - - - -] Service be09946d-b098-4f26-bbc4-19bbb7fcca26 is updated service_manage_report /usr/lib/python3/dist-packages/heat/engine/service.py:2370
2024-10-31 01:52:57.927 36414 DEBUG heat.engine.service [req-1d2c7abd-c0a8-4080-9a0f-e2adce9a70ca - - - - -] Service 9c7b21b9-f981-495d-9b66-ccb78f02bc80 is updated service_manage_report /usr/lib/python3/dist-packages/heat/engine/service.py:2370
2024-10-31 01:53:57.793 36410 DEBUG heat.engine.service [req-571a731e-a254-4b88-8322-dddc76ceeb69 - - - - -] Service 0aefce6b-8c3e-49b8-8a31-a1f66f882507 is updated service_manage_report /usr/lib/python3/dist-packages/heat/engine/service.py:2370
2024-10-31 01:53:57.871 36411 DEBUG heat.engine.service [req-2e42e554-3725-4c41-b195-3a5658522ec3 - - - - -] Service 5ff69444-7187-4a1c-9f93-2fe07fe3bc13 is updated service_manage_report /usr/lib/python3/dist-packages/heat/engine/service.py:2370
2024-10-31 01:53:57.923 36408 DEBUG heat.engine.service [req-e7373cab-ab54-470b-afac-99d4b37774b1 - - - - -] Service be09946d-b098-4f26-bbc4-19bbb7fcca26 is updated service_manage_report /usr/lib/python3/dist-packages/heat/engine/service.py:2370
2024-10-31 01:53:57.932 36414 DEBUG heat.engine.service [req-5593fad6-1bff-4f65-9f71-feaf8199040c - - - - -] Service 9c7b21b9-f981-495d-9b66-ccb78f02bc80 is updated service_manage_report /usr/lib/python3/dist-packages/heat/engine/service.py:2370
2024-10-31 01:54:57.799 36410 DEBUG heat.engine.service [req-a1d9bc58-5110-4d45-92d8-95a59f11b43e - - - - -] Service 0aefce6b-8c3e-49b8-8a31-a1f66f882507 is updated service_manage_report /usr/lib/python3/dist-packages/heat/engine/service.py:2370
2024-10-31 01:54:57.877 36411 DEBUG heat.engine.service [req-f0c48742-4f5f-48eb-be45-2f46ab1fafa5 - - - - -] Service 5ff69444-7187-4a1c-9f93-2fe07fe3bc13 is updated service_manage_report /usr/lib/python3/dist-packages/heat/engine/service.py:2370
2024-10-31 01:54:57.929 36408 DEBUG heat.engine.service [req-1ad4a1a3-992f-4609-b344-891d420e788c - - - - -] Service be09946d-b098-4f26-bbc4-19bbb7fcca26 is updated service_manage_report /usr/lib/python3/dist-packages/heat/engine/service.py:2370
2024-10-31 01:54:57.939 36414 DEBUG heat.engine.service [req-60fb05f4-700a-4f56-a4a5-bc9cc2d1005b - - - - -] Service 9c7b21b9-f981-495d-9b66-ccb78f02bc80 is updated service_manage_report /usr/lib/python3/dist-packages/heat/engine/service.py:2370
2024-10-31 01:55:35.416 36408 DEBUG heat.engine.service [-] Attempting to stop engine service... _stop_rpc_server /usr/lib/python3/dist-packages/heat/engine/service.py:437
2024-10-31 01:55:35.417 36411 DEBUG heat.engine.service [-] Attempting to stop engine service... _stop_rpc_server /usr/lib/python3/dist-packages/heat/engine/service.py:437
2024-10-31 01:55:35.420 36410 DEBUG heat.engine.service [-] Attempting to stop engine service... _stop_rpc_server /usr/lib/python3/dist-packages/heat/engine/service.py:437
2024-10-31 01:55:35.421 36414 DEBUG heat.engine.service [-] Attempting to stop engine service... _stop_rpc_server /usr/lib/python3/dist-packages/heat/engine/service.py:437
2024-10-31 01:55:35.425 35999 INFO oslo_service.service [-] Caught SIGTERM, stopping children
2024-10-31 01:55:35.426 35999 DEBUG oslo_concurrency.lockutils [-] Acquired lock "singleton_lock" lock /usr/lib/python3/dist-packages/oslo_concurrency/lockutils.py:294
2024-10-31 01:55:35.426 35999 DEBUG oslo_concurrency.lockutils [-] Releasing lock "singleton_lock" lock /usr/lib/python3/dist-packages/oslo_concurrency/lockutils.py:312
2024-10-31 01:55:35.426 35999 DEBUG oslo_service.service [-] Stop services. stop /usr/lib/python3/dist-packages/oslo_service/service.py:695
2024-10-31 01:55:35.426 35999 INFO heat.engine.service [-] All threads were gone, terminating engine
2024-10-31 01:55:35.427 35999 DEBUG oslo_service.service [-] Killing children. stop /usr/lib/python3/dist-packages/oslo_service/service.py:700
2024-10-31 01:55:35.456 35999 INFO oslo_service.service [-] Waiting on 4 children to exit
2024-10-31 01:55:35.457 35999 INFO oslo_service.service [-] Child 36408 killed by signal 15
2024-10-31 01:55:35.458 35999 INFO oslo_service.service [-] Child 36410 killed by signal 15
2024-10-31 01:55:35.458 35999 INFO oslo_service.service [-] Child 36411 killed by signal 15
2024-10-31 01:55:35.458 35999 INFO oslo_service.service [-] Child 36414 killed by signal 15
2024-10-31 01:55:37.938 60908 DEBUG oslo_concurrency.lockutils [-] Lock "context-manager" acquired by "neutron_lib.db.api._create_context_manager" :: waited 0.000s inner /usr/lib/python3/dist-packages/oslo_concurrency/lockutils.py:386
2024-10-31 01:55:37.939 60908 DEBUG oslo_concurrency.lockutils [-] Lock "context-manager" "released" by "neutron_lib.db.api._create_context_manager" :: held 0.001s inner /usr/lib/python3/dist-packages/oslo_concurrency/lockutils.py:400
2024-10-31 01:55:38.220 60908 WARNING heat.engine.environment [-] OS::Aodh::Alarm is DEPRECATED. Theshold alarm relies on ceilometer-api and has been deprecated in aodh since Ocata. Use OS::Aodh::GnocchiAggregationByResourcesAlarm instead.
2024-10-31 01:55:38.220 60908 WARNING heat.engine.environment [-] OS::Aodh::CombinationAlarm is HIDDEN. OS::Aodh::CombinationAlarm is deprecated and has been removed from Aodh, use OS::Aodh::CompositeAlarm instead.
2024-10-31 01:55:38.220 60908 WARNING heat.engine.environment [-] OS::Designate::Domain is HIDDEN. This resource has been removed, use OS::Designate::Zone instead.
2024-10-31 01:55:38.221 60908 WARNING heat.engine.environment [-] OS::Designate::Record is HIDDEN. This resource has been removed, use OS::Designate::RecordSet instead.
2024-10-31 01:55:38.221 60908 WARNING heat.engine.environment [-] OS::Glance::Image is DEPRECATED. Creating a Glance Image based on an existing URL location requires the Glance v1 API, which is deprecated.
2024-10-31 01:55:38.221 60908 WARNING heat.engine.environment [-] OS::Heat::HARestarter is HIDDEN. The HARestarter resource type has been removed. Existing stacks containing HARestarter resources can still be used, but the HARestarter resource will be a placeholder that does nothing.
2024-10-31 01:55:38.221 60908 WARNING heat.engine.environment [-] OS::Heat::SoftwareDeployments is HIDDEN. Please use OS::Heat::SoftwareDeploymentGroup instead.
2024-10-31 01:55:38.221 60908 WARNING heat.engine.environment [-] OS::Heat::StructuredDeployments is HIDDEN. Please use OS::Heat::StructuredDeploymentGroup instead.
2024-10-31 01:55:38.222 60908 WARNING heat.engine.environment [-] OS::Magnum::Bay is HIDDEN. Please use OS::Magnum::Cluster instead.
2024-10-31 01:55:38.222 60908 WARNING heat.engine.environment [-] OS::Magnum::BayModel is HIDDEN. Please use OS::Magnum::ClusterTemplate instead.
2024-10-31 01:55:38.222 60908 WARNING heat.engine.environment [-] OS::Neutron::ExtraRoute is UNSUPPORTED. Use this resource at your own risk.
2024-10-31 01:55:38.222 60908 WARNING heat.engine.environment [-] OS::Neutron::HealthMonitor is HIDDEN. Use LBaaS V2 instead.
2024-10-31 01:55:38.222 60908 WARNING heat.engine.environment [-] OS::Neutron::Pool is HIDDEN. Use LBaaS V2 instead.
2024-10-31 01:55:38.223 60908 WARNING heat.engine.environment [-] OS::Neutron::PoolMember is HIDDEN. Use LBaaS V2 instead.
2024-10-31 01:55:38.223 60908 WARNING heat.engine.environment [-] OS::Neutron::LoadBalancer is HIDDEN. Use LBaaS V2 instead.
2024-10-31 01:55:38.223 60908 WARNING heat.engine.environment [-] OS::Neutron::RouterGateway is HIDDEN. Use the `external_gateway_info` property in the router resource to set up the gateway.
2024-10-31 01:55:38.223 60908 WARNING heat.engine.environment [-] OS::Nova::FloatingIP is HIDDEN. Please use OS::Neutron::FloatingIP instead.
2024-10-31 01:55:38.223 60908 WARNING heat.engine.environment [-] OS::Nova::FloatingIPAssociation is HIDDEN. Please use OS::Neutron::FloatingIPAssociation instead.
2024-10-31 01:55:38.225 60908 INFO heat.engine.environment [-] Loading /etc/heat/environment.d/default.yaml
2024-10-31 01:55:38.227 60908 INFO heat.engine.environment [-] Registered: [Plugin](User:False) AWS::AutoScaling::AutoScalingGroup ->
2024-10-31 01:55:38.227 60908 INFO heat.engine.environment [-] Registered: [Plugin](User:False) AWS::AutoScaling::LaunchConfiguration ->
2024-10-31 01:55:38.227 60908 INFO heat.engine.environment [-] Registered: [Plugin](User:False) AWS::AutoScaling::ScalingPolicy ->
2024-10-31 01:55:38.227 60908 INFO heat.engine.environment [-] Registered: [Plugin](User:False) AWS::CloudFormation::Stack ->
2024-10-31 01:55:38.227 60908 INFO heat.engine.environment [-] Registered: [Plugin](User:False) AWS::CloudFormation::WaitCondition ->
2024-10-31 01:55:38.227 60908 INFO heat.engine.environment [-] Registered: [Plugin](User:False) AWS::CloudFormation::WaitConditionHandle ->
2024-10-31 01:55:38.227 60908 INFO heat.engine.environment [-] Registered: [Plugin](User:False) AWS::EC2::EIP ->
2024-10-31 01:55:38.227 60908 INFO heat.engine.environment [-] Registered: [Plugin](User:False) AWS::EC2::EIPAssociation ->
2024-10-31 01:55:38.228 60908 INFO heat.engine.environment [-] Registered: [Plugin](User:False) AWS::EC2::Instance ->
2024-10-31 01:55:38.228 60908 INFO heat.engine.environment [-] Registered: [Plugin](User:False) AWS::EC2::InternetGateway ->
2024-10-31 01:55:38.228 60908 INFO heat.engine.environment [-] Registered: [Plugin](User:False) AWS::EC2::VPCGatewayAttachment ->
2024-10-31 01:55:38.228 60908 INFO heat.engine.environment [-] Registered: [Plugin](User:False) AWS::EC2::NetworkInterface ->
2024-10-31 01:55:38.228 60908 INFO heat.engine.environment [-] Registered: [Plugin](User:False) AWS::EC2::RouteTable ->
2024-10-31 01:55:38.228 60908 INFO heat.engine.environment [-] Registered: [Plugin](User:False) AWS::EC2::SubnetRouteTableAssociation ->
2024-10-31 01:55:38.228 60908 INFO heat.engine.environment [-] Registered: [Plugin](User:False) AWS::EC2::SecurityGroup ->
2024-10-31 01:55:38.228 60908 INFO heat.engine.environment [-] Registered: [Plugin](User:False) AWS::EC2::Subnet ->
2024-10-31 01:55:38.228 60908 INFO heat.engine.environment [-] Registered: [Plugin](User:False) AWS::EC2::Volume ->
2024-10-31 01:55:38.228 60908 INFO heat.engine.environment [-] Registered: [Plugin](User:False) AWS::EC2::VolumeAttachment ->
2024-10-31 01:55:38.229 60908 INFO heat.engine.environment [-] Registered: [Plugin](User:False) AWS::EC2::VPC ->
2024-10-31 01:55:38.229 60908 INFO heat.engine.environment [-] Registered: [Plugin](User:False) AWS::IAM::User ->
2024-10-31 01:55:38.229 60908 INFO heat.engine.environment [-] Registered: [Plugin](User:False) AWS::IAM::AccessKey ->
2024-10-31 01:55:38.229 60908 INFO heat.engine.environment [-] Registered: [Plugin](User:False) AWS::ElasticLoadBalancing::LoadBalancer ->
2024-10-31 01:55:38.229 60908 INFO heat.engine.environment [-] Registered: [Plugin](User:False) AWS::S3::Bucket ->
2024-10-31 01:55:38.229 60908 INFO heat.engine.environment [-] Registered: [Plugin](User:False) OS::Aodh::Alarm ->
2024-10-31 01:55:38.229 60908 INFO heat.engine.environment [-] Registered: [Plugin](User:False) OS::Aodh::CombinationAlarm ->
2024-10-31 01:55:38.229 60908 INFO heat.engine.environment [-] Registered: [Plugin](User:False) OS::Aodh::EventAlarm ->
2024-10-31 01:55:38.229 60908 INFO heat.engine.environment [-] Registered: [Plugin](User:False) OS::Aodh::LBMemberHealthAlarm ->
2024-10-31 01:55:38.229 60908 INFO heat.engine.environment [-] Registered: [Plugin](User:False) OS::Aodh::CompositeAlarm ->
2024-10-31 01:55:38.230 60908 INFO heat.engine.environment [-] Registered: [Plugin](User:False) OS::Aodh::GnocchiResourcesAlarm ->
2024-10-31 01:55:38.230 60908 INFO heat.engine.environment [-] Registered: [Plugin](User:False) OS::Aodh::GnocchiAggregationByMetricsAlarm ->
2024-10-31 01:55:38.230 60908 INFO heat.engine.environment [-] Registered: [Plugin](User:False) OS::Aodh::GnocchiAggregationByResourcesAlarm ->
2024-10-31 01:55:38.230 60908 INFO heat.engine.environment [-] Registered: [Plugin](User:False) OS::Barbican::GenericContainer ->
2024-10-31 01:55:38.230 60908 INFO heat.engine.environment [-] Registered: [Plugin](User:False) OS::Barbican::CertificateContainer ->
2024-10-31 01:55:38.230 60908 INFO heat.engine.environment [-] Registered: [Plugin](User:False) OS::Barbican::RSAContainer ->
2024-10-31 01:55:38.230 60908 INFO heat.engine.environment [-] Registered: [Plugin](User:False) OS::Barbican::Order ->
2024-10-31 01:55:38.230 60908 INFO heat.engine.environment [-] Registered: [Plugin](User:False) OS::Barbican::Secret ->
2024-10-31 01:55:38.230 60908 INFO heat.engine.environment [-] Registered: [Plugin](User:False) OS::Blazar::Host ->
2024-10-31 01:55:38.231 60908 INFO heat.engine.environment [-] Registered: [Plugin](User:False) OS::Blazar::Lease ->
2024-10-31 01:55:38.231 60908 INFO heat.engine.environment [-] Registered: [Plugin](User:False) OS::Cinder::EncryptedVolumeType ->
2024-10-31 01:55:38.231 60908 INFO heat.engine.environment [-] Registered: [Plugin](User:False) OS::Cinder::QoSSpecs ->
2024-10-31 01:55:38.231 60908 INFO heat.engine.environment [-] Registered: [Plugin](User:False) OS::Cinder::QoSAssociation ->
2024-10-31 01:55:38.231 60908 INFO heat.engine.environment [-] Registered: [Plugin](User:False) OS::Cinder::Quota ->
2024-10-31 01:55:38.231 60908 INFO heat.engine.environment [-] Registered: [Plugin](User:False) OS::Cinder::Volume ->
2024-10-31 01:55:38.231 60908 INFO heat.engine.environment [-] Registered: [Plugin](User:False) OS::Cinder::VolumeAttachment ->
2024-10-31 01:55:38.231 60908 INFO heat.engine.environment [-] Registered: [Plugin](User:False) OS::Cinder::VolumeType ->
2024-10-31 01:55:38.231 60908 INFO heat.engine.environment [-] Registered: [Plugin](User:False) OS::Designate::Domain ->
2024-10-31 01:55:38.231 60908 INFO heat.engine.environment [-] Registered: [Plugin](User:False) OS::Designate::Record ->
2024-10-31 01:55:38.232 60908 INFO heat.engine.environment [-] Registered: [Plugin](User:False) OS::Designate::RecordSet ->
2024-10-31 01:55:38.232 60908 INFO heat.engine.environment [-] Registered: [Plugin](User:False) OS::Designate::Zone ->
2024-10-31 01:55:38.232 60908 INFO heat.engine.environment [-] Registered: [Plugin](User:False) OS::Glance::Image ->
2024-10-31 01:55:38.232 60908 INFO heat.engine.environment [-] Registered: [Plugin](User:False) OS::Glance::WebImage ->
2024-10-31 01:55:38.232 60908 INFO heat.engine.environment [-] Registered: [Plugin](User:False) OS::Heat::AccessPolicy ->
2024-10-31 01:55:38.232 60908 INFO heat.engine.environment [-] Registered: [Plugin](User:False) OS::Heat::AutoScalingGroup ->
2024-10-31 01:55:38.232 60908 INFO heat.engine.environment [-] Registered: [Plugin](User:False) OS::Heat::CloudConfig ->
2024-10-31 01:55:38.232 60908 INFO heat.engine.environment [-] Registered: [Plugin](User:False) OS::Heat::Delay ->
2024-10-31 01:55:38.232 60908 INFO heat.engine.environment [-] Registered: [Plugin](User:False) OS::Heat::DeployedServer ->
2024-10-31 01:55:38.232 60908 INFO heat.engine.environment [-] Registered: [Plugin](User:False) OS::Heat::HARestarter ->
2024-10-31 01:55:38.233 60908 INFO heat.engine.environment [-] Registered: [Plugin](User:False) OS::Heat::InstanceGroup ->
2024-10-31 01:55:38.233 60908 INFO heat.engine.environment [-] Registered: [Plugin](User:False) OS::Heat::MultipartMime ->
2024-10-31 01:55:38.233 60908 INFO heat.engine.environment [-] Registered: [Plugin](User:False) OS::Heat::None ->
2024-10-31 01:55:38.233 60908 INFO heat.engine.environment [-] Registered: [Plugin](User:False) OS::Heat::RandomString ->
2024-10-31 01:55:38.233 60908 INFO heat.engine.environment [-] Registered: [Plugin](User:False) OS::Heat::Stack ->
2024-10-31 01:55:38.233 60908 INFO heat.engine.environment [-] Registered: [Plugin](User:False) OS::Heat::ResourceChain ->
2024-10-31 01:55:38.233 60908 INFO heat.engine.environment [-] Registered: [Plugin](User:False) OS::Heat::ResourceGroup ->
2024-10-31 01:55:38.233 60908 INFO heat.engine.environment [-] Registered: [Plugin](User:False) OS::Heat::ScalingPolicy ->
2024-10-31 01:55:38.233 60908 INFO heat.engine.environment [-] Registered: [Plugin](User:False) OS::Heat::SoftwareComponent ->
2024-10-31 01:55:38.233 60908 INFO heat.engine.environment [-] Registered: [Plugin](User:False) OS::Heat::SoftwareConfig ->
2024-10-31 01:55:38.234 60908 INFO heat.engine.environment [-] Registered: [Plugin](User:False) OS::Heat::SoftwareDeployment ->
2024-10-31 01:55:38.234 60908 INFO heat.engine.environment [-] Registered: [Plugin](User:False) OS::Heat::SoftwareDeploymentGroup ->
2024-10-31 01:55:38.234 60908 INFO heat.engine.environment [-] Registered: [Plugin](User:False) OS::Heat::SoftwareDeployments ->
2024-10-31 01:55:38.234 60908 INFO heat.engine.environment [-] Registered: [Plugin](User:False) OS::Heat::StructuredConfig ->
2024-10-31 01:55:38.234 60908 INFO heat.engine.environment [-] Registered: [Plugin](User:False) OS::Heat::StructuredDeployment ->
2024-10-31 01:55:38.234 60908 INFO heat.engine.environment [-] Registered: [Plugin](User:False) OS::Heat::StructuredDeploymentGroup ->
2024-10-31 01:55:38.234 60908 INFO heat.engine.environment [-] Registered: [Plugin](User:False) OS::Heat::StructuredDeployments ->
2024-10-31 01:55:38.234 60908 INFO heat.engine.environment [-] Registered: [Plugin](User:False) OS::Heat::SwiftSignal ->
2024-10-31 01:55:38.234 60908 INFO heat.engine.environment [-] Registered: [Plugin](User:False) OS::Heat::SwiftSignalHandle ->
2024-10-31 01:55:38.234 60908 INFO heat.engine.environment [-] Registered: [Plugin](User:False) OS::Heat::TestResource ->
2024-10-31 01:55:38.235 60908 INFO heat.engine.environment [-] Registered: [Plugin](User:False) OS::Heat::Value ->
2024-10-31 01:55:38.235 60908 INFO heat.engine.environment [-] Registered: [Plugin](User:False) OS::Heat::WaitCondition ->
2024-10-31 01:55:38.235 60908 INFO heat.engine.environment [-] Registered: [Plugin](User:False) OS::Heat::WaitConditionHandle ->
2024-10-31 01:55:38.235 60908 INFO heat.engine.environment [-] Registered: [Plugin](User:False) OS::Heat::UpdateWaitConditionHandle ->
2024-10-31 01:55:38.235 60908 INFO heat.engine.environment [-] Registered: [Plugin](User:False) OS::Ironic::Port ->
2024-10-31 01:55:38.235 60908 INFO heat.engine.environment [-] Registered: [Plugin](User:False) OS::Keystone::Domain ->
2024-10-31 01:55:38.235 60908 INFO heat.engine.environment [-] Registered: [Plugin](User:False) OS::Keystone::Endpoint ->
2024-10-31 01:55:38.235 60908 INFO heat.engine.environment [-] Registered: [Plugin](User:False) OS::Keystone::Group ->
2024-10-31 01:55:38.235 60908 INFO heat.engine.environment [-] Registered: [Plugin](User:False) OS::Keystone::Project ->
2024-10-31 01:55:38.235 60908 INFO heat.engine.environment [-] Registered: [Plugin](User:False) OS::Keystone::Region ->
2024-10-31 01:55:38.236 60908 INFO heat.engine.environment [-] Registered: [Plugin](User:False) OS::Keystone::Role ->
2024-10-31 01:55:38.236 60908 INFO heat.engine.environment [-] Registered: [Plugin](User:False) OS::Keystone::UserRoleAssignment ->
2024-10-31 01:55:38.236 60908 INFO heat.engine.environment [-] Registered: [Plugin](User:False) OS::Keystone::GroupRoleAssignment ->
2024-10-31 01:55:38.236 60908 INFO heat.engine.environment [-] Registered: [Plugin](User:False) OS::Keystone::Service ->
2024-10-31 01:55:38.236 60908 INFO heat.engine.environment [-] Registered: [Plugin](User:False) OS::Keystone::User ->
2024-10-31 01:55:38.236 60908 INFO heat.engine.environment [-] Registered: [Plugin](User:False) OS::Magnum::Bay ->
2024-10-31 01:55:38.236 60908 INFO heat.engine.environment [-] Registered: [Plugin](User:False) OS::Magnum::BayModel ->
2024-10-31 01:55:38.236 60908 INFO heat.engine.environment [-] Registered: [Plugin](User:False) OS::Magnum::Cluster ->
2024-10-31 01:55:38.236 60908 INFO heat.engine.environment [-] Registered: [Plugin](User:False) OS::Magnum::ClusterTemplate ->
2024-10-31 01:55:38.237 60908 INFO heat.engine.environment [-] Registered: [Plugin](User:False) OS::Manila::SecurityService ->
2024-10-31 01:55:38.237 60908 INFO heat.engine.environment [-] Registered: [Plugin](User:False) OS::Manila::Share ->
2024-10-31 01:55:38.237 60908 INFO heat.engine.environment [-] Registered: [Plugin](User:False) OS::Manila::ShareNetwork ->
2024-10-31 01:55:38.237 60908 INFO heat.engine.environment [-] Registered: [Plugin](User:False) OS::Manila::ShareType ->
2024-10-31 01:55:38.237 60908 INFO heat.engine.environment [-] Registered: [Plugin](User:False) OS::Mistral::CronTrigger ->
2024-10-31 01:55:38.237 60908 INFO heat.engine.environment [-] Registered: [Plugin](User:False) OS::Mistral::ExternalResource ->
2024-10-31 01:55:38.237 60908 INFO heat.engine.environment [-] Registered: [Plugin](User:False) OS::Mistral::Workflow ->
2024-10-31 01:55:38.237 60908 INFO heat.engine.environment [-] Registered: [Plugin](User:False) OS::Monasca::AlarmDefinition ->
2024-10-31 01:55:38.237 60908 INFO heat.engine.environment [-] Registered: [Plugin](User:False) OS::Monasca::Notification ->
2024-10-31 01:55:38.238 60908 INFO heat.engine.environment [-] Registered: [Plugin](User:False) OS::Neutron::AddressScope ->
2024-10-31 01:55:38.238 60908 INFO heat.engine.environment [-] Registered: [Plugin](User:False) OS::Neutron::ExtraRoute ->
2024-10-31 01:55:38.238 60908 INFO heat.engine.environment [-] Registered: [Plugin](User:False) OS::Neutron::ExtraRouteSet ->
2024-10-31 01:55:38.238 60908 INFO heat.engine.environment [-] Registered: [Plugin](User:False) OS::Neutron::Firewall ->
2024-10-31 01:55:38.238 60908 INFO heat.engine.environment [-] Registered: [Plugin](User:False) OS::Neutron::FirewallPolicy ->
2024-10-31 01:55:38.238 60908 INFO heat.engine.environment [-] Registered: [Plugin](User:False) OS::Neutron::FirewallRule ->
2024-10-31 01:55:38.238 60908 INFO heat.engine.environment [-] Registered: [Plugin](User:False) OS::Neutron::FloatingIP ->
2024-10-31 01:55:38.238 60908 INFO heat.engine.environment [-] Registered: [Plugin](User:False) OS::Neutron::FloatingIPAssociation ->
2024-10-31 01:55:38.238 60908 INFO heat.engine.environment [-] Registered: [Plugin](User:False) OS::Neutron::L2Gateway ->
2024-10-31 01:55:38.238 60908 INFO heat.engine.environment [-] Registered: [Plugin](User:False) OS::Neutron::L2GatewayConnection ->
2024-10-31 01:55:38.239 60908 INFO heat.engine.environment [-] Registered: [Plugin](User:False) OS::Neutron::LBaaS::HealthMonitor ->
2024-10-31 01:55:38.239 60908 INFO heat.engine.environment [-] Registered: [Plugin](User:False) OS::Neutron::LBaaS::L7Policy ->
2024-10-31 01:55:38.239 60908 INFO heat.engine.environment [-] Registered: [Plugin](User:False) OS::Neutron::LBaaS::L7Rule ->
2024-10-31 01:55:38.239 60908 INFO heat.engine.environment [-] Registered: [Plugin](User:False) OS::Neutron::LBaaS::Listener ->
2024-10-31 01:55:38.239 60908 INFO heat.engine.environment [-] Registered: [Plugin](User:False) OS::Neutron::LBaaS::LoadBalancer ->
2024-10-31 01:55:38.239 60908 INFO heat.engine.environment [-] Registered: [Plugin](User:False) OS::Neutron::LBaaS::Pool ->
2024-10-31 01:55:38.239 60908 INFO heat.engine.environment [-] Registered: [Plugin](User:False) OS::Neutron::LBaaS::PoolMember ->
2024-10-31 01:55:38.239 60908 INFO heat.engine.environment [-] Registered: [Plugin](User:False) OS::Neutron::HealthMonitor ->
2024-10-31 01:55:38.239 60908 INFO heat.engine.environment [-] Registered: [Plugin](User:False) OS::Neutron::Pool ->
2024-10-31 01:55:38.239 60908 INFO heat.engine.environment [-] Registered: [Plugin](User:False) OS::Neutron::PoolMember ->
2024-10-31 01:55:38.240 60908 INFO heat.engine.environment [-] Registered: [Plugin](User:False) OS::Neutron::LoadBalancer ->
2024-10-31 01:55:38.240 60908 INFO heat.engine.environment [-] Registered: [Plugin](User:False) OS::Neutron::MeteringLabel ->
2024-10-31 01:55:38.240 60908 INFO heat.engine.environment [-] Registered: [Plugin](User:False) OS::Neutron::MeteringRule ->
2024-10-31 01:55:38.240 60908 INFO heat.engine.environment [-] Registered: [Plugin](User:False) OS::Neutron::Net ->
2024-10-31 01:55:38.240 60908 INFO heat.engine.environment [-] Registered: [Plugin](User:False) OS::Neutron::NetworkGateway ->
2024-10-31 01:55:38.240 60908 INFO heat.engine.environment [-] Registered: [Plugin](User:False) OS::Neutron::Port ->
2024-10-31 01:55:38.240 60908 INFO heat.engine.environment [-] Registered: [Plugin](User:False) OS::Neutron::ProviderNet ->
2024-10-31 01:55:38.240 60908 INFO heat.engine.environment [-] Registered: [Plugin](User:False) OS::Neutron::QoSPolicy ->
2024-10-31 01:55:38.240 60908 INFO heat.engine.environment [-] Registered: [Plugin](User:False) OS::Neutron::QoSBandwidthLimitRule ->
2024-10-31 01:55:38.241 60908 INFO heat.engine.environment [-] Registered: [Plugin](User:False) OS::Neutron::QoSDscpMarkingRule ->
2024-10-31 01:55:38.241 60908 INFO heat.engine.environment [-] Registered: [Plugin](User:False) OS::Neutron::QoSMinimumBandwidthRule ->
2024-10-31 01:55:38.241 60908 INFO heat.engine.environment [-] Registered: [Plugin](User:False) OS::Neutron::Quota ->
2024-10-31 01:55:38.241 60908 INFO heat.engine.environment [-] Registered: [Plugin](User:False) OS::Neutron::RBACPolicy ->
2024-10-31 01:55:38.241 60908 INFO heat.engine.environment [-] Registered: [Plugin](User:False) OS::Neutron::Router ->
2024-10-31 01:55:38.241 60908 INFO heat.engine.environment [-] Registered: [Plugin](User:False) OS::Neutron::RouterInterface ->
2024-10-31 01:55:38.241 60908 INFO heat.engine.environment [-] Registered: [Plugin](User:False) OS::Neutron::RouterGateway ->
2024-10-31 01:55:38.241 60908 INFO heat.engine.environment [-] Registered: [Plugin](User:False) OS::Neutron::SecurityGroup ->
2024-10-31 01:55:38.241 60908 INFO heat.engine.environment [-] Registered: [Plugin](User:False) OS::Neutron::SecurityGroupRule ->
2024-10-31 01:55:38.242 60908 INFO heat.engine.environment [-] Registered: [Plugin](User:False) OS::Neutron::Segment ->
2024-10-31 01:55:38.242 60908 INFO heat.engine.environment [-] Registered: [Plugin](User:False) OS::Neutron::FlowClassifier ->
2024-10-31 01:55:38.242 60908 INFO heat.engine.environment [-] Registered: [Plugin](User:False) OS::Neutron::PortChain ->
2024-10-31 01:55:38.242 60908 INFO heat.engine.environment [-] Registered: [Plugin](User:False) OS::Neutron::PortPair ->
2024-10-31 01:55:38.242 60908 INFO heat.engine.environment [-] Registered: [Plugin](User:False) OS::Neutron::PortPairGroup ->
2024-10-31 01:55:38.242 60908 INFO heat.engine.environment [-] Registered: [Plugin](User:False) OS::Neutron::Subnet ->
2024-10-31 01:55:38.242 60908 INFO heat.engine.environment [-] Registered: [Plugin](User:False) OS::Neutron::SubnetPool ->
2024-10-31 01:55:38.242 60908 INFO heat.engine.environment [-] Registered: [Plugin](User:False) OS::Neutron::TaaS::TapFlow ->
2024-10-31 01:55:38.242 60908 INFO heat.engine.environment [-] Registered: [Plugin](User:False) OS::Neutron::TaaS::TapService ->
2024-10-31 01:55:38.242 60908 INFO heat.engine.environment [-] Registered: [Plugin](User:False) OS::Neutron::Trunk ->
2024-10-31 01:55:38.243 60908 INFO heat.engine.environment [-] Registered: [Plugin](User:False) OS::Neutron::VPNService ->
2024-10-31 01:55:38.243 60908 INFO heat.engine.environment [-] Registered: [Plugin](User:False) OS::Neutron::IPsecSiteConnection ->
2024-10-31 01:55:38.243 60908 INFO heat.engine.environment [-] Registered: [Plugin](User:False) OS::Neutron::IKEPolicy ->
2024-10-31 01:55:38.243 60908 INFO heat.engine.environment [-] Registered: [Plugin](User:False) OS::Neutron::IPsecPolicy ->
2024-10-31 01:55:38.243 60908 INFO heat.engine.environment [-] Registered: [Plugin](User:False) OS::Nova::Flavor ->
2024-10-31 01:55:38.243 60908 INFO heat.engine.environment [-] Registered: [Plugin](User:False) OS::Nova::FloatingIP ->
2024-10-31 01:55:38.243 60908 INFO heat.engine.environment [-] Registered: [Plugin](User:False) OS::Nova::FloatingIPAssociation ->
2024-10-31 01:55:38.243 60908 INFO heat.engine.environment [-] Registered: [Plugin](User:False) OS::Nova::HostAggregate ->
2024-10-31 01:55:38.243 60908 INFO heat.engine.environment [-] Registered: [Plugin](User:False) OS::Nova::KeyPair ->
2024-10-31 01:55:38.244 60908 INFO heat.engine.environment [-] Registered: [Plugin](User:False) OS::Nova::Quota ->
2024-10-31 01:55:38.244 60908 INFO heat.engine.environment [-] Registered: [Plugin](User:False) OS::Nova::Server ->
2024-10-31 01:55:38.244 60908 INFO heat.engine.environment [-] Registered: [Plugin](User:False) OS::Nova::ServerGroup ->
2024-10-31 01:55:38.244 60908 INFO heat.engine.environment [-] Registered: [Plugin](User:False) OS::Octavia::Flavor ->
2024-10-31 01:55:38.244 60908 INFO heat.engine.environment [-] Registered: [Plugin](User:False) OS::Octavia::FlavorProfile ->
2024-10-31 01:55:38.244 60908 INFO heat.engine.environment [-] Registered: [Plugin](User:False) OS::Octavia::HealthMonitor ->
2024-10-31 01:55:38.244 60908 INFO heat.engine.environment [-] Registered: [Plugin](User:False) OS::Octavia::L7Policy ->
2024-10-31 01:55:38.244 60908 INFO heat.engine.environment [-] Registered: [Plugin](User:False) OS::Octavia::L7Rule ->
2024-10-31 01:55:38.244 60908 INFO heat.engine.environment [-] Registered: [Plugin](User:False) OS::Octavia::Listener ->
2024-10-31 01:55:38.244 60908 INFO heat.engine.environment [-] Registered: [Plugin](User:False) OS::Octavia::LoadBalancer ->
2024-10-31 01:55:38.245 60908 INFO heat.engine.environment [-] Registered: [Plugin](User:False) OS::Octavia::Pool ->
2024-10-31 01:55:38.245 60908 INFO heat.engine.environment [-] Registered: [Plugin](User:False) OS::Octavia::PoolMember ->
2024-10-31 01:55:38.245 60908 INFO heat.engine.environment [-] Registered: [Plugin](User:False) OS::Octavia::Quota ->
2024-10-31 01:55:38.245 60908 INFO heat.engine.environment [-] Registered: [Plugin](User:False) OS::Sahara::Cluster ->
2024-10-31 01:55:38.245 60908 INFO heat.engine.environment [-] Registered: [Plugin](User:False) OS::Sahara::DataSource ->
2024-10-31 01:55:38.245 60908 INFO heat.engine.environment [-] Registered: [Plugin](User:False) OS::Sahara::ImageRegistry ->
2024-10-31 01:55:38.245 60908 INFO heat.engine.environment [-] Registered: [Plugin](User:False) OS::Sahara::Job ->
2024-10-31 01:55:38.245 60908 INFO heat.engine.environment [-] Registered: [Plugin](User:False) OS::Sahara::JobBinary ->
2024-10-31 01:55:38.245 60908 INFO heat.engine.environment [-] Registered: [Plugin](User:False) OS::Sahara::NodeGroupTemplate ->
2024-10-31 01:55:38.246 60908 INFO heat.engine.environment [-] Registered: [Plugin](User:False) OS::Sahara::ClusterTemplate ->
2024-10-31 01:55:38.246 60908 INFO heat.engine.environment [-] Registered: [Plugin](User:False) OS::Senlin::Cluster ->
2024-10-31 01:55:38.246 60908 INFO heat.engine.environment [-] Registered: [Plugin](User:False) OS::Senlin::Node ->
2024-10-31 01:55:38.246 60908 INFO heat.engine.environment [-] Registered: [Plugin](User:False) OS::Senlin::Policy ->
2024-10-31 01:55:38.246 60908 INFO heat.engine.environment [-] Registered: [Plugin](User:False) OS::Senlin::Profile ->
2024-10-31 01:55:38.246 60908 INFO heat.engine.environment [-] Registered: [Plugin](User:False) OS::Senlin::Receiver ->
2024-10-31 01:55:38.246 60908 INFO heat.engine.environment [-] Registered: [Plugin](User:False) OS::Swift::Container ->
2024-10-31 01:55:38.246 60908 INFO heat.engine.environment [-] Registered: [Plugin](User:False) OS::Trove::Cluster ->
2024-10-31 01:55:38.246 60908 INFO heat.engine.environment [-] Registered: [Plugin](User:False) OS::Trove::Instance ->
2024-10-31 01:55:38.246 60908 INFO heat.engine.environment [-] Registered: [Plugin](User:False) OS::Vitrage::Template ->
2024-10-31 01:55:38.247 60908 INFO heat.engine.environment [-] Registered: [Plugin](User:False) OS::Zaqar::Queue ->
2024-10-31 01:55:38.247 60908 INFO heat.engine.environment [-] Registered: [Plugin](User:False) OS::Zaqar::SignedQueueURL ->
2024-10-31 01:55:38.247 60908 INFO heat.engine.environment [-] Registered: [Plugin](User:False) OS::Zaqar::Subscription ->
2024-10-31 01:55:38.247 60908 INFO heat.engine.environment [-] Registered: [Plugin](User:False) OS::Zaqar::MistralTrigger ->
2024-10-31 01:55:38.247 60908 INFO heat.engine.environment [-] Registered: [Wildcard Mapping](User:False) OS::Quantum* -> OS::Neutron*
2024-10-31 01:55:38.247 60908 INFO heat.engine.environment [-] Registered: [Template](User:False) AWS::CloudWatch::Alarm -> file:///etc/heat/templates/AWS_CloudWatch_Alarm.yaml
2024-10-31 01:55:38.247 60908 INFO heat.engine.environment [-] Registered: [Mapping](User:False) OS::Metering::Alarm -> OS::Aodh::Alarm
2024-10-31 01:55:38.247 60908 INFO heat.engine.environment [-] Registered: [Template](User:False) AWS::RDS::DBInstance -> file:///etc/heat/templates/AWS_RDS_DBInstance.yaml
2024-10-31 01:55:38.247 60908 INFO heat.engine.environment [-] Registered: [Mapping](User:False) OS::Ceilometer::Alarm -> OS::Aodh::Alarm
2024-10-31 01:55:38.247 60908 INFO heat.engine.environment [-] Registered: [Mapping](User:False) OS::Ceilometer::GnocchiResourcesAlarm -> OS::Aodh::GnocchiResourcesAlarm
2024-10-31 01:55:38.248 60908 INFO heat.engine.environment [-] Registered: [Mapping](User:False) OS::Ceilometer::GnocchiAggregationByMetricsAlarm -> OS::Aodh::GnocchiAggregationByMetricsAlarm
2024-10-31 01:55:38.248 60908 INFO heat.engine.environment [-] Registered: [Mapping](User:False) OS::Ceilometer::GnocchiAggregationByResourcesAlarm -> OS::Aodh::GnocchiAggregationByResourcesAlarm
2024-10-31 01:55:38.248 60908 INFO heat.engine.environment [-] Registered: [Mapping](User:False) OS::Ceilometer::CombinationAlarm -> OS::Aodh::CombinationAlarm
2024-10-31 01:55:38.259 60908 DEBUG oslo_concurrency.lockutils [-] Acquired lock "singleton_lock" lock /usr/lib/python3/dist-packages/oslo_concurrency/lockutils.py:294
2024-10-31 01:55:38.260 60908 DEBUG oslo_concurrency.lockutils [-] Releasing lock "singleton_lock" lock /usr/lib/python3/dist-packages/oslo_concurrency/lockutils.py:312
2024-10-31 01:55:38.260 60908 INFO oslo_service.service [-] Starting 4 workers
2024-10-31 01:55:38.265 60908 DEBUG oslo_service.service [-] Started child 61147 _start_child /usr/lib/python3/dist-packages/oslo_service/service.py:575
2024-10-31 01:55:38.271 61147 DEBUG heat.engine.service [-] Starting listener for engine f8489b36-b232-4879-8007-cad62fb4b6cf start /usr/lib/python3/dist-packages/heat/engine/service.py:392
2024-10-31 01:55:38.271 60908 DEBUG oslo_service.service [-] Started child 61148 _start_child /usr/lib/python3/dist-packages/oslo_service/service.py:575
2024-10-31 01:55:38.276 61148 DEBUG heat.engine.service [-] Starting listener for engine 38b554e3-a54f-4053-a77b-84ef4170c545 start /usr/lib/python3/dist-packages/heat/engine/service.py:392
2024-10-31 01:55:38.277 60908 DEBUG oslo_service.service [-] Started child 61149 _start_child /usr/lib/python3/dist-packages/oslo_service/service.py:575
2024-10-31 01:55:38.283 60908 DEBUG oslo_service.service [-] Started child 61150 _start_child /usr/lib/python3/dist-packages/oslo_service/service.py:575
2024-10-31 01:55:38.283 61149 DEBUG heat.engine.service [-] Starting listener for engine bfa0fa49-e906-4634-a3f8-21a2a04b9cf6 start /usr/lib/python3/dist-packages/heat/engine/service.py:392
2024-10-31 01:55:38.285 60908 DEBUG oslo_service.service [-] Full set of CONF: wait /usr/lib/python3/dist-packages/oslo_service/service.py:649
2024-10-31 01:55:38.285 60908 DEBUG oslo_service.service [-] ******************************************************************************** log_opt_values /usr/lib/python3/dist-packages/oslo_config/cfg.py:2589
2024-10-31 01:55:38.285 60908 DEBUG oslo_service.service [-] Configuration options gathered from: log_opt_values /usr/lib/python3/dist-packages/oslo_config/cfg.py:2590
2024-10-31 01:55:38.285 60908 DEBUG oslo_service.service [-] command line args: ['--config-file=/etc/heat/heat.conf', '--log-file=/var/log/heat/heat-engine.log'] log_opt_values /usr/lib/python3/dist-packages/oslo_config/cfg.py:2591
2024-10-31 01:55:38.287 60908 DEBUG oslo_service.service [-] config files: ['/etc/heat/heat.conf'] log_opt_values /usr/lib/python3/dist-packages/oslo_config/cfg.py:2592
2024-10-31 01:55:38.287 60908 DEBUG oslo_service.service [-] ================================================================================ log_opt_values /usr/lib/python3/dist-packages/oslo_config/cfg.py:2594
2024-10-31 01:55:38.287 60908 DEBUG oslo_service.service [-] action_retry_limit = 5 log_opt_values /usr/lib/python3/dist-packages/oslo_config/cfg.py:2602
2024-10-31 01:55:38.288 60908 DEBUG oslo_service.service [-] allow_trusts_redelegation = False log_opt_values /usr/lib/python3/dist-packages/oslo_config/cfg.py:2602
2024-10-31 01:55:38.288 60908 DEBUG oslo_service.service [-] auth_encryption_key = **** log_opt_values /usr/lib/python3/dist-packages/oslo_config/cfg.py:2602
2024-10-31 01:55:38.287 61150 DEBUG heat.engine.service [-] Starting listener for engine a7424ee7-d3d0-419c-a6a5-0895fcdf7ef5 start /usr/lib/python3/dist-packages/heat/engine/service.py:392
2024-10-31 01:55:38.288 60908 DEBUG oslo_service.service [-] client_retry_limit = 2 log_opt_values /usr/lib/python3/dist-packages/oslo_config/cfg.py:2602
2024-10-31 01:55:38.288 60908 DEBUG oslo_service.service [-] cloud_backend = heat.engine.clients.OpenStackClients log_opt_values /usr/lib/python3/dist-packages/oslo_config/cfg.py:2602
2024-10-31 01:55:38.288 60908 DEBUG oslo_service.service [-] config_dir = [] log_opt_values /usr/lib/python3/dist-packages/oslo_config/cfg.py:2602
2024-10-31 01:55:38.288 60908 DEBUG oslo_service.service [-] config_file = ['/etc/heat/heat.conf'] log_opt_values /usr/lib/python3/dist-packages/oslo_config/cfg.py:2602
2024-10-31 01:55:38.289 60908 DEBUG oslo_service.service [-] config_source = [] log_opt_values /usr/lib/python3/dist-packages/oslo_config/cfg.py:2602
2024-10-31 01:55:38.289 60908 DEBUG oslo_service.service [-] control_exchange = heat log_opt_values /usr/lib/python3/dist-packages/oslo_config/cfg.py:2602
2024-10-31 01:55:38.289 60908 DEBUG oslo_service.service [-] convergence_engine = True log_opt_values /usr/lib/python3/dist-packages/oslo_config/cfg.py:2602
2024-10-31 01:55:38.289 60908 DEBUG oslo_service.service [-] debug = True log_opt_values /usr/lib/python3/dist-packages/oslo_config/cfg.py:2602
