2024-10-31 01:55:55.091 62475 DEBUG oslo_service.service [-] paste_deploy.api_paste_config = /etc/heat/api-paste.ini log_opt_values /usr/lib/python3/dist-packages/oslo_config/cfg.py:2609
2024-10-31 01:55:55.092 62475 DEBUG oslo_service.service [-] paste_deploy.flavor = None log_opt_values /usr/lib/python3/dist-packages/oslo_config/cfg.py:2609
2024-10-31 01:55:55.092 62475 DEBUG oslo_service.service [-] auth_password.allowed_auth_uris = [] log_opt_values /usr/lib/python3/dist-packages/oslo_config/cfg.py:2609
2024-10-31 01:55:55.092 62475 DEBUG oslo_service.service [-] auth_password.multi_cloud = False log_opt_values /usr/lib/python3/dist-packages/oslo_config/cfg.py:2609
2024-10-31 01:55:55.092 62475 DEBUG oslo_service.service [-] revision.heat_revision = unknown log_opt_values /usr/lib/python3/dist-packages/oslo_config/cfg.py:2609
2024-10-31 01:55:55.092 62475 DEBUG oslo_service.service [-] volumes.backups_enabled = True log_opt_values /usr/lib/python3/dist-packages/oslo_config/cfg.py:2609
2024-10-31 01:55:55.092 62475 DEBUG oslo_service.service [-] noauth.token_response = log_opt_values /usr/lib/python3/dist-packages/oslo_config/cfg.py:2609
2024-10-31 01:55:55.092 62475 DEBUG oslo_service.service [-] clients.ca_file = None log_opt_values /usr/lib/python3/dist-packages/oslo_config/cfg.py:2609
2024-10-31 01:55:55.093 62475 DEBUG oslo_service.service [-] clients.cert_file = None log_opt_values /usr/lib/python3/dist-packages/oslo_config/cfg.py:2609
2024-10-31 01:55:55.093 62475 DEBUG oslo_service.service [-] clients.endpoint_type = publicURL log_opt_values /usr/lib/python3/dist-packages/oslo_config/cfg.py:2609
2024-10-31 01:55:55.093 62475 DEBUG oslo_service.service [-] clients.insecure = False log_opt_values /usr/lib/python3/dist-packages/oslo_config/cfg.py:2609
2024-10-31 01:55:55.093 62475 DEBUG oslo_service.service [-] clients.key_file = None log_opt_values /usr/lib/python3/dist-packages/oslo_config/cfg.py:2609
2024-10-31 01:55:55.093 62475 DEBUG oslo_service.service [-] clients_aodh.ca_file = None log_opt_values /usr/lib/python3/dist-packages/oslo_config/cfg.py:2609
2024-10-31 01:55:55.093 62475 DEBUG oslo_service.service [-] clients_aodh.cert_file = None log_opt_values /usr/lib/python3/dist-packages/oslo_config/cfg.py:2609
2024-10-31 01:55:55.093 62475 DEBUG oslo_service.service [-] clients_aodh.endpoint_type = None log_opt_values /usr/lib/python3/dist-packages/oslo_config/cfg.py:2609
2024-10-31 01:55:55.093 62475 DEBUG oslo_service.service [-] clients_aodh.insecure = None log_opt_values /usr/lib/python3/dist-packages/oslo_config/cfg.py:2609
2024-10-31 01:55:55.093 62475 DEBUG oslo_service.service [-] clients_aodh.key_file = None log_opt_values /usr/lib/python3/dist-packages/oslo_config/cfg.py:2609
2024-10-31 01:55:55.094 62475 DEBUG oslo_service.service [-] clients_barbican.ca_file = None log_opt_values /usr/lib/python3/dist-packages/oslo_config/cfg.py:2609
2024-10-31 01:55:55.094 62475 DEBUG oslo_service.service [-] clients_barbican.cert_file = None log_opt_values /usr/lib/python3/dist-packages/oslo_config/cfg.py:2609
2024-10-31 01:55:55.094 62475 DEBUG oslo_service.service [-] clients_barbican.endpoint_type = None log_opt_values /usr/lib/python3/dist-packages/oslo_config/cfg.py:2609
2024-10-31 01:55:55.094 62475 DEBUG oslo_service.service [-] clients_barbican.insecure = None log_opt_values /usr/lib/python3/dist-packages/oslo_config/cfg.py:2609
2024-10-31 01:55:55.094 62475 DEBUG oslo_service.service [-] clients_barbican.key_file = None log_opt_values /usr/lib/python3/dist-packages/oslo_config/cfg.py:2609
2024-10-31 01:55:55.094 62475 DEBUG oslo_service.service [-] clients_cinder.ca_file = None log_opt_values /usr/lib/python3/dist-packages/oslo_config/cfg.py:2609
2024-10-31 01:55:55.094 62475 DEBUG oslo_service.service [-] clients_cinder.cert_file = None log_opt_values /usr/lib/python3/dist-packages/oslo_config/cfg.py:2609
2024-10-31 01:55:55.095 62475 DEBUG oslo_service.service [-] clients_cinder.endpoint_type = None log_opt_values /usr/lib/python3/dist-packages/oslo_config/cfg.py:2609
2024-10-31 01:55:55.095 62475 DEBUG oslo_service.service [-] clients_cinder.http_log_debug = False log_opt_values /usr/lib/python3/dist-packages/oslo_config/cfg.py:2609
2024-10-31 01:55:55.095 62475 DEBUG oslo_service.service [-] clients_cinder.insecure = None log_opt_values /usr/lib/python3/dist-packages/oslo_config/cfg.py:2609
2024-10-31 01:55:55.095 62475 DEBUG oslo_service.service [-] clients_cinder.key_file = None log_opt_values /usr/lib/python3/dist-packages/oslo_config/cfg.py:2609
2024-10-31 01:55:55.095 62475 DEBUG oslo_service.service [-] clients_designate.ca_file = None log_opt_values /usr/lib/python3/dist-packages/oslo_config/cfg.py:2609
2024-10-31 01:55:55.095 62475 DEBUG oslo_service.service [-] clients_designate.cert_file = None log_opt_values /usr/lib/python3/dist-packages/oslo_config/cfg.py:2609
2024-10-31 01:55:55.095 62475 DEBUG oslo_service.service [-] clients_designate.endpoint_type = None log_opt_values /usr/lib/python3/dist-packages/oslo_config/cfg.py:2609
2024-10-31 01:55:55.095 62475 DEBUG oslo_service.service [-] clients_designate.insecure = None log_opt_values /usr/lib/python3/dist-packages/oslo_config/cfg.py:2609
2024-10-31 01:55:55.095 62475 DEBUG oslo_service.service [-] clients_designate.key_file = None log_opt_values /usr/lib/python3/dist-packages/oslo_config/cfg.py:2609
2024-10-31 01:55:55.096 62475 DEBUG oslo_service.service [-] clients_glance.ca_file = None log_opt_values /usr/lib/python3/dist-packages/oslo_config/cfg.py:2609
2024-10-31 01:55:55.096 62475 DEBUG oslo_service.service [-] clients_glance.cert_file = None log_opt_values /usr/lib/python3/dist-packages/oslo_config/cfg.py:2609
2024-10-31 01:55:55.096 62475 DEBUG oslo_service.service [-] clients_glance.endpoint_type = None log_opt_values /usr/lib/python3/dist-packages/oslo_config/cfg.py:2609
2024-10-31 01:55:55.096 62475 DEBUG oslo_service.service [-] clients_glance.insecure = None log_opt_values /usr/lib/python3/dist-packages/oslo_config/cfg.py:2609
2024-10-31 01:55:55.096 62475 DEBUG oslo_service.service [-] clients_glance.key_file = None log_opt_values /usr/lib/python3/dist-packages/oslo_config/cfg.py:2609
2024-10-31 01:55:55.096 62475 DEBUG oslo_service.service [-] clients_heat.ca_file = None log_opt_values /usr/lib/python3/dist-packages/oslo_config/cfg.py:2609
2024-10-31 01:55:55.096 62475 DEBUG oslo_service.service [-] clients_heat.cert_file = None log_opt_values /usr/lib/python3/dist-packages/oslo_config/cfg.py:2609
2024-10-31 01:55:55.096 62475 DEBUG oslo_service.service [-] clients_heat.endpoint_type = None log_opt_values /usr/lib/python3/dist-packages/oslo_config/cfg.py:2609
2024-10-31 01:55:55.096 62514 INFO heat.engine.worker [-] Starting engine_worker (1.4) in engine 62fa6228-7f15-4780-b2bf-a9e7a4bfbe37.
2024-10-31 01:55:55.097 62475 DEBUG oslo_service.service [-] clients_heat.insecure = None log_opt_values /usr/lib/python3/dist-packages/oslo_config/cfg.py:2609
2024-10-31 01:55:55.097 62475 DEBUG oslo_service.service [-] clients_heat.key_file = None log_opt_values /usr/lib/python3/dist-packages/oslo_config/cfg.py:2609
2024-10-31 01:55:55.097 62475 DEBUG oslo_service.service [-] clients_heat.url = log_opt_values /usr/lib/python3/dist-packages/oslo_config/cfg.py:2609
2024-10-31 01:55:55.097 62475 DEBUG oslo_service.service [-] clients_keystone.auth_uri = http://252.17.219.34:5050 log_opt_values /usr/lib/python3/dist-packages/oslo_config/cfg.py:2609
2024-10-31 01:55:55.097 62475 DEBUG oslo_service.service [-] clients_keystone.ca_file = None log_opt_values /usr/lib/python3/dist-packages/oslo_config/cfg.py:2609
2024-10-31 01:55:55.097 62475 DEBUG oslo_service.service [-] clients_keystone.cert_file = None log_opt_values /usr/lib/python3/dist-packages/oslo_config/cfg.py:2609
2024-10-31 01:55:55.097 62475 DEBUG oslo_service.service [-] clients_keystone.endpoint_type = None log_opt_values /usr/lib/python3/dist-packages/oslo_config/cfg.py:2609
2024-10-31 01:55:55.097 62475 DEBUG oslo_service.service [-] clients_keystone.insecure = None log_opt_values /usr/lib/python3/dist-packages/oslo_config/cfg.py:2609
2024-10-31 01:55:55.098 62475 DEBUG oslo_service.service [-] clients_keystone.key_file = None log_opt_values /usr/lib/python3/dist-packages/oslo_config/cfg.py:2609
2024-10-31 01:55:55.098 62475 DEBUG oslo_service.service [-] clients_magnum.ca_file = None log_opt_values /usr/lib/python3/dist-packages/oslo_config/cfg.py:2609
2024-10-31 01:55:55.098 62475 DEBUG oslo_service.service [-] clients_magnum.cert_file = None log_opt_values /usr/lib/python3/dist-packages/oslo_config/cfg.py:2609
2024-10-31 01:55:55.098 62475 DEBUG oslo_service.service [-] clients_magnum.endpoint_type = None log_opt_values /usr/lib/python3/dist-packages/oslo_config/cfg.py:2609
2024-10-31 01:55:55.098 62475 DEBUG oslo_service.service [-] clients_magnum.insecure = None log_opt_values /usr/lib/python3/dist-packages/oslo_config/cfg.py:2609
2024-10-31 01:55:55.098 62475 DEBUG oslo_service.service [-] clients_magnum.key_file = None log_opt_values /usr/lib/python3/dist-packages/oslo_config/cfg.py:2609
2024-10-31 01:55:55.098 62475 DEBUG oslo_service.service [-] clients_manila.ca_file = None log_opt_values /usr/lib/python3/dist-packages/oslo_config/cfg.py:2609
2024-10-31 01:55:55.098 62475 DEBUG oslo_service.service [-] clients_manila.cert_file = None log_opt_values /usr/lib/python3/dist-packages/oslo_config/cfg.py:2609
2024-10-31 01:55:55.099 62475 DEBUG oslo_service.service [-] clients_manila.endpoint_type = None log_opt_values /usr/lib/python3/dist-packages/oslo_config/cfg.py:2609
2024-10-31 01:55:55.099 62475 DEBUG oslo_service.service [-] clients_manila.insecure = None log_opt_values /usr/lib/python3/dist-packages/oslo_config/cfg.py:2609
2024-10-31 01:55:55.099 62475 DEBUG oslo_service.service [-] clients_manila.key_file = None log_opt_values /usr/lib/python3/dist-packages/oslo_config/cfg.py:2609
2024-10-31 01:55:55.099 62475 DEBUG oslo_service.service [-] clients_mistral.ca_file = None log_opt_values /usr/lib/python3/dist-packages/oslo_config/cfg.py:2609
2024-10-31 01:55:55.099 62475 DEBUG oslo_service.service [-] clients_mistral.cert_file = None log_opt_values /usr/lib/python3/dist-packages/oslo_config/cfg.py:2609
2024-10-31 01:55:55.099 62475 DEBUG oslo_service.service [-] clients_mistral.endpoint_type = None log_opt_values /usr/lib/python3/dist-packages/oslo_config/cfg.py:2609
2024-10-31 01:55:55.099 62475 DEBUG oslo_service.service [-] clients_mistral.insecure = None log_opt_values /usr/lib/python3/dist-packages/oslo_config/cfg.py:2609
2024-10-31 01:55:55.099 62475 DEBUG oslo_service.service [-] clients_mistral.key_file = None log_opt_values /usr/lib/python3/dist-packages/oslo_config/cfg.py:2609
2024-10-31 01:55:55.099 62475 DEBUG oslo_service.service [-] clients_monasca.ca_file = None log_opt_values /usr/lib/python3/dist-packages/oslo_config/cfg.py:2609
2024-10-31 01:55:55.100 62475 DEBUG oslo_service.service [-] clients_monasca.cert_file = None log_opt_values /usr/lib/python3/dist-packages/oslo_config/cfg.py:2609
2024-10-31 01:55:55.100 62475 DEBUG oslo_service.service [-] clients_monasca.endpoint_type = None log_opt_values /usr/lib/python3/dist-packages/oslo_config/cfg.py:2609
2024-10-31 01:55:55.100 62475 DEBUG oslo_service.service [-] clients_monasca.insecure = None log_opt_values /usr/lib/python3/dist-packages/oslo_config/cfg.py:2609
2024-10-31 01:55:55.100 62475 DEBUG oslo_service.service [-] clients_monasca.key_file = None log_opt_values /usr/lib/python3/dist-packages/oslo_config/cfg.py:2609
2024-10-31 01:55:55.100 62475 DEBUG oslo_service.service [-] clients_neutron.ca_file = None log_opt_values /usr/lib/python3/dist-packages/oslo_config/cfg.py:2609
2024-10-31 01:55:55.100 62475 DEBUG oslo_service.service [-] clients_neutron.cert_file = None log_opt_values /usr/lib/python3/dist-packages/oslo_config/cfg.py:2609
2024-10-31 01:55:55.100 62475 DEBUG oslo_service.service [-] clients_neutron.endpoint_type = None log_opt_values /usr/lib/python3/dist-packages/oslo_config/cfg.py:2609
2024-10-31 01:55:55.100 62475 DEBUG oslo_service.service [-] clients_neutron.insecure = None log_opt_values /usr/lib/python3/dist-packages/oslo_config/cfg.py:2609
2024-10-31 01:55:55.101 62475 DEBUG oslo_service.service [-] clients_neutron.key_file = None log_opt_values /usr/lib/python3/dist-packages/oslo_config/cfg.py:2609
2024-10-31 01:55:55.101 62475 DEBUG oslo_service.service [-] clients_nova.ca_file = None log_opt_values /usr/lib/python3/dist-packages/oslo_config/cfg.py:2609
2024-10-31 01:55:55.101 62475 DEBUG oslo_service.service [-] clients_nova.cert_file = None log_opt_values /usr/lib/python3/dist-packages/oslo_config/cfg.py:2609
2024-10-31 01:55:55.101 62475 DEBUG oslo_service.service [-] clients_nova.endpoint_type = None log_opt_values /usr/lib/python3/dist-packages/oslo_config/cfg.py:2609
2024-10-31 01:55:55.101 62475 DEBUG oslo_service.service [-] clients_nova.http_log_debug = False log_opt_values /usr/lib/python3/dist-packages/oslo_config/cfg.py:2609
2024-10-31 01:55:55.101 62475 DEBUG oslo_service.service [-] clients_nova.insecure = None log_opt_values /usr/lib/python3/dist-packages/oslo_config/cfg.py:2609
2024-10-31 01:55:55.101 62475 DEBUG oslo_service.service [-] clients_nova.key_file = None log_opt_values /usr/lib/python3/dist-packages/oslo_config/cfg.py:2609
2024-10-31 01:55:55.101 62475 DEBUG oslo_service.service [-] clients_octavia.ca_file = None log_opt_values /usr/lib/python3/dist-packages/oslo_config/cfg.py:2609
2024-10-31 01:55:55.101 62475 DEBUG oslo_service.service [-] clients_octavia.cert_file = None log_opt_values /usr/lib/python3/dist-packages/oslo_config/cfg.py:2609
2024-10-31 01:55:55.102 62475 DEBUG oslo_service.service [-] clients_octavia.endpoint_type = None log_opt_values /usr/lib/python3/dist-packages/oslo_config/cfg.py:2609
2024-10-31 01:55:55.102 62475 DEBUG oslo_service.service [-] clients_octavia.insecure = None log_opt_values /usr/lib/python3/dist-packages/oslo_config/cfg.py:2609
2024-10-31 01:55:55.102 62475 DEBUG oslo_service.service [-] clients_octavia.key_file = None log_opt_values /usr/lib/python3/dist-packages/oslo_config/cfg.py:2609
2024-10-31 01:55:55.102 62475 DEBUG oslo_service.service [-] clients_sahara.ca_file = None log_opt_values /usr/lib/python3/dist-packages/oslo_config/cfg.py:2609
2024-10-31 01:55:55.102 62475 DEBUG oslo_service.service [-] clients_sahara.cert_file = None log_opt_values /usr/lib/python3/dist-packages/oslo_config/cfg.py:2609
2024-10-31 01:55:55.102 62475 DEBUG oslo_service.service [-] clients_sahara.endpoint_type = None log_opt_values /usr/lib/python3/dist-packages/oslo_config/cfg.py:2609
2024-10-31 01:55:55.103 62475 DEBUG oslo_service.service [-] clients_sahara.insecure = None log_opt_values /usr/lib/python3/dist-packages/oslo_config/cfg.py:2609
2024-10-31 01:55:55.103 62475 DEBUG oslo_service.service [-] clients_sahara.key_file = None log_opt_values /usr/lib/python3/dist-packages/oslo_config/cfg.py:2609
2024-10-31 01:55:55.103 62475 DEBUG oslo_service.service [-] clients_senlin.ca_file = None log_opt_values /usr/lib/python3/dist-packages/oslo_config/cfg.py:2609
2024-10-31 01:55:55.103 62475 DEBUG oslo_service.service [-] clients_senlin.cert_file = None log_opt_values /usr/lib/python3/dist-packages/oslo_config/cfg.py:2609
2024-10-31 01:55:55.103 62475 DEBUG oslo_service.service [-] clients_senlin.endpoint_type = None log_opt_values /usr/lib/python3/dist-packages/oslo_config/cfg.py:2609
2024-10-31 01:55:55.103 62475 DEBUG oslo_service.service [-] clients_senlin.insecure = None log_opt_values /usr/lib/python3/dist-packages/oslo_config/cfg.py:2609
2024-10-31 01:55:55.103 62475 DEBUG oslo_service.service [-] clients_senlin.key_file = None log_opt_values /usr/lib/python3/dist-packages/oslo_config/cfg.py:2609
2024-10-31 01:55:55.103 62475 DEBUG oslo_service.service [-] clients_swift.ca_file = None log_opt_values /usr/lib/python3/dist-packages/oslo_config/cfg.py:2609
2024-10-31 01:55:55.103 62475 DEBUG oslo_service.service [-] clients_swift.cert_file = None log_opt_values /usr/lib/python3/dist-packages/oslo_config/cfg.py:2609
2024-10-31 01:55:55.104 62475 DEBUG oslo_service.service [-] clients_swift.endpoint_type = None log_opt_values /usr/lib/python3/dist-packages/oslo_config/cfg.py:2609
2024-10-31 01:55:55.104 62475 DEBUG oslo_service.service [-] clients_swift.insecure = None log_opt_values /usr/lib/python3/dist-packages/oslo_config/cfg.py:2609
2024-10-31 01:55:55.104 62475 DEBUG oslo_service.service [-] clients_swift.key_file = None log_opt_values /usr/lib/python3/dist-packages/oslo_config/cfg.py:2609
2024-10-31 01:55:55.104 62475 DEBUG oslo_service.service [-] clients_trove.ca_file = None log_opt_values /usr/lib/python3/dist-packages/oslo_config/cfg.py:2609
2024-10-31 01:55:55.104 62475 DEBUG oslo_service.service [-] clients_trove.cert_file = None log_opt_values /usr/lib/python3/dist-packages/oslo_config/cfg.py:2609
2024-10-31 01:55:55.104 62475 DEBUG oslo_service.service [-] clients_trove.endpoint_type = None log_opt_values /usr/lib/python3/dist-packages/oslo_config/cfg.py:2609
2024-10-31 01:55:55.104 62475 DEBUG oslo_service.service [-] clients_trove.insecure = None log_opt_values /usr/lib/python3/dist-packages/oslo_config/cfg.py:2609
2024-10-31 01:55:55.104 62475 DEBUG oslo_service.service [-] clients_trove.key_file = None log_opt_values /usr/lib/python3/dist-packages/oslo_config/cfg.py:2609
2024-10-31 01:55:55.105 62475 DEBUG oslo_service.service [-] clients_vitrage.ca_file = None log_opt_values /usr/lib/python3/dist-packages/oslo_config/cfg.py:2609
2024-10-31 01:55:55.105 62475 DEBUG oslo_service.service [-] clients_vitrage.cert_file = None log_opt_values /usr/lib/python3/dist-packages/oslo_config/cfg.py:2609
2024-10-31 01:55:55.105 62475 DEBUG oslo_service.service [-] clients_vitrage.endpoint_type = None log_opt_values /usr/lib/python3/dist-packages/oslo_config/cfg.py:2609
2024-10-31 01:55:55.105 62475 DEBUG oslo_service.service [-] clients_vitrage.insecure = None log_opt_values /usr/lib/python3/dist-packages/oslo_config/cfg.py:2609
2024-10-31 01:55:55.105 62475 DEBUG oslo_service.service [-] clients_vitrage.key_file = None log_opt_values /usr/lib/python3/dist-packages/oslo_config/cfg.py:2609
2024-10-31 01:55:55.105 62475 DEBUG oslo_service.service [-] clients_zaqar.ca_file = None log_opt_values /usr/lib/python3/dist-packages/oslo_config/cfg.py:2609
2024-10-31 01:55:55.105 62475 DEBUG oslo_service.service [-] clients_zaqar.cert_file = None log_opt_values /usr/lib/python3/dist-packages/oslo_config/cfg.py:2609
2024-10-31 01:55:55.105 62475 DEBUG oslo_service.service [-] clients_zaqar.endpoint_type = None log_opt_values /usr/lib/python3/dist-packages/oslo_config/cfg.py:2609
2024-10-31 01:55:55.106 62475 DEBUG oslo_service.service [-] clients_zaqar.insecure = None log_opt_values /usr/lib/python3/dist-packages/oslo_config/cfg.py:2609
2024-10-31 01:55:55.106 62475 DEBUG oslo_service.service [-] clients_zaqar.key_file = None log_opt_values /usr/lib/python3/dist-packages/oslo_config/cfg.py:2609
2024-10-31 01:55:55.106 62475 DEBUG oslo_service.service [-] database.backend = sqlalchemy log_opt_values /usr/lib/python3/dist-packages/oslo_config/cfg.py:2609
2024-10-31 01:55:55.106 62475 DEBUG oslo_service.service [-] database.connection = **** log_opt_values /usr/lib/python3/dist-packages/oslo_config/cfg.py:2609
2024-10-31 01:55:55.106 62475 DEBUG oslo_service.service [-] database.connection_debug = 0 log_opt_values /usr/lib/python3/dist-packages/oslo_config/cfg.py:2609
2024-10-31 01:55:55.106 62475 DEBUG oslo_service.service [-] database.connection_parameters = log_opt_values /usr/lib/python3/dist-packages/oslo_config/cfg.py:2609
2024-10-31 01:55:55.107 62475 DEBUG oslo_service.service [-] database.connection_recycle_time = 3600 log_opt_values /usr/lib/python3/dist-packages/oslo_config/cfg.py:2609
2024-10-31 01:55:55.107 62475 DEBUG oslo_service.service [-] database.connection_trace = False log_opt_values /usr/lib/python3/dist-packages/oslo_config/cfg.py:2609
2024-10-31 01:55:55.107 62475 DEBUG oslo_service.service [-] database.db_inc_retry_interval = True log_opt_values /usr/lib/python3/dist-packages/oslo_config/cfg.py:2609
2024-10-31 01:55:55.106 62515 INFO heat.engine.worker [-] Starting engine_worker (1.4) in engine f6e5ce18-c71e-41a4-84f8-7853d04434cb.
2024-10-31 01:55:55.107 62475 DEBUG oslo_service.service [-] database.db_max_retries = 20 log_opt_values /usr/lib/python3/dist-packages/oslo_config/cfg.py:2609
2024-10-31 01:55:55.107 62475 DEBUG oslo_service.service [-] database.db_max_retry_interval = 10 log_opt_values /usr/lib/python3/dist-packages/oslo_config/cfg.py:2609
2024-10-31 01:55:55.107 62475 DEBUG oslo_service.service [-] database.db_retry_interval = 1 log_opt_values /usr/lib/python3/dist-packages/oslo_config/cfg.py:2609
2024-10-31 01:55:55.107 62475 DEBUG oslo_service.service [-] database.max_overflow = 50 log_opt_values /usr/lib/python3/dist-packages/oslo_config/cfg.py:2609
2024-10-31 01:55:55.108 62475 DEBUG oslo_service.service [-] database.max_pool_size = 5 log_opt_values /usr/lib/python3/dist-packages/oslo_config/cfg.py:2609
2024-10-31 01:55:55.108 62475 DEBUG oslo_service.service [-] database.max_retries = 10 log_opt_values /usr/lib/python3/dist-packages/oslo_config/cfg.py:2609
2024-10-31 01:55:55.108 62475 DEBUG oslo_service.service [-] database.mysql_enable_ndb = False log_opt_values /usr/lib/python3/dist-packages/oslo_config/cfg.py:2609
2024-10-31 01:55:55.108 62475 DEBUG oslo_service.service [-] database.mysql_sql_mode = TRADITIONAL log_opt_values /usr/lib/python3/dist-packages/oslo_config/cfg.py:2609
2024-10-31 01:55:55.108 62475 DEBUG oslo_service.service [-] database.pool_timeout = None log_opt_values /usr/lib/python3/dist-packages/oslo_config/cfg.py:2609
2024-10-31 01:55:55.108 62475 DEBUG oslo_service.service [-] database.retry_interval = 10 log_opt_values /usr/lib/python3/dist-packages/oslo_config/cfg.py:2609
2024-10-31 01:55:55.108 62475 DEBUG oslo_service.service [-] database.slave_connection = **** log_opt_values /usr/lib/python3/dist-packages/oslo_config/cfg.py:2609
2024-10-31 01:55:55.108 62475 DEBUG oslo_service.service [-] database.sqlite_synchronous = True log_opt_values /usr/lib/python3/dist-packages/oslo_config/cfg.py:2609
2024-10-31 01:55:55.109 62475 DEBUG oslo_service.service [-] database.use_db_reconnect = False log_opt_values /usr/lib/python3/dist-packages/oslo_config/cfg.py:2609
2024-10-31 01:55:55.109 62475 DEBUG oslo_service.service [-] oslo_messaging_metrics.metrics_buffer_size = 1000 log_opt_values /usr/lib/python3/dist-packages/oslo_config/cfg.py:2609
2024-10-31 01:55:55.109 62475 DEBUG oslo_service.service [-] oslo_messaging_metrics.metrics_enabled = False log_opt_values /usr/lib/python3/dist-packages/oslo_config/cfg.py:2609
2024-10-31 01:55:55.109 62475 DEBUG oslo_service.service [-] oslo_messaging_metrics.metrics_process_name = log_opt_values /usr/lib/python3/dist-packages/oslo_config/cfg.py:2609
2024-10-31 01:55:55.109 62475 DEBUG oslo_service.service [-] oslo_messaging_metrics.metrics_socket_file = /var/tmp/metrics_collector.sock log_opt_values /usr/lib/python3/dist-packages/oslo_config/cfg.py:2609
2024-10-31 01:55:55.109 62475 DEBUG oslo_service.service [-] oslo_messaging_metrics.metrics_thread_stop_timeout = 10 log_opt_values /usr/lib/python3/dist-packages/oslo_config/cfg.py:2609
2024-10-31 01:55:55.109 62475 DEBUG oslo_service.service [-] oslo_policy.enforce_new_defaults = False log_opt_values /usr/lib/python3/dist-packages/oslo_config/cfg.py:2609
2024-10-31 01:55:55.110 62475 DEBUG oslo_service.service [-] oslo_policy.enforce_scope = False log_opt_values /usr/lib/python3/dist-packages/oslo_config/cfg.py:2609
2024-10-31 01:55:55.110 62475 DEBUG oslo_service.service [-] oslo_policy.policy_default_rule = default log_opt_values /usr/lib/python3/dist-packages/oslo_config/cfg.py:2609
2024-10-31 01:55:55.110 62475 DEBUG oslo_service.service [-] oslo_policy.policy_dirs = ['policy.d'] log_opt_values /usr/lib/python3/dist-packages/oslo_config/cfg.py:2609
2024-10-31 01:55:55.110 62475 DEBUG oslo_service.service [-] oslo_policy.policy_file = policy.yaml log_opt_values /usr/lib/python3/dist-packages/oslo_config/cfg.py:2609
2024-10-31 01:55:55.110 62475 DEBUG oslo_service.service [-] oslo_policy.remote_content_type = application/x-www-form-urlencoded log_opt_values /usr/lib/python3/dist-packages/oslo_config/cfg.py:2609
2024-10-31 01:55:55.110 62475 DEBUG oslo_service.service [-] oslo_policy.remote_ssl_ca_crt_file = None log_opt_values /usr/lib/python3/dist-packages/oslo_config/cfg.py:2609
2024-10-31 01:55:55.110 62475 DEBUG oslo_service.service [-] oslo_policy.remote_ssl_client_crt_file = None log_opt_values /usr/lib/python3/dist-packages/oslo_config/cfg.py:2609
2024-10-31 01:55:55.111 62475 DEBUG oslo_service.service [-] oslo_policy.remote_ssl_client_key_file = None log_opt_values /usr/lib/python3/dist-packages/oslo_config/cfg.py:2609
2024-10-31 01:55:55.111 62475 DEBUG oslo_service.service [-] oslo_policy.remote_ssl_verify_server_crt = False log_opt_values /usr/lib/python3/dist-packages/oslo_config/cfg.py:2609
2024-10-31 01:55:55.111 62475 DEBUG oslo_service.service [-] trustee.auth_section = None log_opt_values /usr/lib/python3/dist-packages/oslo_config/cfg.py:2609
2024-10-31 01:55:55.111 62475 WARNING oslo_config.cfg [-] Deprecated: Option "auth_plugin" from group "trustee" is deprecated. Use option "auth_type" from group "trustee".
2024-10-31 01:55:55.111 62475 DEBUG oslo_service.service [-] trustee.auth_type = password log_opt_values /usr/lib/python3/dist-packages/oslo_config/cfg.py:2609
2024-10-31 01:55:55.112 62475 DEBUG oslo_service.service [-] oslo_versionedobjects.fatal_exception_format_errors = False log_opt_values /usr/lib/python3/dist-packages/oslo_config/cfg.py:2609
2024-10-31 01:55:55.112 62475 DEBUG oslo_service.service [-] oslo_messaging_rabbit.amqp_auto_delete = False log_opt_values /usr/lib/python3/dist-packages/oslo_config/cfg.py:2609
2024-10-31 01:55:55.112 62475 DEBUG oslo_service.service [-] oslo_messaging_rabbit.amqp_durable_queues = False log_opt_values /usr/lib/python3/dist-packages/oslo_config/cfg.py:2609
2024-10-31 01:55:55.112 62475 DEBUG oslo_service.service [-] oslo_messaging_rabbit.conn_pool_min_size = 2 log_opt_values /usr/lib/python3/dist-packages/oslo_config/cfg.py:2609
2024-10-31 01:55:55.112 62475 DEBUG oslo_service.service [-] oslo_messaging_rabbit.conn_pool_ttl = 1200 log_opt_values /usr/lib/python3/dist-packages/oslo_config/cfg.py:2609
2024-10-31 01:55:55.112 62475 DEBUG oslo_service.service [-] oslo_messaging_rabbit.direct_mandatory_flag = True log_opt_values /usr/lib/python3/dist-packages/oslo_config/cfg.py:2609
2024-10-31 01:55:55.112 62475 DEBUG oslo_service.service [-] oslo_messaging_rabbit.enable_cancel_on_failover = False log_opt_values /usr/lib/python3/dist-packages/oslo_config/cfg.py:2609
2024-10-31 01:55:55.112 62475 DEBUG oslo_service.service [-] oslo_messaging_rabbit.heartbeat_in_pthread = True log_opt_values /usr/lib/python3/dist-packages/oslo_config/cfg.py:2609
2024-10-31 01:55:55.113 62475 DEBUG oslo_service.service [-] oslo_messaging_rabbit.heartbeat_rate = 2 log_opt_values /usr/lib/python3/dist-packages/oslo_config/cfg.py:2609
2024-10-31 01:55:55.113 62475 DEBUG oslo_service.service [-] oslo_messaging_rabbit.heartbeat_timeout_threshold = 60 log_opt_values /usr/lib/python3/dist-packages/oslo_config/cfg.py:2609
2024-10-31 01:55:55.113 62475 DEBUG oslo_service.service [-] oslo_messaging_rabbit.kombu_compression = None log_opt_values /usr/lib/python3/dist-packages/oslo_config/cfg.py:2609
2024-10-31 01:55:55.113 62475 DEBUG oslo_service.service [-] oslo_messaging_rabbit.kombu_failover_strategy = round-robin log_opt_values /usr/lib/python3/dist-packages/oslo_config/cfg.py:2609
2024-10-31 01:55:55.113 62475 DEBUG oslo_service.service [-] oslo_messaging_rabbit.kombu_missing_consumer_retry_timeout = 60 log_opt_values /usr/lib/python3/dist-packages/oslo_config/cfg.py:2609
2024-10-31 01:55:55.113 62475 DEBUG oslo_service.service [-] oslo_messaging_rabbit.kombu_reconnect_delay = 1.0 log_opt_values /usr/lib/python3/dist-packages/oslo_config/cfg.py:2609
2024-10-31 01:55:55.113 62475 DEBUG oslo_service.service [-] oslo_messaging_rabbit.rabbit_ha_queues = False log_opt_values /usr/lib/python3/dist-packages/oslo_config/cfg.py:2609
2024-10-31 01:55:55.113 62475 DEBUG oslo_service.service [-] oslo_messaging_rabbit.rabbit_interval_max = 30 log_opt_values /usr/lib/python3/dist-packages/oslo_config/cfg.py:2609
2024-10-31 01:55:55.114 62475 DEBUG oslo_service.service [-] oslo_messaging_rabbit.rabbit_login_method = AMQPLAIN log_opt_values /usr/lib/python3/dist-packages/oslo_config/cfg.py:2609
2024-10-31 01:55:55.114 62475 DEBUG oslo_service.service [-] oslo_messaging_rabbit.rabbit_qos_prefetch_count = 0 log_opt_values /usr/lib/python3/dist-packages/oslo_config/cfg.py:2609
2024-10-31 01:55:55.114 62475 DEBUG oslo_service.service [-] oslo_messaging_rabbit.rabbit_quorum_queue = False log_opt_values /usr/lib/python3/dist-packages/oslo_config/cfg.py:2609
2024-10-31 01:55:55.114 62475 DEBUG oslo_service.service [-] oslo_messaging_rabbit.rabbit_retry_backoff = 2 log_opt_values /usr/lib/python3/dist-packages/oslo_config/cfg.py:2609
2024-10-31 01:55:55.114 62475 DEBUG oslo_service.service [-] oslo_messaging_rabbit.rabbit_retry_interval = 1 log_opt_values /usr/lib/python3/dist-packages/oslo_config/cfg.py:2609
2024-10-31 01:55:55.114 62475 DEBUG oslo_service.service [-] oslo_messaging_rabbit.rabbit_transient_queues_ttl = 1800 log_opt_values /usr/lib/python3/dist-packages/oslo_config/cfg.py:2609
2024-10-31 01:55:55.114 62475 DEBUG oslo_service.service [-] oslo_messaging_rabbit.rpc_conn_pool_size = 30 log_opt_values /usr/lib/python3/dist-packages/oslo_config/cfg.py:2609
2024-10-31 01:55:55.114 62475 DEBUG oslo_service.service [-] oslo_messaging_rabbit.ssl = False log_opt_values /usr/lib/python3/dist-packages/oslo_config/cfg.py:2609
2024-10-31 01:55:55.115 62475 DEBUG oslo_service.service [-] oslo_messaging_rabbit.ssl_ca_file = log_opt_values /usr/lib/python3/dist-packages/oslo_config/cfg.py:2609
2024-10-31 01:55:55.115 62475 DEBUG oslo_service.service [-] oslo_messaging_rabbit.ssl_cert_file = log_opt_values /usr/lib/python3/dist-packages/oslo_config/cfg.py:2609
2024-10-31 01:55:55.115 62475 DEBUG oslo_service.service [-] oslo_messaging_rabbit.ssl_key_file = log_opt_values /usr/lib/python3/dist-packages/oslo_config/cfg.py:2609
2024-10-31 01:55:55.115 62475 DEBUG oslo_service.service [-] oslo_messaging_rabbit.ssl_version = log_opt_values /usr/lib/python3/dist-packages/oslo_config/cfg.py:2609
2024-10-31 01:55:55.115 62475 DEBUG oslo_service.service [-] oslo_messaging_notifications.driver = [] log_opt_values /usr/lib/python3/dist-packages/oslo_config/cfg.py:2609
2024-10-31 01:55:55.115 62475 DEBUG oslo_service.service [-] oslo_messaging_notifications.retry = -1 log_opt_values /usr/lib/python3/dist-packages/oslo_config/cfg.py:2609
2024-10-31 01:55:55.115 62475 DEBUG oslo_service.service [-] oslo_messaging_notifications.topics = ['notifications'] log_opt_values /usr/lib/python3/dist-packages/oslo_config/cfg.py:2609
2024-10-31 01:55:55.115 62475 DEBUG oslo_service.service [-] oslo_messaging_notifications.transport_url = **** log_opt_values /usr/lib/python3/dist-packages/oslo_config/cfg.py:2609
2024-10-31 01:55:55.116 62475 DEBUG oslo_service.service [-] cache.backend = dogpile.cache.null log_opt_values /usr/lib/python3/dist-packages/oslo_config/cfg.py:2609
2024-10-31 01:55:55.116 62475 DEBUG oslo_service.service [-] cache.backend_argument = **** log_opt_values /usr/lib/python3/dist-packages/oslo_config/cfg.py:2609
2024-10-31 01:55:55.116 62475 DEBUG oslo_service.service [-] cache.config_prefix = cache.oslo log_opt_values /usr/lib/python3/dist-packages/oslo_config/cfg.py:2609
2024-10-31 01:55:55.116 62475 DEBUG oslo_service.service [-] cache.debug_cache_backend = False log_opt_values /usr/lib/python3/dist-packages/oslo_config/cfg.py:2609
2024-10-31 01:55:55.116 62475 DEBUG oslo_service.service [-] cache.enabled = False log_opt_values /usr/lib/python3/dist-packages/oslo_config/cfg.py:2609
2024-10-31 01:55:55.116 62475 DEBUG oslo_service.service [-] cache.expiration_time = 600 log_opt_values /usr/lib/python3/dist-packages/oslo_config/cfg.py:2609
2024-10-31 01:55:55.117 62475 DEBUG oslo_service.service [-] cache.memcache_dead_retry = 300 log_opt_values /usr/lib/python3/dist-packages/oslo_config/cfg.py:2609
2024-10-31 01:55:55.117 62475 DEBUG oslo_service.service [-] cache.memcache_pool_connection_get_timeout = 10 log_opt_values /usr/lib/python3/dist-packages/oslo_config/cfg.py:2609
2024-10-31 01:55:55.117 62475 DEBUG oslo_service.service [-] cache.memcache_pool_flush_on_reconnect = False log_opt_values /usr/lib/python3/dist-packages/oslo_config/cfg.py:2609
2024-10-31 01:55:55.118 62475 DEBUG oslo_service.service [-] cache.memcache_pool_maxsize = 10 log_opt_values /usr/lib/python3/dist-packages/oslo_config/cfg.py:2609
2024-10-31 01:55:55.118 62475 DEBUG oslo_service.service [-] cache.memcache_pool_unused_timeout = 60 log_opt_values /usr/lib/python3/dist-packages/oslo_config/cfg.py:2609
2024-10-31 01:55:55.118 62475 DEBUG oslo_service.service [-] cache.memcache_servers = ['localhost:11211'] log_opt_values /usr/lib/python3/dist-packages/oslo_config/cfg.py:2609
2024-10-31 01:55:55.118 62475 DEBUG oslo_service.service [-] cache.memcache_socket_timeout = 1.0 log_opt_values /usr/lib/python3/dist-packages/oslo_config/cfg.py:2609
2024-10-31 01:55:55.118 62475 DEBUG oslo_service.service [-] cache.proxies = [] log_opt_values /usr/lib/python3/dist-packages/oslo_config/cfg.py:2609
2024-10-31 01:55:55.118 62475 DEBUG oslo_service.service [-] cache.tls_allowed_ciphers = None log_opt_values /usr/lib/python3/dist-packages/oslo_config/cfg.py:2609
2024-10-31 01:55:55.118 62475 DEBUG oslo_service.service [-] cache.tls_cafile = None log_opt_values /usr/lib/python3/dist-packages/oslo_config/cfg.py:2609
2024-10-31 01:55:55.118 62475 DEBUG oslo_service.service [-] cache.tls_certfile = None log_opt_values /usr/lib/python3/dist-packages/oslo_config/cfg.py:2609
2024-10-31 01:55:55.119 62475 DEBUG oslo_service.service [-] cache.tls_enabled = False log_opt_values /usr/lib/python3/dist-packages/oslo_config/cfg.py:2609
2024-10-31 01:55:55.119 62475 DEBUG oslo_service.service [-] cache.tls_keyfile = None log_opt_values /usr/lib/python3/dist-packages/oslo_config/cfg.py:2609
2024-10-31 01:55:55.119 62475 DEBUG oslo_service.service [-] constraint_validation_cache.caching = True log_opt_values /usr/lib/python3/dist-packages/oslo_config/cfg.py:2609
2024-10-31 01:55:55.119 62475 DEBUG oslo_service.service [-] constraint_validation_cache.expiration_time = 60 log_opt_values /usr/lib/python3/dist-packages/oslo_config/cfg.py:2609
2024-10-31 01:55:55.119 62475 DEBUG oslo_service.service [-] service_extension_cache.caching = True log_opt_values /usr/lib/python3/dist-packages/oslo_config/cfg.py:2609
2024-10-31 01:55:55.119 62475 DEBUG oslo_service.service [-] service_extension_cache.expiration_time = 3600 log_opt_values /usr/lib/python3/dist-packages/oslo_config/cfg.py:2609
2024-10-31 01:55:55.119 62475 DEBUG oslo_service.service [-] resource_finder_cache.caching = True log_opt_values /usr/lib/python3/dist-packages/oslo_config/cfg.py:2609
2024-10-31 01:55:55.120 62475 DEBUG oslo_service.service [-] resource_finder_cache.expiration_time = 3600 log_opt_values /usr/lib/python3/dist-packages/oslo_config/cfg.py:2609
2024-10-31 01:55:55.120 62475 DEBUG oslo_service.service [-] yaql.limit_iterators = 200 log_opt_values /usr/lib/python3/dist-packages/oslo_config/cfg.py:2609
2024-10-31 01:55:55.120 62475 DEBUG oslo_service.service [-] yaql.memory_quota = 10000 log_opt_values /usr/lib/python3/dist-packages/oslo_config/cfg.py:2609
2024-10-31 01:55:55.120 62475 DEBUG oslo_service.service [-] ******************************************************************************** log_opt_values /usr/lib/python3/dist-packages/oslo_config/cfg.py:2613
2024-10-31 01:55:55.120 62517 INFO heat.engine.worker [-] Starting engine_worker (1.4) in engine b238fa16-8ea4-450c-aa31-ba2a35d9fb05.
2024-10-31 01:55:55.122 62516 INFO heat.engine.worker [-] Starting engine_worker (1.4) in engine 45ae07f2-0873-4c25-b0cc-a7c0fcf361d6.
2024-10-31 01:55:55.184 62514 DEBUG oslo_db.sqlalchemy.engines [req-adbed675-af76-43a9-9604-0ec15ee639f8 - - - - -] MySQL server mode set to STRICT_TRANS_TABLES,STRICT_ALL_TABLES,NO_ZERO_IN_DATE,NO_ZERO_DATE,ERROR_FOR_DIVISION_BY_ZERO,TRADITIONAL,NO_ENGINE_SUBSTITUTION _check_effective_sql_mode /usr/lib/python3/dist-packages/oslo_db/sqlalchemy/engines.py:314
2024-10-31 01:55:55.209 62515 DEBUG oslo_db.sqlalchemy.engines [req-8c18d8ab-5223-409a-99c8-d083154e8442 - - - - -] MySQL server mode set to STRICT_TRANS_TABLES,STRICT_ALL_TABLES,NO_ZERO_IN_DATE,NO_ZERO_DATE,ERROR_FOR_DIVISION_BY_ZERO,TRADITIONAL,NO_ENGINE_SUBSTITUTION _check_effective_sql_mode /usr/lib/python3/dist-packages/oslo_db/sqlalchemy/engines.py:314
2024-10-31 01:55:55.210 62516 DEBUG oslo_db.sqlalchemy.engines [req-888534d9-e8a8-48ed-b8cd-e23b87aab0de - - - - -] MySQL server mode set to STRICT_TRANS_TABLES,STRICT_ALL_TABLES,NO_ZERO_IN_DATE,NO_ZERO_DATE,ERROR_FOR_DIVISION_BY_ZERO,TRADITIONAL,NO_ENGINE_SUBSTITUTION _check_effective_sql_mode /usr/lib/python3/dist-packages/oslo_db/sqlalchemy/engines.py:314
2024-10-31 01:55:55.214 62517 DEBUG oslo_db.sqlalchemy.engines [req-01b5ea7e-8cfb-4e43-bdc1-1cfe8da64b11 - - - - -] MySQL server mode set to STRICT_TRANS_TABLES,STRICT_ALL_TABLES,NO_ZERO_IN_DATE,NO_ZERO_DATE,ERROR_FOR_DIVISION_BY_ZERO,TRADITIONAL,NO_ENGINE_SUBSTITUTION _check_effective_sql_mode /usr/lib/python3/dist-packages/oslo_db/sqlalchemy/engines.py:314
2024-10-31 01:55:55.273 62514 DEBUG heat.engine.service [req-4f73e943-ecec-46f4-923f-eaa15e31cb72 - - - - -] Service cd53c339-5ca5-4792-8348-e22fd39e4c80 is started service_manage_report /usr/lib/python3/dist-packages/heat/engine/service.py:2363
2024-10-31 01:55:55.290 62517 DEBUG heat.engine.service [req-eea8d54c-7fd0-4942-9cbd-7baf7fb32b62 - - - - -] Service 6313a034-68ec-4493-a2d8-23ae905c3065 is started service_manage_report /usr/lib/python3/dist-packages/heat/engine/service.py:2363
2024-10-31 01:55:55.291 62516 DEBUG heat.engine.service [req-d169151c-b52c-4fe5-be10-2a68905f50c6 - - - - -] Service 15273673-3325-4265-bb05-a231fd82de64 is started service_manage_report /usr/lib/python3/dist-packages/heat/engine/service.py:2363
2024-10-31 01:55:55.294 62515 DEBUG heat.engine.service [req-da6f3005-9a9e-4cf8-a532-acae65bee544 - - - - -] Service 37267faf-7090-44af-b2ed-c04037ed0605 is started service_manage_report /usr/lib/python3/dist-packages/heat/engine/service.py:2363
2024-10-31 01:55:55.303 62514 DEBUG heat.engine.service [req-4f73e943-ecec-46f4-923f-eaa15e31cb72 - - - - -] Service cd53c339-5ca5-4792-8348-e22fd39e4c80 is updated service_manage_report /usr/lib/python3/dist-packages/heat/engine/service.py:2370
2024-10-31 01:55:55.310 62516 DEBUG heat.engine.service [req-d169151c-b52c-4fe5-be10-2a68905f50c6 - - - - -] Service 15273673-3325-4265-bb05-a231fd82de64 is updated service_manage_report /usr/lib/python3/dist-packages/heat/engine/service.py:2370
2024-10-31 01:55:55.315 62517 DEBUG heat.engine.service [req-eea8d54c-7fd0-4942-9cbd-7baf7fb32b62 - - - - -] Service 6313a034-68ec-4493-a2d8-23ae905c3065 is updated service_manage_report /usr/lib/python3/dist-packages/heat/engine/service.py:2370
2024-10-31 01:55:55.316 62515 DEBUG heat.engine.service [req-da6f3005-9a9e-4cf8-a532-acae65bee544 - - - - -] Service 37267faf-7090-44af-b2ed-c04037ed0605 is updated service_manage_report /usr/lib/python3/dist-packages/heat/engine/service.py:2370
2024-10-31 01:56:55.258 62514 DEBUG heat.engine.service [req-b58f3bd9-6506-4ba4-a0af-0ca0add80c14 - - - - -] Service cd53c339-5ca5-4792-8348-e22fd39e4c80 is updated service_manage_report /usr/lib/python3/dist-packages/heat/engine/service.py:2370
2024-10-31 01:56:55.281 62515 DEBUG heat.engine.service [req-e700b399-f112-42ca-8c0b-f85e7a915ace - - - - -] Service 37267faf-7090-44af-b2ed-c04037ed0605 is updated service_manage_report /usr/lib/python3/dist-packages/heat/engine/service.py:2370
2024-10-31 01:56:55.286 62517 DEBUG heat.engine.service [req-51bd1616-931d-4c65-a957-604265631335 - - - - -] Service 6313a034-68ec-4493-a2d8-23ae905c3065 is updated service_manage_report /usr/lib/python3/dist-packages/heat/engine/service.py:2370
2024-10-31 01:56:55.288 62516 DEBUG heat.engine.service [req-d9a24bd2-7d53-4cf3-9995-1551c584f2d2 - - - - -] Service 15273673-3325-4265-bb05-a231fd82de64 is updated service_manage_report /usr/lib/python3/dist-packages/heat/engine/service.py:2370
2024-10-31 01:57:55.266 62514 DEBUG heat.engine.service [req-cd70b9f5-50b5-4b87-88e0-0c08e2dfed06 - - - - -] Service cd53c339-5ca5-4792-8348-e22fd39e4c80 is updated service_manage_report /usr/lib/python3/dist-packages/heat/engine/service.py:2370
2024-10-31 01:57:55.280 62517 DEBUG heat.engine.service [req-2ca301b8-99bb-4a48-8d07-c28c34c6ac1b - - - - -] Service 6313a034-68ec-4493-a2d8-23ae905c3065 is updated service_manage_report /usr/lib/python3/dist-packages/heat/engine/service.py:2370
2024-10-31 01:57:55.282 62516 DEBUG heat.engine.service [req-e5ae2c72-ec90-4e9c-b5f9-471ee5d40077 - - - - -] Service 15273673-3325-4265-bb05-a231fd82de64 is updated service_manage_report /usr/lib/python3/dist-packages/heat/engine/service.py:2370
2024-10-31 01:57:55.285 62515 DEBUG heat.engine.service [req-c5212d32-4260-466c-8d7e-ca9a16ffd13c - - - - -] Service 37267faf-7090-44af-b2ed-c04037ed0605 is updated service_manage_report /usr/lib/python3/dist-packages/heat/engine/service.py:2370
2024-10-31 01:58:55.261 62514 DEBUG heat.engine.service [req-5bab90bc-69c5-45f3-936b-a84293096fc2 - - - - -] Service cd53c339-5ca5-4792-8348-e22fd39e4c80 is updated service_manage_report /usr/lib/python3/dist-packages/heat/engine/service.py:2370
2024-10-31 01:58:55.289 62516 DEBUG heat.engine.service [req-b6c23d1f-0243-4d49-8c60-f43ce2fe0fb4 - - - - -] Service 15273673-3325-4265-bb05-a231fd82de64 is updated service_manage_report /usr/lib/python3/dist-packages/heat/engine/service.py:2370
2024-10-31 01:58:55.294 62517 DEBUG heat.engine.service [req-aace8773-2603-4671-9189-bf8b9d552ba8 - - - - -] Service 6313a034-68ec-4493-a2d8-23ae905c3065 is updated service_manage_report /usr/lib/python3/dist-packages/heat/engine/service.py:2370
2024-10-31 01:58:55.297 62515 DEBUG heat.engine.service [req-7f4b52f6-3f7f-4c51-bf46-19d44d736437 - - - - -] Service 37267faf-7090-44af-b2ed-c04037ed0605 is updated service_manage_report /usr/lib/python3/dist-packages/heat/engine/service.py:2370
2024-10-31 01:59:55.396 62514 DEBUG heat.engine.service [req-df9c1c54-436b-48b2-a123-0db96e54b77c - - - - -] Service cd53c339-5ca5-4792-8348-e22fd39e4c80 is updated service_manage_report /usr/lib/python3/dist-packages/heat/engine/service.py:2370
2024-10-31 01:59:55.401 62515 DEBUG heat.engine.service [req-33a667ec-2273-4b98-98c0-65e77cd6e920 - - - - -] Service 37267faf-7090-44af-b2ed-c04037ed0605 is updated service_manage_report /usr/lib/python3/dist-packages/heat/engine/service.py:2370
2024-10-31 01:59:55.401 62516 DEBUG heat.engine.service [req-2814ca50-5042-48fd-9f25-67487a2471c1 - - - - -] Service 15273673-3325-4265-bb05-a231fd82de64 is updated service_manage_report /usr/lib/python3/dist-packages/heat/engine/service.py:2370
2024-10-31 01:59:55.401 62517 DEBUG heat.engine.service [req-37ae4624-ce5b-4490-9d65-aebfcae83373 - - - - -] Service 6313a034-68ec-4493-a2d8-23ae905c3065 is updated service_manage_report /usr/lib/python3/dist-packages/heat/engine/service.py:2370
2024-10-31 02:00:55.271 62514 DEBUG heat.engine.service [req-11ae650c-6980-47ef-b490-2391521c9f91 - - - - -] Service cd53c339-5ca5-4792-8348-e22fd39e4c80 is updated service_manage_report /usr/lib/python3/dist-packages/heat/engine/service.py:2370
2024-10-31 02:00:55.286 62516 DEBUG heat.engine.service [req-3f546d61-a0b3-40db-bc4f-4bbacf2abaa2 - - - - -] Service 15273673-3325-4265-bb05-a231fd82de64 is updated service_manage_report /usr/lib/python3/dist-packages/heat/engine/service.py:2370
2024-10-31 02:00:55.293 62517 DEBUG heat.engine.service [req-3b83b148-a5f5-4d09-959b-51c8adb73b2a - - - - -] Service 6313a034-68ec-4493-a2d8-23ae905c3065 is updated service_manage_report /usr/lib/python3/dist-packages/heat/engine/service.py:2370
2024-10-31 02:00:55.296 62515 DEBUG heat.engine.service [req-1eccb71b-f70b-4fa0-be73-43f9486b40e7 - - - - -] Service 37267faf-7090-44af-b2ed-c04037ed0605 is updated service_manage_report /usr/lib/python3/dist-packages/heat/engine/service.py:2370
2024-10-31 02:01:55.278 62514 DEBUG heat.engine.service [req-13d409d6-6016-4f7c-85d3-13c7ad727dd1 - - - - -] Service cd53c339-5ca5-4792-8348-e22fd39e4c80 is updated service_manage_report /usr/lib/python3/dist-packages/heat/engine/service.py:2370
2024-10-31 02:01:55.290 62517 DEBUG heat.engine.service [req-c3ea5e6a-2b07-46eb-bc9d-1b35ece50cc5 - - - - -] Service 6313a034-68ec-4493-a2d8-23ae905c3065 is updated service_manage_report /usr/lib/python3/dist-packages/heat/engine/service.py:2370
2024-10-31 02:01:55.291 62516 DEBUG heat.engine.service [req-c2bf494b-78e4-46d1-b472-4c158d4f1467 - - - - -] Service 15273673-3325-4265-bb05-a231fd82de64 is updated service_manage_report /usr/lib/python3/dist-packages/heat/engine/service.py:2370
2024-10-31 02:01:55.299 62515 DEBUG heat.engine.service [req-a3fe20e3-fca5-413f-a4ed-4095a7a1d90b - - - - -] Service 37267faf-7090-44af-b2ed-c04037ed0605 is updated service_manage_report /usr/lib/python3/dist-packages/heat/engine/service.py:2370
2024-10-31 02:02:02.794 62517 DEBUG heat.engine.service [-] Attempting to stop engine service... _stop_rpc_server /usr/lib/python3/dist-packages/heat/engine/service.py:437
2024-10-31 02:02:02.794 62514 DEBUG heat.engine.service [-] Attempting to stop engine service... _stop_rpc_server /usr/lib/python3/dist-packages/heat/engine/service.py:437
2024-10-31 02:02:02.794 62516 DEBUG heat.engine.service [-] Attempting to stop engine service... _stop_rpc_server /usr/lib/python3/dist-packages/heat/engine/service.py:437
2024-10-31 02:02:02.794 62515 DEBUG heat.engine.service [-] Attempting to stop engine service... _stop_rpc_server /usr/lib/python3/dist-packages/heat/engine/service.py:437
2024-10-31 02:02:02.796 62475 INFO oslo_service.service [-] Caught SIGTERM, stopping children
2024-10-31 02:02:02.797 62475 DEBUG oslo_concurrency.lockutils [-] Acquired lock "singleton_lock" lock /usr/lib/python3/dist-packages/oslo_concurrency/lockutils.py:294
2024-10-31 02:02:02.797 62475 DEBUG oslo_concurrency.lockutils [-] Releasing lock "singleton_lock" lock /usr/lib/python3/dist-packages/oslo_concurrency/lockutils.py:312
2024-10-31 02:02:02.798 62475 DEBUG oslo_service.service [-] Stop services. stop /usr/lib/python3/dist-packages/oslo_service/service.py:695
2024-10-31 02:02:02.798 62475 INFO heat.engine.service [-] All threads were gone, terminating engine
2024-10-31 02:02:02.799 62475 DEBUG oslo_service.service [-] Killing children. stop /usr/lib/python3/dist-packages/oslo_service/service.py:700
2024-10-31 02:02:02.844 62475 INFO oslo_service.service [-] Waiting on 4 children to exit
2024-10-31 02:02:02.845 62475 INFO oslo_service.service [-] Child 62515 killed by signal 15
2024-10-31 02:02:02.845 62475 INFO oslo_service.service [-] Child 62516 killed by signal 15
2024-10-31 02:02:02.854 62475 INFO oslo_service.service [-] Child 62514 killed by signal 15
2024-10-31 02:02:02.866 62475 INFO oslo_service.service [-] Child 62517 killed by signal 15
2024-10-31 02:02:05.086 65356 DEBUG oslo_concurrency.lockutils [-] Lock "context-manager" acquired by "neutron_lib.db.api._create_context_manager" :: waited 0.000s inner /usr/lib/python3/dist-packages/oslo_concurrency/lockutils.py:386
2024-10-31 02:02:05.087 65356 DEBUG oslo_concurrency.lockutils [-] Lock "context-manager" "released" by "neutron_lib.db.api._create_context_manager" :: held 0.001s inner /usr/lib/python3/dist-packages/oslo_concurrency/lockutils.py:400
2024-10-31 02:02:07.973 65356 WARNING heat.engine.environment [-] OS::Aodh::Alarm is DEPRECATED. Theshold alarm relies on ceilometer-api and has been deprecated in aodh since Ocata. Use OS::Aodh::GnocchiAggregationByResourcesAlarm instead.
2024-10-31 02:02:07.978 65356 WARNING heat.engine.environment [-] OS::Aodh::CombinationAlarm is HIDDEN. OS::Aodh::CombinationAlarm is deprecated and has been removed from Aodh, use OS::Aodh::CompositeAlarm instead.
2024-10-31 02:02:07.979 65356 WARNING heat.engine.environment [-] OS::Designate::Domain is HIDDEN. This resource has been removed, use OS::Designate::Zone instead.
2024-10-31 02:02:07.979 65356 WARNING heat.engine.environment [-] OS::Designate::Record is HIDDEN. This resource has been removed, use OS::Designate::RecordSet instead.
2024-10-31 02:02:07.979 65356 WARNING heat.engine.environment [-] OS::Glance::Image is DEPRECATED. Creating a Glance Image based on an existing URL location requires the Glance v1 API, which is deprecated.
2024-10-31 02:02:07.980 65356 WARNING heat.engine.environment [-] OS::Heat::HARestarter is HIDDEN. The HARestarter resource type has been removed. Existing stacks containing HARestarter resources can still be used, but the HARestarter resource will be a placeholder that does nothing.
2024-10-31 02:02:07.980 65356 WARNING heat.engine.environment [-] OS::Heat::SoftwareDeployments is HIDDEN. Please use OS::Heat::SoftwareDeploymentGroup instead.
2024-10-31 02:02:07.980 65356 WARNING heat.engine.environment [-] OS::Heat::StructuredDeployments is HIDDEN. Please use OS::Heat::StructuredDeploymentGroup instead.
2024-10-31 02:02:07.981 65356 WARNING heat.engine.environment [-] OS::Magnum::Bay is HIDDEN. Please use OS::Magnum::Cluster instead.
2024-10-31 02:02:07.981 65356 WARNING heat.engine.environment [-] OS::Magnum::BayModel is HIDDEN. Please use OS::Magnum::ClusterTemplate instead.
