2024-10-31 02:15:33.851 7 DEBUG oslo_service.service [-] ml2_type_gre.tunnel_id_ranges = [] log_opt_values /var/lib/kolla/venv/lib/python3.6/site-packages/oslo_config/cfg.py:2611
2024-10-31 02:15:33.851 7 DEBUG oslo_service.service [-] ml2_type_vlan.network_vlan_ranges = [] log_opt_values /var/lib/kolla/venv/lib/python3.6/site-packages/oslo_config/cfg.py:2611
2024-10-31 02:15:33.851 7 DEBUG oslo_service.service [-] ml2_type_vxlan.vni_ranges = [] log_opt_values /var/lib/kolla/venv/lib/python3.6/site-packages/oslo_config/cfg.py:2611
2024-10-31 02:15:33.851 7 DEBUG oslo_service.service [-] ml2_type_vxlan.vxlan_group = None log_opt_values /var/lib/kolla/venv/lib/python3.6/site-packages/oslo_config/cfg.py:2611
2024-10-31 02:15:33.852 7 DEBUG oslo_service.service [-] database.backend = sqlalchemy log_opt_values /var/lib/kolla/venv/lib/python3.6/site-packages/oslo_config/cfg.py:2611
2024-10-31 02:15:33.852 7 DEBUG oslo_service.service [-] database.connection = **** log_opt_values /var/lib/kolla/venv/lib/python3.6/site-packages/oslo_config/cfg.py:2611
2024-10-31 02:15:33.852 7 DEBUG oslo_service.service [-] database.connection_debug = 0 log_opt_values /var/lib/kolla/venv/lib/python3.6/site-packages/oslo_config/cfg.py:2611
2024-10-31 02:15:33.852 7 DEBUG oslo_service.service [-] database.connection_parameters = log_opt_values /var/lib/kolla/venv/lib/python3.6/site-packages/oslo_config/cfg.py:2611
2024-10-31 02:15:33.852 7 DEBUG oslo_service.service [-] database.connection_recycle_time = 10 log_opt_values /var/lib/kolla/venv/lib/python3.6/site-packages/oslo_config/cfg.py:2611
2024-10-31 02:15:33.852 7 DEBUG oslo_service.service [-] database.connection_trace = False log_opt_values /var/lib/kolla/venv/lib/python3.6/site-packages/oslo_config/cfg.py:2611
2024-10-31 02:15:33.852 7 DEBUG oslo_service.service [-] database.db_inc_retry_interval = True log_opt_values /var/lib/kolla/venv/lib/python3.6/site-packages/oslo_config/cfg.py:2611
2024-10-31 02:15:33.852 7 DEBUG oslo_service.service [-] database.db_max_retries = 20 log_opt_values /var/lib/kolla/venv/lib/python3.6/site-packages/oslo_config/cfg.py:2611
2024-10-31 02:15:33.852 7 DEBUG oslo_service.service [-] database.db_max_retry_interval = 10 log_opt_values /var/lib/kolla/venv/lib/python3.6/site-packages/oslo_config/cfg.py:2611
2024-10-31 02:15:33.852 7 DEBUG oslo_service.service [-] database.db_retry_interval = 1 log_opt_values /var/lib/kolla/venv/lib/python3.6/site-packages/oslo_config/cfg.py:2611
2024-10-31 02:15:33.853 7 DEBUG oslo_service.service [-] database.max_overflow = 50 log_opt_values /var/lib/kolla/venv/lib/python3.6/site-packages/oslo_config/cfg.py:2611
2024-10-31 02:15:33.853 7 DEBUG oslo_service.service [-] database.max_pool_size = 1 log_opt_values /var/lib/kolla/venv/lib/python3.6/site-packages/oslo_config/cfg.py:2611
2024-10-31 02:15:33.853 7 DEBUG oslo_service.service [-] database.max_retries = -1 log_opt_values /var/lib/kolla/venv/lib/python3.6/site-packages/oslo_config/cfg.py:2611
2024-10-31 02:15:33.853 7 DEBUG oslo_service.service [-] database.mysql_enable_ndb = False log_opt_values /var/lib/kolla/venv/lib/python3.6/site-packages/oslo_config/cfg.py:2611
2024-10-31 02:15:33.853 7 DEBUG oslo_service.service [-] database.mysql_sql_mode = TRADITIONAL log_opt_values /var/lib/kolla/venv/lib/python3.6/site-packages/oslo_config/cfg.py:2611
2024-10-31 02:15:33.853 7 DEBUG oslo_service.service [-] database.pool_timeout = None log_opt_values /var/lib/kolla/venv/lib/python3.6/site-packages/oslo_config/cfg.py:2611
2024-10-31 02:15:33.853 7 DEBUG oslo_service.service [-] database.retry_interval = 10 log_opt_values /var/lib/kolla/venv/lib/python3.6/site-packages/oslo_config/cfg.py:2611
2024-10-31 02:15:33.853 7 DEBUG oslo_service.service [-] database.slave_connection = **** log_opt_values /var/lib/kolla/venv/lib/python3.6/site-packages/oslo_config/cfg.py:2611
2024-10-31 02:15:33.853 7 DEBUG oslo_service.service [-] database.sqlite_synchronous = True log_opt_values /var/lib/kolla/venv/lib/python3.6/site-packages/oslo_config/cfg.py:2611
2024-10-31 02:15:33.854 7 DEBUG oslo_service.service [-] database.use_db_reconnect = False log_opt_values /var/lib/kolla/venv/lib/python3.6/site-packages/oslo_config/cfg.py:2611
2024-10-31 02:15:33.854 7 DEBUG oslo_service.service [-] ******************************************************************************** log_opt_values /var/lib/kolla/venv/lib/python3.6/site-packages/oslo_config/cfg.py:2613
2024-10-31 02:15:34.070 22 DEBUG neutron.wsgi [-] (22) accepted ('10.0.0.34', 46408) server /var/lib/kolla/venv/lib/python3.6/site-packages/eventlet/wsgi.py:1004
2024-10-31 02:15:34.079 22 INFO neutron.wsgi [-] 10.0.0.34 "GET / HTTP/1.1" status: 200 len: 227 time: 0.0068645
2024-10-31 02:15:38.710 23 DEBUG neutron.api.rpc.handlers.dhcp_rpc [req-6b6ba18c-c0a9-42f6-b4aa-98e40982aa16 - - - - -] get_active_networks_info from cn-jenkins-deploy-platform-ansible-os-2182-1 get_active_networks_info /var/lib/kolla/venv/lib/python3.6/site-packages/neutron/api/rpc/handlers/dhcp_rpc.py:159
2024-10-31 02:15:38.753 26 DEBUG neutron_lib.callbacks.manager [req-deb15e21-85f4-4832-b62b-34efb9170cf4 - - - - -] Publish callbacks ['neutron.services.segments.db._update_segment_host_mapping_for_agent-8764070396224', 'neutron.services.l3_router.l3_router_plugin.DVRResourceOperationHandler.create_fip_agent_gw_ports-613565'] for agent (52714747-9bb0-45c2-99e4-c6ee2a29aa58), after_create _notify_loop /var/lib/kolla/venv/lib/python3.6/site-packages/neutron_lib/callbacks/manager.py:177
2024-10-31 02:15:38.772 23 DEBUG neutron.scheduler.dhcp_agent_scheduler [req-6b6ba18c-c0a9-42f6-b4aa-98e40982aa16 - - - - -] No non-hosted networks auto_schedule_networks /var/lib/kolla/venv/lib/python3.6/site-packages/neutron/scheduler/dhcp_agent_scheduler.py:60
2024-10-31 02:15:54.159 27 DEBUG neutron_lib.callbacks.manager [req-ba30107c-91d5-47f8-b05c-e59bc4fa1eb1 - - - - -] Publish callbacks ['neutron.services.segments.db._update_segment_host_mapping_for_agent-8764070396224', 'neutron.services.l3_router.l3_router_plugin.DVRResourceOperationHandler.create_fip_agent_gw_ports-613565'] for agent (3ca6d883-9e21-4151-8e2b-46392776c081), after_create _notify_loop /var/lib/kolla/venv/lib/python3.6/site-packages/neutron_lib/callbacks/manager.py:177
2024-10-31 02:16:04.133 22 DEBUG neutron.wsgi [-] (22) accepted ('10.0.0.34', 59370) server /var/lib/kolla/venv/lib/python3.6/site-packages/eventlet/wsgi.py:1004
2024-10-31 02:16:04.138 22 INFO neutron.wsgi [-] 10.0.0.34 "GET / HTTP/1.1" status: 200 len: 227 time: 0.0041890
2024-10-31 02:16:08.726 28 DEBUG neutron_lib.callbacks.manager [req-8c8fd517-6c42-4e4a-9eb2-92f57ad82ec2 - - - - -] Publish callbacks ['neutron.services.segments.db._update_segment_host_mapping_for_agent-8764070396224', 'neutron.plugins.ml2.plugin.Ml2Plugin._retry_binding_revived_agents-1861395'] for agent (52714747-9bb0-45c2-99e4-c6ee2a29aa58), after_update _notify_loop /var/lib/kolla/venv/lib/python3.6/site-packages/neutron_lib/callbacks/manager.py:177
2024-10-31 02:16:24.132 25 DEBUG neutron_lib.callbacks.manager [req-ba30107c-91d5-47f8-b05c-e59bc4fa1eb1 - - - - -] Publish callbacks ['neutron.services.segments.db._update_segment_host_mapping_for_agent-8764070396224', 'neutron.plugins.ml2.plugin.Ml2Plugin._retry_binding_revived_agents-1861395'] for agent (3ca6d883-9e21-4151-8e2b-46392776c081), after_update _notify_loop /var/lib/kolla/venv/lib/python3.6/site-packages/neutron_lib/callbacks/manager.py:177
2024-10-31 02:16:29.773 29 DEBUG neutron.db.agents_db [req-2ff3e451-3092-4491-856a-a7e114f8bb09 - - - - -] Agent healthcheck: found 2 active agents agent_health_check /var/lib/kolla/venv/lib/python3.6/site-packages/neutron/db/agents_db.py:318
2024-10-31 02:16:34.199 22 DEBUG neutron.wsgi [-] (22) accepted ('10.0.0.34', 36688) server /var/lib/kolla/venv/lib/python3.6/site-packages/eventlet/wsgi.py:1004
2024-10-31 02:16:34.205 22 INFO neutron.wsgi [-] 10.0.0.34 "GET / HTTP/1.1" status: 200 len: 227 time: 0.0050597
2024-10-31 02:16:38.714 23 DEBUG neutron_lib.callbacks.manager [req-527fa736-ee4e-42dc-9852-db9ad70f9cd3 - - - - -] Publish callbacks ['neutron.services.segments.db._update_segment_host_mapping_for_agent-8764070396224', 'neutron.plugins.ml2.plugin.Ml2Plugin._retry_binding_revived_agents-1861395'] for agent (52714747-9bb0-45c2-99e4-c6ee2a29aa58), after_update _notify_loop /var/lib/kolla/venv/lib/python3.6/site-packages/neutron_lib/callbacks/manager.py:177
2024-10-31 02:16:54.135 24 DEBUG neutron_lib.callbacks.manager [req-ba30107c-91d5-47f8-b05c-e59bc4fa1eb1 - - - - -] Publish callbacks ['neutron.services.segments.db._update_segment_host_mapping_for_agent-8764070396224', 'neutron.plugins.ml2.plugin.Ml2Plugin._retry_binding_revived_agents-1861395'] for agent (3ca6d883-9e21-4151-8e2b-46392776c081), after_update _notify_loop /var/lib/kolla/venv/lib/python3.6/site-packages/neutron_lib/callbacks/manager.py:177
2024-10-31 02:17:04.260 22 DEBUG neutron.wsgi [-] (22) accepted ('10.0.0.34', 48228) server /var/lib/kolla/venv/lib/python3.6/site-packages/eventlet/wsgi.py:1004
2024-10-31 02:17:04.265 22 INFO neutron.wsgi [-] 10.0.0.34 "GET / HTTP/1.1" status: 200 len: 227 time: 0.0035498
2024-10-31 02:17:06.772 29 DEBUG neutron.db.agents_db [req-2ff3e451-3092-4491-856a-a7e114f8bb09 - - - - -] Agent healthcheck: found 2 active agents agent_health_check /var/lib/kolla/venv/lib/python3.6/site-packages/neutron/db/agents_db.py:318
2024-10-31 02:17:08.711 26 DEBUG neutron_lib.callbacks.manager [req-7a3f93dd-5a40-4a61-8ea8-a8fe99941d15 - - - - -] Publish callbacks ['neutron.services.segments.db._update_segment_host_mapping_for_agent-8764070396224', 'neutron.plugins.ml2.plugin.Ml2Plugin._retry_binding_revived_agents-1861395'] for agent (52714747-9bb0-45c2-99e4-c6ee2a29aa58), after_update _notify_loop /var/lib/kolla/venv/lib/python3.6/site-packages/neutron_lib/callbacks/manager.py:177
2024-10-31 02:17:24.123 27 DEBUG neutron_lib.callbacks.manager [req-ba30107c-91d5-47f8-b05c-e59bc4fa1eb1 - - - - -] Publish callbacks ['neutron.services.segments.db._update_segment_host_mapping_for_agent-8764070396224', 'neutron.plugins.ml2.plugin.Ml2Plugin._retry_binding_revived_agents-1861395'] for agent (3ca6d883-9e21-4151-8e2b-46392776c081), after_update _notify_loop /var/lib/kolla/venv/lib/python3.6/site-packages/neutron_lib/callbacks/manager.py:177
2024-10-31 02:17:34.332 22 DEBUG neutron.wsgi [-] (22) accepted ('10.0.0.34', 36938) server /var/lib/kolla/venv/lib/python3.6/site-packages/eventlet/wsgi.py:1004
2024-10-31 02:17:34.337 22 INFO neutron.wsgi [-] 10.0.0.34 "GET / HTTP/1.1" status: 200 len: 227 time: 0.0033882
2024-10-31 02:17:38.706 28 DEBUG neutron_lib.callbacks.manager [req-04e23d0a-98bd-40a4-903c-4e422a1b2503 - - - - -] Publish callbacks ['neutron.services.segments.db._update_segment_host_mapping_for_agent-8764070396224', 'neutron.plugins.ml2.plugin.Ml2Plugin._retry_binding_revived_agents-1861395'] for agent (52714747-9bb0-45c2-99e4-c6ee2a29aa58), after_update _notify_loop /var/lib/kolla/venv/lib/python3.6/site-packages/neutron_lib/callbacks/manager.py:177
2024-10-31 02:17:43.769 29 DEBUG neutron.db.agents_db [req-2ff3e451-3092-4491-856a-a7e114f8bb09 - - - - -] Agent healthcheck: found 2 active agents agent_health_check /var/lib/kolla/venv/lib/python3.6/site-packages/neutron/db/agents_db.py:318
2024-10-31 02:17:54.120 25 DEBUG neutron_lib.callbacks.manager [req-ba30107c-91d5-47f8-b05c-e59bc4fa1eb1 - - - - -] Publish callbacks ['neutron.services.segments.db._update_segment_host_mapping_for_agent-8764070396224', 'neutron.plugins.ml2.plugin.Ml2Plugin._retry_binding_revived_agents-1861395'] for agent (3ca6d883-9e21-4151-8e2b-46392776c081), after_update _notify_loop /var/lib/kolla/venv/lib/python3.6/site-packages/neutron_lib/callbacks/manager.py:177
2024-10-31 02:18:04.396 22 DEBUG neutron.wsgi [-] (22) accepted ('10.0.0.34', 43324) server /var/lib/kolla/venv/lib/python3.6/site-packages/eventlet/wsgi.py:1004
2024-10-31 02:18:04.404 22 INFO neutron.wsgi [-] 10.0.0.34 "GET / HTTP/1.1" status: 200 len: 227 time: 0.0072463
2024-10-31 02:18:08.708 23 DEBUG neutron_lib.callbacks.manager [req-23c3167d-6b3b-4461-9bc2-4456730b8e8c - - - - -] Publish callbacks ['neutron.services.segments.db._update_segment_host_mapping_for_agent-8764070396224', 'neutron.plugins.ml2.plugin.Ml2Plugin._retry_binding_revived_agents-1861395'] for agent (52714747-9bb0-45c2-99e4-c6ee2a29aa58), after_update _notify_loop /var/lib/kolla/venv/lib/python3.6/site-packages/neutron_lib/callbacks/manager.py:177
2024-10-31 02:18:20.767 29 DEBUG neutron.db.agents_db [req-2ff3e451-3092-4491-856a-a7e114f8bb09 - - - - -] Agent healthcheck: found 2 active agents agent_health_check /var/lib/kolla/venv/lib/python3.6/site-packages/neutron/db/agents_db.py:318
2024-10-31 02:18:24.121 24 DEBUG neutron_lib.callbacks.manager [req-ba30107c-91d5-47f8-b05c-e59bc4fa1eb1 - - - - -] Publish callbacks ['neutron.services.segments.db._update_segment_host_mapping_for_agent-8764070396224', 'neutron.plugins.ml2.plugin.Ml2Plugin._retry_binding_revived_agents-1861395'] for agent (3ca6d883-9e21-4151-8e2b-46392776c081), after_update _notify_loop /var/lib/kolla/venv/lib/python3.6/site-packages/neutron_lib/callbacks/manager.py:177
2024-10-31 02:18:34.470 22 DEBUG neutron.wsgi [-] (22) accepted ('10.0.0.34', 55886) server /var/lib/kolla/venv/lib/python3.6/site-packages/eventlet/wsgi.py:1004
2024-10-31 02:18:34.474 22 INFO neutron.wsgi [-] 10.0.0.34 "GET / HTTP/1.1" status: 200 len: 227 time: 0.0034161
2024-10-31 02:18:38.713 26 DEBUG neutron_lib.callbacks.manager [req-a84fd5a2-6992-44fa-9358-5522a7891626 - - - - -] Publish callbacks ['neutron.services.segments.db._update_segment_host_mapping_for_agent-8764070396224', 'neutron.plugins.ml2.plugin.Ml2Plugin._retry_binding_revived_agents-1861395'] for agent (52714747-9bb0-45c2-99e4-c6ee2a29aa58), after_update _notify_loop /var/lib/kolla/venv/lib/python3.6/site-packages/neutron_lib/callbacks/manager.py:177
2024-10-31 02:18:54.128 27 DEBUG neutron_lib.callbacks.manager [req-ba30107c-91d5-47f8-b05c-e59bc4fa1eb1 - - - - -] Publish callbacks ['neutron.services.segments.db._update_segment_host_mapping_for_agent-8764070396224', 'neutron.plugins.ml2.plugin.Ml2Plugin._retry_binding_revived_agents-1861395'] for agent (3ca6d883-9e21-4151-8e2b-46392776c081), after_update _notify_loop /var/lib/kolla/venv/lib/python3.6/site-packages/neutron_lib/callbacks/manager.py:177
2024-10-31 02:18:57.766 29 DEBUG neutron.db.agents_db [req-2ff3e451-3092-4491-856a-a7e114f8bb09 - - - - -] Agent healthcheck: found 2 active agents agent_health_check /var/lib/kolla/venv/lib/python3.6/site-packages/neutron/db/agents_db.py:318
2024-10-31 02:19:04.535 22 DEBUG neutron.wsgi [-] (22) accepted ('10.0.0.34', 33780) server /var/lib/kolla/venv/lib/python3.6/site-packages/eventlet/wsgi.py:1004
2024-10-31 02:19:04.541 22 INFO neutron.wsgi [-] 10.0.0.34 "GET / HTTP/1.1" status: 200 len: 227 time: 0.0045877
2024-10-31 02:19:08.717 28 DEBUG neutron_lib.callbacks.manager [req-25680d30-551c-4dd1-9e44-a16e5ac72717 - - - - -] Publish callbacks ['neutron.services.segments.db._update_segment_host_mapping_for_agent-8764070396224', 'neutron.plugins.ml2.plugin.Ml2Plugin._retry_binding_revived_agents-1861395'] for agent (52714747-9bb0-45c2-99e4-c6ee2a29aa58), after_update _notify_loop /var/lib/kolla/venv/lib/python3.6/site-packages/neutron_lib/callbacks/manager.py:177
2024-10-31 02:19:24.129 25 DEBUG neutron_lib.callbacks.manager [req-ba30107c-91d5-47f8-b05c-e59bc4fa1eb1 - - - - -] Publish callbacks ['neutron.services.segments.db._update_segment_host_mapping_for_agent-8764070396224', 'neutron.plugins.ml2.plugin.Ml2Plugin._retry_binding_revived_agents-1861395'] for agent (3ca6d883-9e21-4151-8e2b-46392776c081), after_update _notify_loop /var/lib/kolla/venv/lib/python3.6/site-packages/neutron_lib/callbacks/manager.py:177
2024-10-31 02:19:34.595 22 DEBUG neutron.wsgi [-] (22) accepted ('10.0.0.34', 59338) server /var/lib/kolla/venv/lib/python3.6/site-packages/eventlet/wsgi.py:1004
2024-10-31 02:19:34.600 22 INFO neutron.wsgi [-] 10.0.0.34 "GET / HTTP/1.1" status: 200 len: 227 time: 0.0041749
2024-10-31 02:19:34.765 29 DEBUG neutron.db.agents_db [req-2ff3e451-3092-4491-856a-a7e114f8bb09 - - - - -] Agent healthcheck: found 2 active agents agent_health_check /var/lib/kolla/venv/lib/python3.6/site-packages/neutron/db/agents_db.py:318
2024-10-31 02:19:38.718 23 DEBUG neutron_lib.callbacks.manager [req-49ad77ae-675f-49ff-b6df-8dbf0b234647 - - - - -] Publish callbacks ['neutron.services.segments.db._update_segment_host_mapping_for_agent-8764070396224', 'neutron.plugins.ml2.plugin.Ml2Plugin._retry_binding_revived_agents-1861395'] for agent (52714747-9bb0-45c2-99e4-c6ee2a29aa58), after_update _notify_loop /var/lib/kolla/venv/lib/python3.6/site-packages/neutron_lib/callbacks/manager.py:177
2024-10-31 02:19:54.132 24 DEBUG neutron_lib.callbacks.manager [req-ba30107c-91d5-47f8-b05c-e59bc4fa1eb1 - - - - -] Publish callbacks ['neutron.services.segments.db._update_segment_host_mapping_for_agent-8764070396224', 'neutron.plugins.ml2.plugin.Ml2Plugin._retry_binding_revived_agents-1861395'] for agent (3ca6d883-9e21-4151-8e2b-46392776c081), after_update _notify_loop /var/lib/kolla/venv/lib/python3.6/site-packages/neutron_lib/callbacks/manager.py:177
2024-10-31 02:20:04.663 22 DEBUG neutron.wsgi [-] (22) accepted ('10.0.0.34', 39432) server /var/lib/kolla/venv/lib/python3.6/site-packages/eventlet/wsgi.py:1004
2024-10-31 02:20:04.669 22 INFO neutron.wsgi [-] 10.0.0.34 "GET / HTTP/1.1" status: 200 len: 227 time: 0.0039966
2024-10-31 02:20:08.725 26 DEBUG neutron_lib.callbacks.manager [req-0cd56c8f-c079-4922-8f7c-aeed31c64060 - - - - -] Publish callbacks ['neutron.services.segments.db._update_segment_host_mapping_for_agent-8764070396224', 'neutron.plugins.ml2.plugin.Ml2Plugin._retry_binding_revived_agents-1861395'] for agent (52714747-9bb0-45c2-99e4-c6ee2a29aa58), after_update _notify_loop /var/lib/kolla/venv/lib/python3.6/site-packages/neutron_lib/callbacks/manager.py:177
2024-10-31 02:20:11.764 29 DEBUG neutron.db.agents_db [req-2ff3e451-3092-4491-856a-a7e114f8bb09 - - - - -] Agent healthcheck: found 2 active agents agent_health_check /var/lib/kolla/venv/lib/python3.6/site-packages/neutron/db/agents_db.py:318
2024-10-31 02:20:24.134 27 DEBUG neutron_lib.callbacks.manager [req-ba30107c-91d5-47f8-b05c-e59bc4fa1eb1 - - - - -] Publish callbacks ['neutron.services.segments.db._update_segment_host_mapping_for_agent-8764070396224', 'neutron.plugins.ml2.plugin.Ml2Plugin._retry_binding_revived_agents-1861395'] for agent (3ca6d883-9e21-4151-8e2b-46392776c081), after_update _notify_loop /var/lib/kolla/venv/lib/python3.6/site-packages/neutron_lib/callbacks/manager.py:177
2024-10-31 02:20:34.727 22 DEBUG neutron.wsgi [-] (22) accepted ('10.0.0.34', 40994) server /var/lib/kolla/venv/lib/python3.6/site-packages/eventlet/wsgi.py:1004
2024-10-31 02:20:34.734 22 INFO neutron.wsgi [-] 10.0.0.34 "GET / HTTP/1.1" status: 200 len: 227 time: 0.0055687
2024-10-31 02:20:38.716 28 DEBUG neutron_lib.callbacks.manager [req-f41d6911-bc38-42d1-8acd-6e048bcd574b - - - - -] Publish callbacks ['neutron.services.segments.db._update_segment_host_mapping_for_agent-8764070396224', 'neutron.plugins.ml2.plugin.Ml2Plugin._retry_binding_revived_agents-1861395'] for agent (52714747-9bb0-45c2-99e4-c6ee2a29aa58), after_update _notify_loop /var/lib/kolla/venv/lib/python3.6/site-packages/neutron_lib/callbacks/manager.py:177
2024-10-31 02:20:48.765 29 DEBUG neutron.db.agents_db [req-2ff3e451-3092-4491-856a-a7e114f8bb09 - - - - -] Agent healthcheck: found 2 active agents agent_health_check /var/lib/kolla/venv/lib/python3.6/site-packages/neutron/db/agents_db.py:318
2024-10-31 02:20:54.140 25 DEBUG neutron_lib.callbacks.manager [req-ba30107c-91d5-47f8-b05c-e59bc4fa1eb1 - - - - -] Publish callbacks ['neutron.services.segments.db._update_segment_host_mapping_for_agent-8764070396224', 'neutron.plugins.ml2.plugin.Ml2Plugin._retry_binding_revived_agents-1861395'] for agent (3ca6d883-9e21-4151-8e2b-46392776c081), after_update _notify_loop /var/lib/kolla/venv/lib/python3.6/site-packages/neutron_lib/callbacks/manager.py:177
2024-10-31 02:21:04.793 22 DEBUG neutron.wsgi [-] (22) accepted ('10.0.0.34', 40392) server /var/lib/kolla/venv/lib/python3.6/site-packages/eventlet/wsgi.py:1004
2024-10-31 02:21:04.797 22 INFO neutron.wsgi [-] 10.0.0.34 "GET / HTTP/1.1" status: 200 len: 227 time: 0.0033343
2024-10-31 02:21:08.716 23 DEBUG neutron_lib.callbacks.manager [req-e924fc38-bc33-4f3c-bc86-9beffdb7a89b - - - - -] Publish callbacks ['neutron.services.segments.db._update_segment_host_mapping_for_agent-8764070396224', 'neutron.plugins.ml2.plugin.Ml2Plugin._retry_binding_revived_agents-1861395'] for agent (52714747-9bb0-45c2-99e4-c6ee2a29aa58), after_update _notify_loop /var/lib/kolla/venv/lib/python3.6/site-packages/neutron_lib/callbacks/manager.py:177
2024-10-31 02:21:24.138 24 DEBUG neutron_lib.callbacks.manager [req-ba30107c-91d5-47f8-b05c-e59bc4fa1eb1 - - - - -] Publish callbacks ['neutron.services.segments.db._update_segment_host_mapping_for_agent-8764070396224', 'neutron.plugins.ml2.plugin.Ml2Plugin._retry_binding_revived_agents-1861395'] for agent (3ca6d883-9e21-4151-8e2b-46392776c081), after_update _notify_loop /var/lib/kolla/venv/lib/python3.6/site-packages/neutron_lib/callbacks/manager.py:177
2024-10-31 02:21:25.765 29 DEBUG neutron.db.agents_db [req-2ff3e451-3092-4491-856a-a7e114f8bb09 - - - - -] Agent healthcheck: found 2 active agents agent_health_check /var/lib/kolla/venv/lib/python3.6/site-packages/neutron/db/agents_db.py:318
2024-10-31 02:21:34.853 22 DEBUG neutron.wsgi [-] (22) accepted ('10.0.0.34', 41564) server /var/lib/kolla/venv/lib/python3.6/site-packages/eventlet/wsgi.py:1004
2024-10-31 02:21:34.857 22 INFO neutron.wsgi [-] 10.0.0.34 "GET / HTTP/1.1" status: 200 len: 227 time: 0.0032575
2024-10-31 02:21:38.722 26 DEBUG neutron_lib.callbacks.manager [req-65efbec9-218d-46bb-9e9c-fda80720c00e - - - - -] Publish callbacks ['neutron.services.segments.db._update_segment_host_mapping_for_agent-8764070396224', 'neutron.plugins.ml2.plugin.Ml2Plugin._retry_binding_revived_agents-1861395'] for agent (52714747-9bb0-45c2-99e4-c6ee2a29aa58), after_update _notify_loop /var/lib/kolla/venv/lib/python3.6/site-packages/neutron_lib/callbacks/manager.py:177
2024-10-31 02:21:54.142 27 DEBUG neutron_lib.callbacks.manager [req-ba30107c-91d5-47f8-b05c-e59bc4fa1eb1 - - - - -] Publish callbacks ['neutron.services.segments.db._update_segment_host_mapping_for_agent-8764070396224', 'neutron.plugins.ml2.plugin.Ml2Plugin._retry_binding_revived_agents-1861395'] for agent (3ca6d883-9e21-4151-8e2b-46392776c081), after_update _notify_loop /var/lib/kolla/venv/lib/python3.6/site-packages/neutron_lib/callbacks/manager.py:177
2024-10-31 02:22:02.767 29 DEBUG neutron.db.agents_db [req-2ff3e451-3092-4491-856a-a7e114f8bb09 - - - - -] Agent healthcheck: found 2 active agents agent_health_check /var/lib/kolla/venv/lib/python3.6/site-packages/neutron/db/agents_db.py:318
2024-10-31 02:22:04.921 22 DEBUG neutron.wsgi [-] (22) accepted ('10.0.0.34', 55066) server /var/lib/kolla/venv/lib/python3.6/site-packages/eventlet/wsgi.py:1004
2024-10-31 02:22:04.926 22 INFO neutron.wsgi [-] 10.0.0.34 "GET / HTTP/1.1" status: 200 len: 227 time: 0.0039198
2024-10-31 02:22:08.719 28 DEBUG neutron_lib.callbacks.manager [req-c35e86db-2a18-4b78-ae1c-94df3f30fb5e - - - - -] Publish callbacks ['neutron.services.segments.db._update_segment_host_mapping_for_agent-8764070396224', 'neutron.plugins.ml2.plugin.Ml2Plugin._retry_binding_revived_agents-1861395'] for agent (52714747-9bb0-45c2-99e4-c6ee2a29aa58), after_update _notify_loop /var/lib/kolla/venv/lib/python3.6/site-packages/neutron_lib/callbacks/manager.py:177
2024-10-31 02:22:24.152 25 DEBUG neutron_lib.callbacks.manager [req-ba30107c-91d5-47f8-b05c-e59bc4fa1eb1 - - - - -] Publish callbacks ['neutron.services.segments.db._update_segment_host_mapping_for_agent-8764070396224', 'neutron.plugins.ml2.plugin.Ml2Plugin._retry_binding_revived_agents-1861395'] for agent (3ca6d883-9e21-4151-8e2b-46392776c081), after_update _notify_loop /var/lib/kolla/venv/lib/python3.6/site-packages/neutron_lib/callbacks/manager.py:177
2024-10-31 02:22:34.986 22 DEBUG neutron.wsgi [-] (22) accepted ('10.0.0.34', 38108) server /var/lib/kolla/venv/lib/python3.6/site-packages/eventlet/wsgi.py:1004
2024-10-31 02:22:34.998 22 INFO neutron.wsgi [-] 10.0.0.34 "GET / HTTP/1.1" status: 200 len: 227 time: 0.0102074
2024-10-31 02:22:38.712 23 DEBUG neutron_lib.callbacks.manager [req-2a29aa75-ec16-42c5-8252-e0093a4a7b2e - - - - -] Publish callbacks ['neutron.services.segments.db._update_segment_host_mapping_for_agent-8764070396224', 'neutron.plugins.ml2.plugin.Ml2Plugin._retry_binding_revived_agents-1861395'] for agent (52714747-9bb0-45c2-99e4-c6ee2a29aa58), after_update _notify_loop /var/lib/kolla/venv/lib/python3.6/site-packages/neutron_lib/callbacks/manager.py:177
2024-10-31 02:22:39.767 29 DEBUG neutron.db.agents_db [req-2ff3e451-3092-4491-856a-a7e114f8bb09 - - - - -] Agent healthcheck: found 2 active agents agent_health_check /var/lib/kolla/venv/lib/python3.6/site-packages/neutron/db/agents_db.py:318
2024-10-31 02:22:54.149 24 DEBUG neutron_lib.callbacks.manager [req-ba30107c-91d5-47f8-b05c-e59bc4fa1eb1 - - - - -] Publish callbacks ['neutron.services.segments.db._update_segment_host_mapping_for_agent-8764070396224', 'neutron.plugins.ml2.plugin.Ml2Plugin._retry_binding_revived_agents-1861395'] for agent (3ca6d883-9e21-4151-8e2b-46392776c081), after_update _notify_loop /var/lib/kolla/venv/lib/python3.6/site-packages/neutron_lib/callbacks/manager.py:177
2024-10-31 02:23:05.061 22 DEBUG neutron.wsgi [-] (22) accepted ('10.0.0.34', 41040) server /var/lib/kolla/venv/lib/python3.6/site-packages/eventlet/wsgi.py:1004
2024-10-31 02:23:05.066 22 INFO neutron.wsgi [-] 10.0.0.34 "GET / HTTP/1.1" status: 200 len: 227 time: 0.0037518
2024-10-31 02:23:08.715 26 DEBUG neutron_lib.callbacks.manager [req-353a1d04-6835-4ca4-bf1f-3de5b7a2b228 - - - - -] Publish callbacks ['neutron.services.segments.db._update_segment_host_mapping_for_agent-8764070396224', 'neutron.plugins.ml2.plugin.Ml2Plugin._retry_binding_revived_agents-1861395'] for agent (52714747-9bb0-45c2-99e4-c6ee2a29aa58), after_update _notify_loop /var/lib/kolla/venv/lib/python3.6/site-packages/neutron_lib/callbacks/manager.py:177
2024-10-31 02:23:16.768 29 DEBUG neutron.db.agents_db [req-2ff3e451-3092-4491-856a-a7e114f8bb09 - - - - -] Agent healthcheck: found 2 active agents agent_health_check /var/lib/kolla/venv/lib/python3.6/site-packages/neutron/db/agents_db.py:318
2024-10-31 02:23:24.153 27 DEBUG neutron_lib.callbacks.manager [req-ba30107c-91d5-47f8-b05c-e59bc4fa1eb1 - - - - -] Publish callbacks ['neutron.services.segments.db._update_segment_host_mapping_for_agent-8764070396224', 'neutron.plugins.ml2.plugin.Ml2Plugin._retry_binding_revived_agents-1861395'] for agent (3ca6d883-9e21-4151-8e2b-46392776c081), after_update _notify_loop /var/lib/kolla/venv/lib/python3.6/site-packages/neutron_lib/callbacks/manager.py:177
2024-10-31 02:23:35.128 22 DEBUG neutron.wsgi [-] (22) accepted ('10.0.0.34', 50430) server /var/lib/kolla/venv/lib/python3.6/site-packages/eventlet/wsgi.py:1004
2024-10-31 02:23:35.133 22 INFO neutron.wsgi [-] 10.0.0.34 "GET / HTTP/1.1" status: 200 len: 227 time: 0.0041356
2024-10-31 02:23:38.717 28 DEBUG neutron_lib.callbacks.manager [req-a6a9a19e-d5d5-4892-b555-58f36c547172 - - - - -] Publish callbacks ['neutron.services.segments.db._update_segment_host_mapping_for_agent-8764070396224', 'neutron.plugins.ml2.plugin.Ml2Plugin._retry_binding_revived_agents-1861395'] for agent (52714747-9bb0-45c2-99e4-c6ee2a29aa58), after_update _notify_loop /var/lib/kolla/venv/lib/python3.6/site-packages/neutron_lib/callbacks/manager.py:177
2024-10-31 02:23:53.769 29 DEBUG neutron.db.agents_db [req-2ff3e451-3092-4491-856a-a7e114f8bb09 - - - - -] Agent healthcheck: found 2 active agents agent_health_check /var/lib/kolla/venv/lib/python3.6/site-packages/neutron/db/agents_db.py:318
2024-10-31 02:23:54.152 25 DEBUG neutron_lib.callbacks.manager [req-ba30107c-91d5-47f8-b05c-e59bc4fa1eb1 - - - - -] Publish callbacks ['neutron.services.segments.db._update_segment_host_mapping_for_agent-8764070396224', 'neutron.plugins.ml2.plugin.Ml2Plugin._retry_binding_revived_agents-1861395'] for agent (3ca6d883-9e21-4151-8e2b-46392776c081), after_update _notify_loop /var/lib/kolla/venv/lib/python3.6/site-packages/neutron_lib/callbacks/manager.py:177
2024-10-31 02:24:05.187 22 DEBUG neutron.wsgi [-] (22) accepted ('10.0.0.34', 49368) server /var/lib/kolla/venv/lib/python3.6/site-packages/eventlet/wsgi.py:1004
2024-10-31 02:24:05.192 22 INFO neutron.wsgi [-] 10.0.0.34 "GET / HTTP/1.1" status: 200 len: 227 time: 0.0041571
2024-10-31 02:24:08.720 23 DEBUG neutron_lib.callbacks.manager [req-35acd766-f1c0-46bd-8b33-26208b211663 - - - - -] Publish callbacks ['neutron.services.segments.db._update_segment_host_mapping_for_agent-8764070396224', 'neutron.plugins.ml2.plugin.Ml2Plugin._retry_binding_revived_agents-1861395'] for agent (52714747-9bb0-45c2-99e4-c6ee2a29aa58), after_update _notify_loop /var/lib/kolla/venv/lib/python3.6/site-packages/neutron_lib/callbacks/manager.py:177
2024-10-31 02:24:24.157 24 DEBUG neutron_lib.callbacks.manager [req-ba30107c-91d5-47f8-b05c-e59bc4fa1eb1 - - - - -] Publish callbacks ['neutron.services.segments.db._update_segment_host_mapping_for_agent-8764070396224', 'neutron.plugins.ml2.plugin.Ml2Plugin._retry_binding_revived_agents-1861395'] for agent (3ca6d883-9e21-4151-8e2b-46392776c081), after_update _notify_loop /var/lib/kolla/venv/lib/python3.6/site-packages/neutron_lib/callbacks/manager.py:177
2024-10-31 02:24:30.769 29 DEBUG neutron.db.agents_db [req-2ff3e451-3092-4491-856a-a7e114f8bb09 - - - - -] Agent healthcheck: found 2 active agents agent_health_check /var/lib/kolla/venv/lib/python3.6/site-packages/neutron/db/agents_db.py:318
2024-10-31 02:24:35.253 22 DEBUG neutron.wsgi [-] (22) accepted ('10.0.0.34', 45204) server /var/lib/kolla/venv/lib/python3.6/site-packages/eventlet/wsgi.py:1004
2024-10-31 02:24:35.268 22 INFO neutron.wsgi [-] 10.0.0.34 "GET / HTTP/1.1" status: 200 len: 227 time: 0.0128767
2024-10-31 02:24:38.725 26 DEBUG neutron_lib.callbacks.manager [req-ed3c44b5-44b5-42fd-9849-392a855a8df8 - - - - -] Publish callbacks ['neutron.services.segments.db._update_segment_host_mapping_for_agent-8764070396224', 'neutron.plugins.ml2.plugin.Ml2Plugin._retry_binding_revived_agents-1861395'] for agent (52714747-9bb0-45c2-99e4-c6ee2a29aa58), after_update _notify_loop /var/lib/kolla/venv/lib/python3.6/site-packages/neutron_lib/callbacks/manager.py:177
2024-10-31 02:24:54.161 27 DEBUG neutron_lib.callbacks.manager [req-ba30107c-91d5-47f8-b05c-e59bc4fa1eb1 - - - - -] Publish callbacks ['neutron.services.segments.db._update_segment_host_mapping_for_agent-8764070396224', 'neutron.plugins.ml2.plugin.Ml2Plugin._retry_binding_revived_agents-1861395'] for agent (3ca6d883-9e21-4151-8e2b-46392776c081), after_update _notify_loop /var/lib/kolla/venv/lib/python3.6/site-packages/neutron_lib/callbacks/manager.py:177
2024-10-31 02:25:05.332 22 DEBUG neutron.wsgi [-] (22) accepted ('10.0.0.34', 47720) server /var/lib/kolla/venv/lib/python3.6/site-packages/eventlet/wsgi.py:1004
2024-10-31 02:25:05.344 22 INFO neutron.wsgi [-] 10.0.0.34 "GET / HTTP/1.1" status: 200 len: 227 time: 0.0046029
2024-10-31 02:25:07.766 29 DEBUG neutron.db.agents_db [req-2ff3e451-3092-4491-856a-a7e114f8bb09 - - - - -] Agent healthcheck: found 2 active agents agent_health_check /var/lib/kolla/venv/lib/python3.6/site-packages/neutron/db/agents_db.py:318
2024-10-31 02:25:08.725 28 DEBUG neutron_lib.callbacks.manager [req-452c2b57-29c1-438d-a0f1-b596c5b64aa4 - - - - -] Publish callbacks ['neutron.services.segments.db._update_segment_host_mapping_for_agent-8764070396224', 'neutron.plugins.ml2.plugin.Ml2Plugin._retry_binding_revived_agents-1861395'] for agent (52714747-9bb0-45c2-99e4-c6ee2a29aa58), after_update _notify_loop /var/lib/kolla/venv/lib/python3.6/site-packages/neutron_lib/callbacks/manager.py:177
2024-10-31 02:25:24.163 25 DEBUG neutron_lib.callbacks.manager [req-ba30107c-91d5-47f8-b05c-e59bc4fa1eb1 - - - - -] Publish callbacks ['neutron.services.segments.db._update_segment_host_mapping_for_agent-8764070396224', 'neutron.plugins.ml2.plugin.Ml2Plugin._retry_binding_revived_agents-1861395'] for agent (3ca6d883-9e21-4151-8e2b-46392776c081), after_update _notify_loop /var/lib/kolla/venv/lib/python3.6/site-packages/neutron_lib/callbacks/manager.py:177
2024-10-31 02:25:35.396 22 DEBUG neutron.wsgi [-] (22) accepted ('10.0.0.34', 41042) server /var/lib/kolla/venv/lib/python3.6/site-packages/eventlet/wsgi.py:1004
2024-10-31 02:25:35.401 22 INFO neutron.wsgi [-] 10.0.0.34 "GET / HTTP/1.1" status: 200 len: 227 time: 0.0038061
2024-10-31 02:25:38.726 23 DEBUG neutron_lib.callbacks.manager [req-700e15de-4fbc-4f08-93f3-19fa9b8e019c - - - - -] Publish callbacks ['neutron.services.segments.db._update_segment_host_mapping_for_agent-8764070396224', 'neutron.plugins.ml2.plugin.Ml2Plugin._retry_binding_revived_agents-1861395'] for agent (52714747-9bb0-45c2-99e4-c6ee2a29aa58), after_update _notify_loop /var/lib/kolla/venv/lib/python3.6/site-packages/neutron_lib/callbacks/manager.py:177
2024-10-31 02:25:44.766 29 DEBUG neutron.db.agents_db [req-2ff3e451-3092-4491-856a-a7e114f8bb09 - - - - -] Agent healthcheck: found 2 active agents agent_health_check /var/lib/kolla/venv/lib/python3.6/site-packages/neutron/db/agents_db.py:318
2024-10-31 02:25:54.165 24 DEBUG neutron_lib.callbacks.manager [req-ba30107c-91d5-47f8-b05c-e59bc4fa1eb1 - - - - -] Publish callbacks ['neutron.services.segments.db._update_segment_host_mapping_for_agent-8764070396224', 'neutron.plugins.ml2.plugin.Ml2Plugin._retry_binding_revived_agents-1861395'] for agent (3ca6d883-9e21-4151-8e2b-46392776c081), after_update _notify_loop /var/lib/kolla/venv/lib/python3.6/site-packages/neutron_lib/callbacks/manager.py:177
2024-10-31 02:26:05.460 22 DEBUG neutron.wsgi [-] (22) accepted ('10.0.0.34', 52600) server /var/lib/kolla/venv/lib/python3.6/site-packages/eventlet/wsgi.py:1004
2024-10-31 02:26:05.465 22 INFO neutron.wsgi [-] 10.0.0.34 "GET / HTTP/1.1" status: 200 len: 227 time: 0.0032706
2024-10-31 02:26:08.729 26 DEBUG neutron_lib.callbacks.manager [req-a1817746-e10f-4f13-b1e3-2f3f351c5d47 - - - - -] Publish callbacks ['neutron.services.segments.db._update_segment_host_mapping_for_agent-8764070396224', 'neutron.plugins.ml2.plugin.Ml2Plugin._retry_binding_revived_agents-1861395'] for agent (52714747-9bb0-45c2-99e4-c6ee2a29aa58), after_update _notify_loop /var/lib/kolla/venv/lib/python3.6/site-packages/neutron_lib/callbacks/manager.py:177
2024-10-31 02:26:21.765 29 DEBUG neutron.db.agents_db [req-2ff3e451-3092-4491-856a-a7e114f8bb09 - - - - -] Agent healthcheck: found 2 active agents agent_health_check /var/lib/kolla/venv/lib/python3.6/site-packages/neutron/db/agents_db.py:318
2024-10-31 02:26:24.168 27 DEBUG neutron_lib.callbacks.manager [req-ba30107c-91d5-47f8-b05c-e59bc4fa1eb1 - - - - -] Publish callbacks ['neutron.services.segments.db._update_segment_host_mapping_for_agent-8764070396224', 'neutron.plugins.ml2.plugin.Ml2Plugin._retry_binding_revived_agents-1861395'] for agent (3ca6d883-9e21-4151-8e2b-46392776c081), after_update _notify_loop /var/lib/kolla/venv/lib/python3.6/site-packages/neutron_lib/callbacks/manager.py:177
2024-10-31 02:26:35.524 22 DEBUG neutron.wsgi [-] (22) accepted ('10.0.0.34', 47566) server /var/lib/kolla/venv/lib/python3.6/site-packages/eventlet/wsgi.py:1004
2024-10-31 02:26:35.532 22 INFO neutron.wsgi [-] 10.0.0.34 "GET / HTTP/1.1" status: 200 len: 227 time: 0.0068913
2024-10-31 02:26:38.896 28 DEBUG neutron_lib.callbacks.manager [req-7dd0e60f-1197-4367-b076-be1d75d59dee - - - - -] Publish callbacks ['neutron.services.segments.db._update_segment_host_mapping_for_agent-8764070396224', 'neutron.plugins.ml2.plugin.Ml2Plugin._retry_binding_revived_agents-1861395'] for agent (52714747-9bb0-45c2-99e4-c6ee2a29aa58), after_update _notify_loop /var/lib/kolla/venv/lib/python3.6/site-packages/neutron_lib/callbacks/manager.py:177
2024-10-31 02:26:54.176 25 DEBUG neutron_lib.callbacks.manager [req-ba30107c-91d5-47f8-b05c-e59bc4fa1eb1 - - - - -] Publish callbacks ['neutron.services.segments.db._update_segment_host_mapping_for_agent-8764070396224', 'neutron.plugins.ml2.plugin.Ml2Plugin._retry_binding_revived_agents-1861395'] for agent (3ca6d883-9e21-4151-8e2b-46392776c081), after_update _notify_loop /var/lib/kolla/venv/lib/python3.6/site-packages/neutron_lib/callbacks/manager.py:177
2024-10-31 02:26:58.765 29 DEBUG neutron.db.agents_db [req-2ff3e451-3092-4491-856a-a7e114f8bb09 - - - - -] Agent healthcheck: found 2 active agents agent_health_check /var/lib/kolla/venv/lib/python3.6/site-packages/neutron/db/agents_db.py:318
2024-10-31 02:27:05.586 22 DEBUG neutron.wsgi [-] (22) accepted ('10.0.0.34', 48300) server /var/lib/kolla/venv/lib/python3.6/site-packages/eventlet/wsgi.py:1004
2024-10-31 02:27:05.590 22 INFO neutron.wsgi [-] 10.0.0.34 "GET / HTTP/1.1" status: 200 len: 227 time: 0.0030515
2024-10-31 02:27:08.728 23 DEBUG neutron_lib.callbacks.manager [req-2de32dad-e752-499b-9d2a-25651fcd8904 - - - - -] Publish callbacks ['neutron.services.segments.db._update_segment_host_mapping_for_agent-8764070396224', 'neutron.plugins.ml2.plugin.Ml2Plugin._retry_binding_revived_agents-1861395'] for agent (52714747-9bb0-45c2-99e4-c6ee2a29aa58), after_update _notify_loop /var/lib/kolla/venv/lib/python3.6/site-packages/neutron_lib/callbacks/manager.py:177
2024-10-31 02:27:24.174 24 DEBUG neutron_lib.callbacks.manager [req-ba30107c-91d5-47f8-b05c-e59bc4fa1eb1 - - - - -] Publish callbacks ['neutron.services.segments.db._update_segment_host_mapping_for_agent-8764070396224', 'neutron.plugins.ml2.plugin.Ml2Plugin._retry_binding_revived_agents-1861395'] for agent (3ca6d883-9e21-4151-8e2b-46392776c081), after_update _notify_loop /var/lib/kolla/venv/lib/python3.6/site-packages/neutron_lib/callbacks/manager.py:177
2024-10-31 02:27:35.640 22 DEBUG neutron.wsgi [-] (22) accepted ('10.0.0.34', 49752) server /var/lib/kolla/venv/lib/python3.6/site-packages/eventlet/wsgi.py:1004
2024-10-31 02:27:35.645 22 INFO neutron.wsgi [-] 10.0.0.34 "GET / HTTP/1.1" status: 200 len: 227 time: 0.0034645
2024-10-31 02:27:35.765 29 DEBUG neutron.db.agents_db [req-2ff3e451-3092-4491-856a-a7e114f8bb09 - - - - -] Agent healthcheck: found 2 active agents agent_health_check /var/lib/kolla/venv/lib/python3.6/site-packages/neutron/db/agents_db.py:318
2024-10-31 02:27:38.730 26 DEBUG neutron_lib.callbacks.manager [req-f79d3380-59ce-4762-ab0d-be0546faba6c - - - - -] Publish callbacks ['neutron.services.segments.db._update_segment_host_mapping_for_agent-8764070396224', 'neutron.plugins.ml2.plugin.Ml2Plugin._retry_binding_revived_agents-1861395'] for agent (52714747-9bb0-45c2-99e4-c6ee2a29aa58), after_update _notify_loop /var/lib/kolla/venv/lib/python3.6/site-packages/neutron_lib/callbacks/manager.py:177
2024-10-31 02:27:54.180 27 DEBUG neutron_lib.callbacks.manager [req-ba30107c-91d5-47f8-b05c-e59bc4fa1eb1 - - - - -] Publish callbacks ['neutron.services.segments.db._update_segment_host_mapping_for_agent-8764070396224', 'neutron.plugins.ml2.plugin.Ml2Plugin._retry_binding_revived_agents-1861395'] for agent (3ca6d883-9e21-4151-8e2b-46392776c081), after_update _notify_loop /var/lib/kolla/venv/lib/python3.6/site-packages/neutron_lib/callbacks/manager.py:177
2024-10-31 02:28:05.722 22 DEBUG neutron.wsgi [-] (22) accepted ('10.0.0.34', 53728) server /var/lib/kolla/venv/lib/python3.6/site-packages/eventlet/wsgi.py:1004
2024-10-31 02:28:05.735 22 INFO neutron.wsgi [-] 10.0.0.34 "GET / HTTP/1.1" status: 200 len: 227 time: 0.0096018
2024-10-31 02:28:08.739 28 DEBUG neutron_lib.callbacks.manager [req-ecf608fc-5a3d-41a6-acf1-b25503ee3917 - - - - -] Publish callbacks ['neutron.services.segments.db._update_segment_host_mapping_for_agent-8764070396224', 'neutron.plugins.ml2.plugin.Ml2Plugin._retry_binding_revived_agents-1861395'] for agent (52714747-9bb0-45c2-99e4-c6ee2a29aa58), after_update _notify_loop /var/lib/kolla/venv/lib/python3.6/site-packages/neutron_lib/callbacks/manager.py:177
2024-10-31 02:28:12.765 29 DEBUG neutron.db.agents_db [req-2ff3e451-3092-4491-856a-a7e114f8bb09 - - - - -] Agent healthcheck: found 2 active agents agent_health_check /var/lib/kolla/venv/lib/python3.6/site-packages/neutron/db/agents_db.py:318
2024-10-31 02:28:24.182 25 DEBUG neutron_lib.callbacks.manager [req-ba30107c-91d5-47f8-b05c-e59bc4fa1eb1 - - - - -] Publish callbacks ['neutron.services.segments.db._update_segment_host_mapping_for_agent-8764070396224', 'neutron.plugins.ml2.plugin.Ml2Plugin._retry_binding_revived_agents-1861395'] for agent (3ca6d883-9e21-4151-8e2b-46392776c081), after_update _notify_loop /var/lib/kolla/venv/lib/python3.6/site-packages/neutron_lib/callbacks/manager.py:177
2024-10-31 02:28:35.813 22 DEBUG neutron.wsgi [-] (22) accepted ('10.0.0.34', 54028) server /var/lib/kolla/venv/lib/python3.6/site-packages/eventlet/wsgi.py:1004
2024-10-31 02:28:35.818 22 INFO neutron.wsgi [-] 10.0.0.34 "GET / HTTP/1.1" status: 200 len: 227 time: 0.0045633
2024-10-31 02:28:38.736 23 DEBUG neutron_lib.callbacks.manager [req-acb03595-d279-47d4-b9a9-24705b036c41 - - - - -] Publish callbacks ['neutron.services.segments.db._update_segment_host_mapping_for_agent-8764070396224', 'neutron.plugins.ml2.plugin.Ml2Plugin._retry_binding_revived_agents-1861395'] for agent (52714747-9bb0-45c2-99e4-c6ee2a29aa58), after_update _notify_loop /var/lib/kolla/venv/lib/python3.6/site-packages/neutron_lib/callbacks/manager.py:177
2024-10-31 02:28:49.763 29 DEBUG neutron.db.agents_db [req-2ff3e451-3092-4491-856a-a7e114f8bb09 - - - - -] Agent healthcheck: found 2 active agents agent_health_check /var/lib/kolla/venv/lib/python3.6/site-packages/neutron/db/agents_db.py:318
2024-10-31 02:28:54.193 24 DEBUG neutron_lib.callbacks.manager [req-ba30107c-91d5-47f8-b05c-e59bc4fa1eb1 - - - - -] Publish callbacks ['neutron.services.segments.db._update_segment_host_mapping_for_agent-8764070396224', 'neutron.plugins.ml2.plugin.Ml2Plugin._retry_binding_revived_agents-1861395'] for agent (3ca6d883-9e21-4151-8e2b-46392776c081), after_update _notify_loop /var/lib/kolla/venv/lib/python3.6/site-packages/neutron_lib/callbacks/manager.py:177
2024-10-31 02:29:05.905 22 DEBUG neutron.wsgi [-] (22) accepted ('10.0.0.34', 56986) server /var/lib/kolla/venv/lib/python3.6/site-packages/eventlet/wsgi.py:1004
2024-10-31 02:29:05.914 22 INFO neutron.wsgi [-] 10.0.0.34 "GET / HTTP/1.1" status: 200 len: 227 time: 0.0049806
2024-10-31 02:29:08.740 26 DEBUG neutron_lib.callbacks.manager [req-50e644eb-ef76-4dc6-9abd-a288eb7061a6 - - - - -] Publish callbacks ['neutron.services.segments.db._update_segment_host_mapping_for_agent-8764070396224', 'neutron.plugins.ml2.plugin.Ml2Plugin._retry_binding_revived_agents-1861395'] for agent (52714747-9bb0-45c2-99e4-c6ee2a29aa58), after_update _notify_loop /var/lib/kolla/venv/lib/python3.6/site-packages/neutron_lib/callbacks/manager.py:177
2024-10-31 02:29:24.186 27 DEBUG neutron_lib.callbacks.manager [req-ba30107c-91d5-47f8-b05c-e59bc4fa1eb1 - - - - -] Publish callbacks ['neutron.services.segments.db._update_segment_host_mapping_for_agent-8764070396224', 'neutron.plugins.ml2.plugin.Ml2Plugin._retry_binding_revived_agents-1861395'] for agent (3ca6d883-9e21-4151-8e2b-46392776c081), after_update _notify_loop /var/lib/kolla/venv/lib/python3.6/site-packages/neutron_lib/callbacks/manager.py:177
2024-10-31 02:29:26.763 29 DEBUG neutron.db.agents_db [req-2ff3e451-3092-4491-856a-a7e114f8bb09 - - - - -] Agent healthcheck: found 2 active agents agent_health_check /var/lib/kolla/venv/lib/python3.6/site-packages/neutron/db/agents_db.py:318
2024-10-31 02:29:35.990 22 DEBUG neutron.wsgi [-] (22) accepted ('10.0.0.34', 43746) server /var/lib/kolla/venv/lib/python3.6/site-packages/eventlet/wsgi.py:1004
2024-10-31 02:29:35.997 22 INFO neutron.wsgi [-] 10.0.0.34 "GET / HTTP/1.1" status: 200 len: 227 time: 0.0049155
2024-10-31 02:29:37.855 7 INFO oslo_service.service [-] Caught SIGTERM, stopping children
2024-10-31 02:29:37.855 7 DEBUG oslo_concurrency.lockutils [-] Acquired lock "singleton_lock" lock /var/lib/kolla/venv/lib/python3.6/site-packages/oslo_concurrency/lockutils.py:294
2024-10-31 02:29:37.856 7 DEBUG oslo_concurrency.lockutils [-] Releasing lock "singleton_lock" lock /var/lib/kolla/venv/lib/python3.6/site-packages/oslo_concurrency/lockutils.py:312
2024-10-31 02:29:37.856 7 DEBUG oslo_service.service [-] Stop services. stop /var/lib/kolla/venv/lib/python3.6/site-packages/oslo_service/service.py:695
2024-10-31 02:29:37.856 7 DEBUG neutron.service [-] calling RpcWorker stop() stop /var/lib/kolla/venv/lib/python3.6/site-packages/neutron/service.py:138
2024-10-31 02:29:37.856 7 DEBUG neutron.service [-] calling RpcWorker stop() stop /var/lib/kolla/venv/lib/python3.6/site-packages/neutron/service.py:138
2024-10-31 02:29:37.856 7 DEBUG oslo_service.service [-] Killing children. stop /var/lib/kolla/venv/lib/python3.6/site-packages/oslo_service/service.py:700
2024-10-31 02:29:37.857 7 INFO oslo_service.service [-] Waiting on 8 children to exit
2024-10-31 02:29:37.857 26 DEBUG neutron.service [-] calling RpcWorker stop() stop /var/lib/kolla/venv/lib/python3.6/site-packages/neutron/service.py:138
2024-10-31 02:29:37.857 24 DEBUG neutron.service [-] calling RpcWorker stop() stop /var/lib/kolla/venv/lib/python3.6/site-packages/neutron/service.py:138
2024-10-31 02:29:37.859 25 DEBUG neutron.service [-] calling RpcWorker stop() stop /var/lib/kolla/venv/lib/python3.6/site-packages/neutron/service.py:138
2024-10-31 02:29:37.858 26 DEBUG neutron.service [-] calling stop on stop /var/lib/kolla/venv/lib/python3.6/site-packages/neutron/service.py:141
2024-10-31 02:29:37.861 28 DEBUG neutron.service [-] calling RpcWorker stop() stop /var/lib/kolla/venv/lib/python3.6/site-packages/neutron/service.py:138
2024-10-31 02:29:37.858 24 DEBUG neutron.service [-] calling stop on stop /var/lib/kolla/venv/lib/python3.6/site-packages/neutron/service.py:141
2024-10-31 02:29:37.863 29 DEBUG neutron.service [-] calling RpcWorker stop() stop /var/lib/kolla/venv/lib/python3.6/site-packages/neutron/service.py:138
2024-10-31 02:29:37.863 22 INFO neutron.wsgi [-] (22) wsgi exited, is_accepting=True
2024-10-31 02:29:37.864 22 DEBUG oslo_concurrency.lockutils [req-00f31022-d5a1-449f-8f4c-95cc0ae20285 - - - - -] Acquired lock "singleton_lock" lock /var/lib/kolla/venv/lib/python3.6/site-packages/oslo_concurrency/lockutils.py:294
2024-10-31 02:29:37.863 29 DEBUG neutron.service [-] calling stop on stop /var/lib/kolla/venv/lib/python3.6/site-packages/neutron/service.py:141
2024-10-31 02:29:37.864 22 DEBUG oslo_concurrency.lockutils [req-00f31022-d5a1-449f-8f4c-95cc0ae20285 - - - - -] Releasing lock "singleton_lock" lock /var/lib/kolla/venv/lib/python3.6/site-packages/oslo_concurrency/lockutils.py:312
2024-10-31 02:29:37.860 25 DEBUG neutron.service [-] calling stop on stop /var/lib/kolla/venv/lib/python3.6/site-packages/neutron/service.py:141
2024-10-31 02:29:37.862 28 DEBUG neutron.service [-] calling stop on stop /var/lib/kolla/venv/lib/python3.6/site-packages/neutron/service.py:141
2024-10-31 02:29:37.869 7 INFO oslo_service.service [-] Child 22 exited with status 0
2024-10-31 02:29:37.871 23 DEBUG neutron.service [-] calling RpcWorker stop() stop /var/lib/kolla/venv/lib/python3.6/site-packages/neutron/service.py:138
2024-10-31 02:29:37.873 23 DEBUG neutron.service [-] calling stop on stop /var/lib/kolla/venv/lib/python3.6/site-packages/neutron/service.py:141
2024-10-31 02:29:37.876 27 DEBUG neutron.service [-] calling RpcWorker stop() stop /var/lib/kolla/venv/lib/python3.6/site-packages/neutron/service.py:138
2024-10-31 02:29:37.877 27 DEBUG neutron.service [-] calling stop on stop /var/lib/kolla/venv/lib/python3.6/site-packages/neutron/service.py:141
2024-10-31 02:29:38.732 28 DEBUG oslo_concurrency.lockutils [req-00f31022-d5a1-449f-8f4c-95cc0ae20285 - - - - -] Acquired lock "singleton_lock" lock /var/lib/kolla/venv/lib/python3.6/site-packages/oslo_concurrency/lockutils.py:294
2024-10-31 02:29:38.733 28 DEBUG oslo_concurrency.lockutils [req-00f31022-d5a1-449f-8f4c-95cc0ae20285 - - - - -] Releasing lock "singleton_lock" lock /var/lib/kolla/venv/lib/python3.6/site-packages/oslo_concurrency/lockutils.py:312
2024-10-31 02:29:38.733 28 DEBUG neutron.service [req-00f31022-d5a1-449f-8f4c-95cc0ae20285 - - - - -] calling RpcWorker wait() _wait /var/lib/kolla/venv/lib/python3.6/site-packages/neutron/service.py:128
2024-10-31 02:29:38.733 28 DEBUG neutron.service [req-00f31022-d5a1-449f-8f4c-95cc0ae20285 - - - - -] calling wait on _wait /var/lib/kolla/venv/lib/python3.6/site-packages/neutron/service.py:131
2024-10-31 02:29:38.745 28 DEBUG neutron_lib.callbacks.manager [req-4f4c91e3-aceb-4593-a0ae-888ec59244c6 - - - - -] Publish callbacks ['neutron.services.segments.db._update_segment_host_mapping_for_agent-8764070396224', 'neutron.plugins.ml2.plugin.Ml2Plugin._retry_binding_revived_agents-1861395'] for agent (52714747-9bb0-45c2-99e4-c6ee2a29aa58), after_update _notify_loop /var/lib/kolla/venv/lib/python3.6/site-packages/neutron_lib/callbacks/manager.py:177
2024-10-31 02:29:38.754 23 DEBUG neutron.service [-] calling stop on stop /var/lib/kolla/venv/lib/python3.6/site-packages/neutron/service.py:141
2024-10-31 02:29:38.756 28 WARNING amqp [req-00f31022-d5a1-449f-8f4c-95cc0ae20285 - - - - -] Received method (60, 30) during closing channel 1. This method will be ignored
2024-10-31 02:29:38.758 28 DEBUG neutron.service [req-00f31022-d5a1-449f-8f4c-95cc0ae20285 - - - - -] returning from RpcWorker wait() _wait /var/lib/kolla/venv/lib/python3.6/site-packages/neutron/service.py:135
2024-10-31 02:29:38.762 24 DEBUG neutron.service [-] calling stop on stop /var/lib/kolla/venv/lib/python3.6/site-packages/neutron/service.py:141
