2024-10-28 01:53:59.726 68663 DEBUG oslo_service.service [-] clients_aodh.endpoint_type = None log_opt_values /usr/lib/python3/dist-packages/oslo_config/cfg.py:2609
2024-10-28 01:53:59.726 68663 DEBUG oslo_service.service [-] clients_aodh.insecure = None log_opt_values /usr/lib/python3/dist-packages/oslo_config/cfg.py:2609
2024-10-28 01:53:59.726 68663 DEBUG oslo_service.service [-] clients_aodh.key_file = None log_opt_values /usr/lib/python3/dist-packages/oslo_config/cfg.py:2609
2024-10-28 01:53:59.726 68663 DEBUG oslo_service.service [-] clients_barbican.ca_file = None log_opt_values /usr/lib/python3/dist-packages/oslo_config/cfg.py:2609
2024-10-28 01:53:59.726 68663 DEBUG oslo_service.service [-] clients_barbican.cert_file = None log_opt_values /usr/lib/python3/dist-packages/oslo_config/cfg.py:2609
2024-10-28 01:53:59.727 68663 DEBUG oslo_service.service [-] clients_barbican.endpoint_type = None log_opt_values /usr/lib/python3/dist-packages/oslo_config/cfg.py:2609
2024-10-28 01:53:59.727 68663 DEBUG oslo_service.service [-] clients_barbican.insecure = None log_opt_values /usr/lib/python3/dist-packages/oslo_config/cfg.py:2609
2024-10-28 01:53:59.727 68663 DEBUG oslo_service.service [-] clients_barbican.key_file = None log_opt_values /usr/lib/python3/dist-packages/oslo_config/cfg.py:2609
2024-10-28 01:53:59.727 68663 DEBUG oslo_service.service [-] clients_cinder.ca_file = None log_opt_values /usr/lib/python3/dist-packages/oslo_config/cfg.py:2609
2024-10-28 01:53:59.728 68663 DEBUG oslo_service.service [-] clients_cinder.cert_file = None log_opt_values /usr/lib/python3/dist-packages/oslo_config/cfg.py:2609
2024-10-28 01:53:59.728 68663 DEBUG oslo_service.service [-] clients_cinder.endpoint_type = None log_opt_values /usr/lib/python3/dist-packages/oslo_config/cfg.py:2609
2024-10-28 01:53:59.728 68663 DEBUG oslo_service.service [-] clients_cinder.http_log_debug = False log_opt_values /usr/lib/python3/dist-packages/oslo_config/cfg.py:2609
2024-10-28 01:53:59.729 68663 DEBUG oslo_service.service [-] clients_cinder.insecure = None log_opt_values /usr/lib/python3/dist-packages/oslo_config/cfg.py:2609
2024-10-28 01:53:59.729 68663 DEBUG oslo_service.service [-] clients_cinder.key_file = None log_opt_values /usr/lib/python3/dist-packages/oslo_config/cfg.py:2609
2024-10-28 01:53:59.729 68663 DEBUG oslo_service.service [-] clients_designate.ca_file = None log_opt_values /usr/lib/python3/dist-packages/oslo_config/cfg.py:2609
2024-10-28 01:53:59.730 68663 DEBUG oslo_service.service [-] clients_designate.cert_file = None log_opt_values /usr/lib/python3/dist-packages/oslo_config/cfg.py:2609
2024-10-28 01:53:59.730 68663 DEBUG oslo_service.service [-] clients_designate.endpoint_type = None log_opt_values /usr/lib/python3/dist-packages/oslo_config/cfg.py:2609
2024-10-28 01:53:59.730 68663 DEBUG oslo_service.service [-] clients_designate.insecure = None log_opt_values /usr/lib/python3/dist-packages/oslo_config/cfg.py:2609
2024-10-28 01:53:59.730 68663 DEBUG oslo_service.service [-] clients_designate.key_file = None log_opt_values /usr/lib/python3/dist-packages/oslo_config/cfg.py:2609
2024-10-28 01:53:59.730 68663 DEBUG oslo_service.service [-] clients_glance.ca_file = None log_opt_values /usr/lib/python3/dist-packages/oslo_config/cfg.py:2609
2024-10-28 01:53:59.730 68663 DEBUG oslo_service.service [-] clients_glance.cert_file = None log_opt_values /usr/lib/python3/dist-packages/oslo_config/cfg.py:2609
2024-10-28 01:53:59.730 68663 DEBUG oslo_service.service [-] clients_glance.endpoint_type = None log_opt_values /usr/lib/python3/dist-packages/oslo_config/cfg.py:2609
2024-10-28 01:53:59.731 68663 DEBUG oslo_service.service [-] clients_glance.insecure = None log_opt_values /usr/lib/python3/dist-packages/oslo_config/cfg.py:2609
2024-10-28 01:53:59.731 68663 DEBUG oslo_service.service [-] clients_glance.key_file = None log_opt_values /usr/lib/python3/dist-packages/oslo_config/cfg.py:2609
2024-10-28 01:53:59.731 68663 DEBUG oslo_service.service [-] clients_heat.ca_file = None log_opt_values /usr/lib/python3/dist-packages/oslo_config/cfg.py:2609
2024-10-28 01:53:59.731 68663 DEBUG oslo_service.service [-] clients_heat.cert_file = None log_opt_values /usr/lib/python3/dist-packages/oslo_config/cfg.py:2609
2024-10-28 01:53:59.731 68663 DEBUG oslo_service.service [-] clients_heat.endpoint_type = None log_opt_values /usr/lib/python3/dist-packages/oslo_config/cfg.py:2609
2024-10-28 01:53:59.731 68663 DEBUG oslo_service.service [-] clients_heat.insecure = None log_opt_values /usr/lib/python3/dist-packages/oslo_config/cfg.py:2609
2024-10-28 01:53:59.731 68663 DEBUG oslo_service.service [-] clients_heat.key_file = None log_opt_values /usr/lib/python3/dist-packages/oslo_config/cfg.py:2609
2024-10-28 01:53:59.732 68663 DEBUG oslo_service.service [-] clients_heat.url = log_opt_values /usr/lib/python3/dist-packages/oslo_config/cfg.py:2609
2024-10-28 01:53:59.734 69017 INFO heat.engine.worker [-] Starting engine_worker (1.4) in engine 86d3706d-8929-4c47-809d-ac25ce029417.
2024-10-28 01:53:59.732 68663 DEBUG oslo_service.service [-] clients_keystone.auth_uri = http://252.30.125.101:5050 log_opt_values /usr/lib/python3/dist-packages/oslo_config/cfg.py:2609
2024-10-28 01:53:59.738 68663 DEBUG oslo_service.service [-] clients_keystone.ca_file = None log_opt_values /usr/lib/python3/dist-packages/oslo_config/cfg.py:2609
2024-10-28 01:53:59.740 68663 DEBUG oslo_service.service [-] clients_keystone.cert_file = None log_opt_values /usr/lib/python3/dist-packages/oslo_config/cfg.py:2609
2024-10-28 01:53:59.741 68663 DEBUG oslo_service.service [-] clients_keystone.endpoint_type = None log_opt_values /usr/lib/python3/dist-packages/oslo_config/cfg.py:2609
2024-10-28 01:53:59.742 68663 DEBUG oslo_service.service [-] clients_keystone.insecure = None log_opt_values /usr/lib/python3/dist-packages/oslo_config/cfg.py:2609
2024-10-28 01:53:59.743 68663 DEBUG oslo_service.service [-] clients_keystone.key_file = None log_opt_values /usr/lib/python3/dist-packages/oslo_config/cfg.py:2609
2024-10-28 01:53:59.743 68663 DEBUG oslo_service.service [-] clients_magnum.ca_file = None log_opt_values /usr/lib/python3/dist-packages/oslo_config/cfg.py:2609
2024-10-28 01:53:59.743 68663 DEBUG oslo_service.service [-] clients_magnum.cert_file = None log_opt_values /usr/lib/python3/dist-packages/oslo_config/cfg.py:2609
2024-10-28 01:53:59.743 68663 DEBUG oslo_service.service [-] clients_magnum.endpoint_type = None log_opt_values /usr/lib/python3/dist-packages/oslo_config/cfg.py:2609
2024-10-28 01:53:59.744 68663 DEBUG oslo_service.service [-] clients_magnum.insecure = None log_opt_values /usr/lib/python3/dist-packages/oslo_config/cfg.py:2609
2024-10-28 01:53:59.745 68663 DEBUG oslo_service.service [-] clients_magnum.key_file = None log_opt_values /usr/lib/python3/dist-packages/oslo_config/cfg.py:2609
2024-10-28 01:53:59.745 68663 DEBUG oslo_service.service [-] clients_manila.ca_file = None log_opt_values /usr/lib/python3/dist-packages/oslo_config/cfg.py:2609
2024-10-28 01:53:59.745 68663 DEBUG oslo_service.service [-] clients_manila.cert_file = None log_opt_values /usr/lib/python3/dist-packages/oslo_config/cfg.py:2609
2024-10-28 01:53:59.745 68663 DEBUG oslo_service.service [-] clients_manila.endpoint_type = None log_opt_values /usr/lib/python3/dist-packages/oslo_config/cfg.py:2609
2024-10-28 01:53:59.745 68663 DEBUG oslo_service.service [-] clients_manila.insecure = None log_opt_values /usr/lib/python3/dist-packages/oslo_config/cfg.py:2609
2024-10-28 01:53:59.746 68663 DEBUG oslo_service.service [-] clients_manila.key_file = None log_opt_values /usr/lib/python3/dist-packages/oslo_config/cfg.py:2609
2024-10-28 01:53:59.746 68663 DEBUG oslo_service.service [-] clients_mistral.ca_file = None log_opt_values /usr/lib/python3/dist-packages/oslo_config/cfg.py:2609
2024-10-28 01:53:59.746 68663 DEBUG oslo_service.service [-] clients_mistral.cert_file = None log_opt_values /usr/lib/python3/dist-packages/oslo_config/cfg.py:2609
2024-10-28 01:53:59.746 68663 DEBUG oslo_service.service [-] clients_mistral.endpoint_type = None log_opt_values /usr/lib/python3/dist-packages/oslo_config/cfg.py:2609
2024-10-28 01:53:59.747 68663 DEBUG oslo_service.service [-] clients_mistral.insecure = None log_opt_values /usr/lib/python3/dist-packages/oslo_config/cfg.py:2609
2024-10-28 01:53:59.748 68663 DEBUG oslo_service.service [-] clients_mistral.key_file = None log_opt_values /usr/lib/python3/dist-packages/oslo_config/cfg.py:2609
2024-10-28 01:53:59.748 68663 DEBUG oslo_service.service [-] clients_monasca.ca_file = None log_opt_values /usr/lib/python3/dist-packages/oslo_config/cfg.py:2609
2024-10-28 01:53:59.748 68663 DEBUG oslo_service.service [-] clients_monasca.cert_file = None log_opt_values /usr/lib/python3/dist-packages/oslo_config/cfg.py:2609
2024-10-28 01:53:59.748 68663 DEBUG oslo_service.service [-] clients_monasca.endpoint_type = None log_opt_values /usr/lib/python3/dist-packages/oslo_config/cfg.py:2609
2024-10-28 01:53:59.749 68663 DEBUG oslo_service.service [-] clients_monasca.insecure = None log_opt_values /usr/lib/python3/dist-packages/oslo_config/cfg.py:2609
2024-10-28 01:53:59.749 68663 DEBUG oslo_service.service [-] clients_monasca.key_file = None log_opt_values /usr/lib/python3/dist-packages/oslo_config/cfg.py:2609
2024-10-28 01:53:59.749 68663 DEBUG oslo_service.service [-] clients_neutron.ca_file = None log_opt_values /usr/lib/python3/dist-packages/oslo_config/cfg.py:2609
2024-10-28 01:53:59.749 68663 DEBUG oslo_service.service [-] clients_neutron.cert_file = None log_opt_values /usr/lib/python3/dist-packages/oslo_config/cfg.py:2609
2024-10-28 01:53:59.749 68663 DEBUG oslo_service.service [-] clients_neutron.endpoint_type = None log_opt_values /usr/lib/python3/dist-packages/oslo_config/cfg.py:2609
2024-10-28 01:53:59.749 68663 DEBUG oslo_service.service [-] clients_neutron.insecure = None log_opt_values /usr/lib/python3/dist-packages/oslo_config/cfg.py:2609
2024-10-28 01:53:59.749 68663 DEBUG oslo_service.service [-] clients_neutron.key_file = None log_opt_values /usr/lib/python3/dist-packages/oslo_config/cfg.py:2609
2024-10-28 01:53:59.750 68663 DEBUG oslo_service.service [-] clients_nova.ca_file = None log_opt_values /usr/lib/python3/dist-packages/oslo_config/cfg.py:2609
2024-10-28 01:53:59.750 68663 DEBUG oslo_service.service [-] clients_nova.cert_file = None log_opt_values /usr/lib/python3/dist-packages/oslo_config/cfg.py:2609
2024-10-28 01:53:59.750 68663 DEBUG oslo_service.service [-] clients_nova.endpoint_type = None log_opt_values /usr/lib/python3/dist-packages/oslo_config/cfg.py:2609
2024-10-28 01:53:59.750 68663 DEBUG oslo_service.service [-] clients_nova.http_log_debug = False log_opt_values /usr/lib/python3/dist-packages/oslo_config/cfg.py:2609
2024-10-28 01:53:59.750 68663 DEBUG oslo_service.service [-] clients_nova.insecure = None log_opt_values /usr/lib/python3/dist-packages/oslo_config/cfg.py:2609
2024-10-28 01:53:59.750 68663 DEBUG oslo_service.service [-] clients_nova.key_file = None log_opt_values /usr/lib/python3/dist-packages/oslo_config/cfg.py:2609
2024-10-28 01:53:59.750 68663 DEBUG oslo_service.service [-] clients_octavia.ca_file = None log_opt_values /usr/lib/python3/dist-packages/oslo_config/cfg.py:2609
2024-10-28 01:53:59.750 68663 DEBUG oslo_service.service [-] clients_octavia.cert_file = None log_opt_values /usr/lib/python3/dist-packages/oslo_config/cfg.py:2609
2024-10-28 01:53:59.751 68663 DEBUG oslo_service.service [-] clients_octavia.endpoint_type = None log_opt_values /usr/lib/python3/dist-packages/oslo_config/cfg.py:2609
2024-10-28 01:53:59.751 68663 DEBUG oslo_service.service [-] clients_octavia.insecure = None log_opt_values /usr/lib/python3/dist-packages/oslo_config/cfg.py:2609
2024-10-28 01:53:59.751 68663 DEBUG oslo_service.service [-] clients_octavia.key_file = None log_opt_values /usr/lib/python3/dist-packages/oslo_config/cfg.py:2609
2024-10-28 01:53:59.751 68663 DEBUG oslo_service.service [-] clients_sahara.ca_file = None log_opt_values /usr/lib/python3/dist-packages/oslo_config/cfg.py:2609
2024-10-28 01:53:59.751 68663 DEBUG oslo_service.service [-] clients_sahara.cert_file = None log_opt_values /usr/lib/python3/dist-packages/oslo_config/cfg.py:2609
2024-10-28 01:53:59.751 68663 DEBUG oslo_service.service [-] clients_sahara.endpoint_type = None log_opt_values /usr/lib/python3/dist-packages/oslo_config/cfg.py:2609
2024-10-28 01:53:59.752 68663 DEBUG oslo_service.service [-] clients_sahara.insecure = None log_opt_values /usr/lib/python3/dist-packages/oslo_config/cfg.py:2609
2024-10-28 01:53:59.752 68663 DEBUG oslo_service.service [-] clients_sahara.key_file = None log_opt_values /usr/lib/python3/dist-packages/oslo_config/cfg.py:2609
2024-10-28 01:53:59.758 68663 DEBUG oslo_service.service [-] clients_senlin.ca_file = None log_opt_values /usr/lib/python3/dist-packages/oslo_config/cfg.py:2609
2024-10-28 01:53:59.762 68663 DEBUG oslo_service.service [-] clients_senlin.cert_file = None log_opt_values /usr/lib/python3/dist-packages/oslo_config/cfg.py:2609
2024-10-28 01:53:59.763 68663 DEBUG oslo_service.service [-] clients_senlin.endpoint_type = None log_opt_values /usr/lib/python3/dist-packages/oslo_config/cfg.py:2609
2024-10-28 01:53:59.763 68663 DEBUG oslo_service.service [-] clients_senlin.insecure = None log_opt_values /usr/lib/python3/dist-packages/oslo_config/cfg.py:2609
2024-10-28 01:53:59.763 68663 DEBUG oslo_service.service [-] clients_senlin.key_file = None log_opt_values /usr/lib/python3/dist-packages/oslo_config/cfg.py:2609
2024-10-28 01:53:59.763 68663 DEBUG oslo_service.service [-] clients_swift.ca_file = None log_opt_values /usr/lib/python3/dist-packages/oslo_config/cfg.py:2609
2024-10-28 01:53:59.763 68663 DEBUG oslo_service.service [-] clients_swift.cert_file = None log_opt_values /usr/lib/python3/dist-packages/oslo_config/cfg.py:2609
2024-10-28 01:53:59.764 69018 INFO heat.engine.worker [-] Starting engine_worker (1.4) in engine 4fb012b6-166b-423d-acaa-da47d52fe8f4.
2024-10-28 01:53:59.766 68663 DEBUG oslo_service.service [-] clients_swift.endpoint_type = None log_opt_values /usr/lib/python3/dist-packages/oslo_config/cfg.py:2609
2024-10-28 01:53:59.767 68663 DEBUG oslo_service.service [-] clients_swift.insecure = None log_opt_values /usr/lib/python3/dist-packages/oslo_config/cfg.py:2609
2024-10-28 01:53:59.768 68663 DEBUG oslo_service.service [-] clients_swift.key_file = None log_opt_values /usr/lib/python3/dist-packages/oslo_config/cfg.py:2609
2024-10-28 01:53:59.768 68663 DEBUG oslo_service.service [-] clients_trove.ca_file = None log_opt_values /usr/lib/python3/dist-packages/oslo_config/cfg.py:2609
2024-10-28 01:53:59.768 68663 DEBUG oslo_service.service [-] clients_trove.cert_file = None log_opt_values /usr/lib/python3/dist-packages/oslo_config/cfg.py:2609
2024-10-28 01:53:59.769 68663 DEBUG oslo_service.service [-] clients_trove.endpoint_type = None log_opt_values /usr/lib/python3/dist-packages/oslo_config/cfg.py:2609
2024-10-28 01:53:59.769 68663 DEBUG oslo_service.service [-] clients_trove.insecure = None log_opt_values /usr/lib/python3/dist-packages/oslo_config/cfg.py:2609
2024-10-28 01:53:59.769 68663 DEBUG oslo_service.service [-] clients_trove.key_file = None log_opt_values /usr/lib/python3/dist-packages/oslo_config/cfg.py:2609
2024-10-28 01:53:59.769 68663 DEBUG oslo_service.service [-] clients_vitrage.ca_file = None log_opt_values /usr/lib/python3/dist-packages/oslo_config/cfg.py:2609
2024-10-28 01:53:59.769 68663 DEBUG oslo_service.service [-] clients_vitrage.cert_file = None log_opt_values /usr/lib/python3/dist-packages/oslo_config/cfg.py:2609
2024-10-28 01:53:59.769 68663 DEBUG oslo_service.service [-] clients_vitrage.endpoint_type = None log_opt_values /usr/lib/python3/dist-packages/oslo_config/cfg.py:2609
2024-10-28 01:53:59.769 68663 DEBUG oslo_service.service [-] clients_vitrage.insecure = None log_opt_values /usr/lib/python3/dist-packages/oslo_config/cfg.py:2609
2024-10-28 01:53:59.770 68663 DEBUG oslo_service.service [-] clients_vitrage.key_file = None log_opt_values /usr/lib/python3/dist-packages/oslo_config/cfg.py:2609
2024-10-28 01:53:59.770 68663 DEBUG oslo_service.service [-] clients_zaqar.ca_file = None log_opt_values /usr/lib/python3/dist-packages/oslo_config/cfg.py:2609
2024-10-28 01:53:59.770 68663 DEBUG oslo_service.service [-] clients_zaqar.cert_file = None log_opt_values /usr/lib/python3/dist-packages/oslo_config/cfg.py:2609
2024-10-28 01:53:59.770 68663 DEBUG oslo_service.service [-] clients_zaqar.endpoint_type = None log_opt_values /usr/lib/python3/dist-packages/oslo_config/cfg.py:2609
2024-10-28 01:53:59.770 68663 DEBUG oslo_service.service [-] clients_zaqar.insecure = None log_opt_values /usr/lib/python3/dist-packages/oslo_config/cfg.py:2609
2024-10-28 01:53:59.770 68663 DEBUG oslo_service.service [-] clients_zaqar.key_file = None log_opt_values /usr/lib/python3/dist-packages/oslo_config/cfg.py:2609
2024-10-28 01:53:59.770 68663 DEBUG oslo_service.service [-] database.backend = sqlalchemy log_opt_values /usr/lib/python3/dist-packages/oslo_config/cfg.py:2609
2024-10-28 01:53:59.771 68663 DEBUG oslo_service.service [-] database.connection = **** log_opt_values /usr/lib/python3/dist-packages/oslo_config/cfg.py:2609
2024-10-28 01:53:59.771 68663 DEBUG oslo_service.service [-] database.connection_debug = 0 log_opt_values /usr/lib/python3/dist-packages/oslo_config/cfg.py:2609
2024-10-28 01:53:59.771 68663 DEBUG oslo_service.service [-] database.connection_parameters = log_opt_values /usr/lib/python3/dist-packages/oslo_config/cfg.py:2609
2024-10-28 01:53:59.771 68663 DEBUG oslo_service.service [-] database.connection_recycle_time = 3600 log_opt_values /usr/lib/python3/dist-packages/oslo_config/cfg.py:2609
2024-10-28 01:53:59.771 68663 DEBUG oslo_service.service [-] database.connection_trace = False log_opt_values /usr/lib/python3/dist-packages/oslo_config/cfg.py:2609
2024-10-28 01:53:59.771 68663 DEBUG oslo_service.service [-] database.db_inc_retry_interval = True log_opt_values /usr/lib/python3/dist-packages/oslo_config/cfg.py:2609
2024-10-28 01:53:59.772 68663 DEBUG oslo_service.service [-] database.db_max_retries = 20 log_opt_values /usr/lib/python3/dist-packages/oslo_config/cfg.py:2609
2024-10-28 01:53:59.790 68663 DEBUG oslo_service.service [-] database.db_max_retry_interval = 10 log_opt_values /usr/lib/python3/dist-packages/oslo_config/cfg.py:2609
2024-10-28 01:53:59.790 68663 DEBUG oslo_service.service [-] database.db_retry_interval = 1 log_opt_values /usr/lib/python3/dist-packages/oslo_config/cfg.py:2609
2024-10-28 01:53:59.790 68663 DEBUG oslo_service.service [-] database.max_overflow = 50 log_opt_values /usr/lib/python3/dist-packages/oslo_config/cfg.py:2609
2024-10-28 01:53:59.791 68663 DEBUG oslo_service.service [-] database.max_pool_size = 5 log_opt_values /usr/lib/python3/dist-packages/oslo_config/cfg.py:2609
2024-10-28 01:53:59.791 68663 DEBUG oslo_service.service [-] database.max_retries = 10 log_opt_values /usr/lib/python3/dist-packages/oslo_config/cfg.py:2609
2024-10-28 01:53:59.791 68663 DEBUG oslo_service.service [-] database.mysql_enable_ndb = False log_opt_values /usr/lib/python3/dist-packages/oslo_config/cfg.py:2609
2024-10-28 01:53:59.791 68663 DEBUG oslo_service.service [-] database.mysql_sql_mode = TRADITIONAL log_opt_values /usr/lib/python3/dist-packages/oslo_config/cfg.py:2609
2024-10-28 01:53:59.791 68663 DEBUG oslo_service.service [-] database.pool_timeout = None log_opt_values /usr/lib/python3/dist-packages/oslo_config/cfg.py:2609
2024-10-28 01:53:59.791 68663 DEBUG oslo_service.service [-] database.retry_interval = 10 log_opt_values /usr/lib/python3/dist-packages/oslo_config/cfg.py:2609
2024-10-28 01:53:59.791 68663 DEBUG oslo_service.service [-] database.slave_connection = **** log_opt_values /usr/lib/python3/dist-packages/oslo_config/cfg.py:2609
2024-10-28 01:53:59.792 68663 DEBUG oslo_service.service [-] database.sqlite_synchronous = True log_opt_values /usr/lib/python3/dist-packages/oslo_config/cfg.py:2609
2024-10-28 01:53:59.792 68663 DEBUG oslo_service.service [-] database.use_db_reconnect = False log_opt_values /usr/lib/python3/dist-packages/oslo_config/cfg.py:2609
2024-10-28 01:53:59.792 68663 DEBUG oslo_service.service [-] oslo_messaging_metrics.metrics_buffer_size = 1000 log_opt_values /usr/lib/python3/dist-packages/oslo_config/cfg.py:2609
2024-10-28 01:53:59.792 68663 DEBUG oslo_service.service [-] oslo_messaging_metrics.metrics_enabled = False log_opt_values /usr/lib/python3/dist-packages/oslo_config/cfg.py:2609
2024-10-28 01:53:59.792 68663 DEBUG oslo_service.service [-] oslo_messaging_metrics.metrics_process_name = log_opt_values /usr/lib/python3/dist-packages/oslo_config/cfg.py:2609
2024-10-28 01:53:59.792 68663 DEBUG oslo_service.service [-] oslo_messaging_metrics.metrics_socket_file = /var/tmp/metrics_collector.sock log_opt_values /usr/lib/python3/dist-packages/oslo_config/cfg.py:2609
2024-10-28 01:53:59.792 68663 DEBUG oslo_service.service [-] oslo_messaging_metrics.metrics_thread_stop_timeout = 10 log_opt_values /usr/lib/python3/dist-packages/oslo_config/cfg.py:2609
2024-10-28 01:53:59.793 68663 DEBUG oslo_service.service [-] oslo_policy.enforce_new_defaults = False log_opt_values /usr/lib/python3/dist-packages/oslo_config/cfg.py:2609
2024-10-28 01:53:59.793 68663 DEBUG oslo_service.service [-] oslo_policy.enforce_scope = False log_opt_values /usr/lib/python3/dist-packages/oslo_config/cfg.py:2609
2024-10-28 01:53:59.793 68663 DEBUG oslo_service.service [-] oslo_policy.policy_default_rule = default log_opt_values /usr/lib/python3/dist-packages/oslo_config/cfg.py:2609
2024-10-28 01:53:59.793 68663 DEBUG oslo_service.service [-] oslo_policy.policy_dirs = ['policy.d'] log_opt_values /usr/lib/python3/dist-packages/oslo_config/cfg.py:2609
2024-10-28 01:53:59.793 68663 DEBUG oslo_service.service [-] oslo_policy.policy_file = policy.yaml log_opt_values /usr/lib/python3/dist-packages/oslo_config/cfg.py:2609
2024-10-28 01:53:59.793 68663 DEBUG oslo_service.service [-] oslo_policy.remote_content_type = application/x-www-form-urlencoded log_opt_values /usr/lib/python3/dist-packages/oslo_config/cfg.py:2609
2024-10-28 01:53:59.794 68663 DEBUG oslo_service.service [-] oslo_policy.remote_ssl_ca_crt_file = None log_opt_values /usr/lib/python3/dist-packages/oslo_config/cfg.py:2609
2024-10-28 01:53:59.794 68663 DEBUG oslo_service.service [-] oslo_policy.remote_ssl_client_crt_file = None log_opt_values /usr/lib/python3/dist-packages/oslo_config/cfg.py:2609
2024-10-28 01:53:59.794 68663 DEBUG oslo_service.service [-] oslo_policy.remote_ssl_client_key_file = None log_opt_values /usr/lib/python3/dist-packages/oslo_config/cfg.py:2609
2024-10-28 01:53:59.794 68663 DEBUG oslo_service.service [-] oslo_policy.remote_ssl_verify_server_crt = False log_opt_values /usr/lib/python3/dist-packages/oslo_config/cfg.py:2609
2024-10-28 01:53:59.794 68663 DEBUG oslo_service.service [-] trustee.auth_section = None log_opt_values /usr/lib/python3/dist-packages/oslo_config/cfg.py:2609
2024-10-28 01:53:59.794 68663 WARNING oslo_config.cfg [-] Deprecated: Option "auth_plugin" from group "trustee" is deprecated. Use option "auth_type" from group "trustee".
2024-10-28 01:53:59.795 68663 DEBUG oslo_service.service [-] trustee.auth_type = password log_opt_values /usr/lib/python3/dist-packages/oslo_config/cfg.py:2609
2024-10-28 01:53:59.795 68663 DEBUG oslo_service.service [-] oslo_versionedobjects.fatal_exception_format_errors = False log_opt_values /usr/lib/python3/dist-packages/oslo_config/cfg.py:2609
2024-10-28 01:53:59.795 68663 DEBUG oslo_service.service [-] oslo_messaging_rabbit.amqp_auto_delete = False log_opt_values /usr/lib/python3/dist-packages/oslo_config/cfg.py:2609
2024-10-28 01:53:59.795 68663 DEBUG oslo_service.service [-] oslo_messaging_rabbit.amqp_durable_queues = False log_opt_values /usr/lib/python3/dist-packages/oslo_config/cfg.py:2609
2024-10-28 01:53:59.795 68663 DEBUG oslo_service.service [-] oslo_messaging_rabbit.conn_pool_min_size = 2 log_opt_values /usr/lib/python3/dist-packages/oslo_config/cfg.py:2609
2024-10-28 01:53:59.795 68663 DEBUG oslo_service.service [-] oslo_messaging_rabbit.conn_pool_ttl = 1200 log_opt_values /usr/lib/python3/dist-packages/oslo_config/cfg.py:2609
2024-10-28 01:53:59.796 68663 DEBUG oslo_service.service [-] oslo_messaging_rabbit.direct_mandatory_flag = True log_opt_values /usr/lib/python3/dist-packages/oslo_config/cfg.py:2609
2024-10-28 01:53:59.796 68663 DEBUG oslo_service.service [-] oslo_messaging_rabbit.enable_cancel_on_failover = False log_opt_values /usr/lib/python3/dist-packages/oslo_config/cfg.py:2609
2024-10-28 01:53:59.796 68663 DEBUG oslo_service.service [-] oslo_messaging_rabbit.heartbeat_in_pthread = True log_opt_values /usr/lib/python3/dist-packages/oslo_config/cfg.py:2609
2024-10-28 01:53:59.796 68663 DEBUG oslo_service.service [-] oslo_messaging_rabbit.heartbeat_rate = 2 log_opt_values /usr/lib/python3/dist-packages/oslo_config/cfg.py:2609
2024-10-28 01:53:59.796 68663 DEBUG oslo_service.service [-] oslo_messaging_rabbit.heartbeat_timeout_threshold = 60 log_opt_values /usr/lib/python3/dist-packages/oslo_config/cfg.py:2609
2024-10-28 01:53:59.796 68663 DEBUG oslo_service.service [-] oslo_messaging_rabbit.kombu_compression = None log_opt_values /usr/lib/python3/dist-packages/oslo_config/cfg.py:2609
2024-10-28 01:53:59.796 68663 DEBUG oslo_service.service [-] oslo_messaging_rabbit.kombu_failover_strategy = round-robin log_opt_values /usr/lib/python3/dist-packages/oslo_config/cfg.py:2609
2024-10-28 01:53:59.797 68663 DEBUG oslo_service.service [-] oslo_messaging_rabbit.kombu_missing_consumer_retry_timeout = 60 log_opt_values /usr/lib/python3/dist-packages/oslo_config/cfg.py:2609
2024-10-28 01:53:59.797 68663 DEBUG oslo_service.service [-] oslo_messaging_rabbit.kombu_reconnect_delay = 1.0 log_opt_values /usr/lib/python3/dist-packages/oslo_config/cfg.py:2609
2024-10-28 01:53:59.797 68663 DEBUG oslo_service.service [-] oslo_messaging_rabbit.rabbit_ha_queues = False log_opt_values /usr/lib/python3/dist-packages/oslo_config/cfg.py:2609
2024-10-28 01:53:59.797 68663 DEBUG oslo_service.service [-] oslo_messaging_rabbit.rabbit_interval_max = 30 log_opt_values /usr/lib/python3/dist-packages/oslo_config/cfg.py:2609
2024-10-28 01:53:59.797 68663 DEBUG oslo_service.service [-] oslo_messaging_rabbit.rabbit_login_method = AMQPLAIN log_opt_values /usr/lib/python3/dist-packages/oslo_config/cfg.py:2609
2024-10-28 01:53:59.797 68663 DEBUG oslo_service.service [-] oslo_messaging_rabbit.rabbit_qos_prefetch_count = 0 log_opt_values /usr/lib/python3/dist-packages/oslo_config/cfg.py:2609
2024-10-28 01:53:59.797 68663 DEBUG oslo_service.service [-] oslo_messaging_rabbit.rabbit_quorum_queue = False log_opt_values /usr/lib/python3/dist-packages/oslo_config/cfg.py:2609
2024-10-28 01:53:59.798 68663 DEBUG oslo_service.service [-] oslo_messaging_rabbit.rabbit_retry_backoff = 2 log_opt_values /usr/lib/python3/dist-packages/oslo_config/cfg.py:2609
2024-10-28 01:53:59.798 68663 DEBUG oslo_service.service [-] oslo_messaging_rabbit.rabbit_retry_interval = 1 log_opt_values /usr/lib/python3/dist-packages/oslo_config/cfg.py:2609
2024-10-28 01:53:59.798 68663 DEBUG oslo_service.service [-] oslo_messaging_rabbit.rabbit_transient_queues_ttl = 1800 log_opt_values /usr/lib/python3/dist-packages/oslo_config/cfg.py:2609
2024-10-28 01:53:59.798 68663 DEBUG oslo_service.service [-] oslo_messaging_rabbit.rpc_conn_pool_size = 30 log_opt_values /usr/lib/python3/dist-packages/oslo_config/cfg.py:2609
2024-10-28 01:53:59.798 68663 DEBUG oslo_service.service [-] oslo_messaging_rabbit.ssl = False log_opt_values /usr/lib/python3/dist-packages/oslo_config/cfg.py:2609
2024-10-28 01:53:59.798 68663 DEBUG oslo_service.service [-] oslo_messaging_rabbit.ssl_ca_file = log_opt_values /usr/lib/python3/dist-packages/oslo_config/cfg.py:2609
2024-10-28 01:53:59.798 68663 DEBUG oslo_service.service [-] oslo_messaging_rabbit.ssl_cert_file = log_opt_values /usr/lib/python3/dist-packages/oslo_config/cfg.py:2609
2024-10-28 01:53:59.799 68663 DEBUG oslo_service.service [-] oslo_messaging_rabbit.ssl_key_file = log_opt_values /usr/lib/python3/dist-packages/oslo_config/cfg.py:2609
2024-10-28 01:53:59.810 68663 DEBUG oslo_service.service [-] oslo_messaging_rabbit.ssl_version = log_opt_values /usr/lib/python3/dist-packages/oslo_config/cfg.py:2609
2024-10-28 01:53:59.810 68663 DEBUG oslo_service.service [-] oslo_messaging_notifications.driver = [] log_opt_values /usr/lib/python3/dist-packages/oslo_config/cfg.py:2609
2024-10-28 01:53:59.810 68663 DEBUG oslo_service.service [-] oslo_messaging_notifications.retry = -1 log_opt_values /usr/lib/python3/dist-packages/oslo_config/cfg.py:2609
2024-10-28 01:53:59.810 68663 DEBUG oslo_service.service [-] oslo_messaging_notifications.topics = ['notifications'] log_opt_values /usr/lib/python3/dist-packages/oslo_config/cfg.py:2609
2024-10-28 01:53:59.811 68663 DEBUG oslo_service.service [-] oslo_messaging_notifications.transport_url = **** log_opt_values /usr/lib/python3/dist-packages/oslo_config/cfg.py:2609
2024-10-28 01:53:59.811 68663 DEBUG oslo_service.service [-] cache.backend = dogpile.cache.null log_opt_values /usr/lib/python3/dist-packages/oslo_config/cfg.py:2609
2024-10-28 01:53:59.811 68663 DEBUG oslo_service.service [-] cache.backend_argument = **** log_opt_values /usr/lib/python3/dist-packages/oslo_config/cfg.py:2609
2024-10-28 01:53:59.811 68663 DEBUG oslo_service.service [-] cache.config_prefix = cache.oslo log_opt_values /usr/lib/python3/dist-packages/oslo_config/cfg.py:2609
2024-10-28 01:53:59.811 68663 DEBUG oslo_service.service [-] cache.debug_cache_backend = False log_opt_values /usr/lib/python3/dist-packages/oslo_config/cfg.py:2609
2024-10-28 01:53:59.811 68663 DEBUG oslo_service.service [-] cache.enabled = False log_opt_values /usr/lib/python3/dist-packages/oslo_config/cfg.py:2609
2024-10-28 01:53:59.812 68663 DEBUG oslo_service.service [-] cache.expiration_time = 600 log_opt_values /usr/lib/python3/dist-packages/oslo_config/cfg.py:2609
2024-10-28 01:53:59.812 68663 DEBUG oslo_service.service [-] cache.memcache_dead_retry = 300 log_opt_values /usr/lib/python3/dist-packages/oslo_config/cfg.py:2609
2024-10-28 01:53:59.812 68663 DEBUG oslo_service.service [-] cache.memcache_pool_connection_get_timeout = 10 log_opt_values /usr/lib/python3/dist-packages/oslo_config/cfg.py:2609
2024-10-28 01:53:59.812 68663 DEBUG oslo_service.service [-] cache.memcache_pool_flush_on_reconnect = False log_opt_values /usr/lib/python3/dist-packages/oslo_config/cfg.py:2609
2024-10-28 01:53:59.812 68663 DEBUG oslo_service.service [-] cache.memcache_pool_maxsize = 10 log_opt_values /usr/lib/python3/dist-packages/oslo_config/cfg.py:2609
2024-10-28 01:53:59.812 68663 DEBUG oslo_service.service [-] cache.memcache_pool_unused_timeout = 60 log_opt_values /usr/lib/python3/dist-packages/oslo_config/cfg.py:2609
2024-10-28 01:53:59.810 69015 DEBUG oslo_db.sqlalchemy.engines [req-40830652-3292-45f7-b8b1-f8aa2655d384 - - - - -] MySQL server mode set to STRICT_TRANS_TABLES,STRICT_ALL_TABLES,NO_ZERO_IN_DATE,NO_ZERO_DATE,ERROR_FOR_DIVISION_BY_ZERO,TRADITIONAL,NO_ENGINE_SUBSTITUTION _check_effective_sql_mode /usr/lib/python3/dist-packages/oslo_db/sqlalchemy/engines.py:314
2024-10-28 01:53:59.812 68663 DEBUG oslo_service.service [-] cache.memcache_servers = ['localhost:11211'] log_opt_values /usr/lib/python3/dist-packages/oslo_config/cfg.py:2609
2024-10-28 01:53:59.813 68663 DEBUG oslo_service.service [-] cache.memcache_socket_timeout = 1.0 log_opt_values /usr/lib/python3/dist-packages/oslo_config/cfg.py:2609
2024-10-28 01:53:59.813 68663 DEBUG oslo_service.service [-] cache.proxies = [] log_opt_values /usr/lib/python3/dist-packages/oslo_config/cfg.py:2609
2024-10-28 01:53:59.813 68663 DEBUG oslo_service.service [-] cache.tls_allowed_ciphers = None log_opt_values /usr/lib/python3/dist-packages/oslo_config/cfg.py:2609
2024-10-28 01:53:59.813 68663 DEBUG oslo_service.service [-] cache.tls_cafile = None log_opt_values /usr/lib/python3/dist-packages/oslo_config/cfg.py:2609
2024-10-28 01:53:59.813 68663 DEBUG oslo_service.service [-] cache.tls_certfile = None log_opt_values /usr/lib/python3/dist-packages/oslo_config/cfg.py:2609
2024-10-28 01:53:59.813 68663 DEBUG oslo_service.service [-] cache.tls_enabled = False log_opt_values /usr/lib/python3/dist-packages/oslo_config/cfg.py:2609
2024-10-28 01:53:59.813 68663 DEBUG oslo_service.service [-] cache.tls_keyfile = None log_opt_values /usr/lib/python3/dist-packages/oslo_config/cfg.py:2609
2024-10-28 01:53:59.814 68663 DEBUG oslo_service.service [-] constraint_validation_cache.caching = True log_opt_values /usr/lib/python3/dist-packages/oslo_config/cfg.py:2609
2024-10-28 01:53:59.814 68663 DEBUG oslo_service.service [-] constraint_validation_cache.expiration_time = 60 log_opt_values /usr/lib/python3/dist-packages/oslo_config/cfg.py:2609
2024-10-28 01:53:59.814 68663 DEBUG oslo_service.service [-] service_extension_cache.caching = True log_opt_values /usr/lib/python3/dist-packages/oslo_config/cfg.py:2609
2024-10-28 01:53:59.814 68663 DEBUG oslo_service.service [-] service_extension_cache.expiration_time = 3600 log_opt_values /usr/lib/python3/dist-packages/oslo_config/cfg.py:2609
2024-10-28 01:53:59.814 68663 DEBUG oslo_service.service [-] resource_finder_cache.caching = True log_opt_values /usr/lib/python3/dist-packages/oslo_config/cfg.py:2609
2024-10-28 01:53:59.814 68663 DEBUG oslo_service.service [-] resource_finder_cache.expiration_time = 3600 log_opt_values /usr/lib/python3/dist-packages/oslo_config/cfg.py:2609
2024-10-28 01:53:59.814 68663 DEBUG oslo_service.service [-] yaql.limit_iterators = 200 log_opt_values /usr/lib/python3/dist-packages/oslo_config/cfg.py:2609
2024-10-28 01:53:59.814 68663 DEBUG oslo_service.service [-] yaql.memory_quota = 10000 log_opt_values /usr/lib/python3/dist-packages/oslo_config/cfg.py:2609
2024-10-28 01:53:59.815 68663 DEBUG oslo_service.service [-] ******************************************************************************** log_opt_values /usr/lib/python3/dist-packages/oslo_config/cfg.py:2613
2024-10-28 01:53:59.833 69016 DEBUG oslo_db.sqlalchemy.engines [req-b9d9e474-3d6d-417c-8a35-335f3ac8dccc - - - - -] MySQL server mode set to STRICT_TRANS_TABLES,STRICT_ALL_TABLES,NO_ZERO_IN_DATE,NO_ZERO_DATE,ERROR_FOR_DIVISION_BY_ZERO,TRADITIONAL,NO_ENGINE_SUBSTITUTION _check_effective_sql_mode /usr/lib/python3/dist-packages/oslo_db/sqlalchemy/engines.py:314
2024-10-28 01:53:59.836 69017 DEBUG oslo_db.sqlalchemy.engines [req-599afe86-50d7-431f-832b-1b1af8432c0d - - - - -] MySQL server mode set to STRICT_TRANS_TABLES,STRICT_ALL_TABLES,NO_ZERO_IN_DATE,NO_ZERO_DATE,ERROR_FOR_DIVISION_BY_ZERO,TRADITIONAL,NO_ENGINE_SUBSTITUTION _check_effective_sql_mode /usr/lib/python3/dist-packages/oslo_db/sqlalchemy/engines.py:314
2024-10-28 01:53:59.907 69018 DEBUG oslo_db.sqlalchemy.engines [req-346b662d-7003-4e9f-82bb-75063de8739a - - - - -] MySQL server mode set to STRICT_TRANS_TABLES,STRICT_ALL_TABLES,NO_ZERO_IN_DATE,NO_ZERO_DATE,ERROR_FOR_DIVISION_BY_ZERO,TRADITIONAL,NO_ENGINE_SUBSTITUTION _check_effective_sql_mode /usr/lib/python3/dist-packages/oslo_db/sqlalchemy/engines.py:314
2024-10-28 01:53:59.975 69016 DEBUG heat.engine.service [req-df32079c-5431-4ac0-9197-182772575573 - - - - -] Service 9a86eeef-d946-46d7-8d87-371c2559ec85 is started service_manage_report /usr/lib/python3/dist-packages/heat/engine/service.py:2363
2024-10-28 01:53:59.976 69017 DEBUG heat.engine.service [req-f4813e7a-5de0-4c83-b2fa-15ea42b0681f - - - - -] Service 81d28af5-47d1-46db-b284-3899b355bedb is started service_manage_report /usr/lib/python3/dist-packages/heat/engine/service.py:2363
2024-10-28 01:53:59.977 69015 DEBUG heat.engine.service [req-6c6a8412-249b-47fa-a94a-a3d62c4de0e5 - - - - -] Service 1b3f98c4-38d0-4d1c-878a-32b7f48c88d1 is started service_manage_report /usr/lib/python3/dist-packages/heat/engine/service.py:2363
2024-10-28 01:53:59.996 69015 DEBUG heat.engine.service [req-6c6a8412-249b-47fa-a94a-a3d62c4de0e5 - - - - -] Service 1b3f98c4-38d0-4d1c-878a-32b7f48c88d1 is updated service_manage_report /usr/lib/python3/dist-packages/heat/engine/service.py:2370
2024-10-28 01:54:00.000 69017 DEBUG heat.engine.service [req-f4813e7a-5de0-4c83-b2fa-15ea42b0681f - - - - -] Service 81d28af5-47d1-46db-b284-3899b355bedb is updated service_manage_report /usr/lib/python3/dist-packages/heat/engine/service.py:2370
2024-10-28 01:54:00.004 69016 DEBUG heat.engine.service [req-df32079c-5431-4ac0-9197-182772575573 - - - - -] Service 9a86eeef-d946-46d7-8d87-371c2559ec85 is updated service_manage_report /usr/lib/python3/dist-packages/heat/engine/service.py:2370
2024-10-28 01:54:00.038 69018 DEBUG heat.engine.service [req-7b41d151-4945-45f4-8438-345ca3a7fd49 - - - - -] Service 55bce221-7d74-4ce7-93f0-c3ed3fd390c7 is started service_manage_report /usr/lib/python3/dist-packages/heat/engine/service.py:2363
2024-10-28 01:54:00.061 69018 DEBUG heat.engine.service [req-7b41d151-4945-45f4-8438-345ca3a7fd49 - - - - -] Service 55bce221-7d74-4ce7-93f0-c3ed3fd390c7 is updated service_manage_report /usr/lib/python3/dist-packages/heat/engine/service.py:2370
2024-10-28 01:54:59.950 69016 DEBUG heat.engine.service [req-e15d20e6-1158-414c-a257-c0f902f95b3f - - - - -] Service 9a86eeef-d946-46d7-8d87-371c2559ec85 is updated service_manage_report /usr/lib/python3/dist-packages/heat/engine/service.py:2370
2024-10-28 01:54:59.957 69015 DEBUG heat.engine.service [req-3967accf-c362-44a1-ac45-b5356464ad10 - - - - -] Service 1b3f98c4-38d0-4d1c-878a-32b7f48c88d1 is updated service_manage_report /usr/lib/python3/dist-packages/heat/engine/service.py:2370
2024-10-28 01:54:59.961 69017 DEBUG heat.engine.service [req-2f1b83c3-83a5-4667-b7d9-33fa68ad31e5 - - - - -] Service 81d28af5-47d1-46db-b284-3899b355bedb is updated service_manage_report /usr/lib/python3/dist-packages/heat/engine/service.py:2370
2024-10-28 01:55:00.045 69018 DEBUG heat.engine.service [req-049fde3b-d18b-4232-a939-dc16dd84a3a7 - - - - -] Service 55bce221-7d74-4ce7-93f0-c3ed3fd390c7 is updated service_manage_report /usr/lib/python3/dist-packages/heat/engine/service.py:2370
2024-10-28 01:55:59.937 69016 DEBUG heat.engine.service [req-c9bcc59e-5428-4c9c-9317-5b2fbe396184 - - - - -] Service 9a86eeef-d946-46d7-8d87-371c2559ec85 is updated service_manage_report /usr/lib/python3/dist-packages/heat/engine/service.py:2370
2024-10-28 01:55:59.947 69015 DEBUG heat.engine.service [req-a46ccbde-fd99-4704-a2c8-f4f91d007af2 - - - - -] Service 1b3f98c4-38d0-4d1c-878a-32b7f48c88d1 is updated service_manage_report /usr/lib/python3/dist-packages/heat/engine/service.py:2370
2024-10-28 01:55:59.948 69017 DEBUG heat.engine.service [req-c7faa12c-2e22-42ac-ac73-e6cd92a9ee2e - - - - -] Service 81d28af5-47d1-46db-b284-3899b355bedb is updated service_manage_report /usr/lib/python3/dist-packages/heat/engine/service.py:2370
2024-10-28 01:56:00.128 69018 DEBUG heat.engine.service [req-d7e6dcb0-f77b-4c02-aa7d-221efccf4068 - - - - -] Service 55bce221-7d74-4ce7-93f0-c3ed3fd390c7 is updated service_manage_report /usr/lib/python3/dist-packages/heat/engine/service.py:2370
2024-10-28 01:56:59.932 69016 DEBUG heat.engine.service [req-8d156cf8-5f22-425c-8b35-a8c015f9a76d - - - - -] Service 9a86eeef-d946-46d7-8d87-371c2559ec85 is updated service_manage_report /usr/lib/python3/dist-packages/heat/engine/service.py:2370
2024-10-28 01:56:59.942 69015 DEBUG heat.engine.service [req-dccc8ce6-a956-4d0c-9302-d6092dcfccaa - - - - -] Service 1b3f98c4-38d0-4d1c-878a-32b7f48c88d1 is updated service_manage_report /usr/lib/python3/dist-packages/heat/engine/service.py:2370
2024-10-28 01:56:59.943 69017 DEBUG heat.engine.service [req-81f47aa5-992f-4587-bf69-ab724f20afde - - - - -] Service 81d28af5-47d1-46db-b284-3899b355bedb is updated service_manage_report /usr/lib/python3/dist-packages/heat/engine/service.py:2370
2024-10-28 01:57:00.034 69018 DEBUG heat.engine.service [req-66760c7f-181d-4aa8-879b-5d76d5834c7a - - - - -] Service 55bce221-7d74-4ce7-93f0-c3ed3fd390c7 is updated service_manage_report /usr/lib/python3/dist-packages/heat/engine/service.py:2370
2024-10-28 01:57:59.937 69016 DEBUG heat.engine.service [req-83d68a9e-d0d5-438d-9894-fc2e85d32a6a - - - - -] Service 9a86eeef-d946-46d7-8d87-371c2559ec85 is updated service_manage_report /usr/lib/python3/dist-packages/heat/engine/service.py:2370
2024-10-28 01:57:59.947 69015 DEBUG heat.engine.service [req-4d650d45-5e00-4f6d-b84e-6b33e2d981f7 - - - - -] Service 1b3f98c4-38d0-4d1c-878a-32b7f48c88d1 is updated service_manage_report /usr/lib/python3/dist-packages/heat/engine/service.py:2370
2024-10-28 01:57:59.949 69017 DEBUG heat.engine.service [req-ea87fe30-8e1e-44c7-b6db-db9bee0b30fd - - - - -] Service 81d28af5-47d1-46db-b284-3899b355bedb is updated service_manage_report /usr/lib/python3/dist-packages/heat/engine/service.py:2370
2024-10-28 01:58:00.030 69018 DEBUG heat.engine.service [req-742c1c8d-78c0-4d18-9e8b-fb405818b66b - - - - -] Service 55bce221-7d74-4ce7-93f0-c3ed3fd390c7 is updated service_manage_report /usr/lib/python3/dist-packages/heat/engine/service.py:2370
2024-10-28 01:58:59.944 69015 DEBUG heat.engine.service [req-cd699486-88a6-439c-9c2c-d55ccbc7380c - - - - -] Service 1b3f98c4-38d0-4d1c-878a-32b7f48c88d1 is updated service_manage_report /usr/lib/python3/dist-packages/heat/engine/service.py:2370
2024-10-28 01:58:59.949 69016 DEBUG heat.engine.service [req-0a2f3ff9-a6b0-403c-bccf-723e1375dcf9 - - - - -] Service 9a86eeef-d946-46d7-8d87-371c2559ec85 is updated service_manage_report /usr/lib/python3/dist-packages/heat/engine/service.py:2370
2024-10-28 01:58:59.955 69017 DEBUG heat.engine.service [req-4cc72331-4ff9-41a6-8163-a412891214b7 - - - - -] Service 81d28af5-47d1-46db-b284-3899b355bedb is updated service_manage_report /usr/lib/python3/dist-packages/heat/engine/service.py:2370
2024-10-28 01:59:00.037 69018 DEBUG heat.engine.service [req-2284cbce-ad6e-47de-a6f1-3fbf19ecfd0b - - - - -] Service 55bce221-7d74-4ce7-93f0-c3ed3fd390c7 is updated service_manage_report /usr/lib/python3/dist-packages/heat/engine/service.py:2370
2024-10-28 01:59:59.939 69015 DEBUG heat.engine.service [req-885ed717-5330-414b-884b-1e69cc02e0d4 - - - - -] Service 1b3f98c4-38d0-4d1c-878a-32b7f48c88d1 is updated service_manage_report /usr/lib/python3/dist-packages/heat/engine/service.py:2370
2024-10-28 01:59:59.944 69016 DEBUG heat.engine.service [req-628a6e63-0478-4b97-81e5-02f5678039fe - - - - -] Service 9a86eeef-d946-46d7-8d87-371c2559ec85 is updated service_manage_report /usr/lib/python3/dist-packages/heat/engine/service.py:2370
2024-10-28 01:59:59.950 69017 DEBUG heat.engine.service [req-22279c30-250e-49f5-8b63-d31e87921309 - - - - -] Service 81d28af5-47d1-46db-b284-3899b355bedb is updated service_manage_report /usr/lib/python3/dist-packages/heat/engine/service.py:2370
2024-10-28 02:00:00.034 69018 DEBUG heat.engine.service [req-469d969b-e0b3-49db-8de9-8e3d5c057678 - - - - -] Service 55bce221-7d74-4ce7-93f0-c3ed3fd390c7 is updated service_manage_report /usr/lib/python3/dist-packages/heat/engine/service.py:2370
2024-10-28 02:00:59.941 69016 DEBUG heat.engine.service [req-292eb188-35d7-43d0-8fe1-5bbe370c741c - - - - -] Service 9a86eeef-d946-46d7-8d87-371c2559ec85 is updated service_manage_report /usr/lib/python3/dist-packages/heat/engine/service.py:2370
2024-10-28 02:00:59.945 69015 DEBUG heat.engine.service [req-7c9ec3b4-cb6b-4547-9756-fccdb3f5d03c - - - - -] Service 1b3f98c4-38d0-4d1c-878a-32b7f48c88d1 is updated service_manage_report /usr/lib/python3/dist-packages/heat/engine/service.py:2370
2024-10-28 02:00:59.959 69017 DEBUG heat.engine.service [req-7ae6eccb-4e57-4bf4-8191-904073e965dc - - - - -] Service 81d28af5-47d1-46db-b284-3899b355bedb is updated service_manage_report /usr/lib/python3/dist-packages/heat/engine/service.py:2370
2024-10-28 02:01:00.030 69018 DEBUG heat.engine.service [req-a60a31ea-4d74-4e2a-acc1-70805b834617 - - - - -] Service 55bce221-7d74-4ce7-93f0-c3ed3fd390c7 is updated service_manage_report /usr/lib/python3/dist-packages/heat/engine/service.py:2370
2024-10-28 02:01:59.944 69016 DEBUG heat.engine.service [req-b680f8cd-1dbb-4edd-baa1-5e8ceeacbdbb - - - - -] Service 9a86eeef-d946-46d7-8d87-371c2559ec85 is updated service_manage_report /usr/lib/python3/dist-packages/heat/engine/service.py:2370
2024-10-28 02:01:59.944 69015 DEBUG heat.engine.service [req-c737d5ae-b8ad-4398-bf18-385d50c037f0 - - - - -] Service 1b3f98c4-38d0-4d1c-878a-32b7f48c88d1 is updated service_manage_report /usr/lib/python3/dist-packages/heat/engine/service.py:2370
2024-10-28 02:01:59.955 69017 DEBUG heat.engine.service [req-e88587cb-32df-40c3-8f30-e464bec4776a - - - - -] Service 81d28af5-47d1-46db-b284-3899b355bedb is updated service_manage_report /usr/lib/python3/dist-packages/heat/engine/service.py:2370
2024-10-28 02:02:00.028 69018 DEBUG heat.engine.service [req-84e7bb10-a998-4736-86ae-77836911ed94 - - - - -] Service 55bce221-7d74-4ce7-93f0-c3ed3fd390c7 is updated service_manage_report /usr/lib/python3/dist-packages/heat/engine/service.py:2370
2024-10-28 02:02:59.943 69015 DEBUG heat.engine.service [req-042345da-099f-4a63-9eb6-d4c510652391 - - - - -] Service 1b3f98c4-38d0-4d1c-878a-32b7f48c88d1 is updated service_manage_report /usr/lib/python3/dist-packages/heat/engine/service.py:2370
2024-10-28 02:02:59.944 69016 DEBUG heat.engine.service [req-985b380d-3dca-449f-8f26-3d18f0a75372 - - - - -] Service 9a86eeef-d946-46d7-8d87-371c2559ec85 is updated service_manage_report /usr/lib/python3/dist-packages/heat/engine/service.py:2370
2024-10-28 02:02:59.961 69017 DEBUG heat.engine.service [req-3f876183-8367-4da7-81bc-7cd9c083f694 - - - - -] Service 81d28af5-47d1-46db-b284-3899b355bedb is updated service_manage_report /usr/lib/python3/dist-packages/heat/engine/service.py:2370
2024-10-28 02:03:00.024 69018 DEBUG heat.engine.service [req-de549f52-fe6b-4d2a-bf14-b6c78a4bd55c - - - - -] Service 55bce221-7d74-4ce7-93f0-c3ed3fd390c7 is updated service_manage_report /usr/lib/python3/dist-packages/heat/engine/service.py:2370
2024-10-28 02:03:59.938 69015 DEBUG heat.engine.service [req-b544131c-daac-402d-9a03-e71bae921441 - - - - -] Service 1b3f98c4-38d0-4d1c-878a-32b7f48c88d1 is updated service_manage_report /usr/lib/python3/dist-packages/heat/engine/service.py:2370
2024-10-28 02:03:59.941 69016 DEBUG heat.engine.service [req-dd1e880a-6e61-48cc-8d9d-b0597a0a176e - - - - -] Service 9a86eeef-d946-46d7-8d87-371c2559ec85 is updated service_manage_report /usr/lib/python3/dist-packages/heat/engine/service.py:2370
2024-10-28 02:03:59.970 69017 DEBUG heat.engine.service [req-f56a77c5-e4ae-46d4-9bfa-c9d8ffe10e92 - - - - -] Service 81d28af5-47d1-46db-b284-3899b355bedb is updated service_manage_report /usr/lib/python3/dist-packages/heat/engine/service.py:2370
2024-10-28 02:04:00.019 69018 DEBUG heat.engine.service [req-77d1cdb2-1aec-4190-9cb8-cd572ecc4da2 - - - - -] Service 55bce221-7d74-4ce7-93f0-c3ed3fd390c7 is updated service_manage_report /usr/lib/python3/dist-packages/heat/engine/service.py:2370
2024-10-28 02:04:59.938 69016 DEBUG heat.engine.service [req-c0bfc2df-efe6-49f4-9000-5aa5329c903f - - - - -] Service 9a86eeef-d946-46d7-8d87-371c2559ec85 is updated service_manage_report /usr/lib/python3/dist-packages/heat/engine/service.py:2370
2024-10-28 02:04:59.953 69015 DEBUG heat.engine.service [req-5bd48763-fe0b-4df6-a475-2ab84bf2c2ce - - - - -] Service 1b3f98c4-38d0-4d1c-878a-32b7f48c88d1 is updated service_manage_report /usr/lib/python3/dist-packages/heat/engine/service.py:2370
2024-10-28 02:04:59.967 69017 DEBUG heat.engine.service [req-a3b8d186-9bc2-4193-9517-42c49871fe34 - - - - -] Service 81d28af5-47d1-46db-b284-3899b355bedb is updated service_manage_report /usr/lib/python3/dist-packages/heat/engine/service.py:2370
2024-10-28 02:05:00.028 69018 DEBUG heat.engine.service [req-8df90737-b552-4177-ab99-6e9febe7bb77 - - - - -] Service 55bce221-7d74-4ce7-93f0-c3ed3fd390c7 is updated service_manage_report /usr/lib/python3/dist-packages/heat/engine/service.py:2370
2024-10-28 02:05:59.936 69016 DEBUG heat.engine.service [req-47a74667-2bd4-4eae-8b39-36c0c2c1a390 - - - - -] Service 9a86eeef-d946-46d7-8d87-371c2559ec85 is updated service_manage_report /usr/lib/python3/dist-packages/heat/engine/service.py:2370
2024-10-28 02:05:59.952 69015 DEBUG heat.engine.service [req-a703c916-1474-4253-9a52-799c74a3e0e2 - - - - -] Service 1b3f98c4-38d0-4d1c-878a-32b7f48c88d1 is updated service_manage_report /usr/lib/python3/dist-packages/heat/engine/service.py:2370
2024-10-28 02:05:59.962 69017 DEBUG heat.engine.service [req-e2cae26d-8a77-40cb-88e0-7cbc7a8c4811 - - - - -] Service 81d28af5-47d1-46db-b284-3899b355bedb is updated service_manage_report /usr/lib/python3/dist-packages/heat/engine/service.py:2370
2024-10-28 02:06:00.025 69018 DEBUG heat.engine.service [req-b803f8a0-07a7-4a79-b1ad-78ac74ad910f - - - - -] Service 55bce221-7d74-4ce7-93f0-c3ed3fd390c7 is updated service_manage_report /usr/lib/python3/dist-packages/heat/engine/service.py:2370
2024-10-28 02:06:59.932 69016 DEBUG heat.engine.service [req-c11a4c01-6818-437e-a0ce-0dabc551490d - - - - -] Service 9a86eeef-d946-46d7-8d87-371c2559ec85 is updated service_manage_report /usr/lib/python3/dist-packages/heat/engine/service.py:2370
2024-10-28 02:06:59.950 69015 DEBUG heat.engine.service [req-3ac7bd4a-0e02-4d3c-98d0-940d56674261 - - - - -] Service 1b3f98c4-38d0-4d1c-878a-32b7f48c88d1 is updated service_manage_report /usr/lib/python3/dist-packages/heat/engine/service.py:2370
2024-10-28 02:06:59.975 69017 DEBUG heat.engine.service [req-9371a9f5-26c2-4cd9-8bbf-d28b9a5ed52e - - - - -] Service 81d28af5-47d1-46db-b284-3899b355bedb is updated service_manage_report /usr/lib/python3/dist-packages/heat/engine/service.py:2370
2024-10-28 02:07:00.021 69018 DEBUG heat.engine.service [req-d4d4dd92-1ca7-4c92-aa02-d931d2a8a4cf - - - - -] Service 55bce221-7d74-4ce7-93f0-c3ed3fd390c7 is updated service_manage_report /usr/lib/python3/dist-packages/heat/engine/service.py:2370
