2024-10-28 00:35:00.411 36696 DEBUG oslo_service.service [-] clients_heat.cert_file = None log_opt_values /usr/lib/python3/dist-packages/oslo_config/cfg.py:2609
2024-10-28 00:35:00.411 36696 DEBUG oslo_service.service [-] clients_heat.endpoint_type = None log_opt_values /usr/lib/python3/dist-packages/oslo_config/cfg.py:2609
2024-10-28 00:35:00.411 36696 DEBUG oslo_service.service [-] clients_heat.insecure = None log_opt_values /usr/lib/python3/dist-packages/oslo_config/cfg.py:2609
2024-10-28 00:35:00.411 36696 DEBUG oslo_service.service [-] clients_heat.key_file = None log_opt_values /usr/lib/python3/dist-packages/oslo_config/cfg.py:2609
2024-10-28 00:35:00.411 36696 DEBUG oslo_service.service [-] clients_heat.url = log_opt_values /usr/lib/python3/dist-packages/oslo_config/cfg.py:2609
2024-10-28 00:35:00.411 36696 DEBUG oslo_service.service [-] clients_keystone.auth_uri = http://252.30.125.101:5050 log_opt_values /usr/lib/python3/dist-packages/oslo_config/cfg.py:2609
2024-10-28 00:35:00.411 36696 DEBUG oslo_service.service [-] clients_keystone.ca_file = None log_opt_values /usr/lib/python3/dist-packages/oslo_config/cfg.py:2609
2024-10-28 00:35:00.412 36696 DEBUG oslo_service.service [-] clients_keystone.cert_file = None log_opt_values /usr/lib/python3/dist-packages/oslo_config/cfg.py:2609
2024-10-28 00:35:00.412 36696 DEBUG oslo_service.service [-] clients_keystone.endpoint_type = None log_opt_values /usr/lib/python3/dist-packages/oslo_config/cfg.py:2609
2024-10-28 00:35:00.412 36696 DEBUG oslo_service.service [-] clients_keystone.insecure = None log_opt_values /usr/lib/python3/dist-packages/oslo_config/cfg.py:2609
2024-10-28 00:35:00.413 36696 DEBUG oslo_service.service [-] clients_keystone.key_file = None log_opt_values /usr/lib/python3/dist-packages/oslo_config/cfg.py:2609
2024-10-28 00:35:00.413 36696 DEBUG oslo_service.service [-] clients_magnum.ca_file = None log_opt_values /usr/lib/python3/dist-packages/oslo_config/cfg.py:2609
2024-10-28 00:35:00.413 36696 DEBUG oslo_service.service [-] clients_magnum.cert_file = None log_opt_values /usr/lib/python3/dist-packages/oslo_config/cfg.py:2609
2024-10-28 00:35:00.414 36696 DEBUG oslo_service.service [-] clients_magnum.endpoint_type = None log_opt_values /usr/lib/python3/dist-packages/oslo_config/cfg.py:2609
2024-10-28 00:35:00.414 36696 DEBUG oslo_service.service [-] clients_magnum.insecure = None log_opt_values /usr/lib/python3/dist-packages/oslo_config/cfg.py:2609
2024-10-28 00:35:00.414 36696 DEBUG oslo_service.service [-] clients_magnum.key_file = None log_opt_values /usr/lib/python3/dist-packages/oslo_config/cfg.py:2609
2024-10-28 00:35:00.414 36696 DEBUG oslo_service.service [-] clients_manila.ca_file = None log_opt_values /usr/lib/python3/dist-packages/oslo_config/cfg.py:2609
2024-10-28 00:35:00.415 36696 DEBUG oslo_service.service [-] clients_manila.cert_file = None log_opt_values /usr/lib/python3/dist-packages/oslo_config/cfg.py:2609
2024-10-28 00:35:00.415 36696 DEBUG oslo_service.service [-] clients_manila.endpoint_type = None log_opt_values /usr/lib/python3/dist-packages/oslo_config/cfg.py:2609
2024-10-28 00:35:00.415 36696 DEBUG oslo_service.service [-] clients_manila.insecure = None log_opt_values /usr/lib/python3/dist-packages/oslo_config/cfg.py:2609
2024-10-28 00:35:00.415 36696 DEBUG oslo_service.service [-] clients_manila.key_file = None log_opt_values /usr/lib/python3/dist-packages/oslo_config/cfg.py:2609
2024-10-28 00:35:00.415 36696 DEBUG oslo_service.service [-] clients_mistral.ca_file = None log_opt_values /usr/lib/python3/dist-packages/oslo_config/cfg.py:2609
2024-10-28 00:35:00.415 36696 DEBUG oslo_service.service [-] clients_mistral.cert_file = None log_opt_values /usr/lib/python3/dist-packages/oslo_config/cfg.py:2609
2024-10-28 00:35:00.415 36696 DEBUG oslo_service.service [-] clients_mistral.endpoint_type = None log_opt_values /usr/lib/python3/dist-packages/oslo_config/cfg.py:2609
2024-10-28 00:35:00.415 36696 DEBUG oslo_service.service [-] clients_mistral.insecure = None log_opt_values /usr/lib/python3/dist-packages/oslo_config/cfg.py:2609
2024-10-28 00:35:00.415 36696 DEBUG oslo_service.service [-] clients_mistral.key_file = None log_opt_values /usr/lib/python3/dist-packages/oslo_config/cfg.py:2609
2024-10-28 00:35:00.416 36696 DEBUG oslo_service.service [-] clients_monasca.ca_file = None log_opt_values /usr/lib/python3/dist-packages/oslo_config/cfg.py:2609
2024-10-28 00:35:00.416 36696 DEBUG oslo_service.service [-] clients_monasca.cert_file = None log_opt_values /usr/lib/python3/dist-packages/oslo_config/cfg.py:2609
2024-10-28 00:35:00.416 36696 DEBUG oslo_service.service [-] clients_monasca.endpoint_type = None log_opt_values /usr/lib/python3/dist-packages/oslo_config/cfg.py:2609
2024-10-28 00:35:00.416 36696 DEBUG oslo_service.service [-] clients_monasca.insecure = None log_opt_values /usr/lib/python3/dist-packages/oslo_config/cfg.py:2609
2024-10-28 00:35:00.416 36696 DEBUG oslo_service.service [-] clients_monasca.key_file = None log_opt_values /usr/lib/python3/dist-packages/oslo_config/cfg.py:2609
2024-10-28 00:35:00.417 36696 DEBUG oslo_service.service [-] clients_neutron.ca_file = None log_opt_values /usr/lib/python3/dist-packages/oslo_config/cfg.py:2609
2024-10-28 00:35:00.417 36696 DEBUG oslo_service.service [-] clients_neutron.cert_file = None log_opt_values /usr/lib/python3/dist-packages/oslo_config/cfg.py:2609
2024-10-28 00:35:00.417 36696 DEBUG oslo_service.service [-] clients_neutron.endpoint_type = None log_opt_values /usr/lib/python3/dist-packages/oslo_config/cfg.py:2609
2024-10-28 00:35:00.417 36696 DEBUG oslo_service.service [-] clients_neutron.insecure = None log_opt_values /usr/lib/python3/dist-packages/oslo_config/cfg.py:2609
2024-10-28 00:35:00.417 36696 DEBUG oslo_service.service [-] clients_neutron.key_file = None log_opt_values /usr/lib/python3/dist-packages/oslo_config/cfg.py:2609
2024-10-28 00:35:00.418 36696 DEBUG oslo_service.service [-] clients_nova.ca_file = None log_opt_values /usr/lib/python3/dist-packages/oslo_config/cfg.py:2609
2024-10-28 00:35:00.418 36696 DEBUG oslo_service.service [-] clients_nova.cert_file = None log_opt_values /usr/lib/python3/dist-packages/oslo_config/cfg.py:2609
2024-10-28 00:35:00.419 36696 DEBUG oslo_service.service [-] clients_nova.endpoint_type = None log_opt_values /usr/lib/python3/dist-packages/oslo_config/cfg.py:2609
2024-10-28 00:35:00.419 36696 DEBUG oslo_service.service [-] clients_nova.http_log_debug = False log_opt_values /usr/lib/python3/dist-packages/oslo_config/cfg.py:2609
2024-10-28 00:35:00.419 36696 DEBUG oslo_service.service [-] clients_nova.insecure = None log_opt_values /usr/lib/python3/dist-packages/oslo_config/cfg.py:2609
2024-10-28 00:35:00.419 36696 DEBUG oslo_service.service [-] clients_nova.key_file = None log_opt_values /usr/lib/python3/dist-packages/oslo_config/cfg.py:2609
2024-10-28 00:35:00.419 36696 DEBUG oslo_service.service [-] clients_octavia.ca_file = None log_opt_values /usr/lib/python3/dist-packages/oslo_config/cfg.py:2609
2024-10-28 00:35:00.419 36696 DEBUG oslo_service.service [-] clients_octavia.cert_file = None log_opt_values /usr/lib/python3/dist-packages/oslo_config/cfg.py:2609
2024-10-28 00:35:00.419 36696 DEBUG oslo_service.service [-] clients_octavia.endpoint_type = None log_opt_values /usr/lib/python3/dist-packages/oslo_config/cfg.py:2609
2024-10-28 00:35:00.420 36696 DEBUG oslo_service.service [-] clients_octavia.insecure = None log_opt_values /usr/lib/python3/dist-packages/oslo_config/cfg.py:2609
2024-10-28 00:35:00.421 36696 DEBUG oslo_service.service [-] clients_octavia.key_file = None log_opt_values /usr/lib/python3/dist-packages/oslo_config/cfg.py:2609
2024-10-28 00:35:00.422 36696 DEBUG oslo_service.service [-] clients_sahara.ca_file = None log_opt_values /usr/lib/python3/dist-packages/oslo_config/cfg.py:2609
2024-10-28 00:35:00.422 36696 DEBUG oslo_service.service [-] clients_sahara.cert_file = None log_opt_values /usr/lib/python3/dist-packages/oslo_config/cfg.py:2609
2024-10-28 00:35:00.422 36696 DEBUG oslo_service.service [-] clients_sahara.endpoint_type = None log_opt_values /usr/lib/python3/dist-packages/oslo_config/cfg.py:2609
2024-10-28 00:35:00.422 36696 DEBUG oslo_service.service [-] clients_sahara.insecure = None log_opt_values /usr/lib/python3/dist-packages/oslo_config/cfg.py:2609
2024-10-28 00:35:00.423 36696 DEBUG oslo_service.service [-] clients_sahara.key_file = None log_opt_values /usr/lib/python3/dist-packages/oslo_config/cfg.py:2609
2024-10-28 00:35:00.423 36696 DEBUG oslo_service.service [-] clients_senlin.ca_file = None log_opt_values /usr/lib/python3/dist-packages/oslo_config/cfg.py:2609
2024-10-28 00:35:00.423 36696 DEBUG oslo_service.service [-] clients_senlin.cert_file = None log_opt_values /usr/lib/python3/dist-packages/oslo_config/cfg.py:2609
2024-10-28 00:35:00.423 36696 DEBUG oslo_service.service [-] clients_senlin.endpoint_type = None log_opt_values /usr/lib/python3/dist-packages/oslo_config/cfg.py:2609
2024-10-28 00:35:00.423 36696 DEBUG oslo_service.service [-] clients_senlin.insecure = None log_opt_values /usr/lib/python3/dist-packages/oslo_config/cfg.py:2609
2024-10-28 00:35:00.423 36696 DEBUG oslo_service.service [-] clients_senlin.key_file = None log_opt_values /usr/lib/python3/dist-packages/oslo_config/cfg.py:2609
2024-10-28 00:35:00.423 36696 DEBUG oslo_service.service [-] clients_swift.ca_file = None log_opt_values /usr/lib/python3/dist-packages/oslo_config/cfg.py:2609
2024-10-28 00:35:00.424 36696 DEBUG oslo_service.service [-] clients_swift.cert_file = None log_opt_values /usr/lib/python3/dist-packages/oslo_config/cfg.py:2609
2024-10-28 00:35:00.424 36696 DEBUG oslo_service.service [-] clients_swift.endpoint_type = None log_opt_values /usr/lib/python3/dist-packages/oslo_config/cfg.py:2609
2024-10-28 00:35:00.424 36696 DEBUG oslo_service.service [-] clients_swift.insecure = None log_opt_values /usr/lib/python3/dist-packages/oslo_config/cfg.py:2609
2024-10-28 00:35:00.424 36696 DEBUG oslo_service.service [-] clients_swift.key_file = None log_opt_values /usr/lib/python3/dist-packages/oslo_config/cfg.py:2609
2024-10-28 00:35:00.424 36696 DEBUG oslo_service.service [-] clients_trove.ca_file = None log_opt_values /usr/lib/python3/dist-packages/oslo_config/cfg.py:2609
2024-10-28 00:35:00.424 36696 DEBUG oslo_service.service [-] clients_trove.cert_file = None log_opt_values /usr/lib/python3/dist-packages/oslo_config/cfg.py:2609
2024-10-28 00:35:00.424 36696 DEBUG oslo_service.service [-] clients_trove.endpoint_type = None log_opt_values /usr/lib/python3/dist-packages/oslo_config/cfg.py:2609
2024-10-28 00:35:00.424 36696 DEBUG oslo_service.service [-] clients_trove.insecure = None log_opt_values /usr/lib/python3/dist-packages/oslo_config/cfg.py:2609
2024-10-28 00:35:00.424 36696 DEBUG oslo_service.service [-] clients_trove.key_file = None log_opt_values /usr/lib/python3/dist-packages/oslo_config/cfg.py:2609
2024-10-28 00:35:00.425 36696 DEBUG oslo_service.service [-] clients_vitrage.ca_file = None log_opt_values /usr/lib/python3/dist-packages/oslo_config/cfg.py:2609
2024-10-28 00:35:00.425 36696 DEBUG oslo_service.service [-] clients_vitrage.cert_file = None log_opt_values /usr/lib/python3/dist-packages/oslo_config/cfg.py:2609
2024-10-28 00:35:00.425 36696 DEBUG oslo_service.service [-] clients_vitrage.endpoint_type = None log_opt_values /usr/lib/python3/dist-packages/oslo_config/cfg.py:2609
2024-10-28 00:35:00.425 36696 DEBUG oslo_service.service [-] clients_vitrage.insecure = None log_opt_values /usr/lib/python3/dist-packages/oslo_config/cfg.py:2609
2024-10-28 00:35:00.425 36696 DEBUG oslo_service.service [-] clients_vitrage.key_file = None log_opt_values /usr/lib/python3/dist-packages/oslo_config/cfg.py:2609
2024-10-28 00:35:00.425 36696 DEBUG oslo_service.service [-] clients_zaqar.ca_file = None log_opt_values /usr/lib/python3/dist-packages/oslo_config/cfg.py:2609
2024-10-28 00:35:00.425 36696 DEBUG oslo_service.service [-] clients_zaqar.cert_file = None log_opt_values /usr/lib/python3/dist-packages/oslo_config/cfg.py:2609
2024-10-28 00:35:00.425 36696 DEBUG oslo_service.service [-] clients_zaqar.endpoint_type = None log_opt_values /usr/lib/python3/dist-packages/oslo_config/cfg.py:2609
2024-10-28 00:35:00.426 36696 DEBUG oslo_service.service [-] clients_zaqar.insecure = None log_opt_values /usr/lib/python3/dist-packages/oslo_config/cfg.py:2609
2024-10-28 00:35:00.426 36696 DEBUG oslo_service.service [-] clients_zaqar.key_file = None log_opt_values /usr/lib/python3/dist-packages/oslo_config/cfg.py:2609
2024-10-28 00:35:00.427 36696 DEBUG oslo_service.service [-] database.backend = sqlalchemy log_opt_values /usr/lib/python3/dist-packages/oslo_config/cfg.py:2609
2024-10-28 00:35:00.427 36696 DEBUG oslo_service.service [-] database.connection = **** log_opt_values /usr/lib/python3/dist-packages/oslo_config/cfg.py:2609
2024-10-28 00:35:00.427 36696 DEBUG oslo_service.service [-] database.connection_debug = 0 log_opt_values /usr/lib/python3/dist-packages/oslo_config/cfg.py:2609
2024-10-28 00:35:00.427 36696 DEBUG oslo_service.service [-] database.connection_parameters = log_opt_values /usr/lib/python3/dist-packages/oslo_config/cfg.py:2609
2024-10-28 00:35:00.428 36696 DEBUG oslo_service.service [-] database.connection_recycle_time = 3600 log_opt_values /usr/lib/python3/dist-packages/oslo_config/cfg.py:2609
2024-10-28 00:35:00.428 36696 DEBUG oslo_service.service [-] database.connection_trace = False log_opt_values /usr/lib/python3/dist-packages/oslo_config/cfg.py:2609
2024-10-28 00:35:00.428 36696 DEBUG oslo_service.service [-] database.db_inc_retry_interval = True log_opt_values /usr/lib/python3/dist-packages/oslo_config/cfg.py:2609
2024-10-28 00:35:00.428 36696 DEBUG oslo_service.service [-] database.db_max_retries = 20 log_opt_values /usr/lib/python3/dist-packages/oslo_config/cfg.py:2609
2024-10-28 00:35:00.429 36696 DEBUG oslo_service.service [-] database.db_max_retry_interval = 10 log_opt_values /usr/lib/python3/dist-packages/oslo_config/cfg.py:2609
2024-10-28 00:35:00.429 36696 DEBUG oslo_service.service [-] database.db_retry_interval = 1 log_opt_values /usr/lib/python3/dist-packages/oslo_config/cfg.py:2609
2024-10-28 00:35:00.429 36696 DEBUG oslo_service.service [-] database.max_overflow = 50 log_opt_values /usr/lib/python3/dist-packages/oslo_config/cfg.py:2609
2024-10-28 00:35:00.429 36696 DEBUG oslo_service.service [-] database.max_pool_size = 5 log_opt_values /usr/lib/python3/dist-packages/oslo_config/cfg.py:2609
2024-10-28 00:35:00.429 36696 DEBUG oslo_service.service [-] database.max_retries = 10 log_opt_values /usr/lib/python3/dist-packages/oslo_config/cfg.py:2609
2024-10-28 00:35:00.430 36696 DEBUG oslo_service.service [-] database.mysql_enable_ndb = False log_opt_values /usr/lib/python3/dist-packages/oslo_config/cfg.py:2609
2024-10-28 00:35:00.430 36696 DEBUG oslo_service.service [-] database.mysql_sql_mode = TRADITIONAL log_opt_values /usr/lib/python3/dist-packages/oslo_config/cfg.py:2609
2024-10-28 00:35:00.430 36696 DEBUG oslo_service.service [-] database.pool_timeout = None log_opt_values /usr/lib/python3/dist-packages/oslo_config/cfg.py:2609
2024-10-28 00:35:00.431 36696 DEBUG oslo_service.service [-] database.retry_interval = 10 log_opt_values /usr/lib/python3/dist-packages/oslo_config/cfg.py:2609
2024-10-28 00:35:00.431 36696 DEBUG oslo_service.service [-] database.slave_connection = **** log_opt_values /usr/lib/python3/dist-packages/oslo_config/cfg.py:2609
2024-10-28 00:35:00.431 36696 DEBUG oslo_service.service [-] database.sqlite_synchronous = True log_opt_values /usr/lib/python3/dist-packages/oslo_config/cfg.py:2609
2024-10-28 00:35:00.431 36696 DEBUG oslo_service.service [-] database.use_db_reconnect = False log_opt_values /usr/lib/python3/dist-packages/oslo_config/cfg.py:2609
2024-10-28 00:35:00.431 36696 DEBUG oslo_service.service [-] oslo_messaging_metrics.metrics_buffer_size = 1000 log_opt_values /usr/lib/python3/dist-packages/oslo_config/cfg.py:2609
2024-10-28 00:35:00.431 36696 DEBUG oslo_service.service [-] oslo_messaging_metrics.metrics_enabled = False log_opt_values /usr/lib/python3/dist-packages/oslo_config/cfg.py:2609
2024-10-28 00:35:00.432 36696 DEBUG oslo_service.service [-] oslo_messaging_metrics.metrics_process_name = log_opt_values /usr/lib/python3/dist-packages/oslo_config/cfg.py:2609
2024-10-28 00:35:00.432 36696 DEBUG oslo_service.service [-] oslo_messaging_metrics.metrics_socket_file = /var/tmp/metrics_collector.sock log_opt_values /usr/lib/python3/dist-packages/oslo_config/cfg.py:2609
2024-10-28 00:35:00.432 36696 DEBUG oslo_service.service [-] oslo_messaging_metrics.metrics_thread_stop_timeout = 10 log_opt_values /usr/lib/python3/dist-packages/oslo_config/cfg.py:2609
2024-10-28 00:35:00.432 36696 DEBUG oslo_service.service [-] oslo_policy.enforce_new_defaults = False log_opt_values /usr/lib/python3/dist-packages/oslo_config/cfg.py:2609
2024-10-28 00:35:00.432 36696 DEBUG oslo_service.service [-] oslo_policy.enforce_scope = False log_opt_values /usr/lib/python3/dist-packages/oslo_config/cfg.py:2609
2024-10-28 00:35:00.432 36696 DEBUG oslo_service.service [-] oslo_policy.policy_default_rule = default log_opt_values /usr/lib/python3/dist-packages/oslo_config/cfg.py:2609
2024-10-28 00:35:00.433 36696 DEBUG oslo_service.service [-] oslo_policy.policy_dirs = ['policy.d'] log_opt_values /usr/lib/python3/dist-packages/oslo_config/cfg.py:2609
2024-10-28 00:35:00.433 36696 DEBUG oslo_service.service [-] oslo_policy.policy_file = policy.yaml log_opt_values /usr/lib/python3/dist-packages/oslo_config/cfg.py:2609
2024-10-28 00:35:00.433 36696 DEBUG oslo_service.service [-] oslo_policy.remote_content_type = application/x-www-form-urlencoded log_opt_values /usr/lib/python3/dist-packages/oslo_config/cfg.py:2609
2024-10-28 00:35:00.433 36696 DEBUG oslo_service.service [-] oslo_policy.remote_ssl_ca_crt_file = None log_opt_values /usr/lib/python3/dist-packages/oslo_config/cfg.py:2609
2024-10-28 00:35:00.433 36696 DEBUG oslo_service.service [-] oslo_policy.remote_ssl_client_crt_file = None log_opt_values /usr/lib/python3/dist-packages/oslo_config/cfg.py:2609
2024-10-28 00:35:00.433 36696 DEBUG oslo_service.service [-] oslo_policy.remote_ssl_client_key_file = None log_opt_values /usr/lib/python3/dist-packages/oslo_config/cfg.py:2609
2024-10-28 00:35:00.434 36696 DEBUG oslo_service.service [-] oslo_policy.remote_ssl_verify_server_crt = False log_opt_values /usr/lib/python3/dist-packages/oslo_config/cfg.py:2609
2024-10-28 00:35:00.434 36696 DEBUG oslo_service.service [-] trustee.auth_section = None log_opt_values /usr/lib/python3/dist-packages/oslo_config/cfg.py:2609
2024-10-28 00:35:00.434 36696 WARNING oslo_config.cfg [-] Deprecated: Option "auth_plugin" from group "trustee" is deprecated. Use option "auth_type" from group "trustee".
2024-10-28 00:35:00.434 36696 DEBUG oslo_service.service [-] trustee.auth_type = password log_opt_values /usr/lib/python3/dist-packages/oslo_config/cfg.py:2609
2024-10-28 00:35:00.435 36696 DEBUG oslo_service.service [-] oslo_versionedobjects.fatal_exception_format_errors = False log_opt_values /usr/lib/python3/dist-packages/oslo_config/cfg.py:2609
2024-10-28 00:35:00.435 36696 DEBUG oslo_service.service [-] oslo_messaging_rabbit.amqp_auto_delete = False log_opt_values /usr/lib/python3/dist-packages/oslo_config/cfg.py:2609
2024-10-28 00:35:00.435 36696 DEBUG oslo_service.service [-] oslo_messaging_rabbit.amqp_durable_queues = False log_opt_values /usr/lib/python3/dist-packages/oslo_config/cfg.py:2609
2024-10-28 00:35:00.435 36696 DEBUG oslo_service.service [-] oslo_messaging_rabbit.conn_pool_min_size = 2 log_opt_values /usr/lib/python3/dist-packages/oslo_config/cfg.py:2609
2024-10-28 00:35:00.435 36696 DEBUG oslo_service.service [-] oslo_messaging_rabbit.conn_pool_ttl = 1200 log_opt_values /usr/lib/python3/dist-packages/oslo_config/cfg.py:2609
2024-10-28 00:35:00.435 36696 DEBUG oslo_service.service [-] oslo_messaging_rabbit.direct_mandatory_flag = True log_opt_values /usr/lib/python3/dist-packages/oslo_config/cfg.py:2609
2024-10-28 00:35:00.436 36696 DEBUG oslo_service.service [-] oslo_messaging_rabbit.enable_cancel_on_failover = False log_opt_values /usr/lib/python3/dist-packages/oslo_config/cfg.py:2609
2024-10-28 00:35:00.436 36696 DEBUG oslo_service.service [-] oslo_messaging_rabbit.heartbeat_in_pthread = True log_opt_values /usr/lib/python3/dist-packages/oslo_config/cfg.py:2609
2024-10-28 00:35:00.436 36696 DEBUG oslo_service.service [-] oslo_messaging_rabbit.heartbeat_rate = 2 log_opt_values /usr/lib/python3/dist-packages/oslo_config/cfg.py:2609
2024-10-28 00:35:00.436 36696 DEBUG oslo_service.service [-] oslo_messaging_rabbit.heartbeat_timeout_threshold = 60 log_opt_values /usr/lib/python3/dist-packages/oslo_config/cfg.py:2609
2024-10-28 00:35:00.436 36696 DEBUG oslo_service.service [-] oslo_messaging_rabbit.kombu_compression = None log_opt_values /usr/lib/python3/dist-packages/oslo_config/cfg.py:2609
2024-10-28 00:35:00.436 36696 DEBUG oslo_service.service [-] oslo_messaging_rabbit.kombu_failover_strategy = round-robin log_opt_values /usr/lib/python3/dist-packages/oslo_config/cfg.py:2609
2024-10-28 00:35:00.437 36696 DEBUG oslo_service.service [-] oslo_messaging_rabbit.kombu_missing_consumer_retry_timeout = 60 log_opt_values /usr/lib/python3/dist-packages/oslo_config/cfg.py:2609
2024-10-28 00:35:00.438 36696 DEBUG oslo_service.service [-] oslo_messaging_rabbit.kombu_reconnect_delay = 1.0 log_opt_values /usr/lib/python3/dist-packages/oslo_config/cfg.py:2609
2024-10-28 00:35:00.438 36696 DEBUG oslo_service.service [-] oslo_messaging_rabbit.rabbit_ha_queues = False log_opt_values /usr/lib/python3/dist-packages/oslo_config/cfg.py:2609
2024-10-28 00:35:00.438 36696 DEBUG oslo_service.service [-] oslo_messaging_rabbit.rabbit_interval_max = 30 log_opt_values /usr/lib/python3/dist-packages/oslo_config/cfg.py:2609
2024-10-28 00:35:00.438 36696 DEBUG oslo_service.service [-] oslo_messaging_rabbit.rabbit_login_method = AMQPLAIN log_opt_values /usr/lib/python3/dist-packages/oslo_config/cfg.py:2609
2024-10-28 00:35:00.439 36696 DEBUG oslo_service.service [-] oslo_messaging_rabbit.rabbit_qos_prefetch_count = 0 log_opt_values /usr/lib/python3/dist-packages/oslo_config/cfg.py:2609
2024-10-28 00:35:00.439 36696 DEBUG oslo_service.service [-] oslo_messaging_rabbit.rabbit_quorum_queue = False log_opt_values /usr/lib/python3/dist-packages/oslo_config/cfg.py:2609
2024-10-28 00:35:00.439 36696 DEBUG oslo_service.service [-] oslo_messaging_rabbit.rabbit_retry_backoff = 2 log_opt_values /usr/lib/python3/dist-packages/oslo_config/cfg.py:2609
2024-10-28 00:35:00.439 36696 DEBUG oslo_service.service [-] oslo_messaging_rabbit.rabbit_retry_interval = 1 log_opt_values /usr/lib/python3/dist-packages/oslo_config/cfg.py:2609
2024-10-28 00:35:00.439 36696 DEBUG oslo_service.service [-] oslo_messaging_rabbit.rabbit_transient_queues_ttl = 1800 log_opt_values /usr/lib/python3/dist-packages/oslo_config/cfg.py:2609
2024-10-28 00:35:00.439 36696 DEBUG oslo_service.service [-] oslo_messaging_rabbit.rpc_conn_pool_size = 30 log_opt_values /usr/lib/python3/dist-packages/oslo_config/cfg.py:2609
2024-10-28 00:35:00.440 36696 DEBUG oslo_service.service [-] oslo_messaging_rabbit.ssl = False log_opt_values /usr/lib/python3/dist-packages/oslo_config/cfg.py:2609
2024-10-28 00:35:00.440 36696 DEBUG oslo_service.service [-] oslo_messaging_rabbit.ssl_ca_file = log_opt_values /usr/lib/python3/dist-packages/oslo_config/cfg.py:2609
2024-10-28 00:35:00.440 36696 DEBUG oslo_service.service [-] oslo_messaging_rabbit.ssl_cert_file = log_opt_values /usr/lib/python3/dist-packages/oslo_config/cfg.py:2609
2024-10-28 00:35:00.440 36696 DEBUG oslo_service.service [-] oslo_messaging_rabbit.ssl_key_file = log_opt_values /usr/lib/python3/dist-packages/oslo_config/cfg.py:2609
2024-10-28 00:35:00.440 36696 DEBUG oslo_service.service [-] oslo_messaging_rabbit.ssl_version = log_opt_values /usr/lib/python3/dist-packages/oslo_config/cfg.py:2609
2024-10-28 00:35:00.440 36696 DEBUG oslo_service.service [-] oslo_messaging_notifications.driver = [] log_opt_values /usr/lib/python3/dist-packages/oslo_config/cfg.py:2609
2024-10-28 00:35:00.440 36696 DEBUG oslo_service.service [-] oslo_messaging_notifications.retry = -1 log_opt_values /usr/lib/python3/dist-packages/oslo_config/cfg.py:2609
2024-10-28 00:35:00.440 36696 DEBUG oslo_service.service [-] oslo_messaging_notifications.topics = ['notifications'] log_opt_values /usr/lib/python3/dist-packages/oslo_config/cfg.py:2609
2024-10-28 00:35:00.441 36696 DEBUG oslo_service.service [-] oslo_messaging_notifications.transport_url = **** log_opt_values /usr/lib/python3/dist-packages/oslo_config/cfg.py:2609
2024-10-28 00:35:00.441 36696 DEBUG oslo_service.service [-] cache.backend = dogpile.cache.null log_opt_values /usr/lib/python3/dist-packages/oslo_config/cfg.py:2609
2024-10-28 00:35:00.441 36696 DEBUG oslo_service.service [-] cache.backend_argument = **** log_opt_values /usr/lib/python3/dist-packages/oslo_config/cfg.py:2609
2024-10-28 00:35:00.441 36696 DEBUG oslo_service.service [-] cache.config_prefix = cache.oslo log_opt_values /usr/lib/python3/dist-packages/oslo_config/cfg.py:2609
2024-10-28 00:35:00.441 36696 DEBUG oslo_service.service [-] cache.debug_cache_backend = False log_opt_values /usr/lib/python3/dist-packages/oslo_config/cfg.py:2609
2024-10-28 00:35:00.441 36696 DEBUG oslo_service.service [-] cache.enabled = False log_opt_values /usr/lib/python3/dist-packages/oslo_config/cfg.py:2609
2024-10-28 00:35:00.441 36696 DEBUG oslo_service.service [-] cache.expiration_time = 600 log_opt_values /usr/lib/python3/dist-packages/oslo_config/cfg.py:2609
2024-10-28 00:35:00.441 36696 DEBUG oslo_service.service [-] cache.memcache_dead_retry = 300 log_opt_values /usr/lib/python3/dist-packages/oslo_config/cfg.py:2609
2024-10-28 00:35:00.442 36696 DEBUG oslo_service.service [-] cache.memcache_pool_connection_get_timeout = 10 log_opt_values /usr/lib/python3/dist-packages/oslo_config/cfg.py:2609
2024-10-28 00:35:00.442 36696 DEBUG oslo_service.service [-] cache.memcache_pool_flush_on_reconnect = False log_opt_values /usr/lib/python3/dist-packages/oslo_config/cfg.py:2609
2024-10-28 00:35:00.442 36696 DEBUG oslo_service.service [-] cache.memcache_pool_maxsize = 10 log_opt_values /usr/lib/python3/dist-packages/oslo_config/cfg.py:2609
2024-10-28 00:35:00.442 36696 DEBUG oslo_service.service [-] cache.memcache_pool_unused_timeout = 60 log_opt_values /usr/lib/python3/dist-packages/oslo_config/cfg.py:2609
2024-10-28 00:35:00.442 36696 DEBUG oslo_service.service [-] cache.memcache_servers = ['localhost:11211'] log_opt_values /usr/lib/python3/dist-packages/oslo_config/cfg.py:2609
2024-10-28 00:35:00.442 36696 DEBUG oslo_service.service [-] cache.memcache_socket_timeout = 1.0 log_opt_values /usr/lib/python3/dist-packages/oslo_config/cfg.py:2609
2024-10-28 00:35:00.442 36696 DEBUG oslo_service.service [-] cache.proxies = [] log_opt_values /usr/lib/python3/dist-packages/oslo_config/cfg.py:2609
2024-10-28 00:35:00.442 36696 DEBUG oslo_service.service [-] cache.tls_allowed_ciphers = None log_opt_values /usr/lib/python3/dist-packages/oslo_config/cfg.py:2609
2024-10-28 00:35:00.443 36696 DEBUG oslo_service.service [-] cache.tls_cafile = None log_opt_values /usr/lib/python3/dist-packages/oslo_config/cfg.py:2609
2024-10-28 00:35:00.443 36696 DEBUG oslo_service.service [-] cache.tls_certfile = None log_opt_values /usr/lib/python3/dist-packages/oslo_config/cfg.py:2609
2024-10-28 00:35:00.443 36696 DEBUG oslo_service.service [-] cache.tls_enabled = False log_opt_values /usr/lib/python3/dist-packages/oslo_config/cfg.py:2609
2024-10-28 00:35:00.443 36696 DEBUG oslo_service.service [-] cache.tls_keyfile = None log_opt_values /usr/lib/python3/dist-packages/oslo_config/cfg.py:2609
2024-10-28 00:35:00.443 36696 DEBUG oslo_service.service [-] constraint_validation_cache.caching = True log_opt_values /usr/lib/python3/dist-packages/oslo_config/cfg.py:2609
2024-10-28 00:35:00.443 36696 DEBUG oslo_service.service [-] constraint_validation_cache.expiration_time = 60 log_opt_values /usr/lib/python3/dist-packages/oslo_config/cfg.py:2609
2024-10-28 00:35:00.443 36696 DEBUG oslo_service.service [-] service_extension_cache.caching = True log_opt_values /usr/lib/python3/dist-packages/oslo_config/cfg.py:2609
2024-10-28 00:35:00.443 36696 DEBUG oslo_service.service [-] service_extension_cache.expiration_time = 3600 log_opt_values /usr/lib/python3/dist-packages/oslo_config/cfg.py:2609
2024-10-28 00:35:00.444 36696 DEBUG oslo_service.service [-] resource_finder_cache.caching = True log_opt_values /usr/lib/python3/dist-packages/oslo_config/cfg.py:2609
2024-10-28 00:35:00.444 36696 DEBUG oslo_service.service [-] resource_finder_cache.expiration_time = 3600 log_opt_values /usr/lib/python3/dist-packages/oslo_config/cfg.py:2609
2024-10-28 00:35:00.444 36696 DEBUG oslo_service.service [-] yaql.limit_iterators = 200 log_opt_values /usr/lib/python3/dist-packages/oslo_config/cfg.py:2609
2024-10-28 00:35:00.444 36696 DEBUG oslo_service.service [-] yaql.memory_quota = 10000 log_opt_values /usr/lib/python3/dist-packages/oslo_config/cfg.py:2609
2024-10-28 00:35:00.444 36696 DEBUG oslo_service.service [-] ******************************************************************************** log_opt_values /usr/lib/python3/dist-packages/oslo_config/cfg.py:2613
2024-10-28 00:35:00.457 36908 DEBUG oslo_db.sqlalchemy.engines [req-78d1fe53-f15b-41e1-b392-f17d7ff69309 - - - - -] MySQL server mode set to STRICT_TRANS_TABLES,STRICT_ALL_TABLES,NO_ZERO_IN_DATE,NO_ZERO_DATE,ERROR_FOR_DIVISION_BY_ZERO,TRADITIONAL,NO_ENGINE_SUBSTITUTION _check_effective_sql_mode /usr/lib/python3/dist-packages/oslo_db/sqlalchemy/engines.py:314
2024-10-28 00:35:00.477 36907 DEBUG oslo_db.sqlalchemy.engines [req-74454183-f868-40b4-8748-1a8c277fa18e - - - - -] MySQL server mode set to STRICT_TRANS_TABLES,STRICT_ALL_TABLES,NO_ZERO_IN_DATE,NO_ZERO_DATE,ERROR_FOR_DIVISION_BY_ZERO,TRADITIONAL,NO_ENGINE_SUBSTITUTION _check_effective_sql_mode /usr/lib/python3/dist-packages/oslo_db/sqlalchemy/engines.py:314
2024-10-28 00:35:00.510 36909 DEBUG oslo_db.sqlalchemy.engines [req-7e679dda-c38f-438f-bfd5-34c4e999e01a - - - - -] MySQL server mode set to STRICT_TRANS_TABLES,STRICT_ALL_TABLES,NO_ZERO_IN_DATE,NO_ZERO_DATE,ERROR_FOR_DIVISION_BY_ZERO,TRADITIONAL,NO_ENGINE_SUBSTITUTION _check_effective_sql_mode /usr/lib/python3/dist-packages/oslo_db/sqlalchemy/engines.py:314
2024-10-28 00:35:00.510 36910 DEBUG oslo_db.sqlalchemy.engines [req-211d7f39-c291-463c-aac5-03323de7892e - - - - -] MySQL server mode set to STRICT_TRANS_TABLES,STRICT_ALL_TABLES,NO_ZERO_IN_DATE,NO_ZERO_DATE,ERROR_FOR_DIVISION_BY_ZERO,TRADITIONAL,NO_ENGINE_SUBSTITUTION _check_effective_sql_mode /usr/lib/python3/dist-packages/oslo_db/sqlalchemy/engines.py:314
2024-10-28 00:35:00.555 36907 DEBUG heat.engine.service [req-16eb5219-7dd8-431c-9e9f-acf99de693ee - - - - -] Service b961404b-5e96-4a1a-b67e-e9223e64dbf2 is started service_manage_report /usr/lib/python3/dist-packages/heat/engine/service.py:2363
2024-10-28 00:35:00.571 36908 DEBUG heat.engine.service [req-d6c5da1a-a2d5-44a7-9858-e55e60b9546c - - - - -] Service f04b81b1-4950-4fff-b84d-a7ad0ed9130e is started service_manage_report /usr/lib/python3/dist-packages/heat/engine/service.py:2363
2024-10-28 00:35:00.576 36907 DEBUG heat.engine.service [req-16eb5219-7dd8-431c-9e9f-acf99de693ee - - - - -] Service b961404b-5e96-4a1a-b67e-e9223e64dbf2 is updated service_manage_report /usr/lib/python3/dist-packages/heat/engine/service.py:2370
2024-10-28 00:35:00.599 36909 DEBUG heat.engine.service [req-7e8076bc-1315-4283-994a-923ee04ffe6b - - - - -] Service 36660c2b-eb46-4975-a4be-e76038de960d is started service_manage_report /usr/lib/python3/dist-packages/heat/engine/service.py:2363
2024-10-28 00:35:00.620 36908 DEBUG heat.engine.service [req-d6c5da1a-a2d5-44a7-9858-e55e60b9546c - - - - -] Service f04b81b1-4950-4fff-b84d-a7ad0ed9130e is updated service_manage_report /usr/lib/python3/dist-packages/heat/engine/service.py:2370
2024-10-28 00:35:00.627 36909 DEBUG heat.engine.service [req-7e8076bc-1315-4283-994a-923ee04ffe6b - - - - -] Service 36660c2b-eb46-4975-a4be-e76038de960d is updated service_manage_report /usr/lib/python3/dist-packages/heat/engine/service.py:2370
2024-10-28 00:35:00.642 36910 DEBUG heat.engine.service [req-8514333f-7f65-45cf-83aa-1a7b74229e57 - - - - -] Service 0e59a5a7-cb89-4b46-bd09-4c33fd0c9c70 is started service_manage_report /usr/lib/python3/dist-packages/heat/engine/service.py:2363
2024-10-28 00:35:00.666 36910 DEBUG heat.engine.service [req-8514333f-7f65-45cf-83aa-1a7b74229e57 - - - - -] Service 0e59a5a7-cb89-4b46-bd09-4c33fd0c9c70 is updated service_manage_report /usr/lib/python3/dist-packages/heat/engine/service.py:2370
2024-10-28 00:36:00.546 36907 DEBUG heat.engine.service [req-3feb9b9b-1aad-4084-962c-601688d339de - - - - -] Service b961404b-5e96-4a1a-b67e-e9223e64dbf2 is updated service_manage_report /usr/lib/python3/dist-packages/heat/engine/service.py:2370
2024-10-28 00:36:00.558 36908 DEBUG heat.engine.service [req-afc3546a-9f2a-457d-b259-9f5f57e0f073 - - - - -] Service f04b81b1-4950-4fff-b84d-a7ad0ed9130e is updated service_manage_report /usr/lib/python3/dist-packages/heat/engine/service.py:2370
2024-10-28 00:36:00.594 36909 DEBUG heat.engine.service [req-f4459a80-6fa1-4850-9bd4-7733344a5a5e - - - - -] Service 36660c2b-eb46-4975-a4be-e76038de960d is updated service_manage_report /usr/lib/python3/dist-packages/heat/engine/service.py:2370
2024-10-28 00:36:00.623 36910 DEBUG heat.engine.service [req-e23d231f-7fe6-4e5e-bd7b-db56af5294e8 - - - - -] Service 0e59a5a7-cb89-4b46-bd09-4c33fd0c9c70 is updated service_manage_report /usr/lib/python3/dist-packages/heat/engine/service.py:2370
2024-10-28 00:37:00.541 36907 DEBUG heat.engine.service [req-d7c0a6c8-ff7c-44f0-99ad-c2a28ef0f098 - - - - -] Service b961404b-5e96-4a1a-b67e-e9223e64dbf2 is updated service_manage_report /usr/lib/python3/dist-packages/heat/engine/service.py:2370
2024-10-28 00:37:00.553 36908 DEBUG heat.engine.service [req-80fd0694-4cd8-4342-9f11-1b9790f5d11d - - - - -] Service f04b81b1-4950-4fff-b84d-a7ad0ed9130e is updated service_manage_report /usr/lib/python3/dist-packages/heat/engine/service.py:2370
2024-10-28 00:37:00.590 36909 DEBUG heat.engine.service [req-96a94589-3551-4c2e-a1b6-1b1799d904b2 - - - - -] Service 36660c2b-eb46-4975-a4be-e76038de960d is updated service_manage_report /usr/lib/python3/dist-packages/heat/engine/service.py:2370
2024-10-28 00:37:00.628 36910 DEBUG heat.engine.service [req-05ab304b-870f-49c7-b9eb-4c6ab3b1a7e8 - - - - -] Service 0e59a5a7-cb89-4b46-bd09-4c33fd0c9c70 is updated service_manage_report /usr/lib/python3/dist-packages/heat/engine/service.py:2370
2024-10-28 00:38:00.544 36907 DEBUG heat.engine.service [req-9ea04c7d-72e1-4fb3-a9d0-a09f386fd20c - - - - -] Service b961404b-5e96-4a1a-b67e-e9223e64dbf2 is updated service_manage_report /usr/lib/python3/dist-packages/heat/engine/service.py:2370
2024-10-28 00:38:00.558 36908 DEBUG heat.engine.service [req-d88713c8-5055-498e-ae24-d5f86547b7dc - - - - -] Service f04b81b1-4950-4fff-b84d-a7ad0ed9130e is updated service_manage_report /usr/lib/python3/dist-packages/heat/engine/service.py:2370
2024-10-28 00:38:00.594 36909 DEBUG heat.engine.service [req-5457347f-a9d4-4e1b-bad6-20e15a01dfe5 - - - - -] Service 36660c2b-eb46-4975-a4be-e76038de960d is updated service_manage_report /usr/lib/python3/dist-packages/heat/engine/service.py:2370
2024-10-28 00:38:00.632 36910 DEBUG heat.engine.service [req-b3e45be0-9afb-406c-95df-a6aba52ef385 - - - - -] Service 0e59a5a7-cb89-4b46-bd09-4c33fd0c9c70 is updated service_manage_report /usr/lib/python3/dist-packages/heat/engine/service.py:2370
2024-10-28 00:39:00.549 36907 DEBUG heat.engine.service [req-842758bd-ea31-472f-9411-e04319c84ae2 - - - - -] Service b961404b-5e96-4a1a-b67e-e9223e64dbf2 is updated service_manage_report /usr/lib/python3/dist-packages/heat/engine/service.py:2370
2024-10-28 00:39:00.561 36908 DEBUG heat.engine.service [req-8486be5d-fe68-483c-a1b8-286b014cc258 - - - - -] Service f04b81b1-4950-4fff-b84d-a7ad0ed9130e is updated service_manage_report /usr/lib/python3/dist-packages/heat/engine/service.py:2370
2024-10-28 00:39:00.602 36909 DEBUG heat.engine.service [req-fbfe4eea-3c94-4faf-9b55-2541f569894b - - - - -] Service 36660c2b-eb46-4975-a4be-e76038de960d is updated service_manage_report /usr/lib/python3/dist-packages/heat/engine/service.py:2370
2024-10-28 00:39:00.636 36910 DEBUG heat.engine.service [req-f3567c8a-28fa-42d3-8b3a-ff11a47fd9b2 - - - - -] Service 0e59a5a7-cb89-4b46-bd09-4c33fd0c9c70 is updated service_manage_report /usr/lib/python3/dist-packages/heat/engine/service.py:2370
2024-10-28 00:40:00.554 36907 DEBUG heat.engine.service [req-a1592e02-3a01-412c-bdc9-312d247191c9 - - - - -] Service b961404b-5e96-4a1a-b67e-e9223e64dbf2 is updated service_manage_report /usr/lib/python3/dist-packages/heat/engine/service.py:2370
2024-10-28 00:40:00.563 36908 DEBUG heat.engine.service [req-0df7d80f-52f8-4caf-9e78-60b1f8101896 - - - - -] Service f04b81b1-4950-4fff-b84d-a7ad0ed9130e is updated service_manage_report /usr/lib/python3/dist-packages/heat/engine/service.py:2370
2024-10-28 00:40:00.597 36909 DEBUG heat.engine.service [req-20633403-23f6-44bb-b2c8-6a78b966d3b5 - - - - -] Service 36660c2b-eb46-4975-a4be-e76038de960d is updated service_manage_report /usr/lib/python3/dist-packages/heat/engine/service.py:2370
2024-10-28 00:40:00.642 36910 DEBUG heat.engine.service [req-0d7d5560-06f4-4100-9b0a-a4c0b979e75b - - - - -] Service 0e59a5a7-cb89-4b46-bd09-4c33fd0c9c70 is updated service_manage_report /usr/lib/python3/dist-packages/heat/engine/service.py:2370
2024-10-28 00:41:00.559 36907 DEBUG heat.engine.service [req-57cf8b42-22cb-4fea-aed3-c2afebce3a20 - - - - -] Service b961404b-5e96-4a1a-b67e-e9223e64dbf2 is updated service_manage_report /usr/lib/python3/dist-packages/heat/engine/service.py:2370
2024-10-28 00:41:00.568 36908 DEBUG heat.engine.service [req-c466660d-44d3-4017-a774-8c422dcf4174 - - - - -] Service f04b81b1-4950-4fff-b84d-a7ad0ed9130e is updated service_manage_report /usr/lib/python3/dist-packages/heat/engine/service.py:2370
2024-10-28 00:41:00.601 36909 DEBUG heat.engine.service [req-6776e943-e8b9-457d-88fc-d66c5bcbe7fe - - - - -] Service 36660c2b-eb46-4975-a4be-e76038de960d is updated service_manage_report /usr/lib/python3/dist-packages/heat/engine/service.py:2370
2024-10-28 00:41:00.647 36910 DEBUG heat.engine.service [req-72d1115e-045c-4266-b9ee-43eb2e0605d8 - - - - -] Service 0e59a5a7-cb89-4b46-bd09-4c33fd0c9c70 is updated service_manage_report /usr/lib/python3/dist-packages/heat/engine/service.py:2370
2024-10-28 00:42:00.565 36907 DEBUG heat.engine.service [req-a6f2fc8d-5633-4c5a-b43c-eb1fa6e0ce7f - - - - -] Service b961404b-5e96-4a1a-b67e-e9223e64dbf2 is updated service_manage_report /usr/lib/python3/dist-packages/heat/engine/service.py:2370
2024-10-28 00:42:00.572 36908 DEBUG heat.engine.service [req-43ba9c35-7778-429f-86b4-b94f0297aac3 - - - - -] Service f04b81b1-4950-4fff-b84d-a7ad0ed9130e is updated service_manage_report /usr/lib/python3/dist-packages/heat/engine/service.py:2370
2024-10-28 00:42:00.604 36909 DEBUG heat.engine.service [req-c28acd2c-03a9-48ab-8165-97b6971fcd01 - - - - -] Service 36660c2b-eb46-4975-a4be-e76038de960d is updated service_manage_report /usr/lib/python3/dist-packages/heat/engine/service.py:2370
2024-10-28 00:42:00.652 36910 DEBUG heat.engine.service [req-ac851909-7649-4e5d-af36-b31f85da1ab8 - - - - -] Service 0e59a5a7-cb89-4b46-bd09-4c33fd0c9c70 is updated service_manage_report /usr/lib/python3/dist-packages/heat/engine/service.py:2370
2024-10-28 00:43:00.559 36907 DEBUG heat.engine.service [req-5aa99cda-3542-4918-9fce-01c68da9db88 - - - - -] Service b961404b-5e96-4a1a-b67e-e9223e64dbf2 is updated service_manage_report /usr/lib/python3/dist-packages/heat/engine/service.py:2370
2024-10-28 00:43:00.575 36908 DEBUG heat.engine.service [req-bc47640a-70c6-40d6-8585-4a280461d8b7 - - - - -] Service f04b81b1-4950-4fff-b84d-a7ad0ed9130e is updated service_manage_report /usr/lib/python3/dist-packages/heat/engine/service.py:2370
2024-10-28 00:43:00.608 36909 DEBUG heat.engine.service [req-037f3f00-4cb5-4bce-8e65-278132704b92 - - - - -] Service 36660c2b-eb46-4975-a4be-e76038de960d is updated service_manage_report /usr/lib/python3/dist-packages/heat/engine/service.py:2370
2024-10-28 00:43:00.655 36910 DEBUG heat.engine.service [req-8e41662a-54f4-495c-90b8-5b79d4c7f649 - - - - -] Service 0e59a5a7-cb89-4b46-bd09-4c33fd0c9c70 is updated service_manage_report /usr/lib/python3/dist-packages/heat/engine/service.py:2370
2024-10-28 00:44:00.568 36907 DEBUG heat.engine.service [req-30296d64-071a-40a5-8117-33f0cb58589c - - - - -] Service b961404b-5e96-4a1a-b67e-e9223e64dbf2 is updated service_manage_report /usr/lib/python3/dist-packages/heat/engine/service.py:2370
2024-10-28 00:44:00.576 36908 DEBUG heat.engine.service [req-f6e0b003-5012-433c-91f4-f4dad1ef0da2 - - - - -] Service f04b81b1-4950-4fff-b84d-a7ad0ed9130e is updated service_manage_report /usr/lib/python3/dist-packages/heat/engine/service.py:2370
2024-10-28 00:44:00.611 36909 DEBUG heat.engine.service [req-9e4dd028-fa44-431a-908c-0bcaea620bc8 - - - - -] Service 36660c2b-eb46-4975-a4be-e76038de960d is updated service_manage_report /usr/lib/python3/dist-packages/heat/engine/service.py:2370
2024-10-28 00:44:00.667 36910 DEBUG heat.engine.service [req-f2bcad14-9c4f-4352-b706-a72beb107556 - - - - -] Service 0e59a5a7-cb89-4b46-bd09-4c33fd0c9c70 is updated service_manage_report /usr/lib/python3/dist-packages/heat/engine/service.py:2370
2024-10-28 00:45:00.564 36907 DEBUG heat.engine.service [req-919fa87b-ccec-40b8-9176-8d54ed838ddb - - - - -] Service b961404b-5e96-4a1a-b67e-e9223e64dbf2 is updated service_manage_report /usr/lib/python3/dist-packages/heat/engine/service.py:2370
2024-10-28 00:45:00.580 36908 DEBUG heat.engine.service [req-30b32df2-f696-47cf-b0de-6f8af8850bd0 - - - - -] Service f04b81b1-4950-4fff-b84d-a7ad0ed9130e is updated service_manage_report /usr/lib/python3/dist-packages/heat/engine/service.py:2370
2024-10-28 00:45:00.617 36909 DEBUG heat.engine.service [req-fffbd3cb-1707-40ec-9825-a9698d6c6d09 - - - - -] Service 36660c2b-eb46-4975-a4be-e76038de960d is updated service_manage_report /usr/lib/python3/dist-packages/heat/engine/service.py:2370
2024-10-28 00:45:00.663 36910 DEBUG heat.engine.service [req-130ba22b-3e57-4ba1-ac06-62d812b95591 - - - - -] Service 0e59a5a7-cb89-4b46-bd09-4c33fd0c9c70 is updated service_manage_report /usr/lib/python3/dist-packages/heat/engine/service.py:2370
2024-10-28 00:46:00.560 36907 DEBUG heat.engine.service [req-033accfb-f8c6-4cdc-92d6-7409a5ffc69a - - - - -] Service b961404b-5e96-4a1a-b67e-e9223e64dbf2 is updated service_manage_report /usr/lib/python3/dist-packages/heat/engine/service.py:2370
2024-10-28 00:46:00.585 36908 DEBUG heat.engine.service [req-679019c9-4df2-41a6-8ca3-6098787f2cd0 - - - - -] Service f04b81b1-4950-4fff-b84d-a7ad0ed9130e is updated service_manage_report /usr/lib/python3/dist-packages/heat/engine/service.py:2370
2024-10-28 00:46:00.609 36909 DEBUG heat.engine.service [req-88ae87ae-d881-4b81-aa63-6fb708438c9b - - - - -] Service 36660c2b-eb46-4975-a4be-e76038de960d is updated service_manage_report /usr/lib/python3/dist-packages/heat/engine/service.py:2370
2024-10-28 00:46:00.667 36910 DEBUG heat.engine.service [req-71ea97ce-4aba-42e7-9956-0225184364ea - - - - -] Service 0e59a5a7-cb89-4b46-bd09-4c33fd0c9c70 is updated service_manage_report /usr/lib/python3/dist-packages/heat/engine/service.py:2370
2024-10-28 00:47:00.554 36907 DEBUG heat.engine.service [req-5c37bd61-e14e-4297-a8c8-87feb89877fc - - - - -] Service b961404b-5e96-4a1a-b67e-e9223e64dbf2 is updated service_manage_report /usr/lib/python3/dist-packages/heat/engine/service.py:2370
2024-10-28 00:47:00.589 36908 DEBUG heat.engine.service [req-84a5bd74-80c4-4e1a-9b7e-f56a0149a868 - - - - -] Service f04b81b1-4950-4fff-b84d-a7ad0ed9130e is updated service_manage_report /usr/lib/python3/dist-packages/heat/engine/service.py:2370
2024-10-28 00:47:00.613 36909 DEBUG heat.engine.service [req-ae692b94-a8c5-4a08-8203-5552b4012e58 - - - - -] Service 36660c2b-eb46-4975-a4be-e76038de960d is updated service_manage_report /usr/lib/python3/dist-packages/heat/engine/service.py:2370
2024-10-28 00:47:00.673 36910 DEBUG heat.engine.service [req-c1182ed3-1249-4521-899a-a6020c318c9b - - - - -] Service 0e59a5a7-cb89-4b46-bd09-4c33fd0c9c70 is updated service_manage_report /usr/lib/python3/dist-packages/heat/engine/service.py:2370
2024-10-28 00:48:00.558 36907 DEBUG heat.engine.service [req-4f2e114e-1962-4965-89d7-79a0325bb5f8 - - - - -] Service b961404b-5e96-4a1a-b67e-e9223e64dbf2 is updated service_manage_report /usr/lib/python3/dist-packages/heat/engine/service.py:2370
2024-10-28 00:48:00.593 36908 DEBUG heat.engine.service [req-91c22a78-cd03-406e-a23a-27800f9fce75 - - - - -] Service f04b81b1-4950-4fff-b84d-a7ad0ed9130e is updated service_manage_report /usr/lib/python3/dist-packages/heat/engine/service.py:2370
2024-10-28 00:48:00.617 36909 DEBUG heat.engine.service [req-e92b1b7f-0d2e-4dfa-af48-de746d33cfb1 - - - - -] Service 36660c2b-eb46-4975-a4be-e76038de960d is updated service_manage_report /usr/lib/python3/dist-packages/heat/engine/service.py:2370
2024-10-28 00:48:00.666 36910 DEBUG heat.engine.service [req-431b6e9a-65ef-462a-8ed1-5ff22ffdb40f - - - - -] Service 0e59a5a7-cb89-4b46-bd09-4c33fd0c9c70 is updated service_manage_report /usr/lib/python3/dist-packages/heat/engine/service.py:2370
2024-10-28 00:49:00.563 36907 DEBUG heat.engine.service [req-27e7c085-3e43-4180-9eff-2d6dc132b21a - - - - -] Service b961404b-5e96-4a1a-b67e-e9223e64dbf2 is updated service_manage_report /usr/lib/python3/dist-packages/heat/engine/service.py:2370
2024-10-28 00:49:00.598 36908 DEBUG heat.engine.service [req-0623c1b7-f138-4104-9442-c203ae6a032a - - - - -] Service f04b81b1-4950-4fff-b84d-a7ad0ed9130e is updated service_manage_report /usr/lib/python3/dist-packages/heat/engine/service.py:2370
2024-10-28 00:49:00.622 36909 DEBUG heat.engine.service [req-59cf4fea-8437-4801-a748-bf8e94b840e2 - - - - -] Service 36660c2b-eb46-4975-a4be-e76038de960d is updated service_manage_report /usr/lib/python3/dist-packages/heat/engine/service.py:2370
2024-10-28 00:49:00.676 36910 DEBUG heat.engine.service [req-f1203039-0721-42d9-ab1c-1f6580490f41 - - - - -] Service 0e59a5a7-cb89-4b46-bd09-4c33fd0c9c70 is updated service_manage_report /usr/lib/python3/dist-packages/heat/engine/service.py:2370
2024-10-28 00:50:00.566 36907 DEBUG heat.engine.service [req-65c71938-a248-4da9-a66a-48c345a00a73 - - - - -] Service b961404b-5e96-4a1a-b67e-e9223e64dbf2 is updated service_manage_report /usr/lib/python3/dist-packages/heat/engine/service.py:2370
2024-10-28 00:50:00.601 36908 DEBUG heat.engine.service [req-fdc96122-6145-4887-b7bb-b138be59e631 - - - - -] Service f04b81b1-4950-4fff-b84d-a7ad0ed9130e is updated service_manage_report /usr/lib/python3/dist-packages/heat/engine/service.py:2370
2024-10-28 00:50:00.632 36909 DEBUG heat.engine.service [req-8e00cfac-15c5-4fe6-957e-e1153180a219 - - - - -] Service 36660c2b-eb46-4975-a4be-e76038de960d is updated service_manage_report /usr/lib/python3/dist-packages/heat/engine/service.py:2370
2024-10-28 00:50:00.670 36910 DEBUG heat.engine.service [req-5b224a86-032b-4531-b084-fd6641353861 - - - - -] Service 0e59a5a7-cb89-4b46-bd09-4c33fd0c9c70 is updated service_manage_report /usr/lib/python3/dist-packages/heat/engine/service.py:2370
2024-10-28 00:51:00.571 36907 DEBUG heat.engine.service [req-de390955-d9ae-4c09-8c5a-a2f3f0eab402 - - - - -] Service b961404b-5e96-4a1a-b67e-e9223e64dbf2 is updated service_manage_report /usr/lib/python3/dist-packages/heat/engine/service.py:2370
2024-10-28 00:51:00.605 36908 DEBUG heat.engine.service [req-b78f25db-a637-470f-a768-91ca2a45eac3 - - - - -] Service f04b81b1-4950-4fff-b84d-a7ad0ed9130e is updated service_manage_report /usr/lib/python3/dist-packages/heat/engine/service.py:2370
2024-10-28 00:51:00.627 36909 DEBUG heat.engine.service [req-a729ede1-a506-4139-baa4-6225cf6edace - - - - -] Service 36660c2b-eb46-4975-a4be-e76038de960d is updated service_manage_report /usr/lib/python3/dist-packages/heat/engine/service.py:2370
2024-10-28 00:51:00.677 36910 DEBUG heat.engine.service [req-7324d257-1234-440f-9f19-1ac03daa5294 - - - - -] Service 0e59a5a7-cb89-4b46-bd09-4c33fd0c9c70 is updated service_manage_report /usr/lib/python3/dist-packages/heat/engine/service.py:2370
2024-10-28 00:52:00.574 36907 DEBUG heat.engine.service [req-eef0acbf-7cad-4c41-ad30-80cb7226b365 - - - - -] Service b961404b-5e96-4a1a-b67e-e9223e64dbf2 is updated service_manage_report /usr/lib/python3/dist-packages/heat/engine/service.py:2370
2024-10-28 00:52:00.612 36908 DEBUG heat.engine.service [req-f7f67a80-436d-4ae9-9f32-6e90e47d2a0f - - - - -] Service f04b81b1-4950-4fff-b84d-a7ad0ed9130e is updated service_manage_report /usr/lib/python3/dist-packages/heat/engine/service.py:2370
2024-10-28 00:52:00.631 36909 DEBUG heat.engine.service [req-9a14ede2-f113-4661-9b5f-a736ca11097c - - - - -] Service 36660c2b-eb46-4975-a4be-e76038de960d is updated service_manage_report /usr/lib/python3/dist-packages/heat/engine/service.py:2370
2024-10-28 00:52:00.672 36910 DEBUG heat.engine.service [req-83a85cfa-8164-473d-8cc9-abf0c71a5078 - - - - -] Service 0e59a5a7-cb89-4b46-bd09-4c33fd0c9c70 is updated service_manage_report /usr/lib/python3/dist-packages/heat/engine/service.py:2370
2024-10-28 00:53:00.578 36907 DEBUG heat.engine.service [req-d734a237-1dca-42a8-86fd-434bf438e675 - - - - -] Service b961404b-5e96-4a1a-b67e-e9223e64dbf2 is updated service_manage_report /usr/lib/python3/dist-packages/heat/engine/service.py:2370
